May 29 01:32:05.686803 np0000177370 systemd[1]: Starting devstack@n-api-meta.service - Devstack devstack@n-api-meta.service...
May 29 01:32:05.696127 np0000177370 devstack@n-api-meta.service[108429]: [uWSGI] getting INI configuration from /etc/nova/nova-metadata-uwsgi.ini
May 29 01:32:05.698368 np0000177370 devstack@n-api-meta.service[108429]: *** Starting uWSGI 2.0.24-debian (64bit) on [Fri May 29 01:32:05 2026] ***
May 29 01:32:05.698368 np0000177370 devstack@n-api-meta.service[108429]: compiled with version: 13.2.0 on 17 April 2024 16:23:48
May 29 01:32:05.698368 np0000177370 devstack@n-api-meta.service[108429]: os: Linux-6.8.0-117-generic #117-Ubuntu SMP PREEMPT_DYNAMIC Tue May 5 19:26:24 UTC 2026
May 29 01:32:05.698368 np0000177370 devstack@n-api-meta.service[108429]: nodename: np0000177370
May 29 01:32:05.698368 np0000177370 devstack@n-api-meta.service[108429]: machine: x86_64
May 29 01:32:05.698368 np0000177370 devstack@n-api-meta.service[108429]: clock source: unix
May 29 01:32:05.698368 np0000177370 devstack@n-api-meta.service[108429]: pcre jit disabled
May 29 01:32:05.698368 np0000177370 devstack@n-api-meta.service[108429]: detected number of CPU cores: 16
May 29 01:32:05.698368 np0000177370 devstack@n-api-meta.service[108429]: current working directory: /
May 29 01:32:05.698368 np0000177370 devstack@n-api-meta.service[108429]: detected binary path: /usr/bin/uwsgi-core
May 29 01:32:05.698368 np0000177370 devstack@n-api-meta.service[108429]: your processes number limit is 256917
May 29 01:32:05.698368 np0000177370 devstack@n-api-meta.service[108429]: your memory page size is 4096 bytes
May 29 01:32:05.698368 np0000177370 devstack@n-api-meta.service[108429]: detected max file descriptor number: 2048
May 29 01:32:05.698368 np0000177370 devstack@n-api-meta.service[108429]: lock engine: pthread robust mutexes
May 29 01:32:05.699059 np0000177370 devstack@n-api-meta.service[108429]: thunder lock: enabled
May 29 01:32:05.699059 np0000177370 devstack@n-api-meta.service[108429]: uWSGI http bound on 0.0.0.0:8775 fd 5
May 29 01:32:05.699059 np0000177370 devstack@n-api-meta.service[108429]: uwsgi socket 0 bound to TCP address 127.0.0.1:43877 (port auto-assigned) fd 4
May 29 01:32:05.699059 np0000177370 devstack@n-api-meta.service[108429]: Python version: 3.12.3 (main, Mar 23 2026, 19:04:32) [GCC 13.3.0]
May 29 01:32:05.699059 np0000177370 devstack@n-api-meta.service[108429]: PEP 405 virtualenv detected: /opt/stack/data/venv
May 29 01:32:05.699059 np0000177370 devstack@n-api-meta.service[108429]: Set PythonHome to /opt/stack/data/venv
May 29 01:32:05.732813 np0000177370 devstack@n-api-meta.service[108429]: Python main interpreter initialized at 0x749bbaca3668
May 29 01:32:05.732813 np0000177370 devstack@n-api-meta.service[108429]: python threads support enabled
May 29 01:32:05.732813 np0000177370 devstack@n-api-meta.service[108429]: your server socket listen backlog is limited to 100 connections
May 29 01:32:05.732813 np0000177370 devstack@n-api-meta.service[108429]: your mercy for graceful operations on workers is 80 seconds
May 29 01:32:05.733330 np0000177370 devstack@n-api-meta.service[108429]: mapped 671795 bytes (656 KB) for 4 cores
May 29 01:32:05.733489 np0000177370 devstack@n-api-meta.service[108429]: *** Operational MODE: preforking ***
May 29 01:32:05.733644 np0000177370 devstack@n-api-meta.service[108429]: *** uWSGI is running in multiple interpreter mode ***
May 29 01:32:05.733644 np0000177370 devstack@n-api-meta.service[108429]: spawned uWSGI master process (pid: 108429)
May 29 01:32:05.733817 np0000177370 systemd[1]: Started devstack@n-api-meta.service - Devstack devstack@n-api-meta.service.
May 29 01:32:05.734343 np0000177370 devstack@n-api-meta.service[108429]: spawned uWSGI worker 1 (pid: 108430, cores: 1)
May 29 01:32:05.735017 np0000177370 devstack@n-api-meta.service[108429]: spawned uWSGI worker 2 (pid: 108431, cores: 1)
May 29 01:32:05.735512 np0000177370 devstack@n-api-meta.service[108429]: spawned uWSGI worker 3 (pid: 108432, cores: 1)
May 29 01:32:05.736023 np0000177370 devstack@n-api-meta.service[108429]: spawned uWSGI worker 4 (pid: 108433, cores: 1)
May 29 01:32:05.736543 np0000177370 devstack@n-api-meta.service[108429]: spawned uWSGI http 1 (pid: 108434)
May 29 01:32:05.736543 np0000177370 devstack@n-api-meta.service[108429]: running "unix_signal:15 gracefully_kill_them_all" (master-start)...
May 29 01:32:07.486896 np0000177370 devstack@n-api-meta.service[108430]: INFO dbcounter [None req-5693f42a-72a7-4b6f-a43c-239397228999 None None] Registered counter for database nova_api
May 29 01:32:07.525052 np0000177370 devstack@n-api-meta.service[108433]: INFO dbcounter [None req-298245ff-4311-485f-8cc3-e46c9824c4fa None None] Registered counter for database nova_api
May 29 01:32:07.535547 np0000177370 devstack@n-api-meta.service[108432]: INFO dbcounter [None req-c4f9ad5b-4a0f-4a21-b4f1-5893c6214bde None None] Registered counter for database nova_api
May 29 01:32:07.536083 np0000177370 devstack@n-api-meta.service[108430]: DEBUG oslo_db.sqlalchemy.engines [None req-5693f42a-72a7-4b6f-a43c-239397228999 None None] MySQL server mode set to STRICT_TRANS_TABLES,STRICT_ALL_TABLES,NO_ZERO_IN_DATE,NO_ZERO_DATE,ERROR_FOR_DIVISION_BY_ZERO,TRADITIONAL,NO_ENGINE_SUBSTITUTION {{(pid=108430) _check_effective_sql_mode /opt/stack/data/venv/lib/python3.12/site-packages/oslo_db/sqlalchemy/engines.py:325}}
May 29 01:32:07.563448 np0000177370 devstack@n-api-meta.service[108431]: INFO dbcounter [None req-6480e8fd-f1fb-499b-8bb8-8f3d0bf053db None None] Registered counter for database nova_api
May 29 01:32:07.574289 np0000177370 devstack@n-api-meta.service[108430]: DEBUG dbcounter [-] [108430] Writer thread running {{(pid=108430) stat_writer /opt/stack/data/venv/lib/python3.12/site-packages/dbcounter.py:102}}
May 29 01:32:07.575620 np0000177370 devstack@n-api-meta.service[108433]: DEBUG oslo_db.sqlalchemy.engines [None req-298245ff-4311-485f-8cc3-e46c9824c4fa None None] MySQL server mode set to STRICT_TRANS_TABLES,STRICT_ALL_TABLES,NO_ZERO_IN_DATE,NO_ZERO_DATE,ERROR_FOR_DIVISION_BY_ZERO,TRADITIONAL,NO_ENGINE_SUBSTITUTION {{(pid=108433) _check_effective_sql_mode /opt/stack/data/venv/lib/python3.12/site-packages/oslo_db/sqlalchemy/engines.py:325}}
May 29 01:32:07.576728 np0000177370 devstack@n-api-meta.service[108430]: DEBUG nova.context [None req-5693f42a-72a7-4b6f-a43c-239397228999 None None] Found 2 cells: 00000000-0000-0000-0000-000000000000(cell0),28e32b49-6dfb-4e1b-966b-f81afde42e94(cell1) {{(pid=108430) load_cells /opt/stack/nova/nova/context.py:509}}
May 29 01:32:07.576981 np0000177370 devstack@n-api-meta.service[108430]: INFO nova.utils [None req-5693f42a-72a7-4b6f-a43c-239397228999 None None] The cell worker thread pool MainProcess.cell_worker is initialized
May 29 01:32:07.578673 np0000177370 devstack@n-api-meta.service[108430]: DEBUG oslo_concurrency.lockutils [None req-5693f42a-72a7-4b6f-a43c-239397228999 None None] Acquiring lock "00000000-0000-0000-0000-000000000000" by "nova.context.set_target_cell..get_or_set_cached_cell_and_set_connections" {{(pid=108430) inner /opt/stack/data/venv/lib/python3.12/site-packages/oslo_concurrency/lockutils.py:511}}
May 29 01:32:07.578830 np0000177370 devstack@n-api-meta.service[108430]: DEBUG oslo_concurrency.lockutils [None req-5693f42a-72a7-4b6f-a43c-239397228999 None None] Lock "00000000-0000-0000-0000-000000000000" acquired by "nova.context.set_target_cell..get_or_set_cached_cell_and_set_connections" :: waited 0.000s {{(pid=108430) inner /opt/stack/data/venv/lib/python3.12/site-packages/oslo_concurrency/lockutils.py:524}}
May 29 01:32:07.579189 np0000177370 devstack@n-api-meta.service[108430]: DEBUG oslo_concurrency.lockutils [None req-5693f42a-72a7-4b6f-a43c-239397228999 None None] Lock "00000000-0000-0000-0000-000000000000" "released" by "nova.context.set_target_cell..get_or_set_cached_cell_and_set_connections" :: held 0.000s {{(pid=108430) inner /opt/stack/data/venv/lib/python3.12/site-packages/oslo_concurrency/lockutils.py:543}}
May 29 01:32:07.579882 np0000177370 devstack@n-api-meta.service[108430]: DEBUG oslo_concurrency.lockutils [None req-5693f42a-72a7-4b6f-a43c-239397228999 None None] Acquiring lock "28e32b49-6dfb-4e1b-966b-f81afde42e94" by "nova.context.set_target_cell..get_or_set_cached_cell_and_set_connections" {{(pid=108430) inner /opt/stack/data/venv/lib/python3.12/site-packages/oslo_concurrency/lockutils.py:511}}
May 29 01:32:07.580022 np0000177370 devstack@n-api-meta.service[108430]: DEBUG oslo_concurrency.lockutils [None req-5693f42a-72a7-4b6f-a43c-239397228999 None None] Lock "28e32b49-6dfb-4e1b-966b-f81afde42e94" acquired by "nova.context.set_target_cell..get_or_set_cached_cell_and_set_connections" :: waited 0.000s {{(pid=108430) inner /opt/stack/data/venv/lib/python3.12/site-packages/oslo_concurrency/lockutils.py:524}}
May 29 01:32:07.580842 np0000177370 devstack@n-api-meta.service[108430]: DEBUG oslo_concurrency.lockutils [None req-5693f42a-72a7-4b6f-a43c-239397228999 None None] Lock "28e32b49-6dfb-4e1b-966b-f81afde42e94" "released" by "nova.context.set_target_cell..get_or_set_cached_cell_and_set_connections" :: held 0.001s {{(pid=108430) inner /opt/stack/data/venv/lib/python3.12/site-packages/oslo_concurrency/lockutils.py:543}}
May 29 01:32:07.583124 np0000177370 devstack@n-api-meta.service[108430]: INFO dbcounter [None req-5693f42a-72a7-4b6f-a43c-239397228999 None None] Registered counter for database nova_cell0
May 29 01:32:07.584146 np0000177370 devstack@n-api-meta.service[108432]: DEBUG oslo_db.sqlalchemy.engines [None req-c4f9ad5b-4a0f-4a21-b4f1-5893c6214bde None None] MySQL server mode set to STRICT_TRANS_TABLES,STRICT_ALL_TABLES,NO_ZERO_IN_DATE,NO_ZERO_DATE,ERROR_FOR_DIVISION_BY_ZERO,TRADITIONAL,NO_ENGINE_SUBSTITUTION {{(pid=108432) _check_effective_sql_mode /opt/stack/data/venv/lib/python3.12/site-packages/oslo_db/sqlalchemy/engines.py:325}}
May 29 01:32:07.587801 np0000177370 devstack@n-api-meta.service[108430]: INFO dbcounter [None req-5693f42a-72a7-4b6f-a43c-239397228999 None None] Registered counter for database nova_cell1
May 29 01:32:07.611397 np0000177370 devstack@n-api-meta.service[108433]: DEBUG dbcounter [-] [108433] Writer thread running {{(pid=108433) stat_writer /opt/stack/data/venv/lib/python3.12/site-packages/dbcounter.py:102}}
May 29 01:32:07.613660 np0000177370 devstack@n-api-meta.service[108433]: DEBUG nova.context [None req-298245ff-4311-485f-8cc3-e46c9824c4fa None None] Found 2 cells: 00000000-0000-0000-0000-000000000000(cell0),28e32b49-6dfb-4e1b-966b-f81afde42e94(cell1) {{(pid=108433) load_cells /opt/stack/nova/nova/context.py:509}}
May 29 01:32:07.613878 np0000177370 devstack@n-api-meta.service[108433]: INFO nova.utils [None req-298245ff-4311-485f-8cc3-e46c9824c4fa None None] The cell worker thread pool MainProcess.cell_worker is initialized
May 29 01:32:07.615599 np0000177370 devstack@n-api-meta.service[108431]: DEBUG oslo_db.sqlalchemy.engines [None req-6480e8fd-f1fb-499b-8bb8-8f3d0bf053db None None] MySQL server mode set to STRICT_TRANS_TABLES,STRICT_ALL_TABLES,NO_ZERO_IN_DATE,NO_ZERO_DATE,ERROR_FOR_DIVISION_BY_ZERO,TRADITIONAL,NO_ENGINE_SUBSTITUTION {{(pid=108431) _check_effective_sql_mode /opt/stack/data/venv/lib/python3.12/site-packages/oslo_db/sqlalchemy/engines.py:325}}
May 29 01:32:07.616156 np0000177370 devstack@n-api-meta.service[108433]: DEBUG oslo_concurrency.lockutils [None req-298245ff-4311-485f-8cc3-e46c9824c4fa None None] Acquiring lock "00000000-0000-0000-0000-000000000000" by "nova.context.set_target_cell..get_or_set_cached_cell_and_set_connections" {{(pid=108433) inner /opt/stack/data/venv/lib/python3.12/site-packages/oslo_concurrency/lockutils.py:511}}
May 29 01:32:07.616435 np0000177370 devstack@n-api-meta.service[108433]: DEBUG oslo_concurrency.lockutils [None req-298245ff-4311-485f-8cc3-e46c9824c4fa None None] Lock "00000000-0000-0000-0000-000000000000" acquired by "nova.context.set_target_cell..get_or_set_cached_cell_and_set_connections" :: waited 0.000s {{(pid=108433) inner /opt/stack/data/venv/lib/python3.12/site-packages/oslo_concurrency/lockutils.py:524}}
May 29 01:32:07.616898 np0000177370 devstack@n-api-meta.service[108433]: DEBUG oslo_concurrency.lockutils [None req-298245ff-4311-485f-8cc3-e46c9824c4fa None None] Lock "00000000-0000-0000-0000-000000000000" "released" by "nova.context.set_target_cell..get_or_set_cached_cell_and_set_connections" :: held 0.001s {{(pid=108433) inner /opt/stack/data/venv/lib/python3.12/site-packages/oslo_concurrency/lockutils.py:543}}
May 29 01:32:07.617554 np0000177370 devstack@n-api-meta.service[108432]: DEBUG dbcounter [-] [108432] Writer thread running {{(pid=108432) stat_writer /opt/stack/data/venv/lib/python3.12/site-packages/dbcounter.py:102}}
May 29 01:32:07.617985 np0000177370 devstack@n-api-meta.service[108433]: DEBUG oslo_concurrency.lockutils [None req-298245ff-4311-485f-8cc3-e46c9824c4fa None None] Acquiring lock "28e32b49-6dfb-4e1b-966b-f81afde42e94" by "nova.context.set_target_cell..get_or_set_cached_cell_and_set_connections" {{(pid=108433) inner /opt/stack/data/venv/lib/python3.12/site-packages/oslo_concurrency/lockutils.py:511}}
May 29 01:32:07.618155 np0000177370 devstack@n-api-meta.service[108433]: DEBUG oslo_concurrency.lockutils [None req-298245ff-4311-485f-8cc3-e46c9824c4fa None None] Lock "28e32b49-6dfb-4e1b-966b-f81afde42e94" acquired by "nova.context.set_target_cell..get_or_set_cached_cell_and_set_connections" :: waited 0.000s {{(pid=108433) inner /opt/stack/data/venv/lib/python3.12/site-packages/oslo_concurrency/lockutils.py:524}}
May 29 01:32:07.619005 np0000177370 devstack@n-api-meta.service[108433]: DEBUG oslo_concurrency.lockutils [None req-298245ff-4311-485f-8cc3-e46c9824c4fa None None] Lock "28e32b49-6dfb-4e1b-966b-f81afde42e94" "released" by "nova.context.set_target_cell..get_or_set_cached_cell_and_set_connections" :: held 0.001s {{(pid=108433) inner /opt/stack/data/venv/lib/python3.12/site-packages/oslo_concurrency/lockutils.py:543}}
May 29 01:32:07.619532 np0000177370 devstack@n-api-meta.service[108432]: DEBUG nova.context [None req-c4f9ad5b-4a0f-4a21-b4f1-5893c6214bde None None] Found 2 cells: 00000000-0000-0000-0000-000000000000(cell0),28e32b49-6dfb-4e1b-966b-f81afde42e94(cell1) {{(pid=108432) load_cells /opt/stack/nova/nova/context.py:509}}
May 29 01:32:07.619735 np0000177370 devstack@n-api-meta.service[108432]: INFO nova.utils [None req-c4f9ad5b-4a0f-4a21-b4f1-5893c6214bde None None] The cell worker thread pool MainProcess.cell_worker is initialized
May 29 01:32:07.621503 np0000177370 devstack@n-api-meta.service[108432]: DEBUG oslo_concurrency.lockutils [None req-c4f9ad5b-4a0f-4a21-b4f1-5893c6214bde None None] Acquiring lock "00000000-0000-0000-0000-000000000000" by "nova.context.set_target_cell..get_or_set_cached_cell_and_set_connections" {{(pid=108432) inner /opt/stack/data/venv/lib/python3.12/site-packages/oslo_concurrency/lockutils.py:511}}
May 29 01:32:07.621646 np0000177370 devstack@n-api-meta.service[108432]: DEBUG oslo_concurrency.lockutils [None req-c4f9ad5b-4a0f-4a21-b4f1-5893c6214bde None None] Lock "00000000-0000-0000-0000-000000000000" acquired by "nova.context.set_target_cell..get_or_set_cached_cell_and_set_connections" :: waited 0.000s {{(pid=108432) inner /opt/stack/data/venv/lib/python3.12/site-packages/oslo_concurrency/lockutils.py:524}}
May 29 01:32:07.622002 np0000177370 devstack@n-api-meta.service[108432]: DEBUG oslo_concurrency.lockutils [None req-c4f9ad5b-4a0f-4a21-b4f1-5893c6214bde None None] Lock "00000000-0000-0000-0000-000000000000" "released" by "nova.context.set_target_cell..get_or_set_cached_cell_and_set_connections" :: held 0.000s {{(pid=108432) inner /opt/stack/data/venv/lib/python3.12/site-packages/oslo_concurrency/lockutils.py:543}}
May 29 01:32:07.622622 np0000177370 devstack@n-api-meta.service[108432]: DEBUG oslo_concurrency.lockutils [None req-c4f9ad5b-4a0f-4a21-b4f1-5893c6214bde None None] Acquiring lock "28e32b49-6dfb-4e1b-966b-f81afde42e94" by "nova.context.set_target_cell..get_or_set_cached_cell_and_set_connections" {{(pid=108432) inner /opt/stack/data/venv/lib/python3.12/site-packages/oslo_concurrency/lockutils.py:511}}
May 29 01:32:07.622772 np0000177370 devstack@n-api-meta.service[108432]: DEBUG oslo_concurrency.lockutils [None req-c4f9ad5b-4a0f-4a21-b4f1-5893c6214bde None None] Lock "28e32b49-6dfb-4e1b-966b-f81afde42e94" acquired by "nova.context.set_target_cell..get_or_set_cached_cell_and_set_connections" :: waited 0.000s {{(pid=108432) inner /opt/stack/data/venv/lib/python3.12/site-packages/oslo_concurrency/lockutils.py:524}}
May 29 01:32:07.623261 np0000177370 devstack@n-api-meta.service[108433]: INFO dbcounter [None req-298245ff-4311-485f-8cc3-e46c9824c4fa None None] Registered counter for database nova_cell0
May 29 01:32:07.623653 np0000177370 devstack@n-api-meta.service[108432]: DEBUG oslo_concurrency.lockutils [None req-c4f9ad5b-4a0f-4a21-b4f1-5893c6214bde None None] Lock "28e32b49-6dfb-4e1b-966b-f81afde42e94" "released" by "nova.context.set_target_cell..get_or_set_cached_cell_and_set_connections" :: held 0.001s {{(pid=108432) inner /opt/stack/data/venv/lib/python3.12/site-packages/oslo_concurrency/lockutils.py:543}}
May 29 01:32:07.624992 np0000177370 devstack@n-api-meta.service[108432]: INFO dbcounter [None req-c4f9ad5b-4a0f-4a21-b4f1-5893c6214bde None None] Registered counter for database nova_cell0
May 29 01:32:07.629042 np0000177370 devstack@n-api-meta.service[108433]: INFO dbcounter [None req-298245ff-4311-485f-8cc3-e46c9824c4fa None None] Registered counter for database nova_cell1
May 29 01:32:07.629098 np0000177370 devstack@n-api-meta.service[108432]: INFO dbcounter [None req-c4f9ad5b-4a0f-4a21-b4f1-5893c6214bde None None] Registered counter for database nova_cell1
May 29 01:32:07.652093 np0000177370 devstack@n-api-meta.service[108431]: DEBUG dbcounter [-] [108431] Writer thread running {{(pid=108431) stat_writer /opt/stack/data/venv/lib/python3.12/site-packages/dbcounter.py:102}}
May 29 01:32:07.654548 np0000177370 devstack@n-api-meta.service[108431]: DEBUG nova.context [None req-6480e8fd-f1fb-499b-8bb8-8f3d0bf053db None None] Found 2 cells: 00000000-0000-0000-0000-000000000000(cell0),28e32b49-6dfb-4e1b-966b-f81afde42e94(cell1) {{(pid=108431) load_cells /opt/stack/nova/nova/context.py:509}}
May 29 01:32:07.654767 np0000177370 devstack@n-api-meta.service[108431]: INFO nova.utils [None req-6480e8fd-f1fb-499b-8bb8-8f3d0bf053db None None] The cell worker thread pool MainProcess.cell_worker is initialized
May 29 01:32:07.655042 np0000177370 devstack@n-api-meta.service[108430]: DEBUG oslo_db.sqlalchemy.engines [None req-5693f42a-72a7-4b6f-a43c-239397228999 None None] MySQL server mode set to STRICT_TRANS_TABLES,STRICT_ALL_TABLES,NO_ZERO_IN_DATE,NO_ZERO_DATE,ERROR_FOR_DIVISION_BY_ZERO,TRADITIONAL,NO_ENGINE_SUBSTITUTION {{(pid=108430) _check_effective_sql_mode /opt/stack/data/venv/lib/python3.12/site-packages/oslo_db/sqlalchemy/engines.py:325}}
May 29 01:32:07.656601 np0000177370 devstack@n-api-meta.service[108431]: DEBUG oslo_concurrency.lockutils [None req-6480e8fd-f1fb-499b-8bb8-8f3d0bf053db None None] Acquiring lock "00000000-0000-0000-0000-000000000000" by "nova.context.set_target_cell..get_or_set_cached_cell_and_set_connections" {{(pid=108431) inner /opt/stack/data/venv/lib/python3.12/site-packages/oslo_concurrency/lockutils.py:511}}
May 29 01:32:07.656761 np0000177370 devstack@n-api-meta.service[108431]: DEBUG oslo_concurrency.lockutils [None req-6480e8fd-f1fb-499b-8bb8-8f3d0bf053db None None] Lock "00000000-0000-0000-0000-000000000000" acquired by "nova.context.set_target_cell..get_or_set_cached_cell_and_set_connections" :: waited 0.000s {{(pid=108431) inner /opt/stack/data/venv/lib/python3.12/site-packages/oslo_concurrency/lockutils.py:524}}
May 29 01:32:07.657103 np0000177370 devstack@n-api-meta.service[108431]: DEBUG oslo_concurrency.lockutils [None req-6480e8fd-f1fb-499b-8bb8-8f3d0bf053db None None] Lock "00000000-0000-0000-0000-000000000000" "released" by "nova.context.set_target_cell..get_or_set_cached_cell_and_set_connections" :: held 0.000s {{(pid=108431) inner /opt/stack/data/venv/lib/python3.12/site-packages/oslo_concurrency/lockutils.py:543}}
May 29 01:32:07.657921 np0000177370 devstack@n-api-meta.service[108431]: DEBUG oslo_concurrency.lockutils [None req-6480e8fd-f1fb-499b-8bb8-8f3d0bf053db None None] Acquiring lock "28e32b49-6dfb-4e1b-966b-f81afde42e94" by "nova.context.set_target_cell..get_or_set_cached_cell_and_set_connections" {{(pid=108431) inner /opt/stack/data/venv/lib/python3.12/site-packages/oslo_concurrency/lockutils.py:511}}
May 29 01:32:07.658059 np0000177370 devstack@n-api-meta.service[108431]: DEBUG oslo_concurrency.lockutils [None req-6480e8fd-f1fb-499b-8bb8-8f3d0bf053db None None] Lock "28e32b49-6dfb-4e1b-966b-f81afde42e94" acquired by "nova.context.set_target_cell..get_or_set_cached_cell_and_set_connections" :: waited 0.000s {{(pid=108431) inner /opt/stack/data/venv/lib/python3.12/site-packages/oslo_concurrency/lockutils.py:524}}
May 29 01:32:07.658941 np0000177370 devstack@n-api-meta.service[108431]: DEBUG oslo_concurrency.lockutils [None req-6480e8fd-f1fb-499b-8bb8-8f3d0bf053db None None] Lock "28e32b49-6dfb-4e1b-966b-f81afde42e94" "released" by "nova.context.set_target_cell..get_or_set_cached_cell_and_set_connections" :: held 0.001s {{(pid=108431) inner /opt/stack/data/venv/lib/python3.12/site-packages/oslo_concurrency/lockutils.py:543}}
May 29 01:32:07.662122 np0000177370 devstack@n-api-meta.service[108431]: INFO dbcounter [None req-6480e8fd-f1fb-499b-8bb8-8f3d0bf053db None None] Registered counter for database nova_cell0
May 29 01:32:07.666260 np0000177370 devstack@n-api-meta.service[108431]: INFO dbcounter [None req-6480e8fd-f1fb-499b-8bb8-8f3d0bf053db None None] Registered counter for database nova_cell1
May 29 01:32:07.669876 np0000177370 devstack@n-api-meta.service[108430]: DEBUG oslo_db.sqlalchemy.engines [None req-5693f42a-72a7-4b6f-a43c-239397228999 None None] MySQL server mode set to STRICT_TRANS_TABLES,STRICT_ALL_TABLES,NO_ZERO_IN_DATE,NO_ZERO_DATE,ERROR_FOR_DIVISION_BY_ZERO,TRADITIONAL,NO_ENGINE_SUBSTITUTION {{(pid=108430) _check_effective_sql_mode /opt/stack/data/venv/lib/python3.12/site-packages/oslo_db/sqlalchemy/engines.py:325}}
May 29 01:32:07.697335 np0000177370 devstack@n-api-meta.service[108433]: DEBUG oslo_db.sqlalchemy.engines [None req-298245ff-4311-485f-8cc3-e46c9824c4fa None None] MySQL server mode set to STRICT_TRANS_TABLES,STRICT_ALL_TABLES,NO_ZERO_IN_DATE,NO_ZERO_DATE,ERROR_FOR_DIVISION_BY_ZERO,TRADITIONAL,NO_ENGINE_SUBSTITUTION {{(pid=108433) _check_effective_sql_mode /opt/stack/data/venv/lib/python3.12/site-packages/oslo_db/sqlalchemy/engines.py:325}}
May 29 01:32:07.701560 np0000177370 devstack@n-api-meta.service[108432]: DEBUG oslo_db.sqlalchemy.engines [None req-c4f9ad5b-4a0f-4a21-b4f1-5893c6214bde None None] MySQL server mode set to STRICT_TRANS_TABLES,STRICT_ALL_TABLES,NO_ZERO_IN_DATE,NO_ZERO_DATE,ERROR_FOR_DIVISION_BY_ZERO,TRADITIONAL,NO_ENGINE_SUBSTITUTION {{(pid=108432) _check_effective_sql_mode /opt/stack/data/venv/lib/python3.12/site-packages/oslo_db/sqlalchemy/engines.py:325}}
May 29 01:32:07.713196 np0000177370 devstack@n-api-meta.service[108432]: DEBUG oslo_db.sqlalchemy.engines [None req-c4f9ad5b-4a0f-4a21-b4f1-5893c6214bde None None] MySQL server mode set to STRICT_TRANS_TABLES,STRICT_ALL_TABLES,NO_ZERO_IN_DATE,NO_ZERO_DATE,ERROR_FOR_DIVISION_BY_ZERO,TRADITIONAL,NO_ENGINE_SUBSTITUTION {{(pid=108432) _check_effective_sql_mode /opt/stack/data/venv/lib/python3.12/site-packages/oslo_db/sqlalchemy/engines.py:325}}
May 29 01:32:07.715731 np0000177370 devstack@n-api-meta.service[108433]: DEBUG oslo_db.sqlalchemy.engines [None req-298245ff-4311-485f-8cc3-e46c9824c4fa None None] MySQL server mode set to STRICT_TRANS_TABLES,STRICT_ALL_TABLES,NO_ZERO_IN_DATE,NO_ZERO_DATE,ERROR_FOR_DIVISION_BY_ZERO,TRADITIONAL,NO_ENGINE_SUBSTITUTION {{(pid=108433) _check_effective_sql_mode /opt/stack/data/venv/lib/python3.12/site-packages/oslo_db/sqlalchemy/engines.py:325}}
May 29 01:32:07.732465 np0000177370 devstack@n-api-meta.service[108431]: DEBUG oslo_db.sqlalchemy.engines [None req-6480e8fd-f1fb-499b-8bb8-8f3d0bf053db None None] MySQL server mode set to STRICT_TRANS_TABLES,STRICT_ALL_TABLES,NO_ZERO_IN_DATE,NO_ZERO_DATE,ERROR_FOR_DIVISION_BY_ZERO,TRADITIONAL,NO_ENGINE_SUBSTITUTION {{(pid=108431) _check_effective_sql_mode /opt/stack/data/venv/lib/python3.12/site-packages/oslo_db/sqlalchemy/engines.py:325}}
May 29 01:32:07.736287 np0000177370 devstack@n-api-meta.service[108431]: DEBUG oslo_db.sqlalchemy.engines [None req-6480e8fd-f1fb-499b-8bb8-8f3d0bf053db None None] MySQL server mode set to STRICT_TRANS_TABLES,STRICT_ALL_TABLES,NO_ZERO_IN_DATE,NO_ZERO_DATE,ERROR_FOR_DIVISION_BY_ZERO,TRADITIONAL,NO_ENGINE_SUBSTITUTION {{(pid=108431) _check_effective_sql_mode /opt/stack/data/venv/lib/python3.12/site-packages/oslo_db/sqlalchemy/engines.py:325}}
May 29 01:32:07.747986 np0000177370 devstack@n-api-meta.service[108430]: DEBUG dbcounter [-] [108430] Writer thread running {{(pid=108430) stat_writer /opt/stack/data/venv/lib/python3.12/site-packages/dbcounter.py:102}}
May 29 01:32:07.755960 np0000177370 devstack@n-api-meta.service[108430]: DEBUG dbcounter [-] [108430] Writer thread running {{(pid=108430) stat_writer /opt/stack/data/venv/lib/python3.12/site-packages/dbcounter.py:102}}
May 29 01:32:07.760358 np0000177370 devstack@n-api-meta.service[108430]: INFO dbcounter [None req-5693f42a-72a7-4b6f-a43c-239397228999 None None] Registered counter for database nova_cell0
May 29 01:32:07.791793 np0000177370 devstack@n-api-meta.service[108432]: DEBUG dbcounter [-] [108432] Writer thread running {{(pid=108432) stat_writer /opt/stack/data/venv/lib/python3.12/site-packages/dbcounter.py:102}}
May 29 01:32:07.796903 np0000177370 devstack@n-api-meta.service[108432]: DEBUG dbcounter [-] [108432] Writer thread running {{(pid=108432) stat_writer /opt/stack/data/venv/lib/python3.12/site-packages/dbcounter.py:102}}
May 29 01:32:07.800542 np0000177370 devstack@n-api-meta.service[108432]: INFO dbcounter [None req-c4f9ad5b-4a0f-4a21-b4f1-5893c6214bde None None] Registered counter for database nova_cell0
May 29 01:32:07.802450 np0000177370 devstack@n-api-meta.service[108433]: DEBUG dbcounter [-] [108433] Writer thread running {{(pid=108433) stat_writer /opt/stack/data/venv/lib/python3.12/site-packages/dbcounter.py:102}}
May 29 01:32:07.808967 np0000177370 devstack@n-api-meta.service[108433]: DEBUG dbcounter [-] [108433] Writer thread running {{(pid=108433) stat_writer /opt/stack/data/venv/lib/python3.12/site-packages/dbcounter.py:102}}
May 29 01:32:07.809222 np0000177370 devstack@n-api-meta.service[108430]: DEBUG oslo_db.sqlalchemy.engines [None req-5693f42a-72a7-4b6f-a43c-239397228999 None None] MySQL server mode set to STRICT_TRANS_TABLES,STRICT_ALL_TABLES,NO_ZERO_IN_DATE,NO_ZERO_DATE,ERROR_FOR_DIVISION_BY_ZERO,TRADITIONAL,NO_ENGINE_SUBSTITUTION {{(pid=108430) _check_effective_sql_mode /opt/stack/data/venv/lib/python3.12/site-packages/oslo_db/sqlalchemy/engines.py:325}}
May 29 01:32:07.813537 np0000177370 devstack@n-api-meta.service[108433]: INFO dbcounter [None req-298245ff-4311-485f-8cc3-e46c9824c4fa None None] Registered counter for database nova_cell0
May 29 01:32:07.817822 np0000177370 devstack@n-api-meta.service[108430]: DEBUG dbcounter [-] [108430] Writer thread running {{(pid=108430) stat_writer /opt/stack/data/venv/lib/python3.12/site-packages/dbcounter.py:102}}
May 29 01:32:07.824053 np0000177370 devstack@n-api-meta.service[108431]: DEBUG dbcounter [-] [108431] Writer thread running {{(pid=108431) stat_writer /opt/stack/data/venv/lib/python3.12/site-packages/dbcounter.py:102}}
May 29 01:32:07.830772 np0000177370 devstack@n-api-meta.service[108431]: DEBUG dbcounter [-] [108431] Writer thread running {{(pid=108431) stat_writer /opt/stack/data/venv/lib/python3.12/site-packages/dbcounter.py:102}}
May 29 01:32:07.836015 np0000177370 devstack@n-api-meta.service[108431]: INFO dbcounter [None req-6480e8fd-f1fb-499b-8bb8-8f3d0bf053db None None] Registered counter for database nova_cell0
May 29 01:32:07.856336 np0000177370 devstack@n-api-meta.service[108432]: DEBUG oslo_db.sqlalchemy.engines [None req-c4f9ad5b-4a0f-4a21-b4f1-5893c6214bde None None] MySQL server mode set to STRICT_TRANS_TABLES,STRICT_ALL_TABLES,NO_ZERO_IN_DATE,NO_ZERO_DATE,ERROR_FOR_DIVISION_BY_ZERO,TRADITIONAL,NO_ENGINE_SUBSTITUTION {{(pid=108432) _check_effective_sql_mode /opt/stack/data/venv/lib/python3.12/site-packages/oslo_db/sqlalchemy/engines.py:325}}
May 29 01:32:07.859894 np0000177370 devstack@n-api-meta.service[108433]: DEBUG oslo_db.sqlalchemy.engines [None req-298245ff-4311-485f-8cc3-e46c9824c4fa None None] MySQL server mode set to STRICT_TRANS_TABLES,STRICT_ALL_TABLES,NO_ZERO_IN_DATE,NO_ZERO_DATE,ERROR_FOR_DIVISION_BY_ZERO,TRADITIONAL,NO_ENGINE_SUBSTITUTION {{(pid=108433) _check_effective_sql_mode /opt/stack/data/venv/lib/python3.12/site-packages/oslo_db/sqlalchemy/engines.py:325}}
May 29 01:32:07.861959 np0000177370 devstack@n-api-meta.service[108432]: DEBUG dbcounter [-] [108432] Writer thread running {{(pid=108432) stat_writer /opt/stack/data/venv/lib/python3.12/site-packages/dbcounter.py:102}}
May 29 01:32:07.867844 np0000177370 devstack@n-api-meta.service[108430]: WARNING nova.api.metadata.handler [None req-5693f42a-72a7-4b6f-a43c-239397228999 None None] metadata_proxy_shared_secret is not configured, the metadata information returned by the proxy cannot be trusted
May 29 01:32:07.870271 np0000177370 devstack@n-api-meta.service[108430]: DEBUG nova.api.openstack.wsgi_app [None req-5693f42a-72a7-4b6f-a43c-239397228999 None None] ******************************************************************************** {{(pid=108430) log_opt_values /opt/stack/data/venv/lib/python3.12/site-packages/oslo_config/cfg.py:3229}}
May 29 01:32:07.870485 np0000177370 devstack@n-api-meta.service[108430]: DEBUG nova.api.openstack.wsgi_app [None req-5693f42a-72a7-4b6f-a43c-239397228999 None None] Configuration options gathered from: {{(pid=108430) log_opt_values /opt/stack/data/venv/lib/python3.12/site-packages/oslo_config/cfg.py:3230}}
May 29 01:32:07.870666 np0000177370 devstack@n-api-meta.service[108430]: DEBUG nova.api.openstack.wsgi_app [None req-5693f42a-72a7-4b6f-a43c-239397228999 None None] command line args: [] {{(pid=108430) log_opt_values /opt/stack/data/venv/lib/python3.12/site-packages/oslo_config/cfg.py:3231}}
May 29 01:32:07.870887 np0000177370 devstack@n-api-meta.service[108430]: DEBUG nova.api.openstack.wsgi_app [None req-5693f42a-72a7-4b6f-a43c-239397228999 None None] config files: ['/etc/nova/api-paste.ini', '/etc/nova/nova.conf'] {{(pid=108430) log_opt_values /opt/stack/data/venv/lib/python3.12/site-packages/oslo_config/cfg.py:3232}}
May 29 01:32:07.871044 np0000177370 devstack@n-api-meta.service[108433]: DEBUG dbcounter [-] [108433] Writer thread running {{(pid=108433) stat_writer /opt/stack/data/venv/lib/python3.12/site-packages/dbcounter.py:102}}
May 29 01:32:07.871164 np0000177370 devstack@n-api-meta.service[108430]: DEBUG nova.api.openstack.wsgi_app [None req-5693f42a-72a7-4b6f-a43c-239397228999 None None] ================================================================================ {{(pid=108430) log_opt_values /opt/stack/data/venv/lib/python3.12/site-packages/oslo_config/cfg.py:3237}}
May 29 01:32:07.871423 np0000177370 devstack@n-api-meta.service[108430]: DEBUG nova.api.openstack.wsgi_app [None req-5693f42a-72a7-4b6f-a43c-239397228999 None None] allow_resize_to_same_host = True {{(pid=108430) log_opt_values /opt/stack/data/venv/lib/python3.12/site-packages/oslo_config/cfg.py:3245}}
May 29 01:32:07.871640 np0000177370 devstack@n-api-meta.service[108430]: DEBUG nova.api.openstack.wsgi_app [None req-5693f42a-72a7-4b6f-a43c-239397228999 None None] arq_binding_timeout = 300 {{(pid=108430) log_opt_values /opt/stack/data/venv/lib/python3.12/site-packages/oslo_config/cfg.py:3245}}
May 29 01:32:07.871861 np0000177370 devstack@n-api-meta.service[108430]: DEBUG nova.api.openstack.wsgi_app [None req-5693f42a-72a7-4b6f-a43c-239397228999 None None] block_device_allocate_retries = 60 {{(pid=108430) log_opt_values /opt/stack/data/venv/lib/python3.12/site-packages/oslo_config/cfg.py:3245}}
May 29 01:32:07.872061 np0000177370 devstack@n-api-meta.service[108430]: DEBUG nova.api.openstack.wsgi_app [None req-5693f42a-72a7-4b6f-a43c-239397228999 None None] block_device_allocate_retries_interval = 3 {{(pid=108430) log_opt_values /opt/stack/data/venv/lib/python3.12/site-packages/oslo_config/cfg.py:3245}}
May 29 01:32:07.872468 np0000177370 devstack@n-api-meta.service[108430]: DEBUG nova.api.openstack.wsgi_app [None req-5693f42a-72a7-4b6f-a43c-239397228999 None None] cell_worker_thread_pool_size = 5 {{(pid=108430) log_opt_values /opt/stack/data/venv/lib/python3.12/site-packages/oslo_config/cfg.py:3245}}
May 29 01:32:07.872702 np0000177370 devstack@n-api-meta.service[108430]: DEBUG nova.api.openstack.wsgi_app [None req-5693f42a-72a7-4b6f-a43c-239397228999 None None] cert = self.pem {{(pid=108430) log_opt_values /opt/stack/data/venv/lib/python3.12/site-packages/oslo_config/cfg.py:3245}}
May 29 01:32:07.872912 np0000177370 devstack@n-api-meta.service[108430]: DEBUG nova.api.openstack.wsgi_app [None req-5693f42a-72a7-4b6f-a43c-239397228999 None None] compute_driver = libvirt.LibvirtDriver {{(pid=108430) log_opt_values /opt/stack/data/venv/lib/python3.12/site-packages/oslo_config/cfg.py:3245}}
May 29 01:32:07.873128 np0000177370 devstack@n-api-meta.service[108430]: DEBUG nova.api.openstack.wsgi_app [None req-5693f42a-72a7-4b6f-a43c-239397228999 None None] compute_monitors = [] {{(pid=108430) log_opt_values /opt/stack/data/venv/lib/python3.12/site-packages/oslo_config/cfg.py:3245}}
May 29 01:32:07.873350 np0000177370 devstack@n-api-meta.service[108430]: DEBUG nova.api.openstack.wsgi_app [None req-5693f42a-72a7-4b6f-a43c-239397228999 None None] config_dir = [] {{(pid=108430) log_opt_values /opt/stack/data/venv/lib/python3.12/site-packages/oslo_config/cfg.py:3245}}
May 29 01:32:07.873559 np0000177370 devstack@n-api-meta.service[108430]: DEBUG nova.api.openstack.wsgi_app [None req-5693f42a-72a7-4b6f-a43c-239397228999 None None] config_drive_format = iso9660 {{(pid=108430) log_opt_values /opt/stack/data/venv/lib/python3.12/site-packages/oslo_config/cfg.py:3245}}
May 29 01:32:07.873736 np0000177370 devstack@n-api-meta.service[108430]: DEBUG nova.api.openstack.wsgi_app [None req-5693f42a-72a7-4b6f-a43c-239397228999 None None] config_file = ['/etc/nova/api-paste.ini', '/etc/nova/nova.conf'] {{(pid=108430) log_opt_values /opt/stack/data/venv/lib/python3.12/site-packages/oslo_config/cfg.py:3245}}
May 29 01:32:07.873943 np0000177370 devstack@n-api-meta.service[108430]: DEBUG nova.api.openstack.wsgi_app [None req-5693f42a-72a7-4b6f-a43c-239397228999 None None] config_source = [] {{(pid=108430) log_opt_values /opt/stack/data/venv/lib/python3.12/site-packages/oslo_config/cfg.py:3245}}
May 29 01:32:07.874155 np0000177370 devstack@n-api-meta.service[108430]: DEBUG nova.api.openstack.wsgi_app [None req-5693f42a-72a7-4b6f-a43c-239397228999 None None] console_host = np0000177370 {{(pid=108430) log_opt_values /opt/stack/data/venv/lib/python3.12/site-packages/oslo_config/cfg.py:3245}}
May 29 01:32:07.874429 np0000177370 devstack@n-api-meta.service[108430]: DEBUG nova.api.openstack.wsgi_app [None req-5693f42a-72a7-4b6f-a43c-239397228999 None None] control_exchange = nova {{(pid=108430) log_opt_values /opt/stack/data/venv/lib/python3.12/site-packages/oslo_config/cfg.py:3245}}
May 29 01:32:07.874659 np0000177370 devstack@n-api-meta.service[108430]: DEBUG nova.api.openstack.wsgi_app [None req-5693f42a-72a7-4b6f-a43c-239397228999 None None] cpu_allocation_ratio = None {{(pid=108430) log_opt_values /opt/stack/data/venv/lib/python3.12/site-packages/oslo_config/cfg.py:3245}}
May 29 01:32:07.874866 np0000177370 devstack@n-api-meta.service[108430]: DEBUG nova.api.openstack.wsgi_app [None req-5693f42a-72a7-4b6f-a43c-239397228999 None None] daemon = False {{(pid=108430) log_opt_values /opt/stack/data/venv/lib/python3.12/site-packages/oslo_config/cfg.py:3245}}
May 29 01:32:07.875071 np0000177370 devstack@n-api-meta.service[108430]: DEBUG nova.api.openstack.wsgi_app [None req-5693f42a-72a7-4b6f-a43c-239397228999 None None] debug = True {{(pid=108430) log_opt_values /opt/stack/data/venv/lib/python3.12/site-packages/oslo_config/cfg.py:3245}}
May 29 01:32:07.875265 np0000177370 devstack@n-api-meta.service[108430]: DEBUG nova.api.openstack.wsgi_app [None req-5693f42a-72a7-4b6f-a43c-239397228999 None None] default_access_ip_network_name = None {{(pid=108430) log_opt_values /opt/stack/data/venv/lib/python3.12/site-packages/oslo_config/cfg.py:3245}}
May 29 01:32:07.875507 np0000177370 devstack@n-api-meta.service[108430]: DEBUG nova.api.openstack.wsgi_app [None req-5693f42a-72a7-4b6f-a43c-239397228999 None None] default_availability_zone = nova {{(pid=108430) log_opt_values /opt/stack/data/venv/lib/python3.12/site-packages/oslo_config/cfg.py:3245}}
May 29 01:32:07.875713 np0000177370 devstack@n-api-meta.service[108430]: DEBUG nova.api.openstack.wsgi_app [None req-5693f42a-72a7-4b6f-a43c-239397228999 None None] default_ephemeral_format = ext4 {{(pid=108430) log_opt_values /opt/stack/data/venv/lib/python3.12/site-packages/oslo_config/cfg.py:3245}}
May 29 01:32:07.875925 np0000177370 devstack@n-api-meta.service[108430]: DEBUG nova.api.openstack.wsgi_app [None req-5693f42a-72a7-4b6f-a43c-239397228999 None None] default_green_pool_size = 1000 {{(pid=108430) log_opt_values /opt/stack/data/venv/lib/python3.12/site-packages/oslo_config/cfg.py:3245}}
May 29 01:32:07.876213 np0000177370 devstack@n-api-meta.service[108430]: DEBUG nova.api.openstack.wsgi_app [None req-5693f42a-72a7-4b6f-a43c-239397228999 None None] default_log_levels = ['amqp=WARN', 'boto=WARN', 'sqlalchemy=WARN', 'suds=INFO', 'oslo.messaging=INFO', 'oslo_messaging=INFO', 'iso8601=WARN', 'requests.packages.urllib3.connectionpool=WARN', 'urllib3.connectionpool=WARN', 'websocket=WARN', 'requests.packages.urllib3.util.retry=WARN', 'urllib3.util.retry=WARN', 'keystonemiddleware=WARN', 'routes.middleware=WARN', 'stevedore=WARN', 'taskflow=WARN', 'keystoneauth=WARN', 'oslo.cache=INFO', 'oslo_policy=INFO', 'dogpile.core.dogpile=INFO', 'glanceclient=WARN', 'oslo.privsep.daemon=INFO'] {{(pid=108430) log_opt_values /opt/stack/data/venv/lib/python3.12/site-packages/oslo_config/cfg.py:3245}}
May 29 01:32:07.876518 np0000177370 devstack@n-api-meta.service[108430]: DEBUG nova.api.openstack.wsgi_app [None req-5693f42a-72a7-4b6f-a43c-239397228999 None None] default_schedule_zone = None {{(pid=108430) log_opt_values /opt/stack/data/venv/lib/python3.12/site-packages/oslo_config/cfg.py:3245}}
May 29 01:32:07.876730 np0000177370 devstack@n-api-meta.service[108430]: DEBUG nova.api.openstack.wsgi_app [None req-5693f42a-72a7-4b6f-a43c-239397228999 None None] default_thread_pool_size = 10 {{(pid=108430) log_opt_values /opt/stack/data/venv/lib/python3.12/site-packages/oslo_config/cfg.py:3245}}
May 29 01:32:07.876943 np0000177370 devstack@n-api-meta.service[108430]: DEBUG nova.api.openstack.wsgi_app [None req-5693f42a-72a7-4b6f-a43c-239397228999 None None] disk_allocation_ratio = None {{(pid=108430) log_opt_values /opt/stack/data/venv/lib/python3.12/site-packages/oslo_config/cfg.py:3245}}
May 29 01:32:07.877148 np0000177370 devstack@n-api-meta.service[108430]: DEBUG nova.api.openstack.wsgi_app [None req-5693f42a-72a7-4b6f-a43c-239397228999 None None] enable_new_services = True {{(pid=108430) log_opt_values /opt/stack/data/venv/lib/python3.12/site-packages/oslo_config/cfg.py:3245}}
May 29 01:32:07.877375 np0000177370 devstack@n-api-meta.service[108430]: DEBUG nova.api.openstack.wsgi_app [None req-5693f42a-72a7-4b6f-a43c-239397228999 None None] flat_injected = False {{(pid=108430) log_opt_values /opt/stack/data/venv/lib/python3.12/site-packages/oslo_config/cfg.py:3245}}
May 29 01:32:07.877587 np0000177370 devstack@n-api-meta.service[108430]: DEBUG nova.api.openstack.wsgi_app [None req-5693f42a-72a7-4b6f-a43c-239397228999 None None] force_config_drive = False {{(pid=108430) log_opt_values /opt/stack/data/venv/lib/python3.12/site-packages/oslo_config/cfg.py:3245}}
May 29 01:32:07.877790 np0000177370 devstack@n-api-meta.service[108430]: DEBUG nova.api.openstack.wsgi_app [None req-5693f42a-72a7-4b6f-a43c-239397228999 None None] force_raw_images = True {{(pid=108430) log_opt_values /opt/stack/data/venv/lib/python3.12/site-packages/oslo_config/cfg.py:3245}}
May 29 01:32:07.877998 np0000177370 devstack@n-api-meta.service[108430]: DEBUG nova.api.openstack.wsgi_app [None req-5693f42a-72a7-4b6f-a43c-239397228999 None None] graceful_shutdown_timeout = 5 {{(pid=108430) log_opt_values /opt/stack/data/venv/lib/python3.12/site-packages/oslo_config/cfg.py:3245}}
May 29 01:32:07.878089 np0000177370 devstack@n-api-meta.service[108431]: DEBUG oslo_db.sqlalchemy.engines [None req-6480e8fd-f1fb-499b-8bb8-8f3d0bf053db None None] MySQL server mode set to STRICT_TRANS_TABLES,STRICT_ALL_TABLES,NO_ZERO_IN_DATE,NO_ZERO_DATE,ERROR_FOR_DIVISION_BY_ZERO,TRADITIONAL,NO_ENGINE_SUBSTITUTION {{(pid=108431) _check_effective_sql_mode /opt/stack/data/venv/lib/python3.12/site-packages/oslo_db/sqlalchemy/engines.py:325}}
May 29 01:32:07.878275 np0000177370 devstack@n-api-meta.service[108430]: DEBUG nova.api.openstack.wsgi_app [None req-5693f42a-72a7-4b6f-a43c-239397228999 None None] heal_instance_info_cache_interval = -1 {{(pid=108430) log_opt_values /opt/stack/data/venv/lib/python3.12/site-packages/oslo_config/cfg.py:3245}}
May 29 01:32:07.878541 np0000177370 devstack@n-api-meta.service[108430]: DEBUG nova.api.openstack.wsgi_app [None req-5693f42a-72a7-4b6f-a43c-239397228999 None None] host = np0000177370 {{(pid=108430) log_opt_values /opt/stack/data/venv/lib/python3.12/site-packages/oslo_config/cfg.py:3245}}
May 29 01:32:07.878760 np0000177370 devstack@n-api-meta.service[108430]: DEBUG nova.api.openstack.wsgi_app [None req-5693f42a-72a7-4b6f-a43c-239397228999 None None] initial_cpu_allocation_ratio = 4.0 {{(pid=108430) log_opt_values /opt/stack/data/venv/lib/python3.12/site-packages/oslo_config/cfg.py:3245}}
May 29 01:32:07.878969 np0000177370 devstack@n-api-meta.service[108430]: DEBUG nova.api.openstack.wsgi_app [None req-5693f42a-72a7-4b6f-a43c-239397228999 None None] initial_disk_allocation_ratio = 1.0 {{(pid=108430) log_opt_values /opt/stack/data/venv/lib/python3.12/site-packages/oslo_config/cfg.py:3245}}
May 29 01:32:07.879176 np0000177370 devstack@n-api-meta.service[108430]: DEBUG nova.api.openstack.wsgi_app [None req-5693f42a-72a7-4b6f-a43c-239397228999 None None] initial_ram_allocation_ratio = 1.0 {{(pid=108430) log_opt_values /opt/stack/data/venv/lib/python3.12/site-packages/oslo_config/cfg.py:3245}}
May 29 01:32:07.879453 np0000177370 devstack@n-api-meta.service[108430]: DEBUG nova.api.openstack.wsgi_app [None req-5693f42a-72a7-4b6f-a43c-239397228999 None None] injected_network_template = /opt/stack/nova/nova/virt/interfaces.template {{(pid=108430) log_opt_values /opt/stack/data/venv/lib/python3.12/site-packages/oslo_config/cfg.py:3245}}
May 29 01:32:07.879657 np0000177370 devstack@n-api-meta.service[108430]: DEBUG nova.api.openstack.wsgi_app [None req-5693f42a-72a7-4b6f-a43c-239397228999 None None] instance_build_timeout = 0 {{(pid=108430) log_opt_values /opt/stack/data/venv/lib/python3.12/site-packages/oslo_config/cfg.py:3245}}
May 29 01:32:07.879869 np0000177370 devstack@n-api-meta.service[108430]: DEBUG nova.api.openstack.wsgi_app [None req-5693f42a-72a7-4b6f-a43c-239397228999 None None] instance_delete_interval = 300 {{(pid=108430) log_opt_values /opt/stack/data/venv/lib/python3.12/site-packages/oslo_config/cfg.py:3245}}
May 29 01:32:07.880089 np0000177370 devstack@n-api-meta.service[108430]: DEBUG nova.api.openstack.wsgi_app [None req-5693f42a-72a7-4b6f-a43c-239397228999 None None] instance_format = [instance: %(uuid)s] {{(pid=108430) log_opt_values /opt/stack/data/venv/lib/python3.12/site-packages/oslo_config/cfg.py:3245}}
May 29 01:32:07.880310 np0000177370 devstack@n-api-meta.service[108430]: DEBUG nova.api.openstack.wsgi_app [None req-5693f42a-72a7-4b6f-a43c-239397228999 None None] instance_name_template = instance-%08x {{(pid=108430) log_opt_values /opt/stack/data/venv/lib/python3.12/site-packages/oslo_config/cfg.py:3245}}
May 29 01:32:07.880559 np0000177370 devstack@n-api-meta.service[108430]: DEBUG nova.api.openstack.wsgi_app [None req-5693f42a-72a7-4b6f-a43c-239397228999 None None] instance_usage_audit = False {{(pid=108430) log_opt_values /opt/stack/data/venv/lib/python3.12/site-packages/oslo_config/cfg.py:3245}}
May 29 01:32:07.880768 np0000177370 devstack@n-api-meta.service[108430]: DEBUG nova.api.openstack.wsgi_app [None req-5693f42a-72a7-4b6f-a43c-239397228999 None None] instance_usage_audit_period = month {{(pid=108430) log_opt_values /opt/stack/data/venv/lib/python3.12/site-packages/oslo_config/cfg.py:3245}}
May 29 01:32:07.880971 np0000177370 devstack@n-api-meta.service[108430]: DEBUG nova.api.openstack.wsgi_app [None req-5693f42a-72a7-4b6f-a43c-239397228999 None None] instance_uuid_format = [instance: %(uuid)s] {{(pid=108430) log_opt_values /opt/stack/data/venv/lib/python3.12/site-packages/oslo_config/cfg.py:3245}}
May 29 01:32:07.881194 np0000177370 devstack@n-api-meta.service[108430]: DEBUG nova.api.openstack.wsgi_app [None req-5693f42a-72a7-4b6f-a43c-239397228999 None None] instances_path = /opt/stack/data/nova/instances {{(pid=108430) log_opt_values /opt/stack/data/venv/lib/python3.12/site-packages/oslo_config/cfg.py:3245}}
May 29 01:32:07.881419 np0000177370 devstack@n-api-meta.service[108430]: DEBUG nova.api.openstack.wsgi_app [None req-5693f42a-72a7-4b6f-a43c-239397228999 None None] internal_service_availability_zone = internal {{(pid=108430) log_opt_values /opt/stack/data/venv/lib/python3.12/site-packages/oslo_config/cfg.py:3245}}
May 29 01:32:07.881617 np0000177370 devstack@n-api-meta.service[108430]: DEBUG nova.api.openstack.wsgi_app [None req-5693f42a-72a7-4b6f-a43c-239397228999 None None] key = None {{(pid=108430) log_opt_values /opt/stack/data/venv/lib/python3.12/site-packages/oslo_config/cfg.py:3245}}
May 29 01:32:07.881845 np0000177370 devstack@n-api-meta.service[108430]: DEBUG nova.api.openstack.wsgi_app [None req-5693f42a-72a7-4b6f-a43c-239397228999 None None] live_migration_retry_count = 30 {{(pid=108430) log_opt_values /opt/stack/data/venv/lib/python3.12/site-packages/oslo_config/cfg.py:3245}}
May 29 01:32:07.882145 np0000177370 devstack@n-api-meta.service[108430]: DEBUG nova.api.openstack.wsgi_app [None req-5693f42a-72a7-4b6f-a43c-239397228999 None None] log_color = False {{(pid=108430) log_opt_values /opt/stack/data/venv/lib/python3.12/site-packages/oslo_config/cfg.py:3245}}
May 29 01:32:07.882378 np0000177370 devstack@n-api-meta.service[108430]: DEBUG nova.api.openstack.wsgi_app [None req-5693f42a-72a7-4b6f-a43c-239397228999 None None] log_config_append = None {{(pid=108430) log_opt_values /opt/stack/data/venv/lib/python3.12/site-packages/oslo_config/cfg.py:3245}}
May 29 01:32:07.882594 np0000177370 devstack@n-api-meta.service[108430]: DEBUG nova.api.openstack.wsgi_app [None req-5693f42a-72a7-4b6f-a43c-239397228999 None None] log_date_format = %Y-%m-%d %H:%M:%S {{(pid=108430) log_opt_values /opt/stack/data/venv/lib/python3.12/site-packages/oslo_config/cfg.py:3245}}
May 29 01:32:07.882808 np0000177370 devstack@n-api-meta.service[108430]: DEBUG nova.api.openstack.wsgi_app [None req-5693f42a-72a7-4b6f-a43c-239397228999 None None] log_dir = None {{(pid=108430) log_opt_values /opt/stack/data/venv/lib/python3.12/site-packages/oslo_config/cfg.py:3245}}
May 29 01:32:07.883019 np0000177370 devstack@n-api-meta.service[108430]: DEBUG nova.api.openstack.wsgi_app [None req-5693f42a-72a7-4b6f-a43c-239397228999 None None] log_file = None {{(pid=108430) log_opt_values /opt/stack/data/venv/lib/python3.12/site-packages/oslo_config/cfg.py:3245}}
May 29 01:32:07.883202 np0000177370 devstack@n-api-meta.service[108430]: DEBUG nova.api.openstack.wsgi_app [None req-5693f42a-72a7-4b6f-a43c-239397228999 None None] log_options = True {{(pid=108430) log_opt_values /opt/stack/data/venv/lib/python3.12/site-packages/oslo_config/cfg.py:3245}}
May 29 01:32:07.883417 np0000177370 devstack@n-api-meta.service[108430]: DEBUG nova.api.openstack.wsgi_app [None req-5693f42a-72a7-4b6f-a43c-239397228999 None None] log_rotate_interval = 1 {{(pid=108430) log_opt_values /opt/stack/data/venv/lib/python3.12/site-packages/oslo_config/cfg.py:3245}}
May 29 01:32:07.883635 np0000177370 devstack@n-api-meta.service[108430]: DEBUG nova.api.openstack.wsgi_app [None req-5693f42a-72a7-4b6f-a43c-239397228999 None None] log_rotate_interval_type = days {{(pid=108430) log_opt_values /opt/stack/data/venv/lib/python3.12/site-packages/oslo_config/cfg.py:3245}}
May 29 01:32:07.883846 np0000177370 devstack@n-api-meta.service[108430]: DEBUG nova.api.openstack.wsgi_app [None req-5693f42a-72a7-4b6f-a43c-239397228999 None None] log_rotation_type = none {{(pid=108430) log_opt_values /opt/stack/data/venv/lib/python3.12/site-packages/oslo_config/cfg.py:3245}}
May 29 01:32:07.884033 np0000177370 devstack@n-api-meta.service[108430]: DEBUG nova.api.openstack.wsgi_app [None req-5693f42a-72a7-4b6f-a43c-239397228999 None None] logging_context_format_string = %(color)s%(levelname)s %(name)s [%(global_request_id)s %(request_id)s %(project_name)s %(user_name)s%(color)s] %(instance)s%(color)s%(message)s {{(pid=108430) log_opt_values /opt/stack/data/venv/lib/python3.12/site-packages/oslo_config/cfg.py:3245}}
May 29 01:32:07.884207 np0000177370 devstack@n-api-meta.service[108430]: DEBUG nova.api.openstack.wsgi_app [None req-5693f42a-72a7-4b6f-a43c-239397228999 None None] logging_debug_format_suffix = {{(pid=%(process)d) %(funcName)s %(pathname)s:%(lineno)d}} {{(pid=108430) log_opt_values /opt/stack/data/venv/lib/python3.12/site-packages/oslo_config/cfg.py:3245}}
