2026-06-30 19:40:46.990 9 INFO cinder.api.openstack.wsgi [None req-7dcf8c9a-f209-4ff5-9614-aad927d3c7aa 9f6266a1eba84131a8f7cf02994a3ab6 d4a3b54466374270ab2a961cd9fc8f7d - - default default] http://cinder-api.openstack.svc.cluster.local:8776/v3/d4a3b54466374270ab2a961cd9fc8f7d/os-quota-sets/3cd93f5203f749a5b730b9800abe63e6?usage=true returned with HTTP 200 [pid: 9|app: 0|req: 503/1009] 10.0.0.189 () {28 vars in 736 bytes} [Tue Jun 30 19:40:46 2026] GET /v3/d4a3b54466374270ab2a961cd9fc8f7d/os-quota-sets/3cd93f5203f749a5b730b9800abe63e6?usage=true => generated 847 bytes in 35 msecs (HTTP/1.1 200) 7 headers in 285 bytes (1 switches on core 0)
2026-06-30 19:40:47.002 8 INFO cinder.api.openstack.wsgi [None req-96988f1d-0394-4a40-ba81-3fb462e6a199 9f6266a1eba84131a8f7cf02994a3ab6 d4a3b54466374270ab2a961cd9fc8f7d - - default default] GET http://cinder-api.openstack.svc.cluster.local:8776/v3/d4a3b54466374270ab2a961cd9fc8f7d/os-quota-sets/57b2ece0508d4368853d28f98be7477a?usage=true
2026-06-30 19:40:47.025 8 INFO cinder.api.openstack.wsgi [None req-96988f1d-0394-4a40-ba81-3fb462e6a199 9f6266a1eba84131a8f7cf02994a3ab6 d4a3b54466374270ab2a961cd9fc8f7d - - default default] http://cinder-api.openstack.svc.cluster.local:8776/v3/d4a3b54466374270ab2a961cd9fc8f7d/os-quota-sets/57b2ece0508d4368853d28f98be7477a?usage=true returned with HTTP 200 [pid: 8|app: 0|req: 507/1010] 10.0.0.189 () {28 vars in 736 bytes} [Tue Jun 30 19:40:46 2026] GET /v3/d4a3b54466374270ab2a961cd9fc8f7d/os-quota-sets/57b2ece0508d4368853d28f98be7477a?usage=true => generated 847 bytes in 32 msecs (HTTP/1.1 200) 7 headers in 285 bytes (1 switches on core 0)
2026-06-30 19:40:47.036 9 INFO cinder.api.openstack.wsgi [None req-15dbfa14-3b76-4ed8-89ad-05f58d19907b 9f6266a1eba84131a8f7cf02994a3ab6 d4a3b54466374270ab2a961cd9fc8f7d - - default default] GET http://cinder-api.openstack.svc.cluster.local:8776/v3/d4a3b54466374270ab2a961cd9fc8f7d/os-quota-sets/59defb48c8444b0081f02dcf808c7bf0?usage=true
2026-06-30 19:40:47.058 9 INFO cinder.api.openstack.wsgi [None req-15dbfa14-3b76-4ed8-89ad-05f58d19907b 9f6266a1eba84131a8f7cf02994a3ab6 d4a3b54466374270ab2a961cd9fc8f7d - - default default] http://cinder-api.openstack.svc.cluster.local:8776/v3/d4a3b54466374270ab2a961cd9fc8f7d/os-quota-sets/59defb48c8444b0081f02dcf808c7bf0?usage=true returned with HTTP 200 [pid: 9|app: 0|req: 504/1011] 10.0.0.189 () {28 vars in 736 bytes} [Tue Jun 30 19:40:47 2026] GET /v3/d4a3b54466374270ab2a961cd9fc8f7d/os-quota-sets/59defb48c8444b0081f02dcf808c7bf0?usage=true => generated 847 bytes in 29 msecs (HTTP/1.1 200) 7 headers in 285 bytes (1 switches on core 0)
2026-06-30 19:40:47.073 8 INFO cinder.api.openstack.wsgi [None req-7011e202-49e1-49bd-8cb9-cf3f0124142e 9f6266a1eba84131a8f7cf02994a3ab6 d4a3b54466374270ab2a961cd9fc8f7d - - default default] GET http://cinder-api.openstack.svc.cluster.local:8776/v3/d4a3b54466374270ab2a961cd9fc8f7d/os-quota-sets/7b69faa9df824549b5564f2def512b4d?usage=true
2026-06-30 19:40:47.100 8 INFO cinder.api.openstack.wsgi [None req-7011e202-49e1-49bd-8cb9-cf3f0124142e 9f6266a1eba84131a8f7cf02994a3ab6 d4a3b54466374270ab2a961cd9fc8f7d - - default default] http://cinder-api.openstack.svc.cluster.local:8776/v3/d4a3b54466374270ab2a961cd9fc8f7d/os-quota-sets/7b69faa9df824549b5564f2def512b4d?usage=true returned with HTTP 200 [pid: 8|app: 0|req: 508/1012] 10.0.0.189 () {28 vars in 736 bytes} [Tue Jun 30 19:40:47 2026] GET /v3/d4a3b54466374270ab2a961cd9fc8f7d/os-quota-sets/7b69faa9df824549b5564f2def512b4d?usage=true => generated 847 bytes in 36 msecs (HTTP/1.1 200) 7 headers in 285 bytes (1 switches on core 0)
2026-06-30 19:40:47.114 9 INFO cinder.api.openstack.wsgi [None req-fda2b6c1-d55b-4456-b178-59acb894d124 9f6266a1eba84131a8f7cf02994a3ab6 d4a3b54466374270ab2a961cd9fc8f7d - - default default] GET http://cinder-api.openstack.svc.cluster.local:8776/v3/d4a3b54466374270ab2a961cd9fc8f7d/os-quota-sets/9805e67499134d018c58b8fa983f4150?usage=true
2026-06-30 19:40:47.143 9 INFO cinder.api.openstack.wsgi [None req-fda2b6c1-d55b-4456-b178-59acb894d124 9f6266a1eba84131a8f7cf02994a3ab6 d4a3b54466374270ab2a961cd9fc8f7d - - default default] http://cinder-api.openstack.svc.cluster.local:8776/v3/d4a3b54466374270ab2a961cd9fc8f7d/os-quota-sets/9805e67499134d018c58b8fa983f4150?usage=true returned with HTTP 200 [pid: 9|app: 0|req: 505/1013] 10.0.0.189 () {28 vars in 736 bytes} [Tue Jun 30 19:40:47 2026] GET /v3/d4a3b54466374270ab2a961cd9fc8f7d/os-quota-sets/9805e67499134d018c58b8fa983f4150?usage=true => generated 847 bytes in 38 msecs (HTTP/1.1 200) 7 headers in 285 bytes (1 switches on core 0)
2026-06-30 19:40:47.154 8 INFO cinder.api.openstack.wsgi [None req-abef0512-4313-4cab-a27f-7237f143ccab 9f6266a1eba84131a8f7cf02994a3ab6 d4a3b54466374270ab2a961cd9fc8f7d - - default default] GET http://cinder-api.openstack.svc.cluster.local:8776/v3/d4a3b54466374270ab2a961cd9fc8f7d/os-quota-sets/b501b9e7cc5343b7aecc76face51f1a8?usage=true
2026-06-30 19:40:47.181 8 INFO cinder.api.openstack.wsgi [None req-abef0512-4313-4cab-a27f-7237f143ccab 9f6266a1eba84131a8f7cf02994a3ab6 d4a3b54466374270ab2a961cd9fc8f7d - - default default] http://cinder-api.openstack.svc.cluster.local:8776/v3/d4a3b54466374270ab2a961cd9fc8f7d/os-quota-sets/b501b9e7cc5343b7aecc76face51f1a8?usage=true returned with HTTP 200 [pid: 8|app: 0|req: 509/1014] 10.0.0.189 () {28 vars in 736 bytes} [Tue Jun 30 19:40:47 2026] GET /v3/d4a3b54466374270ab2a961cd9fc8f7d/os-quota-sets/b501b9e7cc5343b7aecc76face51f1a8?usage=true => generated 845 bytes in 35 msecs (HTTP/1.1 200) 7 headers in 285 bytes (1 switches on core 0)
2026-06-30 19:40:47.195 9 INFO cinder.api.openstack.wsgi [None req-07c9ebbc-4ce0-48ae-8f0c-923e57556d5f 9f6266a1eba84131a8f7cf02994a3ab6 d4a3b54466374270ab2a961cd9fc8f7d - - default default] GET http://cinder-api.openstack.svc.cluster.local:8776/v3/d4a3b54466374270ab2a961cd9fc8f7d/os-quota-sets/ba0bbcfdc2604876b848eaad1cefca46?usage=true
2026-06-30 19:40:47.221 9 INFO cinder.api.openstack.wsgi [None req-07c9ebbc-4ce0-48ae-8f0c-923e57556d5f 9f6266a1eba84131a8f7cf02994a3ab6 d4a3b54466374270ab2a961cd9fc8f7d - - default default] http://cinder-api.openstack.svc.cluster.local:8776/v3/d4a3b54466374270ab2a961cd9fc8f7d/os-quota-sets/ba0bbcfdc2604876b848eaad1cefca46?usage=true returned with HTTP 200 [pid: 9|app: 0|req: 506/1015] 10.0.0.189 () {28 vars in 736 bytes} [Tue Jun 30 19:40:47 2026] GET /v3/d4a3b54466374270ab2a961cd9fc8f7d/os-quota-sets/ba0bbcfdc2604876b848eaad1cefca46?usage=true => generated 847 bytes in 35 msecs (HTTP/1.1 200) 7 headers in 285 bytes (1 switches on core 0)
2026-06-30 19:40:47.234 8 INFO cinder.api.openstack.wsgi [None req-a8a4a8c7-1565-411e-a7a4-15a3471447f9 9f6266a1eba84131a8f7cf02994a3ab6 d4a3b54466374270ab2a961cd9fc8f7d - - default default] GET http://cinder-api.openstack.svc.cluster.local:8776/v3/d4a3b54466374270ab2a961cd9fc8f7d/os-quota-sets/c889c611d50e497da6ddbea303906ed8?usage=true
2026-06-30 19:40:47.265 8 INFO cinder.api.openstack.wsgi [None req-a8a4a8c7-1565-411e-a7a4-15a3471447f9 9f6266a1eba84131a8f7cf02994a3ab6 d4a3b54466374270ab2a961cd9fc8f7d - - default default] http://cinder-api.openstack.svc.cluster.local:8776/v3/d4a3b54466374270ab2a961cd9fc8f7d/os-quota-sets/c889c611d50e497da6ddbea303906ed8?usage=true returned with HTTP 200 [pid: 8|app: 0|req: 510/1016] 10.0.0.189 () {28 vars in 736 bytes} [Tue Jun 30 19:40:47 2026] GET /v3/d4a3b54466374270ab2a961cd9fc8f7d/os-quota-sets/c889c611d50e497da6ddbea303906ed8?usage=true => generated 847 bytes in 39 msecs (HTTP/1.1 200) 7 headers in 285 bytes (1 switches on core 0)
2026-06-30 19:40:47.278 9 INFO cinder.api.openstack.wsgi [None req-d405ceba-f63b-4763-8b51-86fe163997ac 9f6266a1eba84131a8f7cf02994a3ab6 d4a3b54466374270ab2a961cd9fc8f7d - - default default] GET http://cinder-api.openstack.svc.cluster.local:8776/v3/d4a3b54466374270ab2a961cd9fc8f7d/os-quota-sets/c912a27f735949e48b6a90584abb8c10?usage=true
2026-06-30 19:40:47.302 9 INFO cinder.api.openstack.wsgi [None req-d405ceba-f63b-4763-8b51-86fe163997ac 9f6266a1eba84131a8f7cf02994a3ab6 d4a3b54466374270ab2a961cd9fc8f7d - - default default] http://cinder-api.openstack.svc.cluster.local:8776/v3/d4a3b54466374270ab2a961cd9fc8f7d/os-quota-sets/c912a27f735949e48b6a90584abb8c10?usage=true returned with HTTP 200 [pid: 9|app: 0|req: 507/1017] 10.0.0.189 () {28 vars in 736 bytes} [Tue Jun 30 19:40:47 2026] GET /v3/d4a3b54466374270ab2a961cd9fc8f7d/os-quota-sets/c912a27f735949e48b6a90584abb8c10?usage=true => generated 847 bytes in 34 msecs (HTTP/1.1 200) 7 headers in 285 bytes (1 switches on core 0)
2026-06-30 19:40:47.321 8 INFO cinder.api.openstack.wsgi [None req-15f749ea-af2a-449c-9f7c-daa51fb7e3b8 9f6266a1eba84131a8f7cf02994a3ab6 d4a3b54466374270ab2a961cd9fc8f7d - - default default] GET http://cinder-api.openstack.svc.cluster.local:8776/v3/d4a3b54466374270ab2a961cd9fc8f7d/os-quota-sets/cf3c6a849d014b07a65961f603f606e0?usage=true
2026-06-30 19:40:47.352 8 INFO cinder.api.openstack.wsgi [None req-15f749ea-af2a-449c-9f7c-daa51fb7e3b8 9f6266a1eba84131a8f7cf02994a3ab6 d4a3b54466374270ab2a961cd9fc8f7d - - default default] http://cinder-api.openstack.svc.cluster.local:8776/v3/d4a3b54466374270ab2a961cd9fc8f7d/os-quota-sets/cf3c6a849d014b07a65961f603f606e0?usage=true returned with HTTP 200 [pid: 8|app: 0|req: 511/1018] 10.0.0.189 () {28 vars in 736 bytes} [Tue Jun 30 19:40:47 2026] GET /v3/d4a3b54466374270ab2a961cd9fc8f7d/os-quota-sets/cf3c6a849d014b07a65961f603f606e0?usage=true => generated 847 bytes in 41 msecs (HTTP/1.1 200) 7 headers in 285 bytes (1 switches on core 0)
2026-06-30 19:40:47.366 9 INFO cinder.api.openstack.wsgi [None req-5cb14217-18ce-41e2-9e59-2c658c16d2d9 9f6266a1eba84131a8f7cf02994a3ab6 d4a3b54466374270ab2a961cd9fc8f7d - - default default] GET http://cinder-api.openstack.svc.cluster.local:8776/v3/d4a3b54466374270ab2a961cd9fc8f7d/os-quota-sets/d4a3b54466374270ab2a961cd9fc8f7d?usage=true
2026-06-30 19:40:47.394 9 INFO cinder.api.openstack.wsgi [None req-5cb14217-18ce-41e2-9e59-2c658c16d2d9 9f6266a1eba84131a8f7cf02994a3ab6 d4a3b54466374270ab2a961cd9fc8f7d - - default default] http://cinder-api.openstack.svc.cluster.local:8776/v3/d4a3b54466374270ab2a961cd9fc8f7d/os-quota-sets/d4a3b54466374270ab2a961cd9fc8f7d?usage=true returned with HTTP 200 [pid: 9|app: 0|req: 508/1019] 10.0.0.189 () {28 vars in 736 bytes} [Tue Jun 30 19:40:47 2026] GET /v3/d4a3b54466374270ab2a961cd9fc8f7d/os-quota-sets/d4a3b54466374270ab2a961cd9fc8f7d?usage=true => generated 845 bytes in 37 msecs (HTTP/1.1 200) 7 headers in 285 bytes (1 switches on core 0)
2026-06-30 19:40:47.403 9 INFO cinder.api.openstack.wsgi [None req-fe8b381a-2649-4ccd-b94d-f683195b6e72 9f6266a1eba84131a8f7cf02994a3ab6 d4a3b54466374270ab2a961cd9fc8f7d - - default default] GET http://cinder-api.openstack.svc.cluster.local:8776/v3/d4a3b54466374270ab2a961cd9fc8f7d/os-quota-sets/df61df3eb91541b0855e1fed316b6969?usage=true
2026-06-30 19:40:47.425 9 INFO cinder.api.openstack.wsgi [None req-fe8b381a-2649-4ccd-b94d-f683195b6e72 9f6266a1eba84131a8f7cf02994a3ab6 d4a3b54466374270ab2a961cd9fc8f7d - - default default] http://cinder-api.openstack.svc.cluster.local:8776/v3/d4a3b54466374270ab2a961cd9fc8f7d/os-quota-sets/df61df3eb91541b0855e1fed316b6969?usage=true returned with HTTP 200 [pid: 9|app: 0|req: 509/1020] 10.0.0.189 () {28 vars in 736 bytes} [Tue Jun 30 19:40:47 2026] GET /v3/d4a3b54466374270ab2a961cd9fc8f7d/os-quota-sets/df61df3eb91541b0855e1fed316b6969?usage=true => generated 847 bytes in 29 msecs (HTTP/1.1 200) 7 headers in 285 bytes (1 switches on core 0)
2026-06-30 19:40:47.436 9 INFO cinder.api.openstack.wsgi [None req-657a8931-5f4a-4146-ba64-ed611739768c 9f6266a1eba84131a8f7cf02994a3ab6 d4a3b54466374270ab2a961cd9fc8f7d - - default default] GET http://cinder-api.openstack.svc.cluster.local:8776/v3/d4a3b54466374270ab2a961cd9fc8f7d/os-quota-sets/ee1bcf8549274de2a18d2d0ebf9b6a3e?usage=true
2026-06-30 19:40:47.461 9 INFO cinder.api.openstack.wsgi [None req-657a8931-5f4a-4146-ba64-ed611739768c 9f6266a1eba84131a8f7cf02994a3ab6 d4a3b54466374270ab2a961cd9fc8f7d - - default default] http://cinder-api.openstack.svc.cluster.local:8776/v3/d4a3b54466374270ab2a961cd9fc8f7d/os-quota-sets/ee1bcf8549274de2a18d2d0ebf9b6a3e?usage=true returned with HTTP 200 [pid: 9|app: 0|req: 510/1021] 10.0.0.189 () {28 vars in 736 bytes} [Tue Jun 30 19:40:47 2026] GET /v3/d4a3b54466374270ab2a961cd9fc8f7d/os-quota-sets/ee1bcf8549274de2a18d2d0ebf9b6a3e?usage=true => generated 847 bytes in 30 msecs (HTTP/1.1 200) 7 headers in 285 bytes (1 switches on core 0)
2026-06-30 19:40:47.469 9 INFO cinder.api.openstack.wsgi [None req-5027dad4-5a60-4b49-8935-fc103421e2dc 9f6266a1eba84131a8f7cf02994a3ab6 d4a3b54466374270ab2a961cd9fc8f7d - - default default] GET http://cinder-api.openstack.svc.cluster.local:8776/v3/d4a3b54466374270ab2a961cd9fc8f7d/snapshots?all_tenants=true
2026-06-30 19:40:47.478 9 INFO cinder.volume.api [None req-5027dad4-5a60-4b49-8935-fc103421e2dc 9f6266a1eba84131a8f7cf02994a3ab6 d4a3b54466374270ab2a961cd9fc8f7d - - default default] Get all snapshots completed successfully.
2026-06-30 19:40:47.479 9 INFO cinder.api.openstack.wsgi [None req-5027dad4-5a60-4b49-8935-fc103421e2dc 9f6266a1eba84131a8f7cf02994a3ab6 d4a3b54466374270ab2a961cd9fc8f7d - - default default] http://cinder-api.openstack.svc.cluster.local:8776/v3/d4a3b54466374270ab2a961cd9fc8f7d/snapshots?all_tenants=true returned with HTTP 200 [pid: 9|app: 0|req: 511/1022] 10.0.0.189 () {28 vars in 674 bytes} [Tue Jun 30 19:40:47 2026] GET /v3/d4a3b54466374270ab2a961cd9fc8f7d/snapshots?all_tenants=true => generated 17 bytes in 15 msecs (HTTP/1.1 200) 7 headers in 284 bytes (1 switches on core 0)
2026-06-30 19:40:47.517 8 INFO cinder.api.openstack.wsgi [None req-c66ea246-3658-4476-9470-7ce75aa37266 9f6266a1eba84131a8f7cf02994a3ab6 d4a3b54466374270ab2a961cd9fc8f7d - - default default] POST http://cinder-api.openstack.svc.cluster.local:8776/v3/d4a3b54466374270ab2a961cd9fc8f7d/volumes
2026-06-30 19:40:47.632 8 INFO cinder.api.v3.volumes [None req-c66ea246-3658-4476-9470-7ce75aa37266 9f6266a1eba84131a8f7cf02994a3ab6 d4a3b54466374270ab2a961cd9fc8f7d - - default default] Create volume of 16 GB
2026-06-30 19:40:47.638 8 INFO cinder.volume.api [None req-c66ea246-3658-4476-9470-7ce75aa37266 9f6266a1eba84131a8f7cf02994a3ab6 d4a3b54466374270ab2a961cd9fc8f7d - - default default] Availability Zones retrieved successfully.
2026-06-30 19:40:47.867 8 INFO cinder.volume.api [None req-c66ea246-3658-4476-9470-7ce75aa37266 9f6266a1eba84131a8f7cf02994a3ab6 d4a3b54466374270ab2a961cd9fc8f7d - - default default] Create volume request issued successfully.
2026-06-30 19:40:47.868 8 INFO cinder.api.openstack.wsgi [None req-c66ea246-3658-4476-9470-7ce75aa37266 9f6266a1eba84131a8f7cf02994a3ab6 d4a3b54466374270ab2a961cd9fc8f7d - - default default] http://cinder-api.openstack.svc.cluster.local:8776/v3/d4a3b54466374270ab2a961cd9fc8f7d/volumes returned with HTTP 202 [pid: 8|app: 0|req: 512/1023] 199.204.45.156 () {34 vars in 734 bytes} [Tue Jun 30 19:40:47 2026] POST /v3/d4a3b54466374270ab2a961cd9fc8f7d/volumes => generated 846 bytes in 481 msecs (HTTP/1.1 202) 7 headers in 291 bytes (1 switches on core 0)
2026-06-30 19:40:47.881 9 INFO cinder.api.openstack.wsgi [req-c66ea246-3658-4476-9470-7ce75aa37266 req-fccbe336-e3f4-45fa-aced-f265ac5b8b95 9f6266a1eba84131a8f7cf02994a3ab6 d4a3b54466374270ab2a961cd9fc8f7d - - default default] GET http://cinder-api.openstack.svc.cluster.local:8776/v3/d4a3b54466374270ab2a961cd9fc8f7d/volumes/8dadddec-45c0-4685-99fd-6687d7284a71 /var/lib/openstack/lib/python3.12/site-packages/oslo_context/context.py:101: DeprecationWarning: Policy enforcement is depending on the value of is_admin. This key is deprecated. Please update your policy file to use the standard policy values. warnings.warn(
2026-06-30 19:40:47.926 9 INFO cinder.volume.api [req-c66ea246-3658-4476-9470-7ce75aa37266 req-fccbe336-e3f4-45fa-aced-f265ac5b8b95 9f6266a1eba84131a8f7cf02994a3ab6 d4a3b54466374270ab2a961cd9fc8f7d - - default default] Volume info retrieved successfully.
2026-06-30 19:40:47.930 9 INFO cinder.api.openstack.wsgi [req-c66ea246-3658-4476-9470-7ce75aa37266 req-fccbe336-e3f4-45fa-aced-f265ac5b8b95 9f6266a1eba84131a8f7cf02994a3ab6 d4a3b54466374270ab2a961cd9fc8f7d - - default default] http://cinder-api.openstack.svc.cluster.local:8776/v3/d4a3b54466374270ab2a961cd9fc8f7d/volumes/8dadddec-45c0-4685-99fd-6687d7284a71 returned with HTTP 200 [pid: 9|app: 0|req: 512/1024] 199.204.45.156 () {32 vars in 825 bytes} [Tue Jun 30 19:40:47 2026] GET /v3/d4a3b54466374270ab2a961cd9fc8f7d/volumes/8dadddec-45c0-4685-99fd-6687d7284a71 => generated 1025 bytes in 54 msecs (HTTP/1.1 200) 7 headers in 286 bytes (1 switches on core 0)
2026-06-30 19:40:48.456 8 INFO cinder.api.openstack.wsgi [None req-c66ea246-3658-4476-9470-7ce75aa37266 9f6266a1eba84131a8f7cf02994a3ab6 d4a3b54466374270ab2a961cd9fc8f7d - - default default] GET http://10.0.0.186:8776/
2026-06-30 19:40:48.456 9 INFO cinder.api.openstack.wsgi [req-c66ea246-3658-4476-9470-7ce75aa37266 req-fccbe336-e3f4-45fa-aced-f265ac5b8b95 9f6266a1eba84131a8f7cf02994a3ab6 d4a3b54466374270ab2a961cd9fc8f7d - - default default] GET http://10.0.0.186:8776/
2026-06-30 19:40:48.456 8 INFO cinder.api.openstack.wsgi [None req-c66ea246-3658-4476-9470-7ce75aa37266 9f6266a1eba84131a8f7cf02994a3ab6 d4a3b54466374270ab2a961cd9fc8f7d - - default default] http://10.0.0.186:8776/ returned with HTTP 300
2026-06-30 19:40:48.457 9 INFO cinder.api.openstack.wsgi [req-c66ea246-3658-4476-9470-7ce75aa37266 req-fccbe336-e3f4-45fa-aced-f265ac5b8b95 9f6266a1eba84131a8f7cf02994a3ab6 d4a3b54466374270ab2a961cd9fc8f7d - - default default] http://10.0.0.186:8776/ returned with HTTP 300 /var/lib/openstack/lib/python3.12/site-packages/pycadf/identifier.py:70: UserWarning: Invalid uuid: cinderv3. To ensure interoperability, identifiers should be a valid uuid. warnings.warn(('Invalid uuid: %s. To ensure interoperability, '
2026-06-30 19:40:52.949 8 INFO cinder.api.openstack.wsgi [req-c66ea246-3658-4476-9470-7ce75aa37266 req-49ae956f-edbe-4977-8cc5-0f9d40ed10a2 9f6266a1eba84131a8f7cf02994a3ab6 d4a3b54466374270ab2a961cd9fc8f7d - - default default] GET http://cinder-api.openstack.svc.cluster.local:8776/v3/d4a3b54466374270ab2a961cd9fc8f7d/volumes/8dadddec-45c0-4685-99fd-6687d7284a71 /var/lib/openstack/lib/python3.12/site-packages/oslo_context/context.py:101: DeprecationWarning: Policy enforcement is depending on the value of is_admin. This key is deprecated. Please update your policy file to use the standard policy values. warnings.warn(
2026-06-30 19:40:52.962 8 INFO cinder.volume.api [req-c66ea246-3658-4476-9470-7ce75aa37266 req-49ae956f-edbe-4977-8cc5-0f9d40ed10a2 9f6266a1eba84131a8f7cf02994a3ab6 d4a3b54466374270ab2a961cd9fc8f7d - - default default] Volume info retrieved successfully.
2026-06-30 19:40:52.978 8 INFO cinder.api.openstack.wsgi [req-c66ea246-3658-4476-9470-7ce75aa37266 req-49ae956f-edbe-4977-8cc5-0f9d40ed10a2 9f6266a1eba84131a8f7cf02994a3ab6 d4a3b54466374270ab2a961cd9fc8f7d - - default default] http://cinder-api.openstack.svc.cluster.local:8776/v3/d4a3b54466374270ab2a961cd9fc8f7d/volumes/8dadddec-45c0-4685-99fd-6687d7284a71 returned with HTTP 200 [pid: 8|app: 0|req: 514/1027] 199.204.45.156 () {32 vars in 825 bytes} [Tue Jun 30 19:40:52 2026] GET /v3/d4a3b54466374270ab2a961cd9fc8f7d/volumes/8dadddec-45c0-4685-99fd-6687d7284a71 => generated 1675 bytes in 35 msecs (HTTP/1.1 200) 7 headers in 286 bytes (1 switches on core 0) /var/lib/openstack/lib/python3.12/site-packages/pycadf/identifier.py:70: UserWarning: Invalid uuid: cinderv3. To ensure interoperability, identifiers should be a valid uuid. warnings.warn(('Invalid uuid: %s. To ensure interoperability, '
2026-06-30 19:40:53.634 9 INFO cinder.api.openstack.wsgi [req-bb7d0817-c811-43a1-b3a2-3a94cb32c3d7 req-9a222a91-d606-4e96-8052-7add55a72bdf 9f6266a1eba84131a8f7cf02994a3ab6 d4a3b54466374270ab2a961cd9fc8f7d - - default default] GET http://cinder-api.openstack.svc.cluster.local:8776/v3/d4a3b54466374270ab2a961cd9fc8f7d/volumes/8dadddec-45c0-4685-99fd-6687d7284a71 /var/lib/openstack/lib/python3.12/site-packages/oslo_context/context.py:101: DeprecationWarning: Policy enforcement is depending on the value of is_admin. This key is deprecated. Please update your policy file to use the standard policy values. warnings.warn(
2026-06-30 19:40:53.661 9 INFO cinder.volume.api [req-bb7d0817-c811-43a1-b3a2-3a94cb32c3d7 req-9a222a91-d606-4e96-8052-7add55a72bdf 9f6266a1eba84131a8f7cf02994a3ab6 d4a3b54466374270ab2a961cd9fc8f7d - - default default] Volume info retrieved successfully.
2026-06-30 19:40:53.672 9 INFO cinder.api.openstack.wsgi [req-bb7d0817-c811-43a1-b3a2-3a94cb32c3d7 req-9a222a91-d606-4e96-8052-7add55a72bdf 9f6266a1eba84131a8f7cf02994a3ab6 d4a3b54466374270ab2a961cd9fc8f7d - - default default] http://cinder-api.openstack.svc.cluster.local:8776/v3/d4a3b54466374270ab2a961cd9fc8f7d/volumes/8dadddec-45c0-4685-99fd-6687d7284a71 returned with HTTP 200 [pid: 9|app: 0|req: 514/1028] 10.0.0.228 () {34 vars in 1028 bytes} [Tue Jun 30 19:40:53 2026] GET /v3/d4a3b54466374270ab2a961cd9fc8f7d/volumes/8dadddec-45c0-4685-99fd-6687d7284a71 => generated 1675 bytes in 45 msecs (HTTP/1.1 200) 7 headers in 286 bytes (1 switches on core 0) /var/lib/openstack/lib/python3.12/site-packages/pycadf/identifier.py:70: UserWarning: Invalid uuid: cinderv3. To ensure interoperability, identifiers should be a valid uuid. warnings.warn(('Invalid uuid: %s. To ensure interoperability, '
2026-06-30 19:40:54.115 8 INFO cinder.api.openstack.wsgi [req-bb7d0817-c811-43a1-b3a2-3a94cb32c3d7 req-28047496-128e-4e12-baf1-3b7edbcb42d1 9f6266a1eba84131a8f7cf02994a3ab6 d4a3b54466374270ab2a961cd9fc8f7d - - default default] GET http://cinder-api.openstack.svc.cluster.local:8776/v3/d4a3b54466374270ab2a961cd9fc8f7d/volumes/8dadddec-45c0-4685-99fd-6687d7284a71 /var/lib/openstack/lib/python3.12/site-packages/oslo_context/context.py:101: DeprecationWarning: Policy enforcement is depending on the value of is_admin. This key is deprecated. Please update your policy file to use the standard policy values. warnings.warn(
2026-06-30 19:40:54.130 8 INFO cinder.volume.api [req-bb7d0817-c811-43a1-b3a2-3a94cb32c3d7 req-28047496-128e-4e12-baf1-3b7edbcb42d1 9f6266a1eba84131a8f7cf02994a3ab6 d4a3b54466374270ab2a961cd9fc8f7d - - default default] Volume info retrieved successfully.
2026-06-30 19:40:54.135 8 INFO cinder.api.openstack.wsgi [req-bb7d0817-c811-43a1-b3a2-3a94cb32c3d7 req-28047496-128e-4e12-baf1-3b7edbcb42d1 9f6266a1eba84131a8f7cf02994a3ab6 d4a3b54466374270ab2a961cd9fc8f7d - - default default] http://cinder-api.openstack.svc.cluster.local:8776/v3/d4a3b54466374270ab2a961cd9fc8f7d/volumes/8dadddec-45c0-4685-99fd-6687d7284a71 returned with HTTP 200 [pid: 8|app: 0|req: 515/1029] 10.0.0.228 () {34 vars in 1028 bytes} [Tue Jun 30 19:40:54 2026] GET /v3/d4a3b54466374270ab2a961cd9fc8f7d/volumes/8dadddec-45c0-4685-99fd-6687d7284a71 => generated 1675 bytes in 28 msecs (HTTP/1.1 200) 7 headers in 286 bytes (1 switches on core 0)
2026-06-30 19:40:54.144 9 INFO cinder.api.openstack.wsgi [req-bb7d0817-c811-43a1-b3a2-3a94cb32c3d7 req-9a222a91-d606-4e96-8052-7add55a72bdf 9f6266a1eba84131a8f7cf02994a3ab6 d4a3b54466374270ab2a961cd9fc8f7d - - default default] GET http://cinder-api.openstack.svc.cluster.local:8776/
2026-06-30 19:40:54.146 9 INFO cinder.api.openstack.wsgi [req-bb7d0817-c811-43a1-b3a2-3a94cb32c3d7 req-9a222a91-d606-4e96-8052-7add55a72bdf 9f6266a1eba84131a8f7cf02994a3ab6 d4a3b54466374270ab2a961cd9fc8f7d - - default default] http://cinder-api.openstack.svc.cluster.local:8776/ returned with HTTP 300 [pid: 9|app: 0|req: 515/1030] 10.0.0.228 () {32 vars in 829 bytes} [Tue Jun 30 19:40:54 2026] GET / => generated 411 bytes in 2 msecs (HTTP/1.1 300) 5 headers in 169 bytes (1 switches on core 0) /var/lib/openstack/lib/python3.12/site-packages/pycadf/identifier.py:70: UserWarning: Invalid uuid: cinderv3. To ensure interoperability, identifiers should be a valid uuid. warnings.warn(('Invalid uuid: %s. To ensure interoperability, '
2026-06-30 19:40:54.158 8 INFO cinder.api.openstack.wsgi [req-bb7d0817-c811-43a1-b3a2-3a94cb32c3d7 req-697afe6d-4d19-4fe6-b519-115c0230f6dc 9f6266a1eba84131a8f7cf02994a3ab6 d4a3b54466374270ab2a961cd9fc8f7d - - default default] POST http://cinder-api.openstack.svc.cluster.local:8776/v3/d4a3b54466374270ab2a961cd9fc8f7d/attachments /var/lib/openstack/lib/python3.12/site-packages/oslo_context/context.py:101: DeprecationWarning: Policy enforcement is depending on the value of is_admin. This key is deprecated. Please update your policy file to use the standard policy values. warnings.warn(
2026-06-30 19:40:54.209 8 INFO cinder.api.openstack.wsgi [req-bb7d0817-c811-43a1-b3a2-3a94cb32c3d7 req-697afe6d-4d19-4fe6-b519-115c0230f6dc 9f6266a1eba84131a8f7cf02994a3ab6 d4a3b54466374270ab2a961cd9fc8f7d - - default default] http://cinder-api.openstack.svc.cluster.local:8776/v3/d4a3b54466374270ab2a961cd9fc8f7d/attachments returned with HTTP 200 [pid: 8|app: 0|req: 516/1031] 10.0.0.228 () {40 vars in 1057 bytes} [Tue Jun 30 19:40:54 2026] POST /v3/d4a3b54466374270ab2a961cd9fc8f7d/attachments => generated 273 bytes in 59 msecs (HTTP/1.1 200) 7 headers in 286 bytes (1 switches on core 0) /var/lib/openstack/lib/python3.12/site-packages/pycadf/identifier.py:70: UserWarning: Invalid uuid: cinderv3. To ensure interoperability, identifiers should be a valid uuid. warnings.warn(('Invalid uuid: %s. To ensure interoperability, '
2026-06-30 19:40:57.595 9 INFO cinder.api.openstack.wsgi [req-c66ea246-3658-4476-9470-7ce75aa37266 req-36d31a82-c7ae-4605-a9a4-f78a847af489 9f6266a1eba84131a8f7cf02994a3ab6 d4a3b54466374270ab2a961cd9fc8f7d - - default default] GET http://cinder-api.openstack.svc.cluster.local:8776/v3/d4a3b54466374270ab2a961cd9fc8f7d/volumes/8dadddec-45c0-4685-99fd-6687d7284a71 /var/lib/openstack/lib/python3.12/site-packages/oslo_context/context.py:101: DeprecationWarning: Policy enforcement is depending on the value of is_admin. This key is deprecated. Please update your policy file to use the standard policy values. warnings.warn(
2026-06-30 19:40:57.615 9 INFO cinder.volume.api [req-c66ea246-3658-4476-9470-7ce75aa37266 req-36d31a82-c7ae-4605-a9a4-f78a847af489 9f6266a1eba84131a8f7cf02994a3ab6 d4a3b54466374270ab2a961cd9fc8f7d - - default default] Volume info retrieved successfully.
2026-06-30 19:40:57.621 9 INFO cinder.api.openstack.wsgi [req-c66ea246-3658-4476-9470-7ce75aa37266 req-36d31a82-c7ae-4605-a9a4-f78a847af489 9f6266a1eba84131a8f7cf02994a3ab6 d4a3b54466374270ab2a961cd9fc8f7d - - default default] http://cinder-api.openstack.svc.cluster.local:8776/v3/d4a3b54466374270ab2a961cd9fc8f7d/volumes/8dadddec-45c0-4685-99fd-6687d7284a71 returned with HTTP 200 [pid: 9|app: 0|req: 516/1032] 199.204.45.156 () {32 vars in 825 bytes} [Tue Jun 30 19:40:57 2026] GET /v3/d4a3b54466374270ab2a961cd9fc8f7d/volumes/8dadddec-45c0-4685-99fd-6687d7284a71 => generated 1674 bytes in 32 msecs (HTTP/1.1 200) 7 headers in 286 bytes (1 switches on core 0)
2026-06-30 19:40:58.455 8 INFO cinder.api.openstack.wsgi [req-bb7d0817-c811-43a1-b3a2-3a94cb32c3d7 req-697afe6d-4d19-4fe6-b519-115c0230f6dc 9f6266a1eba84131a8f7cf02994a3ab6 d4a3b54466374270ab2a961cd9fc8f7d - - default default] GET http://10.0.0.186:8776/
2026-06-30 19:40:58.455 9 INFO cinder.api.openstack.wsgi [req-c66ea246-3658-4476-9470-7ce75aa37266 req-36d31a82-c7ae-4605-a9a4-f78a847af489 9f6266a1eba84131a8f7cf02994a3ab6 d4a3b54466374270ab2a961cd9fc8f7d - - default default] GET http://10.0.0.186:8776/
2026-06-30 19:40:58.456 8 INFO cinder.api.openstack.wsgi [req-bb7d0817-c811-43a1-b3a2-3a94cb32c3d7 req-697afe6d-4d19-4fe6-b519-115c0230f6dc 9f6266a1eba84131a8f7cf02994a3ab6 d4a3b54466374270ab2a961cd9fc8f7d - - default default] http://10.0.0.186:8776/ returned with HTTP 300
2026-06-30 19:40:58.457 9 INFO cinder.api.openstack.wsgi [req-c66ea246-3658-4476-9470-7ce75aa37266 req-36d31a82-c7ae-4605-a9a4-f78a847af489 9f6266a1eba84131a8f7cf02994a3ab6 d4a3b54466374270ab2a961cd9fc8f7d - - default default] http://10.0.0.186:8776/ returned with HTTP 300
2026-06-30 19:41:00.425 8 INFO cinder.api.openstack.wsgi [req-bb7d0817-c811-43a1-b3a2-3a94cb32c3d7 req-697afe6d-4d19-4fe6-b519-115c0230f6dc 9f6266a1eba84131a8f7cf02994a3ab6 d4a3b54466374270ab2a961cd9fc8f7d - - default default] GET http://cinder-api.openstack.svc.cluster.local:8776/
2026-06-30 19:41:00.426 8 INFO cinder.api.openstack.wsgi [req-bb7d0817-c811-43a1-b3a2-3a94cb32c3d7 req-697afe6d-4d19-4fe6-b519-115c0230f6dc 9f6266a1eba84131a8f7cf02994a3ab6 d4a3b54466374270ab2a961cd9fc8f7d - - default default] http://cinder-api.openstack.svc.cluster.local:8776/ returned with HTTP 300 [pid: 8|app: 0|req: 518/1035] 199.204.45.156 () {32 vars in 840 bytes} [Tue Jun 30 19:41:00 2026] GET / => generated 411 bytes in 2 msecs (HTTP/1.1 300) 5 headers in 169 bytes (1 switches on core 0) /var/lib/openstack/lib/python3.12/site-packages/pycadf/identifier.py:70: UserWarning: Invalid uuid: cinderv3. To ensure interoperability, identifiers should be a valid uuid. warnings.warn(('Invalid uuid: %s. To ensure interoperability, '
2026-06-30 19:41:00.435 9 INFO cinder.api.openstack.wsgi [req-bb7d0817-c811-43a1-b3a2-3a94cb32c3d7 req-88a1e5c9-8cbc-4a94-bbe9-7c6fc6159a2e 9f6266a1eba84131a8f7cf02994a3ab6 d4a3b54466374270ab2a961cd9fc8f7d - - default default] GET http://cinder-api.openstack.svc.cluster.local:8776/v3/d4a3b54466374270ab2a961cd9fc8f7d/volumes/8dadddec-45c0-4685-99fd-6687d7284a71 /var/lib/openstack/lib/python3.12/site-packages/oslo_context/context.py:101: DeprecationWarning: Policy enforcement is depending on the value of is_admin. This key is deprecated. Please update your policy file to use the standard policy values. warnings.warn(
2026-06-30 19:41:00.458 9 INFO cinder.volume.api [req-bb7d0817-c811-43a1-b3a2-3a94cb32c3d7 req-88a1e5c9-8cbc-4a94-bbe9-7c6fc6159a2e 9f6266a1eba84131a8f7cf02994a3ab6 d4a3b54466374270ab2a961cd9fc8f7d - - default default] Volume info retrieved successfully.
2026-06-30 19:41:00.466 9 INFO cinder.api.openstack.wsgi [req-bb7d0817-c811-43a1-b3a2-3a94cb32c3d7 req-88a1e5c9-8cbc-4a94-bbe9-7c6fc6159a2e 9f6266a1eba84131a8f7cf02994a3ab6 d4a3b54466374270ab2a961cd9fc8f7d - - default default] http://cinder-api.openstack.svc.cluster.local:8776/v3/d4a3b54466374270ab2a961cd9fc8f7d/volumes/8dadddec-45c0-4685-99fd-6687d7284a71 returned with HTTP 200 [pid: 9|app: 0|req: 518/1036] 199.204.45.156 () {36 vars in 1073 bytes} [Tue Jun 30 19:41:00 2026] GET /v3/d4a3b54466374270ab2a961cd9fc8f7d/volumes/8dadddec-45c0-4685-99fd-6687d7284a71 => generated 1898 bytes in 37 msecs (HTTP/1.1 200) 7 headers in 287 bytes (1 switches on core 0) /var/lib/openstack/lib/python3.12/site-packages/pycadf/identifier.py:70: UserWarning: Invalid uuid: cinderv3. To ensure interoperability, identifiers should be a valid uuid. warnings.warn(('Invalid uuid: %s. To ensure interoperability, '
2026-06-30 19:41:00.540 8 INFO cinder.api.openstack.wsgi [req-bb7d0817-c811-43a1-b3a2-3a94cb32c3d7 req-2d8f101d-2eb4-44eb-8cdf-72772af00fce 9f6266a1eba84131a8f7cf02994a3ab6 d4a3b54466374270ab2a961cd9fc8f7d - - default default] PUT http://cinder-api.openstack.svc.cluster.local:8776/v3/d4a3b54466374270ab2a961cd9fc8f7d/attachments/37fa199b-28be-46ef-91b0-c920ffdd98f4 /var/lib/openstack/lib/python3.12/site-packages/oslo_context/context.py:101: DeprecationWarning: Policy enforcement is depending on the value of is_admin. This key is deprecated. Please update your policy file to use the standard policy values. warnings.warn( /var/lib/openstack/lib/python3.12/site-packages/pycadf/identifier.py:70: UserWarning: Invalid uuid: cinderv3. To ensure interoperability, identifiers should be a valid uuid. warnings.warn(('Invalid uuid: %s. To ensure interoperability, '
2026-06-30 19:41:00.784 9 INFO cinder.api.openstack.wsgi [req-c66ea246-3658-4476-9470-7ce75aa37266 req-994ca27c-07b0-4094-9c28-cf9e46bbd726 9f6266a1eba84131a8f7cf02994a3ab6 d4a3b54466374270ab2a961cd9fc8f7d - - default default] GET http://cinder-api.openstack.svc.cluster.local:8776/v3/d4a3b54466374270ab2a961cd9fc8f7d/volumes/8dadddec-45c0-4685-99fd-6687d7284a71 /var/lib/openstack/lib/python3.12/site-packages/oslo_context/context.py:101: DeprecationWarning: Policy enforcement is depending on the value of is_admin. This key is deprecated. Please update your policy file to use the standard policy values. warnings.warn(
2026-06-30 19:41:00.802 9 INFO cinder.volume.api [req-c66ea246-3658-4476-9470-7ce75aa37266 req-994ca27c-07b0-4094-9c28-cf9e46bbd726 9f6266a1eba84131a8f7cf02994a3ab6 d4a3b54466374270ab2a961cd9fc8f7d - - default default] Volume info retrieved successfully.
2026-06-30 19:41:00.810 9 INFO cinder.api.openstack.wsgi [req-c66ea246-3658-4476-9470-7ce75aa37266 req-994ca27c-07b0-4094-9c28-cf9e46bbd726 9f6266a1eba84131a8f7cf02994a3ab6 d4a3b54466374270ab2a961cd9fc8f7d - - default default] http://cinder-api.openstack.svc.cluster.local:8776/v3/d4a3b54466374270ab2a961cd9fc8f7d/volumes/8dadddec-45c0-4685-99fd-6687d7284a71 returned with HTTP 200 [pid: 9|app: 0|req: 519/1037] 199.204.45.156 () {32 vars in 825 bytes} [Tue Jun 30 19:41:00 2026] GET /v3/d4a3b54466374270ab2a961cd9fc8f7d/volumes/8dadddec-45c0-4685-99fd-6687d7284a71 => generated 1674 bytes in 32 msecs (HTTP/1.1 200) 7 headers in 286 bytes (1 switches on core 0)
2026-06-30 19:41:01.730 8 INFO cinder.api.openstack.wsgi [req-bb7d0817-c811-43a1-b3a2-3a94cb32c3d7 req-2d8f101d-2eb4-44eb-8cdf-72772af00fce 9f6266a1eba84131a8f7cf02994a3ab6 d4a3b54466374270ab2a961cd9fc8f7d - - default default] http://cinder-api.openstack.svc.cluster.local:8776/v3/d4a3b54466374270ab2a961cd9fc8f7d/attachments/37fa199b-28be-46ef-91b0-c920ffdd98f4 returned with HTTP 200 [pid: 8|app: 0|req: 519/1038] 199.204.45.156 () {40 vars in 1135 bytes} [Tue Jun 30 19:41:00 2026] PUT /v3/d4a3b54466374270ab2a961cd9fc8f7d/attachments/37fa199b-28be-46ef-91b0-c920ffdd98f4 => generated 802 bytes in 1197 msecs (HTTP/1.1 200) 7 headers in 286 bytes (1 switches on core 0) /var/lib/openstack/lib/python3.12/site-packages/pycadf/identifier.py:70: UserWarning: Invalid uuid: cinderv3. To ensure interoperability, identifiers should be a valid uuid. warnings.warn(('Invalid uuid: %s. To ensure interoperability, '
2026-06-30 19:41:02.251 9 INFO cinder.api.openstack.wsgi [req-bb7d0817-c811-43a1-b3a2-3a94cb32c3d7 req-3eb12c6e-41c3-4ea1-aa6e-5d3d5742fe9f 9f6266a1eba84131a8f7cf02994a3ab6 d4a3b54466374270ab2a961cd9fc8f7d - - default default] POST http://cinder-api.openstack.svc.cluster.local:8776/v3/d4a3b54466374270ab2a961cd9fc8f7d/attachments/37fa199b-28be-46ef-91b0-c920ffdd98f4/action /var/lib/openstack/lib/python3.12/site-packages/oslo_context/context.py:101: DeprecationWarning: Policy enforcement is depending on the value of is_admin. This key is deprecated. Please update your policy file to use the standard policy values. warnings.warn(
2026-06-30 19:41:02.283 9 INFO cinder.api.openstack.wsgi [req-bb7d0817-c811-43a1-b3a2-3a94cb32c3d7 req-3eb12c6e-41c3-4ea1-aa6e-5d3d5742fe9f 9f6266a1eba84131a8f7cf02994a3ab6 d4a3b54466374270ab2a961cd9fc8f7d - - default default] http://cinder-api.openstack.svc.cluster.local:8776/v3/d4a3b54466374270ab2a961cd9fc8f7d/attachments/37fa199b-28be-46ef-91b0-c920ffdd98f4/action returned with HTTP 204 [pid: 9|app: 0|req: 520/1039] 199.204.45.156 () {40 vars in 1148 bytes} [Tue Jun 30 19:41:02 2026] POST /v3/d4a3b54466374270ab2a961cd9fc8f7d/attachments/37fa199b-28be-46ef-91b0-c920ffdd98f4/action => generated 0 bytes in 40 msecs (HTTP/1.1 204) 7 headers in 292 bytes (1 switches on core 0) /var/lib/openstack/lib/python3.12/site-packages/pycadf/identifier.py:70: UserWarning: Invalid uuid: cinderv3. To ensure interoperability, identifiers should be a valid uuid. warnings.warn(('Invalid uuid: %s. To ensure interoperability, '
2026-06-30 19:41:03.617 8 INFO cinder.api.openstack.wsgi [req-c66ea246-3658-4476-9470-7ce75aa37266 req-7691d347-82b2-4854-8688-c2a1bd9a1331 9f6266a1eba84131a8f7cf02994a3ab6 d4a3b54466374270ab2a961cd9fc8f7d - - default default] GET http://cinder-api.openstack.svc.cluster.local:8776/v3/d4a3b54466374270ab2a961cd9fc8f7d/volumes/8dadddec-45c0-4685-99fd-6687d7284a71 /var/lib/openstack/lib/python3.12/site-packages/oslo_context/context.py:101: DeprecationWarning: Policy enforcement is depending on the value of is_admin. This key is deprecated. Please update your policy file to use the standard policy values. warnings.warn(
2026-06-30 19:41:03.637 8 INFO cinder.volume.api [req-c66ea246-3658-4476-9470-7ce75aa37266 req-7691d347-82b2-4854-8688-c2a1bd9a1331 9f6266a1eba84131a8f7cf02994a3ab6 d4a3b54466374270ab2a961cd9fc8f7d - - default default] Volume info retrieved successfully.
2026-06-30 19:41:03.645 8 INFO cinder.api.openstack.wsgi [req-c66ea246-3658-4476-9470-7ce75aa37266 req-7691d347-82b2-4854-8688-c2a1bd9a1331 9f6266a1eba84131a8f7cf02994a3ab6 d4a3b54466374270ab2a961cd9fc8f7d - - default default] http://cinder-api.openstack.svc.cluster.local:8776/v3/d4a3b54466374270ab2a961cd9fc8f7d/volumes/8dadddec-45c0-4685-99fd-6687d7284a71 returned with HTTP 200 [pid: 8|app: 0|req: 520/1040] 199.204.45.156 () {32 vars in 825 bytes} [Tue Jun 30 19:41:03 2026] GET /v3/d4a3b54466374270ab2a961cd9fc8f7d/volumes/8dadddec-45c0-4685-99fd-6687d7284a71 => generated 1973 bytes in 34 msecs (HTTP/1.1 200) 7 headers in 286 bytes (1 switches on core 0) /var/lib/openstack/lib/python3.12/site-packages/pycadf/identifier.py:70: UserWarning: Invalid uuid: cinderv3. To ensure interoperability, identifiers should be a valid uuid. warnings.warn(('Invalid uuid: %s. To ensure interoperability, '
2026-06-30 19:41:06.923 9 INFO cinder.api.openstack.wsgi [req-c66ea246-3658-4476-9470-7ce75aa37266 req-f2e57865-ea03-4ab0-b6a1-2eb4a571e1e0 9f6266a1eba84131a8f7cf02994a3ab6 d4a3b54466374270ab2a961cd9fc8f7d - - default default] GET http://cinder-api.openstack.svc.cluster.local:8776/v3/d4a3b54466374270ab2a961cd9fc8f7d/volumes/8dadddec-45c0-4685-99fd-6687d7284a71 /var/lib/openstack/lib/python3.12/site-packages/oslo_context/context.py:101: DeprecationWarning: Policy enforcement is depending on the value of is_admin. This key is deprecated. Please update your policy file to use the standard policy values. warnings.warn(
2026-06-30 19:41:06.947 9 INFO cinder.volume.api [req-c66ea246-3658-4476-9470-7ce75aa37266 req-f2e57865-ea03-4ab0-b6a1-2eb4a571e1e0 9f6266a1eba84131a8f7cf02994a3ab6 d4a3b54466374270ab2a961cd9fc8f7d - - default default] Volume info retrieved successfully.
2026-06-30 19:41:06.954 9 INFO cinder.api.openstack.wsgi [req-c66ea246-3658-4476-9470-7ce75aa37266 req-f2e57865-ea03-4ab0-b6a1-2eb4a571e1e0 9f6266a1eba84131a8f7cf02994a3ab6 d4a3b54466374270ab2a961cd9fc8f7d - - default default] http://cinder-api.openstack.svc.cluster.local:8776/v3/d4a3b54466374270ab2a961cd9fc8f7d/volumes/8dadddec-45c0-4685-99fd-6687d7284a71 returned with HTTP 200 [pid: 9|app: 0|req: 521/1041] 199.204.45.156 () {32 vars in 825 bytes} [Tue Jun 30 19:41:06 2026] GET /v3/d4a3b54466374270ab2a961cd9fc8f7d/volumes/8dadddec-45c0-4685-99fd-6687d7284a71 => generated 1973 bytes in 37 msecs (HTTP/1.1 200) 7 headers in 286 bytes (1 switches on core 0)
2026-06-30 19:41:08.456 8 INFO cinder.api.openstack.wsgi [req-c66ea246-3658-4476-9470-7ce75aa37266 req-7691d347-82b2-4854-8688-c2a1bd9a1331 9f6266a1eba84131a8f7cf02994a3ab6 d4a3b54466374270ab2a961cd9fc8f7d - - default default] GET http://10.0.0.186:8776/
2026-06-30 19:41:08.457 8 INFO cinder.api.openstack.wsgi [req-c66ea246-3658-4476-9470-7ce75aa37266 req-7691d347-82b2-4854-8688-c2a1bd9a1331 9f6266a1eba84131a8f7cf02994a3ab6 d4a3b54466374270ab2a961cd9fc8f7d - - default default] http://10.0.0.186:8776/ returned with HTTP 300
2026-06-30 19:41:08.461 9 INFO cinder.api.openstack.wsgi [req-c66ea246-3658-4476-9470-7ce75aa37266 req-f2e57865-ea03-4ab0-b6a1-2eb4a571e1e0 9f6266a1eba84131a8f7cf02994a3ab6 d4a3b54466374270ab2a961cd9fc8f7d - - default default] GET http://10.0.0.186:8776/
2026-06-30 19:41:08.462 9 INFO cinder.api.openstack.wsgi [req-c66ea246-3658-4476-9470-7ce75aa37266 req-f2e57865-ea03-4ab0-b6a1-2eb4a571e1e0 9f6266a1eba84131a8f7cf02994a3ab6 d4a3b54466374270ab2a961cd9fc8f7d - - default default] http://10.0.0.186:8776/ returned with HTTP 300 /var/lib/openstack/lib/python3.12/site-packages/pycadf/identifier.py:70: UserWarning: Invalid uuid: cinderv3. To ensure interoperability, identifiers should be a valid uuid. warnings.warn(('Invalid uuid: %s. To ensure interoperability, '
2026-06-30 19:41:09.983 8 INFO cinder.api.openstack.wsgi [req-c66ea246-3658-4476-9470-7ce75aa37266 req-2f6123b7-af15-45cc-8b06-8464cc1ed47a 9f6266a1eba84131a8f7cf02994a3ab6 d4a3b54466374270ab2a961cd9fc8f7d - - default default] GET http://cinder-api.openstack.svc.cluster.local:8776/v3/d4a3b54466374270ab2a961cd9fc8f7d/volumes/8dadddec-45c0-4685-99fd-6687d7284a71 /var/lib/openstack/lib/python3.12/site-packages/oslo_context/context.py:101: DeprecationWarning: Policy enforcement is depending on the value of is_admin. This key is deprecated. Please update your policy file to use the standard policy values. warnings.warn(
2026-06-30 19:41:10.001 8 INFO cinder.volume.api [req-c66ea246-3658-4476-9470-7ce75aa37266 req-2f6123b7-af15-45cc-8b06-8464cc1ed47a 9f6266a1eba84131a8f7cf02994a3ab6 d4a3b54466374270ab2a961cd9fc8f7d - - default default] Volume info retrieved successfully.
2026-06-30 19:41:10.015 8 INFO cinder.api.openstack.wsgi [req-c66ea246-3658-4476-9470-7ce75aa37266 req-2f6123b7-af15-45cc-8b06-8464cc1ed47a 9f6266a1eba84131a8f7cf02994a3ab6 d4a3b54466374270ab2a961cd9fc8f7d - - default default] http://cinder-api.openstack.svc.cluster.local:8776/v3/d4a3b54466374270ab2a961cd9fc8f7d/volumes/8dadddec-45c0-4685-99fd-6687d7284a71 returned with HTTP 200 [pid: 8|app: 0|req: 522/1044] 199.204.45.156 () {32 vars in 825 bytes} [Tue Jun 30 19:41:09 2026] GET /v3/d4a3b54466374270ab2a961cd9fc8f7d/volumes/8dadddec-45c0-4685-99fd-6687d7284a71 => generated 1973 bytes in 42 msecs (HTTP/1.1 200) 7 headers in 286 bytes (1 switches on core 0)
2026-06-30 19:41:18.455 9 INFO cinder.api.openstack.wsgi [req-c66ea246-3658-4476-9470-7ce75aa37266 req-f2e57865-ea03-4ab0-b6a1-2eb4a571e1e0 9f6266a1eba84131a8f7cf02994a3ab6 d4a3b54466374270ab2a961cd9fc8f7d - - default default] GET http://10.0.0.186:8776/
2026-06-30 19:41:18.455 8 INFO cinder.api.openstack.wsgi [req-c66ea246-3658-4476-9470-7ce75aa37266 req-2f6123b7-af15-45cc-8b06-8464cc1ed47a 9f6266a1eba84131a8f7cf02994a3ab6 d4a3b54466374270ab2a961cd9fc8f7d - - default default] GET http://10.0.0.186:8776/
2026-06-30 19:41:18.456 9 INFO cinder.api.openstack.wsgi [req-c66ea246-3658-4476-9470-7ce75aa37266 req-f2e57865-ea03-4ab0-b6a1-2eb4a571e1e0 9f6266a1eba84131a8f7cf02994a3ab6 d4a3b54466374270ab2a961cd9fc8f7d - - default default] http://10.0.0.186:8776/ returned with HTTP 300
2026-06-30 19:41:18.456 8 INFO cinder.api.openstack.wsgi [req-c66ea246-3658-4476-9470-7ce75aa37266 req-2f6123b7-af15-45cc-8b06-8464cc1ed47a 9f6266a1eba84131a8f7cf02994a3ab6 d4a3b54466374270ab2a961cd9fc8f7d - - default default] http://10.0.0.186:8776/ returned with HTTP 300
2026-06-30 19:41:28.456 8 INFO cinder.api.openstack.wsgi [req-c66ea246-3658-4476-9470-7ce75aa37266 req-2f6123b7-af15-45cc-8b06-8464cc1ed47a 9f6266a1eba84131a8f7cf02994a3ab6 d4a3b54466374270ab2a961cd9fc8f7d - - default default] GET http://10.0.0.186:8776/
2026-06-30 19:41:28.457 9 INFO cinder.api.openstack.wsgi [req-c66ea246-3658-4476-9470-7ce75aa37266 req-f2e57865-ea03-4ab0-b6a1-2eb4a571e1e0 9f6266a1eba84131a8f7cf02994a3ab6 d4a3b54466374270ab2a961cd9fc8f7d - - default default] GET http://10.0.0.186:8776/
2026-06-30 19:41:28.457 8 INFO cinder.api.openstack.wsgi [req-c66ea246-3658-4476-9470-7ce75aa37266 req-2f6123b7-af15-45cc-8b06-8464cc1ed47a 9f6266a1eba84131a8f7cf02994a3ab6 d4a3b54466374270ab2a961cd9fc8f7d - - default default] http://10.0.0.186:8776/ returned with HTTP 300
2026-06-30 19:41:28.458 9 INFO cinder.api.openstack.wsgi [req-c66ea246-3658-4476-9470-7ce75aa37266 req-f2e57865-ea03-4ab0-b6a1-2eb4a571e1e0 9f6266a1eba84131a8f7cf02994a3ab6 d4a3b54466374270ab2a961cd9fc8f7d - - default default] http://10.0.0.186:8776/ returned with HTTP 300
2026-06-30 19:41:38.457 8 INFO cinder.api.openstack.wsgi [req-c66ea246-3658-4476-9470-7ce75aa37266 req-2f6123b7-af15-45cc-8b06-8464cc1ed47a 9f6266a1eba84131a8f7cf02994a3ab6 d4a3b54466374270ab2a961cd9fc8f7d - - default default] GET http://10.0.0.186:8776/
2026-06-30 19:41:38.458 8 INFO cinder.api.openstack.wsgi [req-c66ea246-3658-4476-9470-7ce75aa37266 req-2f6123b7-af15-45cc-8b06-8464cc1ed47a 9f6266a1eba84131a8f7cf02994a3ab6 d4a3b54466374270ab2a961cd9fc8f7d - - default default] http://10.0.0.186:8776/ returned with HTTP 300
2026-06-30 19:41:38.458 9 INFO cinder.api.openstack.wsgi [req-c66ea246-3658-4476-9470-7ce75aa37266 req-f2e57865-ea03-4ab0-b6a1-2eb4a571e1e0 9f6266a1eba84131a8f7cf02994a3ab6 d4a3b54466374270ab2a961cd9fc8f7d - - default default] GET http://10.0.0.186:8776/
2026-06-30 19:41:38.459 9 INFO cinder.api.openstack.wsgi [req-c66ea246-3658-4476-9470-7ce75aa37266 req-f2e57865-ea03-4ab0-b6a1-2eb4a571e1e0 9f6266a1eba84131a8f7cf02994a3ab6 d4a3b54466374270ab2a961cd9fc8f7d - - default default] http://10.0.0.186:8776/ returned with HTTP 300 /var/lib/openstack/lib/python3.12/site-packages/pycadf/identifier.py:70: UserWarning: Invalid uuid: cinderv3. To ensure interoperability, identifiers should be a valid uuid. warnings.warn(('Invalid uuid: %s. To ensure interoperability, '
2026-06-30 19:41:46.088 8 INFO cinder.api.openstack.wsgi [None req-b24f8bb4-0175-4090-a8a7-e77f1cb249d4 9f6266a1eba84131a8f7cf02994a3ab6 d4a3b54466374270ab2a961cd9fc8f7d - - default default] GET http://cinder-api.openstack.svc.cluster.local:8776/v3/d4a3b54466374270ab2a961cd9fc8f7d/scheduler-stats/get_pools?detail=true
2026-06-30 19:41:46.592 8 INFO cinder.api.openstack.wsgi [None req-b24f8bb4-0175-4090-a8a7-e77f1cb249d4 9f6266a1eba84131a8f7cf02994a3ab6 d4a3b54466374270ab2a961cd9fc8f7d - - default default] http://cinder-api.openstack.svc.cluster.local:8776/v3/d4a3b54466374270ab2a961cd9fc8f7d/scheduler-stats/get_pools?detail=true returned with HTTP 200 [pid: 8|app: 0|req: 526/1051] 10.0.0.189 () {28 vars in 696 bytes} [Tue Jun 30 19:41:45 2026] GET /v3/d4a3b54466374270ab2a961cd9fc8f7d/scheduler-stats/get_pools?detail=true => generated 671 bytes in 670 msecs (HTTP/1.1 200) 7 headers in 285 bytes (1 switches on core 0) /var/lib/openstack/lib/python3.12/site-packages/pycadf/identifier.py:70: UserWarning: Invalid uuid: cinderv3. To ensure interoperability, identifiers should be a valid uuid. warnings.warn(('Invalid uuid: %s. To ensure interoperability, '
2026-06-30 19:41:46.639 9 INFO cinder.api.openstack.wsgi [None req-5bb75a0d-a21f-4d8e-9e01-2b20ea3973d5 9f6266a1eba84131a8f7cf02994a3ab6 d4a3b54466374270ab2a961cd9fc8f7d - - default default] GET http://cinder-api.openstack.svc.cluster.local:8776/v3/d4a3b54466374270ab2a961cd9fc8f7d/os-quota-sets/09f9cb737a3642dfaa0a90f40439761e?usage=true
2026-06-30 19:41:46.672 9 INFO cinder.api.openstack.wsgi [None req-5bb75a0d-a21f-4d8e-9e01-2b20ea3973d5 9f6266a1eba84131a8f7cf02994a3ab6 d4a3b54466374270ab2a961cd9fc8f7d - - default default] http://cinder-api.openstack.svc.cluster.local:8776/v3/d4a3b54466374270ab2a961cd9fc8f7d/os-quota-sets/09f9cb737a3642dfaa0a90f40439761e?usage=true returned with HTTP 200 [pid: 9|app: 0|req: 526/1052] 10.0.0.189 () {28 vars in 736 bytes} [Tue Jun 30 19:41:46 2026] GET /v3/d4a3b54466374270ab2a961cd9fc8f7d/os-quota-sets/09f9cb737a3642dfaa0a90f40439761e?usage=true => generated 847 bytes in 39 msecs (HTTP/1.1 200) 7 headers in 285 bytes (1 switches on core 0)
2026-06-30 19:41:46.692 8 INFO cinder.api.openstack.wsgi [None req-c88b96b1-2cbd-45cb-84c5-9b41bfb866e1 9f6266a1eba84131a8f7cf02994a3ab6 d4a3b54466374270ab2a961cd9fc8f7d - - default default] GET http://cinder-api.openstack.svc.cluster.local:8776/v3/d4a3b54466374270ab2a961cd9fc8f7d/os-quota-sets/124442ccffd6444bb4efd97a2418529a?usage=true
2026-06-30 19:41:46.715 8 INFO cinder.api.openstack.wsgi [None req-c88b96b1-2cbd-45cb-84c5-9b41bfb866e1 9f6266a1eba84131a8f7cf02994a3ab6 d4a3b54466374270ab2a961cd9fc8f7d - - default default] http://cinder-api.openstack.svc.cluster.local:8776/v3/d4a3b54466374270ab2a961cd9fc8f7d/os-quota-sets/124442ccffd6444bb4efd97a2418529a?usage=true returned with HTTP 200 [pid: 8|app: 0|req: 527/1053] 10.0.0.189 () {28 vars in 736 bytes} [Tue Jun 30 19:41:46 2026] GET /v3/d4a3b54466374270ab2a961cd9fc8f7d/os-quota-sets/124442ccffd6444bb4efd97a2418529a?usage=true => generated 847 bytes in 34 msecs (HTTP/1.1 200) 7 headers in 285 bytes (1 switches on core 0)
2026-06-30 19:41:46.729 9 INFO cinder.api.openstack.wsgi [None req-6e1b0340-dee3-4dc9-8c59-5a1078c4e483 9f6266a1eba84131a8f7cf02994a3ab6 d4a3b54466374270ab2a961cd9fc8f7d - - default default] GET http://cinder-api.openstack.svc.cluster.local:8776/v3/d4a3b54466374270ab2a961cd9fc8f7d/os-quota-sets/15fb9bb690fe475897059ff312621ee9?usage=true
2026-06-30 19:41:46.754 9 INFO cinder.api.openstack.wsgi [None req-6e1b0340-dee3-4dc9-8c59-5a1078c4e483 9f6266a1eba84131a8f7cf02994a3ab6 d4a3b54466374270ab2a961cd9fc8f7d - - default default] http://cinder-api.openstack.svc.cluster.local:8776/v3/d4a3b54466374270ab2a961cd9fc8f7d/os-quota-sets/15fb9bb690fe475897059ff312621ee9?usage=true returned with HTTP 200 [pid: 9|app: 0|req: 527/1054] 10.0.0.189 () {28 vars in 736 bytes} [Tue Jun 30 19:41:46 2026] GET /v3/d4a3b54466374270ab2a961cd9fc8f7d/os-quota-sets/15fb9bb690fe475897059ff312621ee9?usage=true => generated 847 bytes in 34 msecs (HTTP/1.1 200) 7 headers in 285 bytes (1 switches on core 0)
2026-06-30 19:41:46.766 8 INFO cinder.api.openstack.wsgi [None req-a1606d22-fffc-42e7-806a-bd77f72c5670 9f6266a1eba84131a8f7cf02994a3ab6 d4a3b54466374270ab2a961cd9fc8f7d - - default default] GET http://cinder-api.openstack.svc.cluster.local:8776/v3/d4a3b54466374270ab2a961cd9fc8f7d/os-quota-sets/29e7bd315d024242983dad662a98eb2f?usage=true
