2026-04-27 02:01:36.459 9 INFO neutron.wsgi [-] 10.0.0.106 "GET / HTTP/1.1" status: 200 len: 247 time: 0.0050337
2026-04-27 02:01:51.457 9 INFO neutron.wsgi [-] 10.0.0.106 "GET / HTTP/1.1" status: 200 len: 247 time: 0.0031838
2026-04-27 02:01:51.460 9 INFO neutron.wsgi [-] 10.0.0.106 "GET / HTTP/1.1" status: 200 len: 247 time: 0.0020154
2026-04-27 02:02:06.457 10 INFO neutron.wsgi [-] 10.0.0.106 "GET / HTTP/1.1" status: 200 len: 247 time: 0.0022969
2026-04-27 02:02:06.459 10 INFO neutron.wsgi [-] 10.0.0.106 "GET / HTTP/1.1" status: 200 len: 247 time: 0.0012438
2026-04-27 02:02:21.456 9 INFO neutron.wsgi [-] 10.0.0.106 "GET / HTTP/1.1" status: 200 len: 247 time: 0.0016949
2026-04-27 02:02:21.457 10 INFO neutron.wsgi [-] 10.0.0.106 "GET / HTTP/1.1" status: 200 len: 247 time: 0.0023460
2026-04-27 02:02:36.458 10 INFO neutron.wsgi [-] 10.0.0.106 "GET / HTTP/1.1" status: 200 len: 247 time: 0.0032117
2026-04-27 02:02:36.458 9 INFO neutron.wsgi [-] 10.0.0.106 "GET / HTTP/1.1" status: 200 len: 247 time: 0.0034645
2026-04-27 02:02:51.455 9 INFO neutron.wsgi [-] 10.0.0.106 "GET / HTTP/1.1" status: 200 len: 247 time: 0.0013704
2026-04-27 02:02:51.456 9 INFO neutron.wsgi [-] 10.0.0.106 "GET / HTTP/1.1" status: 200 len: 247 time: 0.0010955
2026-04-27 02:03:06.457 10 INFO neutron.wsgi [-] 10.0.0.106 "GET / HTTP/1.1" status: 200 len: 247 time: 0.0024483
2026-04-27 02:03:06.457 9 INFO neutron.wsgi [-] 10.0.0.106 "GET / HTTP/1.1" status: 200 len: 247 time: 0.0027571
2026-04-27 02:03:21.456 10 INFO neutron.wsgi [-] 10.0.0.106 "GET / HTTP/1.1" status: 200 len: 247 time: 0.0016515
2026-04-27 02:03:21.457 9 INFO neutron.wsgi [-] 10.0.0.106 "GET / HTTP/1.1" status: 200 len: 247 time: 0.0026846
2026-04-27 02:03:36.456 10 INFO neutron.wsgi [-] 10.0.0.106 "GET / HTTP/1.1" status: 200 len: 247 time: 0.0020440
2026-04-27 02:03:36.458 10 INFO neutron.wsgi [-] 10.0.0.106 "GET / HTTP/1.1" status: 200 len: 247 time: 0.0012348
2026-04-27 02:03:51.455 9 INFO neutron.wsgi [-] 10.0.0.106 "GET / HTTP/1.1" status: 200 len: 247 time: 0.0012667
2026-04-27 02:03:51.456 10 INFO neutron.wsgi [-] 10.0.0.106 "GET / HTTP/1.1" status: 200 len: 247 time: 0.0022433
2026-04-27 02:04:06.455 10 INFO neutron.wsgi [-] 10.0.0.106 "GET / HTTP/1.1" status: 200 len: 247 time: 0.0011938
2026-04-27 02:04:06.456 9 INFO neutron.wsgi [-] 10.0.0.106 "GET / HTTP/1.1" status: 200 len: 247 time: 0.0019817
2026-04-27 02:04:16.380 15 INFO neutron.db.ovn_revision_numbers_db [None req-94698f63-e89c-4ff5-b8e0-d7c0231ce77b - - - - - -] Successfully bumped revision number for resource 41c2b178-ba8f-472c-bcd1-18379c61da8c (type: networks) to 2
2026-04-27 02:04:16.381 15 INFO neutron.plugins.ml2.drivers.ovn.mech_driver.ovsdb.maintenance [None req-94698f63-e89c-4ff5-b8e0-d7c0231ce77b - - - - - -] Maintenance task: Synchronization finished (took 0.14 seconds)
2026-04-27 02:04:21.457 9 INFO neutron.wsgi [-] 10.0.0.106 "GET / HTTP/1.1" status: 200 len: 247 time: 0.0028811
2026-04-27 02:04:21.457 10 INFO neutron.wsgi [-] 10.0.0.106 "GET / HTTP/1.1" status: 200 len: 247 time: 0.0027921
2026-04-27 02:04:36.456 9 INFO neutron.wsgi [-] 10.0.0.106 "GET / HTTP/1.1" status: 200 len: 247 time: 0.0016654
2026-04-27 02:04:36.458 9 INFO neutron.wsgi [-] 10.0.0.106 "GET / HTTP/1.1" status: 200 len: 247 time: 0.0018539
2026-04-27 02:04:51.459 10 INFO neutron.wsgi [-] 10.0.0.106 "GET / HTTP/1.1" status: 200 len: 247 time: 0.0015676
2026-04-27 02:04:51.460 9 INFO neutron.wsgi [-] 10.0.0.106 "GET / HTTP/1.1" status: 200 len: 247 time: 0.0017395
2026-04-27 02:05:06.456 9 INFO neutron.wsgi [-] 10.0.0.106 "GET / HTTP/1.1" status: 200 len: 247 time: 0.0026233
2026-04-27 02:05:06.460 9 INFO neutron.wsgi [-] 10.0.0.106 "GET / HTTP/1.1" status: 200 len: 247 time: 0.0023377
2026-04-27 02:05:21.456 10 INFO neutron.wsgi [-] 10.0.0.106 "GET / HTTP/1.1" status: 200 len: 247 time: 0.0016532
2026-04-27 02:05:21.458 10 INFO neutron.wsgi [-] 10.0.0.106 "GET / HTTP/1.1" status: 200 len: 247 time: 0.0016241
2026-04-27 02:05:36.455 10 INFO neutron.wsgi [-] 10.0.0.106 "GET / HTTP/1.1" status: 200 len: 247 time: 0.0015604
2026-04-27 02:05:36.456 9 INFO neutron.wsgi [-] 10.0.0.106 "GET / HTTP/1.1" status: 200 len: 247 time: 0.0020339
2026-04-27 02:05:51.455 9 INFO neutron.wsgi [-] 10.0.0.106 "GET / HTTP/1.1" status: 200 len: 247 time: 0.0016868
2026-04-27 02:05:51.455 10 INFO neutron.wsgi [-] 10.0.0.106 "GET / HTTP/1.1" status: 200 len: 247 time: 0.0017183
2026-04-27 02:06:06.457 10 INFO neutron.wsgi [-] 10.0.0.106 "GET / HTTP/1.1" status: 200 len: 247 time: 0.0020258
2026-04-27 02:06:06.457 9 INFO neutron.wsgi [-] 10.0.0.106 "GET / HTTP/1.1" status: 200 len: 247 time: 0.0024941
2026-04-27 02:06:21.455 9 INFO neutron.wsgi [-] 10.0.0.106 "GET / HTTP/1.1" status: 200 len: 247 time: 0.0018332
2026-04-27 02:06:21.455 10 INFO neutron.wsgi [-] 10.0.0.106 "GET / HTTP/1.1" status: 200 len: 247 time: 0.0019424 /var/lib/openstack/lib/python3.10/site-packages/memcache.py:1303: SyntaxWarning: "is" with a literal. Did you mean "=="? if key is '': /var/lib/openstack/lib/python3.10/site-packages/memcache.py:1304: SyntaxWarning: "is" with a literal. Did you mean "=="? if key_extra_len is 0: /var/lib/openstack/lib/python3.10/site-packages/pycadf/identifier.py:71: UserWarning: Invalid uuid: unknown. To ensure interoperability, identifiers should be a valid uuid. warnings.warn(('Invalid uuid: %s. To ensure interoperability, '
2026-04-27 02:06:28.086 10 WARNING oslo_policy.policy [None req-23ab0362-2cf6-4846-85ce-93b1e2806f50 914dd4db0ab649508cf1033617215d38 4af2726539924833aacb935f2fbb1410 - - default default] Policies ['delete_port', 'update_port:allowed_address_pairs', 'update_port:allowed_address_pairs:ip_address', 'update_port:allowed_address_pairs:mac_address', 'update_port:fixed_ips', 'update_port:mac_address'] reference a rule that is not defined.
2026-04-27 02:06:28.422 10 INFO neutron.wsgi [None req-23ab0362-2cf6-4846-85ce-93b1e2806f50 914dd4db0ab649508cf1033617215d38 4af2726539924833aacb935f2fbb1410 - - default default] 199.204.45.222,10.0.0.106 "GET /v2.0/networks HTTP/1.1" status: 200 len: 928 time: 0.7985346
2026-04-27 02:06:28.552 10 INFO neutron.db.segments_db [None req-001af1d5-7866-4520-8de9-8d8062f67f40 914dd4db0ab649508cf1033617215d38 4af2726539924833aacb935f2fbb1410 - - default default] Added segment 7d50188a-a1a7-4a91-afa0-81043197e1ca of type geneve for network 0e784f22-2354-425e-a5f8-8ee902e334cc
2026-04-27 02:06:28.643 10 INFO neutron.plugins.ml2.drivers.ovn.mech_driver.ovsdb.extensions.qos [None req-001af1d5-7866-4520-8de9-8d8062f67f40 914dd4db0ab649508cf1033617215d38 4af2726539924833aacb935f2fbb1410 - - default default] Starting OVNClientQosExtension
2026-04-27 02:06:28.644 10 INFO neutron.plugins.ml2.drivers.ovn.mech_driver.ovsdb.extensions.placement [None req-001af1d5-7866-4520-8de9-8d8062f67f40 914dd4db0ab649508cf1033617215d38 4af2726539924833aacb935f2fbb1410 - - default default] Starting OVNClientPlacementExtension
2026-04-27 02:06:28.760 10 INFO neutron.db.ovn_revision_numbers_db [None req-001af1d5-7866-4520-8de9-8d8062f67f40 914dd4db0ab649508cf1033617215d38 4af2726539924833aacb935f2fbb1410 - - default default] Successfully bumped revision number for resource 0e784f22-2354-425e-a5f8-8ee902e334cc (type: networks) to 1
2026-04-27 02:06:28.959 10 WARNING neutron.scheduler.dhcp_agent_scheduler [None req-001af1d5-7866-4520-8de9-8d8062f67f40 914dd4db0ab649508cf1033617215d38 4af2726539924833aacb935f2fbb1410 - - default default] No more DHCP agents
2026-04-27 02:06:28.961 10 WARNING neutron.api.rpc.agentnotifiers.dhcp_rpc_agent_api [None req-001af1d5-7866-4520-8de9-8d8062f67f40 914dd4db0ab649508cf1033617215d38 4af2726539924833aacb935f2fbb1410 - - default default] Unable to schedule network 0e784f22-2354-425e-a5f8-8ee902e334cc: no agents available; will retry on subsequent port and subnet creation events.
2026-04-27 02:06:29.069 10 INFO neutron.db.ovn_revision_numbers_db [None req-001af1d5-7866-4520-8de9-8d8062f67f40 914dd4db0ab649508cf1033617215d38 4af2726539924833aacb935f2fbb1410 - - default default] Successfully bumped revision number for resource 91a8144b-2bac-4d02-b4d6-2ea7d7716758 (type: ports) to 1
2026-04-27 02:06:29.091 10 INFO neutron.wsgi [None req-001af1d5-7866-4520-8de9-8d8062f67f40 914dd4db0ab649508cf1033617215d38 4af2726539924833aacb935f2fbb1410 - - default default] 199.204.45.222,10.0.0.106 "POST /v2.0/networks HTTP/1.1" status: 201 len: 890 time: 0.6660445
2026-04-27 02:06:29.958 9 INFO neutron.wsgi [None req-b36de557-b428-46f5-acdf-a10b83a4689e 914dd4db0ab649508cf1033617215d38 4af2726539924833aacb935f2fbb1410 - - default default] 199.204.45.222,10.0.0.106 "GET /v2.0/subnets HTTP/1.1" status: 200 len: 819 time: 0.0930910
2026-04-27 02:06:30.041 9 INFO neutron.wsgi [None req-a29e05a5-0426-456b-a0f3-6ec49a103547 914dd4db0ab649508cf1033617215d38 4af2726539924833aacb935f2fbb1410 - - default default] 199.204.45.222,10.0.0.106 "GET /v2.0/networks HTTP/1.1" status: 200 len: 1615 time: 0.0765080
2026-04-27 02:06:30.183 9 WARNING neutron.scheduler.dhcp_agent_scheduler [None req-ecc655ac-d6b6-4844-b901-e9c3dbb195c9 914dd4db0ab649508cf1033617215d38 4af2726539924833aacb935f2fbb1410 - - default default] No more DHCP agents
2026-04-27 02:06:30.186 9 WARNING neutron.api.rpc.agentnotifiers.dhcp_rpc_agent_api [None req-ecc655ac-d6b6-4844-b901-e9c3dbb195c9 914dd4db0ab649508cf1033617215d38 4af2726539924833aacb935f2fbb1410 - - default default] Unable to schedule network 0e784f22-2354-425e-a5f8-8ee902e334cc: no agents available; will retry on subsequent port and subnet creation events.
2026-04-27 02:06:30.599 9 INFO neutron.db.ovn_revision_numbers_db [None req-ecc655ac-d6b6-4844-b901-e9c3dbb195c9 914dd4db0ab649508cf1033617215d38 4af2726539924833aacb935f2fbb1410 - - default default] Successfully bumped revision number for resource 91a8144b-2bac-4d02-b4d6-2ea7d7716758 (type: ports) to 2
2026-04-27 02:06:30.630 9 INFO neutron.db.ovn_revision_numbers_db [None req-ecc655ac-d6b6-4844-b901-e9c3dbb195c9 914dd4db0ab649508cf1033617215d38 4af2726539924833aacb935f2fbb1410 - - default default] Successfully bumped revision number for resource 29783181-c500-4657-9f68-6c940a42654f (type: subnets) to 0
2026-04-27 02:06:30.649 9 INFO neutron.wsgi [None req-ecc655ac-d6b6-4844-b901-e9c3dbb195c9 914dd4db0ab649508cf1033617215d38 4af2726539924833aacb935f2fbb1410 - - default default] 199.204.45.222,10.0.0.106 "POST /v2.0/subnets HTTP/1.1" status: 201 len: 807 time: 0.6040800
2026-04-27 02:06:31.747 10 INFO neutron.wsgi [None req-a31b915a-917e-489f-b981-63f2b8c4dd9f 914dd4db0ab649508cf1033617215d38 4af2726539924833aacb935f2fbb1410 - - default default] 199.204.45.222,10.0.0.106 "GET /v2.0/security-groups?tenant_id=4af2726539924833aacb935f2fbb1410 HTTP/1.1" status: 200 len: 2969 time: 0.0767205
2026-04-27 02:06:31.870 10 INFO neutron.db.ovn_revision_numbers_db [None req-20d30e8b-df25-4388-b5e5-a9c004542ca2 914dd4db0ab649508cf1033617215d38 4af2726539924833aacb935f2fbb1410 - - default default] Successfully bumped revision number for resource 43849066-8537-4211-a53a-e504d56ed9d4 (type: security_groups) to 1
2026-04-27 02:06:31.885 10 INFO neutron.db.ovn_revision_numbers_db [None req-20d30e8b-df25-4388-b5e5-a9c004542ca2 914dd4db0ab649508cf1033617215d38 4af2726539924833aacb935f2fbb1410 - - default default] Successfully bumped revision number for resource 25e5a7a4-09e1-44c8-9024-6b3e4a4b42e1 (type: security_group_rules) to 0
2026-04-27 02:06:31.907 10 INFO neutron.db.ovn_revision_numbers_db [None req-20d30e8b-df25-4388-b5e5-a9c004542ca2 914dd4db0ab649508cf1033617215d38 4af2726539924833aacb935f2fbb1410 - - default default] Successfully bumped revision number for resource 9cfb988e-f926-4c5b-8771-59e73bedf124 (type: security_group_rules) to 0
2026-04-27 02:06:31.924 10 INFO neutron.wsgi [None req-20d30e8b-df25-4388-b5e5-a9c004542ca2 914dd4db0ab649508cf1033617215d38 4af2726539924833aacb935f2fbb1410 - - default default] 199.204.45.222,10.0.0.106 "POST /v2.0/security-groups HTTP/1.1" status: 201 len: 1733 time: 0.1673412
2026-04-27 02:06:32.975 9 INFO neutron.wsgi [None req-39062d1f-a8b3-499d-8e29-5ba5a1a2cb79 914dd4db0ab649508cf1033617215d38 4af2726539924833aacb935f2fbb1410 - - default default] 199.204.45.222,10.0.0.106 "GET /v2.0/security-groups?tenant_id=4af2726539924833aacb935f2fbb1410 HTTP/1.1" status: 200 len: 4503 time: 0.0781450
2026-04-27 02:06:33.025 9 INFO neutron.wsgi [None req-32df43b5-d0af-4ce2-bbef-fb1a6e90793d 914dd4db0ab649508cf1033617215d38 4af2726539924833aacb935f2fbb1410 - - default default] 199.204.45.222,10.0.0.106 "GET /v2.0/security-groups HTTP/1.1" status: 200 len: 4503 time: 0.0445502
2026-04-27 02:06:33.172 9 INFO neutron.db.ovn_revision_numbers_db [None req-8da6e3ea-1e4a-414a-9b54-abf343196a81 914dd4db0ab649508cf1033617215d38 4af2726539924833aacb935f2fbb1410 - - default default] Successfully bumped revision number for resource 3e4cfc61-42ad-4ea4-9601-f452acca8a87 (type: security_group_rules) to 0
2026-04-27 02:06:33.197 9 INFO neutron.wsgi [None req-8da6e3ea-1e4a-414a-9b54-abf343196a81 914dd4db0ab649508cf1033617215d38 4af2726539924833aacb935f2fbb1410 - - default default] 199.204.45.222,10.0.0.106 "POST /v2.0/security-group-rules HTTP/1.1" status: 201 len: 749 time: 0.1660607
2026-04-27 02:06:33.991 9 INFO neutron.wsgi [None req-18628a18-88c1-406a-8667-be49708f8043 914dd4db0ab649508cf1033617215d38 4af2726539924833aacb935f2fbb1410 - - default default] 199.204.45.222,10.0.0.106 "GET /v2.0/security-groups?tenant_id=4af2726539924833aacb935f2fbb1410 HTTP/1.1" status: 200 len: 5085 time: 0.0672305
2026-04-27 02:06:34.029 9 INFO neutron.wsgi [None req-9e1ce87e-73d8-42e4-8692-89ef93dd90cd 914dd4db0ab649508cf1033617215d38 4af2726539924833aacb935f2fbb1410 - - default default] 199.204.45.222,10.0.0.106 "GET /v2.0/security-groups HTTP/1.1" status: 200 len: 5085 time: 0.0307574
2026-04-27 02:06:34.142 9 INFO neutron.db.ovn_revision_numbers_db [None req-a8cdaa5b-3821-43b9-845f-b6dcb3f543d6 914dd4db0ab649508cf1033617215d38 4af2726539924833aacb935f2fbb1410 - - default default] Successfully bumped revision number for resource 251e5e13-7fea-43d2-8cb8-256384e43724 (type: security_group_rules) to 0
2026-04-27 02:06:34.193 9 INFO neutron.wsgi [None req-a8cdaa5b-3821-43b9-845f-b6dcb3f543d6 914dd4db0ab649508cf1033617215d38 4af2726539924833aacb935f2fbb1410 - - default default] 199.204.45.222,10.0.0.106 "POST /v2.0/security-group-rules HTTP/1.1" status: 201 len: 751 time: 0.1551661
2026-04-27 02:06:34.983 10 INFO neutron.wsgi [None req-84582be6-44a4-4966-9132-b043155dc55b 914dd4db0ab649508cf1033617215d38 4af2726539924833aacb935f2fbb1410 - - default default] 199.204.45.222,10.0.0.106 "GET /v2.0/security-groups?tenant_id=4af2726539924833aacb935f2fbb1410 HTTP/1.1" status: 200 len: 5669 time: 0.0669291
2026-04-27 02:06:35.037 10 INFO neutron.wsgi [None req-22a61371-551b-469f-b4cc-5122f134b290 914dd4db0ab649508cf1033617215d38 4af2726539924833aacb935f2fbb1410 - - default default] 199.204.45.222,10.0.0.106 "GET /v2.0/security-groups HTTP/1.1" status: 200 len: 5669 time: 0.0447962
2026-04-27 02:06:35.166 10 INFO neutron.db.ovn_revision_numbers_db [None req-e08ffc1a-2939-4dee-9a46-520569007fbc 914dd4db0ab649508cf1033617215d38 4af2726539924833aacb935f2fbb1410 - - default default] Successfully bumped revision number for resource a98a7437-b784-47ce-849c-711ac2130871 (type: security_group_rules) to 0
2026-04-27 02:06:35.189 10 INFO neutron.wsgi [None req-e08ffc1a-2939-4dee-9a46-520569007fbc 914dd4db0ab649508cf1033617215d38 4af2726539924833aacb935f2fbb1410 - - default default] 199.204.45.222,10.0.0.106 "POST /v2.0/security-group-rules HTTP/1.1" status: 201 len: 751 time: 0.1451752
2026-04-27 02:06:36.014 9 INFO neutron.wsgi [None req-aa217345-5511-4e0a-9b9d-42c306dabaed 914dd4db0ab649508cf1033617215d38 4af2726539924833aacb935f2fbb1410 - - default default] 199.204.45.222,10.0.0.106 "GET /v2.0/security-groups?tenant_id=4af2726539924833aacb935f2fbb1410 HTTP/1.1" status: 200 len: 6253 time: 0.0896876
2026-04-27 02:06:36.055 9 INFO neutron.wsgi [None req-64ea76c5-cf24-43e7-9f1b-7f8b51e56a55 914dd4db0ab649508cf1033617215d38 4af2726539924833aacb935f2fbb1410 - - default default] 199.204.45.222,10.0.0.106 "GET /v2.0/security-groups HTTP/1.1" status: 200 len: 6253 time: 0.0331516
2026-04-27 02:06:36.171 9 INFO neutron.db.ovn_revision_numbers_db [None req-1b27540c-ac4c-435c-854d-c77eb068e5a8 914dd4db0ab649508cf1033617215d38 4af2726539924833aacb935f2fbb1410 - - default default] Successfully bumped revision number for resource f05b1950-cff2-4080-9dd5-281d480e804f (type: security_group_rules) to 0
2026-04-27 02:06:36.191 9 INFO neutron.wsgi [None req-1b27540c-ac4c-435c-854d-c77eb068e5a8 914dd4db0ab649508cf1033617215d38 4af2726539924833aacb935f2fbb1410 - - default default] 199.204.45.222,10.0.0.106 "POST /v2.0/security-group-rules HTTP/1.1" status: 201 len: 751 time: 0.1270416
2026-04-27 02:06:36.455 10 INFO neutron.wsgi [-] 10.0.0.106 "GET / HTTP/1.1" status: 200 len: 247 time: 0.0016475
2026-04-27 02:06:36.455 9 INFO neutron.wsgi [-] 10.0.0.106 "GET / HTTP/1.1" status: 200 len: 247 time: 0.0015872
2026-04-27 02:06:37.003 10 INFO neutron.wsgi [None req-64fa779f-add8-4aed-9e97-14cd654f1c14 914dd4db0ab649508cf1033617215d38 4af2726539924833aacb935f2fbb1410 - - default default] 199.204.45.222,10.0.0.106 "GET /v2.0/security-groups?tenant_id=4af2726539924833aacb935f2fbb1410 HTTP/1.1" status: 200 len: 6837 time: 0.0848477
2026-04-27 02:06:37.046 10 INFO neutron.wsgi [None req-056a8aca-d324-4b96-8195-7c296c077e3f 914dd4db0ab649508cf1033617215d38 4af2726539924833aacb935f2fbb1410 - - default default] 199.204.45.222,10.0.0.106 "GET /v2.0/security-groups HTTP/1.1" status: 200 len: 6837 time: 0.0358856
2026-04-27 02:06:37.165 10 INFO neutron.db.ovn_revision_numbers_db [None req-1b8e9009-1282-4f73-b657-9e002dbdfcc1 914dd4db0ab649508cf1033617215d38 4af2726539924833aacb935f2fbb1410 - - default default] Successfully bumped revision number for resource 72cd7511-7c33-4296-81ff-1f97bbf4e1a7 (type: security_group_rules) to 0
2026-04-27 02:06:37.186 10 INFO neutron.wsgi [None req-1b8e9009-1282-4f73-b657-9e002dbdfcc1 914dd4db0ab649508cf1033617215d38 4af2726539924833aacb935f2fbb1410 - - default default] 199.204.45.222,10.0.0.106 "POST /v2.0/security-group-rules HTTP/1.1" status: 201 len: 751 time: 0.1310196
2026-04-27 02:06:38.305 9 INFO neutron.wsgi [None req-cc7f4470-84eb-4ab6-a4ff-c338811ca86a 914dd4db0ab649508cf1033617215d38 4af2726539924833aacb935f2fbb1410 - - default default] 199.204.45.222,10.0.0.106 "GET /v2.0/security-groups HTTP/1.1" status: 200 len: 7421 time: 0.0735049
2026-04-27 02:06:38.356 9 INFO neutron.wsgi [None req-fa05629b-3495-43fe-af2f-8d06e1b92605 914dd4db0ab649508cf1033617215d38 4af2726539924833aacb935f2fbb1410 - - default default] 199.204.45.222,10.0.0.106 "GET /v2.0/ports HTTP/1.1" status: 200 len: 2301 time: 0.0439503
2026-04-27 02:06:38.419 9 INFO neutron.wsgi [None req-9b3bf363-e90a-48f8-bc18-0e23dbd97297 914dd4db0ab649508cf1033617215d38 4af2726539924833aacb935f2fbb1410 - - default default] 199.204.45.222,10.0.0.106 "GET /v2.0/networks HTTP/1.1" status: 200 len: 1653 time: 0.0553215
2026-04-27 02:06:38.663 9 WARNING neutron.scheduler.dhcp_agent_scheduler [None req-b4f02cc7-ae54-43ee-b24f-035da038dd57 914dd4db0ab649508cf1033617215d38 4af2726539924833aacb935f2fbb1410 - - default default] No more DHCP agents
2026-04-27 02:06:38.665 9 WARNING neutron.api.rpc.agentnotifiers.dhcp_rpc_agent_api [None req-b4f02cc7-ae54-43ee-b24f-035da038dd57 914dd4db0ab649508cf1033617215d38 4af2726539924833aacb935f2fbb1410 - - default default] Unable to schedule network 0e784f22-2354-425e-a5f8-8ee902e334cc: no agents available; will retry on subsequent port and subnet creation events.
2026-04-27 02:06:38.780 9 INFO neutron.db.ovn_revision_numbers_db [None req-b4f02cc7-ae54-43ee-b24f-035da038dd57 914dd4db0ab649508cf1033617215d38 4af2726539924833aacb935f2fbb1410 - - default default] Successfully bumped revision number for resource 82771f63-fa47-42d3-a026-64aa92714a8a (type: ports) to 1
2026-04-27 02:06:38.803 9 INFO neutron.wsgi [None req-b4f02cc7-ae54-43ee-b24f-035da038dd57 914dd4db0ab649508cf1033617215d38 4af2726539924833aacb935f2fbb1410 - - default default] 199.204.45.222,10.0.0.106 "POST /v2.0/ports HTTP/1.1" status: 201 len: 1273 time: 0.3785605
2026-04-27 02:06:44.438 10 INFO neutron.pecan_wsgi.hooks.translation [None req-f271a14b-9174-46b0-8bcf-971aeae29026 914dd4db0ab649508cf1033617215d38 4af2726539924833aacb935f2fbb1410 - - default default] GET failed (client error): The resource could not be found.
2026-04-27 02:06:44.440 10 INFO neutron.wsgi [None req-f271a14b-9174-46b0-8bcf-971aeae29026 914dd4db0ab649508cf1033617215d38 4af2726539924833aacb935f2fbb1410 - - default default] 199.204.45.222,10.0.0.106 "GET /v2.0/ports/octavia-health-manager-port-instance HTTP/1.1" status: 404 len: 314 time: 0.0703163
2026-04-27 02:06:44.485 10 INFO neutron.wsgi [None req-f50ec969-231d-4501-b163-c6d4d611070b 914dd4db0ab649508cf1033617215d38 4af2726539924833aacb935f2fbb1410 - - default default] 199.204.45.222,10.0.0.106 "GET /v2.0/ports?name=octavia-health-manager-port-instance HTTP/1.1" status: 200 len: 1271 time: 0.0408494
2026-04-27 02:06:44.919 10 INFO neutron.db.ovn_revision_numbers_db [None req-ba576a6f-44cd-40c8-a5f3-e667b9172e33 914dd4db0ab649508cf1033617215d38 4af2726539924833aacb935f2fbb1410 - - default default] Successfully bumped revision number for resource 82771f63-fa47-42d3-a026-64aa92714a8a (type: ports) to 1
2026-04-27 02:06:45.139 10 INFO neutron.db.ovn_revision_numbers_db [None req-ba576a6f-44cd-40c8-a5f3-e667b9172e33 914dd4db0ab649508cf1033617215d38 4af2726539924833aacb935f2fbb1410 - - default default] Successfully bumped revision number for resource 82771f63-fa47-42d3-a026-64aa92714a8a (type: ports) to 2
2026-04-27 02:06:45.151 10 INFO neutron.wsgi [None req-ba576a6f-44cd-40c8-a5f3-e667b9172e33 914dd4db0ab649508cf1033617215d38 4af2726539924833aacb935f2fbb1410 - - default default] 199.204.45.222,10.0.0.106 "PUT /v2.0/ports/82771f63-fa47-42d3-a026-64aa92714a8a HTTP/1.1" status: 200 len: 1358 time: 0.6585221 /var/lib/openstack/lib/python3.10/site-packages/pycadf/identifier.py:71: UserWarning: Invalid uuid: unknown. To ensure interoperability, identifiers should be a valid uuid. warnings.warn(('Invalid uuid: %s. To ensure interoperability, '
2026-04-27 02:06:46.597 10 INFO neutron.wsgi [None req-07e07223-4448-472b-b44c-03f55746d882 914dd4db0ab649508cf1033617215d38 4af2726539924833aacb935f2fbb1410 - - default default] 199.204.45.222,10.0.0.106 "GET /v2.0/ports HTTP/1.1" status: 200 len: 3503 time: 0.0815334
2026-04-27 02:06:47.520 10 INFO neutron.wsgi [None req-288f4ca8-d8f4-4774-857b-5d7e698ed3e0 914dd4db0ab649508cf1033617215d38 4af2726539924833aacb935f2fbb1410 - - default default] 199.204.45.222,10.0.0.106 "GET /v2.0/security-groups?tenant_id=4af2726539924833aacb935f2fbb1410 HTTP/1.1" status: 200 len: 7421 time: 0.0653589
2026-04-27 02:06:47.638 10 INFO neutron.db.ovn_revision_numbers_db [None req-7cce163e-ad02-4e5c-ad5f-3fed4778f73c 914dd4db0ab649508cf1033617215d38 4af2726539924833aacb935f2fbb1410 - - default default] Successfully bumped revision number for resource 0dbe22d7-f83a-481b-87f5-fed374287324 (type: security_groups) to 1
2026-04-27 02:06:47.656 10 INFO neutron.db.ovn_revision_numbers_db [None req-7cce163e-ad02-4e5c-ad5f-3fed4778f73c 914dd4db0ab649508cf1033617215d38 4af2726539924833aacb935f2fbb1410 - - default default] Successfully bumped revision number for resource 0fdbd068-9f1e-4f76-aaf5-10129cb0983a (type: security_group_rules) to 0
2026-04-27 02:06:47.669 10 INFO neutron.db.ovn_revision_numbers_db [None req-7cce163e-ad02-4e5c-ad5f-3fed4778f73c 914dd4db0ab649508cf1033617215d38 4af2726539924833aacb935f2fbb1410 - - default default] Successfully bumped revision number for resource b26bbe80-282b-4ab2-9ca8-b04ddd017268 (type: security_group_rules) to 0
2026-04-27 02:06:47.688 10 INFO neutron.wsgi [None req-7cce163e-ad02-4e5c-ad5f-3fed4778f73c 914dd4db0ab649508cf1033617215d38 4af2726539924833aacb935f2fbb1410 - - default default] 199.204.45.222,10.0.0.106 "POST /v2.0/security-groups HTTP/1.1" status: 201 len: 1727 time: 0.1566718
2026-04-27 02:06:48.539 10 INFO neutron.wsgi [None req-63247922-4a88-456b-9f89-ca70d6e7913c 914dd4db0ab649508cf1033617215d38 4af2726539924833aacb935f2fbb1410 - - default default] 199.204.45.222,10.0.0.106 "GET /v2.0/security-groups?tenant_id=4af2726539924833aacb935f2fbb1410 HTTP/1.1" status: 200 len: 8949 time: 0.0663831
2026-04-27 02:06:48.590 10 INFO neutron.wsgi [None req-380da4c0-979a-42d2-9528-2a8c9a0bf0fd 914dd4db0ab649508cf1033617215d38 4af2726539924833aacb935f2fbb1410 - - default default] 199.204.45.222,10.0.0.106 "GET /v2.0/security-groups HTTP/1.1" status: 200 len: 8949 time: 0.0398531
2026-04-27 02:06:48.723 10 INFO neutron.db.ovn_revision_numbers_db [None req-e7aa589d-b06d-4a50-b799-f277613076d9 914dd4db0ab649508cf1033617215d38 4af2726539924833aacb935f2fbb1410 - - default default] Successfully bumped revision number for resource 5b7be5e2-2e5e-42fa-b33e-96a224a6e40f (type: security_group_rules) to 0
2026-04-27 02:06:48.746 10 INFO neutron.wsgi [None req-e7aa589d-b06d-4a50-b799-f277613076d9 914dd4db0ab649508cf1033617215d38 4af2726539924833aacb935f2fbb1410 - - default default] 199.204.45.222,10.0.0.106 "POST /v2.0/security-group-rules HTTP/1.1" status: 201 len: 767 time: 0.1465793
2026-04-27 02:06:49.563 10 INFO neutron.wsgi [None req-67d2946a-2728-4eed-a822-1f1f7d0b22e8 914dd4db0ab649508cf1033617215d38 4af2726539924833aacb935f2fbb1410 - - default default] 199.204.45.222,10.0.0.106 "GET /v2.0/security-groups?tenant_id=4af2726539924833aacb935f2fbb1410 HTTP/1.1" status: 200 len: 9549 time: 0.0671461
2026-04-27 02:06:49.605 10 INFO neutron.wsgi [None req-5efbe188-d55a-4237-8dbf-35d66454622c 914dd4db0ab649508cf1033617215d38 4af2726539924833aacb935f2fbb1410 - - default default] 199.204.45.222,10.0.0.106 "GET /v2.0/security-groups HTTP/1.1" status: 200 len: 9549 time: 0.0326729
2026-04-27 02:06:49.736 10 INFO neutron.db.ovn_revision_numbers_db [None req-588992c4-ab08-4037-a3e4-a9a4eb755ca6 914dd4db0ab649508cf1033617215d38 4af2726539924833aacb935f2fbb1410 - - default default] Successfully bumped revision number for resource 7dc50cd7-e0ae-4e1b-b93d-2b45b1d8e17f (type: security_group_rules) to 0
2026-04-27 02:06:49.761 10 INFO neutron.wsgi [None req-588992c4-ab08-4037-a3e4-a9a4eb755ca6 914dd4db0ab649508cf1033617215d38 4af2726539924833aacb935f2fbb1410 - - default default] 199.204.45.222,10.0.0.106 "POST /v2.0/security-group-rules HTTP/1.1" status: 201 len: 771 time: 0.1459057
2026-04-27 02:06:51.455 10 INFO neutron.wsgi [-] 10.0.0.106 "GET / HTTP/1.1" status: 200 len: 247 time: 0.0017927
2026-04-27 02:06:51.458 10 INFO neutron.wsgi [-] 10.0.0.106 "GET / HTTP/1.1" status: 200 len: 247 time: 0.0015247
2026-04-27 02:07:06.456 10 INFO neutron.wsgi [-] 10.0.0.106 "GET / HTTP/1.1" status: 200 len: 247 time: 0.0022862
2026-04-27 02:07:06.457 9 INFO neutron.wsgi [-] 10.0.0.106 "GET / HTTP/1.1" status: 200 len: 247 time: 0.0023172
2026-04-27 02:07:21.458 10 INFO neutron.wsgi [-] 10.0.0.106 "GET / HTTP/1.1" status: 200 len: 247 time: 0.0035567
2026-04-27 02:07:21.458 9 INFO neutron.wsgi [-] 10.0.0.106 "GET / HTTP/1.1" status: 200 len: 247 time: 0.0022681
2026-04-27 02:07:36.456 9 INFO neutron.wsgi [-] 10.0.0.106 "GET / HTTP/1.1" status: 200 len: 247 time: 0.0016460
2026-04-27 02:07:36.456 10 INFO neutron.wsgi [-] 10.0.0.106 "GET / HTTP/1.1" status: 200 len: 247 time: 0.0016553
2026-04-27 02:07:51.456 10 INFO neutron.wsgi [-] 10.0.0.106 "GET / HTTP/1.1" status: 200 len: 247 time: 0.0022151
2026-04-27 02:07:51.456 9 INFO neutron.wsgi [-] 10.0.0.106 "GET / HTTP/1.1" status: 200 len: 247 time: 0.0022418
2026-04-27 02:07:51.709 10 INFO neutron.wsgi [None req-5205e444-f1a4-4124-b5fd-d6b0dee3f424 914dd4db0ab649508cf1033617215d38 4af2726539924833aacb935f2fbb1410 - - default default] 199.204.45.222,10.0.0.106 "GET /v2.0/quotas/4af2726539924833aacb935f2fbb1410 HTTP/1.1" status: 200 len: 362 time: 0.0206265 /var/lib/openstack/lib/python3.10/site-packages/neutron/extensions/quotasv2.py:140: UserWarning: Neutron quota engine will require "--force" parameter to set a quota limit without checking the resource usage. warnings.warn('Neutron quota engine will require "--force" '
2026-04-27 02:07:52.053 10 INFO neutron.wsgi [None req-868b42d2-c281-40ef-98cb-9708fad610e7 914dd4db0ab649508cf1033617215d38 4af2726539924833aacb935f2fbb1410 - - default default] 199.204.45.222,10.0.0.106 "PUT /v2.0/quotas/4af2726539924833aacb935f2fbb1410 HTTP/1.1" status: 200 len: 361 time: 0.0402818
2026-04-27 02:07:52.348 10 INFO neutron.wsgi [None req-7488e016-5088-48c8-86db-5e2ec3ed2b1c 914dd4db0ab649508cf1033617215d38 4af2726539924833aacb935f2fbb1410 - - default default] 199.204.45.222,10.0.0.106 "GET /v2.0/quotas/4af2726539924833aacb935f2fbb1410 HTTP/1.1" status: 200 len: 361 time: 0.0106425
2026-04-27 02:08:06.457 10 INFO neutron.wsgi [-] 10.0.0.106 "GET / HTTP/1.1" status: 200 len: 247 time: 0.0027978
2026-04-27 02:08:06.458 9 INFO neutron.wsgi [-] 10.0.0.106 "GET / HTTP/1.1" status: 200 len: 247 time: 0.0012491
2026-04-27 02:08:21.457 10 INFO neutron.wsgi [-] 10.0.0.106 "GET / HTTP/1.1" status: 200 len: 247 time: 0.0027461
2026-04-27 02:08:21.460 10 INFO neutron.wsgi [-] 10.0.0.106 "GET / HTTP/1.1" status: 200 len: 247 time: 0.0019805
2026-04-27 02:08:36.455 10 INFO neutron.wsgi [-] 10.0.0.106 "GET / HTTP/1.1" status: 200 len: 247 time: 0.0016518
2026-04-27 02:08:36.457 9 INFO neutron.wsgi [-] 10.0.0.106 "GET / HTTP/1.1" status: 200 len: 247 time: 0.0030577
2026-04-27 02:08:51.455 10 INFO neutron.wsgi [-] 10.0.0.106 "GET / HTTP/1.1" status: 200 len: 247 time: 0.0014040
2026-04-27 02:08:51.456 9 INFO neutron.wsgi [-] 10.0.0.106 "GET / HTTP/1.1" status: 200 len: 247 time: 0.0024891
2026-04-27 02:09:06.457 10 INFO neutron.wsgi [-] 10.0.0.106 "GET / HTTP/1.1" status: 200 len: 247 time: 0.0021455
2026-04-27 02:09:06.459 9 INFO neutron.wsgi [-] 10.0.0.106 "GET / HTTP/1.1" status: 200 len: 247 time: 0.0041499
2026-04-27 02:09:16.404 15 INFO neutron.db.ovn_revision_numbers_db [None req-94698f63-e89c-4ff5-b8e0-d7c0231ce77b - - - - - -] Successfully bumped revision number for resource 0e784f22-2354-425e-a5f8-8ee902e334cc (type: networks) to 2
2026-04-27 02:09:16.452 15 INFO neutron.db.ovn_revision_numbers_db [None req-94698f63-e89c-4ff5-b8e0-d7c0231ce77b - - - - - -] Successfully bumped revision number for resource 43849066-8537-4211-a53a-e504d56ed9d4 (type: security_groups) to 6
2026-04-27 02:09:16.494 15 INFO neutron.db.ovn_revision_numbers_db [None req-94698f63-e89c-4ff5-b8e0-d7c0231ce77b - - - - - -] Successfully bumped revision number for resource 0dbe22d7-f83a-481b-87f5-fed374287324 (type: security_groups) to 3
2026-04-27 02:09:16.662 15 INFO neutron.db.ovn_revision_numbers_db [None req-94698f63-e89c-4ff5-b8e0-d7c0231ce77b - - - - - -] Successfully bumped revision number for resource 82771f63-fa47-42d3-a026-64aa92714a8a (type: ports) to 3
2026-04-27 02:09:16.662 15 INFO neutron.plugins.ml2.drivers.ovn.mech_driver.ovsdb.maintenance [None req-94698f63-e89c-4ff5-b8e0-d7c0231ce77b - - - - - -] Maintenance task: Synchronization finished (took 0.38 seconds)
2026-04-27 02:09:21.456 9 INFO neutron.wsgi [-] 10.0.0.106 "GET / HTTP/1.1" status: 200 len: 247 time: 0.0018017
2026-04-27 02:09:21.457 10 INFO neutron.wsgi [-] 10.0.0.106 "GET / HTTP/1.1" status: 200 len: 247 time: 0.0024452
2026-04-27 02:09:36.456 9 INFO neutron.wsgi [-] 10.0.0.106 "GET / HTTP/1.1" status: 200 len: 247 time: 0.0025494
2026-04-27 02:09:36.459 9 INFO neutron.wsgi [-] 10.0.0.106 "GET / HTTP/1.1" status: 200 len: 247 time: 0.0020866
2026-04-27 02:09:51.456 10 INFO neutron.wsgi [-] 10.0.0.106 "GET / HTTP/1.1" status: 200 len: 247 time: 0.0017004
2026-04-27 02:09:51.458 10 INFO neutron.wsgi [-] 10.0.0.106 "GET / HTTP/1.1" status: 200 len: 247 time: 0.0013082 /var/lib/openstack/lib/python3.10/site-packages/pycadf/identifier.py:71: UserWarning: Invalid uuid: neutron. To ensure interoperability, identifiers should be a valid uuid. warnings.warn(('Invalid uuid: %s. To ensure interoperability, '
2026-04-27 02:10:01.506 10 INFO neutron.pecan_wsgi.hooks.translation [None req-8310c69e-af80-4b01-9e3f-58a5109b72c7 914dd4db0ab649508cf1033617215d38 4af2726539924833aacb935f2fbb1410 - - default default] GET failed (client error): The resource could not be found.
2026-04-27 02:10:01.507 10 INFO neutron.wsgi [None req-8310c69e-af80-4b01-9e3f-58a5109b72c7 914dd4db0ab649508cf1033617215d38 4af2726539924833aacb935f2fbb1410 - - default default] 199.204.45.222 "GET /v2.0/ports/octavia-health-manager-port-instance HTTP/1.1" status: 404 len: 338 time: 0.2572348
2026-04-27 02:10:01.538 10 INFO neutron.wsgi [None req-cec3eedd-4fe1-4676-9d2d-564979bdc888 914dd4db0ab649508cf1033617215d38 4af2726539924833aacb935f2fbb1410 - - default default] 199.204.45.222 "GET /v2.0/ports?name=octavia-health-manager-port-instance HTTP/1.1" status: 200 len: 1413 time: 0.0253267
2026-04-27 02:10:03.407 10 INFO neutron.pecan_wsgi.hooks.translation [None req-833c74c7-d064-4121-801f-c30922775fdb 914dd4db0ab649508cf1033617215d38 4af2726539924833aacb935f2fbb1410 - - default default] GET failed (client error): The resource could not be found.
2026-04-27 02:10:03.409 10 INFO neutron.wsgi [None req-833c74c7-d064-4121-801f-c30922775fdb 914dd4db0ab649508cf1033617215d38 4af2726539924833aacb935f2fbb1410 - - default default] 199.204.45.222 "GET /v2.0/ports/octavia-health-manager-port-instance HTTP/1.1" status: 404 len: 338 time: 0.0969234
2026-04-27 02:10:03.450 10 INFO neutron.wsgi [None req-8cf16ee4-6e0e-43b1-8c08-bfb5bcfd5f57 914dd4db0ab649508cf1033617215d38 4af2726539924833aacb935f2fbb1410 - - default default] 199.204.45.222 "GET /v2.0/ports?name=octavia-health-manager-port-instance HTTP/1.1" status: 200 len: 1413 time: 0.0367365
2026-04-27 02:10:04.366 10 INFO neutron.plugins.ml2.drivers.ovn.mech_driver.mech_driver [-] OVN reports status up for port: 82771f63-fa47-42d3-a026-64aa92714a8a
2026-04-27 02:10:04.386 10 INFO neutron.plugins.ml2.plugin [None req-47a401a3-1ba8-47e9-990a-f89907c2c9fb - - - - - -] Attempt 1 to provision port 82771f63-fa47-42d3-a026-64aa92714a8a
2026-04-27 02:10:04.731 10 INFO neutron.db.ovn_revision_numbers_db [None req-47a401a3-1ba8-47e9-990a-f89907c2c9fb - - - - - -] Successfully bumped revision number for resource 82771f63-fa47-42d3-a026-64aa92714a8a (type: ports) to 4
2026-04-27 02:10:06.456 9 INFO neutron.wsgi [-] 10.0.0.106 "GET / HTTP/1.1" status: 200 len: 247 time: 0.0017099
2026-04-27 02:10:06.463 9 INFO neutron.wsgi [-] 10.0.0.106 "GET / HTTP/1.1" status: 200 len: 247 time: 0.0030591
2026-04-27 02:10:21.456 10 INFO neutron.wsgi [-] 10.0.0.106 "GET / HTTP/1.1" status: 200 len: 247 time: 0.0016823
2026-04-27 02:10:21.458 10 INFO neutron.wsgi [-] 10.0.0.106 "GET / HTTP/1.1" status: 200 len: 247 time: 0.0013444
2026-04-27 02:10:36.456 10 INFO neutron.wsgi [-] 10.0.0.106 "GET / HTTP/1.1" status: 200 len: 247 time: 0.0019684
2026-04-27 02:10:36.458 9 INFO neutron.wsgi [-] 10.0.0.106 "GET / HTTP/1.1" status: 200 len: 247 time: 0.0032406
2026-04-27 02:10:51.456 9 INFO neutron.wsgi [-] 10.0.0.106 "GET / HTTP/1.1" status: 200 len: 247 time: 0.0017426
2026-04-27 02:10:51.459 9 INFO neutron.wsgi [-] 10.0.0.106 "GET / HTTP/1.1" status: 200 len: 247 time: 0.0022542
2026-04-27 02:11:06.455 9 INFO neutron.wsgi [-] 10.0.0.106 "GET / HTTP/1.1" status: 200 len: 247 time: 0.0018411
2026-04-27 02:11:06.458 10 INFO neutron.wsgi [-] 10.0.0.106 "GET / HTTP/1.1" status: 200 len: 247 time: 0.0041621
2026-04-27 02:11:21.455 9 INFO neutron.wsgi [-] 10.0.0.106 "GET / HTTP/1.1" status: 200 len: 247 time: 0.0015526
2026-04-27 02:11:21.459 10 INFO neutron.wsgi [-] 10.0.0.106 "GET / HTTP/1.1" status: 200 len: 247 time: 0.0024543
2026-04-27 02:11:36.456 9 INFO neutron.wsgi [-] 10.0.0.106 "GET / HTTP/1.1" status: 200 len: 247 time: 0.0020781
2026-04-27 02:11:36.457 10 INFO neutron.wsgi [-] 10.0.0.106 "GET / HTTP/1.1" status: 200 len: 247 time: 0.0028305
2026-04-27 02:11:51.457 9 INFO neutron.wsgi [-] 10.0.0.106 "GET / HTTP/1.1" status: 200 len: 247 time: 0.0024660
2026-04-27 02:11:51.459 9 INFO neutron.wsgi [-] 10.0.0.106 "GET / HTTP/1.1" status: 200 len: 247 time: 0.0012889
2026-04-27 02:12:06.456 9 INFO neutron.wsgi [-] 10.0.0.106 "GET / HTTP/1.1" status: 200 len: 247 time: 0.0025928
2026-04-27 02:12:06.459 9 INFO neutron.wsgi [-] 10.0.0.106 "GET / HTTP/1.1" status: 200 len: 247 time: 0.0015373
2026-04-27 02:12:21.458 10 INFO neutron.wsgi [-] 10.0.0.106 "GET / HTTP/1.1" status: 200 len: 247 time: 0.0035160
2026-04-27 02:12:21.459 10 INFO neutron.wsgi [-] 10.0.0.106 "GET / HTTP/1.1" status: 200 len: 247 time: 0.0008922
2026-04-27 02:12:36.456 9 INFO neutron.wsgi [-] 10.0.0.106 "GET / HTTP/1.1" status: 200 len: 247 time: 0.0016248
2026-04-27 02:12:36.457 10 INFO neutron.wsgi [-] 10.0.0.106 "GET / HTTP/1.1" status: 200 len: 247 time: 0.0023270
2026-04-27 02:12:51.455 9 INFO neutron.wsgi [-] 10.0.0.106 "GET / HTTP/1.1" status: 200 len: 247 time: 0.0021069
2026-04-27 02:12:51.458 9 INFO neutron.wsgi [-] 10.0.0.106 "GET / HTTP/1.1" status: 200 len: 247 time: 0.0014865
2026-04-27 02:13:06.457 9 INFO neutron.wsgi [-] 10.0.0.106 "GET / HTTP/1.1" status: 200 len: 247 time: 0.0026174
2026-04-27 02:13:06.458 10 INFO neutron.wsgi [-] 10.0.0.106 "GET / HTTP/1.1" status: 200 len: 247 time: 0.0031185
2026-04-27 02:13:21.457 9 INFO neutron.wsgi [-] 10.0.0.106 "GET / HTTP/1.1" status: 200 len: 247 time: 0.0025413
2026-04-27 02:13:21.459 9 INFO neutron.wsgi [-] 10.0.0.106 "GET / HTTP/1.1" status: 200 len: 247 time: 0.0017719
2026-04-27 02:13:36.461 10 INFO neutron.wsgi [-] 10.0.0.106 "GET / HTTP/1.1" status: 200 len: 247 time: 0.0026209
2026-04-27 02:13:36.464 10 INFO neutron.wsgi [-] 10.0.0.106 "GET / HTTP/1.1" status: 200 len: 247 time: 0.0024545
2026-04-27 02:13:51.456 9 INFO neutron.wsgi [-] 10.0.0.106 "GET / HTTP/1.1" status: 200 len: 247 time: 0.0017588
2026-04-27 02:13:51.458 10 INFO neutron.wsgi [-] 10.0.0.106 "GET / HTTP/1.1" status: 200 len: 247 time: 0.0032153
2026-04-27 02:14:06.458 10 INFO neutron.wsgi [-] 10.0.0.106 "GET / HTTP/1.1" status: 200 len: 247 time: 0.0028787
2026-04-27 02:14:06.462 10 INFO neutron.wsgi [-] 10.0.0.106 "GET / HTTP/1.1" status: 200 len: 247 time: 0.0029986
2026-04-27 02:14:21.455 10 INFO neutron.wsgi [-] 10.0.0.106 "GET / HTTP/1.1" status: 200 len: 247 time: 0.0017011
2026-04-27 02:14:21.458 10 INFO neutron.wsgi [-] 10.0.0.106 "GET / HTTP/1.1" status: 200 len: 247 time: 0.0016751
2026-04-27 02:14:36.457 10 INFO neutron.wsgi [-] 10.0.0.106 "GET / HTTP/1.1" status: 200 len: 247 time: 0.0017345
2026-04-27 02:14:36.459 10 INFO neutron.wsgi [-] 10.0.0.106 "GET / HTTP/1.1" status: 200 len: 247 time: 0.0012412
2026-04-27 02:14:51.455 10 INFO neutron.wsgi [-] 10.0.0.106 "GET / HTTP/1.1" status: 200 len: 247 time: 0.0016761
2026-04-27 02:14:51.458 10 INFO neutron.wsgi [-] 10.0.0.106 "GET / HTTP/1.1" status: 200 len: 247 time: 0.0019171
2026-04-27 02:15:06.457 10 INFO neutron.wsgi [-] 10.0.0.106 "GET / HTTP/1.1" status: 200 len: 247 time: 0.0028656
2026-04-27 02:15:06.460 9 INFO neutron.wsgi [-] 10.0.0.106 "GET / HTTP/1.1" status: 200 len: 247 time: 0.0053446
2026-04-27 02:15:21.457 9 INFO neutron.wsgi [-] 10.0.0.106 "GET / HTTP/1.1" status: 200 len: 247 time: 0.0027909
2026-04-27 02:15:21.461 9 INFO neutron.wsgi [-] 10.0.0.106 "GET / HTTP/1.1" status: 200 len: 247 time: 0.0024574 /var/lib/openstack/lib/python3.10/site-packages/pycadf/identifier.py:71: UserWarning: Invalid uuid: unknown. To ensure interoperability, identifiers should be a valid uuid. warnings.warn(('Invalid uuid: %s. To ensure interoperability, '
2026-04-27 02:15:31.477 10 INFO neutron.db.ovn_revision_numbers_db [None req-897dfc04-fec2-4ace-8a83-f9405967a95c 914dd4db0ab649508cf1033617215d38 4af2726539924833aacb935f2fbb1410 - - default default] Successfully bumped revision number for resource ff18d732-65b4-40c3-be67-b91a42ab61f0 (type: security_groups) to 1
2026-04-27 02:15:31.490 10 INFO neutron.db.ovn_revision_numbers_db [None req-897dfc04-fec2-4ace-8a83-f9405967a95c 914dd4db0ab649508cf1033617215d38 4af2726539924833aacb935f2fbb1410 - - default default] Successfully bumped revision number for resource 1e3c2849-8a43-419e-a9e6-51eb24af26ae (type: security_group_rules) to 0
2026-04-27 02:15:31.501 10 INFO neutron.db.ovn_revision_numbers_db [None req-897dfc04-fec2-4ace-8a83-f9405967a95c 914dd4db0ab649508cf1033617215d38 4af2726539924833aacb935f2fbb1410 - - default default] Successfully bumped revision number for resource caf106b8-2ae7-4195-ad5a-4c4804954738 (type: security_group_rules) to 0
2026-04-27 02:15:31.514 10 INFO neutron.db.ovn_revision_numbers_db [None req-897dfc04-fec2-4ace-8a83-f9405967a95c 914dd4db0ab649508cf1033617215d38 4af2726539924833aacb935f2fbb1410 - - default default] Successfully bumped revision number for resource cf1cca52-1468-48e7-b290-659b32dc5731 (type: security_group_rules) to 0
2026-04-27 02:15:31.526 10 INFO neutron.db.ovn_revision_numbers_db [None req-897dfc04-fec2-4ace-8a83-f9405967a95c 914dd4db0ab649508cf1033617215d38 4af2726539924833aacb935f2fbb1410 - - default default] Successfully bumped revision number for resource dd29f3fa-ee42-4a97-9ff4-9a3ce698743e (type: security_group_rules) to 0
2026-04-27 02:15:31.550 10 INFO neutron.wsgi [None req-897dfc04-fec2-4ace-8a83-f9405967a95c 914dd4db0ab649508cf1033617215d38 4af2726539924833aacb935f2fbb1410 - - default default] 199.204.45.222,10.0.0.106 "GET /v2.0/security-groups?tenant_id=32b22917c452452a92db088bc3c4cad0 HTTP/1.1" status: 200 len: 2973 time: 0.3243291
2026-04-27 02:15:31.659 10 INFO neutron.db.ovn_revision_numbers_db [None req-66b7b182-ddf6-4d73-bec8-3eaa51d82863 914dd4db0ab649508cf1033617215d38 4af2726539924833aacb935f2fbb1410 - - default default] Successfully bumped revision number for resource 0aeb421d-040c-44ec-9a70-4e956a4f4444 (type: security_groups) to 1
2026-04-27 02:15:31.673 10 INFO neutron.db.ovn_revision_numbers_db [None req-66b7b182-ddf6-4d73-bec8-3eaa51d82863 914dd4db0ab649508cf1033617215d38 4af2726539924833aacb935f2fbb1410 - - default default] Successfully bumped revision number for resource 203038b6-7227-498f-be53-a8f4b4fdadeb (type: security_group_rules) to 0
2026-04-27 02:15:31.686 10 INFO neutron.db.ovn_revision_numbers_db [None req-66b7b182-ddf6-4d73-bec8-3eaa51d82863 914dd4db0ab649508cf1033617215d38 4af2726539924833aacb935f2fbb1410 - - default default] Successfully bumped revision number for resource 4f74cbc3-9149-4be0-992c-cc7d5b4f57bb (type: security_group_rules) to 0
2026-04-27 02:15:31.705 10 INFO neutron.wsgi [None req-66b7b182-ddf6-4d73-bec8-3eaa51d82863 914dd4db0ab649508cf1033617215d38 4af2726539924833aacb935f2fbb1410 - - default default] 199.204.45.222,10.0.0.106 "POST /v2.0/security-groups HTTP/1.1" status: 201 len: 1741 time: 0.1429222
2026-04-27 02:15:32.616 10 INFO neutron.wsgi [None req-db4a5c2a-acdc-4c94-ac93-c41af0ac18ca 914dd4db0ab649508cf1033617215d38 4af2726539924833aacb935f2fbb1410 - - default default] 199.204.45.222,10.0.0.106 "GET /v2.0/security-groups?tenant_id=32b22917c452452a92db088bc3c4cad0 HTTP/1.1" status: 200 len: 4515 time: 0.0815527
2026-04-27 02:15:32.679 10 INFO neutron.wsgi [None req-07b1ba78-4e82-417d-bfe6-d956e4956b82 914dd4db0ab649508cf1033617215d38 4af2726539924833aacb935f2fbb1410 - - default default] 199.204.45.222,10.0.0.106 "GET /v2.0/security-groups HTTP/1.1" status: 200 len: 14472 time: 0.0522389
2026-04-27 02:15:32.818 10 INFO neutron.db.ovn_revision_numbers_db [None req-64fe4418-5579-4b38-80ea-d0798dea2213 914dd4db0ab649508cf1033617215d38 4af2726539924833aacb935f2fbb1410 - - default default] Successfully bumped revision number for resource 4f9aa380-dc8d-4d04-89de-3f0835ea3300 (type: security_group_rules) to 0
2026-04-27 02:15:32.839 10 INFO neutron.wsgi [None req-64fe4418-5579-4b38-80ea-d0798dea2213 914dd4db0ab649508cf1033617215d38 4af2726539924833aacb935f2fbb1410 - - default default] 199.204.45.222,10.0.0.106 "POST /v2.0/security-group-rules HTTP/1.1" status: 201 len: 745 time: 0.1494138
2026-04-27 02:15:33.751 10 INFO neutron.wsgi [None req-def405b0-1105-4ed5-83c6-1c28725c0d5b 914dd4db0ab649508cf1033617215d38 4af2726539924833aacb935f2fbb1410 - - default default] 199.204.45.222,10.0.0.106 "GET /v2.0/security-groups?tenant_id=32b22917c452452a92db088bc3c4cad0 HTTP/1.1" status: 200 len: 5093 time: 0.0797706
2026-04-27 02:15:33.802 10 INFO neutron.wsgi [None req-6e945bd2-5614-48dd-8a06-9ede5a670105 914dd4db0ab649508cf1033617215d38 4af2726539924833aacb935f2fbb1410 - - default default] 199.204.45.222,10.0.0.106 "GET /v2.0/security-groups HTTP/1.1" status: 200 len: 15050 time: 0.0447807
2026-04-27 02:15:33.921 10 INFO neutron.db.ovn_revision_numbers_db [None req-2a70bc01-bb98-4ec6-aeaf-ce8742a76868 914dd4db0ab649508cf1033617215d38 4af2726539924833aacb935f2fbb1410 - - default default] Successfully bumped revision number for resource 40e294b1-d667-471a-87dd-ce102ab7a077 (type: security_group_rules) to 0
2026-04-27 02:15:33.945 10 INFO neutron.wsgi [None req-2a70bc01-bb98-4ec6-aeaf-ce8742a76868 914dd4db0ab649508cf1033617215d38 4af2726539924833aacb935f2fbb1410 - - default default] 199.204.45.222,10.0.0.106 "POST /v2.0/security-group-rules HTTP/1.1" status: 201 len: 747 time: 0.1342776
2026-04-27 02:15:34.828 10 INFO neutron.wsgi [None req-f1ff382e-c1dd-4918-aebc-9aa38acc3f3a 914dd4db0ab649508cf1033617215d38 4af2726539924833aacb935f2fbb1410 - - default default] 199.204.45.222,10.0.0.106 "GET /v2.0/security-groups?tenant_id=32b22917c452452a92db088bc3c4cad0 HTTP/1.1" status: 200 len: 5673 time: 0.0844254
2026-04-27 02:15:34.891 10 INFO neutron.wsgi [None req-24590a43-e190-472b-a3ed-3ea8e5b63d8e 914dd4db0ab649508cf1033617215d38 4af2726539924833aacb935f2fbb1410 - - default default] 199.204.45.222,10.0.0.106 "GET /v2.0/security-groups HTTP/1.1" status: 200 len: 15630 time: 0.0519650
2026-04-27 02:15:35.064 10 INFO neutron.db.ovn_revision_numbers_db [None req-82ba3131-30c2-4f31-adc2-551f718c4b9e 914dd4db0ab649508cf1033617215d38 4af2726539924833aacb935f2fbb1410 - - default default] Successfully bumped revision number for resource 3b297c97-d16a-400b-b75d-312846715b90 (type: security_group_rules) to 0
2026-04-27 02:15:35.093 10 INFO neutron.wsgi [None req-82ba3131-30c2-4f31-adc2-551f718c4b9e 914dd4db0ab649508cf1033617215d38 4af2726539924833aacb935f2fbb1410 - - default default] 199.204.45.222,10.0.0.106 "POST /v2.0/security-group-rules HTTP/1.1" status: 201 len: 749 time: 0.1879044
2026-04-27 02:15:36.016 10 INFO neutron.wsgi [None req-00dd1d02-a54f-4513-a75a-ad5ab3531299 914dd4db0ab649508cf1033617215d38 4af2726539924833aacb935f2fbb1410 - - default default] 199.204.45.222,10.0.0.106 "GET /v2.0/security-groups?tenant_id=32b22917c452452a92db088bc3c4cad0 HTTP/1.1" status: 200 len: 6255 time: 0.0756044
2026-04-27 02:15:36.074 10 INFO neutron.wsgi [None req-200f63a3-fcf4-4fbd-ae4c-d4f6544e337a 914dd4db0ab649508cf1033617215d38 4af2726539924833aacb935f2fbb1410 - - default default] 199.204.45.222,10.0.0.106 "GET /v2.0/security-groups HTTP/1.1" status: 200 len: 16212 time: 0.0486021
2026-04-27 02:15:36.206 10 INFO neutron.db.ovn_revision_numbers_db [None req-8d43193b-d37d-439a-98c7-45d17f5aa964 914dd4db0ab649508cf1033617215d38 4af2726539924833aacb935f2fbb1410 - - default default] Successfully bumped revision number for resource e069152a-bc7c-4917-ad6c-bc3b9823f557 (type: security_group_rules) to 0
2026-04-27 02:15:36.228 10 INFO neutron.wsgi [None req-8d43193b-d37d-439a-98c7-45d17f5aa964 914dd4db0ab649508cf1033617215d38 4af2726539924833aacb935f2fbb1410 - - default default] 199.204.45.222,10.0.0.106 "POST /v2.0/security-group-rules HTTP/1.1" status: 201 len: 750 time: 0.1410978
2026-04-27 02:15:36.455 9 INFO neutron.wsgi [-] 10.0.0.106 "GET / HTTP/1.1" status: 200 len: 247 time: 0.0015988
2026-04-27 02:15:36.459 9 INFO neutron.wsgi [-] 10.0.0.106 "GET / HTTP/1.1" status: 200 len: 247 time: 0.0025272
2026-04-27 02:15:51.456 9 INFO neutron.wsgi [-] 10.0.0.106 "GET / HTTP/1.1" status: 200 len: 247 time: 0.0016878
2026-04-27 02:15:51.458 9 INFO neutron.wsgi [-] 10.0.0.106 "GET / HTTP/1.1" status: 200 len: 247 time: 0.0013273
2026-04-27 02:16:06.455 10 INFO neutron.wsgi [-] 10.0.0.106 "GET / HTTP/1.1" status: 200 len: 247 time: 0.0016456
2026-04-27 02:16:06.455 9 INFO neutron.wsgi [-] 10.0.0.106 "GET / HTTP/1.1" status: 200 len: 247 time: 0.0017278
2026-04-27 02:16:21.455 10 INFO neutron.wsgi [-] 10.0.0.106 "GET / HTTP/1.1" status: 200 len: 247 time: 0.0015664
2026-04-27 02:16:21.456 9 INFO neutron.wsgi [-] 10.0.0.106 "GET / HTTP/1.1" status: 200 len: 247 time: 0.0023265
2026-04-27 02:16:36.456 9 INFO neutron.wsgi [-] 10.0.0.106 "GET / HTTP/1.1" status: 200 len: 247 time: 0.0024314
2026-04-27 02:16:36.457 10 INFO neutron.wsgi [-] 10.0.0.106 "GET / HTTP/1.1" status: 200 len: 247 time: 0.0026770
2026-04-27 02:16:51.458 10 INFO neutron.wsgi [-] 10.0.0.106 "GET / HTTP/1.1" status: 200 len: 247 time: 0.0030448
2026-04-27 02:16:51.460 10 INFO neutron.wsgi [-] 10.0.0.106 "GET / HTTP/1.1" status: 200 len: 247 time: 0.0015295
2026-04-27 02:17:06.457 10 INFO neutron.wsgi [-] 10.0.0.106 "GET / HTTP/1.1" status: 200 len: 247 time: 0.0016685
2026-04-27 02:17:06.462 9 INFO neutron.wsgi [-] 10.0.0.106 "GET / HTTP/1.1" status: 200 len: 247 time: 0.0032668
2026-04-27 02:17:21.455 10 INFO neutron.wsgi [-] 10.0.0.106 "GET / HTTP/1.1" status: 200 len: 247 time: 0.0020242
2026-04-27 02:17:21.459 10 INFO neutron.wsgi [-] 10.0.0.106 "GET / HTTP/1.1" status: 200 len: 247 time: 0.0022867
2026-04-27 02:17:36.456 10 INFO neutron.wsgi [-] 10.0.0.106 "GET / HTTP/1.1" status: 200 len: 247 time: 0.0023687
2026-04-27 02:17:36.459 10 INFO neutron.wsgi [-] 10.0.0.106 "GET / HTTP/1.1" status: 200 len: 247 time: 0.0018041 /var/lib/openstack/lib/python3.10/site-packages/pycadf/identifier.py:71: UserWarning: Invalid uuid: neutron. To ensure interoperability, identifiers should be a valid uuid. warnings.warn(('Invalid uuid: %s. To ensure interoperability, '
