2026-04-27 02:33:34.596 9 INFO neutron.wsgi [req-999e5402-279a-4135-8a60-110b107225c8 req-ffcc2563-39bd-4585-b930-abc64aa9e4d0 36223721a40349efaa89d75837b534e3 a3385b78d20f409d848520dc7a2e342f - - default default] 10.0.0.199 "GET /v2.0/quotas/a3385b78d20f409d848520dc7a2e342f HTTP/1.1" status: 200 len: 386 time: 0.0293574
2026-04-27 02:33:34.610 9 INFO neutron.services.segments.plugin [-] Segment 783e363b-44ef-4a88-9cfa-e270dd3549d4 resource provider aggregate not found
2026-04-27 02:33:34.615 9 INFO neutron.services.segments.plugin [-] Segment 783e363b-44ef-4a88-9cfa-e270dd3549d4 resource provider aggregate not found
2026-04-27 02:33:34.638 9 INFO neutron.services.segments.plugin [-] Segment 783e363b-44ef-4a88-9cfa-e270dd3549d4 resource provider not found; error: Placement Client Error (4xx): {"errors": [{"status": 404, "title": "Not Found", "detail": "The resource could not be found.\n\n No resource provider with uuid 783e363b-44ef-4a88-9cfa-e270dd3549d4 found for delete ", "request_id": "req-db165134-b6fe-411e-b431-ae41c36d194e"}]}
2026-04-27 02:33:34.642 9 INFO neutron.services.segments.plugin [-] Segment 783e363b-44ef-4a88-9cfa-e270dd3549d4 resource provider not found; error: Placement Client Error (4xx): {"errors": [{"status": 404, "title": "Not Found", "detail": "The resource could not be found.\n\n No resource provider with uuid 783e363b-44ef-4a88-9cfa-e270dd3549d4 found for delete ", "request_id": "req-fc7ec105-11c9-4cbe-bc8a-956fa1130992"}]}
2026-04-27 02:33:34.691 9 INFO neutron.wsgi [None req-4b895cad-87c1-47dd-9d90-f0726015ec86 977a1c27a6e74db98ac2f0baf1ec6c47 38f3aa7c7fa5408c8d3a08ff28efcb38 - - default default] 10.0.0.133 "DELETE /v2.0/networks/1d95163f-086e-49de-aaae-290f694b353b HTTP/1.1" status: 204 len: 168 time: 0.5661340
2026-04-27 02:33:34.727 10 INFO neutron.wsgi [None req-41894e84-eded-4024-a342-46916df49533 da025492993b4f17bd03ab3a9a2f9dfb 84c9ec2c172740839ffaeaf719554b4c - - default default] 10.0.0.133 "DELETE /v2.0/ports/8513ed6c-c98b-4c34-99d7-5835c8f600e1 HTTP/1.1" status: 204 len: 168 time: 0.2646055
2026-04-27 02:33:34.747 10 INFO neutron.pecan_wsgi.hooks.translation [None req-c5e8cb16-d69c-4f6f-8f51-9820a128a11e da025492993b4f17bd03ab3a9a2f9dfb 84c9ec2c172740839ffaeaf719554b4c - - default default] GET failed (client error): The resource could not be found.
2026-04-27 02:33:34.749 10 INFO neutron.wsgi [None req-c5e8cb16-d69c-4f6f-8f51-9820a128a11e da025492993b4f17bd03ab3a9a2f9dfb 84c9ec2c172740839ffaeaf719554b4c - - default default] 10.0.0.133 "GET /v2.0/ports/8513ed6c-c98b-4c34-99d7-5835c8f600e1 HTTP/1.1" status: 404 len: 333 time: 0.0167708
2026-04-27 02:33:34.771 9 INFO neutron.wsgi [req-999e5402-279a-4135-8a60-110b107225c8 req-b7b91f88-29d6-468b-903b-dd7db26db5af 36223721a40349efaa89d75837b534e3 a3385b78d20f409d848520dc7a2e342f - - default default] 10.0.0.199 "GET /v2.0/ports?tenant_id=a3385b78d20f409d848520dc7a2e342f&fields=id HTTP/1.1" status: 200 len: 302 time: 0.1620164
2026-04-27 02:33:34.929 10 INFO neutron.wsgi [None req-161184c5-d3ef-4fc5-b36a-7c3da84bfb53 da025492993b4f17bd03ab3a9a2f9dfb 84c9ec2c172740839ffaeaf719554b4c - - default default] 10.0.0.133 "DELETE /v2.0/subnets/8d693353-21a9-4be1-8f2a-02ffe32cb76b HTTP/1.1" status: 204 len: 168 time: 0.1761048
2026-04-27 02:33:35.082 9 INFO neutron.db.ovn_revision_numbers_db [None req-a0f3bd94-8c93-4a29-b8bd-3d0e33a66868 8b93a965e6474e99b501a7524d56f08a 3063117512aa46d788a792b7523ebd1c - - default default] Successfully bumped revision number for resource e7cce1d2-c22f-4586-898f-cde53841a751 (type: ports) to 1
2026-04-27 02:33:35.096 9 INFO neutron.wsgi [req-999e5402-279a-4135-8a60-110b107225c8 req-69ec4916-e4dd-4be7-b492-178a73d17b84 8f4a0e6c347e4983846d856c47d85f0a 32b22917c452452a92db088bc3c4cad0 - - 3a79f97034744e4c8e2df7c686d86d1f 3a79f97034744e4c8e2df7c686d86d1f] 10.0.0.199 "GET /v2.0/networks/6879d74d-9596-4bb3-9040-c3d9ca37690d?fields=segments HTTP/1.1" status: 200 len: 212 time: 0.3136625
2026-04-27 02:33:35.134 9 INFO neutron.wsgi [None req-a0f3bd94-8c93-4a29-b8bd-3d0e33a66868 8b93a965e6474e99b501a7524d56f08a 3063117512aa46d788a792b7523ebd1c - - default default] 10.0.0.133 "POST /v2.0/ports HTTP/1.1" status: 201 len: 1153 time: 1.0243962
2026-04-27 02:33:35.217 9 INFO neutron.wsgi [req-999e5402-279a-4135-8a60-110b107225c8 req-26e03f85-e3f3-4467-a77d-c428635221f7 8f4a0e6c347e4983846d856c47d85f0a 32b22917c452452a92db088bc3c4cad0 - - 3a79f97034744e4c8e2df7c686d86d1f 3a79f97034744e4c8e2df7c686d86d1f] 10.0.0.199 "GET /v2.0/networks/6879d74d-9596-4bb3-9040-c3d9ca37690d?fields=provider%3Aphysical_network&fields=provider%3Anetwork_type HTTP/1.1" status: 200 len: 277 time: 0.1072834
2026-04-27 02:33:35.247 10 INFO neutron.services.segments.plugin [-] Segment 673f7ac0-36ec-4d6a-8234-e2e59070be32 resource provider aggregate not found
2026-04-27 02:33:35.252 10 INFO neutron.services.segments.plugin [-] Segment 673f7ac0-36ec-4d6a-8234-e2e59070be32 resource provider aggregate not found
2026-04-27 02:33:35.263 10 INFO neutron.services.segments.plugin [-] Segment 673f7ac0-36ec-4d6a-8234-e2e59070be32 resource provider not found; error: Placement Client Error (4xx): {"errors": [{"status": 404, "title": "Not Found", "detail": "The resource could not be found.\n\n No resource provider with uuid 673f7ac0-36ec-4d6a-8234-e2e59070be32 found for delete ", "request_id": "req-f2c54212-477a-4007-bcbd-fa7ea19dc373"}]}
2026-04-27 02:33:35.265 10 INFO neutron.services.segments.plugin [-] Segment 673f7ac0-36ec-4d6a-8234-e2e59070be32 resource provider not found; error: Placement Client Error (4xx): {"errors": [{"status": 404, "title": "Not Found", "detail": "The resource could not be found.\n\n No resource provider with uuid 673f7ac0-36ec-4d6a-8234-e2e59070be32 found for delete ", "request_id": "req-1548bf99-0760-486b-ade5-40ba783d113e"}]}
2026-04-27 02:33:35.296 10 INFO neutron.wsgi [None req-fd83c74e-8994-404c-b1b6-bb8cdd87615a da025492993b4f17bd03ab3a9a2f9dfb 84c9ec2c172740839ffaeaf719554b4c - - default default] 10.0.0.133 "DELETE /v2.0/networks/65f68536-eb6e-4ec9-a4ac-84decd2b8ea1 HTTP/1.1" status: 204 len: 168 time: 0.3635244
2026-04-27 02:33:35.366 10 INFO neutron.wsgi [req-39380df3-852a-483b-b48f-c49cf3696c61 req-c681a105-33c9-497f-bf72-517207957038 36223721a40349efaa89d75837b534e3 a3385b78d20f409d848520dc7a2e342f - - default default] 10.0.0.199 "GET /v2.0/ports?device_id=5f26309f-21ca-43c2-b076-2966bc7aae87 HTTP/1.1" status: 200 len: 210 time: 0.0214112
2026-04-27 02:33:35.414 10 WARNING neutron.plugins.ml2.drivers.ovn.mech_driver.ovsdb.ovn_client [None req-47a401a3-1ba8-47e9-990a-f89907c2c9fb - - - - - -] No hosting information found for port 5459f4d4-c80a-4491-9f3b-d62fcb3c93d9: RuntimeError: No hosting information found for port 5459f4d4-c80a-4491-9f3b-d62fcb3c93d9
2026-04-27 02:33:35.415 10 INFO neutron.plugins.ml2.drivers.ovn.mech_driver.mech_driver [None req-47a401a3-1ba8-47e9-990a-f89907c2c9fb - - - - - -] OVN reports status up for port: 86afaf0c-7e7e-4de8-a8dd-376be940375d
2026-04-27 02:33:35.432 10 INFO neutron.plugins.ml2.plugin [None req-47a401a3-1ba8-47e9-990a-f89907c2c9fb - - - - - -] Attempt 1 to provision port 86afaf0c-7e7e-4de8-a8dd-376be940375d
2026-04-27 02:33:35.475 9 INFO neutron.wsgi [None req-f53938a7-86da-4414-a4c3-8f9da8b69aff 977a1c27a6e74db98ac2f0baf1ec6c47 38f3aa7c7fa5408c8d3a08ff28efcb38 - - default default] 10.0.0.133 "DELETE /v2.0/networks/7d9ca76e-0863-47b3-bb84-61ed3172a4c0 HTTP/1.1" status: 204 len: 168 time: 0.7782614
2026-04-27 02:33:35.486 9 WARNING neutron.scheduler.dhcp_agent_scheduler [None req-4bd1c71e-fdc3-48c9-a2a5-d1662b23d11d 8b93a965e6474e99b501a7524d56f08a 3063117512aa46d788a792b7523ebd1c - - default default] No more DHCP agents
2026-04-27 02:33:35.497 9 WARNING neutron.api.rpc.agentnotifiers.dhcp_rpc_agent_api [None req-4bd1c71e-fdc3-48c9-a2a5-d1662b23d11d 8b93a965e6474e99b501a7524d56f08a 3063117512aa46d788a792b7523ebd1c - - default default] Unable to schedule network 41c2b178-ba8f-472c-bcd1-18379c61da8c: no agents available; will retry on subsequent port and subnet creation events.
2026-04-27 02:33:35.582 9 INFO neutron.wsgi [None req-ce570c5c-092c-4e30-be82-668dcb87a2c7 977a1c27a6e74db98ac2f0baf1ec6c47 38f3aa7c7fa5408c8d3a08ff28efcb38 - - default default] 10.0.0.133 "GET /v2.0/networks HTTP/1.1" status: 200 len: 845 time: 0.0982690
2026-04-27 02:33:35.588 10 WARNING neutron.scheduler.dhcp_agent_scheduler [None req-5a6a1fe3-f4a4-42cd-94be-7879f4d743ba da025492993b4f17bd03ab3a9a2f9dfb 84c9ec2c172740839ffaeaf719554b4c - - default default] No more DHCP agents
2026-04-27 02:33:35.601 10 WARNING neutron.api.rpc.agentnotifiers.dhcp_rpc_agent_api [None req-5a6a1fe3-f4a4-42cd-94be-7879f4d743ba da025492993b4f17bd03ab3a9a2f9dfb 84c9ec2c172740839ffaeaf719554b4c - - default default] Unable to schedule network 6accf523-3a39-45f7-9ab0-252e0395d23e: no agents available; will retry on subsequent port and subnet creation events. /var/lib/openstack/lib/python3.10/site-packages/pycadf/identifier.py:71: UserWarning: Invalid uuid: neutron. To ensure interoperability, identifiers should be a valid uuid. warnings.warn(('Invalid uuid: %s. To ensure interoperability, '
2026-04-27 02:33:35.794 10 INFO neutron.db.segments_db [None req-f9810685-553a-4271-b2dc-e14fcc73688d 977a1c27a6e74db98ac2f0baf1ec6c47 38f3aa7c7fa5408c8d3a08ff28efcb38 - - default default] Added segment 436fba6c-4df1-43f1-8fa9-79d2823167b2 of type geneve for network cac36a1f-be3b-42a7-864a-66614cbd91bd
2026-04-27 02:33:35.804 10 INFO neutron.db.ovn_revision_numbers_db [None req-5a6a1fe3-f4a4-42cd-94be-7879f4d743ba da025492993b4f17bd03ab3a9a2f9dfb 84c9ec2c172740839ffaeaf719554b4c - - default default] Successfully bumped revision number for resource 341aae3a-9650-4c39-ba85-7c685cf4ea19 (type: ports) to 1
2026-04-27 02:33:35.859 10 INFO neutron.wsgi [None req-5a6a1fe3-f4a4-42cd-94be-7879f4d743ba da025492993b4f17bd03ab3a9a2f9dfb 84c9ec2c172740839ffaeaf719554b4c - - default default] 10.0.0.133 "POST /v2.0/ports HTTP/1.1" status: 201 len: 976 time: 0.5533373
2026-04-27 02:33:35.875 9 INFO neutron.db.l3_db [None req-4bd1c71e-fdc3-48c9-a2a5-d1662b23d11d 8b93a965e6474e99b501a7524d56f08a 3063117512aa46d788a792b7523ebd1c - - default default] Floating IP b41a01a7-b98a-42a7-bcac-14c68d933d93 associated. External IP: 10.96.250.203, port: e7cce1d2-c22f-4586-898f-cde53841a751.
2026-04-27 02:33:36.121 9 INFO neutron.db.ovn_revision_numbers_db [None req-4bd1c71e-fdc3-48c9-a2a5-d1662b23d11d 8b93a965e6474e99b501a7524d56f08a 3063117512aa46d788a792b7523ebd1c - - default default] Successfully bumped revision number for resource b41a01a7-b98a-42a7-bcac-14c68d933d93 (type: floatingips) to 0
2026-04-27 02:33:36.137 9 INFO neutron.plugins.ml2.drivers.ovn.mech_driver.mech_driver [None req-af2f02a5-7065-4c20-86e0-f187760070a0 - - - - - -] OVN reports status down for port: 341aae3a-9650-4c39-ba85-7c685cf4ea19
2026-04-27 02:33:36.173 10 INFO neutron.db.ovn_revision_numbers_db [None req-47a401a3-1ba8-47e9-990a-f89907c2c9fb - - - - - -] Successfully bumped revision number for resource 86afaf0c-7e7e-4de8-a8dd-376be940375d (type: ports) to 2
2026-04-27 02:33:36.183 9 INFO neutron.db.ovn_revision_numbers_db [None req-ad048593-482e-4650-b198-b869914b786c da025492993b4f17bd03ab3a9a2f9dfb 84c9ec2c172740839ffaeaf719554b4c - - default default] Successfully bumped revision number for resource 341aae3a-9650-4c39-ba85-7c685cf4ea19 (type: ports) to 2
2026-04-27 02:33:36.202 9 INFO neutron.wsgi [None req-ad048593-482e-4650-b198-b869914b786c da025492993b4f17bd03ab3a9a2f9dfb 84c9ec2c172740839ffaeaf719554b4c - - default default] 10.0.0.133 "PUT /v2.0/ports/341aae3a-9650-4c39-ba85-7c685cf4ea19 HTTP/1.1" status: 200 len: 946 time: 0.3362412
2026-04-27 02:33:36.277 9 INFO neutron.db.ovn_revision_numbers_db [None req-4bd1c71e-fdc3-48c9-a2a5-d1662b23d11d 8b93a965e6474e99b501a7524d56f08a 3063117512aa46d788a792b7523ebd1c - - default default] Successfully bumped revision number for resource b41a01a7-b98a-42a7-bcac-14c68d933d93 (type: floatingips) to 1
2026-04-27 02:33:36.294 10 INFO neutron.wsgi [req-999e5402-279a-4135-8a60-110b107225c8 req-3038d9af-07c5-4fe1-9b47-5481b6427651 36223721a40349efaa89d75837b534e3 a3385b78d20f409d848520dc7a2e342f - - default default] 199.204.45.222 "GET /v2.0/networks?id=6879d74d-9596-4bb3-9040-c3d9ca37690d HTTP/1.1" status: 200 len: 875 time: 0.1935389
2026-04-27 02:33:36.299 10 INFO neutron.db.ovn_revision_numbers_db [None req-f9810685-553a-4271-b2dc-e14fcc73688d 977a1c27a6e74db98ac2f0baf1ec6c47 38f3aa7c7fa5408c8d3a08ff28efcb38 - - default default] Successfully bumped revision number for resource cac36a1f-be3b-42a7-864a-66614cbd91bd (type: networks) to 1
2026-04-27 02:33:36.329 9 INFO neutron.wsgi [None req-4bd1c71e-fdc3-48c9-a2a5-d1662b23d11d 8b93a965e6474e99b501a7524d56f08a 3063117512aa46d788a792b7523ebd1c - - default default] 10.0.0.133 "POST /v2.0/floatingips HTTP/1.1" status: 201 len: 1040 time: 1.1894460 /var/lib/openstack/lib/python3.10/site-packages/pycadf/identifier.py:71: UserWarning: Invalid uuid: neutron. To ensure interoperability, identifiers should be a valid uuid. warnings.warn(('Invalid uuid: %s. To ensure interoperability, '
2026-04-27 02:33:36.411 10 INFO neutron.wsgi [req-999e5402-279a-4135-8a60-110b107225c8 req-d85fa434-fe7b-4175-8d8c-97105d482d29 36223721a40349efaa89d75837b534e3 a3385b78d20f409d848520dc7a2e342f - - default default] 199.204.45.222 "GET /v2.0/security-groups?fields=id&fields=name&tenant_id=a3385b78d20f409d848520dc7a2e342f HTTP/1.1" status: 200 len: 380 time: 0.0925088
2026-04-27 02:33:36.463 9 INFO neutron.wsgi [-] 10.0.0.106 "GET / HTTP/1.1" status: 200 len: 247 time: 0.0013320
2026-04-27 02:33:36.465 9 INFO neutron.wsgi [-] 10.0.0.106 "GET / HTTP/1.1" status: 200 len: 247 time: 0.0008812
2026-04-27 02:33:36.475 9 INFO neutron.wsgi [req-90253fe5-5390-4df7-90c7-d49ad2ee8da2 req-dbc4a99e-2bf7-4fe8-9fce-bcc358f1ec1a 36223721a40349efaa89d75837b534e3 a3385b78d20f409d848520dc7a2e342f - - default default] 10.0.0.199 "GET /v2.0/ports?device_id=5f26309f-21ca-43c2-b076-2966bc7aae87 HTTP/1.1" status: 200 len: 210 time: 0.0310211
2026-04-27 02:33:36.493 9 INFO neutron.db.l3_db [None req-e19d1367-0825-4011-8efe-b11130d9d97c 8b93a965e6474e99b501a7524d56f08a 3063117512aa46d788a792b7523ebd1c - - default default] Floating IP b41a01a7-b98a-42a7-bcac-14c68d933d93 disassociated. External IP: 10.96.250.203, port: e7cce1d2-c22f-4586-898f-cde53841a751.
2026-04-27 02:33:36.533 9 INFO neutron.db.ovn_revision_numbers_db [None req-e19d1367-0825-4011-8efe-b11130d9d97c 8b93a965e6474e99b501a7524d56f08a 3063117512aa46d788a792b7523ebd1c - - default default] Successfully bumped revision number for resource b41a01a7-b98a-42a7-bcac-14c68d933d93 (type: floatingips) to 2
2026-04-27 02:33:36.599 10 INFO neutron.db.ovn_revision_numbers_db [None req-47a401a3-1ba8-47e9-990a-f89907c2c9fb - - - - - -] Successfully bumped revision number for resource 86afaf0c-7e7e-4de8-a8dd-376be940375d (type: router_ports) to 2
2026-04-27 02:33:36.603 9 INFO neutron.wsgi [None req-e19d1367-0825-4011-8efe-b11130d9d97c 8b93a965e6474e99b501a7524d56f08a 3063117512aa46d788a792b7523ebd1c - - default default] 10.0.0.133 "PUT /v2.0/floatingips/b41a01a7-b98a-42a7-bcac-14c68d933d93 HTTP/1.1" status: 200 len: 748 time: 0.2678440
2026-04-27 02:33:36.661 9 INFO neutron.services.segments.plugin [-] Segment 48311292-6512-4cd0-bc48-074e7d3ba580 resource provider aggregate not found
2026-04-27 02:33:36.666 9 INFO neutron.services.segments.plugin [-] Segment 48311292-6512-4cd0-bc48-074e7d3ba580 resource provider aggregate not found
2026-04-27 02:33:36.679 9 INFO neutron.services.segments.plugin [-] Segment 48311292-6512-4cd0-bc48-074e7d3ba580 resource provider not found; error: Placement Client Error (4xx): {"errors": [{"status": 404, "title": "Not Found", "detail": "The resource could not be found.\n\n No resource provider with uuid 48311292-6512-4cd0-bc48-074e7d3ba580 found for delete ", "request_id": "req-8c480473-a809-4e9d-aaa4-cc03c2332f58"}]}
2026-04-27 02:33:36.680 9 INFO neutron.services.segments.plugin [-] Segment 48311292-6512-4cd0-bc48-074e7d3ba580 resource provider not found; error: Placement Client Error (4xx): {"errors": [{"status": 404, "title": "Not Found", "detail": "The resource could not be found.\n\n No resource provider with uuid 48311292-6512-4cd0-bc48-074e7d3ba580 found for delete ", "request_id": "req-84c28aa5-0e53-4e7a-b27c-8c337b2de215"}]}
2026-04-27 02:33:36.704 10 WARNING neutron.scheduler.dhcp_agent_scheduler [None req-f9810685-553a-4271-b2dc-e14fcc73688d 977a1c27a6e74db98ac2f0baf1ec6c47 38f3aa7c7fa5408c8d3a08ff28efcb38 - - default default] No more DHCP agents
2026-04-27 02:33:36.708 10 WARNING neutron.api.rpc.agentnotifiers.dhcp_rpc_agent_api [None req-f9810685-553a-4271-b2dc-e14fcc73688d 977a1c27a6e74db98ac2f0baf1ec6c47 38f3aa7c7fa5408c8d3a08ff28efcb38 - - default default] Unable to schedule network cac36a1f-be3b-42a7-864a-66614cbd91bd: no agents available; will retry on subsequent port and subnet creation events.
2026-04-27 02:33:36.816 10 INFO neutron.wsgi [None req-129bc72c-1b5d-435c-9a3f-b8ebb7abaadc da025492993b4f17bd03ab3a9a2f9dfb 84c9ec2c172740839ffaeaf719554b4c - - default default] 10.0.0.133 "DELETE /v2.0/ports/341aae3a-9650-4c39-ba85-7c685cf4ea19 HTTP/1.1" status: 204 len: 168 time: 0.6045594
2026-04-27 02:33:36.849 10 INFO neutron.db.ovn_revision_numbers_db [None req-f9810685-553a-4271-b2dc-e14fcc73688d 977a1c27a6e74db98ac2f0baf1ec6c47 38f3aa7c7fa5408c8d3a08ff28efcb38 - - default default] Successfully bumped revision number for resource 563e77ba-fb0a-4077-8c74-92f0703b6fda (type: ports) to 1
2026-04-27 02:33:36.882 10 INFO neutron.wsgi [None req-f9810685-553a-4271-b2dc-e14fcc73688d 977a1c27a6e74db98ac2f0baf1ec6c47 38f3aa7c7fa5408c8d3a08ff28efcb38 - - default default] 10.0.0.133 "POST /v2.0/networks HTTP/1.1" status: 201 len: 853 time: 1.2859335
2026-04-27 02:33:36.917 9 INFO neutron.wsgi [None req-1181767f-7a8f-4e6c-b78c-9ef01204de3e da025492993b4f17bd03ab3a9a2f9dfb 84c9ec2c172740839ffaeaf719554b4c - - default default] 10.0.0.133 "GET /v2.0/ports HTTP/1.1" status: 200 len: 1732 time: 0.0937452
2026-04-27 02:33:36.937 9 INFO neutron.pecan_wsgi.hooks.translation [None req-7deee556-08e7-449b-80dc-eac57ce42418 da025492993b4f17bd03ab3a9a2f9dfb 84c9ec2c172740839ffaeaf719554b4c - - default default] GET failed (client error): The resource could not be found.
2026-04-27 02:33:36.939 9 INFO neutron.wsgi [None req-7deee556-08e7-449b-80dc-eac57ce42418 da025492993b4f17bd03ab3a9a2f9dfb 84c9ec2c172740839ffaeaf719554b4c - - default default] 10.0.0.133 "GET /v2.0/ports/341aae3a-9650-4c39-ba85-7c685cf4ea19 HTTP/1.1" status: 404 len: 333 time: 0.0166166
2026-04-27 02:33:36.982 9 INFO neutron.wsgi [None req-399a8fd8-601b-4242-bd63-16390c5d639a da025492993b4f17bd03ab3a9a2f9dfb 84c9ec2c172740839ffaeaf719554b4c - - default default] 10.0.0.133 "GET /v2.0/ports HTTP/1.1" status: 200 len: 1732 time: 0.0360513
2026-04-27 02:33:36.985 10 INFO neutron.db.segments_db [None req-ed70a248-25f4-4312-8ea9-95b8db121681 977a1c27a6e74db98ac2f0baf1ec6c47 38f3aa7c7fa5408c8d3a08ff28efcb38 - - default default] Added segment ae8ac19b-5b68-403a-a8a8-3badd9094559 of type geneve for network 83b41f3c-f0c2-4b61-b5cf-0142f3e8fe11
2026-04-27 02:33:36.990 10 WARNING neutron.scheduler.dhcp_agent_scheduler [req-999e5402-279a-4135-8a60-110b107225c8 req-42831363-2d1f-4197-b3a0-8a569ad86653 36223721a40349efaa89d75837b534e3 a3385b78d20f409d848520dc7a2e342f - - default default] No more DHCP agents
2026-04-27 02:33:36.993 10 WARNING neutron.api.rpc.agentnotifiers.dhcp_rpc_agent_api [req-999e5402-279a-4135-8a60-110b107225c8 req-42831363-2d1f-4197-b3a0-8a569ad86653 36223721a40349efaa89d75837b534e3 a3385b78d20f409d848520dc7a2e342f - - default default] Unable to schedule network 6879d74d-9596-4bb3-9040-c3d9ca37690d: no agents available; will retry on subsequent port and subnet creation events.
2026-04-27 02:33:37.022 9 INFO neutron.wsgi [None req-13d8f8cd-2c4e-465e-bfef-301dd070b6ed da025492993b4f17bd03ab3a9a2f9dfb 84c9ec2c172740839ffaeaf719554b4c - - default default] 10.0.0.133 "GET /v2.0/ports/6dc5a06f-cfd9-479b-b0c0-059ae5bf1234 HTTP/1.1" status: 200 len: 972 time: 0.0332606
2026-04-27 02:33:37.043 9 INFO neutron.pecan_wsgi.hooks.translation [None req-3fa36285-ed45-4969-836f-4b053f1d732d da025492993b4f17bd03ab3a9a2f9dfb 84c9ec2c172740839ffaeaf719554b4c - - default default] DELETE failed (client error): The resource could not be found.
2026-04-27 02:33:37.045 9 INFO neutron.wsgi [None req-3fa36285-ed45-4969-836f-4b053f1d732d da025492993b4f17bd03ab3a9a2f9dfb 84c9ec2c172740839ffaeaf719554b4c - - default default] 10.0.0.133 "DELETE /v2.0/ports/8513ed6c-c98b-4c34-99d7-5835c8f600e1 HTTP/1.1" status: 404 len: 333 time: 0.0164413
2026-04-27 02:33:37.057 9 INFO neutron.wsgi [None req-6cc5a692-4f07-4c14-ac04-2cb13a887547 8b93a965e6474e99b501a7524d56f08a 3063117512aa46d788a792b7523ebd1c - - default default] 10.0.0.133 "DELETE /v2.0/floatingips/b41a01a7-b98a-42a7-bcac-14c68d933d93 HTTP/1.1" status: 204 len: 168 time: 0.4503582
2026-04-27 02:33:37.067 9 INFO neutron.pecan_wsgi.hooks.translation [None req-e7ff886d-5c11-4269-93fd-91e6c72009a2 da025492993b4f17bd03ab3a9a2f9dfb 84c9ec2c172740839ffaeaf719554b4c - - default default] DELETE failed (client error): The resource could not be found.
2026-04-27 02:33:37.069 9 INFO neutron.wsgi [None req-e7ff886d-5c11-4269-93fd-91e6c72009a2 da025492993b4f17bd03ab3a9a2f9dfb 84c9ec2c172740839ffaeaf719554b4c - - default default] 10.0.0.133 "DELETE /v2.0/subnets/8d693353-21a9-4be1-8f2a-02ffe32cb76b HTTP/1.1" status: 404 len: 337 time: 0.0192788 /var/lib/openstack/lib/python3.10/site-packages/pycadf/identifier.py:71: UserWarning: Invalid uuid: neutron. To ensure interoperability, identifiers should be a valid uuid. warnings.warn(('Invalid uuid: %s. To ensure interoperability, '
2026-04-27 02:33:37.086 9 INFO neutron.pecan_wsgi.hooks.translation [None req-d6624372-9d98-4cc9-8cb0-2995debc1308 da025492993b4f17bd03ab3a9a2f9dfb 84c9ec2c172740839ffaeaf719554b4c - - default default] DELETE failed (client error): The resource could not be found.
2026-04-27 02:33:37.088 9 INFO neutron.wsgi [None req-d6624372-9d98-4cc9-8cb0-2995debc1308 da025492993b4f17bd03ab3a9a2f9dfb 84c9ec2c172740839ffaeaf719554b4c - - default default] 10.0.0.133 "DELETE /v2.0/subnets/89978e2b-343f-42e9-b740-8a86989ce7b8 HTTP/1.1" status: 404 len: 337 time: 0.0151494
2026-04-27 02:33:37.201 10 INFO neutron.db.ovn_revision_numbers_db [None req-ed70a248-25f4-4312-8ea9-95b8db121681 977a1c27a6e74db98ac2f0baf1ec6c47 38f3aa7c7fa5408c8d3a08ff28efcb38 - - default default] Successfully bumped revision number for resource 83b41f3c-f0c2-4b61-b5cf-0142f3e8fe11 (type: networks) to 1
2026-04-27 02:33:37.280 10 INFO neutron.db.ovn_revision_numbers_db [req-999e5402-279a-4135-8a60-110b107225c8 req-42831363-2d1f-4197-b3a0-8a569ad86653 36223721a40349efaa89d75837b534e3 a3385b78d20f409d848520dc7a2e342f - - default default] Successfully bumped revision number for resource 99755bcc-16a3-4468-8af0-40b795aed9c2 (type: ports) to 1
2026-04-27 02:33:37.296 9 INFO neutron.wsgi [None req-056903c6-833f-4a29-8fcd-b570ce03d7aa da025492993b4f17bd03ab3a9a2f9dfb 84c9ec2c172740839ffaeaf719554b4c - - default default] 10.0.0.133 "DELETE /v2.0/ports/6dc5a06f-cfd9-479b-b0c0-059ae5bf1234 HTTP/1.1" status: 204 len: 168 time: 0.2043209
2026-04-27 02:33:37.330 10 INFO neutron.wsgi [req-999e5402-279a-4135-8a60-110b107225c8 req-42831363-2d1f-4197-b3a0-8a569ad86653 36223721a40349efaa89d75837b534e3 a3385b78d20f409d848520dc7a2e342f - - default default] 199.204.45.222 "POST /v2.0/ports HTTP/1.1" status: 201 len: 1158 time: 0.9058239
2026-04-27 02:33:37.491 10 WARNING neutron.scheduler.dhcp_agent_scheduler [None req-ed70a248-25f4-4312-8ea9-95b8db121681 977a1c27a6e74db98ac2f0baf1ec6c47 38f3aa7c7fa5408c8d3a08ff28efcb38 - - default default] No more DHCP agents
2026-04-27 02:33:37.497 10 WARNING neutron.api.rpc.agentnotifiers.dhcp_rpc_agent_api [None req-ed70a248-25f4-4312-8ea9-95b8db121681 977a1c27a6e74db98ac2f0baf1ec6c47 38f3aa7c7fa5408c8d3a08ff28efcb38 - - default default] Unable to schedule network 83b41f3c-f0c2-4b61-b5cf-0142f3e8fe11: no agents available; will retry on subsequent port and subnet creation events.
2026-04-27 02:33:37.528 10 WARNING neutron.scheduler.dhcp_agent_scheduler [None req-3beb467c-2789-45c6-bc0f-678f617a0c65 8b93a965e6474e99b501a7524d56f08a 3063117512aa46d788a792b7523ebd1c - - default default] No more DHCP agents
2026-04-27 02:33:37.536 10 WARNING neutron.api.rpc.agentnotifiers.dhcp_rpc_agent_api [None req-3beb467c-2789-45c6-bc0f-678f617a0c65 8b93a965e6474e99b501a7524d56f08a 3063117512aa46d788a792b7523ebd1c - - default default] Unable to schedule network 41c2b178-ba8f-472c-bcd1-18379c61da8c: no agents available; will retry on subsequent port and subnet creation events.
2026-04-27 02:33:37.652 9 INFO neutron.wsgi [None req-d7bb6e91-6e03-4703-ba9c-b27d365147c2 da025492993b4f17bd03ab3a9a2f9dfb 84c9ec2c172740839ffaeaf719554b4c - - default default] 10.0.0.133 "DELETE /v2.0/networks/6accf523-3a39-45f7-9ab0-252e0395d23e HTTP/1.1" status: 204 len: 168 time: 0.3507783
2026-04-27 02:33:37.920 10 INFO neutron.db.ovn_revision_numbers_db [None req-ed70a248-25f4-4312-8ea9-95b8db121681 977a1c27a6e74db98ac2f0baf1ec6c47 38f3aa7c7fa5408c8d3a08ff28efcb38 - - default default] Successfully bumped revision number for resource d7d8d1f2-658b-4d28-8bbf-f8595f451eae (type: ports) to 1
2026-04-27 02:33:37.932 10 INFO neutron.wsgi [req-79e6b065-0cde-4e81-a057-33599541b69e req-87cc5d65-bce1-40db-8ccc-cd4c652e966f 36223721a40349efaa89d75837b534e3 a3385b78d20f409d848520dc7a2e342f - - default default] 10.0.0.199 "GET /v2.0/ports?device_id=5f26309f-21ca-43c2-b076-2966bc7aae87 HTTP/1.1" status: 200 len: 1156 time: 0.3887589
2026-04-27 02:33:37.985 10 INFO neutron.wsgi [None req-ed70a248-25f4-4312-8ea9-95b8db121681 977a1c27a6e74db98ac2f0baf1ec6c47 38f3aa7c7fa5408c8d3a08ff28efcb38 - - default default] 10.0.0.133 "POST /v2.0/networks HTTP/1.1" status: 201 len: 853 time: 1.0979829
2026-04-27 02:33:38.030 10 INFO neutron.wsgi [req-79e6b065-0cde-4e81-a057-33599541b69e req-c69c8e4f-db14-4ec9-8a14-6377f9eee244 36223721a40349efaa89d75837b534e3 a3385b78d20f409d848520dc7a2e342f - - default default] 10.0.0.199 "GET /v2.0/security-groups?id=ec619d2c-2364-4626-882f-ef6368919607&fields=id&fields=name HTTP/1.1" status: 200 len: 313 time: 0.0902567
2026-04-27 02:33:38.246 10 INFO neutron.db.ovn_revision_numbers_db [req-999e5402-279a-4135-8a60-110b107225c8 req-ed966621-6930-4906-8c3a-9d2a82231b96 8f4a0e6c347e4983846d856c47d85f0a 32b22917c452452a92db088bc3c4cad0 - - 3a79f97034744e4c8e2df7c686d86d1f 3a79f97034744e4c8e2df7c686d86d1f] Successfully bumped revision number for resource 99755bcc-16a3-4468-8af0-40b795aed9c2 (type: ports) to 2 /var/lib/openstack/lib/python3.10/site-packages/pycadf/identifier.py:71: UserWarning: Invalid uuid: neutron. To ensure interoperability, identifiers should be a valid uuid. warnings.warn(('Invalid uuid: %s. To ensure interoperability, '
2026-04-27 02:33:38.386 10 INFO neutron.wsgi [None req-b4918623-878c-4118-a30d-58f0335ea179 914dd4db0ab649508cf1033617215d38 4af2726539924833aacb935f2fbb1410 - - default default] 10.0.0.133 "GET /v2.0/security-groups?tenant_id=84c9ec2c172740839ffaeaf719554b4c&name=default HTTP/1.1" status: 200 len: 2996 time: 0.1961155
2026-04-27 02:33:38.404 10 INFO neutron.db.l3_db [None req-3beb467c-2789-45c6-bc0f-678f617a0c65 8b93a965e6474e99b501a7524d56f08a 3063117512aa46d788a792b7523ebd1c - - default default] Floating IP 38bb9fa4-a9f1-4891-93f5-06d3679e27e4 associated. External IP: 10.96.250.206, port: 1af25ae5-d1b7-4866-b872-af8e23f5ed5b.
2026-04-27 02:33:38.493 9 WARNING neutron.scheduler.dhcp_agent_scheduler [None req-d0011580-cb50-490c-a958-2f21f21112f6 977a1c27a6e74db98ac2f0baf1ec6c47 38f3aa7c7fa5408c8d3a08ff28efcb38 - - default default] No more DHCP agents
2026-04-27 02:33:38.495 9 WARNING neutron.api.rpc.agentnotifiers.dhcp_rpc_agent_api [None req-d0011580-cb50-490c-a958-2f21f21112f6 977a1c27a6e74db98ac2f0baf1ec6c47 38f3aa7c7fa5408c8d3a08ff28efcb38 - - default default] Unable to schedule network cac36a1f-be3b-42a7-864a-66614cbd91bd: no agents available; will retry on subsequent port and subnet creation events.
2026-04-27 02:33:38.570 9 INFO neutron.db.ovn_revision_numbers_db [None req-d0011580-cb50-490c-a958-2f21f21112f6 977a1c27a6e74db98ac2f0baf1ec6c47 38f3aa7c7fa5408c8d3a08ff28efcb38 - - default default] Successfully bumped revision number for resource 705733aa-8aa9-4d71-a694-28e1f439e6a1 (type: ports) to 1
2026-04-27 02:33:38.598 9 WARNING neutron.scheduler.dhcp_agent_scheduler [None req-d0011580-cb50-490c-a958-2f21f21112f6 977a1c27a6e74db98ac2f0baf1ec6c47 38f3aa7c7fa5408c8d3a08ff28efcb38 - - default default] No more DHCP agents
2026-04-27 02:33:38.601 9 WARNING neutron.api.rpc.agentnotifiers.dhcp_rpc_agent_api [None req-d0011580-cb50-490c-a958-2f21f21112f6 977a1c27a6e74db98ac2f0baf1ec6c47 38f3aa7c7fa5408c8d3a08ff28efcb38 - - default default] Unable to schedule network 83b41f3c-f0c2-4b61-b5cf-0142f3e8fe11: no agents available; will retry on subsequent port and subnet creation events.
2026-04-27 02:33:38.653 10 INFO neutron.db.ovn_revision_numbers_db [req-999e5402-279a-4135-8a60-110b107225c8 req-ed966621-6930-4906-8c3a-9d2a82231b96 8f4a0e6c347e4983846d856c47d85f0a 32b22917c452452a92db088bc3c4cad0 - - 3a79f97034744e4c8e2df7c686d86d1f 3a79f97034744e4c8e2df7c686d86d1f] Successfully bumped revision number for resource 99755bcc-16a3-4468-8af0-40b795aed9c2 (type: ports) to 2
2026-04-27 02:33:38.690 10 INFO neutron.wsgi [req-999e5402-279a-4135-8a60-110b107225c8 req-ed966621-6930-4906-8c3a-9d2a82231b96 8f4a0e6c347e4983846d856c47d85f0a 32b22917c452452a92db088bc3c4cad0 - - 3a79f97034744e4c8e2df7c686d86d1f 3a79f97034744e4c8e2df7c686d86d1f] 199.204.45.222 "PUT /v2.0/ports/99755bcc-16a3-4468-8af0-40b795aed9c2 HTTP/1.1" status: 200 len: 1376 time: 1.3499398
2026-04-27 02:33:38.712 9 INFO neutron.services.segments.plugin [-] Segment fe562e58-42e2-4df7-a3f2-f1c316789f20 resource provider aggregate not found
2026-04-27 02:33:38.724 9 INFO neutron.services.segments.plugin [-] Segment fe562e58-42e2-4df7-a3f2-f1c316789f20 resource provider aggregate not found
2026-04-27 02:33:38.732 10 INFO neutron.notifiers.nova [-] Nova event matching ['req-19801078-b1fb-424e-9e4c-92ef4dec3318'] response: {'name': 'network-changed', 'server_uuid': '5f26309f-21ca-43c2-b076-2966bc7aae87', 'tag': '99755bcc-16a3-4468-8af0-40b795aed9c2', 'status': 'completed', 'code': 200}
2026-04-27 02:33:38.755 9 INFO neutron.services.segments.plugin [-] Segment fe562e58-42e2-4df7-a3f2-f1c316789f20 resource provider not found; error: Placement Client Error (4xx): {"errors": [{"status": 404, "title": "Not Found", "detail": "The resource could not be found.\n\n No resource provider with uuid fe562e58-42e2-4df7-a3f2-f1c316789f20 found for delete ", "request_id": "req-c3e93122-0fa4-4fe0-80d1-0e12eef01354"}]} /var/lib/openstack/lib/python3.10/site-packages/pycadf/identifier.py:71: UserWarning: Invalid uuid: neutron. To ensure interoperability, identifiers should be a valid uuid. warnings.warn(('Invalid uuid: %s. To ensure interoperability, '
2026-04-27 02:33:38.757 9 INFO neutron.db.ovn_revision_numbers_db [None req-d0011580-cb50-490c-a958-2f21f21112f6 977a1c27a6e74db98ac2f0baf1ec6c47 38f3aa7c7fa5408c8d3a08ff28efcb38 - - default default] Successfully bumped revision number for resource ee202ec2-438c-4960-a7e1-086f287304e0 (type: ports) to 1
2026-04-27 02:33:38.762 9 INFO neutron.services.segments.plugin [-] Segment fe562e58-42e2-4df7-a3f2-f1c316789f20 resource provider not found; error: Placement Client Error (4xx): {"errors": [{"status": 404, "title": "Not Found", "detail": "The resource could not be found.\n\n No resource provider with uuid fe562e58-42e2-4df7-a3f2-f1c316789f20 found for delete ", "request_id": "req-c5f1fba7-3ece-4857-af9e-ed1f0e322788"}]}
2026-04-27 02:33:38.763 10 INFO neutron.db.ovn_revision_numbers_db [None req-3beb467c-2789-45c6-bc0f-678f617a0c65 8b93a965e6474e99b501a7524d56f08a 3063117512aa46d788a792b7523ebd1c - - default default] Successfully bumped revision number for resource 38bb9fa4-a9f1-4891-93f5-06d3679e27e4 (type: floatingips) to 0
2026-04-27 02:33:38.793 9 INFO neutron.wsgi [None req-d0011580-cb50-490c-a958-2f21f21112f6 977a1c27a6e74db98ac2f0baf1ec6c47 38f3aa7c7fa5408c8d3a08ff28efcb38 - - default default] 10.0.0.133 "POST /v2.0/ports HTTP/1.1" status: 201 len: 1704 time: 0.8034623 /var/lib/openstack/lib/python3.10/site-packages/pycadf/identifier.py:71: UserWarning: Invalid uuid: neutron. To ensure interoperability, identifiers should be a valid uuid. warnings.warn(('Invalid uuid: %s. To ensure interoperability, '
2026-04-27 02:33:38.810 10 INFO neutron.wsgi [req-999e5402-279a-4135-8a60-110b107225c8 req-3026fc52-2d55-4c88-99e9-5fa4fb45f7df 8f4a0e6c347e4983846d856c47d85f0a 32b22917c452452a92db088bc3c4cad0 - - 3a79f97034744e4c8e2df7c686d86d1f 3a79f97034744e4c8e2df7c686d86d1f] 199.204.45.222 "GET /v2.0/ports?tenant_id=a3385b78d20f409d848520dc7a2e342f&device_id=5f26309f-21ca-43c2-b076-2966bc7aae87 HTTP/1.1" status: 200 len: 1407 time: 0.0739870
2026-04-27 02:33:38.855 10 INFO neutron.wsgi [req-999e5402-279a-4135-8a60-110b107225c8 req-139f20ea-d4c0-49ed-9f1e-1c7560194038 8f4a0e6c347e4983846d856c47d85f0a 32b22917c452452a92db088bc3c4cad0 - - 3a79f97034744e4c8e2df7c686d86d1f 3a79f97034744e4c8e2df7c686d86d1f] 199.204.45.222 "GET /v2.0/floatingips?fixed_ip_address=10.100.0.9&port_id=99755bcc-16a3-4468-8af0-40b795aed9c2 HTTP/1.1" status: 200 len: 217 time: 0.0365415
2026-04-27 02:33:38.909 10 INFO neutron.wsgi [req-999e5402-279a-4135-8a60-110b107225c8 req-d8887113-c01c-4442-8442-026863ed992c 8f4a0e6c347e4983846d856c47d85f0a 32b22917c452452a92db088bc3c4cad0 - - 3a79f97034744e4c8e2df7c686d86d1f 3a79f97034744e4c8e2df7c686d86d1f] 199.204.45.222 "GET /v2.0/subnets?id=e376ba8a-85ea-4022-807a-c3fc473ed98c HTTP/1.1" status: 200 len: 869 time: 0.0468805
2026-04-27 02:33:38.914 10 INFO neutron.wsgi [None req-58850cca-8be2-409c-987e-c8a520155a7a 914dd4db0ab649508cf1033617215d38 4af2726539924833aacb935f2fbb1410 - - default default] 10.0.0.133 "DELETE /v2.0/security-groups/92f98625-5cee-4fc6-88bb-937635c7340b HTTP/1.1" status: 204 len: 168 time: 0.5223296
2026-04-27 02:33:38.929 9 INFO neutron.wsgi [None req-abb99b75-1a3e-49cd-9a51-0011d0f310d0 977a1c27a6e74db98ac2f0baf1ec6c47 38f3aa7c7fa5408c8d3a08ff28efcb38 - - default default] 10.0.0.133 "GET /v2.0/ports HTTP/1.1" status: 200 len: 3211 time: 0.1302679
2026-04-27 02:33:38.942 10 INFO neutron.wsgi [req-999e5402-279a-4135-8a60-110b107225c8 req-db4a8ad1-71e8-4db3-acc5-9040aa26d6ca 8f4a0e6c347e4983846d856c47d85f0a 32b22917c452452a92db088bc3c4cad0 - - 3a79f97034744e4c8e2df7c686d86d1f 3a79f97034744e4c8e2df7c686d86d1f] 199.204.45.222 "GET /v2.0/ports?network_id=6879d74d-9596-4bb3-9040-c3d9ca37690d&device_owner=network%3Adhcp HTTP/1.1" status: 200 len: 210 time: 0.0241168
2026-04-27 02:33:38.950 10 INFO neutron.db.ovn_revision_numbers_db [None req-3beb467c-2789-45c6-bc0f-678f617a0c65 8b93a965e6474e99b501a7524d56f08a 3063117512aa46d788a792b7523ebd1c - - default default] Successfully bumped revision number for resource 38bb9fa4-a9f1-4891-93f5-06d3679e27e4 (type: floatingips) to 1
2026-04-27 02:33:39.012 10 INFO neutron.wsgi [None req-3beb467c-2789-45c6-bc0f-678f617a0c65 8b93a965e6474e99b501a7524d56f08a 3063117512aa46d788a792b7523ebd1c - - default default] 10.0.0.133 "POST /v2.0/floatingips HTTP/1.1" status: 201 len: 1041 time: 1.9484551
2026-04-27 02:33:39.047 10 INFO neutron.wsgi [req-999e5402-279a-4135-8a60-110b107225c8 req-8ed10e9c-b909-43ec-8db2-5af009d9be36 8f4a0e6c347e4983846d856c47d85f0a 32b22917c452452a92db088bc3c4cad0 - - 3a79f97034744e4c8e2df7c686d86d1f 3a79f97034744e4c8e2df7c686d86d1f] 199.204.45.222 "GET /v2.0/networks/6879d74d-9596-4bb3-9040-c3d9ca37690d?fields=segments HTTP/1.1" status: 200 len: 212 time: 0.0954044
2026-04-27 02:33:39.062 10 INFO neutron.wsgi [None req-b21b5227-2efe-412a-82b4-e684818db078 8b93a965e6474e99b501a7524d56f08a 3063117512aa46d788a792b7523ebd1c - - default default] 10.0.0.133 "GET /v2.0/floatingips/38bb9fa4-a9f1-4891-93f5-06d3679e27e4 HTTP/1.1" status: 200 len: 1038 time: 0.0445759
2026-04-27 02:33:39.113 10 INFO neutron.wsgi [req-999e5402-279a-4135-8a60-110b107225c8 req-4d787c81-e5c8-46b4-af47-884bcd07ce74 8f4a0e6c347e4983846d856c47d85f0a 32b22917c452452a92db088bc3c4cad0 - - 3a79f97034744e4c8e2df7c686d86d1f 3a79f97034744e4c8e2df7c686d86d1f] 199.204.45.222 "GET /v2.0/networks/6879d74d-9596-4bb3-9040-c3d9ca37690d?fields=provider%3Aphysical_network&fields=provider%3Anetwork_type HTTP/1.1" status: 200 len: 277 time: 0.0576484
2026-04-27 02:33:39.134 10 INFO neutron.wsgi [req-566b7f0d-355b-4730-a95e-ba0c9455df0c req-e6984aba-c8fd-4c4e-875c-8ecfb441b229 36223721a40349efaa89d75837b534e3 a3385b78d20f409d848520dc7a2e342f - - default default] 10.0.0.199 "GET /v2.0/ports?device_id=5f26309f-21ca-43c2-b076-2966bc7aae87 HTTP/1.1" status: 200 len: 1168 time: 0.0344129
2026-04-27 02:33:39.140 9 INFO neutron.wsgi [None req-7d1f130f-f85f-413c-9881-719d5c47dae7 8b93a965e6474e99b501a7524d56f08a 3063117512aa46d788a792b7523ebd1c - - default default] 10.0.0.133 "GET /v2.0/floatingips HTTP/1.1" status: 200 len: 1041 time: 0.0729916
2026-04-27 02:33:39.176 10 INFO neutron.wsgi [req-a11e7e65-f4e1-40f4-8323-62b27d958785 req-f0a47bcf-4286-4723-8fdc-259071a26e49 8f4a0e6c347e4983846d856c47d85f0a 32b22917c452452a92db088bc3c4cad0 - - 3a79f97034744e4c8e2df7c686d86d1f 3a79f97034744e4c8e2df7c686d86d1f] 199.204.45.222 "GET /v2.0/ports?tenant_id=a3385b78d20f409d848520dc7a2e342f&device_id=5f26309f-21ca-43c2-b076-2966bc7aae87 HTTP/1.1" status: 200 len: 1407 time: 0.0271103
2026-04-27 02:33:39.189 10 INFO neutron.wsgi [req-566b7f0d-355b-4730-a95e-ba0c9455df0c req-90e23a3d-944a-47b3-ac80-e23235addc89 36223721a40349efaa89d75837b534e3 a3385b78d20f409d848520dc7a2e342f - - default default] 10.0.0.199 "GET /v2.0/security-groups?id=ec619d2c-2364-4626-882f-ef6368919607&fields=id&fields=name HTTP/1.1" status: 200 len: 313 time: 0.0465565
2026-04-27 02:33:39.238 10 INFO neutron.wsgi [req-a11e7e65-f4e1-40f4-8323-62b27d958785 req-6a059e6d-1de8-4f4d-b57d-501b71c28a7d 8f4a0e6c347e4983846d856c47d85f0a 32b22917c452452a92db088bc3c4cad0 - - 3a79f97034744e4c8e2df7c686d86d1f 3a79f97034744e4c8e2df7c686d86d1f] 199.204.45.222 "GET /v2.0/networks?id=6879d74d-9596-4bb3-9040-c3d9ca37690d HTTP/1.1" status: 200 len: 973 time: 0.0532472
2026-04-27 02:33:39.280 10 INFO neutron.wsgi [req-a11e7e65-f4e1-40f4-8323-62b27d958785 req-2140de46-d2a2-441b-9f00-595eb82b1d8d 8f4a0e6c347e4983846d856c47d85f0a 32b22917c452452a92db088bc3c4cad0 - - 3a79f97034744e4c8e2df7c686d86d1f 3a79f97034744e4c8e2df7c686d86d1f] 199.204.45.222 "GET /v2.0/floatingips?fixed_ip_address=10.100.0.9&port_id=99755bcc-16a3-4468-8af0-40b795aed9c2 HTTP/1.1" status: 200 len: 217 time: 0.0350196
2026-04-27 02:33:39.329 10 INFO neutron.wsgi [req-a11e7e65-f4e1-40f4-8323-62b27d958785 req-8e3fd638-ea99-4fda-b740-20bcf15e07a0 8f4a0e6c347e4983846d856c47d85f0a 32b22917c452452a92db088bc3c4cad0 - - 3a79f97034744e4c8e2df7c686d86d1f 3a79f97034744e4c8e2df7c686d86d1f] 199.204.45.222 "GET /v2.0/subnets?id=e376ba8a-85ea-4022-807a-c3fc473ed98c HTTP/1.1" status: 200 len: 869 time: 0.0434437
2026-04-27 02:33:39.365 10 INFO neutron.wsgi [req-a11e7e65-f4e1-40f4-8323-62b27d958785 req-8381ae47-ccbd-4787-bf97-3b473cdc84ca 8f4a0e6c347e4983846d856c47d85f0a 32b22917c452452a92db088bc3c4cad0 - - 3a79f97034744e4c8e2df7c686d86d1f 3a79f97034744e4c8e2df7c686d86d1f] 199.204.45.222 "GET /v2.0/ports?network_id=6879d74d-9596-4bb3-9040-c3d9ca37690d&device_owner=network%3Adhcp HTTP/1.1" status: 200 len: 210 time: 0.0295441
2026-04-27 02:33:39.450 10 INFO neutron.wsgi [req-a11e7e65-f4e1-40f4-8323-62b27d958785 req-be642dc3-569a-451c-9c09-9e93c4fe59d7 8f4a0e6c347e4983846d856c47d85f0a 32b22917c452452a92db088bc3c4cad0 - - 3a79f97034744e4c8e2df7c686d86d1f 3a79f97034744e4c8e2df7c686d86d1f] 199.204.45.222 "GET /v2.0/networks/6879d74d-9596-4bb3-9040-c3d9ca37690d?fields=segments HTTP/1.1" status: 200 len: 212 time: 0.0794389
2026-04-27 02:33:39.526 10 INFO neutron.wsgi [req-a11e7e65-f4e1-40f4-8323-62b27d958785 req-64046b24-a011-4505-8b97-9d5f916c8820 8f4a0e6c347e4983846d856c47d85f0a 32b22917c452452a92db088bc3c4cad0 - - 3a79f97034744e4c8e2df7c686d86d1f 3a79f97034744e4c8e2df7c686d86d1f] 199.204.45.222 "GET /v2.0/networks/6879d74d-9596-4bb3-9040-c3d9ca37690d?fields=provider%3Aphysical_network&fields=provider%3Anetwork_type HTTP/1.1" status: 200 len: 277 time: 0.0709422
2026-04-27 02:33:39.772 9 INFO neutron.wsgi [None req-097c07ee-ddce-4280-a411-1cceee64dc1c 977a1c27a6e74db98ac2f0baf1ec6c47 38f3aa7c7fa5408c8d3a08ff28efcb38 - - default default] 10.0.0.133 "DELETE /v2.0/ports/705733aa-8aa9-4d71-a694-28e1f439e6a1 HTTP/1.1" status: 204 len: 168 time: 0.8377798
2026-04-27 02:33:39.924 9 INFO neutron.db.l3_db [None req-043ffa33-eccb-4300-a870-12bc00b0e94b 8b93a965e6474e99b501a7524d56f08a 3063117512aa46d788a792b7523ebd1c - - default default] Floating IP 38bb9fa4-a9f1-4891-93f5-06d3679e27e4 associated. External IP: 10.96.250.206, port: 1af25ae5-d1b7-4866-b872-af8e23f5ed5b.
2026-04-27 02:33:40.022 10 INFO neutron.wsgi [None req-80087157-615f-466e-9a87-74cd64a0c44f 977a1c27a6e74db98ac2f0baf1ec6c47 38f3aa7c7fa5408c8d3a08ff28efcb38 - - default default] 10.0.0.133 "DELETE /v2.0/ports/ee202ec2-438c-4960-a7e1-086f287304e0 HTTP/1.1" status: 204 len: 168 time: 0.2445202
2026-04-27 02:33:40.155 10 INFO neutron.wsgi [None req-d47b7192-b04d-4207-a991-d7460c47ea2c 977a1c27a6e74db98ac2f0baf1ec6c47 38f3aa7c7fa5408c8d3a08ff28efcb38 - - default default] 10.0.0.133 "GET /v2.0/ports HTTP/1.1" status: 200 len: 1718 time: 0.1274397
2026-04-27 02:33:40.158 9 INFO neutron.db.ovn_revision_numbers_db [None req-043ffa33-eccb-4300-a870-12bc00b0e94b 8b93a965e6474e99b501a7524d56f08a 3063117512aa46d788a792b7523ebd1c - - default default] Successfully bumped revision number for resource 38bb9fa4-a9f1-4891-93f5-06d3679e27e4 (type: floatingips) to 2
2026-04-27 02:33:40.238 10 INFO neutron.db.segments_db [None req-3e2fe0e2-a45b-4355-8865-6b59160658ea 977a1c27a6e74db98ac2f0baf1ec6c47 38f3aa7c7fa5408c8d3a08ff28efcb38 - - default default] Added segment 578009e0-6c96-411d-a669-94dd52ffa51e of type geneve for network 624351ca-bfd7-4077-9ae9-1aed4155db1a /var/lib/openstack/lib/python3.10/site-packages/pycadf/identifier.py:71: UserWarning: Invalid uuid: neutron. To ensure interoperability, identifiers should be a valid uuid. warnings.warn(('Invalid uuid: %s. To ensure interoperability, '
2026-04-27 02:33:40.292 9 INFO neutron.db.ovn_revision_numbers_db [None req-043ffa33-eccb-4300-a870-12bc00b0e94b 8b93a965e6474e99b501a7524d56f08a 3063117512aa46d788a792b7523ebd1c - - default default] Successfully bumped revision number for resource 38bb9fa4-a9f1-4891-93f5-06d3679e27e4 (type: floatingips) to 2
2026-04-27 02:33:40.356 9 INFO neutron.wsgi [None req-043ffa33-eccb-4300-a870-12bc00b0e94b 8b93a965e6474e99b501a7524d56f08a 3063117512aa46d788a792b7523ebd1c - - default default] 10.0.0.133 "PUT /v2.0/floatingips/38bb9fa4-a9f1-4891-93f5-06d3679e27e4 HTTP/1.1" status: 200 len: 1037 time: 1.2035892
2026-04-27 02:33:40.376 10 INFO neutron.db.ovn_revision_numbers_db [None req-3e2fe0e2-a45b-4355-8865-6b59160658ea 977a1c27a6e74db98ac2f0baf1ec6c47 38f3aa7c7fa5408c8d3a08ff28efcb38 - - default default] Successfully bumped revision number for resource 624351ca-bfd7-4077-9ae9-1aed4155db1a (type: networks) to 1
2026-04-27 02:33:40.393 9 INFO neutron.wsgi [req-c54801f5-7d13-4cbe-a270-4ed0434aa80a req-e149cc80-7b4d-454d-932c-f934fbe5b0a4 36223721a40349efaa89d75837b534e3 a3385b78d20f409d848520dc7a2e342f - - default default] 10.0.0.199 "GET /v2.0/ports?device_id=5f26309f-21ca-43c2-b076-2966bc7aae87 HTTP/1.1" status: 200 len: 1168 time: 0.1392815
2026-04-27 02:33:40.477 9 INFO neutron.wsgi [req-c54801f5-7d13-4cbe-a270-4ed0434aa80a req-4367d13a-d4f3-4755-9011-0481a89b72d2 36223721a40349efaa89d75837b534e3 a3385b78d20f409d848520dc7a2e342f - - default default] 10.0.0.199 "GET /v2.0/security-groups?id=ec619d2c-2364-4626-882f-ef6368919607&fields=id&fields=name HTTP/1.1" status: 200 len: 313 time: 0.0752668
2026-04-27 02:33:40.529 9 INFO neutron.db.l3_db [None req-4ec97c09-18f9-44df-b923-3ae9839e878a 8b93a965e6474e99b501a7524d56f08a 3063117512aa46d788a792b7523ebd1c - - default default] Floating IP 38bb9fa4-a9f1-4891-93f5-06d3679e27e4 disassociated. External IP: 10.96.250.206, port: e7cce1d2-c22f-4586-898f-cde53841a751.
2026-04-27 02:33:40.532 10 WARNING neutron.scheduler.dhcp_agent_scheduler [None req-3e2fe0e2-a45b-4355-8865-6b59160658ea 977a1c27a6e74db98ac2f0baf1ec6c47 38f3aa7c7fa5408c8d3a08ff28efcb38 - - default default] No more DHCP agents
2026-04-27 02:33:40.535 10 WARNING neutron.api.rpc.agentnotifiers.dhcp_rpc_agent_api [None req-3e2fe0e2-a45b-4355-8865-6b59160658ea 977a1c27a6e74db98ac2f0baf1ec6c47 38f3aa7c7fa5408c8d3a08ff28efcb38 - - default default] Unable to schedule network 624351ca-bfd7-4077-9ae9-1aed4155db1a: no agents available; will retry on subsequent port and subnet creation events.
2026-04-27 02:33:40.571 9 INFO neutron.db.ovn_revision_numbers_db [None req-4ec97c09-18f9-44df-b923-3ae9839e878a 8b93a965e6474e99b501a7524d56f08a 3063117512aa46d788a792b7523ebd1c - - default default] Successfully bumped revision number for resource 38bb9fa4-a9f1-4891-93f5-06d3679e27e4 (type: floatingips) to 3
2026-04-27 02:33:40.610 10 INFO neutron.db.ovn_revision_numbers_db [None req-3e2fe0e2-a45b-4355-8865-6b59160658ea 977a1c27a6e74db98ac2f0baf1ec6c47 38f3aa7c7fa5408c8d3a08ff28efcb38 - - default default] Successfully bumped revision number for resource 04ba1c59-f0ef-4218-9f93-339f53c04863 (type: ports) to 1
2026-04-27 02:33:40.633 10 INFO neutron.wsgi [None req-3e2fe0e2-a45b-4355-8865-6b59160658ea 977a1c27a6e74db98ac2f0baf1ec6c47 38f3aa7c7fa5408c8d3a08ff28efcb38 - - default default] 10.0.0.133 "POST /v2.0/networks HTTP/1.1" status: 201 len: 852 time: 0.4682195
2026-04-27 02:33:40.664 9 INFO neutron.wsgi [None req-4ec97c09-18f9-44df-b923-3ae9839e878a 8b93a965e6474e99b501a7524d56f08a 3063117512aa46d788a792b7523ebd1c - - default default] 10.0.0.133 "PUT /v2.0/floatingips/38bb9fa4-a9f1-4891-93f5-06d3679e27e4 HTTP/1.1" status: 200 len: 748 time: 0.3008878
2026-04-27 02:33:40.723 10 INFO neutron.db.segments_db [None req-f4830e1f-eca0-41b5-85d5-551a9307ad78 977a1c27a6e74db98ac2f0baf1ec6c47 38f3aa7c7fa5408c8d3a08ff28efcb38 - - default default] Added segment b454ea77-1a6f-4aa5-a235-5fce925072a8 of type geneve for network 4b7f8f5d-b287-41f1-8af1-074edc1e316b
2026-04-27 02:33:40.883 10 INFO neutron.db.ovn_revision_numbers_db [None req-f4830e1f-eca0-41b5-85d5-551a9307ad78 977a1c27a6e74db98ac2f0baf1ec6c47 38f3aa7c7fa5408c8d3a08ff28efcb38 - - default default] Successfully bumped revision number for resource 4b7f8f5d-b287-41f1-8af1-074edc1e316b (type: networks) to 1
2026-04-27 02:33:41.050 9 INFO neutron.wsgi [None req-03adb187-72f2-4c33-b117-0c4cd57cf56c 8b93a965e6474e99b501a7524d56f08a 3063117512aa46d788a792b7523ebd1c - - default default] 10.0.0.133 "DELETE /v2.0/floatingips/38bb9fa4-a9f1-4891-93f5-06d3679e27e4 HTTP/1.1" status: 204 len: 168 time: 0.3816974
2026-04-27 02:33:41.077 9 INFO neutron.api.v2.resource [None req-019b7b80-6b9e-4eff-8c1b-532bbc335864 8b93a965e6474e99b501a7524d56f08a 3063117512aa46d788a792b7523ebd1c - - default default] delete failed (client error): The resource could not be found.
2026-04-27 02:33:41.078 9 INFO neutron.wsgi [None req-019b7b80-6b9e-4eff-8c1b-532bbc335864 8b93a965e6474e99b501a7524d56f08a 3063117512aa46d788a792b7523ebd1c - - default default] 10.0.0.133 "DELETE /v2.0/floatingips/38bb9fa4-a9f1-4891-93f5-06d3679e27e4 HTTP/1.1" status: 404 len: 345 time: 0.0218284
2026-04-27 02:33:41.095 10 WARNING neutron.scheduler.dhcp_agent_scheduler [None req-f4830e1f-eca0-41b5-85d5-551a9307ad78 977a1c27a6e74db98ac2f0baf1ec6c47 38f3aa7c7fa5408c8d3a08ff28efcb38 - - default default] No more DHCP agents
2026-04-27 02:33:41.103 10 WARNING neutron.api.rpc.agentnotifiers.dhcp_rpc_agent_api [None req-f4830e1f-eca0-41b5-85d5-551a9307ad78 977a1c27a6e74db98ac2f0baf1ec6c47 38f3aa7c7fa5408c8d3a08ff28efcb38 - - default default] Unable to schedule network 4b7f8f5d-b287-41f1-8af1-074edc1e316b: no agents available; will retry on subsequent port and subnet creation events.
2026-04-27 02:33:41.187 10 INFO neutron.db.ovn_revision_numbers_db [None req-f4830e1f-eca0-41b5-85d5-551a9307ad78 977a1c27a6e74db98ac2f0baf1ec6c47 38f3aa7c7fa5408c8d3a08ff28efcb38 - - default default] Successfully bumped revision number for resource e5b0a4c7-c528-41f0-87a9-24b3c67a2ea8 (type: ports) to 1
2026-04-27 02:33:41.209 10 INFO neutron.wsgi [None req-f4830e1f-eca0-41b5-85d5-551a9307ad78 977a1c27a6e74db98ac2f0baf1ec6c47 38f3aa7c7fa5408c8d3a08ff28efcb38 - - default default] 10.0.0.133 "POST /v2.0/networks HTTP/1.1" status: 201 len: 853 time: 0.5703831
2026-04-27 02:33:41.390 9 INFO neutron.wsgi [None req-be966cb0-dfc7-4014-9019-9ce0d1fdb69d 8b93a965e6474e99b501a7524d56f08a 3063117512aa46d788a792b7523ebd1c - - default default] 10.0.0.133 "DELETE /v2.0/ports/e7cce1d2-c22f-4586-898f-cde53841a751 HTTP/1.1" status: 204 len: 168 time: 0.3003385
2026-04-27 02:33:41.459 10 WARNING neutron.plugins.ml2.drivers.ovn.mech_driver.ovsdb.ovn_client [None req-47a401a3-1ba8-47e9-990a-f89907c2c9fb - - - - - -] No hosting information found for port 86afaf0c-7e7e-4de8-a8dd-376be940375d: RuntimeError: No hosting information found for port 86afaf0c-7e7e-4de8-a8dd-376be940375d
2026-04-27 02:33:41.459 10 INFO neutron.plugins.ml2.drivers.ovn.mech_driver.mech_driver [None req-47a401a3-1ba8-47e9-990a-f89907c2c9fb - - - - - -] OVN reports status up for port: b0ff40de-c441-4607-8319-47797f0fb461
2026-04-27 02:33:41.483 10 INFO neutron.plugins.ml2.plugin [None req-47a401a3-1ba8-47e9-990a-f89907c2c9fb - - - - - -] Attempt 1 to provision port b0ff40de-c441-4607-8319-47797f0fb461
