2026-04-27 02:34:36.136 9 INFO neutron.wsgi [None req-645b3ca0-ffe5-4f63-aaf5-0e57d631001d 914dd4db0ab649508cf1033617215d38 4af2726539924833aacb935f2fbb1410 - - default default] 10.0.0.133 "DELETE /v2.0/security-groups/88e51187-2799-41b0-8b83-11150e7eaab2 HTTP/1.1" status: 204 len: 168 time: 0.1899059
2026-04-27 02:34:36.457 9 INFO neutron.wsgi [-] 10.0.0.106 "GET / HTTP/1.1" status: 200 len: 247 time: 0.0030985
2026-04-27 02:34:36.460 9 INFO neutron.wsgi [-] 10.0.0.106 "GET / HTTP/1.1" status: 200 len: 247 time: 0.0012887
2026-04-27 02:34:36.520 10 INFO neutron.wsgi [None req-fa17b685-65fa-4827-826c-33aeccf9e7d7 914dd4db0ab649508cf1033617215d38 4af2726539924833aacb935f2fbb1410 - - default default] 10.0.0.133 "DELETE /v2.0/routers/9526a5aa-8336-4f8d-92b1-376ca4c321f9 HTTP/1.1" status: 204 len: 168 time: 0.6616120
2026-04-27 02:34:36.744 9 INFO neutron.wsgi [None req-7c74ceda-b431-4c85-9f4e-8df2e4041d76 914dd4db0ab649508cf1033617215d38 4af2726539924833aacb935f2fbb1410 - - default default] 10.0.0.133 "DELETE /v2.0/subnets/4f543ba7-272a-42a6-8e02-287acd4c9844 HTTP/1.1" status: 204 len: 168 time: 0.2196894
2026-04-27 02:34:37.086 9 INFO neutron.services.segments.plugin [-] Segment cbf8d6ff-c0de-409c-9028-c62d61b97310 resource provider aggregate not found
2026-04-27 02:34:37.093 9 INFO neutron.services.segments.plugin [-] Segment cbf8d6ff-c0de-409c-9028-c62d61b97310 resource provider aggregate not found
2026-04-27 02:34:37.110 9 INFO neutron.services.segments.plugin [-] Segment cbf8d6ff-c0de-409c-9028-c62d61b97310 resource provider not found; error: Placement Client Error (4xx): {"errors": [{"status": 404, "title": "Not Found", "detail": "The resource could not be found.\n\n No resource provider with uuid cbf8d6ff-c0de-409c-9028-c62d61b97310 found for delete ", "request_id": "req-7196a148-f895-4079-805b-e7dadfb8b763"}]}
2026-04-27 02:34:37.111 9 INFO neutron.services.segments.plugin [-] Segment cbf8d6ff-c0de-409c-9028-c62d61b97310 resource provider not found; error: Placement Client Error (4xx): {"errors": [{"status": 404, "title": "Not Found", "detail": "The resource could not be found.\n\n No resource provider with uuid cbf8d6ff-c0de-409c-9028-c62d61b97310 found for delete ", "request_id": "req-f12df40d-665d-4f86-a7c2-125e94d74858"}]}
2026-04-27 02:34:37.136 9 INFO neutron.wsgi [None req-37220a44-9e1c-4474-a26a-9cf68cda254c 914dd4db0ab649508cf1033617215d38 4af2726539924833aacb935f2fbb1410 - - default default] 10.0.0.133 "DELETE /v2.0/networks/759b48c7-5b34-4174-80d8-3203bf171c11 HTTP/1.1" status: 204 len: 168 time: 0.3885374
2026-04-27 02:34:37.270 10 INFO neutron.wsgi [None req-aaae7864-3077-4715-8ac4-656713dde07b d5a9fab20e9f48c0a63e8e4624aab0d0 b718bb59b5a84d4f98429132d9e216f4 - - default default] 10.0.0.133 "GET /v2.0/ports?project_id=b3a21a1a8cb74bed916834158e95ec44&network_id=ab2c49e1-aa0e-4ce5-8567-7569b9c0349a HTTP/1.1" status: 200 len: 3514 time: 0.2924418
2026-04-27 02:34:37.524 10 INFO neutron.wsgi [None req-6a8db51d-a54d-46a3-85a7-362d68cade96 914dd4db0ab649508cf1033617215d38 4af2726539924833aacb935f2fbb1410 - - default default] 10.0.0.133 "GET /v2.0/security-groups?tenant_id=892dea6112c0455f8edbee9a8656d47f&name=default HTTP/1.1" status: 200 len: 2996 time: 0.0513394
2026-04-27 02:34:37.568 10 INFO neutron.wsgi [None req-a7632df3-3f95-411c-8776-0a09ab3e80c7 29db9011be8d409bbe06abcf32ed3a87 29bfe22671944676bf13e127247e01e9 - - default default] 10.0.0.133 "POST /v2.0/subnetpools HTTP/1.1" status: 201 len: 748 time: 0.2798033
2026-04-27 02:34:37.599 10 INFO neutron.wsgi [None req-736ab8e8-2718-4e7d-893a-24c2724301b6 29db9011be8d409bbe06abcf32ed3a87 29bfe22671944676bf13e127247e01e9 - - default default] 10.0.0.133 "GET /v2.0/subnetpools/7423ffb0-7245-4e56-b435-f5bedfcf0f34 HTTP/1.1" status: 200 len: 743 time: 0.0243585
2026-04-27 02:34:37.601 9 INFO neutron.wsgi [None req-b9ca54a0-22fc-4473-8340-de3330212bf5 d5a9fab20e9f48c0a63e8e4624aab0d0 b718bb59b5a84d4f98429132d9e216f4 - - default default] 10.0.0.133 "GET /v2.0/subnets?network_id=41c2b178-ba8f-472c-bcd1-18379c61da8c HTTP/1.1" status: 200 len: 838 time: 0.0492654
2026-04-27 02:34:37.676 9 INFO neutron.wsgi [None req-10107df1-ce82-486e-91c5-7f3d7cacb329 29db9011be8d409bbe06abcf32ed3a87 29bfe22671944676bf13e127247e01e9 - - default default] 10.0.0.133 "PUT /v2.0/subnetpools/7423ffb0-7245-4e56-b435-f5bedfcf0f34 HTTP/1.1" status: 200 len: 695 time: 0.0712824
2026-04-27 02:34:37.748 9 INFO neutron.wsgi [None req-f8098982-13c6-4a93-a7e3-193f392e7ca0 29db9011be8d409bbe06abcf32ed3a87 29bfe22671944676bf13e127247e01e9 - - default default] 10.0.0.133 "DELETE /v2.0/subnetpools/7423ffb0-7245-4e56-b435-f5bedfcf0f34 HTTP/1.1" status: 204 len: 168 time: 0.0657225
2026-04-27 02:34:37.752 10 INFO neutron.wsgi [None req-8759f133-743b-48ba-a3e5-1114b00a0950 914dd4db0ab649508cf1033617215d38 4af2726539924833aacb935f2fbb1410 - - default default] 10.0.0.133 "DELETE /v2.0/security-groups/b5629bbb-9307-4ffb-8b0a-66abfb74ec4b HTTP/1.1" status: 204 len: 168 time: 0.2231333
2026-04-27 02:34:37.764 10 INFO neutron.api.v2.resource [None req-91fc4852-b75e-4668-bb37-711a933ef99e 29db9011be8d409bbe06abcf32ed3a87 29bfe22671944676bf13e127247e01e9 - - default default] show failed (client error): The resource could not be found.
2026-04-27 02:34:37.765 10 INFO neutron.wsgi [None req-91fc4852-b75e-4668-bb37-711a933ef99e 29db9011be8d409bbe06abcf32ed3a87 29bfe22671944676bf13e127247e01e9 - - default default] 10.0.0.133 "GET /v2.0/subnetpools/7423ffb0-7245-4e56-b435-f5bedfcf0f34 HTTP/1.1" status: 404 len: 346 time: 0.0109849
2026-04-27 02:34:37.781 10 INFO neutron.api.v2.resource [None req-b89bed51-8bb4-4b58-859d-93249fb594c6 29db9011be8d409bbe06abcf32ed3a87 29bfe22671944676bf13e127247e01e9 - - default default] delete failed (client error): The resource could not be found.
2026-04-27 02:34:37.782 10 INFO neutron.wsgi [None req-b89bed51-8bb4-4b58-859d-93249fb594c6 29db9011be8d409bbe06abcf32ed3a87 29bfe22671944676bf13e127247e01e9 - - default default] 10.0.0.133 "DELETE /v2.0/subnetpools/7423ffb0-7245-4e56-b435-f5bedfcf0f34 HTTP/1.1" status: 404 len: 346 time: 0.0128465
2026-04-27 02:34:37.932 10 INFO neutron.wsgi [None req-cb12eb02-7fcb-4a83-8728-5d1d8c5e2a62 914dd4db0ab649508cf1033617215d38 4af2726539924833aacb935f2fbb1410 - - default default] 10.0.0.133 "GET /v2.0/security-groups?tenant_id=958d1e9698de4e4e8dde89e144388bcb&name=default HTTP/1.1" status: 200 len: 2996 time: 0.0389276
2026-04-27 02:34:38.026 9 WARNING neutron.plugins.ml2.drivers.ovn.mech_driver.ovsdb.ovn_client [None req-af2f02a5-7065-4c20-86e0-f187760070a0 - - - - - -] No port found with ID ffdb082a-4813-41eb-8aac-4d3fa82cfcb5: RuntimeError: No port found with ID ffdb082a-4813-41eb-8aac-4d3fa82cfcb5
2026-04-27 02:34:38.057 9 INFO neutron.db.l3_db [None req-0d56c89d-e1d8-4caf-a021-1a4d677b185e 9ba1f203861b4c82a83a0f2b61e049ab b3a21a1a8cb74bed916834158e95ec44 - - default default] Floating IP 8bddd531-f1df-4cb0-9653-dd8d67536b5a disassociated. External IP: 10.96.250.206, port: 6d4d65e0-aaff-4e01-a4ee-68698ea7b991.
2026-04-27 02:34:38.095 9 INFO neutron.db.ovn_revision_numbers_db [None req-0d56c89d-e1d8-4caf-a021-1a4d677b185e 9ba1f203861b4c82a83a0f2b61e049ab b3a21a1a8cb74bed916834158e95ec44 - - default default] Successfully bumped revision number for resource 8bddd531-f1df-4cb0-9653-dd8d67536b5a (type: floatingips) to 2
2026-04-27 02:34:38.152 10 INFO neutron.wsgi [None req-8be2a5a5-6688-4e35-bb02-c1d7b08a44e3 914dd4db0ab649508cf1033617215d38 4af2726539924833aacb935f2fbb1410 - - default default] 10.0.0.133 "DELETE /v2.0/security-groups/ea4ef972-ea47-4e87-a054-4e9dad3346de HTTP/1.1" status: 204 len: 168 time: 0.2155690
2026-04-27 02:34:38.160 9 INFO neutron.wsgi [None req-0d56c89d-e1d8-4caf-a021-1a4d677b185e 9ba1f203861b4c82a83a0f2b61e049ab b3a21a1a8cb74bed916834158e95ec44 - - default default] 10.0.0.133 "PUT /v2.0/floatingips/8bddd531-f1df-4cb0-9653-dd8d67536b5a HTTP/1.1" status: 200 len: 748 time: 0.4216919 /var/lib/openstack/lib/python3.10/site-packages/pycadf/identifier.py:71: UserWarning: Invalid uuid: neutron. To ensure interoperability, identifiers should be a valid uuid. warnings.warn(('Invalid uuid: %s. To ensure interoperability, '
2026-04-27 02:34:38.200 10 INFO neutron.wsgi [None req-50d87ae2-6d85-415f-9985-c29d6431179d 9ba1f203861b4c82a83a0f2b61e049ab b3a21a1a8cb74bed916834158e95ec44 - - default default] 10.0.0.133 "GET /v2.0/floatingips/8bddd531-f1df-4cb0-9653-dd8d67536b5a HTTP/1.1" status: 200 len: 746 time: 0.0366275
2026-04-27 02:34:38.204 9 INFO neutron.notifiers.nova [-] Nova event matching ['req-4b28d8d8-7c15-4a58-80f0-e102dc6f1ca1'] response: {'name': 'network-changed', 'server_uuid': '45b624a8-a815-4dfb-bfe4-0b0361e6f280', 'tag': '6d4d65e0-aaff-4e01-a4ee-68698ea7b991', 'status': 'completed', 'code': 200}
2026-04-27 02:34:38.269 10 INFO neutron.wsgi [req-24939f1e-ce41-48ff-a351-d8f0453b3144 req-3f578cca-1ed1-42ee-8eff-c070097f3055 8f4a0e6c347e4983846d856c47d85f0a 32b22917c452452a92db088bc3c4cad0 - - 3a79f97034744e4c8e2df7c686d86d1f 3a79f97034744e4c8e2df7c686d86d1f] 199.204.45.222 "GET /v2.0/ports?tenant_id=b3a21a1a8cb74bed916834158e95ec44&device_id=45b624a8-a815-4dfb-bfe4-0b0361e6f280 HTTP/1.1" status: 200 len: 1413 time: 0.0386071
2026-04-27 02:34:38.329 10 INFO neutron.wsgi [req-24939f1e-ce41-48ff-a351-d8f0453b3144 req-ac2d6736-1c51-4865-884b-89b692bdb256 8f4a0e6c347e4983846d856c47d85f0a 32b22917c452452a92db088bc3c4cad0 - - 3a79f97034744e4c8e2df7c686d86d1f 3a79f97034744e4c8e2df7c686d86d1f] 199.204.45.222 "GET /v2.0/networks?id=ab2c49e1-aa0e-4ce5-8567-7569b9c0349a HTTP/1.1" status: 200 len: 959 time: 0.0551307
2026-04-27 02:34:38.364 10 INFO neutron.wsgi [req-24939f1e-ce41-48ff-a351-d8f0453b3144 req-7dddf14e-dc9d-44d6-abce-dd19440f8018 8f4a0e6c347e4983846d856c47d85f0a 32b22917c452452a92db088bc3c4cad0 - - 3a79f97034744e4c8e2df7c686d86d1f 3a79f97034744e4c8e2df7c686d86d1f] 199.204.45.222 "GET /v2.0/floatingips?fixed_ip_address=10.100.0.12&port_id=6d4d65e0-aaff-4e01-a4ee-68698ea7b991 HTTP/1.1" status: 200 len: 217 time: 0.0270791
2026-04-27 02:34:38.400 10 INFO neutron.wsgi [req-24939f1e-ce41-48ff-a351-d8f0453b3144 req-8d42a0c3-439a-4ad1-842c-205e3e36baca 8f4a0e6c347e4983846d856c47d85f0a 32b22917c452452a92db088bc3c4cad0 - - 3a79f97034744e4c8e2df7c686d86d1f 3a79f97034744e4c8e2df7c686d86d1f] 199.204.45.222 "GET /v2.0/subnets?id=84a1f0c7-084c-4bcb-a0c0-62ff1330492f HTTP/1.1" status: 200 len: 853 time: 0.0308633
2026-04-27 02:34:38.427 10 INFO neutron.wsgi [req-24939f1e-ce41-48ff-a351-d8f0453b3144 req-6c747244-685a-43cb-9cc5-9a7fb2986e4d 8f4a0e6c347e4983846d856c47d85f0a 32b22917c452452a92db088bc3c4cad0 - - 3a79f97034744e4c8e2df7c686d86d1f 3a79f97034744e4c8e2df7c686d86d1f] 199.204.45.222 "GET /v2.0/ports?network_id=ab2c49e1-aa0e-4ce5-8567-7569b9c0349a&device_owner=network%3Adhcp HTTP/1.1" status: 200 len: 210 time: 0.0212281
2026-04-27 02:34:38.488 10 INFO neutron.wsgi [req-24939f1e-ce41-48ff-a351-d8f0453b3144 req-cd71710d-a39a-4c1d-8922-a67d65b9dae4 8f4a0e6c347e4983846d856c47d85f0a 32b22917c452452a92db088bc3c4cad0 - - 3a79f97034744e4c8e2df7c686d86d1f 3a79f97034744e4c8e2df7c686d86d1f] 199.204.45.222 "GET /v2.0/networks/ab2c49e1-aa0e-4ce5-8567-7569b9c0349a?fields=segments HTTP/1.1" status: 200 len: 212 time: 0.0569203
2026-04-27 02:34:38.588 10 INFO neutron.wsgi [req-24939f1e-ce41-48ff-a351-d8f0453b3144 req-be3694ba-3f7c-4cd8-a4a3-d258f3b7e0df 8f4a0e6c347e4983846d856c47d85f0a 32b22917c452452a92db088bc3c4cad0 - - 3a79f97034744e4c8e2df7c686d86d1f 3a79f97034744e4c8e2df7c686d86d1f] 199.204.45.222 "GET /v2.0/networks/ab2c49e1-aa0e-4ce5-8567-7569b9c0349a?fields=provider%3Aphysical_network&fields=provider%3Anetwork_type HTTP/1.1" status: 200 len: 277 time: 0.0945759
2026-04-27 02:34:38.620 9 INFO neutron.db.ovn_revision_numbers_db [None req-c8aa8b55-3fe7-4eeb-8796-2ed3e42b60e5 914dd4db0ab649508cf1033617215d38 4af2726539924833aacb935f2fbb1410 - - default default] Successfully bumped revision number for resource 7d937dc6-3db9-452d-b758-177f1d6ef9f4 (type: security_groups) to 1
2026-04-27 02:34:38.634 9 INFO neutron.db.ovn_revision_numbers_db [None req-c8aa8b55-3fe7-4eeb-8796-2ed3e42b60e5 914dd4db0ab649508cf1033617215d38 4af2726539924833aacb935f2fbb1410 - - default default] Successfully bumped revision number for resource 49c6c930-5c4e-40f4-a155-ba8593c07752 (type: security_group_rules) to 0
2026-04-27 02:34:38.646 9 INFO neutron.db.ovn_revision_numbers_db [None req-c8aa8b55-3fe7-4eeb-8796-2ed3e42b60e5 914dd4db0ab649508cf1033617215d38 4af2726539924833aacb935f2fbb1410 - - default default] Successfully bumped revision number for resource 85923038-3207-4bf0-b4f4-9e992aef5975 (type: security_group_rules) to 0
2026-04-27 02:34:38.661 9 INFO neutron.db.ovn_revision_numbers_db [None req-c8aa8b55-3fe7-4eeb-8796-2ed3e42b60e5 914dd4db0ab649508cf1033617215d38 4af2726539924833aacb935f2fbb1410 - - default default] Successfully bumped revision number for resource a6a460c0-af00-4b6f-bfe8-99ad0b07d1db (type: security_group_rules) to 0
2026-04-27 02:34:38.675 9 INFO neutron.db.ovn_revision_numbers_db [None req-c8aa8b55-3fe7-4eeb-8796-2ed3e42b60e5 914dd4db0ab649508cf1033617215d38 4af2726539924833aacb935f2fbb1410 - - default default] Successfully bumped revision number for resource f3cdf019-1382-4363-bd66-a74298467c1e (type: security_group_rules) to 0
2026-04-27 02:34:38.700 9 INFO neutron.wsgi [None req-c8aa8b55-3fe7-4eeb-8796-2ed3e42b60e5 914dd4db0ab649508cf1033617215d38 4af2726539924833aacb935f2fbb1410 - - default default] 10.0.0.133 "GET /v2.0/security-groups?tenant_id=29bfe22671944676bf13e127247e01e9&name=default HTTP/1.1" status: 200 len: 2996 time: 0.4026496
2026-04-27 02:34:38.874 9 INFO neutron.wsgi [None req-77307b8d-4216-4118-8c28-263e57e69c38 914dd4db0ab649508cf1033617215d38 4af2726539924833aacb935f2fbb1410 - - default default] 10.0.0.133 "DELETE /v2.0/security-groups/7d937dc6-3db9-452d-b758-177f1d6ef9f4 HTTP/1.1" status: 204 len: 168 time: 0.1687226
2026-04-27 02:34:39.396 10 INFO neutron.db.ovn_revision_numbers_db [None req-bf619dc5-9567-46cb-b86f-bdb38c87c423 9ba1f203861b4c82a83a0f2b61e049ab b3a21a1a8cb74bed916834158e95ec44 - - default default] Successfully bumped revision number for resource 19896fbe-29e3-4a7d-a7b2-4aaca8ed8c93 (type: security_groups) to 1
2026-04-27 02:34:39.410 10 INFO neutron.db.ovn_revision_numbers_db [None req-bf619dc5-9567-46cb-b86f-bdb38c87c423 9ba1f203861b4c82a83a0f2b61e049ab b3a21a1a8cb74bed916834158e95ec44 - - default default] Successfully bumped revision number for resource 8181d940-eab8-426f-a87a-add8ee7b0ea3 (type: security_group_rules) to 0
2026-04-27 02:34:39.445 10 INFO neutron.db.ovn_revision_numbers_db [None req-bf619dc5-9567-46cb-b86f-bdb38c87c423 9ba1f203861b4c82a83a0f2b61e049ab b3a21a1a8cb74bed916834158e95ec44 - - default default] Successfully bumped revision number for resource e6c81223-ea46-404b-85a4-00767adad9fd (type: security_group_rules) to 0
2026-04-27 02:34:39.464 10 INFO neutron.wsgi [None req-bf619dc5-9567-46cb-b86f-bdb38c87c423 9ba1f203861b4c82a83a0f2b61e049ab b3a21a1a8cb74bed916834158e95ec44 - - default default] 10.0.0.133 "POST /v2.0/security-groups HTTP/1.1" status: 201 len: 1809 time: 0.1917324
2026-04-27 02:34:39.576 10 INFO neutron.db.ovn_revision_numbers_db [None req-5840cae3-7ac7-404d-8aba-9ceebc511a53 9ba1f203861b4c82a83a0f2b61e049ab b3a21a1a8cb74bed916834158e95ec44 - - default default] Successfully bumped revision number for resource b921c587-22a7-4d4f-8bc8-01afb62421a3 (type: security_group_rules) to 0
2026-04-27 02:34:39.600 10 INFO neutron.wsgi [None req-5840cae3-7ac7-404d-8aba-9ceebc511a53 9ba1f203861b4c82a83a0f2b61e049ab b3a21a1a8cb74bed916834158e95ec44 - - default default] 10.0.0.133 "POST /v2.0/security-group-rules HTTP/1.1" status: 201 len: 764 time: 0.1311445
2026-04-27 02:34:39.712 10 INFO neutron.db.ovn_revision_numbers_db [None req-f17e7e7f-11cb-40e7-a6b7-57ec81f86346 9ba1f203861b4c82a83a0f2b61e049ab b3a21a1a8cb74bed916834158e95ec44 - - default default] Successfully bumped revision number for resource 4a818d3e-d1c2-4426-b375-b7e351a66348 (type: security_group_rules) to 0
2026-04-27 02:34:39.740 10 INFO neutron.wsgi [None req-f17e7e7f-11cb-40e7-a6b7-57ec81f86346 9ba1f203861b4c82a83a0f2b61e049ab b3a21a1a8cb74bed916834158e95ec44 - - default default] 10.0.0.133 "POST /v2.0/security-group-rules HTTP/1.1" status: 201 len: 763 time: 0.1351717
2026-04-27 02:34:39.861 10 INFO neutron.db.ovn_revision_numbers_db [None req-cc5c2bd6-5a2a-42a9-b41d-3d4a99a7a2d6 9ba1f203861b4c82a83a0f2b61e049ab b3a21a1a8cb74bed916834158e95ec44 - - default default] Successfully bumped revision number for resource ada1e9cf-78fa-48b0-9ea0-3e2495b7d896 (type: security_group_rules) to 0
2026-04-27 02:34:39.883 10 INFO neutron.wsgi [None req-cc5c2bd6-5a2a-42a9-b41d-3d4a99a7a2d6 9ba1f203861b4c82a83a0f2b61e049ab b3a21a1a8cb74bed916834158e95ec44 - - default default] 10.0.0.133 "POST /v2.0/security-group-rules HTTP/1.1" status: 201 len: 769 time: 0.1385274
2026-04-27 02:34:40.006 10 INFO neutron.db.ovn_revision_numbers_db [None req-cd755634-356d-4bd0-8f67-c34165394e83 9ba1f203861b4c82a83a0f2b61e049ab b3a21a1a8cb74bed916834158e95ec44 - - default default] Successfully bumped revision number for resource bc8a1345-84da-4559-a6b7-ce7817957f7d (type: security_group_rules) to 0
2026-04-27 02:34:40.030 10 INFO neutron.wsgi [None req-cd755634-356d-4bd0-8f67-c34165394e83 9ba1f203861b4c82a83a0f2b61e049ab b3a21a1a8cb74bed916834158e95ec44 - - default default] 10.0.0.133 "POST /v2.0/security-group-rules HTTP/1.1" status: 201 len: 768 time: 0.1413543
2026-04-27 02:34:40.057 10 INFO neutron.db.securitygroups_db [None req-93e1460f-78de-4134-918a-9f05c54c0b07 9ba1f203861b4c82a83a0f2b61e049ab b3a21a1a8cb74bed916834158e95ec44 - - default default] Project b3a21a1a8cb74bed916834158e95ec44 added a security group rule with legacy IPv6 ICMP protocol name icmp, ipv6-icmp should be used instead. It was automatically converted.
2026-04-27 02:34:40.183 10 INFO neutron.db.ovn_revision_numbers_db [None req-93e1460f-78de-4134-918a-9f05c54c0b07 9ba1f203861b4c82a83a0f2b61e049ab b3a21a1a8cb74bed916834158e95ec44 - - default default] Successfully bumped revision number for resource 6e58ecce-bb67-429b-bf64-189943ca173c (type: security_group_rules) to 0
2026-04-27 02:34:40.218 10 INFO neutron.wsgi [None req-93e1460f-78de-4134-918a-9f05c54c0b07 9ba1f203861b4c82a83a0f2b61e049ab b3a21a1a8cb74bed916834158e95ec44 - - default default] 10.0.0.133 "POST /v2.0/security-group-rules HTTP/1.1" status: 201 len: 774 time: 0.1824207
2026-04-27 02:34:40.230 10 INFO neutron.db.ovn_revision_numbers_db [None req-b2903960-6aaf-48b7-93b2-de558d08a86b 914dd4db0ab649508cf1033617215d38 4af2726539924833aacb935f2fbb1410 - - default default] Successfully bumped revision number for resource 41f5ffb5-cd38-4c06-a500-4f40a609943d (type: security_groups) to 1
2026-04-27 02:34:40.245 10 INFO neutron.db.securitygroups_db [None req-d41c6585-6434-4ca0-a185-24aea773aa26 9ba1f203861b4c82a83a0f2b61e049ab b3a21a1a8cb74bed916834158e95ec44 - - default default] Project b3a21a1a8cb74bed916834158e95ec44 added a security group rule with legacy IPv6 ICMP protocol name icmp, ipv6-icmp should be used instead. It was automatically converted.
2026-04-27 02:34:40.248 10 INFO neutron.db.ovn_revision_numbers_db [None req-b2903960-6aaf-48b7-93b2-de558d08a86b 914dd4db0ab649508cf1033617215d38 4af2726539924833aacb935f2fbb1410 - - default default] Successfully bumped revision number for resource 417875b9-6624-4b9d-aa87-2649ef060fc9 (type: security_group_rules) to 0
2026-04-27 02:34:40.266 10 INFO neutron.db.ovn_revision_numbers_db [None req-b2903960-6aaf-48b7-93b2-de558d08a86b 914dd4db0ab649508cf1033617215d38 4af2726539924833aacb935f2fbb1410 - - default default] Successfully bumped revision number for resource 5b7d6dcd-e63f-4a23-88b1-bf120c0f21d1 (type: security_group_rules) to 0
2026-04-27 02:34:40.283 10 INFO neutron.db.ovn_revision_numbers_db [None req-b2903960-6aaf-48b7-93b2-de558d08a86b 914dd4db0ab649508cf1033617215d38 4af2726539924833aacb935f2fbb1410 - - default default] Successfully bumped revision number for resource 62b2a8a0-6960-4d60-bbcc-f100ed97522f (type: security_group_rules) to 0
2026-04-27 02:34:40.300 10 INFO neutron.db.ovn_revision_numbers_db [None req-b2903960-6aaf-48b7-93b2-de558d08a86b 914dd4db0ab649508cf1033617215d38 4af2726539924833aacb935f2fbb1410 - - default default] Successfully bumped revision number for resource b7143945-999e-46e2-a331-ff2bacbcfde6 (type: security_group_rules) to 0
2026-04-27 02:34:40.328 10 INFO neutron.wsgi [None req-b2903960-6aaf-48b7-93b2-de558d08a86b 914dd4db0ab649508cf1033617215d38 4af2726539924833aacb935f2fbb1410 - - default default] 10.0.0.133 "GET /v2.0/security-groups?tenant_id=d608acae4ada4b2aa050f49b5f880f65&name=default HTTP/1.1" status: 200 len: 2996 time: 0.3736956
2026-04-27 02:34:40.373 10 INFO neutron.db.ovn_revision_numbers_db [None req-d41c6585-6434-4ca0-a185-24aea773aa26 9ba1f203861b4c82a83a0f2b61e049ab b3a21a1a8cb74bed916834158e95ec44 - - default default] Successfully bumped revision number for resource bd495f7d-ad13-48ff-96a4-ffda6983b316 (type: security_group_rules) to 0
2026-04-27 02:34:40.400 10 INFO neutron.wsgi [None req-d41c6585-6434-4ca0-a185-24aea773aa26 9ba1f203861b4c82a83a0f2b61e049ab b3a21a1a8cb74bed916834158e95ec44 - - default default] 10.0.0.133 "POST /v2.0/security-group-rules HTTP/1.1" status: 201 len: 773 time: 0.1774318
2026-04-27 02:34:40.539 10 INFO neutron.wsgi [None req-34187076-3f3c-4776-b578-45498e91f061 914dd4db0ab649508cf1033617215d38 4af2726539924833aacb935f2fbb1410 - - default default] 10.0.0.133 "DELETE /v2.0/security-groups/41f5ffb5-cd38-4c06-a500-4f40a609943d HTTP/1.1" status: 204 len: 168 time: 0.2036793
2026-04-27 02:34:40.729 9 INFO neutron.db.ovn_revision_numbers_db [None req-04f846fd-6a16-4581-a9b9-c698851eefb3 914dd4db0ab649508cf1033617215d38 4af2726539924833aacb935f2fbb1410 - - default default] Successfully bumped revision number for resource a49cf5d7-4857-46dd-af97-d4b87588e4a2 (type: security_groups) to 1
2026-04-27 02:34:40.752 9 INFO neutron.db.ovn_revision_numbers_db [None req-04f846fd-6a16-4581-a9b9-c698851eefb3 914dd4db0ab649508cf1033617215d38 4af2726539924833aacb935f2fbb1410 - - default default] Successfully bumped revision number for resource 447bbf0d-f423-42ed-b949-7225a285bb93 (type: security_group_rules) to 0
2026-04-27 02:34:40.783 9 INFO neutron.db.ovn_revision_numbers_db [None req-04f846fd-6a16-4581-a9b9-c698851eefb3 914dd4db0ab649508cf1033617215d38 4af2726539924833aacb935f2fbb1410 - - default default] Successfully bumped revision number for resource 52eea56a-757d-4533-84d3-488887747b5b (type: security_group_rules) to 0
2026-04-27 02:34:40.802 9 INFO neutron.db.ovn_revision_numbers_db [None req-04f846fd-6a16-4581-a9b9-c698851eefb3 914dd4db0ab649508cf1033617215d38 4af2726539924833aacb935f2fbb1410 - - default default] Successfully bumped revision number for resource c0ead8e1-77ab-4e04-bea5-4dbd2cea752f (type: security_group_rules) to 0
2026-04-27 02:34:40.818 9 INFO neutron.db.ovn_revision_numbers_db [None req-04f846fd-6a16-4581-a9b9-c698851eefb3 914dd4db0ab649508cf1033617215d38 4af2726539924833aacb935f2fbb1410 - - default default] Successfully bumped revision number for resource f92e67a7-9a07-4bdb-b57c-bbb0a6ca4ad9 (type: security_group_rules) to 0
2026-04-27 02:34:40.844 9 INFO neutron.wsgi [None req-04f846fd-6a16-4581-a9b9-c698851eefb3 914dd4db0ab649508cf1033617215d38 4af2726539924833aacb935f2fbb1410 - - default default] 10.0.0.133 "GET /v2.0/security-groups?tenant_id=27222fa1b619488ebeeef237d470b9e3&name=default HTTP/1.1" status: 200 len: 2996 time: 0.2308233
2026-04-27 02:34:40.912 9 INFO neutron.db.ovn_revision_numbers_db [None req-0de6d247-12ad-4255-955c-a015bec2628a 914dd4db0ab649508cf1033617215d38 4af2726539924833aacb935f2fbb1410 - - default default] Successfully bumped revision number for resource 470948c0-0634-48ed-adfc-3a1e1f6c0344 (type: security_groups) to 1
2026-04-27 02:34:40.921 10 INFO neutron.wsgi [None req-8d47549a-efb9-4ac4-816d-323c1f4896de 9ba1f203861b4c82a83a0f2b61e049ab b3a21a1a8cb74bed916834158e95ec44 - - default default] 10.0.0.133 "GET /v2.0/networks HTTP/1.1" status: 200 len: 1493 time: 0.1668119
2026-04-27 02:34:40.929 9 INFO neutron.db.ovn_revision_numbers_db [None req-0de6d247-12ad-4255-955c-a015bec2628a 914dd4db0ab649508cf1033617215d38 4af2726539924833aacb935f2fbb1410 - - default default] Successfully bumped revision number for resource 19d83fad-2fd0-4eb5-ac93-4cc975d40eb3 (type: security_group_rules) to 0
2026-04-27 02:34:40.952 9 INFO neutron.db.ovn_revision_numbers_db [None req-0de6d247-12ad-4255-955c-a015bec2628a 914dd4db0ab649508cf1033617215d38 4af2726539924833aacb935f2fbb1410 - - default default] Successfully bumped revision number for resource 3e33d134-2472-41dd-90ad-f194758e2ebc (type: security_group_rules) to 0
2026-04-27 02:34:40.979 9 INFO neutron.db.ovn_revision_numbers_db [None req-0de6d247-12ad-4255-955c-a015bec2628a 914dd4db0ab649508cf1033617215d38 4af2726539924833aacb935f2fbb1410 - - default default] Successfully bumped revision number for resource 524bf6ea-db23-4323-8322-78324a520edf (type: security_group_rules) to 0
2026-04-27 02:34:40.994 9 INFO neutron.db.ovn_revision_numbers_db [None req-0de6d247-12ad-4255-955c-a015bec2628a 914dd4db0ab649508cf1033617215d38 4af2726539924833aacb935f2fbb1410 - - default default] Successfully bumped revision number for resource efc10708-b386-47cc-bf09-39468a87728d (type: security_group_rules) to 0
2026-04-27 02:34:41.052 9 INFO neutron.db.segments_db [None req-0de6d247-12ad-4255-955c-a015bec2628a 914dd4db0ab649508cf1033617215d38 4af2726539924833aacb935f2fbb1410 - - default default] Added segment 7481b883-fbfd-45d7-8c97-0082a8bf4adc of type geneve for network a5a35ea9-106d-403e-ac56-d746505956c7
2026-04-27 02:34:41.080 9 INFO neutron.wsgi [req-7294e8c8-b5df-4819-b08c-8a42baa8454f req-66e59d78-01f0-4acd-86da-07cd1fab5778 9ba1f203861b4c82a83a0f2b61e049ab b3a21a1a8cb74bed916834158e95ec44 - - default default] 10.0.0.199 "GET /v2.0/security-groups?name=tempest-secgroup-smoke-828797643&fields=id&tenant_id=b3a21a1a8cb74bed916834158e95ec44 HTTP/1.1" status: 200 len: 267 time: 0.0790336
2026-04-27 02:34:41.086 10 INFO neutron.wsgi [None req-71d7de0a-fd6b-44ca-90e0-077623762132 914dd4db0ab649508cf1033617215d38 4af2726539924833aacb935f2fbb1410 - - default default] 10.0.0.133 "DELETE /v2.0/security-groups/a49cf5d7-4857-46dd-af97-d4b87588e4a2 HTTP/1.1" status: 204 len: 168 time: 0.2349265
2026-04-27 02:34:41.178 9 INFO neutron.wsgi [req-7294e8c8-b5df-4819-b08c-8a42baa8454f req-6868ec9b-d23a-4385-94b2-d5ad09c91581 9ba1f203861b4c82a83a0f2b61e049ab b3a21a1a8cb74bed916834158e95ec44 - - default default] 10.0.0.199 "GET /v2.0/networks?id=ab2c49e1-aa0e-4ce5-8567-7569b9c0349a HTTP/1.1" status: 200 len: 860 time: 0.0905921
2026-04-27 02:34:41.218 9 INFO neutron.wsgi [req-7294e8c8-b5df-4819-b08c-8a42baa8454f req-beae48ea-1fda-46eb-bae7-15b065c394cf 9ba1f203861b4c82a83a0f2b61e049ab b3a21a1a8cb74bed916834158e95ec44 - - default default] 10.0.0.199 "GET /v2.0/quotas/b3a21a1a8cb74bed916834158e95ec44 HTTP/1.1" status: 200 len: 386 time: 0.0316041
2026-04-27 02:34:41.232 9 INFO neutron.db.ovn_revision_numbers_db [None req-0de6d247-12ad-4255-955c-a015bec2628a 914dd4db0ab649508cf1033617215d38 4af2726539924833aacb935f2fbb1410 - - default default] Successfully bumped revision number for resource a5a35ea9-106d-403e-ac56-d746505956c7 (type: networks) to 1
2026-04-27 02:34:41.344 9 INFO neutron.wsgi [req-7294e8c8-b5df-4819-b08c-8a42baa8454f req-8c166397-bed6-47e9-a817-c33f8f5f0c0d 9ba1f203861b4c82a83a0f2b61e049ab b3a21a1a8cb74bed916834158e95ec44 - - default default] 10.0.0.199 "GET /v2.0/ports?tenant_id=b3a21a1a8cb74bed916834158e95ec44&fields=id HTTP/1.1" status: 200 len: 348 time: 0.1197059
2026-04-27 02:34:41.440 9 INFO neutron.wsgi [req-7294e8c8-b5df-4819-b08c-8a42baa8454f req-880a640f-3ee4-429a-92ff-e2c5354091cd 8f4a0e6c347e4983846d856c47d85f0a 32b22917c452452a92db088bc3c4cad0 - - 3a79f97034744e4c8e2df7c686d86d1f 3a79f97034744e4c8e2df7c686d86d1f] 10.0.0.199 "GET /v2.0/networks/ab2c49e1-aa0e-4ce5-8567-7569b9c0349a?fields=segments HTTP/1.1" status: 200 len: 212 time: 0.0816042
2026-04-27 02:34:41.473 9 WARNING neutron.scheduler.dhcp_agent_scheduler [None req-0de6d247-12ad-4255-955c-a015bec2628a 914dd4db0ab649508cf1033617215d38 4af2726539924833aacb935f2fbb1410 - - default default] No more DHCP agents
2026-04-27 02:34:41.485 9 WARNING neutron.api.rpc.agentnotifiers.dhcp_rpc_agent_api [None req-0de6d247-12ad-4255-955c-a015bec2628a 914dd4db0ab649508cf1033617215d38 4af2726539924833aacb935f2fbb1410 - - default default] Unable to schedule network a5a35ea9-106d-403e-ac56-d746505956c7: no agents available; will retry on subsequent port and subnet creation events.
2026-04-27 02:34:41.516 9 INFO neutron.wsgi [req-7294e8c8-b5df-4819-b08c-8a42baa8454f req-87b90075-9f40-4d9b-9b85-3e2c705143d5 8f4a0e6c347e4983846d856c47d85f0a 32b22917c452452a92db088bc3c4cad0 - - 3a79f97034744e4c8e2df7c686d86d1f 3a79f97034744e4c8e2df7c686d86d1f] 10.0.0.199 "GET /v2.0/networks/ab2c49e1-aa0e-4ce5-8567-7569b9c0349a?fields=provider%3Aphysical_network&fields=provider%3Anetwork_type HTTP/1.1" status: 200 len: 277 time: 0.0663819
2026-04-27 02:34:41.569 9 INFO neutron.db.ovn_revision_numbers_db [None req-0de6d247-12ad-4255-955c-a015bec2628a 914dd4db0ab649508cf1033617215d38 4af2726539924833aacb935f2fbb1410 - - default default] Successfully bumped revision number for resource 3a1976ab-89fb-43f5-b158-8e210f3cec3a (type: ports) to 1
2026-04-27 02:34:41.603 9 INFO neutron.wsgi [None req-0de6d247-12ad-4255-955c-a015bec2628a 914dd4db0ab649508cf1033617215d38 4af2726539924833aacb935f2fbb1410 - - default default] 10.0.0.133 "POST /v2.0/networks HTTP/1.1" status: 201 len: 942 time: 1.0449166
2026-04-27 02:34:41.691 10 INFO neutron.wsgi [req-3f6ce5c8-fc9c-4330-9805-8108e7ab034c req-0e9a637f-0e26-4756-91d1-f3de0efaf382 9ba1f203861b4c82a83a0f2b61e049ab b3a21a1a8cb74bed916834158e95ec44 - - default default] 10.0.0.199 "GET /v2.0/ports?device_id=d205a122-9768-4cb3-854e-1947ff2fa780 HTTP/1.1" status: 200 len: 210 time: 0.0271204
2026-04-27 02:34:41.760 9 WARNING neutron.scheduler.dhcp_agent_scheduler [None req-ff4dca9b-1310-42bd-b6aa-3397f4045a67 914dd4db0ab649508cf1033617215d38 4af2726539924833aacb935f2fbb1410 - - default default] No more DHCP agents
2026-04-27 02:34:41.762 9 WARNING neutron.api.rpc.agentnotifiers.dhcp_rpc_agent_api [None req-ff4dca9b-1310-42bd-b6aa-3397f4045a67 914dd4db0ab649508cf1033617215d38 4af2726539924833aacb935f2fbb1410 - - default default] Unable to schedule network a5a35ea9-106d-403e-ac56-d746505956c7: no agents available; will retry on subsequent port and subnet creation events.
2026-04-27 02:34:42.289 9 INFO neutron.db.ovn_revision_numbers_db [None req-ff4dca9b-1310-42bd-b6aa-3397f4045a67 914dd4db0ab649508cf1033617215d38 4af2726539924833aacb935f2fbb1410 - - default default] Successfully bumped revision number for resource 3a1976ab-89fb-43f5-b158-8e210f3cec3a (type: ports) to 2
2026-04-27 02:34:42.322 9 INFO neutron.db.ovn_revision_numbers_db [None req-ff4dca9b-1310-42bd-b6aa-3397f4045a67 914dd4db0ab649508cf1033617215d38 4af2726539924833aacb935f2fbb1410 - - default default] Successfully bumped revision number for resource 675acc32-561e-4b3f-b34d-34886683db55 (type: subnets) to 0
2026-04-27 02:34:42.336 9 INFO neutron.wsgi [None req-ff4dca9b-1310-42bd-b6aa-3397f4045a67 914dd4db0ab649508cf1033617215d38 4af2726539924833aacb935f2fbb1410 - - default default] 10.0.0.133 "POST /v2.0/subnets HTTP/1.1" status: 201 len: 862 time: 0.7279994
2026-04-27 02:34:42.665 10 INFO neutron.wsgi [req-7294e8c8-b5df-4819-b08c-8a42baa8454f req-e9766219-d6e6-4fc6-9c21-47b154820ffc 9ba1f203861b4c82a83a0f2b61e049ab b3a21a1a8cb74bed916834158e95ec44 - - default default] 199.204.45.222 "GET /v2.0/networks?id=ab2c49e1-aa0e-4ce5-8567-7569b9c0349a HTTP/1.1" status: 200 len: 860 time: 0.1038566
2026-04-27 02:34:42.735 10 INFO neutron.wsgi [req-7294e8c8-b5df-4819-b08c-8a42baa8454f req-70f27230-8960-4833-a7a3-f6ec9c751484 9ba1f203861b4c82a83a0f2b61e049ab b3a21a1a8cb74bed916834158e95ec44 - - default default] 199.204.45.222 "GET /v2.0/security-groups?fields=id&fields=name&tenant_id=b3a21a1a8cb74bed916834158e95ec44 HTTP/1.1" status: 200 len: 471 time: 0.0651777
2026-04-27 02:34:42.770 9 INFO neutron.wsgi [req-cf7855f6-261b-4e40-b77f-0e99f2f18d09 req-b2114ca7-978d-46af-ab5c-53a3a2842bb8 9ba1f203861b4c82a83a0f2b61e049ab b3a21a1a8cb74bed916834158e95ec44 - - default default] 10.0.0.199 "GET /v2.0/ports?device_id=d205a122-9768-4cb3-854e-1947ff2fa780 HTTP/1.1" status: 200 len: 210 time: 0.0184517
2026-04-27 02:34:42.786 9 WARNING neutron.scheduler.dhcp_agent_scheduler [None req-c793eac6-d0ae-4544-8034-d324ef8e4423 914dd4db0ab649508cf1033617215d38 4af2726539924833aacb935f2fbb1410 - - default default] No more DHCP agents
2026-04-27 02:34:42.787 9 WARNING neutron.api.rpc.agentnotifiers.dhcp_rpc_agent_api [None req-c793eac6-d0ae-4544-8034-d324ef8e4423 914dd4db0ab649508cf1033617215d38 4af2726539924833aacb935f2fbb1410 - - default default] Unable to schedule network 41c2b178-ba8f-472c-bcd1-18379c61da8c: no agents available; will retry on subsequent port and subnet creation events.
2026-04-27 02:34:42.926 9 INFO neutron.db.ovn_revision_numbers_db [None req-c793eac6-d0ae-4544-8034-d324ef8e4423 914dd4db0ab649508cf1033617215d38 4af2726539924833aacb935f2fbb1410 - - default default] Successfully bumped revision number for resource 0c213310-92cd-4400-8fb6-20a6e83b24d0 (type: ports) to 1
2026-04-27 02:34:42.947 10 INFO neutron.db.ovn_revision_numbers_db [None req-14c88fb5-b9ff-478d-bc38-d83a8e531805 c092edf6191d4903a47471d8c0a157a7 70a43bf0490642e79cbdae60d8ec4c8b - - default default] Successfully bumped revision number for resource 1951fe06-a005-48d9-b449-a34332c30782 (type: security_groups) to 1
2026-04-27 02:34:42.970 10 INFO neutron.db.ovn_revision_numbers_db [None req-14c88fb5-b9ff-478d-bc38-d83a8e531805 c092edf6191d4903a47471d8c0a157a7 70a43bf0490642e79cbdae60d8ec4c8b - - default default] Successfully bumped revision number for resource 03b94a50-bfaf-443f-ae66-f23c3365947f (type: security_group_rules) to 0
2026-04-27 02:34:42.989 10 INFO neutron.db.ovn_revision_numbers_db [None req-14c88fb5-b9ff-478d-bc38-d83a8e531805 c092edf6191d4903a47471d8c0a157a7 70a43bf0490642e79cbdae60d8ec4c8b - - default default] Successfully bumped revision number for resource 0c835c61-d79d-40d3-bf19-38abc5082b7c (type: security_group_rules) to 0
2026-04-27 02:34:43.029 10 INFO neutron.db.ovn_revision_numbers_db [None req-14c88fb5-b9ff-478d-bc38-d83a8e531805 c092edf6191d4903a47471d8c0a157a7 70a43bf0490642e79cbdae60d8ec4c8b - - default default] Successfully bumped revision number for resource 5ff1576a-b24f-455f-90ee-a7d4a34d6045 (type: security_group_rules) to 0
2026-04-27 02:34:43.063 10 INFO neutron.db.ovn_revision_numbers_db [None req-14c88fb5-b9ff-478d-bc38-d83a8e531805 c092edf6191d4903a47471d8c0a157a7 70a43bf0490642e79cbdae60d8ec4c8b - - default default] Successfully bumped revision number for resource ec4dabec-7da0-4056-adcd-bd426281048a (type: security_group_rules) to 0
2026-04-27 02:34:43.120 10 INFO neutron.db.segments_db [None req-14c88fb5-b9ff-478d-bc38-d83a8e531805 c092edf6191d4903a47471d8c0a157a7 70a43bf0490642e79cbdae60d8ec4c8b - - default default] Added segment 5364551c-e21f-4009-9680-297856d16da6 of type geneve for network b920de03-a7db-45c4-a77e-39e9ca1b9470
2026-04-27 02:34:43.168 10 WARNING neutron.scheduler.dhcp_agent_scheduler [req-7294e8c8-b5df-4819-b08c-8a42baa8454f req-53afa0eb-5f8c-4494-8767-fa9823f01c72 9ba1f203861b4c82a83a0f2b61e049ab b3a21a1a8cb74bed916834158e95ec44 - - default default] No more DHCP agents
2026-04-27 02:34:43.172 10 WARNING neutron.api.rpc.agentnotifiers.dhcp_rpc_agent_api [req-7294e8c8-b5df-4819-b08c-8a42baa8454f req-53afa0eb-5f8c-4494-8767-fa9823f01c72 9ba1f203861b4c82a83a0f2b61e049ab b3a21a1a8cb74bed916834158e95ec44 - - default default] Unable to schedule network ab2c49e1-aa0e-4ce5-8567-7569b9c0349a: no agents available; will retry on subsequent port and subnet creation events.
2026-04-27 02:34:43.292 10 INFO neutron.db.ovn_revision_numbers_db [None req-14c88fb5-b9ff-478d-bc38-d83a8e531805 c092edf6191d4903a47471d8c0a157a7 70a43bf0490642e79cbdae60d8ec4c8b - - default default] Successfully bumped revision number for resource b920de03-a7db-45c4-a77e-39e9ca1b9470 (type: networks) to 1
2026-04-27 02:34:43.391 10 INFO neutron.db.ovn_revision_numbers_db [req-7294e8c8-b5df-4819-b08c-8a42baa8454f req-53afa0eb-5f8c-4494-8767-fa9823f01c72 9ba1f203861b4c82a83a0f2b61e049ab b3a21a1a8cb74bed916834158e95ec44 - - default default] Successfully bumped revision number for resource 38b2a187-cfee-4c5a-b5fa-3214f6cd0fc0 (type: ports) to 1
2026-04-27 02:34:43.441 10 INFO neutron.wsgi [req-7294e8c8-b5df-4819-b08c-8a42baa8454f req-53afa0eb-5f8c-4494-8767-fa9823f01c72 9ba1f203861b4c82a83a0f2b61e049ab b3a21a1a8cb74bed916834158e95ec44 - - default default] 199.204.45.222 "POST /v2.0/ports HTTP/1.1" status: 201 len: 1158 time: 0.6968837 /var/lib/openstack/lib/python3.10/site-packages/pycadf/identifier.py:71: UserWarning: Invalid uuid: neutron. To ensure interoperability, identifiers should be a valid uuid. warnings.warn(('Invalid uuid: %s. To ensure interoperability, '
2026-04-27 02:34:43.534 10 WARNING neutron.scheduler.dhcp_agent_scheduler [None req-14c88fb5-b9ff-478d-bc38-d83a8e531805 c092edf6191d4903a47471d8c0a157a7 70a43bf0490642e79cbdae60d8ec4c8b - - default default] No more DHCP agents
2026-04-27 02:34:43.538 10 WARNING neutron.api.rpc.agentnotifiers.dhcp_rpc_agent_api [None req-14c88fb5-b9ff-478d-bc38-d83a8e531805 c092edf6191d4903a47471d8c0a157a7 70a43bf0490642e79cbdae60d8ec4c8b - - default default] Unable to schedule network b920de03-a7db-45c4-a77e-39e9ca1b9470: no agents available; will retry on subsequent port and subnet creation events.
2026-04-27 02:34:43.673 10 INFO neutron.db.ovn_revision_numbers_db [None req-14c88fb5-b9ff-478d-bc38-d83a8e531805 c092edf6191d4903a47471d8c0a157a7 70a43bf0490642e79cbdae60d8ec4c8b - - default default] Successfully bumped revision number for resource d649849c-a0d9-4a15-85a6-80538885b414 (type: ports) to 1
2026-04-27 02:34:43.707 10 INFO neutron.wsgi [None req-14c88fb5-b9ff-478d-bc38-d83a8e531805 c092edf6191d4903a47471d8c0a157a7 70a43bf0490642e79cbdae60d8ec4c8b - - default default] 10.0.0.133 "POST /v2.0/networks HTTP/1.1" status: 201 len: 927 time: 1.1561592
2026-04-27 02:34:43.751 10 INFO neutron.plugins.ml2.drivers.ovn.mech_driver.mech_driver [None req-47a401a3-1ba8-47e9-990a-f89907c2c9fb - - - - - -] OVN reports status up for port: 0c213310-92cd-4400-8fb6-20a6e83b24d0
2026-04-27 02:34:43.756 9 INFO neutron.plugins.ml2.drivers.ovn.mech_driver.ovsdb.ovsdb_monitor [None req-2dce554d-1bcd-4242-96d9-4cb9cb655033 - - - - - -] Router 3ed6172f-0102-4689-ae5f-c258208c8712 is bound to host instance
2026-04-27 02:34:43.774 10 INFO neutron.plugins.ml2.plugin [None req-47a401a3-1ba8-47e9-990a-f89907c2c9fb - - - - - -] Attempt 1 to provision port 0c213310-92cd-4400-8fb6-20a6e83b24d0
2026-04-27 02:34:43.777 9 INFO neutron.db.ovn_revision_numbers_db [None req-c793eac6-d0ae-4544-8034-d324ef8e4423 914dd4db0ab649508cf1033617215d38 4af2726539924833aacb935f2fbb1410 - - default default] Successfully bumped revision number for resource 0c213310-92cd-4400-8fb6-20a6e83b24d0 (type: router_ports) to 1
2026-04-27 02:34:43.856 9 INFO neutron.db.ovn_revision_numbers_db [None req-c793eac6-d0ae-4544-8034-d324ef8e4423 914dd4db0ab649508cf1033617215d38 4af2726539924833aacb935f2fbb1410 - - default default] Successfully bumped revision number for resource 3ed6172f-0102-4689-ae5f-c258208c8712 (type: routers) to 2
2026-04-27 02:34:43.873 9 INFO neutron.wsgi [None req-c793eac6-d0ae-4544-8034-d324ef8e4423 914dd4db0ab649508cf1033617215d38 4af2726539924833aacb935f2fbb1410 - - default default] 10.0.0.133 "POST /v2.0/routers HTTP/1.1" status: 201 len: 873 time: 1.5321639
2026-04-27 02:34:44.056 10 INFO neutron.wsgi [req-792c2089-fc22-46ba-b03b-3c910158d88e req-1ca000c2-7208-481b-a189-057e2689a78a 9ba1f203861b4c82a83a0f2b61e049ab b3a21a1a8cb74bed916834158e95ec44 - - default default] 10.0.0.199 "GET /v2.0/ports?device_id=d205a122-9768-4cb3-854e-1947ff2fa780 HTTP/1.1" status: 200 len: 1168 time: 0.2113311
2026-04-27 02:34:44.057 10 WARNING neutron.scheduler.dhcp_agent_scheduler [None req-abb77e30-8937-463c-9268-7d12e58f89cf c092edf6191d4903a47471d8c0a157a7 70a43bf0490642e79cbdae60d8ec4c8b - - default default] No more DHCP agents
2026-04-27 02:34:44.061 10 WARNING neutron.api.rpc.agentnotifiers.dhcp_rpc_agent_api [None req-abb77e30-8937-463c-9268-7d12e58f89cf c092edf6191d4903a47471d8c0a157a7 70a43bf0490642e79cbdae60d8ec4c8b - - default default] Unable to schedule network b920de03-a7db-45c4-a77e-39e9ca1b9470: no agents available; will retry on subsequent port and subnet creation events. /var/lib/openstack/lib/python3.10/site-packages/pycadf/identifier.py:71: UserWarning: Invalid uuid: neutron. To ensure interoperability, identifiers should be a valid uuid. warnings.warn(('Invalid uuid: %s. To ensure interoperability, '
2026-04-27 02:34:44.137 10 INFO neutron.wsgi [req-792c2089-fc22-46ba-b03b-3c910158d88e req-cf19ddbd-bc5c-45cd-8178-be3254090335 9ba1f203861b4c82a83a0f2b61e049ab b3a21a1a8cb74bed916834158e95ec44 - - default default] 10.0.0.199 "GET /v2.0/security-groups?id=19896fbe-29e3-4a7d-a7b2-4aaca8ed8c93&fields=id&fields=name HTTP/1.1" status: 200 len: 312 time: 0.0727441
2026-04-27 02:34:44.194 10 INFO neutron.db.ovn_revision_numbers_db [req-7294e8c8-b5df-4819-b08c-8a42baa8454f req-51aa050a-5f81-4f94-9a66-abb7ec5612e3 8f4a0e6c347e4983846d856c47d85f0a 32b22917c452452a92db088bc3c4cad0 - - 3a79f97034744e4c8e2df7c686d86d1f 3a79f97034744e4c8e2df7c686d86d1f] Successfully bumped revision number for resource 38b2a187-cfee-4c5a-b5fa-3214f6cd0fc0 (type: ports) to 2
2026-04-27 02:34:44.354 9 INFO neutron.db.ovn_revision_numbers_db [None req-2dce554d-1bcd-4242-96d9-4cb9cb655033 - - - - - -] Successfully bumped revision number for resource 0c213310-92cd-4400-8fb6-20a6e83b24d0 (type: ports) to 1
2026-04-27 02:34:44.367 9 WARNING neutron.scheduler.dhcp_agent_scheduler [None req-86c5fbcf-7053-4de3-b711-a4195218b088 914dd4db0ab649508cf1033617215d38 4af2726539924833aacb935f2fbb1410 - - default default] No more DHCP agents
2026-04-27 02:34:44.370 9 WARNING neutron.api.rpc.agentnotifiers.dhcp_rpc_agent_api [None req-86c5fbcf-7053-4de3-b711-a4195218b088 914dd4db0ab649508cf1033617215d38 4af2726539924833aacb935f2fbb1410 - - default default] Unable to schedule network a5a35ea9-106d-403e-ac56-d746505956c7: no agents available; will retry on subsequent port and subnet creation events.
2026-04-27 02:34:44.473 10 INFO neutron.db.ovn_revision_numbers_db [req-7294e8c8-b5df-4819-b08c-8a42baa8454f req-51aa050a-5f81-4f94-9a66-abb7ec5612e3 8f4a0e6c347e4983846d856c47d85f0a 32b22917c452452a92db088bc3c4cad0 - - 3a79f97034744e4c8e2df7c686d86d1f 3a79f97034744e4c8e2df7c686d86d1f] Successfully bumped revision number for resource 38b2a187-cfee-4c5a-b5fa-3214f6cd0fc0 (type: ports) to 2
2026-04-27 02:34:44.496 10 INFO neutron.wsgi [req-7294e8c8-b5df-4819-b08c-8a42baa8454f req-51aa050a-5f81-4f94-9a66-abb7ec5612e3 8f4a0e6c347e4983846d856c47d85f0a 32b22917c452452a92db088bc3c4cad0 - - 3a79f97034744e4c8e2df7c686d86d1f 3a79f97034744e4c8e2df7c686d86d1f] 199.204.45.222 "PUT /v2.0/ports/38b2a187-cfee-4c5a-b5fa-3214f6cd0fc0 HTTP/1.1" status: 200 len: 1376 time: 1.0453990
2026-04-27 02:34:44.544 10 INFO neutron.notifiers.nova [-] Nova event matching ['req-b15f8091-38a3-4a16-b828-f1c14dc0580a'] response: {'name': 'network-changed', 'server_uuid': 'd205a122-9768-4cb3-854e-1947ff2fa780', 'tag': '38b2a187-cfee-4c5a-b5fa-3214f6cd0fc0', 'status': 'completed', 'code': 200} /var/lib/openstack/lib/python3.10/site-packages/pycadf/identifier.py:71: UserWarning: Invalid uuid: neutron. To ensure interoperability, identifiers should be a valid uuid. warnings.warn(('Invalid uuid: %s. To ensure interoperability, '
2026-04-27 02:34:44.575 9 INFO neutron.db.ovn_revision_numbers_db [None req-86c5fbcf-7053-4de3-b711-a4195218b088 914dd4db0ab649508cf1033617215d38 4af2726539924833aacb935f2fbb1410 - - default default] Successfully bumped revision number for resource 410cae49-b873-4557-82f9-0b35f4ccb0b2 (type: ports) to 1
2026-04-27 02:34:44.586 10 INFO neutron.wsgi [req-7294e8c8-b5df-4819-b08c-8a42baa8454f req-bd1812f3-c8d5-4152-86a6-dd810d9965e3 8f4a0e6c347e4983846d856c47d85f0a 32b22917c452452a92db088bc3c4cad0 - - 3a79f97034744e4c8e2df7c686d86d1f 3a79f97034744e4c8e2df7c686d86d1f] 199.204.45.222 "GET /v2.0/ports?tenant_id=b3a21a1a8cb74bed916834158e95ec44&device_id=d205a122-9768-4cb3-854e-1947ff2fa780 HTTP/1.1" status: 200 len: 1407 time: 0.0376115
2026-04-27 02:34:44.619 10 INFO neutron.wsgi [req-7294e8c8-b5df-4819-b08c-8a42baa8454f req-28621be1-584b-4e89-8121-85f02c6539f7 8f4a0e6c347e4983846d856c47d85f0a 32b22917c452452a92db088bc3c4cad0 - - 3a79f97034744e4c8e2df7c686d86d1f 3a79f97034744e4c8e2df7c686d86d1f] 199.204.45.222 "GET /v2.0/floatingips?fixed_ip_address=10.100.0.4&port_id=38b2a187-cfee-4c5a-b5fa-3214f6cd0fc0 HTTP/1.1" status: 200 len: 217 time: 0.0223145
2026-04-27 02:34:44.673 9 INFO neutron.db.ovn_revision_numbers_db [None req-2dce554d-1bcd-4242-96d9-4cb9cb655033 - - - - - -] Successfully bumped revision number for resource 0c213310-92cd-4400-8fb6-20a6e83b24d0 (type: router_ports) to 3
2026-04-27 02:34:44.676 10 INFO neutron.wsgi [req-7294e8c8-b5df-4819-b08c-8a42baa8454f req-bf142bdd-5148-4477-92be-cee931f7af87 8f4a0e6c347e4983846d856c47d85f0a 32b22917c452452a92db088bc3c4cad0 - - 3a79f97034744e4c8e2df7c686d86d1f 3a79f97034744e4c8e2df7c686d86d1f] 199.204.45.222 "GET /v2.0/subnets?id=84a1f0c7-084c-4bcb-a0c0-62ff1330492f HTTP/1.1" status: 200 len: 853 time: 0.0429420
2026-04-27 02:34:44.699 10 INFO neutron.wsgi [req-7294e8c8-b5df-4819-b08c-8a42baa8454f req-afaa26e6-b8a5-47c7-a973-b2fb3893f68c 8f4a0e6c347e4983846d856c47d85f0a 32b22917c452452a92db088bc3c4cad0 - - 3a79f97034744e4c8e2df7c686d86d1f 3a79f97034744e4c8e2df7c686d86d1f] 199.204.45.222 "GET /v2.0/ports?network_id=ab2c49e1-aa0e-4ce5-8567-7569b9c0349a&device_owner=network%3Adhcp HTTP/1.1" status: 200 len: 210 time: 0.0175414
2026-04-27 02:34:44.700 10 INFO neutron.db.ovn_revision_numbers_db [None req-abb77e30-8937-463c-9268-7d12e58f89cf c092edf6191d4903a47471d8c0a157a7 70a43bf0490642e79cbdae60d8ec4c8b - - default default] Successfully bumped revision number for resource d649849c-a0d9-4a15-85a6-80538885b414 (type: ports) to 2
2026-04-27 02:34:44.755 10 INFO neutron.db.ovn_revision_numbers_db [None req-abb77e30-8937-463c-9268-7d12e58f89cf c092edf6191d4903a47471d8c0a157a7 70a43bf0490642e79cbdae60d8ec4c8b - - default default] Successfully bumped revision number for resource 9dad1817-b5a2-4785-918a-64e649363dd3 (type: subnets) to 0
2026-04-27 02:34:44.780 10 INFO neutron.wsgi [None req-abb77e30-8937-463c-9268-7d12e58f89cf c092edf6191d4903a47471d8c0a157a7 70a43bf0490642e79cbdae60d8ec4c8b - - default default] 10.0.0.133 "POST /v2.0/subnets HTTP/1.1" status: 201 len: 819 time: 1.0662143
2026-04-27 02:34:44.782 10 INFO neutron.wsgi [req-7294e8c8-b5df-4819-b08c-8a42baa8454f req-975d1277-5960-4547-8510-20eb38488ca3 8f4a0e6c347e4983846d856c47d85f0a 32b22917c452452a92db088bc3c4cad0 - - 3a79f97034744e4c8e2df7c686d86d1f 3a79f97034744e4c8e2df7c686d86d1f] 199.204.45.222 "GET /v2.0/networks/ab2c49e1-aa0e-4ce5-8567-7569b9c0349a?fields=segments HTTP/1.1" status: 200 len: 212 time: 0.0764685
2026-04-27 02:34:44.791 10 WARNING neutron.api.v2.base [None req-38d690cd-4d6a-4684-9006-004a21a31fba c092edf6191d4903a47471d8c0a157a7 70a43bf0490642e79cbdae60d8ec4c8b - - default default] An exception happened while processing the request body. The exception message is [Invalid input for target_tenant. Reason: 'None' is not a valid string.].: webob.exc.HTTPBadRequest: Invalid input for target_tenant. Reason: 'None' is not a valid string.
2026-04-27 02:34:44.792 10 INFO neutron.api.v2.resource [None req-38d690cd-4d6a-4684-9006-004a21a31fba c092edf6191d4903a47471d8c0a157a7 70a43bf0490642e79cbdae60d8ec4c8b - - default default] create failed (client error): Invalid input for target_tenant. Reason: 'None' is not a valid string.
2026-04-27 02:34:44.793 10 INFO neutron.wsgi [None req-38d690cd-4d6a-4684-9006-004a21a31fba c092edf6191d4903a47471d8c0a157a7 70a43bf0490642e79cbdae60d8ec4c8b - - default default] 10.0.0.133 "POST /v2.0/rbac-policies HTTP/1.1" status: 400 len: 346 time: 0.0065041
2026-04-27 02:34:44.852 10 INFO neutron.wsgi [req-7294e8c8-b5df-4819-b08c-8a42baa8454f req-e85768fe-b8c7-45de-8e68-41c3eafc8c3d 8f4a0e6c347e4983846d856c47d85f0a 32b22917c452452a92db088bc3c4cad0 - - 3a79f97034744e4c8e2df7c686d86d1f 3a79f97034744e4c8e2df7c686d86d1f] 199.204.45.222 "GET /v2.0/networks/ab2c49e1-aa0e-4ce5-8567-7569b9c0349a?fields=provider%3Aphysical_network&fields=provider%3Anetwork_type HTTP/1.1" status: 200 len: 277 time: 0.0587721
2026-04-27 02:34:44.883 9 INFO neutron.db.ovn_revision_numbers_db [None req-2dce554d-1bcd-4242-96d9-4cb9cb655033 - - - - - -] Successfully bumped revision number for resource 0c213310-92cd-4400-8fb6-20a6e83b24d0 (type: ports) to 2
2026-04-27 02:34:44.930 10 INFO neutron.wsgi [req-3d456ce7-8297-4b0f-895d-a3d64f6fa1ab req-3c517ee2-ee7e-413c-a1f5-47829fd93fe0 8f4a0e6c347e4983846d856c47d85f0a 32b22917c452452a92db088bc3c4cad0 - - 3a79f97034744e4c8e2df7c686d86d1f 3a79f97034744e4c8e2df7c686d86d1f] 199.204.45.222 "GET /v2.0/ports?tenant_id=b3a21a1a8cb74bed916834158e95ec44&device_id=d205a122-9768-4cb3-854e-1947ff2fa780 HTTP/1.1" status: 200 len: 1407 time: 0.0411191
2026-04-27 02:34:45.419 9 INFO neutron.db.ovn_revision_numbers_db [None req-86c5fbcf-7053-4de3-b711-a4195218b088 914dd4db0ab649508cf1033617215d38 4af2726539924833aacb935f2fbb1410 - - default default] Successfully bumped revision number for resource 410cae49-b873-4557-82f9-0b35f4ccb0b2 (type: router_ports) to 1
