2026-04-27 02:29:18.074 10 INFO neutron.wsgi [None req-2d364da0-b503-4dd9-bc6b-10deeb8a599c 914dd4db0ab649508cf1033617215d38 4af2726539924833aacb935f2fbb1410 - - default default] 199.204.45.222,10.0.0.106 "GET /v2.0/security-groups?tenant_id=4af2726539924833aacb935f2fbb1410 HTTP/1.1" status: 200 len: 10153 time: 0.0711930
2026-04-27 02:29:18.868 10 INFO neutron.wsgi [None req-d06bf1f1-840b-4866-a24c-1804f51be104 914dd4db0ab649508cf1033617215d38 4af2726539924833aacb935f2fbb1410 - - default default] 199.204.45.222,10.0.0.106 "GET /v2.0/security-groups?tenant_id=4af2726539924833aacb935f2fbb1410 HTTP/1.1" status: 200 len: 10153 time: 0.0788589
2026-04-27 02:29:19.702 10 INFO neutron.wsgi [None req-08a90d1b-9dd8-4f73-8075-01a0c0982338 914dd4db0ab649508cf1033617215d38 4af2726539924833aacb935f2fbb1410 - - default default] 199.204.45.222,10.0.0.106 "GET /v2.0/security-groups?tenant_id=4af2726539924833aacb935f2fbb1410 HTTP/1.1" status: 200 len: 10153 time: 0.0728576
2026-04-27 02:29:20.536 10 INFO neutron.wsgi [None req-8ff771d5-2222-41a6-9073-1bd3176e737d 914dd4db0ab649508cf1033617215d38 4af2726539924833aacb935f2fbb1410 - - default default] 199.204.45.222,10.0.0.106 "GET /v2.0/security-groups?tenant_id=4af2726539924833aacb935f2fbb1410 HTTP/1.1" status: 200 len: 10153 time: 0.0948658
2026-04-27 02:29:21.456 10 INFO neutron.wsgi [-] 10.0.0.106 "GET / HTTP/1.1" status: 200 len: 247 time: 0.0017507
2026-04-27 02:29:21.457 9 INFO neutron.wsgi [-] 10.0.0.106 "GET / HTTP/1.1" status: 200 len: 247 time: 0.0033083
2026-04-27 02:29:21.590 10 INFO neutron.wsgi [None req-e678f258-411f-4052-a0b5-ff06ce90a6f5 914dd4db0ab649508cf1033617215d38 4af2726539924833aacb935f2fbb1410 - - default default] 199.204.45.222,10.0.0.106 "GET /v2.0/security-groups HTTP/1.1" status: 200 len: 16795 time: 0.0956171
2026-04-27 02:29:21.633 10 INFO neutron.wsgi [None req-11becc78-fd29-412e-9fc4-4eae05432a3c 914dd4db0ab649508cf1033617215d38 4af2726539924833aacb935f2fbb1410 - - default default] 199.204.45.222,10.0.0.106 "GET /v2.0/ports HTTP/1.1" status: 200 len: 5343 time: 0.0302589
2026-04-27 02:29:25.396 10 INFO neutron.wsgi [None req-0aa94cee-b3d7-44f0-b952-2790cb1efe41 914dd4db0ab649508cf1033617215d38 4af2726539924833aacb935f2fbb1410 - - default default] 10.0.0.94 "GET /v2.0/network-ip-availabilities HTTP/1.1" status: 200 len: 1280 time: 0.0830746
2026-04-27 02:29:25.455 10 INFO neutron.wsgi [None req-6a7ffba5-f5c5-4bf9-8675-e79698046e17 914dd4db0ab649508cf1033617215d38 4af2726539924833aacb935f2fbb1410 - - default default] 10.0.0.94 "GET /v2.0/subnets HTTP/1.1" status: 200 len: 1437 time: 0.0497506
2026-04-27 02:29:25.464 10 INFO neutron.wsgi [None req-94795e98-ddc2-430f-833c-627eeddd208b 914dd4db0ab649508cf1033617215d38 4af2726539924833aacb935f2fbb1410 - - default default] 10.0.0.94 "GET /v2.0/subnetpools HTTP/1.1" status: 200 len: 193 time: 0.0083823
2026-04-27 02:29:25.484 10 INFO neutron.wsgi [None req-5b366a30-4563-4950-ad60-46fb8abf0878 914dd4db0ab649508cf1033617215d38 4af2726539924833aacb935f2fbb1410 - - default default] 10.0.0.94 "GET /v2.0/floatingips HTTP/1.1" status: 200 len: 193 time: 0.0192842
2026-04-27 02:29:25.526 10 INFO neutron.wsgi [None req-2f938bdd-de5c-4350-9c8f-1de894377278 914dd4db0ab649508cf1033617215d38 4af2726539924833aacb935f2fbb1410 - - default default] 10.0.0.94 "GET /v2.0/security-groups HTTP/1.1" status: 200 len: 16795 time: 0.0412014
2026-04-27 02:29:25.561 10 INFO neutron.wsgi [None req-474bb9fd-4d12-4a57-9e0b-9580d1326a41 914dd4db0ab649508cf1033617215d38 4af2726539924833aacb935f2fbb1410 - - default default] 10.0.0.94 "GET /v2.0/subnets HTTP/1.1" status: 200 len: 1437 time: 0.0281122
2026-04-27 02:29:25.584 10 INFO neutron.wsgi [None req-7faa61ea-317f-4586-97f6-ae142b425549 914dd4db0ab649508cf1033617215d38 4af2726539924833aacb935f2fbb1410 - - default default] 10.0.0.94 "GET /v2.0/routers HTTP/1.1" status: 200 len: 189 time: 0.0217357
2026-04-27 02:29:25.700 10 INFO neutron.wsgi [None req-0ed4ce52-675f-4ec6-97d3-a76c50456bb4 914dd4db0ab649508cf1033617215d38 4af2726539924833aacb935f2fbb1410 - - default default] 10.0.0.94 "GET /v2.0/agents?binary=ovn-controller HTTP/1.1" status: 200 len: 591 time: 0.1153562
2026-04-27 02:29:25.711 10 INFO neutron.wsgi [None req-e99839cb-0375-4d7b-96c0-450e6b5553c1 914dd4db0ab649508cf1033617215d38 4af2726539924833aacb935f2fbb1410 - - default default] 10.0.0.94 "GET /v2.0/agents HTTP/1.1" status: 200 len: 997 time: 0.0107346
2026-04-27 02:29:25.767 10 INFO neutron.wsgi [None req-602b10c8-e30a-4cad-a042-541e693a461b 914dd4db0ab649508cf1033617215d38 4af2726539924833aacb935f2fbb1410 - - default default] 10.0.0.94 "GET /v2.0/networks HTTP/1.1" status: 200 len: 2350 time: 0.0553398
2026-04-27 02:29:25.798 10 INFO neutron.wsgi [None req-8f5c97d8-ccf5-40f9-a010-0c089e9fe7f1 914dd4db0ab649508cf1033617215d38 4af2726539924833aacb935f2fbb1410 - - default default] 10.0.0.94 "GET /v2.0/ports HTTP/1.1" status: 200 len: 5343 time: 0.0262229
2026-04-27 02:29:27.792 10 INFO neutron.pecan_wsgi.hooks.translation [None req-a7e8e775-33a4-473d-b9f7-44de08bed402 914dd4db0ab649508cf1033617215d38 4af2726539924833aacb935f2fbb1410 - - default default] GET failed (client error): The resource could not be found.
2026-04-27 02:29:27.793 10 INFO neutron.wsgi [None req-a7e8e775-33a4-473d-b9f7-44de08bed402 914dd4db0ab649508cf1033617215d38 4af2726539924833aacb935f2fbb1410 - - default default] 199.204.45.222,10.0.0.106 "GET /v2.0/ports/octavia-health-manager-port-instance HTTP/1.1" status: 404 len: 314 time: 0.0508575
2026-04-27 02:29:27.827 10 INFO neutron.wsgi [None req-ff11fa0c-9642-4036-83db-9e3c6aa05b82 914dd4db0ab649508cf1033617215d38 4af2726539924833aacb935f2fbb1410 - - default default] 199.204.45.222,10.0.0.106 "GET /v2.0/ports?name=octavia-health-manager-port-instance HTTP/1.1" status: 200 len: 1391 time: 0.0293472
2026-04-27 02:29:29.221 10 INFO neutron.wsgi [None req-8d7cf071-f0c8-487e-af87-1bce7cdb89ce 914dd4db0ab649508cf1033617215d38 4af2726539924833aacb935f2fbb1410 - - default default] 199.204.45.222,10.0.0.106 "GET /v2.0/ports HTTP/1.1" status: 200 len: 5343 time: 0.0655289
2026-04-27 02:29:30.166 10 INFO neutron.wsgi [None req-2558993b-1b7a-47a1-90c4-265c316f92f2 914dd4db0ab649508cf1033617215d38 4af2726539924833aacb935f2fbb1410 - - default default] 199.204.45.222,10.0.0.106 "GET /v2.0/security-groups?tenant_id=4af2726539924833aacb935f2fbb1410 HTTP/1.1" status: 200 len: 10153 time: 0.0761154
2026-04-27 02:29:31.088 10 INFO neutron.wsgi [None req-7e3e059f-83bb-4c80-8162-4af68662c9ec 914dd4db0ab649508cf1033617215d38 4af2726539924833aacb935f2fbb1410 - - default default] 199.204.45.222,10.0.0.106 "GET /v2.0/security-groups?tenant_id=4af2726539924833aacb935f2fbb1410 HTTP/1.1" status: 200 len: 10153 time: 0.0747614
2026-04-27 02:29:31.952 10 INFO neutron.wsgi [None req-5da1bd63-2a73-43f3-bdb9-027e17bf3fe0 914dd4db0ab649508cf1033617215d38 4af2726539924833aacb935f2fbb1410 - - default default] 199.204.45.222,10.0.0.106 "GET /v2.0/security-groups?tenant_id=4af2726539924833aacb935f2fbb1410 HTTP/1.1" status: 200 len: 10153 time: 0.0714848
2026-04-27 02:29:36.455 9 INFO neutron.wsgi [-] 10.0.0.106 "GET / HTTP/1.1" status: 200 len: 247 time: 0.0017881
2026-04-27 02:29:36.457 10 INFO neutron.wsgi [-] 10.0.0.106 "GET / HTTP/1.1" status: 200 len: 247 time: 0.0030499
2026-04-27 02:29:42.771 10 INFO neutron.wsgi [None req-6afeb1ee-b855-416e-8d9a-8c6e4ea3caa6 914dd4db0ab649508cf1033617215d38 4af2726539924833aacb935f2fbb1410 - - default default] 199.204.45.222,10.0.0.106 "GET /v2.0/quotas/4af2726539924833aacb935f2fbb1410 HTTP/1.1" status: 200 len: 361 time: 0.0090020
2026-04-27 02:29:51.462 10 INFO neutron.wsgi [-] 10.0.0.106 "GET / HTTP/1.1" status: 200 len: 247 time: 0.0024564
2026-04-27 02:29:51.468 10 INFO neutron.wsgi [-] 10.0.0.106 "GET / HTTP/1.1" status: 200 len: 247 time: 0.0052047
2026-04-27 02:30:06.457 10 INFO neutron.wsgi [-] 10.0.0.106 "GET / HTTP/1.1" status: 200 len: 247 time: 0.0022061
2026-04-27 02:30:06.457 9 INFO neutron.wsgi [-] 10.0.0.106 "GET / HTTP/1.1" status: 200 len: 247 time: 0.0026131
2026-04-27 02:30:21.456 10 INFO neutron.wsgi [-] 10.0.0.106 "GET / HTTP/1.1" status: 200 len: 247 time: 0.0016632
2026-04-27 02:30:21.457 9 INFO neutron.wsgi [-] 10.0.0.106 "GET / HTTP/1.1" status: 200 len: 247 time: 0.0026014
2026-04-27 02:30:25.224 10 INFO neutron.wsgi [None req-57a1f0f8-4ff3-4d9b-bc5f-57cf7b86aa34 914dd4db0ab649508cf1033617215d38 4af2726539924833aacb935f2fbb1410 - - default default] 10.0.0.94 "GET /v2.0/floatingips HTTP/1.1" status: 200 len: 193 time: 0.0608110
2026-04-27 02:30:25.252 10 INFO neutron.wsgi [None req-e266c713-5c9c-49b5-808c-7adf186b23f5 914dd4db0ab649508cf1033617215d38 4af2726539924833aacb935f2fbb1410 - - default default] 10.0.0.94 "GET /v2.0/ports HTTP/1.1" status: 200 len: 5343 time: 0.0266850
2026-04-27 02:30:25.281 10 INFO neutron.wsgi [None req-47b18365-e511-4907-a284-045514ef4897 914dd4db0ab649508cf1033617215d38 4af2726539924833aacb935f2fbb1410 - - default default] 10.0.0.94 "GET /v2.0/routers HTTP/1.1" status: 200 len: 189 time: 0.0272305
2026-04-27 02:30:25.314 10 INFO neutron.wsgi [None req-27814447-068c-4a9b-bed8-db7f9b1b99b8 914dd4db0ab649508cf1033617215d38 4af2726539924833aacb935f2fbb1410 - - default default] 10.0.0.94 "GET /v2.0/agents?binary=ovn-controller HTTP/1.1" status: 200 len: 591 time: 0.0319555
2026-04-27 02:30:25.348 10 INFO neutron.wsgi [None req-cce1d626-598a-4ad1-98e7-d048e0dd5c6d 914dd4db0ab649508cf1033617215d38 4af2726539924833aacb935f2fbb1410 - - default default] 10.0.0.94 "GET /v2.0/subnets HTTP/1.1" status: 200 len: 1437 time: 0.0318286
2026-04-27 02:30:25.356 10 INFO neutron.wsgi [None req-4561a441-4bf0-44a0-97d7-7bc15e0a7cb4 914dd4db0ab649508cf1033617215d38 4af2726539924833aacb935f2fbb1410 - - default default] 10.0.0.94 "GET /v2.0/subnetpools HTTP/1.1" status: 200 len: 193 time: 0.0078750
2026-04-27 02:30:25.431 10 INFO neutron.wsgi [None req-c62d423f-a1e1-4259-b077-7265fc86e36b 914dd4db0ab649508cf1033617215d38 4af2726539924833aacb935f2fbb1410 - - default default] 10.0.0.94 "GET /v2.0/networks HTTP/1.1" status: 200 len: 2350 time: 0.0743587
2026-04-27 02:30:25.474 10 INFO neutron.wsgi [None req-da732c3d-34bb-4760-8229-2fbaa0c01cab 914dd4db0ab649508cf1033617215d38 4af2726539924833aacb935f2fbb1410 - - default default] 10.0.0.94 "GET /v2.0/security-groups HTTP/1.1" status: 200 len: 16795 time: 0.0410163
2026-04-27 02:30:25.490 10 INFO neutron.wsgi [None req-4d1e7a32-102f-4cd6-a5c3-74d142bf76ff 914dd4db0ab649508cf1033617215d38 4af2726539924833aacb935f2fbb1410 - - default default] 10.0.0.94 "GET /v2.0/network-ip-availabilities HTTP/1.1" status: 200 len: 1280 time: 0.0098832
2026-04-27 02:30:25.519 10 INFO neutron.wsgi [None req-5e18baa1-de73-4721-97d0-d748f86df329 914dd4db0ab649508cf1033617215d38 4af2726539924833aacb935f2fbb1410 - - default default] 10.0.0.94 "GET /v2.0/subnets HTTP/1.1" status: 200 len: 1437 time: 0.0288582
2026-04-27 02:30:25.529 10 INFO neutron.wsgi [None req-4e26c603-76b8-49dc-9db7-c09adb9b8350 914dd4db0ab649508cf1033617215d38 4af2726539924833aacb935f2fbb1410 - - default default] 10.0.0.94 "GET /v2.0/agents HTTP/1.1" status: 200 len: 997 time: 0.0085413
2026-04-27 02:30:30.663 10 INFO neutron.wsgi [None req-5387aaa4-d0ec-4382-8f77-2d9a840146bc 914dd4db0ab649508cf1033617215d38 4af2726539924833aacb935f2fbb1410 - - default default] 199.204.45.222,10.0.0.106 "GET /v2.0/security-groups?tenant_id=32b22917c452452a92db088bc3c4cad0 HTTP/1.1" status: 200 len: 6838 time: 0.0944748 /var/lib/openstack/lib/python3.10/site-packages/pycadf/identifier.py:71: UserWarning: Invalid uuid: unknown. To ensure interoperability, identifiers should be a valid uuid. warnings.warn(('Invalid uuid: %s. To ensure interoperability, '
2026-04-27 02:30:31.607 9 INFO neutron.wsgi [None req-9c321b44-306a-4ef8-93df-350ab3e653de 914dd4db0ab649508cf1033617215d38 4af2726539924833aacb935f2fbb1410 - - default default] 199.204.45.222,10.0.0.106 "GET /v2.0/security-groups?tenant_id=32b22917c452452a92db088bc3c4cad0 HTTP/1.1" status: 200 len: 6838 time: 0.0783885
2026-04-27 02:30:32.455 9 INFO neutron.wsgi [None req-14c05cd0-6b77-409b-9dc8-b721ad08fcdf 914dd4db0ab649508cf1033617215d38 4af2726539924833aacb935f2fbb1410 - - default default] 199.204.45.222,10.0.0.106 "GET /v2.0/security-groups?tenant_id=32b22917c452452a92db088bc3c4cad0 HTTP/1.1" status: 200 len: 6838 time: 0.0759549
2026-04-27 02:30:33.291 10 INFO neutron.wsgi [None req-66bbf184-1198-472e-9b3d-7a439a2a913e 914dd4db0ab649508cf1033617215d38 4af2726539924833aacb935f2fbb1410 - - default default] 199.204.45.222,10.0.0.106 "GET /v2.0/security-groups?tenant_id=32b22917c452452a92db088bc3c4cad0 HTTP/1.1" status: 200 len: 6838 time: 0.0663111
2026-04-27 02:30:34.248 9 INFO neutron.wsgi [None req-a81ef4c4-e607-4421-9930-75b03aa94883 914dd4db0ab649508cf1033617215d38 4af2726539924833aacb935f2fbb1410 - - default default] 199.204.45.222,10.0.0.106 "GET /v2.0/security-groups?tenant_id=32b22917c452452a92db088bc3c4cad0 HTTP/1.1" status: 200 len: 6838 time: 0.0969017
2026-04-27 02:30:36.455 10 INFO neutron.wsgi [-] 10.0.0.106 "GET / HTTP/1.1" status: 200 len: 247 time: 0.0012810
2026-04-27 02:30:36.462 10 INFO neutron.wsgi [-] 10.0.0.106 "GET / HTTP/1.1" status: 200 len: 247 time: 0.0009880
2026-04-27 02:30:41.034 9 INFO neutron.wsgi [None req-c0cf4f9f-db11-4eb4-a169-5d8558b126c4 914dd4db0ab649508cf1033617215d38 4af2726539924833aacb935f2fbb1410 - - default default] 199.204.45.222,10.0.0.106 "GET /v2.0/quotas/32b22917c452452a92db088bc3c4cad0 HTTP/1.1" status: 200 len: 361 time: 0.0120273
2026-04-27 02:30:51.455 10 INFO neutron.wsgi [-] 10.0.0.106 "GET / HTTP/1.1" status: 200 len: 247 time: 0.0016980
2026-04-27 02:30:51.458 9 INFO neutron.wsgi [-] 10.0.0.106 "GET / HTTP/1.1" status: 200 len: 247 time: 0.0038686
2026-04-27 02:31:06.456 9 INFO neutron.wsgi [-] 10.0.0.106 "GET / HTTP/1.1" status: 200 len: 247 time: 0.0016346
2026-04-27 02:31:06.461 10 INFO neutron.wsgi [-] 10.0.0.106 "GET / HTTP/1.1" status: 200 len: 247 time: 0.0063856
2026-04-27 02:31:21.456 9 INFO neutron.wsgi [-] 10.0.0.106 "GET / HTTP/1.1" status: 200 len: 247 time: 0.0017607
2026-04-27 02:31:21.457 9 INFO neutron.wsgi [-] 10.0.0.106 "GET / HTTP/1.1" status: 200 len: 247 time: 0.0009255
2026-04-27 02:31:25.243 10 INFO neutron.wsgi [None req-36abdeed-3d43-47d1-b30f-1e42606a38b2 914dd4db0ab649508cf1033617215d38 4af2726539924833aacb935f2fbb1410 - - default default] 10.0.0.94 "GET /v2.0/routers HTTP/1.1" status: 200 len: 189 time: 0.0877392
2026-04-27 02:31:25.279 10 INFO neutron.wsgi [None req-dbfb01a5-321c-40b7-95ee-a8aeea529f37 914dd4db0ab649508cf1033617215d38 4af2726539924833aacb935f2fbb1410 - - default default] 10.0.0.94 "GET /v2.0/agents?binary=ovn-controller HTTP/1.1" status: 200 len: 591 time: 0.0351548
2026-04-27 02:31:25.291 10 INFO neutron.wsgi [None req-2e240df2-f4b5-467d-b67e-be583ddf157a 914dd4db0ab649508cf1033617215d38 4af2726539924833aacb935f2fbb1410 - - default default] 10.0.0.94 "GET /v2.0/network-ip-availabilities HTTP/1.1" status: 200 len: 1280 time: 0.0107410
2026-04-27 02:31:25.324 10 INFO neutron.wsgi [None req-87ecca2d-1af0-4407-b343-6e1f833c3430 914dd4db0ab649508cf1033617215d38 4af2726539924833aacb935f2fbb1410 - - default default] 10.0.0.94 "GET /v2.0/subnets HTTP/1.1" status: 200 len: 1437 time: 0.0318983
2026-04-27 02:31:25.333 10 INFO neutron.wsgi [None req-897c4bdd-cb80-4b85-8c85-c474c12f7705 914dd4db0ab649508cf1033617215d38 4af2726539924833aacb935f2fbb1410 - - default default] 10.0.0.94 "GET /v2.0/subnetpools HTTP/1.1" status: 200 len: 193 time: 0.0081148
2026-04-27 02:31:25.353 10 INFO neutron.wsgi [None req-3e8dd9b2-03ce-439b-84d6-6d388718c08a 914dd4db0ab649508cf1033617215d38 4af2726539924833aacb935f2fbb1410 - - default default] 10.0.0.94 "GET /v2.0/floatingips HTTP/1.1" status: 200 len: 193 time: 0.0196939
2026-04-27 02:31:25.410 10 INFO neutron.wsgi [None req-d01ea024-02e8-4873-98fb-5bf5e79e2506 914dd4db0ab649508cf1033617215d38 4af2726539924833aacb935f2fbb1410 - - default default] 10.0.0.94 "GET /v2.0/networks HTTP/1.1" status: 200 len: 2350 time: 0.0557647
2026-04-27 02:31:25.451 10 INFO neutron.wsgi [None req-ec636b1e-5cf2-40b5-a2fd-b9cce1983188 914dd4db0ab649508cf1033617215d38 4af2726539924833aacb935f2fbb1410 - - default default] 10.0.0.94 "GET /v2.0/security-groups HTTP/1.1" status: 200 len: 16795 time: 0.0400143
2026-04-27 02:31:25.486 10 INFO neutron.wsgi [None req-3cefe836-208c-4fd5-9276-b9c52a287727 914dd4db0ab649508cf1033617215d38 4af2726539924833aacb935f2fbb1410 - - default default] 10.0.0.94 "GET /v2.0/subnets HTTP/1.1" status: 200 len: 1437 time: 0.0268490
2026-04-27 02:31:25.509 10 INFO neutron.wsgi [None req-07a83773-6d16-497a-ad1f-e071a0323c9b 914dd4db0ab649508cf1033617215d38 4af2726539924833aacb935f2fbb1410 - - default default] 10.0.0.94 "GET /v2.0/ports HTTP/1.1" status: 200 len: 5343 time: 0.0221860
2026-04-27 02:31:25.521 10 INFO neutron.wsgi [None req-d127bce5-52d7-4789-bacc-ed3e837eb82b 914dd4db0ab649508cf1033617215d38 4af2726539924833aacb935f2fbb1410 - - default default] 10.0.0.94 "GET /v2.0/agents HTTP/1.1" status: 200 len: 997 time: 0.0098591
2026-04-27 02:31:30.621 10 INFO neutron.wsgi [None req-4cd2a009-d23f-4824-8708-d83392fbe93c 914dd4db0ab649508cf1033617215d38 4af2726539924833aacb935f2fbb1410 - - default default] 199.204.45.222,10.0.0.106 "GET /v2.0/networks HTTP/1.1" status: 200 len: 2350 time: 0.0975761
2026-04-27 02:31:36.456 10 INFO neutron.wsgi [-] 10.0.0.106 "GET / HTTP/1.1" status: 200 len: 247 time: 0.0012550
2026-04-27 02:31:36.457 9 INFO neutron.wsgi [-] 10.0.0.106 "GET / HTTP/1.1" status: 200 len: 247 time: 0.0023806
2026-04-27 02:31:51.456 9 INFO neutron.wsgi [-] 10.0.0.106 "GET / HTTP/1.1" status: 200 len: 247 time: 0.0024226
2026-04-27 02:31:51.456 10 INFO neutron.wsgi [-] 10.0.0.106 "GET / HTTP/1.1" status: 200 len: 247 time: 0.0028358
2026-04-27 02:32:06.455 10 INFO neutron.wsgi [-] 10.0.0.106 "GET / HTTP/1.1" status: 200 len: 247 time: 0.0014467
2026-04-27 02:32:06.457 9 INFO neutron.wsgi [-] 10.0.0.106 "GET / HTTP/1.1" status: 200 len: 247 time: 0.0026791
2026-04-27 02:32:09.917 9 INFO neutron.wsgi [None req-200c64f5-cfd0-46eb-bd2a-aaded97feb32 914dd4db0ab649508cf1033617215d38 4af2726539924833aacb935f2fbb1410 - - default default] 10.0.0.133 "GET /v2.0/networks HTTP/1.1" status: 200 len: 2369 time: 0.1980045
2026-04-27 02:32:11.053 9 INFO neutron.wsgi [None req-b18f1bf2-d0fa-4a61-bcdf-9bc57c3b119e 914dd4db0ab649508cf1033617215d38 4af2726539924833aacb935f2fbb1410 - - default default] 10.0.0.133 "GET /v2.0/floatingips HTTP/1.1" status: 200 len: 212 time: 0.0406497
2026-04-27 02:32:11.087 9 INFO neutron.wsgi [None req-041b4df8-624a-43c4-bb0c-430161562d0b 914dd4db0ab649508cf1033617215d38 4af2726539924833aacb935f2fbb1410 - - default default] 10.0.0.133 "GET /v2.0/routers HTTP/1.1" status: 200 len: 208 time: 0.0285749
2026-04-27 02:32:11.129 9 INFO neutron.wsgi [None req-bca34952-ba6f-4869-8a15-07d9016845a2 914dd4db0ab649508cf1033617215d38 4af2726539924833aacb935f2fbb1410 - - default default] 10.0.0.133 "GET /v2.0/ports HTTP/1.1" status: 200 len: 5362 time: 0.0369620
2026-04-27 02:32:11.166 9 INFO neutron.wsgi [None req-3b8121a7-0942-4ee4-b148-ff4ad35746e6 914dd4db0ab649508cf1033617215d38 4af2726539924833aacb935f2fbb1410 - - default default] 10.0.0.133 "GET /v2.0/subnets HTTP/1.1" status: 200 len: 1456 time: 0.0315256
2026-04-27 02:32:11.219 9 INFO neutron.wsgi [None req-ab85cdc8-5877-421c-9872-6f4b0a9340b6 914dd4db0ab649508cf1033617215d38 4af2726539924833aacb935f2fbb1410 - - default default] 10.0.0.133 "GET /v2.0/networks HTTP/1.1" status: 200 len: 2369 time: 0.0483983
2026-04-27 02:32:11.266 9 INFO neutron.wsgi [None req-3d1d9967-78a6-4056-8f2d-9990727b673e 914dd4db0ab649508cf1033617215d38 4af2726539924833aacb935f2fbb1410 - - default default] 10.0.0.133 "GET /v2.0/security-groups HTTP/1.1" status: 200 len: 16814 time: 0.0424714
2026-04-27 02:32:11.281 9 INFO neutron.wsgi [None req-5ef76a39-24ee-42d4-a3bb-4aa6698a9d2d 914dd4db0ab649508cf1033617215d38 4af2726539924833aacb935f2fbb1410 - - default default] 10.0.0.133 "GET /v2.0/subnetpools HTTP/1.1" status: 200 len: 212 time: 0.0107856
2026-04-27 02:32:21.457 9 INFO neutron.wsgi [-] 10.0.0.106 "GET / HTTP/1.1" status: 200 len: 247 time: 0.0030789
2026-04-27 02:32:21.459 10 INFO neutron.wsgi [-] 10.0.0.106 "GET / HTTP/1.1" status: 200 len: 247 time: 0.0048211
2026-04-27 02:32:21.888 9 INFO neutron.db.ovn_revision_numbers_db [None req-e597cb57-5707-4b8b-a096-4ceec4799cae 914dd4db0ab649508cf1033617215d38 4af2726539924833aacb935f2fbb1410 - - default default] Successfully bumped revision number for resource 7cc69dc9-8fa3-4f1b-ad1d-e1e72069f85c (type: security_groups) to 1
2026-04-27 02:32:21.890 10 INFO neutron.db.ovn_revision_numbers_db [None req-b93329ab-9554-4008-a1b3-2d915882c0ed 914dd4db0ab649508cf1033617215d38 4af2726539924833aacb935f2fbb1410 - - default default] Successfully bumped revision number for resource fcdcad93-0902-4b7b-8de5-057bb2a45099 (type: security_groups) to 1
2026-04-27 02:32:21.900 9 INFO neutron.db.ovn_revision_numbers_db [None req-e597cb57-5707-4b8b-a096-4ceec4799cae 914dd4db0ab649508cf1033617215d38 4af2726539924833aacb935f2fbb1410 - - default default] Successfully bumped revision number for resource 0e6159ee-eaea-4d3d-9cfb-032b7f6775d5 (type: security_group_rules) to 0
2026-04-27 02:32:21.910 10 INFO neutron.db.ovn_revision_numbers_db [None req-b93329ab-9554-4008-a1b3-2d915882c0ed 914dd4db0ab649508cf1033617215d38 4af2726539924833aacb935f2fbb1410 - - default default] Successfully bumped revision number for resource 47cfe17c-e194-41d5-aad9-107e6b50c39c (type: security_group_rules) to 0
2026-04-27 02:32:21.914 9 INFO neutron.db.ovn_revision_numbers_db [None req-e597cb57-5707-4b8b-a096-4ceec4799cae 914dd4db0ab649508cf1033617215d38 4af2726539924833aacb935f2fbb1410 - - default default] Successfully bumped revision number for resource 29224c8d-26bd-43ff-9b48-ea301fae6172 (type: security_group_rules) to 0
2026-04-27 02:32:21.923 10 INFO neutron.db.ovn_revision_numbers_db [None req-b93329ab-9554-4008-a1b3-2d915882c0ed 914dd4db0ab649508cf1033617215d38 4af2726539924833aacb935f2fbb1410 - - default default] Successfully bumped revision number for resource 8414c8d7-ea9e-4ae3-ba74-dee5be5a303a (type: security_group_rules) to 0
2026-04-27 02:32:21.928 9 INFO neutron.db.ovn_revision_numbers_db [None req-e597cb57-5707-4b8b-a096-4ceec4799cae 914dd4db0ab649508cf1033617215d38 4af2726539924833aacb935f2fbb1410 - - default default] Successfully bumped revision number for resource a66438f6-45f8-417d-a300-c7417dd4a4b4 (type: security_group_rules) to 0
2026-04-27 02:32:21.942 9 INFO neutron.db.ovn_revision_numbers_db [None req-e597cb57-5707-4b8b-a096-4ceec4799cae 914dd4db0ab649508cf1033617215d38 4af2726539924833aacb935f2fbb1410 - - default default] Successfully bumped revision number for resource eb84485a-67b0-4769-b6b4-91b36c3c10b7 (type: security_group_rules) to 0
2026-04-27 02:32:21.948 10 INFO neutron.db.ovn_revision_numbers_db [None req-b93329ab-9554-4008-a1b3-2d915882c0ed 914dd4db0ab649508cf1033617215d38 4af2726539924833aacb935f2fbb1410 - - default default] Successfully bumped revision number for resource e93b09ce-0868-42ea-a9f8-beee62bddb43 (type: security_group_rules) to 0
2026-04-27 02:32:21.982 10 INFO neutron.db.ovn_revision_numbers_db [None req-b93329ab-9554-4008-a1b3-2d915882c0ed 914dd4db0ab649508cf1033617215d38 4af2726539924833aacb935f2fbb1410 - - default default] Successfully bumped revision number for resource f1e28b23-59f6-4ffd-93d6-a5c97769e545 (type: security_group_rules) to 0
2026-04-27 02:32:21.998 9 INFO neutron.db.segments_db [None req-e597cb57-5707-4b8b-a096-4ceec4799cae 914dd4db0ab649508cf1033617215d38 4af2726539924833aacb935f2fbb1410 - - default default] Added segment 73e1506f-460c-4f1f-849d-9c26ab14c54a of type geneve for network b7154581-b0c5-4164-a622-d42a16d82ce6
2026-04-27 02:32:22.043 10 INFO neutron.db.segments_db [None req-b93329ab-9554-4008-a1b3-2d915882c0ed 914dd4db0ab649508cf1033617215d38 4af2726539924833aacb935f2fbb1410 - - default default] Added segment 58e90dec-091a-4a5a-8dca-5a1190a144a0 of type geneve for network 60d49887-54a7-481f-95ca-c0cc40a1b1f3
2026-04-27 02:32:22.108 10 INFO neutron.db.ovn_revision_numbers_db [None req-988f9223-2800-487b-905f-245307c7e5b4 914dd4db0ab649508cf1033617215d38 4af2726539924833aacb935f2fbb1410 - - default default] Successfully bumped revision number for resource 9e81541b-fe96-43de-a17f-ff7413ad64e8 (type: security_groups) to 1
2026-04-27 02:32:22.124 10 INFO neutron.db.ovn_revision_numbers_db [None req-988f9223-2800-487b-905f-245307c7e5b4 914dd4db0ab649508cf1033617215d38 4af2726539924833aacb935f2fbb1410 - - default default] Successfully bumped revision number for resource 1619851e-fdf7-4caa-b055-d751b8564989 (type: security_group_rules) to 0
2026-04-27 02:32:22.148 9 INFO neutron.db.ovn_revision_numbers_db [None req-e597cb57-5707-4b8b-a096-4ceec4799cae 914dd4db0ab649508cf1033617215d38 4af2726539924833aacb935f2fbb1410 - - default default] Successfully bumped revision number for resource b7154581-b0c5-4164-a622-d42a16d82ce6 (type: networks) to 1
2026-04-27 02:32:22.149 10 INFO neutron.db.ovn_revision_numbers_db [None req-988f9223-2800-487b-905f-245307c7e5b4 914dd4db0ab649508cf1033617215d38 4af2726539924833aacb935f2fbb1410 - - default default] Successfully bumped revision number for resource 3e2b4318-b767-4dbf-8b2f-7b4c11616187 (type: security_group_rules) to 0
2026-04-27 02:32:22.174 10 INFO neutron.db.ovn_revision_numbers_db [None req-988f9223-2800-487b-905f-245307c7e5b4 914dd4db0ab649508cf1033617215d38 4af2726539924833aacb935f2fbb1410 - - default default] Successfully bumped revision number for resource b9863ada-8281-4132-80ca-b1cdbfc61ebe (type: security_group_rules) to 0
2026-04-27 02:32:22.184 10 INFO neutron.db.ovn_revision_numbers_db [None req-b93329ab-9554-4008-a1b3-2d915882c0ed 914dd4db0ab649508cf1033617215d38 4af2726539924833aacb935f2fbb1410 - - default default] Successfully bumped revision number for resource 60d49887-54a7-481f-95ca-c0cc40a1b1f3 (type: networks) to 1
2026-04-27 02:32:22.187 10 INFO neutron.db.ovn_revision_numbers_db [None req-988f9223-2800-487b-905f-245307c7e5b4 914dd4db0ab649508cf1033617215d38 4af2726539924833aacb935f2fbb1410 - - default default] Successfully bumped revision number for resource baec824d-f619-4f16-848a-2947864f2360 (type: security_group_rules) to 0
2026-04-27 02:32:22.250 10 INFO neutron.db.segments_db [None req-988f9223-2800-487b-905f-245307c7e5b4 914dd4db0ab649508cf1033617215d38 4af2726539924833aacb935f2fbb1410 - - default default] Added segment 8d2ffc72-4f9b-4ffc-b11d-fadab037e668 of type geneve for network 2615a23c-e834-4041-968b-f072995bc5d4
2026-04-27 02:32:22.326 9 WARNING neutron.scheduler.dhcp_agent_scheduler [None req-e597cb57-5707-4b8b-a096-4ceec4799cae 914dd4db0ab649508cf1033617215d38 4af2726539924833aacb935f2fbb1410 - - default default] No more DHCP agents
2026-04-27 02:32:22.329 9 WARNING neutron.api.rpc.agentnotifiers.dhcp_rpc_agent_api [None req-e597cb57-5707-4b8b-a096-4ceec4799cae 914dd4db0ab649508cf1033617215d38 4af2726539924833aacb935f2fbb1410 - - default default] Unable to schedule network b7154581-b0c5-4164-a622-d42a16d82ce6: no agents available; will retry on subsequent port and subnet creation events.
2026-04-27 02:32:22.367 10 WARNING neutron.scheduler.dhcp_agent_scheduler [None req-b93329ab-9554-4008-a1b3-2d915882c0ed 914dd4db0ab649508cf1033617215d38 4af2726539924833aacb935f2fbb1410 - - default default] No more DHCP agents
2026-04-27 02:32:22.372 10 WARNING neutron.api.rpc.agentnotifiers.dhcp_rpc_agent_api [None req-b93329ab-9554-4008-a1b3-2d915882c0ed 914dd4db0ab649508cf1033617215d38 4af2726539924833aacb935f2fbb1410 - - default default] Unable to schedule network 60d49887-54a7-481f-95ca-c0cc40a1b1f3: no agents available; will retry on subsequent port and subnet creation events.
2026-04-27 02:32:22.444 10 INFO neutron.db.ovn_revision_numbers_db [None req-988f9223-2800-487b-905f-245307c7e5b4 914dd4db0ab649508cf1033617215d38 4af2726539924833aacb935f2fbb1410 - - default default] Successfully bumped revision number for resource 2615a23c-e834-4041-968b-f072995bc5d4 (type: networks) to 1
2026-04-27 02:32:22.499 10 INFO neutron.db.ovn_revision_numbers_db [None req-b93329ab-9554-4008-a1b3-2d915882c0ed 914dd4db0ab649508cf1033617215d38 4af2726539924833aacb935f2fbb1410 - - default default] Successfully bumped revision number for resource a9cf1642-1bc7-4898-bc4f-6fee84bed66f (type: ports) to 1
2026-04-27 02:32:22.518 9 INFO neutron.db.ovn_revision_numbers_db [None req-e597cb57-5707-4b8b-a096-4ceec4799cae 914dd4db0ab649508cf1033617215d38 4af2726539924833aacb935f2fbb1410 - - default default] Successfully bumped revision number for resource 0f06ca6d-5d9b-4732-a066-5de5ad316773 (type: ports) to 1
2026-04-27 02:32:22.537 10 INFO neutron.wsgi [None req-b93329ab-9554-4008-a1b3-2d915882c0ed 914dd4db0ab649508cf1033617215d38 4af2726539924833aacb935f2fbb1410 - - default default] 10.0.0.133 "POST /v2.0/networks HTTP/1.1" status: 201 len: 947 time: 0.9598787
2026-04-27 02:32:22.537 9 INFO neutron.wsgi [None req-e597cb57-5707-4b8b-a096-4ceec4799cae 914dd4db0ab649508cf1033617215d38 4af2726539924833aacb935f2fbb1410 - - default default] 10.0.0.133 "POST /v2.0/networks HTTP/1.1" status: 201 len: 946 time: 0.8524084
2026-04-27 02:32:22.682 10 INFO neutron.db.ovn_revision_numbers_db [None req-10cb2e16-f06e-49e6-a487-9c518fe309b3 914dd4db0ab649508cf1033617215d38 4af2726539924833aacb935f2fbb1410 - - default default] Successfully bumped revision number for resource 267b4a5c-9e1b-4a43-b6cb-2c9efc3998bf (type: security_groups) to 1
2026-04-27 02:32:22.704 9 WARNING neutron.scheduler.dhcp_agent_scheduler [None req-864b4df2-b546-4dcb-b678-c2887283a8f2 914dd4db0ab649508cf1033617215d38 4af2726539924833aacb935f2fbb1410 - - default default] No more DHCP agents
2026-04-27 02:32:22.705 10 INFO neutron.db.ovn_revision_numbers_db [None req-10cb2e16-f06e-49e6-a487-9c518fe309b3 914dd4db0ab649508cf1033617215d38 4af2726539924833aacb935f2fbb1410 - - default default] Successfully bumped revision number for resource 48d45718-74b6-4c08-ae8b-11b64db9d070 (type: security_group_rules) to 0
2026-04-27 02:32:22.707 9 WARNING neutron.api.rpc.agentnotifiers.dhcp_rpc_agent_api [None req-864b4df2-b546-4dcb-b678-c2887283a8f2 914dd4db0ab649508cf1033617215d38 4af2726539924833aacb935f2fbb1410 - - default default] Unable to schedule network 60d49887-54a7-481f-95ca-c0cc40a1b1f3: no agents available; will retry on subsequent port and subnet creation events.
2026-04-27 02:32:22.733 10 WARNING neutron.scheduler.dhcp_agent_scheduler [None req-988f9223-2800-487b-905f-245307c7e5b4 914dd4db0ab649508cf1033617215d38 4af2726539924833aacb935f2fbb1410 - - default default] No more DHCP agents
2026-04-27 02:32:22.737 10 WARNING neutron.api.rpc.agentnotifiers.dhcp_rpc_agent_api [None req-988f9223-2800-487b-905f-245307c7e5b4 914dd4db0ab649508cf1033617215d38 4af2726539924833aacb935f2fbb1410 - - default default] Unable to schedule network 2615a23c-e834-4041-968b-f072995bc5d4: no agents available; will retry on subsequent port and subnet creation events.
2026-04-27 02:32:22.739 10 INFO neutron.db.ovn_revision_numbers_db [None req-10cb2e16-f06e-49e6-a487-9c518fe309b3 914dd4db0ab649508cf1033617215d38 4af2726539924833aacb935f2fbb1410 - - default default] Successfully bumped revision number for resource 99319716-0fc2-4761-9d0a-c733d27d3d91 (type: security_group_rules) to 0
2026-04-27 02:32:22.772 10 INFO neutron.db.ovn_revision_numbers_db [None req-10cb2e16-f06e-49e6-a487-9c518fe309b3 914dd4db0ab649508cf1033617215d38 4af2726539924833aacb935f2fbb1410 - - default default] Successfully bumped revision number for resource b1a54f4e-ef81-45bf-9d3b-7d942e0ff6a0 (type: security_group_rules) to 0
2026-04-27 02:32:22.801 10 INFO neutron.db.ovn_revision_numbers_db [None req-10cb2e16-f06e-49e6-a487-9c518fe309b3 914dd4db0ab649508cf1033617215d38 4af2726539924833aacb935f2fbb1410 - - default default] Successfully bumped revision number for resource cb479112-9b69-49d4-b0ef-a472739d4327 (type: security_group_rules) to 0
2026-04-27 02:32:22.839 10 INFO neutron.wsgi [None req-10cb2e16-f06e-49e6-a487-9c518fe309b3 914dd4db0ab649508cf1033617215d38 4af2726539924833aacb935f2fbb1410 - - default default] 10.0.0.133 "GET /v2.0/security-groups?tenant_id=cdac3c2bc4bd4127b19f094d5093a4da&name=default HTTP/1.1" status: 200 len: 2992 time: 0.5049336
2026-04-27 02:32:22.852 10 WARNING neutron.scheduler.dhcp_agent_scheduler [None req-8c2ed906-031e-473b-ad85-a1d1d3c7772d 914dd4db0ab649508cf1033617215d38 4af2726539924833aacb935f2fbb1410 - - default default] No more DHCP agents
2026-04-27 02:32:22.855 10 WARNING neutron.api.rpc.agentnotifiers.dhcp_rpc_agent_api [None req-8c2ed906-031e-473b-ad85-a1d1d3c7772d 914dd4db0ab649508cf1033617215d38 4af2726539924833aacb935f2fbb1410 - - default default] Unable to schedule network b7154581-b0c5-4164-a622-d42a16d82ce6: no agents available; will retry on subsequent port and subnet creation events.
2026-04-27 02:32:22.877 10 INFO neutron.db.ovn_revision_numbers_db [None req-988f9223-2800-487b-905f-245307c7e5b4 914dd4db0ab649508cf1033617215d38 4af2726539924833aacb935f2fbb1410 - - default default] Successfully bumped revision number for resource e4c3df80-1241-49ba-9dc8-16fc74b435b9 (type: ports) to 1
2026-04-27 02:32:22.907 10 INFO neutron.wsgi [None req-988f9223-2800-487b-905f-245307c7e5b4 914dd4db0ab649508cf1033617215d38 4af2726539924833aacb935f2fbb1410 - - default default] 10.0.0.133 "POST /v2.0/networks HTTP/1.1" status: 201 len: 949 time: 1.0103359
2026-04-27 02:32:23.125 10 WARNING neutron.scheduler.dhcp_agent_scheduler [None req-0cc4ad3c-25fe-4ba5-bca6-551766f62af5 914dd4db0ab649508cf1033617215d38 4af2726539924833aacb935f2fbb1410 - - default default] No more DHCP agents
2026-04-27 02:32:23.129 10 WARNING neutron.api.rpc.agentnotifiers.dhcp_rpc_agent_api [None req-0cc4ad3c-25fe-4ba5-bca6-551766f62af5 914dd4db0ab649508cf1033617215d38 4af2726539924833aacb935f2fbb1410 - - default default] Unable to schedule network 2615a23c-e834-4041-968b-f072995bc5d4: no agents available; will retry on subsequent port and subnet creation events.
2026-04-27 02:32:23.208 9 INFO neutron.wsgi [None req-f2bd7294-546b-4670-8197-ade5ac690219 914dd4db0ab649508cf1033617215d38 4af2726539924833aacb935f2fbb1410 - - default default] 10.0.0.133 "DELETE /v2.0/security-groups/267b4a5c-9e1b-4a43-b6cb-2c9efc3998bf HTTP/1.1" status: 204 len: 168 time: 0.3628929
2026-04-27 02:32:23.265 9 INFO neutron.db.ovn_revision_numbers_db [None req-864b4df2-b546-4dcb-b678-c2887283a8f2 914dd4db0ab649508cf1033617215d38 4af2726539924833aacb935f2fbb1410 - - default default] Successfully bumped revision number for resource a9cf1642-1bc7-4898-bc4f-6fee84bed66f (type: ports) to 2
2026-04-27 02:32:23.303 9 INFO neutron.db.ovn_revision_numbers_db [None req-864b4df2-b546-4dcb-b678-c2887283a8f2 914dd4db0ab649508cf1033617215d38 4af2726539924833aacb935f2fbb1410 - - default default] Successfully bumped revision number for resource 15589d41-dc2a-4da9-a1c9-a3d69408db8e (type: subnets) to 0
2026-04-27 02:32:23.321 9 INFO neutron.wsgi [None req-864b4df2-b546-4dcb-b678-c2887283a8f2 914dd4db0ab649508cf1033617215d38 4af2726539924833aacb935f2fbb1410 - - default default] 10.0.0.133 "POST /v2.0/subnets HTTP/1.1" status: 201 len: 867 time: 0.7794080
2026-04-27 02:32:23.421 10 INFO neutron.db.ovn_revision_numbers_db [None req-8c2ed906-031e-473b-ad85-a1d1d3c7772d 914dd4db0ab649508cf1033617215d38 4af2726539924833aacb935f2fbb1410 - - default default] Successfully bumped revision number for resource 0f06ca6d-5d9b-4732-a066-5de5ad316773 (type: ports) to 2
2026-04-27 02:32:23.475 10 INFO neutron.db.ovn_revision_numbers_db [None req-8c2ed906-031e-473b-ad85-a1d1d3c7772d 914dd4db0ab649508cf1033617215d38 4af2726539924833aacb935f2fbb1410 - - default default] Successfully bumped revision number for resource 2df24356-104a-4575-abab-8cabf02b386f (type: subnets) to 0
2026-04-27 02:32:23.492 10 INFO neutron.wsgi [None req-8c2ed906-031e-473b-ad85-a1d1d3c7772d 914dd4db0ab649508cf1033617215d38 4af2726539924833aacb935f2fbb1410 - - default default] 10.0.0.133 "POST /v2.0/subnets HTTP/1.1" status: 201 len: 866 time: 0.9499168
2026-04-27 02:32:23.834 10 INFO neutron.db.ovn_revision_numbers_db [None req-0cc4ad3c-25fe-4ba5-bca6-551766f62af5 914dd4db0ab649508cf1033617215d38 4af2726539924833aacb935f2fbb1410 - - default default] Successfully bumped revision number for resource e4c3df80-1241-49ba-9dc8-16fc74b435b9 (type: ports) to 2
2026-04-27 02:32:23.891 10 INFO neutron.db.ovn_revision_numbers_db [None req-0cc4ad3c-25fe-4ba5-bca6-551766f62af5 914dd4db0ab649508cf1033617215d38 4af2726539924833aacb935f2fbb1410 - - default default] Successfully bumped revision number for resource 0473eff2-a8ac-4ce8-aa82-12d2f0e2fb18 (type: subnets) to 0
2026-04-27 02:32:23.901 9 WARNING neutron.scheduler.dhcp_agent_scheduler [None req-e4cb64d8-b592-4dfe-a981-6a00e0340d3c 914dd4db0ab649508cf1033617215d38 4af2726539924833aacb935f2fbb1410 - - default default] No more DHCP agents
2026-04-27 02:32:23.903 9 WARNING neutron.api.rpc.agentnotifiers.dhcp_rpc_agent_api [None req-e4cb64d8-b592-4dfe-a981-6a00e0340d3c 914dd4db0ab649508cf1033617215d38 4af2726539924833aacb935f2fbb1410 - - default default] Unable to schedule network 41c2b178-ba8f-472c-bcd1-18379c61da8c: no agents available; will retry on subsequent port and subnet creation events.
2026-04-27 02:32:23.910 10 INFO neutron.wsgi [None req-0cc4ad3c-25fe-4ba5-bca6-551766f62af5 914dd4db0ab649508cf1033617215d38 4af2726539924833aacb935f2fbb1410 - - default default] 10.0.0.133 "POST /v2.0/subnets HTTP/1.1" status: 201 len: 869 time: 0.9975848
2026-04-27 02:32:24.086 9 INFO neutron.db.ovn_revision_numbers_db [None req-e4cb64d8-b592-4dfe-a981-6a00e0340d3c 914dd4db0ab649508cf1033617215d38 4af2726539924833aacb935f2fbb1410 - - default default] Successfully bumped revision number for resource ac00f3c9-479f-4cd0-b2b7-fd372c58d752 (type: ports) to 1
2026-04-27 02:32:24.092 10 WARNING neutron.scheduler.dhcp_agent_scheduler [None req-fc3f5da9-62b5-4f3d-ac24-696c4fb7000e 914dd4db0ab649508cf1033617215d38 4af2726539924833aacb935f2fbb1410 - - default default] No more DHCP agents
2026-04-27 02:32:24.094 10 WARNING neutron.api.rpc.agentnotifiers.dhcp_rpc_agent_api [None req-fc3f5da9-62b5-4f3d-ac24-696c4fb7000e 914dd4db0ab649508cf1033617215d38 4af2726539924833aacb935f2fbb1410 - - default default] Unable to schedule network 41c2b178-ba8f-472c-bcd1-18379c61da8c: no agents available; will retry on subsequent port and subnet creation events.
2026-04-27 02:32:24.204 10 INFO neutron.db.ovn_revision_numbers_db [None req-fc3f5da9-62b5-4f3d-ac24-696c4fb7000e 914dd4db0ab649508cf1033617215d38 4af2726539924833aacb935f2fbb1410 - - default default] Successfully bumped revision number for resource dee87a94-d6c0-46d6-ad9c-3c7bd8ea6eaa (type: ports) to 1
2026-04-27 02:32:24.385 9 INFO neutron.plugins.ml2.drivers.ovn.mech_driver.ovsdb.extensions.qos [None req-e4cb64d8-b592-4dfe-a981-6a00e0340d3c 914dd4db0ab649508cf1033617215d38 4af2726539924833aacb935f2fbb1410 - - default default] Starting OVNClientQosExtension
2026-04-27 02:32:24.455 9 WARNING neutron.scheduler.dhcp_agent_scheduler [None req-01d00b9a-47b2-4569-9873-351606386bdf 914dd4db0ab649508cf1033617215d38 4af2726539924833aacb935f2fbb1410 - - default default] No more DHCP agents
2026-04-27 02:32:24.460 9 WARNING neutron.api.rpc.agentnotifiers.dhcp_rpc_agent_api [None req-01d00b9a-47b2-4569-9873-351606386bdf 914dd4db0ab649508cf1033617215d38 4af2726539924833aacb935f2fbb1410 - - default default] Unable to schedule network 41c2b178-ba8f-472c-bcd1-18379c61da8c: no agents available; will retry on subsequent port and subnet creation events.
2026-04-27 02:32:24.574 10 INFO neutron.plugins.ml2.drivers.ovn.mech_driver.ovsdb.extensions.qos [None req-fc3f5da9-62b5-4f3d-ac24-696c4fb7000e 914dd4db0ab649508cf1033617215d38 4af2726539924833aacb935f2fbb1410 - - default default] Starting OVNClientQosExtension
2026-04-27 02:32:24.758 9 INFO neutron.db.ovn_revision_numbers_db [None req-01d00b9a-47b2-4569-9873-351606386bdf 914dd4db0ab649508cf1033617215d38 4af2726539924833aacb935f2fbb1410 - - default default] Successfully bumped revision number for resource 971a1d69-de7c-47eb-9dbb-2b0b01bd9921 (type: ports) to 1
2026-04-27 02:32:24.888 9 INFO neutron.plugins.ml2.drivers.ovn.mech_driver.mech_driver [-] OVN reports status up for port: dee87a94-d6c0-46d6-ad9c-3c7bd8ea6eaa
2026-04-27 02:32:24.892 10 INFO neutron.plugins.ml2.drivers.ovn.mech_driver.ovsdb.ovsdb_monitor [-] Router ea87c826-600d-4104-b079-d886056a679b is bound to host instance
2026-04-27 02:32:24.908 9 INFO neutron.plugins.ml2.plugin [None req-af2f02a5-7065-4c20-86e0-f187760070a0 - - - - - -] Attempt 1 to provision port dee87a94-d6c0-46d6-ad9c-3c7bd8ea6eaa
2026-04-27 02:32:24.919 10 INFO neutron.plugins.ml2.drivers.ovn.mech_driver.mech_driver [None req-47a401a3-1ba8-47e9-990a-f89907c2c9fb - - - - - -] OVN reports status up for port: ac00f3c9-479f-4cd0-b2b7-fd372c58d752
2026-04-27 02:32:24.923 10 INFO neutron.db.ovn_revision_numbers_db [None req-fc3f5da9-62b5-4f3d-ac24-696c4fb7000e 914dd4db0ab649508cf1033617215d38 4af2726539924833aacb935f2fbb1410 - - default default] Successfully bumped revision number for resource dee87a94-d6c0-46d6-ad9c-3c7bd8ea6eaa (type: router_ports) to 1
2026-04-27 02:32:24.934 10 INFO neutron.plugins.ml2.plugin [None req-47a401a3-1ba8-47e9-990a-f89907c2c9fb - - - - - -] Attempt 1 to provision port ac00f3c9-479f-4cd0-b2b7-fd372c58d752
2026-04-27 02:32:25.004 9 INFO neutron.db.ovn_revision_numbers_db [None req-e4cb64d8-b592-4dfe-a981-6a00e0340d3c 914dd4db0ab649508cf1033617215d38 4af2726539924833aacb935f2fbb1410 - - default default] Successfully bumped revision number for resource ac00f3c9-479f-4cd0-b2b7-fd372c58d752 (type: router_ports) to 1
2026-04-27 02:32:25.038 10 INFO neutron.db.ovn_revision_numbers_db [None req-fc3f5da9-62b5-4f3d-ac24-696c4fb7000e 914dd4db0ab649508cf1033617215d38 4af2726539924833aacb935f2fbb1410 - - default default] Successfully bumped revision number for resource ea87c826-600d-4104-b079-d886056a679b (type: routers) to 2
2026-04-27 02:32:25.056 10 INFO neutron.wsgi [None req-fc3f5da9-62b5-4f3d-ac24-696c4fb7000e 914dd4db0ab649508cf1033617215d38 4af2726539924833aacb935f2fbb1410 - - default default] 10.0.0.133 "POST /v2.0/routers HTTP/1.1" status: 201 len: 877 time: 1.5574667
2026-04-27 02:32:25.138 9 INFO neutron.db.ovn_revision_numbers_db [None req-e4cb64d8-b592-4dfe-a981-6a00e0340d3c 914dd4db0ab649508cf1033617215d38 4af2726539924833aacb935f2fbb1410 - - default default] Successfully bumped revision number for resource 2f727689-50ae-4784-a1ba-c5d1ce5d5514 (type: routers) to 2
2026-04-27 02:32:25.161 9 INFO neutron.wsgi [None req-e4cb64d8-b592-4dfe-a981-6a00e0340d3c 914dd4db0ab649508cf1033617215d38 4af2726539924833aacb935f2fbb1410 - - default default] 10.0.0.133 "POST /v2.0/routers HTTP/1.1" status: 201 len: 878 time: 1.8362939
2026-04-27 02:32:25.277 10 INFO neutron.wsgi [None req-aca98873-b465-45cd-acbf-39c659b00997 914dd4db0ab649508cf1033617215d38 4af2726539924833aacb935f2fbb1410 - - default default] 10.0.0.94 "GET /v2.0/agents HTTP/1.1" status: 200 len: 997 time: 0.0947146
2026-04-27 02:32:25.282 9 INFO neutron.db.ovn_revision_numbers_db [None req-bbbe9cad-7467-455b-a568-0d7deb3e4cd5 914dd4db0ab649508cf1033617215d38 4af2726539924833aacb935f2fbb1410 - - default default] Successfully bumped revision number for resource 57083cbc-8b69-4f42-88e3-7ce9ecaed0bd (type: security_groups) to 1
2026-04-27 02:32:25.318 9 INFO neutron.db.ovn_revision_numbers_db [None req-bbbe9cad-7467-455b-a568-0d7deb3e4cd5 914dd4db0ab649508cf1033617215d38 4af2726539924833aacb935f2fbb1410 - - default default] Successfully bumped revision number for resource 10e7e799-9e76-453a-a9fc-6edc50c8b27d (type: security_group_rules) to 0
2026-04-27 02:32:25.347 10 INFO neutron.wsgi [None req-78ce3e5f-14d6-4a51-be07-2dd522d4202d 914dd4db0ab649508cf1033617215d38 4af2726539924833aacb935f2fbb1410 - - default default] 10.0.0.94 "GET /v2.0/subnets HTTP/1.1" status: 200 len: 3412 time: 0.0664937
2026-04-27 02:32:25.359 10 INFO neutron.wsgi [None req-d340d6ae-aee0-4c71-9ebf-eafbfaa70fba 914dd4db0ab649508cf1033617215d38 4af2726539924833aacb935f2fbb1410 - - default default] 10.0.0.94 "GET /v2.0/subnetpools HTTP/1.1" status: 200 len: 193 time: 0.0106461
2026-04-27 02:32:25.408 10 INFO neutron.wsgi [None req-b34a9079-d07e-4674-b28f-70fd506c4f97 914dd4db0ab649508cf1033617215d38 4af2726539924833aacb935f2fbb1410 - - default default] 10.0.0.94 "GET /v2.0/subnets HTTP/1.1" status: 200 len: 3412 time: 0.0469005
2026-04-27 02:32:25.418 9 INFO neutron.db.ovn_revision_numbers_db [None req-bbbe9cad-7467-455b-a568-0d7deb3e4cd5 914dd4db0ab649508cf1033617215d38 4af2726539924833aacb935f2fbb1410 - - default default] Successfully bumped revision number for resource 45fe39fe-54dd-40d2-b3ee-44493082b993 (type: security_group_rules) to 0
2026-04-27 02:32:25.442 9 INFO neutron.db.ovn_revision_numbers_db [None req-bbbe9cad-7467-455b-a568-0d7deb3e4cd5 914dd4db0ab649508cf1033617215d38 4af2726539924833aacb935f2fbb1410 - - default default] Successfully bumped revision number for resource d3d5f0fc-33b2-449a-a663-e4add2c097dd (type: security_group_rules) to 0
2026-04-27 02:32:25.470 9 INFO neutron.db.ovn_revision_numbers_db [None req-bbbe9cad-7467-455b-a568-0d7deb3e4cd5 914dd4db0ab649508cf1033617215d38 4af2726539924833aacb935f2fbb1410 - - default default] Successfully bumped revision number for resource ee9c1d24-1126-40c4-aa4f-41e0137f35da (type: security_group_rules) to 0
2026-04-27 02:32:25.552 9 INFO neutron.db.segments_db [None req-bbbe9cad-7467-455b-a568-0d7deb3e4cd5 914dd4db0ab649508cf1033617215d38 4af2726539924833aacb935f2fbb1410 - - default default] Added segment daf96de9-14cb-4413-be3f-d564d9d63801 of type geneve for network 5671de43-3634-4cb5-9f20-416a5aebb51e
2026-04-27 02:32:25.672 10 INFO neutron.wsgi [None req-f4a21411-aa61-48cd-948a-34462f8ddd5f 914dd4db0ab649508cf1033617215d38 4af2726539924833aacb935f2fbb1410 - - default default] 10.0.0.94 "GET /v2.0/routers HTTP/1.1" status: 200 len: 2209 time: 0.2624691
2026-04-27 02:32:25.691 10 INFO neutron.wsgi [None req-3dc333e9-e066-432c-bc95-2d3b58a2065d 914dd4db0ab649508cf1033617215d38 4af2726539924833aacb935f2fbb1410 - - default default] 10.0.0.94 "GET /v2.0/agents?binary=ovn-controller HTTP/1.1" status: 200 len: 591 time: 0.0146165
2026-04-27 02:32:25.750 10 INFO neutron.wsgi [None req-83d04aa1-e86e-4dea-9eb3-e8f6ec6df6dc 914dd4db0ab649508cf1033617215d38 4af2726539924833aacb935f2fbb1410 - - default default] 10.0.0.94 "GET /v2.0/floatingips HTTP/1.1" status: 200 len: 193 time: 0.0486424
2026-04-27 02:32:25.783 9 INFO neutron.db.ovn_revision_numbers_db [None req-bbbe9cad-7467-455b-a568-0d7deb3e4cd5 914dd4db0ab649508cf1033617215d38 4af2726539924833aacb935f2fbb1410 - - default default] Successfully bumped revision number for resource 5671de43-3634-4cb5-9f20-416a5aebb51e (type: networks) to 1
2026-04-27 02:32:25.792 9 INFO neutron.db.ovn_revision_numbers_db [None req-01d00b9a-47b2-4569-9873-351606386bdf 914dd4db0ab649508cf1033617215d38 4af2726539924833aacb935f2fbb1410 - - default default] Successfully bumped revision number for resource 971a1d69-de7c-47eb-9dbb-2b0b01bd9921 (type: router_ports) to 1
2026-04-27 02:32:25.841 10 INFO neutron.wsgi [None req-219279cc-2f42-425c-91d5-c47739058d80 914dd4db0ab649508cf1033617215d38 4af2726539924833aacb935f2fbb1410 - - default default] 10.0.0.94 "GET /v2.0/security-groups HTTP/1.1" status: 200 len: 27899 time: 0.0894144
2026-04-27 02:32:25.843 10 INFO neutron.db.ovn_revision_numbers_db [None req-16c9679b-15c8-4df1-a841-d2ec4ae71ffc - - - - - -] Successfully bumped revision number for resource dee87a94-d6c0-46d6-ad9c-3c7bd8ea6eaa (type: ports) to 1
2026-04-27 02:32:25.846 9 WARNING neutron.scheduler.dhcp_agent_scheduler [None req-488f9703-a38b-4cb9-b077-fd9f51b63f46 914dd4db0ab649508cf1033617215d38 4af2726539924833aacb935f2fbb1410 - - default default] No more DHCP agents
2026-04-27 02:32:25.848 9 WARNING neutron.api.rpc.agentnotifiers.dhcp_rpc_agent_api [None req-488f9703-a38b-4cb9-b077-fd9f51b63f46 914dd4db0ab649508cf1033617215d38 4af2726539924833aacb935f2fbb1410 - - default default] Unable to schedule network b7154581-b0c5-4164-a622-d42a16d82ce6: no agents available; will retry on subsequent port and subnet creation events.
2026-04-27 02:32:25.866 10 INFO neutron.wsgi [None req-fa4e218d-4486-44ef-a0a3-3999fbf9cf77 914dd4db0ab649508cf1033617215d38 4af2726539924833aacb935f2fbb1410 - - default default] 10.0.0.94 "GET /v2.0/network-ip-availabilities HTTP/1.1" status: 200 len: 3011 time: 0.0169294
2026-04-27 02:32:25.911 9 INFO neutron.db.ovn_revision_numbers_db [None req-01d00b9a-47b2-4569-9873-351606386bdf 914dd4db0ab649508cf1033617215d38 4af2726539924833aacb935f2fbb1410 - - default default] Successfully bumped revision number for resource c5b8d5e4-a10a-4abf-bd97-99f42f838a0b (type: routers) to 2
2026-04-27 02:32:25.935 9 INFO neutron.wsgi [None req-01d00b9a-47b2-4569-9873-351606386bdf 914dd4db0ab649508cf1033617215d38 4af2726539924833aacb935f2fbb1410 - - default default] 10.0.0.133 "POST /v2.0/routers HTTP/1.1" status: 201 len: 880 time: 2.0203896
2026-04-27 02:32:25.967 10 INFO neutron.wsgi [None req-7fe6ae20-cd29-41e4-89e2-a450aa4ee95d 914dd4db0ab649508cf1033617215d38 4af2726539924833aacb935f2fbb1410 - - default default] 10.0.0.94 "GET /v2.0/networks HTTP/1.1" status: 200 len: 5365 time: 0.0995152
2026-04-27 02:32:26.023 10 INFO neutron.wsgi [None req-f476236e-7b46-4e09-97d6-c81a72b21dd5 914dd4db0ab649508cf1033617215d38 4af2726539924833aacb935f2fbb1410 - - default default] 10.0.0.94 "GET /v2.0/ports HTTP/1.1" status: 200 len: 12555 time: 0.0536401
2026-04-27 02:32:26.044 9 WARNING neutron.scheduler.dhcp_agent_scheduler [None req-bbbe9cad-7467-455b-a568-0d7deb3e4cd5 914dd4db0ab649508cf1033617215d38 4af2726539924833aacb935f2fbb1410 - - default default] No more DHCP agents
