2026-04-27 02:33:26.681 9 INFO neutron.db.ovn_revision_numbers_db [None req-3f0c201f-fd07-4ce6-b388-c462532c4d2f 914dd4db0ab649508cf1033617215d38 4af2726539924833aacb935f2fbb1410 - - default default] Successfully bumped revision number for resource 878f2c57-b461-4c6f-995b-330a7613c86c (type: security_group_rules) to 0
2026-04-27 02:33:26.695 9 INFO neutron.db.ovn_revision_numbers_db [None req-3f0c201f-fd07-4ce6-b388-c462532c4d2f 914dd4db0ab649508cf1033617215d38 4af2726539924833aacb935f2fbb1410 - - default default] Successfully bumped revision number for resource d04db5eb-918e-49e5-9f04-22f4c3efbf52 (type: security_group_rules) to 0
2026-04-27 02:33:26.749 9 INFO neutron.db.segments_db [None req-3f0c201f-fd07-4ce6-b388-c462532c4d2f 914dd4db0ab649508cf1033617215d38 4af2726539924833aacb935f2fbb1410 - - default default] Added segment 2ed28137-2423-4147-a666-a7a474ab8f87 of type geneve for network 6879d74d-9596-4bb3-9040-c3d9ca37690d
2026-04-27 02:33:26.901 9 INFO neutron.db.ovn_revision_numbers_db [None req-3f0c201f-fd07-4ce6-b388-c462532c4d2f 914dd4db0ab649508cf1033617215d38 4af2726539924833aacb935f2fbb1410 - - default default] Successfully bumped revision number for resource 6879d74d-9596-4bb3-9040-c3d9ca37690d (type: networks) to 1
2026-04-27 02:33:27.053 9 WARNING neutron.scheduler.dhcp_agent_scheduler [None req-3f0c201f-fd07-4ce6-b388-c462532c4d2f 914dd4db0ab649508cf1033617215d38 4af2726539924833aacb935f2fbb1410 - - default default] No more DHCP agents
2026-04-27 02:33:27.058 9 WARNING neutron.api.rpc.agentnotifiers.dhcp_rpc_agent_api [None req-3f0c201f-fd07-4ce6-b388-c462532c4d2f 914dd4db0ab649508cf1033617215d38 4af2726539924833aacb935f2fbb1410 - - default default] Unable to schedule network 6879d74d-9596-4bb3-9040-c3d9ca37690d: no agents available; will retry on subsequent port and subnet creation events.
2026-04-27 02:33:27.142 9 INFO neutron.db.ovn_revision_numbers_db [None req-3f0c201f-fd07-4ce6-b388-c462532c4d2f 914dd4db0ab649508cf1033617215d38 4af2726539924833aacb935f2fbb1410 - - default default] Successfully bumped revision number for resource d1be6113-3e1f-4414-964c-daff191d916e (type: ports) to 1
2026-04-27 02:33:27.161 9 INFO neutron.wsgi [None req-3f0c201f-fd07-4ce6-b388-c462532c4d2f 914dd4db0ab649508cf1033617215d38 4af2726539924833aacb935f2fbb1410 - - default default] 10.0.0.133 "POST /v2.0/networks HTTP/1.1" status: 201 len: 945 time: 0.8057642
2026-04-27 02:33:27.345 9 WARNING neutron.scheduler.dhcp_agent_scheduler [None req-08882052-441a-4d9a-989d-455aef591e2c 914dd4db0ab649508cf1033617215d38 4af2726539924833aacb935f2fbb1410 - - default default] No more DHCP agents
2026-04-27 02:33:27.355 9 WARNING neutron.api.rpc.agentnotifiers.dhcp_rpc_agent_api [None req-08882052-441a-4d9a-989d-455aef591e2c 914dd4db0ab649508cf1033617215d38 4af2726539924833aacb935f2fbb1410 - - default default] Unable to schedule network 6879d74d-9596-4bb3-9040-c3d9ca37690d: no agents available; will retry on subsequent port and subnet creation events.
2026-04-27 02:33:27.635 9 INFO neutron.db.ovn_revision_numbers_db [None req-f708aec5-3cc3-4f1a-bae6-0889a7d34b94 da025492993b4f17bd03ab3a9a2f9dfb 84c9ec2c172740839ffaeaf719554b4c - - default default] Successfully bumped revision number for resource 92f98625-5cee-4fc6-88bb-937635c7340b (type: security_groups) to 1
2026-04-27 02:33:27.670 9 INFO neutron.db.ovn_revision_numbers_db [None req-f708aec5-3cc3-4f1a-bae6-0889a7d34b94 da025492993b4f17bd03ab3a9a2f9dfb 84c9ec2c172740839ffaeaf719554b4c - - default default] Successfully bumped revision number for resource 21733723-8c46-4da7-b15d-702c4c275385 (type: security_group_rules) to 0
2026-04-27 02:33:27.700 9 INFO neutron.db.ovn_revision_numbers_db [None req-f708aec5-3cc3-4f1a-bae6-0889a7d34b94 da025492993b4f17bd03ab3a9a2f9dfb 84c9ec2c172740839ffaeaf719554b4c - - default default] Successfully bumped revision number for resource 2645fb56-dbd6-4e4f-8a33-0b3d34961087 (type: security_group_rules) to 0
2026-04-27 02:33:27.718 9 INFO neutron.db.ovn_revision_numbers_db [None req-f708aec5-3cc3-4f1a-bae6-0889a7d34b94 da025492993b4f17bd03ab3a9a2f9dfb 84c9ec2c172740839ffaeaf719554b4c - - default default] Successfully bumped revision number for resource 53c88914-75ce-443f-a7a4-1a06215f17ff (type: security_group_rules) to 0
2026-04-27 02:33:27.742 10 INFO neutron.db.ovn_revision_numbers_db [None req-182f10b0-89ca-4c36-b4c9-06f4476c85ce 8b93a965e6474e99b501a7524d56f08a 3063117512aa46d788a792b7523ebd1c - - default default] Successfully bumped revision number for resource 2d589e16-9c2a-4f06-9de4-c6ffb19ef032 (type: security_groups) to 1
2026-04-27 02:33:27.744 9 INFO neutron.db.ovn_revision_numbers_db [None req-f708aec5-3cc3-4f1a-bae6-0889a7d34b94 da025492993b4f17bd03ab3a9a2f9dfb 84c9ec2c172740839ffaeaf719554b4c - - default default] Successfully bumped revision number for resource a3db7018-1018-4409-a132-7076de1c3da3 (type: security_group_rules) to 0
2026-04-27 02:33:27.756 10 INFO neutron.db.ovn_revision_numbers_db [None req-182f10b0-89ca-4c36-b4c9-06f4476c85ce 8b93a965e6474e99b501a7524d56f08a 3063117512aa46d788a792b7523ebd1c - - default default] Successfully bumped revision number for resource 6c226c82-353b-4561-95c7-84acddfb4c39 (type: security_group_rules) to 0
2026-04-27 02:33:27.771 10 INFO neutron.db.ovn_revision_numbers_db [None req-182f10b0-89ca-4c36-b4c9-06f4476c85ce 8b93a965e6474e99b501a7524d56f08a 3063117512aa46d788a792b7523ebd1c - - default default] Successfully bumped revision number for resource 82d16791-1b8d-4555-be2c-d0ddae2234e3 (type: security_group_rules) to 0
2026-04-27 02:33:27.784 10 INFO neutron.db.ovn_revision_numbers_db [None req-182f10b0-89ca-4c36-b4c9-06f4476c85ce 8b93a965e6474e99b501a7524d56f08a 3063117512aa46d788a792b7523ebd1c - - default default] Successfully bumped revision number for resource 98aeb958-fd17-4a05-830b-a788c78c36ee (type: security_group_rules) to 0
2026-04-27 02:33:27.797 10 INFO neutron.db.ovn_revision_numbers_db [None req-182f10b0-89ca-4c36-b4c9-06f4476c85ce 8b93a965e6474e99b501a7524d56f08a 3063117512aa46d788a792b7523ebd1c - - default default] Successfully bumped revision number for resource dceed18e-8b6a-4fc9-b92b-98bcf7e17a1d (type: security_group_rules) to 0
2026-04-27 02:33:27.813 9 INFO neutron.db.segments_db [None req-f708aec5-3cc3-4f1a-bae6-0889a7d34b94 da025492993b4f17bd03ab3a9a2f9dfb 84c9ec2c172740839ffaeaf719554b4c - - default default] Added segment fe562e58-42e2-4df7-a3f2-f1c316789f20 of type geneve for network 6accf523-3a39-45f7-9ab0-252e0395d23e
2026-04-27 02:33:27.845 10 INFO neutron.db.segments_db [None req-182f10b0-89ca-4c36-b4c9-06f4476c85ce 8b93a965e6474e99b501a7524d56f08a 3063117512aa46d788a792b7523ebd1c - - default default] Added segment 3c923d62-5945-4518-a25c-d486ce5b9b9b of type geneve for network a6cdb57b-8a19-4912-b6cb-e42f1cf1171b
2026-04-27 02:33:27.896 9 INFO neutron.db.ovn_revision_numbers_db [None req-08882052-441a-4d9a-989d-455aef591e2c 914dd4db0ab649508cf1033617215d38 4af2726539924833aacb935f2fbb1410 - - default default] Successfully bumped revision number for resource d1be6113-3e1f-4414-964c-daff191d916e (type: ports) to 2
2026-04-27 02:33:27.962 9 INFO neutron.db.ovn_revision_numbers_db [None req-08882052-441a-4d9a-989d-455aef591e2c 914dd4db0ab649508cf1033617215d38 4af2726539924833aacb935f2fbb1410 - - default default] Successfully bumped revision number for resource e376ba8a-85ea-4022-807a-c3fc473ed98c (type: subnets) to 0
2026-04-27 02:33:27.981 10 INFO neutron.db.ovn_revision_numbers_db [None req-182f10b0-89ca-4c36-b4c9-06f4476c85ce 8b93a965e6474e99b501a7524d56f08a 3063117512aa46d788a792b7523ebd1c - - default default] Successfully bumped revision number for resource a6cdb57b-8a19-4912-b6cb-e42f1cf1171b (type: networks) to 1
2026-04-27 02:33:27.985 9 INFO neutron.wsgi [None req-08882052-441a-4d9a-989d-455aef591e2c 914dd4db0ab649508cf1033617215d38 4af2726539924833aacb935f2fbb1410 - - default default] 10.0.0.133 "POST /v2.0/subnets HTTP/1.1" status: 201 len: 866 time: 0.8146994
2026-04-27 02:33:27.986 9 INFO neutron.db.ovn_revision_numbers_db [None req-f708aec5-3cc3-4f1a-bae6-0889a7d34b94 da025492993b4f17bd03ab3a9a2f9dfb 84c9ec2c172740839ffaeaf719554b4c - - default default] Successfully bumped revision number for resource 6accf523-3a39-45f7-9ab0-252e0395d23e (type: networks) to 1
2026-04-27 02:33:28.154 9 WARNING neutron.scheduler.dhcp_agent_scheduler [None req-f708aec5-3cc3-4f1a-bae6-0889a7d34b94 da025492993b4f17bd03ab3a9a2f9dfb 84c9ec2c172740839ffaeaf719554b4c - - default default] No more DHCP agents
2026-04-27 02:33:28.156 9 WARNING neutron.api.rpc.agentnotifiers.dhcp_rpc_agent_api [None req-f708aec5-3cc3-4f1a-bae6-0889a7d34b94 da025492993b4f17bd03ab3a9a2f9dfb 84c9ec2c172740839ffaeaf719554b4c - - default default] Unable to schedule network 6accf523-3a39-45f7-9ab0-252e0395d23e: no agents available; will retry on subsequent port and subnet creation events.
2026-04-27 02:33:28.239 9 INFO neutron.db.ovn_revision_numbers_db [None req-f708aec5-3cc3-4f1a-bae6-0889a7d34b94 da025492993b4f17bd03ab3a9a2f9dfb 84c9ec2c172740839ffaeaf719554b4c - - default default] Successfully bumped revision number for resource f7f2ab7a-f618-45ca-848f-bd6a6fa5430b (type: ports) to 1
2026-04-27 02:33:28.258 10 WARNING neutron.scheduler.dhcp_agent_scheduler [None req-182f10b0-89ca-4c36-b4c9-06f4476c85ce 8b93a965e6474e99b501a7524d56f08a 3063117512aa46d788a792b7523ebd1c - - default default] No more DHCP agents
2026-04-27 02:33:28.263 9 INFO neutron.wsgi [None req-f708aec5-3cc3-4f1a-bae6-0889a7d34b94 da025492993b4f17bd03ab3a9a2f9dfb 84c9ec2c172740839ffaeaf719554b4c - - default default] 10.0.0.133 "POST /v2.0/networks HTTP/1.1" status: 201 len: 847 time: 0.9564385
2026-04-27 02:33:28.264 10 WARNING neutron.api.rpc.agentnotifiers.dhcp_rpc_agent_api [None req-182f10b0-89ca-4c36-b4c9-06f4476c85ce 8b93a965e6474e99b501a7524d56f08a 3063117512aa46d788a792b7523ebd1c - - default default] Unable to schedule network a6cdb57b-8a19-4912-b6cb-e42f1cf1171b: no agents available; will retry on subsequent port and subnet creation events.
2026-04-27 02:33:28.393 10 INFO neutron.db.ovn_revision_numbers_db [None req-182f10b0-89ca-4c36-b4c9-06f4476c85ce 8b93a965e6474e99b501a7524d56f08a 3063117512aa46d788a792b7523ebd1c - - default default] Successfully bumped revision number for resource b1afdb09-1528-45df-83c1-5d62d002130c (type: ports) to 1
2026-04-27 02:33:28.417 10 INFO neutron.wsgi [None req-182f10b0-89ca-4c36-b4c9-06f4476c85ce 8b93a965e6474e99b501a7524d56f08a 3063117512aa46d788a792b7523ebd1c - - default default] 10.0.0.133 "POST /v2.0/networks HTTP/1.1" status: 201 len: 848 time: 0.8352773
2026-04-27 02:33:28.561 9 WARNING neutron.scheduler.dhcp_agent_scheduler [None req-e1bc6ffc-aaf8-41c2-b646-9a55b3b3557e da025492993b4f17bd03ab3a9a2f9dfb 84c9ec2c172740839ffaeaf719554b4c - - default default] No more DHCP agents
2026-04-27 02:33:28.565 9 WARNING neutron.api.rpc.agentnotifiers.dhcp_rpc_agent_api [None req-e1bc6ffc-aaf8-41c2-b646-9a55b3b3557e da025492993b4f17bd03ab3a9a2f9dfb 84c9ec2c172740839ffaeaf719554b4c - - default default] Unable to schedule network 6accf523-3a39-45f7-9ab0-252e0395d23e: no agents available; will retry on subsequent port and subnet creation events.
2026-04-27 02:33:28.572 10 WARNING neutron.scheduler.dhcp_agent_scheduler [None req-7ebdad0f-93b1-494a-a427-3fbb6181d30c 914dd4db0ab649508cf1033617215d38 4af2726539924833aacb935f2fbb1410 - - default default] No more DHCP agents
2026-04-27 02:33:28.574 10 WARNING neutron.api.rpc.agentnotifiers.dhcp_rpc_agent_api [None req-7ebdad0f-93b1-494a-a427-3fbb6181d30c 914dd4db0ab649508cf1033617215d38 4af2726539924833aacb935f2fbb1410 - - default default] Unable to schedule network 41c2b178-ba8f-472c-bcd1-18379c61da8c: no agents available; will retry on subsequent port and subnet creation events.
2026-04-27 02:33:28.732 10 INFO neutron.db.ovn_revision_numbers_db [None req-7ebdad0f-93b1-494a-a427-3fbb6181d30c 914dd4db0ab649508cf1033617215d38 4af2726539924833aacb935f2fbb1410 - - default default] Successfully bumped revision number for resource ca5336c6-67dd-49aa-8809-e652759c21f7 (type: ports) to 1
2026-04-27 02:33:28.860 9 INFO neutron.db.ovn_revision_numbers_db [None req-e1bc6ffc-aaf8-41c2-b646-9a55b3b3557e da025492993b4f17bd03ab3a9a2f9dfb 84c9ec2c172740839ffaeaf719554b4c - - default default] Successfully bumped revision number for resource 6dc5a06f-cfd9-479b-b0c0-059ae5bf1234 (type: ports) to 1
2026-04-27 02:33:28.894 9 INFO neutron.wsgi [None req-e1bc6ffc-aaf8-41c2-b646-9a55b3b3557e da025492993b4f17bd03ab3a9a2f9dfb 84c9ec2c172740839ffaeaf719554b4c - - default default] 10.0.0.133 "POST /v2.0/ports HTTP/1.1" status: 201 len: 977 time: 0.6231685
2026-04-27 02:33:28.914 9 WARNING neutron.scheduler.dhcp_agent_scheduler [None req-f4c21da3-2ff3-464b-8b55-4652441f4340 8b93a965e6474e99b501a7524d56f08a 3063117512aa46d788a792b7523ebd1c - - default default] No more DHCP agents
2026-04-27 02:33:28.915 9 WARNING neutron.api.rpc.agentnotifiers.dhcp_rpc_agent_api [None req-f4c21da3-2ff3-464b-8b55-4652441f4340 8b93a965e6474e99b501a7524d56f08a 3063117512aa46d788a792b7523ebd1c - - default default] Unable to schedule network a6cdb57b-8a19-4912-b6cb-e42f1cf1171b: no agents available; will retry on subsequent port and subnet creation events.
2026-04-27 02:33:28.941 9 INFO neutron.db.ovn_revision_numbers_db [None req-f4c21da3-2ff3-464b-8b55-4652441f4340 8b93a965e6474e99b501a7524d56f08a 3063117512aa46d788a792b7523ebd1c - - default default] Successfully bumped revision number for resource 594006d7-46e1-4fb6-9055-fca45e18d747 (type: subnets) to 0
2026-04-27 02:33:28.957 9 INFO neutron.wsgi [None req-f4c21da3-2ff3-464b-8b55-4652441f4340 8b93a965e6474e99b501a7524d56f08a 3063117512aa46d788a792b7523ebd1c - - default default] 10.0.0.133 "POST /v2.0/subnets HTTP/1.1" status: 201 len: 802 time: 0.5295522 /var/lib/openstack/lib/python3.10/site-packages/pycadf/identifier.py:71: UserWarning: Invalid uuid: neutron. To ensure interoperability, identifiers should be a valid uuid. warnings.warn(('Invalid uuid: %s. To ensure interoperability, '
2026-04-27 02:33:29.182 10 INFO neutron.db.segments_db [None req-294e391d-33d4-4556-a9a8-c27f9c2b1c00 da025492993b4f17bd03ab3a9a2f9dfb 84c9ec2c172740839ffaeaf719554b4c - - default default] Added segment f931fc0f-963b-42bc-bd7b-1d070d95f606 of type geneve for network 51c1d355-297f-4225-9c08-eb8e688c7743
2026-04-27 02:33:29.339 10 INFO neutron.db.ovn_revision_numbers_db [None req-294e391d-33d4-4556-a9a8-c27f9c2b1c00 da025492993b4f17bd03ab3a9a2f9dfb 84c9ec2c172740839ffaeaf719554b4c - - default default] Successfully bumped revision number for resource 51c1d355-297f-4225-9c08-eb8e688c7743 (type: networks) to 1
2026-04-27 02:33:29.415 9 WARNING neutron.scheduler.dhcp_agent_scheduler [None req-a830dd5c-19fb-4ad4-843c-85f770a1fa4b 8b93a965e6474e99b501a7524d56f08a 3063117512aa46d788a792b7523ebd1c - - default default] No more DHCP agents
2026-04-27 02:33:29.417 9 WARNING neutron.api.rpc.agentnotifiers.dhcp_rpc_agent_api [None req-a830dd5c-19fb-4ad4-843c-85f770a1fa4b 8b93a965e6474e99b501a7524d56f08a 3063117512aa46d788a792b7523ebd1c - - default default] Unable to schedule network 41c2b178-ba8f-472c-bcd1-18379c61da8c: no agents available; will retry on subsequent port and subnet creation events.
2026-04-27 02:33:29.559 10 WARNING neutron.scheduler.dhcp_agent_scheduler [None req-294e391d-33d4-4556-a9a8-c27f9c2b1c00 da025492993b4f17bd03ab3a9a2f9dfb 84c9ec2c172740839ffaeaf719554b4c - - default default] No more DHCP agents
2026-04-27 02:33:29.566 10 WARNING neutron.api.rpc.agentnotifiers.dhcp_rpc_agent_api [None req-294e391d-33d4-4556-a9a8-c27f9c2b1c00 da025492993b4f17bd03ab3a9a2f9dfb 84c9ec2c172740839ffaeaf719554b4c - - default default] Unable to schedule network 51c1d355-297f-4225-9c08-eb8e688c7743: no agents available; will retry on subsequent port and subnet creation events.
2026-04-27 02:33:29.582 9 INFO neutron.plugins.ml2.drivers.ovn.mech_driver.mech_driver [None req-af2f02a5-7065-4c20-86e0-f187760070a0 - - - - - -] OVN reports status up for port: ca5336c6-67dd-49aa-8809-e652759c21f7
2026-04-27 02:33:29.596 9 INFO neutron.plugins.ml2.drivers.ovn.mech_driver.ovsdb.ovsdb_monitor [None req-2dce554d-1bcd-4242-96d9-4cb9cb655033 - - - - - -] Router 2d4857c5-7d27-4208-9b2b-a42c3fb32cce is bound to host instance
2026-04-27 02:33:29.601 9 INFO neutron.plugins.ml2.plugin [None req-af2f02a5-7065-4c20-86e0-f187760070a0 - - - - - -] Attempt 1 to provision port ca5336c6-67dd-49aa-8809-e652759c21f7
2026-04-27 02:33:29.609 9 INFO neutron.db.ovn_revision_numbers_db [None req-a830dd5c-19fb-4ad4-843c-85f770a1fa4b 8b93a965e6474e99b501a7524d56f08a 3063117512aa46d788a792b7523ebd1c - - default default] Successfully bumped revision number for resource 5459f4d4-c80a-4491-9f3b-d62fcb3c93d9 (type: ports) to 1
2026-04-27 02:33:29.621 10 INFO neutron.db.ovn_revision_numbers_db [None req-7ebdad0f-93b1-494a-a427-3fbb6181d30c 914dd4db0ab649508cf1033617215d38 4af2726539924833aacb935f2fbb1410 - - default default] Successfully bumped revision number for resource ca5336c6-67dd-49aa-8809-e652759c21f7 (type: router_ports) to 1
2026-04-27 02:33:29.667 10 INFO neutron.db.ovn_revision_numbers_db [None req-294e391d-33d4-4556-a9a8-c27f9c2b1c00 da025492993b4f17bd03ab3a9a2f9dfb 84c9ec2c172740839ffaeaf719554b4c - - default default] Successfully bumped revision number for resource a76a6e81-b618-4608-8ace-36ea13316eaa (type: ports) to 1
2026-04-27 02:33:29.690 10 INFO neutron.wsgi [None req-294e391d-33d4-4556-a9a8-c27f9c2b1c00 da025492993b4f17bd03ab3a9a2f9dfb 84c9ec2c172740839ffaeaf719554b4c - - default default] 10.0.0.133 "POST /v2.0/networks HTTP/1.1" status: 201 len: 834 time: 0.7898872
2026-04-27 02:33:29.706 10 INFO neutron.db.ovn_revision_numbers_db [None req-7ebdad0f-93b1-494a-a427-3fbb6181d30c 914dd4db0ab649508cf1033617215d38 4af2726539924833aacb935f2fbb1410 - - default default] Successfully bumped revision number for resource 2d4857c5-7d27-4208-9b2b-a42c3fb32cce (type: routers) to 2
2026-04-27 02:33:29.725 10 INFO neutron.wsgi [None req-7ebdad0f-93b1-494a-a427-3fbb6181d30c 914dd4db0ab649508cf1033617215d38 4af2726539924833aacb935f2fbb1410 - - default default] 10.0.0.133 "POST /v2.0/routers HTTP/1.1" status: 201 len: 877 time: 1.7311065
2026-04-27 02:33:30.040 10 WARNING neutron.scheduler.dhcp_agent_scheduler [None req-006aecfa-180a-4c71-9912-58e56154a235 da025492993b4f17bd03ab3a9a2f9dfb 84c9ec2c172740839ffaeaf719554b4c - - default default] No more DHCP agents
2026-04-27 02:33:30.047 10 WARNING neutron.api.rpc.agentnotifiers.dhcp_rpc_agent_api [None req-006aecfa-180a-4c71-9912-58e56154a235 da025492993b4f17bd03ab3a9a2f9dfb 84c9ec2c172740839ffaeaf719554b4c - - default default] Unable to schedule network 51c1d355-297f-4225-9c08-eb8e688c7743: no agents available; will retry on subsequent port and subnet creation events.
2026-04-27 02:33:30.128 10 INFO neutron.db.ovn_revision_numbers_db [None req-006aecfa-180a-4c71-9912-58e56154a235 da025492993b4f17bd03ab3a9a2f9dfb 84c9ec2c172740839ffaeaf719554b4c - - default default] Successfully bumped revision number for resource 89978e2b-343f-42e9-b740-8a86989ce7b8 (type: subnets) to 0
2026-04-27 02:33:30.151 10 INFO neutron.wsgi [None req-006aecfa-180a-4c71-9912-58e56154a235 da025492993b4f17bd03ab3a9a2f9dfb 84c9ec2c172740839ffaeaf719554b4c - - default default] 10.0.0.133 "POST /v2.0/subnets HTTP/1.1" status: 201 len: 821 time: 0.4566731
2026-04-27 02:33:30.166 10 INFO neutron.db.ovn_revision_numbers_db [None req-0be11c2d-e7ca-4bdb-b5c0-9f267439b694 914dd4db0ab649508cf1033617215d38 4af2726539924833aacb935f2fbb1410 - - default default] Successfully bumped revision number for resource 087d3618-e953-4fae-9028-7a07e662cb0a (type: security_groups) to 1
2026-04-27 02:33:30.192 10 INFO neutron.db.ovn_revision_numbers_db [None req-0be11c2d-e7ca-4bdb-b5c0-9f267439b694 914dd4db0ab649508cf1033617215d38 4af2726539924833aacb935f2fbb1410 - - default default] Successfully bumped revision number for resource 2d2c0cfb-c250-448b-bdeb-f9621029494c (type: security_group_rules) to 0
2026-04-27 02:33:30.209 10 INFO neutron.db.ovn_revision_numbers_db [None req-0be11c2d-e7ca-4bdb-b5c0-9f267439b694 914dd4db0ab649508cf1033617215d38 4af2726539924833aacb935f2fbb1410 - - default default] Successfully bumped revision number for resource 4452ae13-ffa8-495a-a3ac-0495cee715cd (type: security_group_rules) to 0
2026-04-27 02:33:30.226 10 INFO neutron.db.ovn_revision_numbers_db [None req-0be11c2d-e7ca-4bdb-b5c0-9f267439b694 914dd4db0ab649508cf1033617215d38 4af2726539924833aacb935f2fbb1410 - - default default] Successfully bumped revision number for resource 6044cb91-2580-4d19-8ef9-d25fd161a6fa (type: security_group_rules) to 0
2026-04-27 02:33:30.245 10 INFO neutron.db.ovn_revision_numbers_db [None req-0be11c2d-e7ca-4bdb-b5c0-9f267439b694 914dd4db0ab649508cf1033617215d38 4af2726539924833aacb935f2fbb1410 - - default default] Successfully bumped revision number for resource 63dea6a0-e1b8-44c6-9a25-dcdbf018c975 (type: security_group_rules) to 0
2026-04-27 02:33:30.280 10 INFO neutron.wsgi [None req-0be11c2d-e7ca-4bdb-b5c0-9f267439b694 914dd4db0ab649508cf1033617215d38 4af2726539924833aacb935f2fbb1410 - - default default] 10.0.0.133 "GET /v2.0/security-groups?tenant_id=4927ee3443d049f7a467b0a6ac248dc1&name=default HTTP/1.1" status: 200 len: 2996 time: 0.4427187
2026-04-27 02:33:30.291 10 WARNING neutron.scheduler.dhcp_agent_scheduler [None req-eca0eec6-807d-4ca6-8ae4-a24b23ef8fd5 914dd4db0ab649508cf1033617215d38 4af2726539924833aacb935f2fbb1410 - - default default] No more DHCP agents
2026-04-27 02:33:30.293 10 WARNING neutron.api.rpc.agentnotifiers.dhcp_rpc_agent_api [None req-eca0eec6-807d-4ca6-8ae4-a24b23ef8fd5 914dd4db0ab649508cf1033617215d38 4af2726539924833aacb935f2fbb1410 - - default default] Unable to schedule network 6879d74d-9596-4bb3-9040-c3d9ca37690d: no agents available; will retry on subsequent port and subnet creation events.
2026-04-27 02:33:30.359 9 INFO neutron.db.ovn_revision_numbers_db [None req-2dce554d-1bcd-4242-96d9-4cb9cb655033 - - - - - -] Successfully bumped revision number for resource ca5336c6-67dd-49aa-8809-e652759c21f7 (type: ports) to 1
2026-04-27 02:33:30.390 10 INFO neutron.plugins.ml2.drivers.ovn.mech_driver.mech_driver [None req-47a401a3-1ba8-47e9-990a-f89907c2c9fb - - - - - -] OVN reports status up for port: 5459f4d4-c80a-4491-9f3b-d62fcb3c93d9
2026-04-27 02:33:30.412 10 INFO neutron.plugins.ml2.plugin [None req-47a401a3-1ba8-47e9-990a-f89907c2c9fb - - - - - -] Attempt 1 to provision port 5459f4d4-c80a-4491-9f3b-d62fcb3c93d9
2026-04-27 02:33:30.443 9 INFO neutron.db.ovn_revision_numbers_db [None req-a830dd5c-19fb-4ad4-843c-85f770a1fa4b 8b93a965e6474e99b501a7524d56f08a 3063117512aa46d788a792b7523ebd1c - - default default] Successfully bumped revision number for resource 5459f4d4-c80a-4491-9f3b-d62fcb3c93d9 (type: router_ports) to 1
2026-04-27 02:33:30.533 10 INFO neutron.db.ovn_revision_numbers_db [None req-eca0eec6-807d-4ca6-8ae4-a24b23ef8fd5 914dd4db0ab649508cf1033617215d38 4af2726539924833aacb935f2fbb1410 - - default default] Successfully bumped revision number for resource 86afaf0c-7e7e-4de8-a8dd-376be940375d (type: ports) to 1
2026-04-27 02:33:30.571 9 INFO neutron.db.ovn_revision_numbers_db [None req-a830dd5c-19fb-4ad4-843c-85f770a1fa4b 8b93a965e6474e99b501a7524d56f08a 3063117512aa46d788a792b7523ebd1c - - default default] Successfully bumped revision number for resource 65a18f46-a87c-4b38-bf2a-bbdca66ddca1 (type: routers) to 2
2026-04-27 02:33:30.612 9 INFO neutron.wsgi [None req-a830dd5c-19fb-4ad4-843c-85f770a1fa4b 8b93a965e6474e99b501a7524d56f08a 3063117512aa46d788a792b7523ebd1c - - default default] 10.0.0.133 "POST /v2.0/routers HTTP/1.1" status: 201 len: 875 time: 1.6508710
2026-04-27 02:33:30.630 10 INFO neutron.wsgi [None req-1f59ee79-1bbd-4e79-8db6-5aef67c6b178 914dd4db0ab649508cf1033617215d38 4af2726539924833aacb935f2fbb1410 - - default default] 10.0.0.133 "DELETE /v2.0/security-groups/087d3618-e953-4fae-9028-7a07e662cb0a HTTP/1.1" status: 204 len: 168 time: 0.3332741
2026-04-27 02:33:30.943 9 WARNING neutron.scheduler.dhcp_agent_scheduler [None req-5c82a2e9-4ba9-42c4-a59d-b60426045bf9 da025492993b4f17bd03ab3a9a2f9dfb 84c9ec2c172740839ffaeaf719554b4c - - default default] No more DHCP agents
2026-04-27 02:33:30.945 10 INFO neutron.db.ovn_revision_numbers_db [None req-eca0eec6-807d-4ca6-8ae4-a24b23ef8fd5 914dd4db0ab649508cf1033617215d38 4af2726539924833aacb935f2fbb1410 - - default default] Successfully bumped revision number for resource 86afaf0c-7e7e-4de8-a8dd-376be940375d (type: router_ports) to 1
2026-04-27 02:33:30.949 9 WARNING neutron.api.rpc.agentnotifiers.dhcp_rpc_agent_api [None req-5c82a2e9-4ba9-42c4-a59d-b60426045bf9 da025492993b4f17bd03ab3a9a2f9dfb 84c9ec2c172740839ffaeaf719554b4c - - default default] Unable to schedule network 51c1d355-297f-4225-9c08-eb8e688c7743: no agents available; will retry on subsequent port and subnet creation events.
2026-04-27 02:33:31.107 10 INFO neutron.db.ovn_revision_numbers_db [None req-eca0eec6-807d-4ca6-8ae4-a24b23ef8fd5 914dd4db0ab649508cf1033617215d38 4af2726539924833aacb935f2fbb1410 - - default default] Successfully bumped revision number for resource 86afaf0c-7e7e-4de8-a8dd-376be940375d (type: ports) to 1
2026-04-27 02:33:31.135 9 INFO neutron.db.ovn_revision_numbers_db [None req-5c82a2e9-4ba9-42c4-a59d-b60426045bf9 da025492993b4f17bd03ab3a9a2f9dfb 84c9ec2c172740839ffaeaf719554b4c - - default default] Successfully bumped revision number for resource 9476ff9a-51b8-447d-8877-e1d9265b7663 (type: ports) to 1
2026-04-27 02:33:31.144 9 INFO neutron.db.ovn_revision_numbers_db [None req-2dce554d-1bcd-4242-96d9-4cb9cb655033 - - - - - -] Successfully bumped revision number for resource ca5336c6-67dd-49aa-8809-e652759c21f7 (type: router_ports) to 3
2026-04-27 02:33:31.166 10 WARNING neutron.scheduler.dhcp_agent_scheduler [None req-eca0eec6-807d-4ca6-8ae4-a24b23ef8fd5 914dd4db0ab649508cf1033617215d38 4af2726539924833aacb935f2fbb1410 - - default default] No more DHCP agents
2026-04-27 02:33:31.168 10 WARNING neutron.api.rpc.agentnotifiers.dhcp_rpc_agent_api [None req-eca0eec6-807d-4ca6-8ae4-a24b23ef8fd5 914dd4db0ab649508cf1033617215d38 4af2726539924833aacb935f2fbb1410 - - default default] Unable to schedule network 6879d74d-9596-4bb3-9040-c3d9ca37690d: no agents available; will retry on subsequent port and subnet creation events.
2026-04-27 02:33:31.171 9 INFO neutron.wsgi [None req-5c82a2e9-4ba9-42c4-a59d-b60426045bf9 da025492993b4f17bd03ab3a9a2f9dfb 84c9ec2c172740839ffaeaf719554b4c - - default default] 10.0.0.133 "POST /v2.0/ports HTTP/1.1" status: 201 len: 1165 time: 1.0118496 /var/lib/openstack/lib/python3.10/site-packages/pycadf/identifier.py:71: UserWarning: Invalid uuid: neutron. To ensure interoperability, identifiers should be a valid uuid. warnings.warn(('Invalid uuid: %s. To ensure interoperability, '
2026-04-27 02:33:31.426 9 INFO neutron.db.ovn_revision_numbers_db [None req-2dce554d-1bcd-4242-96d9-4cb9cb655033 - - - - - -] Successfully bumped revision number for resource ca5336c6-67dd-49aa-8809-e652759c21f7 (type: ports) to 2
2026-04-27 02:33:31.676 9 WARNING neutron.scheduler.dhcp_agent_scheduler [None req-08bcbf0e-fbaa-473a-bf9f-1292e0db6a52 8b93a965e6474e99b501a7524d56f08a 3063117512aa46d788a792b7523ebd1c - - default default] No more DHCP agents
2026-04-27 02:33:31.682 9 WARNING neutron.api.rpc.agentnotifiers.dhcp_rpc_agent_api [None req-08bcbf0e-fbaa-473a-bf9f-1292e0db6a52 8b93a965e6474e99b501a7524d56f08a 3063117512aa46d788a792b7523ebd1c - - default default] Unable to schedule network a6cdb57b-8a19-4912-b6cb-e42f1cf1171b: no agents available; will retry on subsequent port and subnet creation events.
2026-04-27 02:33:31.756 9 INFO neutron.wsgi [None req-0d485e75-aa4d-470e-a906-7b68a80fc285 da025492993b4f17bd03ab3a9a2f9dfb 84c9ec2c172740839ffaeaf719554b4c - - default default] 10.0.0.133 "DELETE /v2.0/ports/9476ff9a-51b8-447d-8877-e1d9265b7663 HTTP/1.1" status: 204 len: 168 time: 0.5803730
2026-04-27 02:33:31.759 10 INFO neutron.db.ovn_revision_numbers_db [None req-eca0eec6-807d-4ca6-8ae4-a24b23ef8fd5 914dd4db0ab649508cf1033617215d38 4af2726539924833aacb935f2fbb1410 - - default default] Successfully bumped revision number for resource 86afaf0c-7e7e-4de8-a8dd-376be940375d (type: router_ports) to 1
2026-04-27 02:33:31.761 10 INFO neutron.wsgi [None req-eca0eec6-807d-4ca6-8ae4-a24b23ef8fd5 914dd4db0ab649508cf1033617215d38 4af2726539924833aacb935f2fbb1410 - - default default] 10.0.0.133 "PUT /v2.0/routers/2d4857c5-7d27-4208-9b2b-a42c3fb32cce/add_router_interface HTTP/1.1" status: 200 len: 503 time: 2.0307267
2026-04-27 02:33:31.788 9 INFO neutron.pecan_wsgi.hooks.translation [None req-75298234-72f1-45b2-bbbd-7b2279139728 da025492993b4f17bd03ab3a9a2f9dfb 84c9ec2c172740839ffaeaf719554b4c - - default default] DELETE failed (client error): The resource could not be found.
2026-04-27 02:33:31.790 9 INFO neutron.wsgi [None req-75298234-72f1-45b2-bbbd-7b2279139728 da025492993b4f17bd03ab3a9a2f9dfb 84c9ec2c172740839ffaeaf719554b4c - - default default] 10.0.0.133 "DELETE /v2.0/ports/9476ff9a-51b8-447d-8877-e1d9265b7663 HTTP/1.1" status: 404 len: 333 time: 0.0218544
2026-04-27 02:33:31.827 10 INFO neutron.pecan_wsgi.hooks.translation [None req-4dfd974f-d3d3-4558-9326-623608180914 da025492993b4f17bd03ab3a9a2f9dfb 84c9ec2c172740839ffaeaf719554b4c - - default default] GET failed (client error): The resource could not be found.
2026-04-27 02:33:31.829 10 INFO neutron.wsgi [None req-4dfd974f-d3d3-4558-9326-623608180914 da025492993b4f17bd03ab3a9a2f9dfb 84c9ec2c172740839ffaeaf719554b4c - - default default] 10.0.0.133 "GET /v2.0/ports/9476ff9a-51b8-447d-8877-e1d9265b7663 HTTP/1.1" status: 404 len: 333 time: 0.0341046
2026-04-27 02:33:31.843 9 INFO neutron.db.ovn_revision_numbers_db [None req-2dce554d-1bcd-4242-96d9-4cb9cb655033 - - - - - -] Successfully bumped revision number for resource ca5336c6-67dd-49aa-8809-e652759c21f7 (type: ports) to 4
2026-04-27 02:33:31.939 9 INFO neutron.db.ovn_revision_numbers_db [None req-08bcbf0e-fbaa-473a-bf9f-1292e0db6a52 8b93a965e6474e99b501a7524d56f08a 3063117512aa46d788a792b7523ebd1c - - default default] Successfully bumped revision number for resource b0ff40de-c441-4607-8319-47797f0fb461 (type: ports) to 1
2026-04-27 02:33:32.136 9 INFO neutron.db.ovn_revision_numbers_db [None req-2dce554d-1bcd-4242-96d9-4cb9cb655033 - - - - - -] Successfully bumped revision number for resource ca5336c6-67dd-49aa-8809-e652759c21f7 (type: router_ports) to 4
2026-04-27 02:33:32.258 10 INFO neutron.wsgi [None req-faff16a1-c317-4106-925d-fc02b27d5b58 da025492993b4f17bd03ab3a9a2f9dfb 84c9ec2c172740839ffaeaf719554b4c - - default default] 10.0.0.133 "DELETE /v2.0/subnets/89978e2b-343f-42e9-b740-8a86989ce7b8 HTTP/1.1" status: 204 len: 168 time: 0.4239657
2026-04-27 02:33:32.580 10 INFO neutron.db.ovn_revision_numbers_db [None req-f4835ab1-0680-4206-b5b2-011495c5e6f6 36223721a40349efaa89d75837b534e3 a3385b78d20f409d848520dc7a2e342f - - default default] Successfully bumped revision number for resource ec619d2c-2364-4626-882f-ef6368919607 (type: security_groups) to 1
2026-04-27 02:33:32.612 10 INFO neutron.db.ovn_revision_numbers_db [None req-f4835ab1-0680-4206-b5b2-011495c5e6f6 36223721a40349efaa89d75837b534e3 a3385b78d20f409d848520dc7a2e342f - - default default] Successfully bumped revision number for resource 852a5a01-3c75-4b1a-929b-bca784ddc00f (type: security_group_rules) to 0
2026-04-27 02:33:32.647 10 INFO neutron.services.segments.plugin [-] Segment f931fc0f-963b-42bc-bd7b-1d070d95f606 resource provider aggregate not found
2026-04-27 02:33:32.652 10 INFO neutron.services.segments.plugin [-] Segment f931fc0f-963b-42bc-bd7b-1d070d95f606 resource provider aggregate not found
2026-04-27 02:33:32.673 10 INFO neutron.db.ovn_revision_numbers_db [None req-f4835ab1-0680-4206-b5b2-011495c5e6f6 36223721a40349efaa89d75837b534e3 a3385b78d20f409d848520dc7a2e342f - - default default] Successfully bumped revision number for resource d31e4b19-d30c-4533-b9e0-7daa69fd3f12 (type: security_group_rules) to 0
2026-04-27 02:33:32.675 10 INFO neutron.services.segments.plugin [-] Segment f931fc0f-963b-42bc-bd7b-1d070d95f606 resource provider not found; error: Placement Client Error (4xx): {"errors": [{"status": 404, "title": "Not Found", "detail": "The resource could not be found.\n\n No resource provider with uuid f931fc0f-963b-42bc-bd7b-1d070d95f606 found for delete ", "request_id": "req-b0b5f9b8-2ea0-497e-a36f-f3dce73711a3"}]}
2026-04-27 02:33:32.676 10 INFO neutron.services.segments.plugin [-] Segment f931fc0f-963b-42bc-bd7b-1d070d95f606 resource provider not found; error: Placement Client Error (4xx): {"errors": [{"status": 404, "title": "Not Found", "detail": "The resource could not be found.\n\n No resource provider with uuid f931fc0f-963b-42bc-bd7b-1d070d95f606 found for delete ", "request_id": "req-ea9940b2-7c0d-42c9-bec8-529f8d773e0f"}]}
2026-04-27 02:33:32.689 9 INFO neutron.db.ovn_revision_numbers_db [None req-08bcbf0e-fbaa-473a-bf9f-1292e0db6a52 8b93a965e6474e99b501a7524d56f08a 3063117512aa46d788a792b7523ebd1c - - default default] Successfully bumped revision number for resource b0ff40de-c441-4607-8319-47797f0fb461 (type: router_ports) to 1
2026-04-27 02:33:32.702 10 INFO neutron.wsgi [None req-f4835ab1-0680-4206-b5b2-011495c5e6f6 36223721a40349efaa89d75837b534e3 a3385b78d20f409d848520dc7a2e342f - - default default] 10.0.0.133 "POST /v2.0/security-groups HTTP/1.1" status: 201 len: 1797 time: 0.3013327
2026-04-27 02:33:32.729 10 INFO neutron.wsgi [None req-e2a1b7b6-b5dc-4a1c-bf0b-90ae6d384f6d da025492993b4f17bd03ab3a9a2f9dfb 84c9ec2c172740839ffaeaf719554b4c - - default default] 10.0.0.133 "DELETE /v2.0/networks/51c1d355-297f-4225-9c08-eb8e688c7743 HTTP/1.1" status: 204 len: 168 time: 0.4657102
2026-04-27 02:33:32.730 10 INFO neutron.db.ovn_revision_numbers_db [None req-e3baa5f8-cd3d-443c-9507-077e1767059a 977a1c27a6e74db98ac2f0baf1ec6c47 38f3aa7c7fa5408c8d3a08ff28efcb38 - - default default] Successfully bumped revision number for resource 7d28a03e-c4d3-4ec5-9e9b-533b40ebe3e3 (type: security_groups) to 1
2026-04-27 02:33:32.766 10 INFO neutron.db.ovn_revision_numbers_db [None req-e3baa5f8-cd3d-443c-9507-077e1767059a 977a1c27a6e74db98ac2f0baf1ec6c47 38f3aa7c7fa5408c8d3a08ff28efcb38 - - default default] Successfully bumped revision number for resource 948dd3a7-7759-42fb-8861-6af3bcf82405 (type: security_group_rules) to 0
2026-04-27 02:33:32.787 10 INFO neutron.db.ovn_revision_numbers_db [None req-e3baa5f8-cd3d-443c-9507-077e1767059a 977a1c27a6e74db98ac2f0baf1ec6c47 38f3aa7c7fa5408c8d3a08ff28efcb38 - - default default] Successfully bumped revision number for resource d6930078-6911-4fa0-a72c-532fe74ff78d (type: security_group_rules) to 0
2026-04-27 02:33:32.803 10 INFO neutron.db.ovn_revision_numbers_db [None req-e3baa5f8-cd3d-443c-9507-077e1767059a 977a1c27a6e74db98ac2f0baf1ec6c47 38f3aa7c7fa5408c8d3a08ff28efcb38 - - default default] Successfully bumped revision number for resource e3ff7729-8cf8-4a2f-be84-b722425047c9 (type: security_group_rules) to 0
2026-04-27 02:33:32.816 10 INFO neutron.db.ovn_revision_numbers_db [None req-e3baa5f8-cd3d-443c-9507-077e1767059a 977a1c27a6e74db98ac2f0baf1ec6c47 38f3aa7c7fa5408c8d3a08ff28efcb38 - - default default] Successfully bumped revision number for resource eab16eee-f184-4496-90d0-f70c26b2b06b (type: security_group_rules) to 0
2026-04-27 02:33:32.849 10 INFO neutron.db.segments_db [None req-4a2694d9-7822-4cee-87f4-cbac460b440f da025492993b4f17bd03ab3a9a2f9dfb 84c9ec2c172740839ffaeaf719554b4c - - default default] Added segment 673f7ac0-36ec-4d6a-8234-e2e59070be32 of type geneve for network 65f68536-eb6e-4ec9-a4ac-84decd2b8ea1
2026-04-27 02:33:32.859 9 INFO neutron.db.ovn_revision_numbers_db [None req-08bcbf0e-fbaa-473a-bf9f-1292e0db6a52 8b93a965e6474e99b501a7524d56f08a 3063117512aa46d788a792b7523ebd1c - - default default] Successfully bumped revision number for resource b0ff40de-c441-4607-8319-47797f0fb461 (type: ports) to 1
2026-04-27 02:33:32.870 9 INFO neutron.db.ovn_revision_numbers_db [None req-e21c6816-21a8-4671-971a-f0a9b678ae8a 36223721a40349efaa89d75837b534e3 a3385b78d20f409d848520dc7a2e342f - - default default] Successfully bumped revision number for resource c0cfa500-2759-4ada-9465-f0116979ac04 (type: security_group_rules) to 0
2026-04-27 02:33:32.895 10 INFO neutron.db.segments_db [None req-e3baa5f8-cd3d-443c-9507-077e1767059a 977a1c27a6e74db98ac2f0baf1ec6c47 38f3aa7c7fa5408c8d3a08ff28efcb38 - - default default] Added segment 783e363b-44ef-4a88-9cfa-e270dd3549d4 of type geneve for network 1d95163f-086e-49de-aaae-290f694b353b
2026-04-27 02:33:32.908 9 INFO neutron.wsgi [None req-e21c6816-21a8-4671-971a-f0a9b678ae8a 36223721a40349efaa89d75837b534e3 a3385b78d20f409d848520dc7a2e342f - - default default] 10.0.0.133 "POST /v2.0/security-group-rules HTTP/1.1" status: 201 len: 764 time: 0.1951432
2026-04-27 02:33:32.939 9 WARNING neutron.scheduler.dhcp_agent_scheduler [None req-08bcbf0e-fbaa-473a-bf9f-1292e0db6a52 8b93a965e6474e99b501a7524d56f08a 3063117512aa46d788a792b7523ebd1c - - default default] No more DHCP agents
2026-04-27 02:33:32.940 9 WARNING neutron.api.rpc.agentnotifiers.dhcp_rpc_agent_api [None req-08bcbf0e-fbaa-473a-bf9f-1292e0db6a52 8b93a965e6474e99b501a7524d56f08a 3063117512aa46d788a792b7523ebd1c - - default default] Unable to schedule network a6cdb57b-8a19-4912-b6cb-e42f1cf1171b: no agents available; will retry on subsequent port and subnet creation events.
2026-04-27 02:33:33.025 10 INFO neutron.db.ovn_revision_numbers_db [None req-4a2694d9-7822-4cee-87f4-cbac460b440f da025492993b4f17bd03ab3a9a2f9dfb 84c9ec2c172740839ffaeaf719554b4c - - default default] Successfully bumped revision number for resource 65f68536-eb6e-4ec9-a4ac-84decd2b8ea1 (type: networks) to 1
2026-04-27 02:33:33.072 10 INFO neutron.db.segments_db [None req-e3baa5f8-cd3d-443c-9507-077e1767059a 977a1c27a6e74db98ac2f0baf1ec6c47 38f3aa7c7fa5408c8d3a08ff28efcb38 - - default default] Added segment 48311292-6512-4cd0-bc48-074e7d3ba580 of type geneve for network 7d9ca76e-0863-47b3-bb84-61ed3172a4c0
2026-04-27 02:33:33.094 9 INFO neutron.db.ovn_revision_numbers_db [None req-f6fbb83e-af62-44c5-b629-417f6777d687 36223721a40349efaa89d75837b534e3 a3385b78d20f409d848520dc7a2e342f - - default default] Successfully bumped revision number for resource fbfc09d3-9da6-456a-8ca2-a96a8d59d140 (type: security_group_rules) to 0
2026-04-27 02:33:33.136 9 INFO neutron.wsgi [None req-f6fbb83e-af62-44c5-b629-417f6777d687 36223721a40349efaa89d75837b534e3 a3385b78d20f409d848520dc7a2e342f - - default default] 10.0.0.133 "POST /v2.0/security-group-rules HTTP/1.1" status: 201 len: 769 time: 0.2206376
2026-04-27 02:33:33.290 10 WARNING neutron.scheduler.dhcp_agent_scheduler [None req-4a2694d9-7822-4cee-87f4-cbac460b440f da025492993b4f17bd03ab3a9a2f9dfb 84c9ec2c172740839ffaeaf719554b4c - - default default] No more DHCP agents
2026-04-27 02:33:33.294 10 WARNING neutron.api.rpc.agentnotifiers.dhcp_rpc_agent_api [None req-4a2694d9-7822-4cee-87f4-cbac460b440f da025492993b4f17bd03ab3a9a2f9dfb 84c9ec2c172740839ffaeaf719554b4c - - default default] Unable to schedule network 65f68536-eb6e-4ec9-a4ac-84decd2b8ea1: no agents available; will retry on subsequent port and subnet creation events.
2026-04-27 02:33:33.305 10 INFO neutron.db.ovn_revision_numbers_db [None req-e3baa5f8-cd3d-443c-9507-077e1767059a 977a1c27a6e74db98ac2f0baf1ec6c47 38f3aa7c7fa5408c8d3a08ff28efcb38 - - default default] Successfully bumped revision number for resource 1d95163f-086e-49de-aaae-290f694b353b (type: networks) to 1
2026-04-27 02:33:33.348 9 INFO neutron.db.ovn_revision_numbers_db [None req-08bcbf0e-fbaa-473a-bf9f-1292e0db6a52 8b93a965e6474e99b501a7524d56f08a 3063117512aa46d788a792b7523ebd1c - - default default] Successfully bumped revision number for resource b0ff40de-c441-4607-8319-47797f0fb461 (type: router_ports) to 1
2026-04-27 02:33:33.350 9 INFO neutron.wsgi [None req-08bcbf0e-fbaa-473a-bf9f-1292e0db6a52 8b93a965e6474e99b501a7524d56f08a 3063117512aa46d788a792b7523ebd1c - - default default] 10.0.0.133 "PUT /v2.0/routers/65a18f46-a87c-4b38-bf2a-bbdca66ddca1/add_router_interface HTTP/1.1" status: 200 len: 503 time: 2.7337708
2026-04-27 02:33:33.407 10 INFO neutron.db.ovn_revision_numbers_db [None req-4a2694d9-7822-4cee-87f4-cbac460b440f da025492993b4f17bd03ab3a9a2f9dfb 84c9ec2c172740839ffaeaf719554b4c - - default default] Successfully bumped revision number for resource a3581c8a-433a-4d94-9273-15620594cccf (type: ports) to 1
2026-04-27 02:33:33.437 10 INFO neutron.wsgi [None req-4a2694d9-7822-4cee-87f4-cbac460b440f da025492993b4f17bd03ab3a9a2f9dfb 84c9ec2c172740839ffaeaf719554b4c - - default default] 10.0.0.133 "POST /v2.0/networks HTTP/1.1" status: 201 len: 835 time: 0.6920960
2026-04-27 02:33:33.495 9 WARNING neutron.scheduler.dhcp_agent_scheduler [None req-5975c7ba-e4f2-4e2c-847a-6e9ffaa1fbd7 36223721a40349efaa89d75837b534e3 a3385b78d20f409d848520dc7a2e342f - - default default] No more DHCP agents
2026-04-27 02:33:33.500 9 WARNING neutron.api.rpc.agentnotifiers.dhcp_rpc_agent_api [None req-5975c7ba-e4f2-4e2c-847a-6e9ffaa1fbd7 36223721a40349efaa89d75837b534e3 a3385b78d20f409d848520dc7a2e342f - - default default] Unable to schedule network 41c2b178-ba8f-472c-bcd1-18379c61da8c: no agents available; will retry on subsequent port and subnet creation events.
2026-04-27 02:33:33.505 10 WARNING neutron.scheduler.dhcp_agent_scheduler [None req-e3baa5f8-cd3d-443c-9507-077e1767059a 977a1c27a6e74db98ac2f0baf1ec6c47 38f3aa7c7fa5408c8d3a08ff28efcb38 - - default default] No more DHCP agents
2026-04-27 02:33:33.508 10 WARNING neutron.api.rpc.agentnotifiers.dhcp_rpc_agent_api [None req-e3baa5f8-cd3d-443c-9507-077e1767059a 977a1c27a6e74db98ac2f0baf1ec6c47 38f3aa7c7fa5408c8d3a08ff28efcb38 - - default default] Unable to schedule network 1d95163f-086e-49de-aaae-290f694b353b: no agents available; will retry on subsequent port and subnet creation events.
2026-04-27 02:33:33.591 10 INFO neutron.db.ovn_revision_numbers_db [None req-e3baa5f8-cd3d-443c-9507-077e1767059a 977a1c27a6e74db98ac2f0baf1ec6c47 38f3aa7c7fa5408c8d3a08ff28efcb38 - - default default] Successfully bumped revision number for resource 378c3950-ee58-4016-ae07-39f2150c4b87 (type: ports) to 1
2026-04-27 02:33:33.666 10 INFO neutron.db.ovn_revision_numbers_db [None req-e3baa5f8-cd3d-443c-9507-077e1767059a 977a1c27a6e74db98ac2f0baf1ec6c47 38f3aa7c7fa5408c8d3a08ff28efcb38 - - default default] Successfully bumped revision number for resource 7d9ca76e-0863-47b3-bb84-61ed3172a4c0 (type: networks) to 1
2026-04-27 02:33:33.840 9 WARNING neutron.scheduler.dhcp_agent_scheduler [None req-3410bffb-8f59-4f66-991e-8de32733fddd da025492993b4f17bd03ab3a9a2f9dfb 84c9ec2c172740839ffaeaf719554b4c - - default default] No more DHCP agents
2026-04-27 02:33:33.843 9 WARNING neutron.api.rpc.agentnotifiers.dhcp_rpc_agent_api [None req-3410bffb-8f59-4f66-991e-8de32733fddd da025492993b4f17bd03ab3a9a2f9dfb 84c9ec2c172740839ffaeaf719554b4c - - default default] Unable to schedule network 65f68536-eb6e-4ec9-a4ac-84decd2b8ea1: no agents available; will retry on subsequent port and subnet creation events.
2026-04-27 02:33:33.862 10 WARNING neutron.scheduler.dhcp_agent_scheduler [None req-e3baa5f8-cd3d-443c-9507-077e1767059a 977a1c27a6e74db98ac2f0baf1ec6c47 38f3aa7c7fa5408c8d3a08ff28efcb38 - - default default] No more DHCP agents
2026-04-27 02:33:33.864 10 WARNING neutron.api.rpc.agentnotifiers.dhcp_rpc_agent_api [None req-e3baa5f8-cd3d-443c-9507-077e1767059a 977a1c27a6e74db98ac2f0baf1ec6c47 38f3aa7c7fa5408c8d3a08ff28efcb38 - - default default] Unable to schedule network 7d9ca76e-0863-47b3-bb84-61ed3172a4c0: no agents available; will retry on subsequent port and subnet creation events.
2026-04-27 02:33:33.904 9 INFO neutron.db.ovn_revision_numbers_db [None req-3410bffb-8f59-4f66-991e-8de32733fddd da025492993b4f17bd03ab3a9a2f9dfb 84c9ec2c172740839ffaeaf719554b4c - - default default] Successfully bumped revision number for resource 8d693353-21a9-4be1-8f2a-02ffe32cb76b (type: subnets) to 0
2026-04-27 02:33:33.907 9 WARNING neutron.scheduler.dhcp_agent_scheduler [None req-0748aae9-535a-4d16-8114-3b4669f03da0 8b93a965e6474e99b501a7524d56f08a 3063117512aa46d788a792b7523ebd1c - - default default] No more DHCP agents
2026-04-27 02:33:33.910 9 WARNING neutron.api.rpc.agentnotifiers.dhcp_rpc_agent_api [None req-0748aae9-535a-4d16-8114-3b4669f03da0 8b93a965e6474e99b501a7524d56f08a 3063117512aa46d788a792b7523ebd1c - - default default] Unable to schedule network a6cdb57b-8a19-4912-b6cb-e42f1cf1171b: no agents available; will retry on subsequent port and subnet creation events.
2026-04-27 02:33:33.941 9 INFO neutron.wsgi [None req-3410bffb-8f59-4f66-991e-8de32733fddd da025492993b4f17bd03ab3a9a2f9dfb 84c9ec2c172740839ffaeaf719554b4c - - default default] 10.0.0.133 "POST /v2.0/subnets HTTP/1.1" status: 201 len: 821 time: 0.4980748
2026-04-27 02:33:33.946 10 INFO neutron.db.ovn_revision_numbers_db [None req-e3baa5f8-cd3d-443c-9507-077e1767059a 977a1c27a6e74db98ac2f0baf1ec6c47 38f3aa7c7fa5408c8d3a08ff28efcb38 - - default default] Successfully bumped revision number for resource 1ecb8380-beb3-45a9-983f-6ba79fcdc006 (type: ports) to 1
2026-04-27 02:33:33.988 10 INFO neutron.wsgi [None req-e3baa5f8-cd3d-443c-9507-077e1767059a 977a1c27a6e74db98ac2f0baf1ec6c47 38f3aa7c7fa5408c8d3a08ff28efcb38 - - default default] 10.0.0.133 "POST /v2.0/networks HTTP/1.1" status: 201 len: 1444 time: 1.6132050
2026-04-27 02:33:33.997 9 INFO neutron.db.ovn_revision_numbers_db [None req-5975c7ba-e4f2-4e2c-847a-6e9ffaa1fbd7 36223721a40349efaa89d75837b534e3 a3385b78d20f409d848520dc7a2e342f - - default default] Successfully bumped revision number for resource 4ee5f833-6ac2-4faa-9f89-2e0373ea452f (type: floatingips) to 0
2026-04-27 02:33:34.010 9 INFO neutron.wsgi [None req-5975c7ba-e4f2-4e2c-847a-6e9ffaa1fbd7 36223721a40349efaa89d75837b534e3 a3385b78d20f409d848520dc7a2e342f - - default default] 10.0.0.133 "POST /v2.0/floatingips HTTP/1.1" status: 201 len: 751 time: 0.8680515
2026-04-27 02:33:34.085 9 INFO neutron.db.ovn_revision_numbers_db [None req-0748aae9-535a-4d16-8114-3b4669f03da0 8b93a965e6474e99b501a7524d56f08a 3063117512aa46d788a792b7523ebd1c - - default default] Successfully bumped revision number for resource 1af25ae5-d1b7-4866-b872-af8e23f5ed5b (type: ports) to 1
2026-04-27 02:33:34.103 9 INFO neutron.wsgi [None req-0748aae9-535a-4d16-8114-3b4669f03da0 8b93a965e6474e99b501a7524d56f08a 3063117512aa46d788a792b7523ebd1c - - default default] 10.0.0.133 "POST /v2.0/ports HTTP/1.1" status: 201 len: 1154 time: 0.7475035 /var/lib/openstack/lib/python3.10/site-packages/pycadf/identifier.py:71: UserWarning: Invalid uuid: neutron. To ensure interoperability, identifiers should be a valid uuid. warnings.warn(('Invalid uuid: %s. To ensure interoperability, '
2026-04-27 02:33:34.119 10 INFO neutron.wsgi [None req-5adaf083-244b-4097-a6b1-0bbc79bde9b8 977a1c27a6e74db98ac2f0baf1ec6c47 38f3aa7c7fa5408c8d3a08ff28efcb38 - - default default] 10.0.0.133 "GET /v2.0/networks HTTP/1.1" status: 200 len: 2050 time: 0.1258726
2026-04-27 02:33:34.330 10 WARNING neutron.scheduler.dhcp_agent_scheduler [None req-edd90fbc-54e8-4fb4-a4cd-b983cb892766 da025492993b4f17bd03ab3a9a2f9dfb 84c9ec2c172740839ffaeaf719554b4c - - default default] No more DHCP agents
2026-04-27 02:33:34.333 10 WARNING neutron.api.rpc.agentnotifiers.dhcp_rpc_agent_api [None req-edd90fbc-54e8-4fb4-a4cd-b983cb892766 da025492993b4f17bd03ab3a9a2f9dfb 84c9ec2c172740839ffaeaf719554b4c - - default default] Unable to schedule network 65f68536-eb6e-4ec9-a4ac-84decd2b8ea1: no agents available; will retry on subsequent port and subnet creation events.
2026-04-27 02:33:34.435 10 INFO neutron.db.ovn_revision_numbers_db [None req-edd90fbc-54e8-4fb4-a4cd-b983cb892766 da025492993b4f17bd03ab3a9a2f9dfb 84c9ec2c172740839ffaeaf719554b4c - - default default] Successfully bumped revision number for resource 8513ed6c-c98b-4c34-99d7-5835c8f600e1 (type: ports) to 1
2026-04-27 02:33:34.448 9 INFO neutron.wsgi [req-999e5402-279a-4135-8a60-110b107225c8 req-c15b4022-a60b-4e9f-9b35-a0a829711cb2 36223721a40349efaa89d75837b534e3 a3385b78d20f409d848520dc7a2e342f - - default default] 10.0.0.199 "GET /v2.0/security-groups?name=tempest-securitygroup--1420387635&fields=id&tenant_id=a3385b78d20f409d848520dc7a2e342f HTTP/1.1" status: 200 len: 267 time: 0.0652831
2026-04-27 02:33:34.456 10 INFO neutron.wsgi [None req-edd90fbc-54e8-4fb4-a4cd-b983cb892766 da025492993b4f17bd03ab3a9a2f9dfb 84c9ec2c172740839ffaeaf719554b4c - - default default] 10.0.0.133 "POST /v2.0/ports HTTP/1.1" status: 201 len: 1127 time: 0.5072682 /var/lib/openstack/lib/python3.10/site-packages/pycadf/identifier.py:71: UserWarning: Invalid uuid: neutron. To ensure interoperability, identifiers should be a valid uuid. warnings.warn(('Invalid uuid: %s. To ensure interoperability, '
2026-04-27 02:33:34.530 9 WARNING neutron.scheduler.dhcp_agent_scheduler [None req-a0f3bd94-8c93-4a29-b8bd-3d0e33a66868 8b93a965e6474e99b501a7524d56f08a 3063117512aa46d788a792b7523ebd1c - - default default] No more DHCP agents
2026-04-27 02:33:34.536 9 WARNING neutron.api.rpc.agentnotifiers.dhcp_rpc_agent_api [None req-a0f3bd94-8c93-4a29-b8bd-3d0e33a66868 8b93a965e6474e99b501a7524d56f08a 3063117512aa46d788a792b7523ebd1c - - default default] Unable to schedule network a6cdb57b-8a19-4912-b6cb-e42f1cf1171b: no agents available; will retry on subsequent port and subnet creation events.
2026-04-27 02:33:34.560 9 INFO neutron.wsgi [req-999e5402-279a-4135-8a60-110b107225c8 req-02566cc5-b028-448d-8360-b4a4dc65f446 36223721a40349efaa89d75837b534e3 a3385b78d20f409d848520dc7a2e342f - - default default] 10.0.0.199 "GET /v2.0/networks?id=6879d74d-9596-4bb3-9040-c3d9ca37690d HTTP/1.1" status: 200 len: 875 time: 0.1038020 /var/lib/openstack/lib/python3.10/site-packages/pycadf/identifier.py:71: UserWarning: Invalid uuid: neutron. To ensure interoperability, identifiers should be a valid uuid. warnings.warn(('Invalid uuid: %s. To ensure interoperability, '
