2026-04-27 02:37:28.933 10 INFO neutron.wsgi [req-5213d253-0bcb-4d28-b424-7bab4431dfe9 req-2a933a6b-9bf9-45ee-86a1-66a0faa3759f 914dd4db0ab649508cf1033617215d38 4af2726539924833aacb935f2fbb1410 - - default default] 199.204.45.222 "POST /v2.0/ports HTTP/1.1" status: 201 len: 1287 time: 0.4312861 /var/lib/openstack/lib/python3.10/site-packages/pycadf/identifier.py:71: UserWarning: Invalid uuid: neutron. To ensure interoperability, identifiers should be a valid uuid. warnings.warn(('Invalid uuid: %s. To ensure interoperability, '
2026-04-27 02:37:29.356 10 INFO neutron.db.ovn_revision_numbers_db [req-5213d253-0bcb-4d28-b424-7bab4431dfe9 req-7a14fb71-bad9-478a-a420-bf55ba7eba87 8f4a0e6c347e4983846d856c47d85f0a 32b22917c452452a92db088bc3c4cad0 - - 3a79f97034744e4c8e2df7c686d86d1f 3a79f97034744e4c8e2df7c686d86d1f] Successfully bumped revision number for resource f1db4c4c-7e92-4688-961d-9b71b618831b (type: ports) to 2
2026-04-27 02:37:29.559 10 INFO neutron.db.ovn_revision_numbers_db [req-5213d253-0bcb-4d28-b424-7bab4431dfe9 req-7a14fb71-bad9-478a-a420-bf55ba7eba87 8f4a0e6c347e4983846d856c47d85f0a 32b22917c452452a92db088bc3c4cad0 - - 3a79f97034744e4c8e2df7c686d86d1f 3a79f97034744e4c8e2df7c686d86d1f] Successfully bumped revision number for resource f1db4c4c-7e92-4688-961d-9b71b618831b (type: ports) to 2
2026-04-27 02:37:29.575 10 INFO neutron.wsgi [req-5213d253-0bcb-4d28-b424-7bab4431dfe9 req-7a14fb71-bad9-478a-a420-bf55ba7eba87 8f4a0e6c347e4983846d856c47d85f0a 32b22917c452452a92db088bc3c4cad0 - - 3a79f97034744e4c8e2df7c686d86d1f 3a79f97034744e4c8e2df7c686d86d1f] 199.204.45.222 "PUT /v2.0/ports/f1db4c4c-7e92-4688-961d-9b71b618831b HTTP/1.1" status: 200 len: 1384 time: 0.6320894
2026-04-27 02:37:29.611 10 INFO neutron.notifiers.nova [-] Nova event matching ['req-614a7164-f203-4330-8d9a-6c9e39d081be'] response: {'name': 'network-changed', 'server_uuid': '483b565d-7f45-4a4f-a4ba-b6e8296539dd', 'tag': 'f1db4c4c-7e92-4688-961d-9b71b618831b', 'status': 'completed', 'code': 200} /var/lib/openstack/lib/python3.10/site-packages/pycadf/identifier.py:71: UserWarning: Invalid uuid: neutron. To ensure interoperability, identifiers should be a valid uuid. warnings.warn(('Invalid uuid: %s. To ensure interoperability, '
2026-04-27 02:37:29.665 10 INFO neutron.wsgi [req-9f824a5c-0ad3-4135-8fab-254098559196 req-720ba950-5843-4793-89cb-c854326952e4 8f4a0e6c347e4983846d856c47d85f0a 32b22917c452452a92db088bc3c4cad0 - - 3a79f97034744e4c8e2df7c686d86d1f 3a79f97034744e4c8e2df7c686d86d1f] 199.204.45.222 "GET /v2.0/ports?tenant_id=4af2726539924833aacb935f2fbb1410&device_id=483b565d-7f45-4a4f-a4ba-b6e8296539dd HTTP/1.1" status: 200 len: 1415 time: 0.0361209
2026-04-27 02:37:29.766 10 INFO neutron.wsgi [req-9f824a5c-0ad3-4135-8fab-254098559196 req-0e3c8f57-e33e-4173-9056-66994181ed79 8f4a0e6c347e4983846d856c47d85f0a 32b22917c452452a92db088bc3c4cad0 - - 3a79f97034744e4c8e2df7c686d86d1f 3a79f97034744e4c8e2df7c686d86d1f] 199.204.45.222 "GET /v2.0/networks?tenant_id=4af2726539924833aacb935f2fbb1410&shared=False HTTP/1.1" status: 200 len: 937 time: 0.0930173
2026-04-27 02:37:29.880 10 INFO neutron.wsgi [req-9f824a5c-0ad3-4135-8fab-254098559196 req-eace0807-de9e-44ec-8f2e-581d2493aa58 8f4a0e6c347e4983846d856c47d85f0a 32b22917c452452a92db088bc3c4cad0 - - 3a79f97034744e4c8e2df7c686d86d1f 3a79f97034744e4c8e2df7c686d86d1f] 199.204.45.222 "GET /v2.0/networks?shared=True HTTP/1.1" status: 200 len: 952 time: 0.1111374
2026-04-27 02:37:29.947 10 INFO neutron.wsgi [req-5213d253-0bcb-4d28-b424-7bab4431dfe9 req-a6a88bc1-907d-4c73-ac1c-4ab6050c0a53 8f4a0e6c347e4983846d856c47d85f0a 32b22917c452452a92db088bc3c4cad0 - - 3a79f97034744e4c8e2df7c686d86d1f 3a79f97034744e4c8e2df7c686d86d1f] 199.204.45.222 "GET /v2.0/ports?tenant_id=4af2726539924833aacb935f2fbb1410&device_id=483b565d-7f45-4a4f-a4ba-b6e8296539dd HTTP/1.1" status: 200 len: 1415 time: 0.0333698
2026-04-27 02:37:29.982 10 INFO neutron.wsgi [req-5213d253-0bcb-4d28-b424-7bab4431dfe9 req-aefd430c-38c6-4502-a5c8-64a22f02b4ee 8f4a0e6c347e4983846d856c47d85f0a 32b22917c452452a92db088bc3c4cad0 - - 3a79f97034744e4c8e2df7c686d86d1f 3a79f97034744e4c8e2df7c686d86d1f] 199.204.45.222 "GET /v2.0/floatingips?fixed_ip_address=172.24.0.149&port_id=f1db4c4c-7e92-4688-961d-9b71b618831b HTTP/1.1" status: 200 len: 217 time: 0.0262721
2026-04-27 02:37:30.027 9 INFO neutron.wsgi [req-0c4776b1-8998-434d-b72e-de7901383b54 req-c1d4475a-362e-4242-a6d2-04ab82198f67 914dd4db0ab649508cf1033617215d38 4af2726539924833aacb935f2fbb1410 - - default default] 10.0.0.199 "GET /v2.0/ports?device_id=483b565d-7f45-4a4f-a4ba-b6e8296539dd HTTP/1.1" status: 200 len: 1415 time: 0.0778835
2026-04-27 02:37:30.028 10 INFO neutron.wsgi [req-5213d253-0bcb-4d28-b424-7bab4431dfe9 req-065b1572-711b-4827-8a72-10341b902912 8f4a0e6c347e4983846d856c47d85f0a 32b22917c452452a92db088bc3c4cad0 - - 3a79f97034744e4c8e2df7c686d86d1f 3a79f97034744e4c8e2df7c686d86d1f] 199.204.45.222 "GET /v2.0/subnets?id=29783181-c500-4657-9f68-6c940a42654f HTTP/1.1" status: 200 len: 829 time: 0.0382280
2026-04-27 02:37:30.061 10 INFO neutron.wsgi [req-5213d253-0bcb-4d28-b424-7bab4431dfe9 req-5a3012c9-0f55-470f-a30d-12965c50ca63 8f4a0e6c347e4983846d856c47d85f0a 32b22917c452452a92db088bc3c4cad0 - - 3a79f97034744e4c8e2df7c686d86d1f 3a79f97034744e4c8e2df7c686d86d1f] 199.204.45.222 "GET /v2.0/ports?network_id=0e784f22-2354-425e-a5f8-8ee902e334cc&device_owner=network%3Adhcp HTTP/1.1" status: 200 len: 210 time: 0.0255370
2026-04-27 02:37:30.074 9 INFO neutron.wsgi [req-0c4776b1-8998-434d-b72e-de7901383b54 req-9e099784-d2f1-4afc-9b3c-18ee19c3a3c1 914dd4db0ab649508cf1033617215d38 4af2726539924833aacb935f2fbb1410 - - default default] 10.0.0.199 "GET /v2.0/security-groups?id=0dbe22d7-f83a-481b-87f5-fed374287324&fields=id&fields=name HTTP/1.1" status: 200 len: 294 time: 0.0391874
2026-04-27 02:37:30.141 10 INFO neutron.wsgi [req-5213d253-0bcb-4d28-b424-7bab4431dfe9 req-fa92172c-1d62-4699-8efd-2457c32de4a3 8f4a0e6c347e4983846d856c47d85f0a 32b22917c452452a92db088bc3c4cad0 - - 3a79f97034744e4c8e2df7c686d86d1f 3a79f97034744e4c8e2df7c686d86d1f] 199.204.45.222 "GET /v2.0/networks/0e784f22-2354-425e-a5f8-8ee902e334cc?fields=segments HTTP/1.1" status: 200 len: 212 time: 0.0728021
2026-04-27 02:37:30.233 10 INFO neutron.wsgi [req-5213d253-0bcb-4d28-b424-7bab4431dfe9 req-11f1d273-4639-42df-b0c8-9b63adc7af84 8f4a0e6c347e4983846d856c47d85f0a 32b22917c452452a92db088bc3c4cad0 - - 3a79f97034744e4c8e2df7c686d86d1f 3a79f97034744e4c8e2df7c686d86d1f] 199.204.45.222 "GET /v2.0/networks/0e784f22-2354-425e-a5f8-8ee902e334cc?fields=provider%3Aphysical_network&fields=provider%3Anetwork_type HTTP/1.1" status: 200 len: 277 time: 0.0861628
2026-04-27 02:37:30.236 10 INFO neutron.wsgi [req-02dc150e-aa5d-4667-88d6-1e03edc617a2 req-e138eb1e-4f99-4935-a2e7-2b799d933f1d 914dd4db0ab649508cf1033617215d38 4af2726539924833aacb935f2fbb1410 - - default default] 10.0.0.199 "GET /v2.0/ports?device_id=483b565d-7f45-4a4f-a4ba-b6e8296539dd HTTP/1.1" status: 200 len: 1415 time: 0.0885487
2026-04-27 02:37:30.441 10 INFO neutron.wsgi [req-d1c7af26-7c84-4e4a-92e1-dfb20edb0cc5 req-af66d039-d0cb-46ca-b78b-86e744ddb22f 8f4a0e6c347e4983846d856c47d85f0a 32b22917c452452a92db088bc3c4cad0 - - 3a79f97034744e4c8e2df7c686d86d1f 3a79f97034744e4c8e2df7c686d86d1f] 199.204.45.222 "GET /v2.0/ports?device_id=483b565d-7f45-4a4f-a4ba-b6e8296539dd HTTP/1.1" status: 200 len: 1415 time: 0.0317066
2026-04-27 02:37:30.486 10 INFO neutron.wsgi [req-d1c7af26-7c84-4e4a-92e1-dfb20edb0cc5 req-11b3701c-a380-486e-abb2-eb3b8d6fb6a6 8f4a0e6c347e4983846d856c47d85f0a 32b22917c452452a92db088bc3c4cad0 - - 3a79f97034744e4c8e2df7c686d86d1f 3a79f97034744e4c8e2df7c686d86d1f] 199.204.45.222 "GET /v2.0/security-groups?id=0dbe22d7-f83a-481b-87f5-fed374287324&fields=id&fields=name HTTP/1.1" status: 200 len: 294 time: 0.0396750
2026-04-27 02:37:30.583 9 INFO neutron.plugins.ml2.drivers.ovn.mech_driver.mech_driver [None req-af2f02a5-7065-4c20-86e0-f187760070a0 - - - - - -] OVN reports status up for port: f1db4c4c-7e92-4688-961d-9b71b618831b
2026-04-27 02:37:30.596 9 INFO neutron.plugins.ml2.plugin [None req-af2f02a5-7065-4c20-86e0-f187760070a0 - - - - - -] Attempt 1 to provision port f1db4c4c-7e92-4688-961d-9b71b618831b
2026-04-27 02:37:30.719 9 INFO neutron.notifiers.nova [-] Nova event matching ['req-fd6e27c0-0b5e-4bd3-bcbf-38c3257c5741'] response: {'server_uuid': '483b565d-7f45-4a4f-a4ba-b6e8296539dd', 'name': 'network-vif-plugged', 'status': 'completed', 'tag': 'f1db4c4c-7e92-4688-961d-9b71b618831b', 'code': 200}
2026-04-27 02:37:30.879 9 INFO neutron.db.ovn_revision_numbers_db [None req-af2f02a5-7065-4c20-86e0-f187760070a0 - - - - - -] Successfully bumped revision number for resource f1db4c4c-7e92-4688-961d-9b71b618831b (type: ports) to 4 /var/lib/openstack/lib/python3.10/site-packages/pycadf/identifier.py:71: UserWarning: Invalid uuid: neutron. To ensure interoperability, identifiers should be a valid uuid. warnings.warn(('Invalid uuid: %s. To ensure interoperability, '
2026-04-27 02:37:32.468 9 INFO neutron.wsgi [req-2466712d-8d72-4060-8731-64bc0c295308 req-98c1c644-44ee-4d2b-9ddf-f557bfbeae54 914dd4db0ab649508cf1033617215d38 4af2726539924833aacb935f2fbb1410 - - default default] 10.0.0.199 "GET /v2.0/ports?device_id=483b565d-7f45-4a4f-a4ba-b6e8296539dd HTTP/1.1" status: 200 len: 1417 time: 0.0311739
2026-04-27 02:37:32.518 9 INFO neutron.wsgi [req-2466712d-8d72-4060-8731-64bc0c295308 req-c1155e8f-28d7-4630-a371-22c585d12f22 914dd4db0ab649508cf1033617215d38 4af2726539924833aacb935f2fbb1410 - - default default] 10.0.0.199 "GET /v2.0/security-groups?id=0dbe22d7-f83a-481b-87f5-fed374287324&fields=id&fields=name HTTP/1.1" status: 200 len: 294 time: 0.0372028
2026-04-27 02:37:32.606 10 INFO neutron.wsgi [req-cb326e13-bd6e-4830-baca-d80a912121be req-18187ac9-d00e-4348-8d66-0a610c59e21b 914dd4db0ab649508cf1033617215d38 4af2726539924833aacb935f2fbb1410 - - default default] 10.0.0.199 "GET /v2.0/ports?device_id=483b565d-7f45-4a4f-a4ba-b6e8296539dd HTTP/1.1" status: 200 len: 1417 time: 0.0336120
2026-04-27 02:37:32.759 9 INFO neutron.notifiers.nova [-] Nova event matching ['req-886e09cb-8f8e-41df-9545-7aec2f8d29f2'] response: {'server_uuid': '483b565d-7f45-4a4f-a4ba-b6e8296539dd', 'name': 'network-vif-plugged', 'status': 'completed', 'tag': 'f1db4c4c-7e92-4688-961d-9b71b618831b', 'code': 200}
2026-04-27 02:37:36.463 9 INFO neutron.wsgi [-] 10.0.0.106 "GET / HTTP/1.1" status: 200 len: 247 time: 0.0087922
2026-04-27 02:37:36.467 9 INFO neutron.wsgi [-] 10.0.0.106 "GET / HTTP/1.1" status: 200 len: 247 time: 0.0012665
2026-04-27 02:37:51.457 9 INFO neutron.wsgi [-] 10.0.0.106 "GET / HTTP/1.1" status: 200 len: 247 time: 0.0027528
2026-04-27 02:37:51.459 10 INFO neutron.wsgi [-] 10.0.0.106 "GET / HTTP/1.1" status: 200 len: 247 time: 0.0038772
2026-04-27 02:37:53.006 10 INFO neutron.wsgi [req-e2bde3a3-1278-4341-b822-41d420040cf0 req-657deb63-bdb1-4ef5-947d-1d0c8ba2b279 8f4a0e6c347e4983846d856c47d85f0a 32b22917c452452a92db088bc3c4cad0 - - 3a79f97034744e4c8e2df7c686d86d1f 3a79f97034744e4c8e2df7c686d86d1f] 199.204.45.222 "GET /v2.0/ports?device_id=65ac0166-cc97-4bc6-904d-44c91a615f64&fields=binding%3Ahost_id&fields=binding%3Avif_type HTTP/1.1" status: 200 len: 265 time: 0.1462612
2026-04-27 02:37:53.092 10 INFO neutron.wsgi [req-e2bde3a3-1278-4341-b822-41d420040cf0 req-1634eaec-ad01-46a7-9e2b-b660ae16942c 8f4a0e6c347e4983846d856c47d85f0a 32b22917c452452a92db088bc3c4cad0 - - 3a79f97034744e4c8e2df7c686d86d1f 3a79f97034744e4c8e2df7c686d86d1f] 199.204.45.222 "GET /v2.0/ports?tenant_id=b444266e05934ff7bba1b91de57aba90&device_id=65ac0166-cc97-4bc6-904d-44c91a615f64 HTTP/1.1" status: 200 len: 1634 time: 0.0407565
2026-04-27 02:37:53.194 10 INFO neutron.wsgi [req-e2bde3a3-1278-4341-b822-41d420040cf0 req-ac1c80a7-9aac-4142-a243-4944e1a2241b 8f4a0e6c347e4983846d856c47d85f0a 32b22917c452452a92db088bc3c4cad0 - - 3a79f97034744e4c8e2df7c686d86d1f 3a79f97034744e4c8e2df7c686d86d1f] 199.204.45.222 "GET /v2.0/networks?id=966e570e-eda8-4952-a8cb-961a24001c94 HTTP/1.1" status: 200 len: 1003 time: 0.0748754
2026-04-27 02:37:53.257 10 INFO neutron.wsgi [req-e2bde3a3-1278-4341-b822-41d420040cf0 req-010ca268-b6da-486f-bc97-2f545bd46be5 8f4a0e6c347e4983846d856c47d85f0a 32b22917c452452a92db088bc3c4cad0 - - 3a79f97034744e4c8e2df7c686d86d1f 3a79f97034744e4c8e2df7c686d86d1f] 199.204.45.222 "GET /v2.0/floatingips?fixed_ip_address=10.2.1.219&port_id=b884c65b-b528-4282-a854-336431028594 HTTP/1.1" status: 200 len: 1059 time: 0.0558612
2026-04-27 02:37:53.285 10 INFO neutron.wsgi [req-e2bde3a3-1278-4341-b822-41d420040cf0 req-6c3b9ed9-6f57-4a8d-a6e5-c12111291a62 8f4a0e6c347e4983846d856c47d85f0a 32b22917c452452a92db088bc3c4cad0 - - 3a79f97034744e4c8e2df7c686d86d1f 3a79f97034744e4c8e2df7c686d86d1f] 199.204.45.222 "GET /v2.0/floatingips?fixed_ip_address=fd7b%3Af9f7%3Afff%3A4eca%3A%3A8f&port_id=b884c65b-b528-4282-a854-336431028594 HTTP/1.1" status: 200 len: 217 time: 0.0220087
2026-04-27 02:37:53.323 10 INFO neutron.wsgi [req-e2bde3a3-1278-4341-b822-41d420040cf0 req-f19ce568-f4d2-492a-acce-2bccfdff3e90 8f4a0e6c347e4983846d856c47d85f0a 32b22917c452452a92db088bc3c4cad0 - - 3a79f97034744e4c8e2df7c686d86d1f 3a79f97034744e4c8e2df7c686d86d1f] 199.204.45.222 "GET /v2.0/subnets?id=1aeccfb6-7d37-4d15-a12a-365b988cc9e5&id=1330815b-cf9d-445f-a5d5-f2d6bdb0cd55 HTTP/1.1" status: 200 len: 1561 time: 0.0346124
2026-04-27 02:37:53.353 10 INFO neutron.wsgi [req-e2bde3a3-1278-4341-b822-41d420040cf0 req-90990723-ec86-4e75-9f7c-031f5143eafe 8f4a0e6c347e4983846d856c47d85f0a 32b22917c452452a92db088bc3c4cad0 - - 3a79f97034744e4c8e2df7c686d86d1f 3a79f97034744e4c8e2df7c686d86d1f] 199.204.45.222 "GET /v2.0/ports?network_id=966e570e-eda8-4952-a8cb-961a24001c94&device_owner=network%3Adhcp HTTP/1.1" status: 200 len: 210 time: 0.0237238
2026-04-27 02:37:53.383 10 INFO neutron.wsgi [req-e2bde3a3-1278-4341-b822-41d420040cf0 req-c9d84866-e542-4ce8-b23e-6a8d67ffce2c 8f4a0e6c347e4983846d856c47d85f0a 32b22917c452452a92db088bc3c4cad0 - - 3a79f97034744e4c8e2df7c686d86d1f 3a79f97034744e4c8e2df7c686d86d1f] 199.204.45.222 "GET /v2.0/ports?network_id=966e570e-eda8-4952-a8cb-961a24001c94&device_owner=network%3Adhcp HTTP/1.1" status: 200 len: 210 time: 0.0254395
2026-04-27 02:37:53.462 10 INFO neutron.wsgi [req-e2bde3a3-1278-4341-b822-41d420040cf0 req-2c7b1c3a-99e3-46a2-90d2-327cf47998ff 8f4a0e6c347e4983846d856c47d85f0a 32b22917c452452a92db088bc3c4cad0 - - 3a79f97034744e4c8e2df7c686d86d1f 3a79f97034744e4c8e2df7c686d86d1f] 199.204.45.222 "GET /v2.0/networks/966e570e-eda8-4952-a8cb-961a24001c94?fields=segments HTTP/1.1" status: 200 len: 212 time: 0.0698643
2026-04-27 02:37:53.537 10 INFO neutron.wsgi [req-e2bde3a3-1278-4341-b822-41d420040cf0 req-9e1126f4-28ea-4e83-b747-3cfab3f619bb 8f4a0e6c347e4983846d856c47d85f0a 32b22917c452452a92db088bc3c4cad0 - - 3a79f97034744e4c8e2df7c686d86d1f 3a79f97034744e4c8e2df7c686d86d1f] 199.204.45.222 "GET /v2.0/networks/966e570e-eda8-4952-a8cb-961a24001c94?fields=provider%3Aphysical_network&fields=provider%3Anetwork_type HTTP/1.1" status: 200 len: 277 time: 0.0684097
2026-04-27 02:38:06.237 9 INFO neutron.wsgi [None req-f750ce81-91b2-4517-b4d5-2c4a83f23580 914dd4db0ab649508cf1033617215d38 4af2726539924833aacb935f2fbb1410 - - default default] 199.204.45.222 "GET /v2.0/extensions/security-group HTTP/1.1" status: 200 len: 369 time: 0.0075488
2026-04-27 02:38:06.246 9 INFO neutron.wsgi [None req-76432703-fd86-494b-84c0-91ad27075c49 914dd4db0ab649508cf1033617215d38 4af2726539924833aacb935f2fbb1410 - - default default] 199.204.45.222 "GET /v2.0/extensions/dns-integration HTTP/1.1" status: 200 len: 371 time: 0.0058475
2026-04-27 02:38:06.260 9 INFO neutron.wsgi [None req-e74dca1d-e5c5-4caa-902a-c7012108bd15 914dd4db0ab649508cf1033617215d38 4af2726539924833aacb935f2fbb1410 - - default default] 199.204.45.222 "GET /v2.0/extensions/qos HTTP/1.1" status: 200 len: 365 time: 0.0082030
2026-04-27 02:38:06.269 9 INFO neutron.wsgi [None req-95def8ce-8f7d-491b-abae-305560aba16a 914dd4db0ab649508cf1033617215d38 4af2726539924833aacb935f2fbb1410 - - default default] 199.204.45.222 "GET /v2.0/extensions/allowed-address-pairs HTTP/1.1" status: 200 len: 383 time: 0.0036590
2026-04-27 02:38:06.317 9 INFO neutron.wsgi [None req-801306fb-5b89-4813-aaef-10da844f13ab 914dd4db0ab649508cf1033617215d38 4af2726539924833aacb935f2fbb1410 - - default default] 199.204.45.222 "GET /v2.0/subnets/e80a33f3-3376-4488-92bc-e597be8a5a92 HTTP/1.1" status: 200 len: 851 time: 0.0426011
2026-04-27 02:38:06.387 9 INFO neutron.wsgi [None req-c4b43447-f64e-42ed-b51d-1ab678efffeb 914dd4db0ab649508cf1033617215d38 4af2726539924833aacb935f2fbb1410 - - default default] 199.204.45.222 "GET /v2.0/ports?device_id=483b565d-7f45-4a4f-a4ba-b6e8296539dd HTTP/1.1" status: 200 len: 1417 time: 0.0411539
2026-04-27 02:38:06.455 9 INFO neutron.wsgi [-] 10.0.0.106 "GET / HTTP/1.1" status: 200 len: 247 time: 0.0015469
2026-04-27 02:38:06.461 10 INFO neutron.wsgi [-] 10.0.0.106 "GET / HTTP/1.1" status: 200 len: 247 time: 0.0019894
2026-04-27 02:38:06.953 9 WARNING neutron.scheduler.dhcp_agent_scheduler [None req-4650eea4-4c71-4fb6-820f-5203538d20c5 914dd4db0ab649508cf1033617215d38 4af2726539924833aacb935f2fbb1410 - - default default] No more DHCP agents
2026-04-27 02:38:06.954 9 WARNING neutron.api.rpc.agentnotifiers.dhcp_rpc_agent_api [None req-4650eea4-4c71-4fb6-820f-5203538d20c5 914dd4db0ab649508cf1033617215d38 4af2726539924833aacb935f2fbb1410 - - default default] Unable to schedule network f5d628b2-eeaf-4f90-b327-9c30427aed9d: no agents available; will retry on subsequent port and subnet creation events.
2026-04-27 02:38:07.131 9 INFO neutron.db.ovn_revision_numbers_db [None req-4650eea4-4c71-4fb6-820f-5203538d20c5 914dd4db0ab649508cf1033617215d38 4af2726539924833aacb935f2fbb1410 - - default default] Successfully bumped revision number for resource fc5eeedd-4c06-4691-acea-7e64664b25a7 (type: ports) to 1
2026-04-27 02:38:07.152 9 INFO neutron.wsgi [None req-4650eea4-4c71-4fb6-820f-5203538d20c5 914dd4db0ab649508cf1033617215d38 4af2726539924833aacb935f2fbb1410 - - default default] 199.204.45.222 "POST /v2.0/ports HTTP/1.1" status: 201 len: 1302 time: 0.7582164 /var/lib/openstack/lib/python3.10/site-packages/pycadf/identifier.py:71: UserWarning: Invalid uuid: neutron. To ensure interoperability, identifiers should be a valid uuid. warnings.warn(('Invalid uuid: %s. To ensure interoperability, '
2026-04-27 02:38:07.229 9 INFO neutron.wsgi [req-2acb8b1b-61c1-4a45-9ee4-72361ae8f92b req-41abb78c-3345-4fd8-9814-ea1496be7b9d 914dd4db0ab649508cf1033617215d38 4af2726539924833aacb935f2fbb1410 - - default default] 10.0.0.199 "GET /v2.0/ports/fc5eeedd-4c06-4691-acea-7e64664b25a7 HTTP/1.1" status: 200 len: 1297 time: 0.0302730
2026-04-27 02:38:07.245 9 INFO neutron.wsgi [req-2acb8b1b-61c1-4a45-9ee4-72361ae8f92b req-eb2d4254-379b-44d4-8a60-b1e60ebe59e4 914dd4db0ab649508cf1033617215d38 4af2726539924833aacb935f2fbb1410 - - default default] 10.0.0.199 "GET /v2.0/extensions HTTP/1.1" status: 200 len: 16525 time: 0.0072629
2026-04-27 02:38:07.350 10 INFO neutron.wsgi [req-2acb8b1b-61c1-4a45-9ee4-72361ae8f92b req-fdf7a110-286a-484b-8344-7c3f84fd339c 8f4a0e6c347e4983846d856c47d85f0a 32b22917c452452a92db088bc3c4cad0 - - 3a79f97034744e4c8e2df7c686d86d1f 3a79f97034744e4c8e2df7c686d86d1f] 199.204.45.222 "GET /v2.0/ports/fc5eeedd-4c06-4691-acea-7e64664b25a7?fields=binding%3Avnic_type&fields=binding%3Aprofile&fields=network_id&fields=resource_request&fields=numa_affinity_policy&fields=device_profile HTTP/1.1" status: 200 len: 335 time: 0.0336127
2026-04-27 02:38:07.413 10 INFO neutron.wsgi [req-2acb8b1b-61c1-4a45-9ee4-72361ae8f92b req-c69f0dff-c3ad-4d87-81f9-2d677528128f 8f4a0e6c347e4983846d856c47d85f0a 32b22917c452452a92db088bc3c4cad0 - - 3a79f97034744e4c8e2df7c686d86d1f 3a79f97034744e4c8e2df7c686d86d1f] 199.204.45.222 "GET /v2.0/networks/f5d628b2-eeaf-4f90-b327-9c30427aed9d?fields=segments HTTP/1.1" status: 200 len: 212 time: 0.0554101
2026-04-27 02:38:07.480 10 INFO neutron.wsgi [req-2acb8b1b-61c1-4a45-9ee4-72361ae8f92b req-982296ce-e889-4dd6-85f3-f5c6ff5e3448 8f4a0e6c347e4983846d856c47d85f0a 32b22917c452452a92db088bc3c4cad0 - - 3a79f97034744e4c8e2df7c686d86d1f 3a79f97034744e4c8e2df7c686d86d1f] 199.204.45.222 "GET /v2.0/networks/f5d628b2-eeaf-4f90-b327-9c30427aed9d?fields=provider%3Aphysical_network&fields=provider%3Anetwork_type HTTP/1.1" status: 200 len: 277 time: 0.0598149
2026-04-27 02:38:07.531 10 INFO neutron.wsgi [req-2acb8b1b-61c1-4a45-9ee4-72361ae8f92b req-ce693290-e445-401e-9aaa-d1d8e08acdd7 8f4a0e6c347e4983846d856c47d85f0a 32b22917c452452a92db088bc3c4cad0 - - 3a79f97034744e4c8e2df7c686d86d1f 3a79f97034744e4c8e2df7c686d86d1f] 199.204.45.222 "GET /v2.0/ports/fc5eeedd-4c06-4691-acea-7e64664b25a7 HTTP/1.1" status: 200 len: 1297 time: 0.0296443
2026-04-27 02:38:07.599 10 INFO neutron.wsgi [req-2acb8b1b-61c1-4a45-9ee4-72361ae8f92b req-b478541c-4f16-4e58-8308-1799f340f97a 914dd4db0ab649508cf1033617215d38 4af2726539924833aacb935f2fbb1410 - - default default] 199.204.45.222 "GET /v2.0/networks?id=f5d628b2-eeaf-4f90-b327-9c30427aed9d HTTP/1.1" status: 200 len: 1005 time: 0.0617511
2026-04-27 02:38:08.270 10 INFO neutron.db.ovn_revision_numbers_db [req-2acb8b1b-61c1-4a45-9ee4-72361ae8f92b req-20c22c21-1f70-41be-b900-a0afb8bc65f8 8f4a0e6c347e4983846d856c47d85f0a 32b22917c452452a92db088bc3c4cad0 - - 3a79f97034744e4c8e2df7c686d86d1f 3a79f97034744e4c8e2df7c686d86d1f] Successfully bumped revision number for resource fc5eeedd-4c06-4691-acea-7e64664b25a7 (type: ports) to 2
2026-04-27 02:38:08.467 10 INFO neutron.db.ovn_revision_numbers_db [req-2acb8b1b-61c1-4a45-9ee4-72361ae8f92b req-20c22c21-1f70-41be-b900-a0afb8bc65f8 8f4a0e6c347e4983846d856c47d85f0a 32b22917c452452a92db088bc3c4cad0 - - 3a79f97034744e4c8e2df7c686d86d1f 3a79f97034744e4c8e2df7c686d86d1f] Successfully bumped revision number for resource fc5eeedd-4c06-4691-acea-7e64664b25a7 (type: ports) to 2
2026-04-27 02:38:08.483 10 INFO neutron.wsgi [req-2acb8b1b-61c1-4a45-9ee4-72361ae8f92b req-20c22c21-1f70-41be-b900-a0afb8bc65f8 8f4a0e6c347e4983846d856c47d85f0a 32b22917c452452a92db088bc3c4cad0 - - 3a79f97034744e4c8e2df7c686d86d1f 3a79f97034744e4c8e2df7c686d86d1f] 199.204.45.222 "PUT /v2.0/ports/fc5eeedd-4c06-4691-acea-7e64664b25a7 HTTP/1.1" status: 200 len: 1428 time: 0.8759558 /var/lib/openstack/lib/python3.10/site-packages/pycadf/identifier.py:71: UserWarning: Invalid uuid: neutron. To ensure interoperability, identifiers should be a valid uuid. warnings.warn(('Invalid uuid: %s. To ensure interoperability, '
2026-04-27 02:38:08.558 10 INFO neutron.wsgi [req-2acb8b1b-61c1-4a45-9ee4-72361ae8f92b req-82f0db22-3ee7-4287-886d-cb161e260ae3 8f4a0e6c347e4983846d856c47d85f0a 32b22917c452452a92db088bc3c4cad0 - - 3a79f97034744e4c8e2df7c686d86d1f 3a79f97034744e4c8e2df7c686d86d1f] 199.204.45.222 "GET /v2.0/ports?tenant_id=4af2726539924833aacb935f2fbb1410&device_id=483b565d-7f45-4a4f-a4ba-b6e8296539dd HTTP/1.1" status: 200 len: 2665 time: 0.0367141
2026-04-27 02:38:08.597 10 INFO neutron.notifiers.nova [-] Nova event matching ['req-32b2824d-6881-4b72-a69f-e9f580646e52'] response: {'name': 'network-changed', 'server_uuid': '483b565d-7f45-4a4f-a4ba-b6e8296539dd', 'tag': 'fc5eeedd-4c06-4691-acea-7e64664b25a7', 'status': 'completed', 'code': 200}
2026-04-27 02:38:08.599 10 INFO neutron.wsgi [req-2acb8b1b-61c1-4a45-9ee4-72361ae8f92b req-1ea04bf2-0401-4946-a2eb-76e8bb83e1a1 8f4a0e6c347e4983846d856c47d85f0a 32b22917c452452a92db088bc3c4cad0 - - 3a79f97034744e4c8e2df7c686d86d1f 3a79f97034744e4c8e2df7c686d86d1f] 199.204.45.222 "GET /v2.0/floatingips?fixed_ip_address=172.24.0.149&port_id=f1db4c4c-7e92-4688-961d-9b71b618831b HTTP/1.1" status: 200 len: 217 time: 0.0335715
2026-04-27 02:38:08.633 10 INFO neutron.wsgi [req-2acb8b1b-61c1-4a45-9ee4-72361ae8f92b req-0358d361-ebcb-4336-81c3-91b08c208937 8f4a0e6c347e4983846d856c47d85f0a 32b22917c452452a92db088bc3c4cad0 - - 3a79f97034744e4c8e2df7c686d86d1f 3a79f97034744e4c8e2df7c686d86d1f] 199.204.45.222 "GET /v2.0/subnets?id=29783181-c500-4657-9f68-6c940a42654f HTTP/1.1" status: 200 len: 829 time: 0.0303154
2026-04-27 02:38:08.663 10 INFO neutron.wsgi [req-2acb8b1b-61c1-4a45-9ee4-72361ae8f92b req-d7756593-3c1b-4c0f-aa02-5ef366d6d847 8f4a0e6c347e4983846d856c47d85f0a 32b22917c452452a92db088bc3c4cad0 - - 3a79f97034744e4c8e2df7c686d86d1f 3a79f97034744e4c8e2df7c686d86d1f] 199.204.45.222 "GET /v2.0/ports?network_id=0e784f22-2354-425e-a5f8-8ee902e334cc&device_owner=network%3Adhcp HTTP/1.1" status: 200 len: 210 time: 0.0211995
2026-04-27 02:38:08.729 10 INFO neutron.wsgi [req-2acb8b1b-61c1-4a45-9ee4-72361ae8f92b req-96df737d-b7b1-401c-905c-3e9d437913fa 8f4a0e6c347e4983846d856c47d85f0a 32b22917c452452a92db088bc3c4cad0 - - 3a79f97034744e4c8e2df7c686d86d1f 3a79f97034744e4c8e2df7c686d86d1f] 199.204.45.222 "GET /v2.0/networks/0e784f22-2354-425e-a5f8-8ee902e334cc?fields=segments HTTP/1.1" status: 200 len: 212 time: 0.0605931
2026-04-27 02:38:08.799 10 INFO neutron.wsgi [req-2acb8b1b-61c1-4a45-9ee4-72361ae8f92b req-80d7b1ca-8eda-4bca-b3e3-9fa30335abd1 8f4a0e6c347e4983846d856c47d85f0a 32b22917c452452a92db088bc3c4cad0 - - 3a79f97034744e4c8e2df7c686d86d1f 3a79f97034744e4c8e2df7c686d86d1f] 199.204.45.222 "GET /v2.0/networks/0e784f22-2354-425e-a5f8-8ee902e334cc?fields=provider%3Aphysical_network&fields=provider%3Anetwork_type HTTP/1.1" status: 200 len: 277 time: 0.0623980
2026-04-27 02:38:08.830 10 INFO neutron.wsgi [req-2acb8b1b-61c1-4a45-9ee4-72361ae8f92b req-a2e12d62-e763-4675-89ce-7d3ab35f6250 8f4a0e6c347e4983846d856c47d85f0a 32b22917c452452a92db088bc3c4cad0 - - 3a79f97034744e4c8e2df7c686d86d1f 3a79f97034744e4c8e2df7c686d86d1f] 199.204.45.222 "GET /v2.0/floatingips?fixed_ip_address=10.1.1.225&port_id=fc5eeedd-4c06-4691-acea-7e64664b25a7 HTTP/1.1" status: 200 len: 217 time: 0.0231218
2026-04-27 02:38:08.871 10 INFO neutron.wsgi [req-2acb8b1b-61c1-4a45-9ee4-72361ae8f92b req-87ca06bb-efa6-4ae0-be02-9a331e3c5a9b 8f4a0e6c347e4983846d856c47d85f0a 32b22917c452452a92db088bc3c4cad0 - - 3a79f97034744e4c8e2df7c686d86d1f 3a79f97034744e4c8e2df7c686d86d1f] 199.204.45.222 "GET /v2.0/subnets?id=e80a33f3-3376-4488-92bc-e597be8a5a92 HTTP/1.1" status: 200 len: 854 time: 0.0329897
2026-04-27 02:38:08.904 10 INFO neutron.wsgi [req-2acb8b1b-61c1-4a45-9ee4-72361ae8f92b req-13b0cf45-a002-4e96-ae4a-ffba20bd16b7 8f4a0e6c347e4983846d856c47d85f0a 32b22917c452452a92db088bc3c4cad0 - - 3a79f97034744e4c8e2df7c686d86d1f 3a79f97034744e4c8e2df7c686d86d1f] 199.204.45.222 "GET /v2.0/ports?network_id=f5d628b2-eeaf-4f90-b327-9c30427aed9d&device_owner=network%3Adhcp HTTP/1.1" status: 200 len: 210 time: 0.0263255
2026-04-27 02:38:08.973 10 INFO neutron.wsgi [req-2acb8b1b-61c1-4a45-9ee4-72361ae8f92b req-f44bf227-9cd0-4bb1-9a5c-ed3ae707c740 8f4a0e6c347e4983846d856c47d85f0a 32b22917c452452a92db088bc3c4cad0 - - 3a79f97034744e4c8e2df7c686d86d1f 3a79f97034744e4c8e2df7c686d86d1f] 199.204.45.222 "GET /v2.0/networks/f5d628b2-eeaf-4f90-b327-9c30427aed9d?fields=segments HTTP/1.1" status: 200 len: 212 time: 0.0611780
2026-04-27 02:38:09.044 10 INFO neutron.wsgi [req-2acb8b1b-61c1-4a45-9ee4-72361ae8f92b req-a34611dc-4353-49f4-b676-14df3f59f645 8f4a0e6c347e4983846d856c47d85f0a 32b22917c452452a92db088bc3c4cad0 - - 3a79f97034744e4c8e2df7c686d86d1f 3a79f97034744e4c8e2df7c686d86d1f] 199.204.45.222 "GET /v2.0/networks/f5d628b2-eeaf-4f90-b327-9c30427aed9d?fields=provider%3Aphysical_network&fields=provider%3Anetwork_type HTTP/1.1" status: 200 len: 277 time: 0.0643108
2026-04-27 02:38:09.143 10 INFO neutron.wsgi [req-aa8c9346-1f83-4ecc-a19a-1fb04af94bdf req-ab7d71b8-feba-414f-9d9c-2b9a7becabcc 8f4a0e6c347e4983846d856c47d85f0a 32b22917c452452a92db088bc3c4cad0 - - 3a79f97034744e4c8e2df7c686d86d1f 3a79f97034744e4c8e2df7c686d86d1f] 199.204.45.222 "GET /v2.0/ports?tenant_id=4af2726539924833aacb935f2fbb1410&device_id=483b565d-7f45-4a4f-a4ba-b6e8296539dd HTTP/1.1" status: 200 len: 2665 time: 0.0522635
2026-04-27 02:38:09.158 9 INFO neutron.plugins.ml2.drivers.ovn.mech_driver.mech_driver [None req-af2f02a5-7065-4c20-86e0-f187760070a0 - - - - - -] OVN reports status up for port: fc5eeedd-4c06-4691-acea-7e64664b25a7
2026-04-27 02:38:09.187 9 INFO neutron.plugins.ml2.plugin [None req-af2f02a5-7065-4c20-86e0-f187760070a0 - - - - - -] Attempt 1 to provision port fc5eeedd-4c06-4691-acea-7e64664b25a7
2026-04-27 02:38:09.259 10 INFO neutron.wsgi [req-aa8c9346-1f83-4ecc-a19a-1fb04af94bdf req-fd1eaead-3010-4c47-9068-82f3978b772d 8f4a0e6c347e4983846d856c47d85f0a 32b22917c452452a92db088bc3c4cad0 - - 3a79f97034744e4c8e2df7c686d86d1f 3a79f97034744e4c8e2df7c686d86d1f] 199.204.45.222 "GET /v2.0/networks?id=f5d628b2-eeaf-4f90-b327-9c30427aed9d HTTP/1.1" status: 200 len: 1005 time: 0.1110778
2026-04-27 02:38:09.297 10 INFO neutron.wsgi [req-aa8c9346-1f83-4ecc-a19a-1fb04af94bdf req-b5af82e7-44a5-42a1-8a80-958905cfbfef 8f4a0e6c347e4983846d856c47d85f0a 32b22917c452452a92db088bc3c4cad0 - - 3a79f97034744e4c8e2df7c686d86d1f 3a79f97034744e4c8e2df7c686d86d1f] 199.204.45.222 "GET /v2.0/floatingips?fixed_ip_address=10.1.1.225&port_id=fc5eeedd-4c06-4691-acea-7e64664b25a7 HTTP/1.1" status: 200 len: 217 time: 0.0300698
2026-04-27 02:38:09.345 10 INFO neutron.wsgi [req-aa8c9346-1f83-4ecc-a19a-1fb04af94bdf req-95dde1ba-928a-4ea9-9dba-d8686327263c 8f4a0e6c347e4983846d856c47d85f0a 32b22917c452452a92db088bc3c4cad0 - - 3a79f97034744e4c8e2df7c686d86d1f 3a79f97034744e4c8e2df7c686d86d1f] 199.204.45.222 "GET /v2.0/subnets?id=e80a33f3-3376-4488-92bc-e597be8a5a92 HTTP/1.1" status: 200 len: 854 time: 0.0425131
2026-04-27 02:38:09.369 9 INFO neutron.wsgi [req-2acb8b1b-61c1-4a45-9ee4-72361ae8f92b req-d88b573e-8533-427a-a946-8dc18daaa9e4 914dd4db0ab649508cf1033617215d38 4af2726539924833aacb935f2fbb1410 - - default default] 10.0.0.199 "GET /v2.0/ports/fc5eeedd-4c06-4691-acea-7e64664b25a7 HTTP/1.1" status: 200 len: 1458 time: 0.0434248
2026-04-27 02:38:09.371 10 INFO neutron.wsgi [req-aa8c9346-1f83-4ecc-a19a-1fb04af94bdf req-1a3c815d-c482-4afe-8763-f566e8188ea8 8f4a0e6c347e4983846d856c47d85f0a 32b22917c452452a92db088bc3c4cad0 - - 3a79f97034744e4c8e2df7c686d86d1f 3a79f97034744e4c8e2df7c686d86d1f] 199.204.45.222 "GET /v2.0/ports?network_id=f5d628b2-eeaf-4f90-b327-9c30427aed9d&device_owner=network%3Adhcp HTTP/1.1" status: 200 len: 210 time: 0.0220177
2026-04-27 02:38:09.401 9 INFO neutron.notifiers.nova [-] Nova event matching ['req-b2a163f3-ba2e-462c-8945-3218291b33ef'] response: {'server_uuid': '483b565d-7f45-4a4f-a4ba-b6e8296539dd', 'name': 'network-vif-plugged', 'status': 'completed', 'tag': 'fc5eeedd-4c06-4691-acea-7e64664b25a7', 'code': 200}
2026-04-27 02:38:09.434 10 INFO neutron.wsgi [req-aa8c9346-1f83-4ecc-a19a-1fb04af94bdf req-ecc2990c-61cf-4ad4-93ca-8f5eb458915f 8f4a0e6c347e4983846d856c47d85f0a 32b22917c452452a92db088bc3c4cad0 - - 3a79f97034744e4c8e2df7c686d86d1f 3a79f97034744e4c8e2df7c686d86d1f] 199.204.45.222 "GET /v2.0/networks/f5d628b2-eeaf-4f90-b327-9c30427aed9d?fields=segments HTTP/1.1" status: 200 len: 212 time: 0.0575025
2026-04-27 02:38:09.518 10 INFO neutron.wsgi [req-aa8c9346-1f83-4ecc-a19a-1fb04af94bdf req-269ec64f-4a37-4f30-8440-faaebe7da3de 8f4a0e6c347e4983846d856c47d85f0a 32b22917c452452a92db088bc3c4cad0 - - 3a79f97034744e4c8e2df7c686d86d1f 3a79f97034744e4c8e2df7c686d86d1f] 199.204.45.222 "GET /v2.0/networks/f5d628b2-eeaf-4f90-b327-9c30427aed9d?fields=provider%3Aphysical_network&fields=provider%3Anetwork_type HTTP/1.1" status: 200 len: 277 time: 0.0790288
2026-04-27 02:38:09.547 9 INFO neutron.db.ovn_revision_numbers_db [None req-af2f02a5-7065-4c20-86e0-f187760070a0 - - - - - -] Successfully bumped revision number for resource fc5eeedd-4c06-4691-acea-7e64664b25a7 (type: ports) to 4
2026-04-27 02:38:09.795 9 INFO neutron.db.ovn_revision_numbers_db [None req-00566521-ff3d-4865-9371-f83c18a9c37c 914dd4db0ab649508cf1033617215d38 4af2726539924833aacb935f2fbb1410 - - default default] Successfully bumped revision number for resource fc5eeedd-4c06-4691-acea-7e64664b25a7 (type: ports) to 5
2026-04-27 02:38:09.802 9 INFO neutron.wsgi [None req-00566521-ff3d-4865-9371-f83c18a9c37c 914dd4db0ab649508cf1033617215d38 4af2726539924833aacb935f2fbb1410 - - default default] 199.204.45.222 "PUT /v2.0/ports/fc5eeedd-4c06-4691-acea-7e64664b25a7 HTTP/1.1" status: 200 len: 1491 time: 0.4204574 /var/lib/openstack/lib/python3.10/site-packages/pycadf/identifier.py:71: UserWarning: Invalid uuid: neutron. To ensure interoperability, identifiers should be a valid uuid. warnings.warn(('Invalid uuid: %s. To ensure interoperability, '
2026-04-27 02:38:09.836 9 INFO neutron.wsgi [None req-963807a1-7540-4750-911e-257fbf705bf6 914dd4db0ab649508cf1033617215d38 4af2726539924833aacb935f2fbb1410 - - default default] 199.204.45.222 "GET /v2.0/security-groups?name=lb-e58d123c-2b1b-4ad7-84ad-98e8acbca267 HTTP/1.1" status: 200 len: 1777 time: 0.0266340
2026-04-27 02:38:10.122 9 INFO neutron.db.ovn_revision_numbers_db [None req-b51b326b-7065-4cd1-ab3f-790014bc4bf0 914dd4db0ab649508cf1033617215d38 4af2726539924833aacb935f2fbb1410 - - default default] Successfully bumped revision number for resource fc5eeedd-4c06-4691-acea-7e64664b25a7 (type: ports) to 6
2026-04-27 02:38:10.133 9 INFO neutron.wsgi [None req-b51b326b-7065-4cd1-ab3f-790014bc4bf0 914dd4db0ab649508cf1033617215d38 4af2726539924833aacb935f2fbb1410 - - default default] 199.204.45.222 "PUT /v2.0/ports/fc5eeedd-4c06-4691-acea-7e64664b25a7 HTTP/1.1" status: 200 len: 1491 time: 0.2906628 /var/lib/openstack/lib/python3.10/site-packages/pycadf/identifier.py:71: UserWarning: Invalid uuid: neutron. To ensure interoperability, identifiers should be a valid uuid. warnings.warn(('Invalid uuid: %s. To ensure interoperability, '
2026-04-27 02:38:10.208 9 INFO neutron.wsgi [None req-bd7916e6-f71d-4caa-8ad0-9fc419165903 914dd4db0ab649508cf1033617215d38 4af2726539924833aacb935f2fbb1410 - - default default] 199.204.45.222 "GET /v2.0/extensions/security-group HTTP/1.1" status: 200 len: 369 time: 0.0086679
2026-04-27 02:38:10.218 9 INFO neutron.wsgi [None req-040cc956-9121-457b-9b5a-0d49eb11c3d7 914dd4db0ab649508cf1033617215d38 4af2726539924833aacb935f2fbb1410 - - default default] 199.204.45.222 "GET /v2.0/extensions/dns-integration HTTP/1.1" status: 200 len: 371 time: 0.0035827
2026-04-27 02:38:10.227 9 INFO neutron.wsgi [None req-23183f3a-2d10-41b2-9d2f-b343d3e574a2 914dd4db0ab649508cf1033617215d38 4af2726539924833aacb935f2fbb1410 - - default default] 199.204.45.222 "GET /v2.0/extensions/qos HTTP/1.1" status: 200 len: 365 time: 0.0046432
2026-04-27 02:38:10.237 9 INFO neutron.wsgi [None req-98c879c1-cd2e-4938-a044-3a36c265ed43 914dd4db0ab649508cf1033617215d38 4af2726539924833aacb935f2fbb1410 - - default default] 199.204.45.222 "GET /v2.0/extensions/allowed-address-pairs HTTP/1.1" status: 200 len: 383 time: 0.0056860
2026-04-27 02:38:10.271 9 INFO neutron.wsgi [None req-1d3a7b91-c2a8-45bd-9f14-8ba6cec16d13 914dd4db0ab649508cf1033617215d38 4af2726539924833aacb935f2fbb1410 - - default default] 199.204.45.222 "GET /v2.0/subnets/e80a33f3-3376-4488-92bc-e597be8a5a92 HTTP/1.1" status: 200 len: 851 time: 0.0278530
2026-04-27 02:38:10.305 9 INFO neutron.wsgi [None req-5746428b-df80-4580-8c4e-d05716dc04a6 914dd4db0ab649508cf1033617215d38 4af2726539924833aacb935f2fbb1410 - - default default] 199.204.45.222 "GET /v2.0/ports/d46d0455-fb22-4cae-ab79-260a34876468 HTTP/1.1" status: 200 len: 1332 time: 0.0280614
2026-04-27 02:38:10.339 9 INFO neutron.wsgi [None req-32cb506b-d0dc-4a6d-a0a3-cd353d65fc1e 914dd4db0ab649508cf1033617215d38 4af2726539924833aacb935f2fbb1410 - - default default] 199.204.45.222 "GET /v2.0/ports/fc5eeedd-4c06-4691-acea-7e64664b25a7 HTTP/1.1" status: 200 len: 1519 time: 0.0285175
2026-04-27 02:38:10.374 9 INFO neutron.wsgi [None req-5b698ad9-c0b0-4972-aa6c-579801ac97d4 914dd4db0ab649508cf1033617215d38 4af2726539924833aacb935f2fbb1410 - - default default] 199.204.45.222 "GET /v2.0/subnets/e80a33f3-3376-4488-92bc-e597be8a5a92 HTTP/1.1" status: 200 len: 851 time: 0.0300286
2026-04-27 02:38:10.432 9 INFO neutron.wsgi [None req-d3f70383-3a53-42ea-8e13-0ffa1a8853fa 914dd4db0ab649508cf1033617215d38 4af2726539924833aacb935f2fbb1410 - - default default] 199.204.45.222 "GET /v2.0/networks/f5d628b2-eeaf-4f90-b327-9c30427aed9d HTTP/1.1" status: 200 len: 1002 time: 0.0531898
2026-04-27 02:38:10.466 9 INFO neutron.wsgi [None req-89065fc8-7a54-4840-a321-0a8dc890e4b6 914dd4db0ab649508cf1033617215d38 4af2726539924833aacb935f2fbb1410 - - default default] 199.204.45.222 "GET /v2.0/ports/d46d0455-fb22-4cae-ab79-260a34876468 HTTP/1.1" status: 200 len: 1332 time: 0.0297740
2026-04-27 02:38:10.505 9 INFO neutron.wsgi [None req-4f169715-a89e-411d-900a-c36bca469f16 914dd4db0ab649508cf1033617215d38 4af2726539924833aacb935f2fbb1410 - - default default] 199.204.45.222 "GET /v2.0/subnets/e80a33f3-3376-4488-92bc-e597be8a5a92 HTTP/1.1" status: 200 len: 851 time: 0.0340819
2026-04-27 02:38:11.450 9 INFO neutron.notifiers.nova [-] Nova event matching ['req-19b5ae4e-c1ed-4aa7-9786-e9b7a46885d4'] response: {'server_uuid': '483b565d-7f45-4a4f-a4ba-b6e8296539dd', 'name': 'network-vif-plugged', 'status': 'completed', 'tag': 'fc5eeedd-4c06-4691-acea-7e64664b25a7', 'code': 200}
2026-04-27 02:38:11.451 9 INFO neutron.notifiers.nova [-] Nova event matching ['req-19b5ae4e-c1ed-4aa7-9786-e9b7a46885d4'] response: {'name': 'network-changed', 'server_uuid': '483b565d-7f45-4a4f-a4ba-b6e8296539dd', 'tag': 'fc5eeedd-4c06-4691-acea-7e64664b25a7', 'status': 'completed', 'code': 200}
2026-04-27 02:38:11.451 9 INFO neutron.notifiers.nova [-] Nova event matching ['req-19b5ae4e-c1ed-4aa7-9786-e9b7a46885d4'] response: {'name': 'network-changed', 'server_uuid': '483b565d-7f45-4a4f-a4ba-b6e8296539dd', 'tag': 'fc5eeedd-4c06-4691-acea-7e64664b25a7', 'status': 'completed', 'code': 200}
2026-04-27 02:38:11.508 10 INFO neutron.wsgi [req-4bc09817-d66e-4b7c-a25e-4682c8b1877d req-3329b7eb-04a6-45ec-a2fd-24438c29a7c2 8f4a0e6c347e4983846d856c47d85f0a 32b22917c452452a92db088bc3c4cad0 - - 3a79f97034744e4c8e2df7c686d86d1f 3a79f97034744e4c8e2df7c686d86d1f] 199.204.45.222 "GET /v2.0/ports?tenant_id=4af2726539924833aacb935f2fbb1410&device_id=483b565d-7f45-4a4f-a4ba-b6e8296539dd HTTP/1.1" status: 200 len: 2728 time: 0.0357008
2026-04-27 02:38:11.577 10 INFO neutron.wsgi [req-4bc09817-d66e-4b7c-a25e-4682c8b1877d req-6950f4e4-2e67-4993-9b8f-ca6b30ea88c1 8f4a0e6c347e4983846d856c47d85f0a 32b22917c452452a92db088bc3c4cad0 - - 3a79f97034744e4c8e2df7c686d86d1f 3a79f97034744e4c8e2df7c686d86d1f] 199.204.45.222 "GET /v2.0/networks?id=f5d628b2-eeaf-4f90-b327-9c30427aed9d HTTP/1.1" status: 200 len: 1005 time: 0.0635953
2026-04-27 02:38:11.608 10 INFO neutron.wsgi [req-4bc09817-d66e-4b7c-a25e-4682c8b1877d req-17b20942-131f-48a3-abdc-d027612e0832 8f4a0e6c347e4983846d856c47d85f0a 32b22917c452452a92db088bc3c4cad0 - - 3a79f97034744e4c8e2df7c686d86d1f 3a79f97034744e4c8e2df7c686d86d1f] 199.204.45.222 "GET /v2.0/floatingips?fixed_ip_address=10.1.1.225&port_id=fc5eeedd-4c06-4691-acea-7e64664b25a7 HTTP/1.1" status: 200 len: 217 time: 0.0236387
2026-04-27 02:38:11.656 10 INFO neutron.wsgi [req-4bc09817-d66e-4b7c-a25e-4682c8b1877d req-5ef8bc77-912e-47ba-bf37-057eedc51d53 8f4a0e6c347e4983846d856c47d85f0a 32b22917c452452a92db088bc3c4cad0 - - 3a79f97034744e4c8e2df7c686d86d1f 3a79f97034744e4c8e2df7c686d86d1f] 199.204.45.222 "GET /v2.0/subnets?id=e80a33f3-3376-4488-92bc-e597be8a5a92 HTTP/1.1" status: 200 len: 854 time: 0.0409455
2026-04-27 02:38:11.685 10 INFO neutron.wsgi [req-4bc09817-d66e-4b7c-a25e-4682c8b1877d req-491c8089-eba8-4f8a-aa7f-5a5004e795a6 8f4a0e6c347e4983846d856c47d85f0a 32b22917c452452a92db088bc3c4cad0 - - 3a79f97034744e4c8e2df7c686d86d1f 3a79f97034744e4c8e2df7c686d86d1f] 199.204.45.222 "GET /v2.0/ports?network_id=f5d628b2-eeaf-4f90-b327-9c30427aed9d&device_owner=network%3Adhcp HTTP/1.1" status: 200 len: 210 time: 0.0217073
2026-04-27 02:38:11.763 10 INFO neutron.wsgi [req-4bc09817-d66e-4b7c-a25e-4682c8b1877d req-e9a92e6b-02f1-4b36-8047-9cb82ab8bcbd 8f4a0e6c347e4983846d856c47d85f0a 32b22917c452452a92db088bc3c4cad0 - - 3a79f97034744e4c8e2df7c686d86d1f 3a79f97034744e4c8e2df7c686d86d1f] 199.204.45.222 "GET /v2.0/networks/f5d628b2-eeaf-4f90-b327-9c30427aed9d?fields=segments HTTP/1.1" status: 200 len: 212 time: 0.0704944
2026-04-27 02:38:11.831 10 INFO neutron.wsgi [req-4bc09817-d66e-4b7c-a25e-4682c8b1877d req-5b12b995-a030-4bd8-8652-7a71bc78b140 8f4a0e6c347e4983846d856c47d85f0a 32b22917c452452a92db088bc3c4cad0 - - 3a79f97034744e4c8e2df7c686d86d1f 3a79f97034744e4c8e2df7c686d86d1f] 199.204.45.222 "GET /v2.0/networks/f5d628b2-eeaf-4f90-b327-9c30427aed9d?fields=provider%3Aphysical_network&fields=provider%3Anetwork_type HTTP/1.1" status: 200 len: 277 time: 0.0630388
2026-04-27 02:38:11.919 10 INFO neutron.wsgi [req-4bc09817-d66e-4b7c-a25e-4682c8b1877d req-89ccec3c-0237-40be-b850-0fc9465dc178 8f4a0e6c347e4983846d856c47d85f0a 32b22917c452452a92db088bc3c4cad0 - - 3a79f97034744e4c8e2df7c686d86d1f 3a79f97034744e4c8e2df7c686d86d1f] 199.204.45.222 "GET /v2.0/ports?tenant_id=4af2726539924833aacb935f2fbb1410&device_id=483b565d-7f45-4a4f-a4ba-b6e8296539dd HTTP/1.1" status: 200 len: 2728 time: 0.0390079
2026-04-27 02:38:11.982 10 INFO neutron.wsgi [req-4bc09817-d66e-4b7c-a25e-4682c8b1877d req-4aec8786-015a-4fc2-94c5-1c09dfccb52c 8f4a0e6c347e4983846d856c47d85f0a 32b22917c452452a92db088bc3c4cad0 - - 3a79f97034744e4c8e2df7c686d86d1f 3a79f97034744e4c8e2df7c686d86d1f] 199.204.45.222 "GET /v2.0/networks?id=f5d628b2-eeaf-4f90-b327-9c30427aed9d HTTP/1.1" status: 200 len: 1005 time: 0.0533669
2026-04-27 02:38:12.012 10 INFO neutron.wsgi [req-4bc09817-d66e-4b7c-a25e-4682c8b1877d req-e8c943ca-a1e7-48be-8672-32c3f82e1ca9 8f4a0e6c347e4983846d856c47d85f0a 32b22917c452452a92db088bc3c4cad0 - - 3a79f97034744e4c8e2df7c686d86d1f 3a79f97034744e4c8e2df7c686d86d1f] 199.204.45.222 "GET /v2.0/floatingips?fixed_ip_address=10.1.1.225&port_id=fc5eeedd-4c06-4691-acea-7e64664b25a7 HTTP/1.1" status: 200 len: 217 time: 0.0237925
2026-04-27 02:38:12.057 10 INFO neutron.wsgi [req-4bc09817-d66e-4b7c-a25e-4682c8b1877d req-efd7dbf6-bfa9-4aa3-aca9-5c1f9c2dd373 8f4a0e6c347e4983846d856c47d85f0a 32b22917c452452a92db088bc3c4cad0 - - 3a79f97034744e4c8e2df7c686d86d1f 3a79f97034744e4c8e2df7c686d86d1f] 199.204.45.222 "GET /v2.0/subnets?id=e80a33f3-3376-4488-92bc-e597be8a5a92 HTTP/1.1" status: 200 len: 854 time: 0.0376468
2026-04-27 02:38:12.087 10 INFO neutron.wsgi [req-4bc09817-d66e-4b7c-a25e-4682c8b1877d req-8ed9b17d-0d26-4122-8949-c98c6850d911 8f4a0e6c347e4983846d856c47d85f0a 32b22917c452452a92db088bc3c4cad0 - - 3a79f97034744e4c8e2df7c686d86d1f 3a79f97034744e4c8e2df7c686d86d1f] 199.204.45.222 "GET /v2.0/ports?network_id=f5d628b2-eeaf-4f90-b327-9c30427aed9d&device_owner=network%3Adhcp HTTP/1.1" status: 200 len: 210 time: 0.0238404
2026-04-27 02:38:12.163 10 INFO neutron.wsgi [req-4bc09817-d66e-4b7c-a25e-4682c8b1877d req-c55612c1-69c6-4da5-8ed1-0c30d20cc93b 8f4a0e6c347e4983846d856c47d85f0a 32b22917c452452a92db088bc3c4cad0 - - 3a79f97034744e4c8e2df7c686d86d1f 3a79f97034744e4c8e2df7c686d86d1f] 199.204.45.222 "GET /v2.0/networks/f5d628b2-eeaf-4f90-b327-9c30427aed9d?fields=segments HTTP/1.1" status: 200 len: 212 time: 0.0678339
2026-04-27 02:38:12.241 10 INFO neutron.wsgi [req-4bc09817-d66e-4b7c-a25e-4682c8b1877d req-2692576c-5b9c-4b43-9ddb-6f6e38762491 8f4a0e6c347e4983846d856c47d85f0a 32b22917c452452a92db088bc3c4cad0 - - 3a79f97034744e4c8e2df7c686d86d1f 3a79f97034744e4c8e2df7c686d86d1f] 199.204.45.222 "GET /v2.0/networks/f5d628b2-eeaf-4f90-b327-9c30427aed9d?fields=provider%3Aphysical_network&fields=provider%3Anetwork_type HTTP/1.1" status: 200 len: 277 time: 0.0705640
2026-04-27 02:38:18.126 10 WARNING neutron.scheduler.dhcp_agent_scheduler [None req-e21de680-829e-4f56-b74a-db0be7b71b74 e21d3f5abd104c81a7f306a703e15e26 b444266e05934ff7bba1b91de57aba90 - - default default] No more DHCP agents
2026-04-27 02:38:18.129 10 WARNING neutron.api.rpc.agentnotifiers.dhcp_rpc_agent_api [None req-e21de680-829e-4f56-b74a-db0be7b71b74 e21d3f5abd104c81a7f306a703e15e26 b444266e05934ff7bba1b91de57aba90 - - default default] Unable to schedule network 41c2b178-ba8f-472c-bcd1-18379c61da8c: no agents available; will retry on subsequent port and subnet creation events.
2026-04-27 02:38:18.571 10 INFO neutron.db.l3_db [None req-e21de680-829e-4f56-b74a-db0be7b71b74 e21d3f5abd104c81a7f306a703e15e26 b444266e05934ff7bba1b91de57aba90 - - default default] Floating IP 9f624bfe-3a41-4aec-adf0-75175d7d8b3b associated. External IP: 10.96.250.208, port: d46d0455-fb22-4cae-ab79-260a34876468.
2026-04-27 02:38:18.790 10 INFO neutron.db.ovn_revision_numbers_db [None req-e21de680-829e-4f56-b74a-db0be7b71b74 e21d3f5abd104c81a7f306a703e15e26 b444266e05934ff7bba1b91de57aba90 - - default default] Successfully bumped revision number for resource 9f624bfe-3a41-4aec-adf0-75175d7d8b3b (type: floatingips) to 0
2026-04-27 02:38:18.913 10 INFO neutron.db.ovn_revision_numbers_db [None req-e21de680-829e-4f56-b74a-db0be7b71b74 e21d3f5abd104c81a7f306a703e15e26 b444266e05934ff7bba1b91de57aba90 - - default default] Successfully bumped revision number for resource 9f624bfe-3a41-4aec-adf0-75175d7d8b3b (type: floatingips) to 1
2026-04-27 02:38:18.947 10 INFO neutron.wsgi [None req-e21de680-829e-4f56-b74a-db0be7b71b74 e21d3f5abd104c81a7f306a703e15e26 b444266e05934ff7bba1b91de57aba90 - - default default] 10.0.0.133 "POST /v2.0/floatingips HTTP/1.1" status: 201 len: 1098 time: 1.1070220
2026-04-27 02:38:21.456 9 INFO neutron.wsgi [-] 10.0.0.106 "GET / HTTP/1.1" status: 200 len: 247 time: 0.0021689
2026-04-27 02:38:21.457 10 INFO neutron.wsgi [-] 10.0.0.106 "GET / HTTP/1.1" status: 200 len: 247 time: 0.0031860
2026-04-27 02:38:22.148 10 INFO neutron.db.ovn_revision_numbers_db [None req-16c9679b-15c8-4df1-a841-d2ec4ae71ffc - - - - - -] Successfully bumped revision number for resource d46d0455-fb22-4cae-ab79-260a34876468 (type: ports) to 4
2026-04-27 02:38:22.516 9 INFO neutron.wsgi [None req-db588d3f-3137-4a3d-a19b-84c5441c18c8 914dd4db0ab649508cf1033617215d38 4af2726539924833aacb935f2fbb1410 - - default default] 199.204.45.222 "GET /v2.0/extensions/security-group HTTP/1.1" status: 200 len: 369 time: 0.0515866
2026-04-27 02:38:22.531 9 INFO neutron.wsgi [None req-1e9453ad-4edb-4349-a012-443d484501db 914dd4db0ab649508cf1033617215d38 4af2726539924833aacb935f2fbb1410 - - default default] 199.204.45.222 "GET /v2.0/extensions/dns-integration HTTP/1.1" status: 200 len: 371 time: 0.0093498
2026-04-27 02:38:22.538 9 INFO neutron.wsgi [None req-0025f33b-0037-4127-aa85-5c4c3d0a9bbd 914dd4db0ab649508cf1033617215d38 4af2726539924833aacb935f2fbb1410 - - default default] 199.204.45.222 "GET /v2.0/extensions/qos HTTP/1.1" status: 200 len: 365 time: 0.0036724
2026-04-27 02:38:22.550 9 INFO neutron.wsgi [None req-46e8b46a-d4aa-4d9c-a8c2-003904c08c13 914dd4db0ab649508cf1033617215d38 4af2726539924833aacb935f2fbb1410 - - default default] 199.204.45.222 "GET /v2.0/extensions/allowed-address-pairs HTTP/1.1" status: 200 len: 383 time: 0.0041966
2026-04-27 02:38:22.697 9 INFO neutron.wsgi [None req-65808ca9-74c3-45f5-b0b7-9baa553a4531 914dd4db0ab649508cf1033617215d38 4af2726539924833aacb935f2fbb1410 - - default default] 199.204.45.222 "GET /v2.0/security-groups?name=lb-e58d123c-2b1b-4ad7-84ad-98e8acbca267 HTTP/1.1" status: 200 len: 1777 time: 0.0385525
2026-04-27 02:38:22.732 9 INFO neutron.wsgi [None req-cd92d617-6e61-4082-91c4-5399b0077ac7 914dd4db0ab649508cf1033617215d38 4af2726539924833aacb935f2fbb1410 - - default default] 199.204.45.222 "GET /v2.0/security-group-rules?security_group_id=daa01209-2403-43b3-877a-f85cc63d261f HTTP/1.1" status: 200 len: 1318 time: 0.0283189
2026-04-27 02:38:22.876 9 INFO neutron.db.ovn_revision_numbers_db [None req-86a63e1a-4644-41b7-9be2-4ada7455dd4e 914dd4db0ab649508cf1033617215d38 4af2726539924833aacb935f2fbb1410 - - default default] Successfully bumped revision number for resource 7f4a48f3-afa7-41ff-9dff-ecaeda06c959 (type: security_group_rules) to 0
2026-04-27 02:38:22.922 9 INFO neutron.wsgi [None req-86a63e1a-4644-41b7-9be2-4ada7455dd4e 914dd4db0ab649508cf1033617215d38 4af2726539924833aacb935f2fbb1410 - - default default] 199.204.45.222 "POST /v2.0/security-group-rules HTTP/1.1" status: 201 len: 769 time: 0.1853511
2026-04-27 02:38:23.052 9 INFO neutron.db.ovn_revision_numbers_db [None req-14fb5ace-19dc-48f2-8e66-dec78063a6af 914dd4db0ab649508cf1033617215d38 4af2726539924833aacb935f2fbb1410 - - default default] Successfully bumped revision number for resource 8cf8a675-1f83-4700-abc7-5d704f65f550 (type: security_group_rules) to 0
2026-04-27 02:38:23.077 9 INFO neutron.wsgi [None req-14fb5ace-19dc-48f2-8e66-dec78063a6af 914dd4db0ab649508cf1033617215d38 4af2726539924833aacb935f2fbb1410 - - default default] 199.204.45.222 "POST /v2.0/security-group-rules HTTP/1.1" status: 201 len: 773 time: 0.1484361 /var/lib/openstack/lib/python3.10/site-packages/pycadf/identifier.py:71: UserWarning: Invalid uuid: neutron. To ensure interoperability, identifiers should be a valid uuid. warnings.warn(('Invalid uuid: %s. To ensure interoperability, '
2026-04-27 02:38:25.304 10 INFO neutron.wsgi [None req-3b379563-a1be-4ca6-afca-6821d2994870 914dd4db0ab649508cf1033617215d38 4af2726539924833aacb935f2fbb1410 - - default default] 10.0.0.94 "GET /v2.0/networks HTTP/1.1" status: 200 len: 4720 time: 0.1274118
2026-04-27 02:38:25.349 10 INFO neutron.wsgi [None req-ecd07f38-2416-42b0-bd41-c55ac146f2c0 914dd4db0ab649508cf1033617215d38 4af2726539924833aacb935f2fbb1410 - - default default] 10.0.0.94 "GET /v2.0/subnets HTTP/1.1" status: 200 len: 5494 time: 0.0399191
2026-04-27 02:38:25.396 10 INFO neutron.wsgi [None req-8abc46ff-c848-4619-966b-491c92ed7d80 914dd4db0ab649508cf1033617215d38 4af2726539924833aacb935f2fbb1410 - - default default] 10.0.0.94 "GET /v2.0/floatingips HTTP/1.1" status: 200 len: 2766 time: 0.0444572
2026-04-27 02:38:25.460 10 INFO neutron.wsgi [None req-51ea62db-c6d5-4031-9ec3-eca988c8f48d 914dd4db0ab649508cf1033617215d38 4af2726539924833aacb935f2fbb1410 - - default default] 10.0.0.94 "GET /v2.0/security-groups HTTP/1.1" status: 200 len: 30244 time: 0.0626888
