2026-04-27 02:32:50.626 10 INFO neutron.wsgi [req-7a5eb58b-11a9-461d-8c3f-a8ad75cc71df req-a0a2ed32-d673-4aa3-8280-38900d82b882 6f496ba2032947818d965156394145b4 01824bc50ce84eae95fd1a9e102a65c1 - - default default] 199.204.45.222 "POST /v2.0/ports HTTP/1.1" status: 201 len: 1162 time: 0.8345888
2026-04-27 02:32:50.764 9 INFO neutron.wsgi [None req-e59d75de-5910-4889-ac40-38ce28a60e07 914dd4db0ab649508cf1033617215d38 4af2726539924833aacb935f2fbb1410 - - default default] 10.0.0.133 "PUT /v2.0/routers/c5b8d5e4-a10a-4abf-bd97-99f42f838a0b/remove_router_interface HTTP/1.1" status: 200 len: 503 time: 1.5168509 /var/lib/openstack/lib/python3.10/site-packages/pycadf/identifier.py:71: UserWarning: Invalid uuid: neutron. To ensure interoperability, identifiers should be a valid uuid. warnings.warn(('Invalid uuid: %s. To ensure interoperability, '
2026-04-27 02:32:51.067 10 INFO neutron.wsgi [req-f62235d8-f50c-4617-bcfa-ae6861784801 req-18aa5fb9-81b3-4e6d-a9fb-1a5985fe863a 6f496ba2032947818d965156394145b4 01824bc50ce84eae95fd1a9e102a65c1 - - default default] 10.0.0.199 "GET /v2.0/ports?device_id=fc3ee658-4556-41db-9755-bc951806afca HTTP/1.1" status: 200 len: 1160 time: 0.0600610
2026-04-27 02:32:51.167 10 INFO neutron.wsgi [req-f62235d8-f50c-4617-bcfa-ae6861784801 req-bda500e1-440d-45fb-8f32-53690d88a696 6f496ba2032947818d965156394145b4 01824bc50ce84eae95fd1a9e102a65c1 - - default default] 10.0.0.199 "GET /v2.0/security-groups?id=e46032ca-3112-4682-9ea9-4398d947bf08&fields=id&fields=name HTTP/1.1" status: 200 len: 312 time: 0.0904615
2026-04-27 02:32:51.276 10 WARNING neutron.scheduler.dhcp_agent_scheduler [None req-999271da-e4be-4077-bba2-0540b9f84347 27a3cdd003644dbf8a573684b2148d96 ec91e7349a0f41d0bf6ceae2638aac4e - - default default] No more DHCP agents
2026-04-27 02:32:51.278 10 WARNING neutron.api.rpc.agentnotifiers.dhcp_rpc_agent_api [None req-999271da-e4be-4077-bba2-0540b9f84347 27a3cdd003644dbf8a573684b2148d96 ec91e7349a0f41d0bf6ceae2638aac4e - - default default] Unable to schedule network 41c2b178-ba8f-472c-bcd1-18379c61da8c: no agents available; will retry on subsequent port and subnet creation events.
2026-04-27 02:32:51.381 10 WARNING neutron.plugins.ml2.drivers.ovn.mech_driver.ovsdb.ovn_client [None req-47a401a3-1ba8-47e9-990a-f89907c2c9fb - - - - - -] No hosting information found for port 78908b5f-50d3-43b1-9aec-dc7ae00050df: RuntimeError: No hosting information found for port 78908b5f-50d3-43b1-9aec-dc7ae00050df
2026-04-27 02:32:51.393 9 INFO neutron.wsgi [None req-01a1dd97-4782-47e9-9be1-73b64015b3e2 914dd4db0ab649508cf1033617215d38 4af2726539924833aacb935f2fbb1410 - - default default] 10.0.0.133 "DELETE /v2.0/routers/c5b8d5e4-a10a-4abf-bd97-99f42f838a0b HTTP/1.1" status: 204 len: 168 time: 0.6234436
2026-04-27 02:32:51.406 10 INFO neutron.plugins.ml2.drivers.ovn.mech_driver.mech_driver [None req-47a401a3-1ba8-47e9-990a-f89907c2c9fb - - - - - -] OVN reports status down for port: e8427fda-3db5-4da6-9635-6742dd09236d
2026-04-27 02:32:51.461 9 INFO neutron.wsgi [-] 10.0.0.106 "GET / HTTP/1.1" status: 200 len: 247 time: 0.0017266
2026-04-27 02:32:51.463 9 INFO neutron.wsgi [-] 10.0.0.106 "GET / HTTP/1.1" status: 200 len: 247 time: 0.0015476
2026-04-27 02:32:51.493 10 INFO neutron.plugins.ml2.drivers.ovn.mech_driver.mech_driver [None req-47a401a3-1ba8-47e9-990a-f89907c2c9fb - - - - - -] OVN reports status up for port: b0d7ae8f-53b7-42d8-864a-2f86cab4d743
2026-04-27 02:32:51.541 10 INFO neutron.plugins.ml2.plugin [None req-47a401a3-1ba8-47e9-990a-f89907c2c9fb - - - - - -] Attempt 1 to provision port b0d7ae8f-53b7-42d8-864a-2f86cab4d743
2026-04-27 02:32:51.574 10 INFO neutron.wsgi [None req-e3a3489f-d6b4-4b6e-981a-bc4d25ad03ad 914dd4db0ab649508cf1033617215d38 4af2726539924833aacb935f2fbb1410 - - default default] 10.0.0.133 "DELETE /v2.0/routers/ea87c826-600d-4104-b079-d886056a679b HTTP/1.1" status: 204 len: 168 time: 1.2535965
2026-04-27 02:32:51.632 10 INFO neutron.db.ovn_revision_numbers_db [req-7a5eb58b-11a9-461d-8c3f-a8ad75cc71df req-f935f6ba-68cb-48d3-8bcc-7cb8b74f28f6 8f4a0e6c347e4983846d856c47d85f0a 32b22917c452452a92db088bc3c4cad0 - - 3a79f97034744e4c8e2df7c686d86d1f 3a79f97034744e4c8e2df7c686d86d1f] Successfully bumped revision number for resource 56d02610-33b0-42c3-9bc0-6a0ec2dd8d27 (type: ports) to 2
2026-04-27 02:32:51.661 9 INFO neutron.wsgi [None req-22452329-f55a-40d3-86fc-de67630f1233 914dd4db0ab649508cf1033617215d38 4af2726539924833aacb935f2fbb1410 - - default default] 10.0.0.133 "DELETE /v2.0/subnets/0473eff2-a8ac-4ce8-aa82-12d2f0e2fb18 HTTP/1.1" status: 204 len: 168 time: 0.2622519 /var/lib/openstack/lib/python3.10/site-packages/pycadf/identifier.py:71: UserWarning: Invalid uuid: neutron. To ensure interoperability, identifiers should be a valid uuid. warnings.warn(('Invalid uuid: %s. To ensure interoperability, '
2026-04-27 02:32:51.696 10 INFO neutron.plugins.ml2.drivers.ovn.mech_driver.mech_driver [None req-47a401a3-1ba8-47e9-990a-f89907c2c9fb - - - - - -] OVN reports status up for port: 5e85098e-ad66-4445-81ec-d110d51b0ab9
2026-04-27 02:32:51.727 10 INFO neutron.plugins.ml2.plugin [None req-47a401a3-1ba8-47e9-990a-f89907c2c9fb - - - - - -] Attempt 1 to provision port 5e85098e-ad66-4445-81ec-d110d51b0ab9
2026-04-27 02:32:51.768 9 INFO neutron.wsgi [None req-67ce92b4-ab3d-4c36-8ee8-4152a5251f6d 914dd4db0ab649508cf1033617215d38 4af2726539924833aacb935f2fbb1410 - - default default] 10.0.0.133 "DELETE /v2.0/subnets/2df24356-104a-4575-abab-8cabf02b386f HTTP/1.1" status: 204 len: 168 time: 0.1889834
2026-04-27 02:32:51.897 10 INFO neutron.db.ovn_revision_numbers_db [None req-999271da-e4be-4077-bba2-0540b9f84347 27a3cdd003644dbf8a573684b2148d96 ec91e7349a0f41d0bf6ceae2638aac4e - - default default] Successfully bumped revision number for resource 954c8fbb-3b97-49bf-b4a1-1db4a2ec5280 (type: floatingips) to 0
2026-04-27 02:32:51.928 10 INFO neutron.wsgi [None req-999271da-e4be-4077-bba2-0540b9f84347 27a3cdd003644dbf8a573684b2148d96 ec91e7349a0f41d0bf6ceae2638aac4e - - default default] 10.0.0.133 "POST /v2.0/floatingips HTTP/1.1" status: 201 len: 751 time: 1.3105602
2026-04-27 02:32:52.089 10 INFO neutron.db.ovn_revision_numbers_db [req-7a5eb58b-11a9-461d-8c3f-a8ad75cc71df req-f935f6ba-68cb-48d3-8bcc-7cb8b74f28f6 8f4a0e6c347e4983846d856c47d85f0a 32b22917c452452a92db088bc3c4cad0 - - 3a79f97034744e4c8e2df7c686d86d1f 3a79f97034744e4c8e2df7c686d86d1f] Successfully bumped revision number for resource 56d02610-33b0-42c3-9bc0-6a0ec2dd8d27 (type: ports) to 2
2026-04-27 02:32:52.128 9 INFO neutron.services.segments.plugin [-] Segment 73e1506f-460c-4f1f-849d-9c26ab14c54a resource provider aggregate not found
2026-04-27 02:32:52.132 10 INFO neutron.wsgi [req-7a5eb58b-11a9-461d-8c3f-a8ad75cc71df req-f935f6ba-68cb-48d3-8bcc-7cb8b74f28f6 8f4a0e6c347e4983846d856c47d85f0a 32b22917c452452a92db088bc3c4cad0 - - 3a79f97034744e4c8e2df7c686d86d1f 3a79f97034744e4c8e2df7c686d86d1f] 199.204.45.222 "PUT /v2.0/ports/56d02610-33b0-42c3-9bc0-6a0ec2dd8d27 HTTP/1.1" status: 200 len: 1380 time: 1.4993136
2026-04-27 02:32:52.136 9 INFO neutron.services.segments.plugin [-] Segment 73e1506f-460c-4f1f-849d-9c26ab14c54a resource provider aggregate not found
2026-04-27 02:32:52.148 9 INFO neutron.services.segments.plugin [-] Segment 73e1506f-460c-4f1f-849d-9c26ab14c54a resource provider not found; error: Placement Client Error (4xx): {"errors": [{"status": 404, "title": "Not Found", "detail": "The resource could not be found.\n\n No resource provider with uuid 73e1506f-460c-4f1f-849d-9c26ab14c54a found for delete ", "request_id": "req-dc3772d3-0f8d-4a6d-8d9f-b509fe4148c7"}]}
2026-04-27 02:32:52.152 9 INFO neutron.services.segments.plugin [-] Segment 73e1506f-460c-4f1f-849d-9c26ab14c54a resource provider not found; error: Placement Client Error (4xx): {"errors": [{"status": 404, "title": "Not Found", "detail": "The resource could not be found.\n\n No resource provider with uuid 73e1506f-460c-4f1f-849d-9c26ab14c54a found for delete ", "request_id": "req-3d09235f-4311-46db-8702-33aa999d082f"}]} /var/lib/openstack/lib/python3.10/site-packages/pycadf/identifier.py:71: UserWarning: Invalid uuid: neutron. To ensure interoperability, identifiers should be a valid uuid. warnings.warn(('Invalid uuid: %s. To ensure interoperability, '
2026-04-27 02:32:52.181 10 INFO neutron.notifiers.nova [-] Nova event matching ['req-51d074e5-4caa-4788-b918-74f8b2e269a7'] response: {'name': 'network-changed', 'server_uuid': 'fc3ee658-4556-41db-9755-bc951806afca', 'tag': '56d02610-33b0-42c3-9bc0-6a0ec2dd8d27', 'status': 'completed', 'code': 200}
2026-04-27 02:32:52.187 9 INFO neutron.wsgi [None req-508abc91-057a-4106-83ce-6e3c55ee4741 914dd4db0ab649508cf1033617215d38 4af2726539924833aacb935f2fbb1410 - - default default] 10.0.0.133 "DELETE /v2.0/networks/b7154581-b0c5-4164-a622-d42a16d82ce6 HTTP/1.1" status: 204 len: 168 time: 0.4106226
2026-04-27 02:32:52.220 10 INFO neutron.wsgi [req-7a5eb58b-11a9-461d-8c3f-a8ad75cc71df req-ff654901-bb42-49d5-8946-992da7b3af54 8f4a0e6c347e4983846d856c47d85f0a 32b22917c452452a92db088bc3c4cad0 - - 3a79f97034744e4c8e2df7c686d86d1f 3a79f97034744e4c8e2df7c686d86d1f] 199.204.45.222 "GET /v2.0/ports?tenant_id=01824bc50ce84eae95fd1a9e102a65c1&device_id=fc3ee658-4556-41db-9755-bc951806afca HTTP/1.1" status: 200 len: 1411 time: 0.0493815
2026-04-27 02:32:52.305 10 INFO neutron.wsgi [req-7a5eb58b-11a9-461d-8c3f-a8ad75cc71df req-6f55eed8-4516-48bf-a712-f2abfab8bd54 8f4a0e6c347e4983846d856c47d85f0a 32b22917c452452a92db088bc3c4cad0 - - 3a79f97034744e4c8e2df7c686d86d1f 3a79f97034744e4c8e2df7c686d86d1f] 199.204.45.222 "GET /v2.0/floatingips?fixed_ip_address=10.100.0.11&port_id=56d02610-33b0-42c3-9bc0-6a0ec2dd8d27 HTTP/1.1" status: 200 len: 217 time: 0.0523009
2026-04-27 02:32:52.319 10 INFO neutron.wsgi [req-64418e78-17cb-48f0-8c95-ac2b98d009d6 req-b68eb0e3-33fd-4f59-8d9d-9e784379b519 6f496ba2032947818d965156394145b4 01824bc50ce84eae95fd1a9e102a65c1 - - default default] 10.0.0.199 "GET /v2.0/ports?device_id=fc3ee658-4556-41db-9755-bc951806afca HTTP/1.1" status: 200 len: 1172 time: 0.0671656
2026-04-27 02:32:52.326 10 INFO neutron.db.ovn_revision_numbers_db [None req-47a401a3-1ba8-47e9-990a-f89907c2c9fb - - - - - -] Successfully bumped revision number for resource 5e85098e-ad66-4445-81ec-d110d51b0ab9 (type: ports) to 2
2026-04-27 02:32:52.383 9 INFO neutron.wsgi [None req-ae659c74-5305-4d4b-976c-f870a0c244dc 914dd4db0ab649508cf1033617215d38 4af2726539924833aacb935f2fbb1410 - - default default] 10.0.0.133 "GET /v2.0/security-groups?tenant_id=615414f39cee4cd6bd9a746e60319db1&name=default HTTP/1.1" status: 200 len: 2992 time: 0.0537980
2026-04-27 02:32:52.411 9 INFO neutron.wsgi [req-e7718003-6ef8-497e-a6d6-66a1baca592e req-faeaf2e9-8066-4554-8078-bdbc115de093 27a3cdd003644dbf8a573684b2148d96 ec91e7349a0f41d0bf6ceae2638aac4e - - default default] 10.0.0.199 "GET /v2.0/security-groups?name=tempest-securitygroup--970944590&fields=id&tenant_id=ec91e7349a0f41d0bf6ceae2638aac4e HTTP/1.1" status: 200 len: 267 time: 0.0808640
2026-04-27 02:32:52.511 9 INFO neutron.wsgi [req-e7718003-6ef8-497e-a6d6-66a1baca592e req-ca16cb25-47ec-4668-b94e-0b31cef59c24 27a3cdd003644dbf8a573684b2148d96 ec91e7349a0f41d0bf6ceae2638aac4e - - default default] 10.0.0.199 "GET /v2.0/networks?id=b84eef33-dc7b-4e0c-8a5e-f7b1d7a1d9ee HTTP/1.1" status: 200 len: 882 time: 0.0922639
2026-04-27 02:32:52.533 9 INFO neutron.wsgi [req-e7718003-6ef8-497e-a6d6-66a1baca592e req-7bdf026f-7278-473f-ad44-8aa3f4907fcd 27a3cdd003644dbf8a573684b2148d96 ec91e7349a0f41d0bf6ceae2638aac4e - - default default] 10.0.0.199 "GET /v2.0/quotas/ec91e7349a0f41d0bf6ceae2638aac4e HTTP/1.1" status: 200 len: 386 time: 0.0155303
2026-04-27 02:32:52.585 10 INFO neutron.wsgi [req-7a5eb58b-11a9-461d-8c3f-a8ad75cc71df req-ed716882-9112-4a7d-8216-f21958adbe34 8f4a0e6c347e4983846d856c47d85f0a 32b22917c452452a92db088bc3c4cad0 - - 3a79f97034744e4c8e2df7c686d86d1f 3a79f97034744e4c8e2df7c686d86d1f] 199.204.45.222 "GET /v2.0/subnets?id=334d9c66-349e-4f35-b391-f55bd9c05d34 HTTP/1.1" status: 200 len: 863 time: 0.2728832
2026-04-27 02:32:52.619 10 INFO neutron.wsgi [req-64418e78-17cb-48f0-8c95-ac2b98d009d6 req-109a8861-4bf6-48c6-9e13-da8ae02c2293 6f496ba2032947818d965156394145b4 01824bc50ce84eae95fd1a9e102a65c1 - - default default] 10.0.0.199 "GET /v2.0/security-groups?id=e46032ca-3112-4682-9ea9-4398d947bf08&fields=id&fields=name HTTP/1.1" status: 200 len: 312 time: 0.2875040
2026-04-27 02:32:52.621 10 INFO neutron.wsgi [req-7a5eb58b-11a9-461d-8c3f-a8ad75cc71df req-7bea9fc9-a2aa-481b-b540-d249d971dc2e 8f4a0e6c347e4983846d856c47d85f0a 32b22917c452452a92db088bc3c4cad0 - - 3a79f97034744e4c8e2df7c686d86d1f 3a79f97034744e4c8e2df7c686d86d1f] 199.204.45.222 "GET /v2.0/ports?network_id=6fb0d13f-49ad-408c-b55b-ee2e953d6cdd&device_owner=network%3Adhcp HTTP/1.1" status: 200 len: 210 time: 0.0294862
2026-04-27 02:32:52.655 9 INFO neutron.wsgi [req-e7718003-6ef8-497e-a6d6-66a1baca592e req-5ac0d4ad-e334-46ef-b6a4-be27adda28be 27a3cdd003644dbf8a573684b2148d96 ec91e7349a0f41d0bf6ceae2638aac4e - - default default] 10.0.0.199 "GET /v2.0/ports?tenant_id=ec91e7349a0f41d0bf6ceae2638aac4e&fields=id HTTP/1.1" status: 200 len: 302 time: 0.1135039
2026-04-27 02:32:52.660 10 INFO neutron.wsgi [None req-36b64221-96ee-4ba5-9a1b-aef0c331dec9 914dd4db0ab649508cf1033617215d38 4af2726539924833aacb935f2fbb1410 - - default default] 10.0.0.133 "DELETE /v2.0/networks/2615a23c-e834-4041-968b-f072995bc5d4 HTTP/1.1" status: 204 len: 168 time: 0.9910622
2026-04-27 02:32:52.708 10 INFO neutron.wsgi [req-7a5eb58b-11a9-461d-8c3f-a8ad75cc71df req-4a293cd6-0ea7-4d95-8f6d-45b9d883e03b 8f4a0e6c347e4983846d856c47d85f0a 32b22917c452452a92db088bc3c4cad0 - - 3a79f97034744e4c8e2df7c686d86d1f 3a79f97034744e4c8e2df7c686d86d1f] 199.204.45.222 "GET /v2.0/networks/6fb0d13f-49ad-408c-b55b-ee2e953d6cdd?fields=segments HTTP/1.1" status: 200 len: 212 time: 0.0817821
2026-04-27 02:32:52.745 9 INFO neutron.wsgi [req-e7718003-6ef8-497e-a6d6-66a1baca592e req-872b4b76-0f84-4f5c-a451-7425df6d56d2 8f4a0e6c347e4983846d856c47d85f0a 32b22917c452452a92db088bc3c4cad0 - - 3a79f97034744e4c8e2df7c686d86d1f 3a79f97034744e4c8e2df7c686d86d1f] 10.0.0.199 "GET /v2.0/networks/b84eef33-dc7b-4e0c-8a5e-f7b1d7a1d9ee?fields=segments HTTP/1.1" status: 200 len: 212 time: 0.0693855
2026-04-27 02:32:52.755 10 INFO neutron.db.ovn_revision_numbers_db [None req-47a401a3-1ba8-47e9-990a-f89907c2c9fb - - - - - -] Successfully bumped revision number for resource 5e85098e-ad66-4445-81ec-d110d51b0ab9 (type: router_ports) to 2
2026-04-27 02:32:52.768 9 INFO neutron.wsgi [None req-8bb87b49-a773-4180-922f-d854403153b8 914dd4db0ab649508cf1033617215d38 4af2726539924833aacb935f2fbb1410 - - default default] 10.0.0.133 "DELETE /v2.0/security-groups/7cc69dc9-8fa3-4f1b-ad1d-e1e72069f85c HTTP/1.1" status: 204 len: 168 time: 0.3767002
2026-04-27 02:32:52.793 10 INFO neutron.wsgi [req-7a5eb58b-11a9-461d-8c3f-a8ad75cc71df req-f7422f2c-2d96-48ab-9db7-c2712090feb5 8f4a0e6c347e4983846d856c47d85f0a 32b22917c452452a92db088bc3c4cad0 - - 3a79f97034744e4c8e2df7c686d86d1f 3a79f97034744e4c8e2df7c686d86d1f] 199.204.45.222 "GET /v2.0/networks/6fb0d13f-49ad-408c-b55b-ee2e953d6cdd?fields=provider%3Aphysical_network&fields=provider%3Anetwork_type HTTP/1.1" status: 200 len: 277 time: 0.0760593
2026-04-27 02:32:52.827 9 INFO neutron.wsgi [req-e7718003-6ef8-497e-a6d6-66a1baca592e req-5de2e192-db28-42bf-a353-ed5b08ed5f90 8f4a0e6c347e4983846d856c47d85f0a 32b22917c452452a92db088bc3c4cad0 - - 3a79f97034744e4c8e2df7c686d86d1f 3a79f97034744e4c8e2df7c686d86d1f] 10.0.0.199 "GET /v2.0/networks/b84eef33-dc7b-4e0c-8a5e-f7b1d7a1d9ee?fields=provider%3Aphysical_network&fields=provider%3Anetwork_type HTTP/1.1" status: 200 len: 277 time: 0.0752411
2026-04-27 02:32:52.861 9 INFO neutron.wsgi [None req-3548cdb2-0c57-414b-ae45-83e7cf623185 914dd4db0ab649508cf1033617215d38 4af2726539924833aacb935f2fbb1410 - - default default] 10.0.0.133 "GET /v2.0/security-groups?tenant_id=3b6ed94db9194f55a29290168f9c4c72&name=default HTTP/1.1" status: 200 len: 2992 time: 0.0404015
2026-04-27 02:32:52.872 10 INFO neutron.wsgi [req-0e3a2e63-dbb5-49bc-ba23-420424a97f67 req-a6ef2b78-f0c3-4b4d-9bd8-bafc2c732c23 8f4a0e6c347e4983846d856c47d85f0a 32b22917c452452a92db088bc3c4cad0 - - 3a79f97034744e4c8e2df7c686d86d1f 3a79f97034744e4c8e2df7c686d86d1f] 199.204.45.222 "GET /v2.0/ports?tenant_id=01824bc50ce84eae95fd1a9e102a65c1&device_id=fc3ee658-4556-41db-9755-bc951806afca HTTP/1.1" status: 200 len: 1411 time: 0.0304732
2026-04-27 02:32:52.955 10 INFO neutron.wsgi [req-0e3a2e63-dbb5-49bc-ba23-420424a97f67 req-8560475c-7591-48f8-b1e1-131905ba5c3b 8f4a0e6c347e4983846d856c47d85f0a 32b22917c452452a92db088bc3c4cad0 - - 3a79f97034744e4c8e2df7c686d86d1f 3a79f97034744e4c8e2df7c686d86d1f] 199.204.45.222 "GET /v2.0/networks?id=6fb0d13f-49ad-408c-b55b-ee2e953d6cdd HTTP/1.1" status: 200 len: 968 time: 0.0769570
2026-04-27 02:32:53.002 9 INFO neutron.plugins.ml2.drivers.ovn.mech_driver.mech_driver [None req-af2f02a5-7065-4c20-86e0-f187760070a0 - - - - - -] OVN reports status up for port: 56d02610-33b0-42c3-9bc0-6a0ec2dd8d27
2026-04-27 02:32:53.008 10 INFO neutron.wsgi [req-0e3a2e63-dbb5-49bc-ba23-420424a97f67 req-fca94ba9-1604-4009-b569-9bc18d5ca8ed 8f4a0e6c347e4983846d856c47d85f0a 32b22917c452452a92db088bc3c4cad0 - - 3a79f97034744e4c8e2df7c686d86d1f 3a79f97034744e4c8e2df7c686d86d1f] 199.204.45.222 "GET /v2.0/floatingips?fixed_ip_address=10.100.0.11&port_id=56d02610-33b0-42c3-9bc0-6a0ec2dd8d27 HTTP/1.1" status: 200 len: 217 time: 0.0479035
2026-04-27 02:32:53.024 10 INFO neutron.wsgi [req-eec65991-325b-4d12-8b19-bf57a9fb9a40 req-9dc9c30b-f8d6-4c5d-9fef-f76b9dc54e43 27a3cdd003644dbf8a573684b2148d96 ec91e7349a0f41d0bf6ceae2638aac4e - - default default] 10.0.0.199 "GET /v2.0/ports?device_id=ba83a151-9d58-4483-bead-8bc5d69c2136 HTTP/1.1" status: 200 len: 210 time: 0.0252421
2026-04-27 02:32:53.038 9 INFO neutron.plugins.ml2.plugin [None req-af2f02a5-7065-4c20-86e0-f187760070a0 - - - - - -] Attempt 1 to provision port 56d02610-33b0-42c3-9bc0-6a0ec2dd8d27
2026-04-27 02:32:53.045 10 INFO neutron.services.segments.plugin [-] Segment 8d2ffc72-4f9b-4ffc-b11d-fadab037e668 resource provider aggregate not found
2026-04-27 02:32:53.070 10 INFO neutron.services.segments.plugin [-] Segment 8d2ffc72-4f9b-4ffc-b11d-fadab037e668 resource provider not found; error: Placement Client Error (4xx): {"errors": [{"status": 404, "title": "Not Found", "detail": "The resource could not be found.\n\n No resource provider with uuid 8d2ffc72-4f9b-4ffc-b11d-fadab037e668 found for delete ", "request_id": "req-1ee93407-4c11-4792-92f9-bde0fc5f9342"}]}
2026-04-27 02:32:53.074 10 INFO neutron.wsgi [req-0e3a2e63-dbb5-49bc-ba23-420424a97f67 req-12a0e169-4ecf-4fe2-9aed-926eb93fe8b5 8f4a0e6c347e4983846d856c47d85f0a 32b22917c452452a92db088bc3c4cad0 - - 3a79f97034744e4c8e2df7c686d86d1f 3a79f97034744e4c8e2df7c686d86d1f] 199.204.45.222 "GET /v2.0/subnets?id=334d9c66-349e-4f35-b391-f55bd9c05d34 HTTP/1.1" status: 200 len: 863 time: 0.0528774
2026-04-27 02:32:53.104 10 INFO neutron.wsgi [req-0e3a2e63-dbb5-49bc-ba23-420424a97f67 req-b657639f-69a2-4f9a-b36c-05c1370c402e 8f4a0e6c347e4983846d856c47d85f0a 32b22917c452452a92db088bc3c4cad0 - - 3a79f97034744e4c8e2df7c686d86d1f 3a79f97034744e4c8e2df7c686d86d1f] 199.204.45.222 "GET /v2.0/ports?network_id=6fb0d13f-49ad-408c-b55b-ee2e953d6cdd&device_owner=network%3Adhcp HTTP/1.1" status: 200 len: 210 time: 0.0229673
2026-04-27 02:32:53.191 10 INFO neutron.wsgi [req-0e3a2e63-dbb5-49bc-ba23-420424a97f67 req-12aa0a1d-b3ad-45a2-89fc-fa2a6a0974ea 8f4a0e6c347e4983846d856c47d85f0a 32b22917c452452a92db088bc3c4cad0 - - 3a79f97034744e4c8e2df7c686d86d1f 3a79f97034744e4c8e2df7c686d86d1f] 199.204.45.222 "GET /v2.0/networks/6fb0d13f-49ad-408c-b55b-ee2e953d6cdd?fields=segments HTTP/1.1" status: 200 len: 212 time: 0.0803785
2026-04-27 02:32:53.194 9 INFO neutron.notifiers.nova [-] Nova event matching ['req-63e47cf0-8879-47d7-b65f-2fbed717f22e'] response: {'server_uuid': 'fc3ee658-4556-41db-9755-bc951806afca', 'name': 'network-vif-plugged', 'status': 'completed', 'tag': '56d02610-33b0-42c3-9bc0-6a0ec2dd8d27', 'code': 200}
2026-04-27 02:32:53.217 9 INFO neutron.wsgi [None req-29cd3a6d-b3ac-4f38-8d56-dcf43f8b89cb 914dd4db0ab649508cf1033617215d38 4af2726539924833aacb935f2fbb1410 - - default default] 10.0.0.133 "DELETE /v2.0/security-groups/9e81541b-fe96-43de-a17f-ff7413ad64e8 HTTP/1.1" status: 204 len: 168 time: 0.3498025
2026-04-27 02:32:53.248 10 INFO neutron.services.segments.plugin [-] Segment 8d2ffc72-4f9b-4ffc-b11d-fadab037e668 resource provider aggregate not found
2026-04-27 02:32:53.267 10 INFO neutron.services.segments.plugin [-] Segment 8d2ffc72-4f9b-4ffc-b11d-fadab037e668 resource provider not found; error: Placement Client Error (4xx): {"errors": [{"status": 404, "title": "Not Found", "detail": "The resource could not be found.\n\n No resource provider with uuid 8d2ffc72-4f9b-4ffc-b11d-fadab037e668 found for delete ", "request_id": "req-a616868b-d25a-4cf4-bfeb-f5f6071388f8"}]}
2026-04-27 02:32:53.284 10 INFO neutron.wsgi [req-0e3a2e63-dbb5-49bc-ba23-420424a97f67 req-c20838b6-91a1-44fb-b362-cea19434ce48 8f4a0e6c347e4983846d856c47d85f0a 32b22917c452452a92db088bc3c4cad0 - - 3a79f97034744e4c8e2df7c686d86d1f 3a79f97034744e4c8e2df7c686d86d1f] 199.204.45.222 "GET /v2.0/networks/6fb0d13f-49ad-408c-b55b-ee2e953d6cdd?fields=provider%3Aphysical_network&fields=provider%3Anetwork_type HTTP/1.1" status: 200 len: 277 time: 0.0847619
2026-04-27 02:32:53.381 9 INFO neutron.db.ovn_revision_numbers_db [None req-af2f02a5-7065-4c20-86e0-f187760070a0 - - - - - -] Successfully bumped revision number for resource 56d02610-33b0-42c3-9bc0-6a0ec2dd8d27 (type: ports) to 4
2026-04-27 02:32:53.780 10 INFO neutron.wsgi [req-fdc6cb3e-248a-4613-912b-b4df6eaf3f85 req-26d27a77-4a24-4aab-a7bd-fbda929338ba 6f496ba2032947818d965156394145b4 01824bc50ce84eae95fd1a9e102a65c1 - - default default] 10.0.0.199 "GET /v2.0/ports?device_id=fc3ee658-4556-41db-9755-bc951806afca HTTP/1.1" status: 200 len: 1174 time: 0.0976157
2026-04-27 02:32:53.852 10 INFO neutron.wsgi [req-fdc6cb3e-248a-4613-912b-b4df6eaf3f85 req-1e79f7e5-8594-40a2-8cd4-ce5009fbdbb2 6f496ba2032947818d965156394145b4 01824bc50ce84eae95fd1a9e102a65c1 - - default default] 10.0.0.199 "GET /v2.0/security-groups?id=e46032ca-3112-4682-9ea9-4398d947bf08&fields=id&fields=name HTTP/1.1" status: 200 len: 312 time: 0.0618825
2026-04-27 02:32:53.889 10 INFO neutron.wsgi [req-e7718003-6ef8-497e-a6d6-66a1baca592e req-e5e7bba5-653c-40b4-bc45-b998a3231c52 27a3cdd003644dbf8a573684b2148d96 ec91e7349a0f41d0bf6ceae2638aac4e - - default default] 199.204.45.222 "GET /v2.0/networks?id=b84eef33-dc7b-4e0c-8a5e-f7b1d7a1d9ee HTTP/1.1" status: 200 len: 882 time: 0.0728693
2026-04-27 02:32:53.931 10 INFO neutron.wsgi [req-e7718003-6ef8-497e-a6d6-66a1baca592e req-677df8a1-d383-42f9-b07e-00960925cc39 27a3cdd003644dbf8a573684b2148d96 ec91e7349a0f41d0bf6ceae2638aac4e - - default default] 199.204.45.222 "GET /v2.0/security-groups?fields=id&fields=name&tenant_id=ec91e7349a0f41d0bf6ceae2638aac4e HTTP/1.1" status: 200 len: 379 time: 0.0359750 /var/lib/openstack/lib/python3.10/site-packages/pycadf/identifier.py:71: UserWarning: Invalid uuid: neutron. To ensure interoperability, identifiers should be a valid uuid. warnings.warn(('Invalid uuid: %s. To ensure interoperability, '
2026-04-27 02:32:54.136 9 INFO neutron.wsgi [req-fbe77f04-396b-4117-8071-422818b829ef req-465ebbdc-d620-449a-866a-f908a507e3ff 27a3cdd003644dbf8a573684b2148d96 ec91e7349a0f41d0bf6ceae2638aac4e - - default default] 10.0.0.199 "GET /v2.0/ports?device_id=ba83a151-9d58-4483-bead-8bc5d69c2136 HTTP/1.1" status: 200 len: 210 time: 0.0299079
2026-04-27 02:32:54.274 10 WARNING neutron.scheduler.dhcp_agent_scheduler [req-e7718003-6ef8-497e-a6d6-66a1baca592e req-e3b93e25-9740-490e-be75-38331d59dae9 27a3cdd003644dbf8a573684b2148d96 ec91e7349a0f41d0bf6ceae2638aac4e - - default default] No more DHCP agents
2026-04-27 02:32:54.276 10 WARNING neutron.api.rpc.agentnotifiers.dhcp_rpc_agent_api [req-e7718003-6ef8-497e-a6d6-66a1baca592e req-e3b93e25-9740-490e-be75-38331d59dae9 27a3cdd003644dbf8a573684b2148d96 ec91e7349a0f41d0bf6ceae2638aac4e - - default default] Unable to schedule network b84eef33-dc7b-4e0c-8a5e-f7b1d7a1d9ee: no agents available; will retry on subsequent port and subnet creation events.
2026-04-27 02:32:54.494 10 INFO neutron.db.ovn_revision_numbers_db [req-e7718003-6ef8-497e-a6d6-66a1baca592e req-e3b93e25-9740-490e-be75-38331d59dae9 27a3cdd003644dbf8a573684b2148d96 ec91e7349a0f41d0bf6ceae2638aac4e - - default default] Successfully bumped revision number for resource bd37f124-b9f8-42b1-859d-652033f0cbcc (type: ports) to 1
2026-04-27 02:32:54.516 10 INFO neutron.wsgi [req-e7718003-6ef8-497e-a6d6-66a1baca592e req-e3b93e25-9740-490e-be75-38331d59dae9 27a3cdd003644dbf8a573684b2148d96 ec91e7349a0f41d0bf6ceae2638aac4e - - default default] 199.204.45.222 "POST /v2.0/ports HTTP/1.1" status: 201 len: 1158 time: 0.5800695 /var/lib/openstack/lib/python3.10/site-packages/pycadf/identifier.py:71: UserWarning: Invalid uuid: neutron. To ensure interoperability, identifiers should be a valid uuid. warnings.warn(('Invalid uuid: %s. To ensure interoperability, ' /var/lib/openstack/lib/python3.10/site-packages/pycadf/identifier.py:71: UserWarning: Invalid uuid: neutron. To ensure interoperability, identifiers should be a valid uuid. warnings.warn(('Invalid uuid: %s. To ensure interoperability, '
2026-04-27 02:32:55.004 10 INFO neutron.wsgi [req-36285d32-bd7b-4092-8656-971c67ac206d req-32a8503a-cc88-4f0c-acdb-68f834ca5009 6f496ba2032947818d965156394145b4 01824bc50ce84eae95fd1a9e102a65c1 - - default default] 10.0.0.199 "GET /v2.0/ports?device_id=fc3ee658-4556-41db-9755-bc951806afca HTTP/1.1" status: 200 len: 1174 time: 0.0740809
2026-04-27 02:32:55.023 10 INFO neutron.db.ovn_revision_numbers_db [req-e7718003-6ef8-497e-a6d6-66a1baca592e req-cd8ed5ea-eea1-412c-a51a-aa983ed2dabe 8f4a0e6c347e4983846d856c47d85f0a 32b22917c452452a92db088bc3c4cad0 - - 3a79f97034744e4c8e2df7c686d86d1f 3a79f97034744e4c8e2df7c686d86d1f] Successfully bumped revision number for resource bd37f124-b9f8-42b1-859d-652033f0cbcc (type: ports) to 2
2026-04-27 02:32:55.058 10 INFO neutron.wsgi [req-36285d32-bd7b-4092-8656-971c67ac206d req-a3df3d44-d54e-4cec-8ee2-f00ff75e6410 6f496ba2032947818d965156394145b4 01824bc50ce84eae95fd1a9e102a65c1 - - default default] 10.0.0.199 "GET /v2.0/security-groups?id=e46032ca-3112-4682-9ea9-4398d947bf08&fields=id&fields=name HTTP/1.1" status: 200 len: 312 time: 0.0478129
2026-04-27 02:32:55.233 10 INFO neutron.wsgi [req-3f2f48be-df61-48fb-ad7e-86cdbd5924d6 req-01f82063-c078-45dd-933e-f0f79f0808c0 6f496ba2032947818d965156394145b4 01824bc50ce84eae95fd1a9e102a65c1 - - default default] 10.0.0.199 "GET /v2.0/ports?device_id=fc3ee658-4556-41db-9755-bc951806afca HTTP/1.1" status: 200 len: 1174 time: 0.0790961 /var/lib/openstack/lib/python3.10/site-packages/pycadf/identifier.py:71: UserWarning: Invalid uuid: neutron. To ensure interoperability, identifiers should be a valid uuid. warnings.warn(('Invalid uuid: %s. To ensure interoperability, '
2026-04-27 02:32:55.323 9 INFO neutron.notifiers.nova [-] Nova event matching ['req-c4f4feb2-6ec9-4a9f-9642-4ba6ac2c9226'] response: {'server_uuid': 'fc3ee658-4556-41db-9755-bc951806afca', 'name': 'network-vif-plugged', 'status': 'completed', 'tag': '56d02610-33b0-42c3-9bc0-6a0ec2dd8d27', 'code': 200}
2026-04-27 02:32:55.333 10 INFO neutron.db.ovn_revision_numbers_db [req-e7718003-6ef8-497e-a6d6-66a1baca592e req-cd8ed5ea-eea1-412c-a51a-aa983ed2dabe 8f4a0e6c347e4983846d856c47d85f0a 32b22917c452452a92db088bc3c4cad0 - - 3a79f97034744e4c8e2df7c686d86d1f 3a79f97034744e4c8e2df7c686d86d1f] Successfully bumped revision number for resource bd37f124-b9f8-42b1-859d-652033f0cbcc (type: ports) to 2
2026-04-27 02:32:55.362 10 INFO neutron.wsgi [req-e7718003-6ef8-497e-a6d6-66a1baca592e req-cd8ed5ea-eea1-412c-a51a-aa983ed2dabe 8f4a0e6c347e4983846d856c47d85f0a 32b22917c452452a92db088bc3c4cad0 - - 3a79f97034744e4c8e2df7c686d86d1f 3a79f97034744e4c8e2df7c686d86d1f] 199.204.45.222 "PUT /v2.0/ports/bd37f124-b9f8-42b1-859d-652033f0cbcc HTTP/1.1" status: 200 len: 1376 time: 0.8371530
2026-04-27 02:32:55.419 10 INFO neutron.notifiers.nova [-] Nova event matching ['req-3087238f-49eb-4775-89a9-d8fed517d857'] response: {'name': 'network-changed', 'server_uuid': 'ba83a151-9d58-4483-bead-8bc5d69c2136', 'tag': 'bd37f124-b9f8-42b1-859d-652033f0cbcc', 'status': 'completed', 'code': 200}
2026-04-27 02:32:55.432 10 INFO neutron.wsgi [req-30a241e4-d366-4c57-a644-ebc4a48c826f req-dd22b9cc-6b87-4feb-ad5a-146a35ec2a90 27a3cdd003644dbf8a573684b2148d96 ec91e7349a0f41d0bf6ceae2638aac4e - - default default] 10.0.0.199 "GET /v2.0/ports?device_id=ba83a151-9d58-4483-bead-8bc5d69c2136 HTTP/1.1" status: 200 len: 1168 time: 0.1575344
2026-04-27 02:32:55.439 9 INFO neutron.db.ovn_revision_numbers_db [None req-4833d534-268e-46ea-8e20-bcd73c23b217 914dd4db0ab649508cf1033617215d38 4af2726539924833aacb935f2fbb1410 - - default default] Successfully bumped revision number for resource 56524790-eb6c-4173-9bb3-6fa9ba35d9dc (type: security_groups) to 1
2026-04-27 02:32:55.440 10 INFO neutron.wsgi [req-e7718003-6ef8-497e-a6d6-66a1baca592e req-5babbfdd-0dc5-4e98-831f-6e8f83fdd28e 8f4a0e6c347e4983846d856c47d85f0a 32b22917c452452a92db088bc3c4cad0 - - 3a79f97034744e4c8e2df7c686d86d1f 3a79f97034744e4c8e2df7c686d86d1f] 199.204.45.222 "GET /v2.0/ports?tenant_id=ec91e7349a0f41d0bf6ceae2638aac4e&device_id=ba83a151-9d58-4483-bead-8bc5d69c2136 HTTP/1.1" status: 200 len: 1407 time: 0.0428429
2026-04-27 02:32:55.465 9 INFO neutron.db.ovn_revision_numbers_db [None req-4833d534-268e-46ea-8e20-bcd73c23b217 914dd4db0ab649508cf1033617215d38 4af2726539924833aacb935f2fbb1410 - - default default] Successfully bumped revision number for resource 0bc14829-829a-4dab-a636-12d2eed613f2 (type: security_group_rules) to 0
2026-04-27 02:32:55.474 10 INFO neutron.wsgi [req-e7718003-6ef8-497e-a6d6-66a1baca592e req-7d863509-984e-4712-a37f-5bb36e2d70d0 8f4a0e6c347e4983846d856c47d85f0a 32b22917c452452a92db088bc3c4cad0 - - 3a79f97034744e4c8e2df7c686d86d1f 3a79f97034744e4c8e2df7c686d86d1f] 199.204.45.222 "GET /v2.0/floatingips?fixed_ip_address=10.100.0.6&port_id=bd37f124-b9f8-42b1-859d-652033f0cbcc HTTP/1.1" status: 200 len: 217 time: 0.0253305
2026-04-27 02:32:55.484 9 INFO neutron.db.ovn_revision_numbers_db [None req-4833d534-268e-46ea-8e20-bcd73c23b217 914dd4db0ab649508cf1033617215d38 4af2726539924833aacb935f2fbb1410 - - default default] Successfully bumped revision number for resource 6c260a84-71ca-4c17-a4d3-f247fd0a5c95 (type: security_group_rules) to 0
2026-04-27 02:32:55.509 9 INFO neutron.db.ovn_revision_numbers_db [None req-4833d534-268e-46ea-8e20-bcd73c23b217 914dd4db0ab649508cf1033617215d38 4af2726539924833aacb935f2fbb1410 - - default default] Successfully bumped revision number for resource 7d2f15f0-a111-44e7-99b6-8688911be5d0 (type: security_group_rules) to 0
2026-04-27 02:32:55.521 10 INFO neutron.wsgi [req-30a241e4-d366-4c57-a644-ebc4a48c826f req-6df0d3ac-a17c-4994-9b03-4c8891a6ed19 27a3cdd003644dbf8a573684b2148d96 ec91e7349a0f41d0bf6ceae2638aac4e - - default default] 10.0.0.199 "GET /v2.0/security-groups?id=21e8c0a1-3d5b-4897-8418-080a8133507e&fields=id&fields=name HTTP/1.1" status: 200 len: 312 time: 0.0803185
2026-04-27 02:32:55.530 10 INFO neutron.wsgi [req-e7718003-6ef8-497e-a6d6-66a1baca592e req-5b929a8b-231e-4410-9a59-2c807d423141 8f4a0e6c347e4983846d856c47d85f0a 32b22917c452452a92db088bc3c4cad0 - - 3a79f97034744e4c8e2df7c686d86d1f 3a79f97034744e4c8e2df7c686d86d1f] 199.204.45.222 "GET /v2.0/subnets?id=0ab2b437-6008-4bbe-b88d-67fc35dddfdc HTTP/1.1" status: 200 len: 876 time: 0.0506375
2026-04-27 02:32:55.542 9 INFO neutron.db.ovn_revision_numbers_db [None req-4833d534-268e-46ea-8e20-bcd73c23b217 914dd4db0ab649508cf1033617215d38 4af2726539924833aacb935f2fbb1410 - - default default] Successfully bumped revision number for resource b469f808-2927-4e6b-8049-91cf0aaa5a8c (type: security_group_rules) to 0
2026-04-27 02:32:55.566 10 INFO neutron.wsgi [req-e7718003-6ef8-497e-a6d6-66a1baca592e req-0ec0c308-16c7-405d-b2fe-38b451306d5e 8f4a0e6c347e4983846d856c47d85f0a 32b22917c452452a92db088bc3c4cad0 - - 3a79f97034744e4c8e2df7c686d86d1f 3a79f97034744e4c8e2df7c686d86d1f] 199.204.45.222 "GET /v2.0/ports?network_id=b84eef33-dc7b-4e0c-8a5e-f7b1d7a1d9ee&device_owner=network%3Adhcp HTTP/1.1" status: 200 len: 210 time: 0.0275843
2026-04-27 02:32:55.566 9 INFO neutron.db.l3_db [None req-8a777c52-6c85-426c-95f4-695bbf545f1b 6f496ba2032947818d965156394145b4 01824bc50ce84eae95fd1a9e102a65c1 - - default default] Floating IP a2b17c52-d989-45ab-ab94-81c835368627 associated. External IP: 10.96.250.212, port: 56d02610-33b0-42c3-9bc0-6a0ec2dd8d27.
2026-04-27 02:32:55.596 9 INFO neutron.db.segments_db [None req-4833d534-268e-46ea-8e20-bcd73c23b217 914dd4db0ab649508cf1033617215d38 4af2726539924833aacb935f2fbb1410 - - default default] Added segment 59bb12af-d635-489a-a73f-26c21cd9123f of type geneve for network d1ebac2e-8e17-4ad9-be1d-21f49a158628
2026-04-27 02:32:55.630 10 INFO neutron.wsgi [req-e7718003-6ef8-497e-a6d6-66a1baca592e req-1dab4946-dbb0-486d-8691-637231e3d398 8f4a0e6c347e4983846d856c47d85f0a 32b22917c452452a92db088bc3c4cad0 - - 3a79f97034744e4c8e2df7c686d86d1f 3a79f97034744e4c8e2df7c686d86d1f] 199.204.45.222 "GET /v2.0/networks/b84eef33-dc7b-4e0c-8a5e-f7b1d7a1d9ee?fields=segments HTTP/1.1" status: 200 len: 212 time: 0.0572102
2026-04-27 02:32:55.694 10 INFO neutron.wsgi [req-e7718003-6ef8-497e-a6d6-66a1baca592e req-70bcdd50-46b2-4a36-ab80-fd60e4b1ef7b 8f4a0e6c347e4983846d856c47d85f0a 32b22917c452452a92db088bc3c4cad0 - - 3a79f97034744e4c8e2df7c686d86d1f 3a79f97034744e4c8e2df7c686d86d1f] 199.204.45.222 "GET /v2.0/networks/b84eef33-dc7b-4e0c-8a5e-f7b1d7a1d9ee?fields=provider%3Aphysical_network&fields=provider%3Anetwork_type HTTP/1.1" status: 200 len: 277 time: 0.0581865
2026-04-27 02:32:55.767 10 INFO neutron.wsgi [req-88f9318d-1e80-47c6-8f94-b82b8c84b0a3 req-2c2b991e-5a31-4551-9e46-bf9d72665921 8f4a0e6c347e4983846d856c47d85f0a 32b22917c452452a92db088bc3c4cad0 - - 3a79f97034744e4c8e2df7c686d86d1f 3a79f97034744e4c8e2df7c686d86d1f] 199.204.45.222 "GET /v2.0/ports?tenant_id=ec91e7349a0f41d0bf6ceae2638aac4e&device_id=ba83a151-9d58-4483-bead-8bc5d69c2136 HTTP/1.1" status: 200 len: 1407 time: 0.0332084
2026-04-27 02:32:55.821 9 INFO neutron.db.ovn_revision_numbers_db [None req-4833d534-268e-46ea-8e20-bcd73c23b217 914dd4db0ab649508cf1033617215d38 4af2726539924833aacb935f2fbb1410 - - default default] Successfully bumped revision number for resource d1ebac2e-8e17-4ad9-be1d-21f49a158628 (type: networks) to 1
2026-04-27 02:32:55.823 9 INFO neutron.db.ovn_revision_numbers_db [None req-8a777c52-6c85-426c-95f4-695bbf545f1b 6f496ba2032947818d965156394145b4 01824bc50ce84eae95fd1a9e102a65c1 - - default default] Successfully bumped revision number for resource a2b17c52-d989-45ab-ab94-81c835368627 (type: floatingips) to 1
2026-04-27 02:32:55.833 10 INFO neutron.wsgi [req-88f9318d-1e80-47c6-8f94-b82b8c84b0a3 req-e04df69d-fa13-4c82-819e-78fb8fbe6f65 8f4a0e6c347e4983846d856c47d85f0a 32b22917c452452a92db088bc3c4cad0 - - 3a79f97034744e4c8e2df7c686d86d1f 3a79f97034744e4c8e2df7c686d86d1f] 199.204.45.222 "GET /v2.0/networks?id=b84eef33-dc7b-4e0c-8a5e-f7b1d7a1d9ee HTTP/1.1" status: 200 len: 981 time: 0.0571082
2026-04-27 02:32:55.870 10 INFO neutron.wsgi [req-88f9318d-1e80-47c6-8f94-b82b8c84b0a3 req-1c54b4e2-cd23-4984-b072-f0070f83f4d9 8f4a0e6c347e4983846d856c47d85f0a 32b22917c452452a92db088bc3c4cad0 - - 3a79f97034744e4c8e2df7c686d86d1f 3a79f97034744e4c8e2df7c686d86d1f] 199.204.45.222 "GET /v2.0/floatingips?fixed_ip_address=10.100.0.6&port_id=bd37f124-b9f8-42b1-859d-652033f0cbcc HTTP/1.1" status: 200 len: 217 time: 0.0286157
2026-04-27 02:32:55.909 9 INFO neutron.plugins.ml2.drivers.ovn.mech_driver.mech_driver [None req-af2f02a5-7065-4c20-86e0-f187760070a0 - - - - - -] OVN reports status up for port: bd37f124-b9f8-42b1-859d-652033f0cbcc
2026-04-27 02:32:55.925 10 INFO neutron.wsgi [req-88f9318d-1e80-47c6-8f94-b82b8c84b0a3 req-2a3edef7-9a94-4386-97eb-cfc9517fb35c 8f4a0e6c347e4983846d856c47d85f0a 32b22917c452452a92db088bc3c4cad0 - - 3a79f97034744e4c8e2df7c686d86d1f 3a79f97034744e4c8e2df7c686d86d1f] 199.204.45.222 "GET /v2.0/subnets?id=0ab2b437-6008-4bbe-b88d-67fc35dddfdc HTTP/1.1" status: 200 len: 876 time: 0.0504799
2026-04-27 02:32:55.940 9 INFO neutron.plugins.ml2.plugin [None req-af2f02a5-7065-4c20-86e0-f187760070a0 - - - - - -] Attempt 1 to provision port bd37f124-b9f8-42b1-859d-652033f0cbcc
2026-04-27 02:32:55.977 10 INFO neutron.wsgi [req-88f9318d-1e80-47c6-8f94-b82b8c84b0a3 req-21548814-496e-4e5d-b273-426d11dec52b 8f4a0e6c347e4983846d856c47d85f0a 32b22917c452452a92db088bc3c4cad0 - - 3a79f97034744e4c8e2df7c686d86d1f 3a79f97034744e4c8e2df7c686d86d1f] 199.204.45.222 "GET /v2.0/ports?network_id=b84eef33-dc7b-4e0c-8a5e-f7b1d7a1d9ee&device_owner=network%3Adhcp HTTP/1.1" status: 200 len: 210 time: 0.0446196
2026-04-27 02:32:56.012 9 INFO neutron.db.ovn_revision_numbers_db [None req-8a777c52-6c85-426c-95f4-695bbf545f1b 6f496ba2032947818d965156394145b4 01824bc50ce84eae95fd1a9e102a65c1 - - default default] Successfully bumped revision number for resource a2b17c52-d989-45ab-ab94-81c835368627 (type: floatingips) to 2
2026-04-27 02:32:56.047 9 INFO neutron.wsgi [None req-8a777c52-6c85-426c-95f4-695bbf545f1b 6f496ba2032947818d965156394145b4 01824bc50ce84eae95fd1a9e102a65c1 - - default default] 10.0.0.133 "PUT /v2.0/floatingips/a2b17c52-d989-45ab-ab94-81c835368627 HTTP/1.1" status: 200 len: 1050 time: 0.7987573
2026-04-27 02:32:56.055 9 WARNING neutron.scheduler.dhcp_agent_scheduler [None req-4833d534-268e-46ea-8e20-bcd73c23b217 914dd4db0ab649508cf1033617215d38 4af2726539924833aacb935f2fbb1410 - - default default] No more DHCP agents
2026-04-27 02:32:56.059 9 WARNING neutron.api.rpc.agentnotifiers.dhcp_rpc_agent_api [None req-4833d534-268e-46ea-8e20-bcd73c23b217 914dd4db0ab649508cf1033617215d38 4af2726539924833aacb935f2fbb1410 - - default default] Unable to schedule network d1ebac2e-8e17-4ad9-be1d-21f49a158628: no agents available; will retry on subsequent port and subnet creation events.
2026-04-27 02:32:56.076 10 INFO neutron.wsgi [req-88f9318d-1e80-47c6-8f94-b82b8c84b0a3 req-5b8b64fa-9b05-4a69-9844-fd40baeffe3c 8f4a0e6c347e4983846d856c47d85f0a 32b22917c452452a92db088bc3c4cad0 - - 3a79f97034744e4c8e2df7c686d86d1f 3a79f97034744e4c8e2df7c686d86d1f] 199.204.45.222 "GET /v2.0/networks/b84eef33-dc7b-4e0c-8a5e-f7b1d7a1d9ee?fields=segments HTTP/1.1" status: 200 len: 212 time: 0.0935037
2026-04-27 02:32:56.163 10 INFO neutron.wsgi [req-88f9318d-1e80-47c6-8f94-b82b8c84b0a3 req-bb662092-9680-4878-b01c-22388253b2c7 8f4a0e6c347e4983846d856c47d85f0a 32b22917c452452a92db088bc3c4cad0 - - 3a79f97034744e4c8e2df7c686d86d1f 3a79f97034744e4c8e2df7c686d86d1f] 199.204.45.222 "GET /v2.0/networks/b84eef33-dc7b-4e0c-8a5e-f7b1d7a1d9ee?fields=provider%3Aphysical_network&fields=provider%3Anetwork_type HTTP/1.1" status: 200 len: 277 time: 0.0813129
2026-04-27 02:32:56.191 10 INFO neutron.db.ovn_revision_numbers_db [None req-ede9ce04-00a6-47a0-8bd0-e92378d31ae3 914dd4db0ab649508cf1033617215d38 4af2726539924833aacb935f2fbb1410 - - default default] Successfully bumped revision number for resource 707e29d7-c668-49b8-8f69-1bdd0afe22fc (type: security_groups) to 1
2026-04-27 02:32:56.203 10 INFO neutron.db.ovn_revision_numbers_db [None req-ede9ce04-00a6-47a0-8bd0-e92378d31ae3 914dd4db0ab649508cf1033617215d38 4af2726539924833aacb935f2fbb1410 - - default default] Successfully bumped revision number for resource 51de052c-63b3-4e78-b191-2af1539e05fa (type: security_group_rules) to 0
2026-04-27 02:32:56.218 10 INFO neutron.db.ovn_revision_numbers_db [None req-ede9ce04-00a6-47a0-8bd0-e92378d31ae3 914dd4db0ab649508cf1033617215d38 4af2726539924833aacb935f2fbb1410 - - default default] Successfully bumped revision number for resource 618e793e-cb6d-4248-bd33-33b3148fc1aa (type: security_group_rules) to 0
2026-04-27 02:32:56.225 9 INFO neutron.db.ovn_revision_numbers_db [None req-4833d534-268e-46ea-8e20-bcd73c23b217 914dd4db0ab649508cf1033617215d38 4af2726539924833aacb935f2fbb1410 - - default default] Successfully bumped revision number for resource d2b46e28-0d9f-46ad-ba84-d00013b1610e (type: ports) to 1
2026-04-27 02:32:56.238 10 INFO neutron.db.ovn_revision_numbers_db [None req-ede9ce04-00a6-47a0-8bd0-e92378d31ae3 914dd4db0ab649508cf1033617215d38 4af2726539924833aacb935f2fbb1410 - - default default] Successfully bumped revision number for resource d639b910-3ac4-4a04-925a-3c5d2c3d150f (type: security_group_rules) to 0
2026-04-27 02:32:56.247 9 INFO neutron.wsgi [req-e451ebb7-a416-4e00-911e-a08b26332460 req-2fcac912-3656-4e50-b8f3-94bf6aebfa5e 6f496ba2032947818d965156394145b4 01824bc50ce84eae95fd1a9e102a65c1 - - default default] 10.0.0.199 "GET /v2.0/ports?device_id=fc3ee658-4556-41db-9755-bc951806afca HTTP/1.1" status: 200 len: 1174 time: 0.1564853
2026-04-27 02:32:56.253 10 INFO neutron.db.ovn_revision_numbers_db [None req-ede9ce04-00a6-47a0-8bd0-e92378d31ae3 914dd4db0ab649508cf1033617215d38 4af2726539924833aacb935f2fbb1410 - - default default] Successfully bumped revision number for resource e79d13ea-8c22-4d70-87a9-2307664b1da7 (type: security_group_rules) to 0
2026-04-27 02:32:56.263 9 INFO neutron.wsgi [None req-4833d534-268e-46ea-8e20-bcd73c23b217 914dd4db0ab649508cf1033617215d38 4af2726539924833aacb935f2fbb1410 - - default default] 10.0.0.133 "POST /v2.0/networks HTTP/1.1" status: 201 len: 948 time: 1.2242780
2026-04-27 02:32:56.279 10 INFO neutron.wsgi [None req-ede9ce04-00a6-47a0-8bd0-e92378d31ae3 914dd4db0ab649508cf1033617215d38 4af2726539924833aacb935f2fbb1410 - - default default] 10.0.0.133 "GET /v2.0/security-groups?tenant_id=d5e01f1e06c74633b3fb80d30f203df0&name=default HTTP/1.1" status: 200 len: 2996 time: 0.4566386
2026-04-27 02:32:56.333 9 INFO neutron.wsgi [req-e451ebb7-a416-4e00-911e-a08b26332460 req-57ba12ed-e656-4c46-86a2-122d5ece8e7a 6f496ba2032947818d965156394145b4 01824bc50ce84eae95fd1a9e102a65c1 - - default default] 10.0.0.199 "GET /v2.0/security-groups?id=e46032ca-3112-4682-9ea9-4398d947bf08&fields=id&fields=name HTTP/1.1" status: 200 len: 312 time: 0.0744398
2026-04-27 02:32:56.396 9 INFO neutron.db.ovn_revision_numbers_db [None req-af2f02a5-7065-4c20-86e0-f187760070a0 - - - - - -] Successfully bumped revision number for resource bd37f124-b9f8-42b1-859d-652033f0cbcc (type: ports) to 4
2026-04-27 02:32:56.491 10 WARNING neutron.scheduler.dhcp_agent_scheduler [None req-52ef6c86-7428-4171-986c-36696a29e293 914dd4db0ab649508cf1033617215d38 4af2726539924833aacb935f2fbb1410 - - default default] No more DHCP agents
2026-04-27 02:32:56.496 10 WARNING neutron.api.rpc.agentnotifiers.dhcp_rpc_agent_api [None req-52ef6c86-7428-4171-986c-36696a29e293 914dd4db0ab649508cf1033617215d38 4af2726539924833aacb935f2fbb1410 - - default default] Unable to schedule network d1ebac2e-8e17-4ad9-be1d-21f49a158628: no agents available; will retry on subsequent port and subnet creation events. /var/lib/openstack/lib/python3.10/site-packages/pycadf/identifier.py:71: UserWarning: Invalid uuid: neutron. To ensure interoperability, identifiers should be a valid uuid. warnings.warn(('Invalid uuid: %s. To ensure interoperability, '
2026-04-27 02:32:56.638 9 INFO neutron.wsgi [req-5245cdf9-536e-4bf2-bd44-3b2ccb035b94 req-19c93ab0-bd2f-4d9d-ae77-363398335cfe 27a3cdd003644dbf8a573684b2148d96 ec91e7349a0f41d0bf6ceae2638aac4e - - default default] 10.0.0.199 "GET /v2.0/ports?device_id=ba83a151-9d58-4483-bead-8bc5d69c2136 HTTP/1.1" status: 200 len: 1170 time: 0.0537415
2026-04-27 02:32:56.643 9 INFO neutron.plugins.ml2.drivers.ovn.mech_driver.mech_driver [None req-af2f02a5-7065-4c20-86e0-f187760070a0 - - - - - -] OVN reports status down for port: 56d02610-33b0-42c3-9bc0-6a0ec2dd8d27
2026-04-27 02:32:56.650 10 INFO neutron.wsgi [req-43a75fc2-c55d-4f53-8663-4a36f516d372 req-86398ddd-e8f9-4dd6-b223-228da93fb952 6f496ba2032947818d965156394145b4 01824bc50ce84eae95fd1a9e102a65c1 - - default default] 10.0.0.199 "GET /v2.0/ports?device_id=fc3ee658-4556-41db-9755-bc951806afca HTTP/1.1" status: 200 len: 1174 time: 0.0577996
2026-04-27 02:32:56.653 10 INFO neutron.wsgi [None req-ce7c83d9-5a46-4664-98e5-c67cd9aa7ab5 914dd4db0ab649508cf1033617215d38 4af2726539924833aacb935f2fbb1410 - - default default] 10.0.0.133 "DELETE /v2.0/security-groups/707e29d7-c668-49b8-8f69-1bdd0afe22fc HTTP/1.1" status: 204 len: 168 time: 0.3647559
2026-04-27 02:32:56.700 9 INFO neutron.wsgi [req-5245cdf9-536e-4bf2-bd44-3b2ccb035b94 req-07b8549a-a8c1-4b35-978b-1f14e8f3bb0c 27a3cdd003644dbf8a573684b2148d96 ec91e7349a0f41d0bf6ceae2638aac4e - - default default] 10.0.0.199 "GET /v2.0/security-groups?id=21e8c0a1-3d5b-4897-8418-080a8133507e&fields=id&fields=name HTTP/1.1" status: 200 len: 312 time: 0.0540195
2026-04-27 02:32:56.714 10 INFO neutron.wsgi [req-43a75fc2-c55d-4f53-8663-4a36f516d372 req-6a3de449-2af8-4e26-a36f-a0b28d5dca17 6f496ba2032947818d965156394145b4 01824bc50ce84eae95fd1a9e102a65c1 - - default default] 10.0.0.199 "GET /v2.0/security-groups?id=e46032ca-3112-4682-9ea9-4398d947bf08&fields=id&fields=name HTTP/1.1" status: 200 len: 312 time: 0.0539906
2026-04-27 02:32:56.971 9 INFO neutron.db.ovn_revision_numbers_db [None req-af2f02a5-7065-4c20-86e0-f187760070a0 - - - - - -] Successfully bumped revision number for resource 56d02610-33b0-42c3-9bc0-6a0ec2dd8d27 (type: ports) to 5
2026-04-27 02:32:56.982 10 INFO neutron.wsgi [req-2ca128a8-3241-4f6d-8dce-607be68562bc req-135907f4-e261-4625-927e-1b5ca8fbe516 6f496ba2032947818d965156394145b4 01824bc50ce84eae95fd1a9e102a65c1 - - default default] 199.204.45.222 "GET /v2.0/ports?device_id=fc3ee658-4556-41db-9755-bc951806afca HTTP/1.1" status: 200 len: 1172 time: 0.0429308
2026-04-27 02:32:57.143 10 INFO neutron.db.ovn_revision_numbers_db [None req-52ef6c86-7428-4171-986c-36696a29e293 914dd4db0ab649508cf1033617215d38 4af2726539924833aacb935f2fbb1410 - - default default] Successfully bumped revision number for resource d2b46e28-0d9f-46ad-ba84-d00013b1610e (type: ports) to 2
2026-04-27 02:32:57.194 10 INFO neutron.db.ovn_revision_numbers_db [None req-52ef6c86-7428-4171-986c-36696a29e293 914dd4db0ab649508cf1033617215d38 4af2726539924833aacb935f2fbb1410 - - default default] Successfully bumped revision number for resource 166cc201-90f9-45cd-8571-2b471d71158a (type: subnets) to 0
2026-04-27 02:32:57.210 10 INFO neutron.wsgi [None req-52ef6c86-7428-4171-986c-36696a29e293 914dd4db0ab649508cf1033617215d38 4af2726539924833aacb935f2fbb1410 - - default default] 10.0.0.133 "POST /v2.0/subnets HTTP/1.1" status: 201 len: 868 time: 0.9399910 /var/lib/openstack/lib/python3.10/site-packages/pycadf/identifier.py:71: UserWarning: Invalid uuid: neutron. To ensure interoperability, identifiers should be a valid uuid. warnings.warn(('Invalid uuid: %s. To ensure interoperability, '
2026-04-27 02:32:57.367 9 INFO neutron.notifiers.nova [-] Nova event matching ['req-167a8cb2-30c4-496c-ae96-19a328392905'] response: {'name': 'network-changed', 'server_uuid': 'fc3ee658-4556-41db-9755-bc951806afca', 'tag': '56d02610-33b0-42c3-9bc0-6a0ec2dd8d27', 'status': 'completed', 'code': 200}
2026-04-27 02:32:57.367 9 INFO neutron.notifiers.nova [-] Nova event matching ['req-167a8cb2-30c4-496c-ae96-19a328392905'] response: {'server_uuid': 'ba83a151-9d58-4483-bead-8bc5d69c2136', 'name': 'network-vif-plugged', 'status': 'completed', 'tag': 'bd37f124-b9f8-42b1-859d-652033f0cbcc', 'code': 200}
2026-04-27 02:32:57.367 9 INFO neutron.notifiers.nova [-] Nova event matching ['req-167a8cb2-30c4-496c-ae96-19a328392905'] response: {'server_uuid': 'ba83a151-9d58-4483-bead-8bc5d69c2136', 'name': 'network-vif-plugged', 'status': 'completed', 'tag': 'bd37f124-b9f8-42b1-859d-652033f0cbcc', 'code': 200}
2026-04-27 02:32:57.367 9 INFO neutron.notifiers.nova [-] Nova event matching ['req-167a8cb2-30c4-496c-ae96-19a328392905'] response: {'server_uuid': 'fc3ee658-4556-41db-9755-bc951806afca', 'name': 'network-vif-unplugged', 'status': 'completed', 'tag': '56d02610-33b0-42c3-9bc0-6a0ec2dd8d27', 'code': 200}
2026-04-27 02:32:57.367 9 INFO neutron.notifiers.nova [-] Nova event matching ['req-167a8cb2-30c4-496c-ae96-19a328392905'] response: {'server_uuid': 'fc3ee658-4556-41db-9755-bc951806afca', 'name': 'network-vif-plugged', 'status': 'completed', 'tag': '56d02610-33b0-42c3-9bc0-6a0ec2dd8d27', 'code': 200}
2026-04-27 02:32:57.435 9 INFO neutron.wsgi [req-1eb440db-a99c-4c78-ab88-f039654d0b16 req-c588697d-40e5-4804-a263-379179c7e687 8f4a0e6c347e4983846d856c47d85f0a 32b22917c452452a92db088bc3c4cad0 - - 3a79f97034744e4c8e2df7c686d86d1f 3a79f97034744e4c8e2df7c686d86d1f] 199.204.45.222 "GET /v2.0/ports?tenant_id=01824bc50ce84eae95fd1a9e102a65c1&device_id=fc3ee658-4556-41db-9755-bc951806afca HTTP/1.1" status: 200 len: 1411 time: 0.0417738
2026-04-27 02:32:57.477 10 INFO neutron.db.l3_db [req-2ca128a8-3241-4f6d-8dce-607be68562bc req-7e7632cd-5957-4f16-b273-b194e9725576 6f496ba2032947818d965156394145b4 01824bc50ce84eae95fd1a9e102a65c1 - - default default] Floating IP a2b17c52-d989-45ab-ab94-81c835368627 disassociated. External IP: 10.96.250.212, port: 56d02610-33b0-42c3-9bc0-6a0ec2dd8d27.
2026-04-27 02:32:57.657 10 INFO neutron.wsgi [req-2ca128a8-3241-4f6d-8dce-607be68562bc req-7e7632cd-5957-4f16-b273-b194e9725576 6f496ba2032947818d965156394145b4 01824bc50ce84eae95fd1a9e102a65c1 - - default default] 199.204.45.222 "DELETE /v2.0/ports/56d02610-33b0-42c3-9bc0-6a0ec2dd8d27 HTTP/1.1" status: 204 len: 173 time: 0.6654818
2026-04-27 02:32:57.700 10 INFO neutron.notifiers.nova [-] Nova event matching ['req-8455e804-b7a8-4f56-bae9-5c405561bccb'] response: {'server_uuid': 'fc3ee658-4556-41db-9755-bc951806afca', 'name': 'network-vif-deleted', 'tag': '56d02610-33b0-42c3-9bc0-6a0ec2dd8d27', 'status': 'completed', 'code': 200}
