2026-04-27 02:34:52.535 10 INFO neutron.wsgi [req-43d940b2-a774-4bd6-9841-24d61024843f req-31c047e0-4d6d-408b-a4b7-41ab12fe116a 8f4a0e6c347e4983846d856c47d85f0a 32b22917c452452a92db088bc3c4cad0 - - 3a79f97034744e4c8e2df7c686d86d1f 3a79f97034744e4c8e2df7c686d86d1f] 199.204.45.222 "GET /v2.0/networks/a5a35ea9-106d-403e-ac56-d746505956c7?fields=provider%3Aphysical_network&fields=provider%3Anetwork_type HTTP/1.1" status: 200 len: 277 time: 0.1199186
2026-04-27 02:34:52.536 10 INFO neutron.db.ovn_revision_numbers_db [None req-32c1c67a-b247-451a-aa79-1d9d165bc8b8 73ef32923907432aa5dd58e0aa271a05 ab6f9b44596745109909f1cc98b8fcd3 - - default default] Successfully bumped revision number for resource c75d05c0-e89c-4501-9d66-52ba32ab5c96 (type: ports) to 2
2026-04-27 02:34:52.595 10 INFO neutron.db.ovn_revision_numbers_db [None req-32c1c67a-b247-451a-aa79-1d9d165bc8b8 73ef32923907432aa5dd58e0aa271a05 ab6f9b44596745109909f1cc98b8fcd3 - - default default] Successfully bumped revision number for resource 10ea66f8-5bf5-4ce9-a7a6-2951dcee5fe6 (type: subnets) to 0
2026-04-27 02:34:52.614 10 INFO neutron.wsgi [req-16c5d2a0-5444-41b1-843c-6dc1204bf44c req-9da51c6f-45b2-491f-a84b-025a46dede55 8f4a0e6c347e4983846d856c47d85f0a 32b22917c452452a92db088bc3c4cad0 - - 3a79f97034744e4c8e2df7c686d86d1f 3a79f97034744e4c8e2df7c686d86d1f] 199.204.45.222 "GET /v2.0/ports?tenant_id=a88072e747ba499a957afe0a4e8a9532&device_id=567c6036-88e0-4d50-b91d-9f5b7d08d65e HTTP/1.1" status: 200 len: 1407 time: 0.0383523
2026-04-27 02:34:52.617 10 INFO neutron.wsgi [None req-32c1c67a-b247-451a-aa79-1d9d165bc8b8 73ef32923907432aa5dd58e0aa271a05 ab6f9b44596745109909f1cc98b8fcd3 - - default default] 10.0.0.133 "POST /v2.0/subnets HTTP/1.1" status: 201 len: 801 time: 1.2341840
2026-04-27 02:34:52.679 9 INFO neutron.pecan_wsgi.hooks.translation [None req-5c796bc5-6246-470e-9e4c-56fc657888fa d22ec39ea403481cb921ced74ce037a4 2777c63599254350a28c0f2a53dca9e3 - - default default] GET failed (client error): The resource could not be found.
2026-04-27 02:34:52.681 9 INFO neutron.wsgi [None req-5c796bc5-6246-470e-9e4c-56fc657888fa d22ec39ea403481cb921ced74ce037a4 2777c63599254350a28c0f2a53dca9e3 - - default default] 10.0.0.133 "GET /v2.0/networks/0dc457f3-0fbb-4584-83f7-eca0c6cf1835 HTTP/1.1" status: 404 len: 339 time: 0.0658360
2026-04-27 02:34:52.699 10 INFO neutron.wsgi [req-16c5d2a0-5444-41b1-843c-6dc1204bf44c req-9022fefa-5a64-4d09-a32e-c6c79dc8c325 8f4a0e6c347e4983846d856c47d85f0a 32b22917c452452a92db088bc3c4cad0 - - 3a79f97034744e4c8e2df7c686d86d1f 3a79f97034744e4c8e2df7c686d86d1f] 199.204.45.222 "GET /v2.0/networks?id=a5a35ea9-106d-403e-ac56-d746505956c7 HTTP/1.1" status: 200 len: 970 time: 0.0784702
2026-04-27 02:34:52.745 10 INFO neutron.wsgi [req-16c5d2a0-5444-41b1-843c-6dc1204bf44c req-35ec149e-db4c-4799-95c5-fc5adaaa8310 8f4a0e6c347e4983846d856c47d85f0a 32b22917c452452a92db088bc3c4cad0 - - 3a79f97034744e4c8e2df7c686d86d1f 3a79f97034744e4c8e2df7c686d86d1f] 199.204.45.222 "GET /v2.0/floatingips?fixed_ip_address=10.100.0.7&port_id=058d9565-3b4e-43f6-a6fd-cc434f6810d6 HTTP/1.1" status: 200 len: 217 time: 0.0374081
2026-04-27 02:34:52.809 10 INFO neutron.wsgi [req-16c5d2a0-5444-41b1-843c-6dc1204bf44c req-f7af9492-c809-48f7-9f9a-3ab23e113972 8f4a0e6c347e4983846d856c47d85f0a 32b22917c452452a92db088bc3c4cad0 - - 3a79f97034744e4c8e2df7c686d86d1f 3a79f97034744e4c8e2df7c686d86d1f] 199.204.45.222 "GET /v2.0/subnets?id=675acc32-561e-4b3f-b34d-34886683db55 HTTP/1.1" status: 200 len: 865 time: 0.0533538
2026-04-27 02:34:52.814 10 INFO neutron.plugins.ml2.drivers.ovn.mech_driver.mech_driver [None req-47a401a3-1ba8-47e9-990a-f89907c2c9fb - - - - - -] OVN reports status up for port: 058d9565-3b4e-43f6-a6fd-cc434f6810d6
2026-04-27 02:34:52.839 10 INFO neutron.wsgi [req-16c5d2a0-5444-41b1-843c-6dc1204bf44c req-007f0ebb-f3bc-4675-a53f-ba3ef31a0109 8f4a0e6c347e4983846d856c47d85f0a 32b22917c452452a92db088bc3c4cad0 - - 3a79f97034744e4c8e2df7c686d86d1f 3a79f97034744e4c8e2df7c686d86d1f] 199.204.45.222 "GET /v2.0/ports?network_id=a5a35ea9-106d-403e-ac56-d746505956c7&device_owner=network%3Adhcp HTTP/1.1" status: 200 len: 210 time: 0.0217056
2026-04-27 02:34:52.852 10 INFO neutron.plugins.ml2.plugin [None req-47a401a3-1ba8-47e9-990a-f89907c2c9fb - - - - - -] Attempt 1 to provision port 058d9565-3b4e-43f6-a6fd-cc434f6810d6
2026-04-27 02:34:52.946 10 INFO neutron.wsgi [req-16c5d2a0-5444-41b1-843c-6dc1204bf44c req-a192640a-a521-49b7-b5ac-107594d485fe 8f4a0e6c347e4983846d856c47d85f0a 32b22917c452452a92db088bc3c4cad0 - - 3a79f97034744e4c8e2df7c686d86d1f 3a79f97034744e4c8e2df7c686d86d1f] 199.204.45.222 "GET /v2.0/networks/a5a35ea9-106d-403e-ac56-d746505956c7?fields=segments HTTP/1.1" status: 200 len: 212 time: 0.1017878
2026-04-27 02:34:52.992 10 WARNING neutron.scheduler.dhcp_agent_scheduler [None req-1e6bb76b-9a38-4695-909e-6bbcaa735d85 73ef32923907432aa5dd58e0aa271a05 ab6f9b44596745109909f1cc98b8fcd3 - - default default] No more DHCP agents
2026-04-27 02:34:52.998 10 WARNING neutron.api.rpc.agentnotifiers.dhcp_rpc_agent_api [None req-1e6bb76b-9a38-4695-909e-6bbcaa735d85 73ef32923907432aa5dd58e0aa271a05 ab6f9b44596745109909f1cc98b8fcd3 - - default default] Unable to schedule network 0e0b81d8-3498-452d-ad0f-baa60c71c4bc: no agents available; will retry on subsequent port and subnet creation events.
2026-04-27 02:34:53.083 10 INFO neutron.wsgi [req-16c5d2a0-5444-41b1-843c-6dc1204bf44c req-a9759917-bc72-455d-8b57-88b56fb4e7a3 8f4a0e6c347e4983846d856c47d85f0a 32b22917c452452a92db088bc3c4cad0 - - 3a79f97034744e4c8e2df7c686d86d1f 3a79f97034744e4c8e2df7c686d86d1f] 199.204.45.222 "GET /v2.0/networks/a5a35ea9-106d-403e-ac56-d746505956c7?fields=provider%3Aphysical_network&fields=provider%3Anetwork_type HTTP/1.1" status: 200 len: 277 time: 0.1286805
2026-04-27 02:34:53.260 9 INFO neutron.wsgi [req-c979f02d-c5c1-4c17-9df1-11a5acfb2dd1 req-40873eec-e288-450e-bb1b-fabe4856d8ac d1be6725a04f476f93d2ef19a8c7f509 a88072e747ba499a957afe0a4e8a9532 - - default default] 10.0.0.199 "GET /v2.0/ports?device_id=567c6036-88e0-4d50-b91d-9f5b7d08d65e HTTP/1.1" status: 200 len: 1170 time: 0.0517557
2026-04-27 02:34:53.282 10 INFO neutron.db.ovn_revision_numbers_db [None req-47a401a3-1ba8-47e9-990a-f89907c2c9fb - - - - - -] Successfully bumped revision number for resource 058d9565-3b4e-43f6-a6fd-cc434f6810d6 (type: ports) to 4
2026-04-27 02:34:53.322 9 INFO neutron.wsgi [req-c979f02d-c5c1-4c17-9df1-11a5acfb2dd1 req-eda323cb-a8eb-455b-be39-bbf326291214 d1be6725a04f476f93d2ef19a8c7f509 a88072e747ba499a957afe0a4e8a9532 - - default default] 10.0.0.199 "GET /v2.0/security-groups?id=470948c0-0634-48ed-adfc-3a1e1f6c0344&fields=id&fields=name HTTP/1.1" status: 200 len: 286 time: 0.0542319
2026-04-27 02:34:53.566 10 INFO neutron.db.ovn_revision_numbers_db [None req-1e6bb76b-9a38-4695-909e-6bbcaa735d85 73ef32923907432aa5dd58e0aa271a05 ab6f9b44596745109909f1cc98b8fcd3 - - default default] Successfully bumped revision number for resource afd38b30-a13c-4bff-b959-77cec221e0a5 (type: ports) to 2
2026-04-27 02:34:53.609 10 INFO neutron.db.ovn_revision_numbers_db [None req-1e6bb76b-9a38-4695-909e-6bbcaa735d85 73ef32923907432aa5dd58e0aa271a05 ab6f9b44596745109909f1cc98b8fcd3 - - default default] Successfully bumped revision number for resource d82fee66-bf13-43ca-8199-bd91fc1403d9 (type: subnets) to 0
2026-04-27 02:34:53.625 9 INFO neutron.services.segments.plugin [-] Segment 5a4d548c-ae01-4410-9dbb-479dbc083457 resource provider aggregate not found
2026-04-27 02:34:53.629 9 INFO neutron.services.segments.plugin [-] Segment 5a4d548c-ae01-4410-9dbb-479dbc083457 resource provider aggregate not found
2026-04-27 02:34:53.632 10 INFO neutron.wsgi [None req-1e6bb76b-9a38-4695-909e-6bbcaa735d85 73ef32923907432aa5dd58e0aa271a05 ab6f9b44596745109909f1cc98b8fcd3 - - default default] 10.0.0.133 "POST /v2.0/subnets HTTP/1.1" status: 201 len: 801 time: 1.0099299 /var/lib/openstack/lib/python3.10/site-packages/pycadf/identifier.py:71: UserWarning: Invalid uuid: neutron. To ensure interoperability, identifiers should be a valid uuid. warnings.warn(('Invalid uuid: %s. To ensure interoperability, '
2026-04-27 02:34:53.642 9 INFO neutron.services.segments.plugin [-] Segment 5a4d548c-ae01-4410-9dbb-479dbc083457 resource provider not found; error: Placement Client Error (4xx): {"errors": [{"status": 404, "title": "Not Found", "detail": "The resource could not be found.\n\n No resource provider with uuid 5a4d548c-ae01-4410-9dbb-479dbc083457 found for delete ", "request_id": "req-8ded48fc-c7cc-4609-abb4-eaeebaf282d1"}]}
2026-04-27 02:34:53.646 9 INFO neutron.services.segments.plugin [-] Segment 5a4d548c-ae01-4410-9dbb-479dbc083457 resource provider not found; error: Placement Client Error (4xx): {"errors": [{"status": 404, "title": "Not Found", "detail": "The resource could not be found.\n\n No resource provider with uuid 5a4d548c-ae01-4410-9dbb-479dbc083457 found for delete ", "request_id": "req-88d20ea0-81c1-4261-b0cd-eac0885e1a39"}]}
2026-04-27 02:34:53.664 9 INFO neutron.wsgi [None req-9c58398b-09f1-463a-a196-ffe5b3e0785e c092edf6191d4903a47471d8c0a157a7 70a43bf0490642e79cbdae60d8ec4c8b - - default default] 10.0.0.133 "DELETE /v2.0/networks/0dc457f3-0fbb-4584-83f7-eca0c6cf1835 HTTP/1.1" status: 204 len: 168 time: 0.9783382
2026-04-27 02:34:53.684 9 INFO neutron.pecan_wsgi.hooks.translation [None req-af78937f-b854-4686-8d44-a0c7b6023993 c092edf6191d4903a47471d8c0a157a7 70a43bf0490642e79cbdae60d8ec4c8b - - default default] DELETE failed (client error): The resource could not be found.
2026-04-27 02:34:53.686 9 INFO neutron.wsgi [None req-af78937f-b854-4686-8d44-a0c7b6023993 c092edf6191d4903a47471d8c0a157a7 70a43bf0490642e79cbdae60d8ec4c8b - - default default] 10.0.0.133 "DELETE /v2.0/subnets/9dad1817-b5a2-4785-918a-64e649363dd3 HTTP/1.1" status: 404 len: 337 time: 0.0155494
2026-04-27 02:34:53.701 9 INFO neutron.pecan_wsgi.hooks.translation [None req-a2883638-dd05-4dd9-8a45-a58001d3869a c092edf6191d4903a47471d8c0a157a7 70a43bf0490642e79cbdae60d8ec4c8b - - default default] DELETE failed (client error): The resource could not be found.
2026-04-27 02:34:53.704 9 INFO neutron.wsgi [None req-a2883638-dd05-4dd9-8a45-a58001d3869a c092edf6191d4903a47471d8c0a157a7 70a43bf0490642e79cbdae60d8ec4c8b - - default default] 10.0.0.133 "DELETE /v2.0/subnets/252e59cb-1fda-4bd7-9c76-91c89742fe1b HTTP/1.1" status: 404 len: 337 time: 0.0134289
2026-04-27 02:34:53.720 9 INFO neutron.pecan_wsgi.hooks.translation [None req-04f3d872-bbac-4e05-ab43-1b132522982c c092edf6191d4903a47471d8c0a157a7 70a43bf0490642e79cbdae60d8ec4c8b - - default default] DELETE failed (client error): The resource could not be found.
2026-04-27 02:34:53.722 9 INFO neutron.wsgi [None req-04f3d872-bbac-4e05-ab43-1b132522982c c092edf6191d4903a47471d8c0a157a7 70a43bf0490642e79cbdae60d8ec4c8b - - default default] 10.0.0.133 "DELETE /v2.0/subnets/4dba3c95-2e76-49b3-8bfa-ae7613618d1e HTTP/1.1" status: 404 len: 337 time: 0.0146961
2026-04-27 02:34:54.205 10 INFO neutron.notifiers.nova [-] Nova event matching ['req-d91b1410-0c85-4f03-9092-4dda757c8bc8'] response: {'server_uuid': '567c6036-88e0-4d50-b91d-9f5b7d08d65e', 'name': 'network-vif-plugged', 'status': 'completed', 'tag': '058d9565-3b4e-43f6-a6fd-cc434f6810d6', 'code': 200}
2026-04-27 02:34:54.206 10 INFO neutron.notifiers.nova [-] Nova event matching ['req-d91b1410-0c85-4f03-9092-4dda757c8bc8'] response: {'server_uuid': '567c6036-88e0-4d50-b91d-9f5b7d08d65e', 'name': 'network-vif-plugged', 'status': 'completed', 'tag': '058d9565-3b4e-43f6-a6fd-cc434f6810d6', 'code': 200}
2026-04-27 02:34:54.244 10 INFO neutron.db.ovn_revision_numbers_db [None req-9b611c35-1bfb-49a7-9716-7c7759625515 73ef32923907432aa5dd58e0aa271a05 ab6f9b44596745109909f1cc98b8fcd3 - - default default] Successfully bumped revision number for resource de81554b-fdff-46b1-8d8b-634b22dfda9c (type: routers) to 1
2026-04-27 02:34:54.259 10 INFO neutron.wsgi [None req-9b611c35-1bfb-49a7-9716-7c7759625515 73ef32923907432aa5dd58e0aa271a05 ab6f9b44596745109909f1cc98b8fcd3 - - default default] 10.0.0.133 "POST /v2.0/routers HTTP/1.1" status: 201 len: 687 time: 0.6223364
2026-04-27 02:34:54.443 9 INFO neutron.wsgi [req-e1bb9ef4-a1e4-4037-9acc-45ed8723f18d req-0a4b9f50-6c27-4a1b-b0a8-116c0f7c7c93 d1be6725a04f476f93d2ef19a8c7f509 a88072e747ba499a957afe0a4e8a9532 - - default default] 10.0.0.199 "GET /v2.0/ports?device_id=567c6036-88e0-4d50-b91d-9f5b7d08d65e HTTP/1.1" status: 200 len: 1170 time: 0.0559888
2026-04-27 02:34:54.493 9 INFO neutron.wsgi [req-e1bb9ef4-a1e4-4037-9acc-45ed8723f18d req-3ad617b2-ccce-41fb-8f10-2c616bc57158 d1be6725a04f476f93d2ef19a8c7f509 a88072e747ba499a957afe0a4e8a9532 - - default default] 10.0.0.199 "GET /v2.0/security-groups?id=470948c0-0634-48ed-adfc-3a1e1f6c0344&fields=id&fields=name HTTP/1.1" status: 200 len: 286 time: 0.0455999
2026-04-27 02:34:54.678 10 WARNING neutron.scheduler.dhcp_agent_scheduler [None req-dbbbc3d5-780b-44ad-95b5-b6acc19c10f2 73ef32923907432aa5dd58e0aa271a05 ab6f9b44596745109909f1cc98b8fcd3 - - default default] No more DHCP agents
2026-04-27 02:34:54.681 10 WARNING neutron.api.rpc.agentnotifiers.dhcp_rpc_agent_api [None req-dbbbc3d5-780b-44ad-95b5-b6acc19c10f2 73ef32923907432aa5dd58e0aa271a05 ab6f9b44596745109909f1cc98b8fcd3 - - default default] Unable to schedule network 288d7b04-3b67-4f9d-bbe1-61b5208cafc1: no agents available; will retry on subsequent port and subnet creation events.
2026-04-27 02:34:54.734 9 INFO neutron.wsgi [None req-1efa224b-b628-42bc-8733-b6155f571f70 914dd4db0ab649508cf1033617215d38 4af2726539924833aacb935f2fbb1410 - - default default] 10.0.0.133 "GET /v2.0/security-groups?tenant_id=70a43bf0490642e79cbdae60d8ec4c8b&name=default HTTP/1.1" status: 200 len: 2996 time: 0.1847966
2026-04-27 02:34:54.838 10 INFO neutron.db.ovn_revision_numbers_db [None req-dbbbc3d5-780b-44ad-95b5-b6acc19c10f2 73ef32923907432aa5dd58e0aa271a05 ab6f9b44596745109909f1cc98b8fcd3 - - default default] Successfully bumped revision number for resource 80e4a5e7-de32-40fb-89c7-da23eb208c40 (type: ports) to 1
2026-04-27 02:34:54.973 9 INFO neutron.wsgi [None req-e5e3432c-9620-46a1-a1df-7ae5196ddd1d 914dd4db0ab649508cf1033617215d38 4af2726539924833aacb935f2fbb1410 - - default default] 10.0.0.133 "DELETE /v2.0/security-groups/1951fe06-a005-48d9-b449-a34332c30782 HTTP/1.1" status: 204 len: 168 time: 0.2330782
2026-04-27 02:34:55.230 9 INFO neutron.plugins.ml2.drivers.ovn.mech_driver.mech_driver [None req-af2f02a5-7065-4c20-86e0-f187760070a0 - - - - - -] OVN reports status up for port: 80e4a5e7-de32-40fb-89c7-da23eb208c40
2026-04-27 02:34:55.239 9 INFO neutron.plugins.ml2.plugin [None req-af2f02a5-7065-4c20-86e0-f187760070a0 - - - - - -] Attempt 1 to provision port 80e4a5e7-de32-40fb-89c7-da23eb208c40
2026-04-27 02:34:55.249 9 INFO neutron.db.ovn_revision_numbers_db [None req-94c81544-78bd-495b-a388-303042a151eb 914dd4db0ab649508cf1033617215d38 4af2726539924833aacb935f2fbb1410 - - default default] Successfully bumped revision number for resource f102a214-b73e-4132-834a-99567d32fd30 (type: security_groups) to 1
2026-04-27 02:34:55.257 10 INFO neutron.db.ovn_revision_numbers_db [None req-dbbbc3d5-780b-44ad-95b5-b6acc19c10f2 73ef32923907432aa5dd58e0aa271a05 ab6f9b44596745109909f1cc98b8fcd3 - - default default] Successfully bumped revision number for resource 80e4a5e7-de32-40fb-89c7-da23eb208c40 (type: router_ports) to 1
2026-04-27 02:34:55.269 9 INFO neutron.db.ovn_revision_numbers_db [None req-94c81544-78bd-495b-a388-303042a151eb 914dd4db0ab649508cf1033617215d38 4af2726539924833aacb935f2fbb1410 - - default default] Successfully bumped revision number for resource 18081ad2-a116-4613-978f-c42d34e558ed (type: security_group_rules) to 0
2026-04-27 02:34:55.284 9 INFO neutron.db.ovn_revision_numbers_db [None req-94c81544-78bd-495b-a388-303042a151eb 914dd4db0ab649508cf1033617215d38 4af2726539924833aacb935f2fbb1410 - - default default] Successfully bumped revision number for resource 38c37b1f-d4a1-49b9-8a78-b45126c61c35 (type: security_group_rules) to 0
2026-04-27 02:34:55.318 9 INFO neutron.db.ovn_revision_numbers_db [None req-94c81544-78bd-495b-a388-303042a151eb 914dd4db0ab649508cf1033617215d38 4af2726539924833aacb935f2fbb1410 - - default default] Successfully bumped revision number for resource becd0adc-ab1b-4c41-a9b6-186177deeecc (type: security_group_rules) to 0
2026-04-27 02:34:55.340 9 INFO neutron.db.ovn_revision_numbers_db [None req-94c81544-78bd-495b-a388-303042a151eb 914dd4db0ab649508cf1033617215d38 4af2726539924833aacb935f2fbb1410 - - default default] Successfully bumped revision number for resource ea5717bd-f313-4a38-b098-619b1acc16db (type: security_group_rules) to 0
2026-04-27 02:34:55.383 9 INFO neutron.wsgi [None req-94c81544-78bd-495b-a388-303042a151eb 914dd4db0ab649508cf1033617215d38 4af2726539924833aacb935f2fbb1410 - - default default] 10.0.0.133 "GET /v2.0/security-groups?tenant_id=2777c63599254350a28c0f2a53dca9e3&name=default HTTP/1.1" status: 200 len: 2996 time: 0.2915647
2026-04-27 02:34:55.420 10 INFO neutron.db.ovn_revision_numbers_db [None req-dbbbc3d5-780b-44ad-95b5-b6acc19c10f2 73ef32923907432aa5dd58e0aa271a05 ab6f9b44596745109909f1cc98b8fcd3 - - default default] Successfully bumped revision number for resource 80e4a5e7-de32-40fb-89c7-da23eb208c40 (type: ports) to 1
2026-04-27 02:34:55.495 10 WARNING neutron.scheduler.dhcp_agent_scheduler [None req-dbbbc3d5-780b-44ad-95b5-b6acc19c10f2 73ef32923907432aa5dd58e0aa271a05 ab6f9b44596745109909f1cc98b8fcd3 - - default default] No more DHCP agents
2026-04-27 02:34:55.497 10 WARNING neutron.api.rpc.agentnotifiers.dhcp_rpc_agent_api [None req-dbbbc3d5-780b-44ad-95b5-b6acc19c10f2 73ef32923907432aa5dd58e0aa271a05 ab6f9b44596745109909f1cc98b8fcd3 - - default default] Unable to schedule network 288d7b04-3b67-4f9d-bbe1-61b5208cafc1: no agents available; will retry on subsequent port and subnet creation events.
2026-04-27 02:34:55.556 9 INFO neutron.db.ovn_revision_numbers_db [None req-af2f02a5-7065-4c20-86e0-f187760070a0 - - - - - -] Successfully bumped revision number for resource 80e4a5e7-de32-40fb-89c7-da23eb208c40 (type: ports) to 2
2026-04-27 02:34:55.689 9 INFO neutron.db.ovn_revision_numbers_db [None req-af2f02a5-7065-4c20-86e0-f187760070a0 - - - - - -] Successfully bumped revision number for resource 80e4a5e7-de32-40fb-89c7-da23eb208c40 (type: router_ports) to 2
2026-04-27 02:34:55.720 10 INFO neutron.wsgi [req-0b411359-1f91-4d9b-bf87-9d8abfce7853 req-698562d2-5cf2-41ca-ae7c-629c7a48478e d1be6725a04f476f93d2ef19a8c7f509 a88072e747ba499a957afe0a4e8a9532 - - default default] 10.0.0.199 "GET /v2.0/ports?device_id=567c6036-88e0-4d50-b91d-9f5b7d08d65e HTTP/1.1" status: 200 len: 1170 time: 0.1309943
2026-04-27 02:34:55.739 10 INFO neutron.wsgi [None req-61a0f893-c473-4703-bfd7-fef44cf05b40 914dd4db0ab649508cf1033617215d38 4af2726539924833aacb935f2fbb1410 - - default default] 10.0.0.133 "DELETE /v2.0/security-groups/f102a214-b73e-4132-834a-99567d32fd30 HTTP/1.1" status: 204 len: 168 time: 0.3468006
2026-04-27 02:34:55.767 10 INFO neutron.db.ovn_revision_numbers_db [None req-dbbbc3d5-780b-44ad-95b5-b6acc19c10f2 73ef32923907432aa5dd58e0aa271a05 ab6f9b44596745109909f1cc98b8fcd3 - - default default] Successfully bumped revision number for resource 80e4a5e7-de32-40fb-89c7-da23eb208c40 (type: router_ports) to 2
2026-04-27 02:34:55.770 10 INFO neutron.wsgi [None req-dbbbc3d5-780b-44ad-95b5-b6acc19c10f2 73ef32923907432aa5dd58e0aa271a05 ab6f9b44596745109909f1cc98b8fcd3 - - default default] 10.0.0.133 "PUT /v2.0/routers/de81554b-fdff-46b1-8d8b-634b22dfda9c/add_router_interface HTTP/1.1" status: 200 len: 503 time: 1.5034187
2026-04-27 02:34:55.778 10 INFO neutron.wsgi [req-0b411359-1f91-4d9b-bf87-9d8abfce7853 req-4976561b-a883-40eb-867e-1257a928a163 d1be6725a04f476f93d2ef19a8c7f509 a88072e747ba499a957afe0a4e8a9532 - - default default] 10.0.0.199 "GET /v2.0/security-groups?id=470948c0-0634-48ed-adfc-3a1e1f6c0344&fields=id&fields=name HTTP/1.1" status: 200 len: 286 time: 0.0514522
2026-04-27 02:34:55.808 10 INFO neutron.wsgi [None req-d36747ec-4e0d-46b6-99ef-d7f42daf9e41 73ef32923907432aa5dd58e0aa271a05 ab6f9b44596745109909f1cc98b8fcd3 - - default default] 10.0.0.133 "GET /v2.0/ports/80e4a5e7-de32-40fb-89c7-da23eb208c40 HTTP/1.1" status: 200 len: 1137 time: 0.0327713
2026-04-27 02:34:56.032 9 INFO neutron.db.ovn_revision_numbers_db [None req-8b6e56da-928e-44b8-9022-60fe0615979a 914dd4db0ab649508cf1033617215d38 4af2726539924833aacb935f2fbb1410 - - default default] Successfully bumped revision number for resource ef6544f6-be7d-4de5-ae47-6ff1ea034a23 (type: security_groups) to 1
2026-04-27 02:34:56.048 9 INFO neutron.db.ovn_revision_numbers_db [None req-8b6e56da-928e-44b8-9022-60fe0615979a 914dd4db0ab649508cf1033617215d38 4af2726539924833aacb935f2fbb1410 - - default default] Successfully bumped revision number for resource 8541891d-7b73-4369-aff1-be0057f4c663 (type: security_group_rules) to 0
2026-04-27 02:34:56.065 9 INFO neutron.db.ovn_revision_numbers_db [None req-8b6e56da-928e-44b8-9022-60fe0615979a 914dd4db0ab649508cf1033617215d38 4af2726539924833aacb935f2fbb1410 - - default default] Successfully bumped revision number for resource 89e265a8-08fc-45a9-bfba-16d3bd78d0c7 (type: security_group_rules) to 0
2026-04-27 02:34:56.086 9 INFO neutron.db.ovn_revision_numbers_db [None req-8b6e56da-928e-44b8-9022-60fe0615979a 914dd4db0ab649508cf1033617215d38 4af2726539924833aacb935f2fbb1410 - - default default] Successfully bumped revision number for resource b99c5e9c-ee1d-4da0-a1f2-2b2737c8cd12 (type: security_group_rules) to 0
2026-04-27 02:34:56.102 9 INFO neutron.db.ovn_revision_numbers_db [None req-8b6e56da-928e-44b8-9022-60fe0615979a 914dd4db0ab649508cf1033617215d38 4af2726539924833aacb935f2fbb1410 - - default default] Successfully bumped revision number for resource c16dda7e-e6fa-4ca4-8ab5-2dfa71217a0e (type: security_group_rules) to 0
2026-04-27 02:34:56.132 9 INFO neutron.wsgi [None req-8b6e56da-928e-44b8-9022-60fe0615979a 914dd4db0ab649508cf1033617215d38 4af2726539924833aacb935f2fbb1410 - - default default] 10.0.0.133 "GET /v2.0/security-groups?tenant_id=6d4251b922cf45619ef7e6bad14f9642&name=default HTTP/1.1" status: 200 len: 2996 time: 0.2328944
2026-04-27 02:34:56.265 10 WARNING neutron.scheduler.dhcp_agent_scheduler [None req-a9b8cfc1-377d-45f5-8773-7bc120018797 73ef32923907432aa5dd58e0aa271a05 ab6f9b44596745109909f1cc98b8fcd3 - - default default] No more DHCP agents
2026-04-27 02:34:56.268 10 WARNING neutron.api.rpc.agentnotifiers.dhcp_rpc_agent_api [None req-a9b8cfc1-377d-45f5-8773-7bc120018797 73ef32923907432aa5dd58e0aa271a05 ab6f9b44596745109909f1cc98b8fcd3 - - default default] Unable to schedule network 0e0b81d8-3498-452d-ad0f-baa60c71c4bc: no agents available; will retry on subsequent port and subnet creation events.
2026-04-27 02:34:56.348 10 INFO neutron.plugins.ml2.drivers.ovn.mech_driver.mech_driver [None req-47a401a3-1ba8-47e9-990a-f89907c2c9fb - - - - - -] OVN reports status down for port: 058d9565-3b4e-43f6-a6fd-cc434f6810d6
2026-04-27 02:34:56.391 10 INFO neutron.wsgi [req-dcb44b8a-cb44-49da-a436-661f932321de req-6c9a71ea-9e1f-4d11-b3c4-8ee6cf1dd97f d1be6725a04f476f93d2ef19a8c7f509 a88072e747ba499a957afe0a4e8a9532 - - default default] 10.0.0.199 "GET /v2.0/ports?device_id=567c6036-88e0-4d50-b91d-9f5b7d08d65e HTTP/1.1" status: 200 len: 1170 time: 0.0835686
2026-04-27 02:34:56.402 9 INFO neutron.wsgi [None req-7c52d01d-5bc3-4dea-bdc8-aa84f090c365 914dd4db0ab649508cf1033617215d38 4af2726539924833aacb935f2fbb1410 - - default default] 10.0.0.133 "DELETE /v2.0/security-groups/ef6544f6-be7d-4de5-ae47-6ff1ea034a23 HTTP/1.1" status: 204 len: 168 time: 0.2610340
2026-04-27 02:34:56.465 10 INFO neutron.wsgi [req-dcb44b8a-cb44-49da-a436-661f932321de req-0aad39f8-d500-4a49-b231-f1f985b19ac1 d1be6725a04f476f93d2ef19a8c7f509 a88072e747ba499a957afe0a4e8a9532 - - default default] 10.0.0.199 "GET /v2.0/security-groups?id=470948c0-0634-48ed-adfc-3a1e1f6c0344&fields=id&fields=name HTTP/1.1" status: 200 len: 286 time: 0.0681112
2026-04-27 02:34:56.570 10 INFO neutron.notifiers.nova [-] Nova event matching ['req-37854819-a517-4736-a5a1-8fd8a3759520'] response: {'server_uuid': '567c6036-88e0-4d50-b91d-9f5b7d08d65e', 'name': 'network-vif-unplugged', 'status': 'completed', 'tag': '058d9565-3b4e-43f6-a6fd-cc434f6810d6', 'code': 200}
2026-04-27 02:34:56.592 10 INFO neutron.db.ovn_revision_numbers_db [None req-a9b8cfc1-377d-45f5-8773-7bc120018797 73ef32923907432aa5dd58e0aa271a05 ab6f9b44596745109909f1cc98b8fcd3 - - default default] Successfully bumped revision number for resource 5d868385-ef1e-4984-aa99-084269dbbc61 (type: ports) to 1
2026-04-27 02:34:56.677 9 INFO neutron.wsgi [req-dc3c0db1-73c2-4978-844e-c8466ea9c886 req-71281957-ad48-4c0c-b34e-da9e45c493b3 8f4a0e6c347e4983846d856c47d85f0a 32b22917c452452a92db088bc3c4cad0 - - 3a79f97034744e4c8e2df7c686d86d1f 3a79f97034744e4c8e2df7c686d86d1f] 10.0.0.147 "GET /v2.0/ports?device_id=d205a122-9768-4cb3-854e-1947ff2fa780 HTTP/1.1" status: 200 len: 1409 time: 0.0339611
2026-04-27 02:34:56.688 10 INFO neutron.wsgi [req-b21a8c9f-bb2d-482e-b4cb-69c6f9184f14 req-3ee53b2e-f375-42ab-b18d-8a1ed99742d1 d1be6725a04f476f93d2ef19a8c7f509 a88072e747ba499a957afe0a4e8a9532 - - default default] 199.204.45.222 "GET /v2.0/ports?device_id=567c6036-88e0-4d50-b91d-9f5b7d08d65e HTTP/1.1" status: 200 len: 1168 time: 0.0624404
2026-04-27 02:34:56.720 9 INFO neutron.wsgi [req-dc3c0db1-73c2-4978-844e-c8466ea9c886 req-a2ba4002-f7a0-42cc-8ba8-68f8f47ef3ac 8f4a0e6c347e4983846d856c47d85f0a 32b22917c452452a92db088bc3c4cad0 - - 3a79f97034744e4c8e2df7c686d86d1f 3a79f97034744e4c8e2df7c686d86d1f] 10.0.0.147 "GET /v2.0/security-groups?id=19896fbe-29e3-4a7d-a7b2-4aaca8ed8c93&fields=id&fields=name HTTP/1.1" status: 200 len: 312 time: 0.0375829
2026-04-27 02:34:56.916 10 INFO neutron.db.ovn_revision_numbers_db [None req-47a401a3-1ba8-47e9-990a-f89907c2c9fb - - - - - -] Successfully bumped revision number for resource 058d9565-3b4e-43f6-a6fd-cc434f6810d6 (type: ports) to 5
2026-04-27 02:34:57.197 10 INFO neutron.wsgi [req-b21a8c9f-bb2d-482e-b4cb-69c6f9184f14 req-1cd70e3f-21a1-41d5-b157-89e28088c2e6 d1be6725a04f476f93d2ef19a8c7f509 a88072e747ba499a957afe0a4e8a9532 - - default default] 199.204.45.222 "DELETE /v2.0/ports/058d9565-3b4e-43f6-a6fd-cc434f6810d6 HTTP/1.1" status: 204 len: 173 time: 0.5036366
2026-04-27 02:34:57.287 10 INFO neutron.plugins.ml2.drivers.ovn.mech_driver.mech_driver [None req-47a401a3-1ba8-47e9-990a-f89907c2c9fb - - - - - -] OVN reports status up for port: 5d868385-ef1e-4984-aa99-084269dbbc61
2026-04-27 02:34:57.293 10 INFO neutron.plugins.ml2.plugin [None req-47a401a3-1ba8-47e9-990a-f89907c2c9fb - - - - - -] Attempt 1 to provision port 5d868385-ef1e-4984-aa99-084269dbbc61
2026-04-27 02:34:57.327 10 INFO neutron.db.ovn_revision_numbers_db [None req-a9b8cfc1-377d-45f5-8773-7bc120018797 73ef32923907432aa5dd58e0aa271a05 ab6f9b44596745109909f1cc98b8fcd3 - - default default] Successfully bumped revision number for resource 5d868385-ef1e-4984-aa99-084269dbbc61 (type: router_ports) to 1
2026-04-27 02:34:57.546 10 INFO neutron.db.ovn_revision_numbers_db [None req-a9b8cfc1-377d-45f5-8773-7bc120018797 73ef32923907432aa5dd58e0aa271a05 ab6f9b44596745109909f1cc98b8fcd3 - - default default] Successfully bumped revision number for resource 5d868385-ef1e-4984-aa99-084269dbbc61 (type: ports) to 1
2026-04-27 02:34:57.569 9 INFO neutron.wsgi [req-6eba69a5-b87d-4a12-b85e-97b1047e4ce8 req-db01efc1-603c-4035-9792-a95ac049ccf1 d1be6725a04f476f93d2ef19a8c7f509 a88072e747ba499a957afe0a4e8a9532 - - default default] 10.0.0.199 "GET /v2.0/ports?device_id=567c6036-88e0-4d50-b91d-9f5b7d08d65e HTTP/1.1" status: 200 len: 210 time: 0.0228181
2026-04-27 02:34:57.652 10 WARNING neutron.scheduler.dhcp_agent_scheduler [None req-a9b8cfc1-377d-45f5-8773-7bc120018797 73ef32923907432aa5dd58e0aa271a05 ab6f9b44596745109909f1cc98b8fcd3 - - default default] No more DHCP agents
2026-04-27 02:34:57.654 10 WARNING neutron.api.rpc.agentnotifiers.dhcp_rpc_agent_api [None req-a9b8cfc1-377d-45f5-8773-7bc120018797 73ef32923907432aa5dd58e0aa271a05 ab6f9b44596745109909f1cc98b8fcd3 - - default default] Unable to schedule network 0e0b81d8-3498-452d-ad0f-baa60c71c4bc: no agents available; will retry on subsequent port and subnet creation events.
2026-04-27 02:34:57.701 10 INFO neutron.db.ovn_revision_numbers_db [None req-47a401a3-1ba8-47e9-990a-f89907c2c9fb - - - - - -] Successfully bumped revision number for resource 5d868385-ef1e-4984-aa99-084269dbbc61 (type: ports) to 2
2026-04-27 02:34:57.912 9 INFO neutron.wsgi [req-f7befea4-55b7-4b2d-a51b-ffdedd60bdbc req-bc67ce0e-0a9f-4adb-b83f-30dd70e4542c 9ba1f203861b4c82a83a0f2b61e049ab b3a21a1a8cb74bed916834158e95ec44 - - default default] 10.0.0.199 "GET /v2.0/ports?device_id=d205a122-9768-4cb3-854e-1947ff2fa780 HTTP/1.1" status: 200 len: 1170 time: 0.1026626
2026-04-27 02:34:57.975 9 INFO neutron.wsgi [req-f7befea4-55b7-4b2d-a51b-ffdedd60bdbc req-ba3e5345-c151-41a3-ab4c-6656ce6d816e 9ba1f203861b4c82a83a0f2b61e049ab b3a21a1a8cb74bed916834158e95ec44 - - default default] 10.0.0.199 "GET /v2.0/security-groups?id=19896fbe-29e3-4a7d-a7b2-4aaca8ed8c93&fields=id&fields=name HTTP/1.1" status: 200 len: 312 time: 0.0552745 /var/lib/openstack/lib/python3.10/site-packages/pycadf/identifier.py:71: UserWarning: Invalid uuid: neutron. To ensure interoperability, identifiers should be a valid uuid. warnings.warn(('Invalid uuid: %s. To ensure interoperability, '
2026-04-27 02:34:58.210 10 INFO neutron.db.ovn_revision_numbers_db [None req-47a401a3-1ba8-47e9-990a-f89907c2c9fb - - - - - -] Successfully bumped revision number for resource 5d868385-ef1e-4984-aa99-084269dbbc61 (type: router_ports) to 2
2026-04-27 02:34:58.255 10 INFO neutron.db.ovn_revision_numbers_db [None req-a9b8cfc1-377d-45f5-8773-7bc120018797 73ef32923907432aa5dd58e0aa271a05 ab6f9b44596745109909f1cc98b8fcd3 - - default default] Successfully bumped revision number for resource 5d868385-ef1e-4984-aa99-084269dbbc61 (type: router_ports) to 2
2026-04-27 02:34:58.258 10 INFO neutron.wsgi [None req-a9b8cfc1-377d-45f5-8773-7bc120018797 73ef32923907432aa5dd58e0aa271a05 ab6f9b44596745109909f1cc98b8fcd3 - - default default] 10.0.0.133 "PUT /v2.0/routers/de81554b-fdff-46b1-8d8b-634b22dfda9c/add_router_interface HTTP/1.1" status: 200 len: 503 time: 2.4443123
2026-04-27 02:34:58.298 10 INFO neutron.wsgi [req-8d8985f5-e191-475c-bcd6-8cb9eff33fec req-f238540b-d440-4d15-9be4-26d3d9bb7cb1 9ba1f203861b4c82a83a0f2b61e049ab b3a21a1a8cb74bed916834158e95ec44 - - default default] 199.204.45.222 "GET /v2.0/ports?device_id=d205a122-9768-4cb3-854e-1947ff2fa780 HTTP/1.1" status: 200 len: 1170 time: 0.1457291
2026-04-27 02:34:58.374 9 INFO neutron.wsgi [None req-95a8e04c-a88a-4df6-b82c-d40c9a9aeaf9 73ef32923907432aa5dd58e0aa271a05 ab6f9b44596745109909f1cc98b8fcd3 - - default default] 10.0.0.133 "GET /v2.0/ports/5d868385-ef1e-4984-aa99-084269dbbc61 HTTP/1.1" status: 200 len: 1137 time: 0.1101375
2026-04-27 02:34:58.411 9 INFO neutron.wsgi [None req-2f15022d-5553-49b0-a30e-f7fc6412b4d6 73ef32923907432aa5dd58e0aa271a05 ab6f9b44596745109909f1cc98b8fcd3 - - default default] 10.0.0.133 "GET /v2.0/ports/5d868385-ef1e-4984-aa99-084269dbbc61 HTTP/1.1" status: 200 len: 1137 time: 0.0337760
2026-04-27 02:34:58.624 10 INFO neutron.notifiers.nova [-] Nova event matching ['req-ed09155d-79b6-4509-a522-278905c62ce4'] response: {'server_uuid': '567c6036-88e0-4d50-b91d-9f5b7d08d65e', 'name': 'network-vif-plugged', 'status': 'completed', 'tag': '058d9565-3b4e-43f6-a6fd-cc434f6810d6', 'code': 200}
2026-04-27 02:34:58.624 10 INFO neutron.notifiers.nova [-] Nova event matching ['req-ed09155d-79b6-4509-a522-278905c62ce4'] response: {'server_uuid': '567c6036-88e0-4d50-b91d-9f5b7d08d65e', 'name': 'network-vif-deleted', 'tag': '058d9565-3b4e-43f6-a6fd-cc434f6810d6', 'status': 'completed', 'code': 200}
2026-04-27 02:34:58.652 10 INFO neutron.db.l3_db [req-8d8985f5-e191-475c-bcd6-8cb9eff33fec req-8c624d0a-2227-470c-adfb-708ebdf850c1 9ba1f203861b4c82a83a0f2b61e049ab b3a21a1a8cb74bed916834158e95ec44 - - default default] Floating IP 8bddd531-f1df-4cb0-9653-dd8d67536b5a disassociated. External IP: 10.96.250.206, port: 38b2a187-cfee-4c5a-b5fa-3214f6cd0fc0.
2026-04-27 02:34:58.822 10 INFO neutron.wsgi [req-8d8985f5-e191-475c-bcd6-8cb9eff33fec req-8c624d0a-2227-470c-adfb-708ebdf850c1 9ba1f203861b4c82a83a0f2b61e049ab b3a21a1a8cb74bed916834158e95ec44 - - default default] 199.204.45.222 "DELETE /v2.0/ports/38b2a187-cfee-4c5a-b5fa-3214f6cd0fc0 HTTP/1.1" status: 204 len: 173 time: 0.5192182
2026-04-27 02:34:59.095 10 INFO neutron.wsgi [req-2cc80e31-0e76-4633-a2fd-24b00d375bd1 req-82d29428-e49f-468e-b2e2-a21b4506db14 9ba1f203861b4c82a83a0f2b61e049ab b3a21a1a8cb74bed916834158e95ec44 - - default default] 10.0.0.199 "GET /v2.0/ports?device_id=d205a122-9768-4cb3-854e-1947ff2fa780 HTTP/1.1" status: 200 len: 210 time: 0.0243821
2026-04-27 02:34:59.114 9 INFO neutron.wsgi [None req-b05e3e59-e0cd-4028-9af9-a129bdb7e3a5 73ef32923907432aa5dd58e0aa271a05 ab6f9b44596745109909f1cc98b8fcd3 - - default default] 10.0.0.133 "PUT /v2.0/routers/de81554b-fdff-46b1-8d8b-634b22dfda9c/remove_router_interface HTTP/1.1" status: 200 len: 503 time: 0.6961739
2026-04-27 02:34:59.204 10 INFO neutron.wsgi [None req-f95e201e-c524-4145-9b22-58c06f5c004d 73ef32923907432aa5dd58e0aa271a05 ab6f9b44596745109909f1cc98b8fcd3 - - default default] 10.0.0.133 "GET /v2.0/ports/80e4a5e7-de32-40fb-89c7-da23eb208c40 HTTP/1.1" status: 200 len: 1137 time: 0.0849979
2026-04-27 02:34:59.814 10 INFO neutron.wsgi [None req-7698f896-81d4-486f-8ba4-34f16ab6200b 73ef32923907432aa5dd58e0aa271a05 ab6f9b44596745109909f1cc98b8fcd3 - - default default] 10.0.0.133 "PUT /v2.0/routers/de81554b-fdff-46b1-8d8b-634b22dfda9c/remove_router_interface HTTP/1.1" status: 200 len: 503 time: 0.6053209 /var/lib/openstack/lib/python3.10/site-packages/pycadf/identifier.py:71: UserWarning: Invalid uuid: neutron. To ensure interoperability, identifiers should be a valid uuid. warnings.warn(('Invalid uuid: %s. To ensure interoperability, '
2026-04-27 02:34:59.861 10 INFO neutron.wsgi [None req-7ef4b09c-0fe2-4b12-8c22-e40d21cc64f6 73ef32923907432aa5dd58e0aa271a05 ab6f9b44596745109909f1cc98b8fcd3 - - default default] 10.0.0.133 "GET /v2.0/ports?device_id=de81554b-fdff-46b1-8d8b-634b22dfda9c HTTP/1.1" status: 200 len: 205 time: 0.0423529
2026-04-27 02:35:00.133 10 INFO neutron.wsgi [None req-91072717-82cb-46b6-a77c-f470323599fb 73ef32923907432aa5dd58e0aa271a05 ab6f9b44596745109909f1cc98b8fcd3 - - default default] 10.0.0.133 "DELETE /v2.0/routers/de81554b-fdff-46b1-8d8b-634b22dfda9c HTTP/1.1" status: 204 len: 168 time: 0.2673020 /var/lib/openstack/lib/python3.10/site-packages/pycadf/identifier.py:71: UserWarning: Invalid uuid: neutron. To ensure interoperability, identifiers should be a valid uuid. warnings.warn(('Invalid uuid: %s. To ensure interoperability, '
2026-04-27 02:35:00.345 9 INFO neutron.wsgi [None req-92fce0e6-075d-40dd-a1e3-228211ecfb16 9ba1f203861b4c82a83a0f2b61e049ab b3a21a1a8cb74bed916834158e95ec44 - - default default] 10.0.0.133 "DELETE /v2.0/security-groups/19896fbe-29e3-4a7d-a7b2-4aaca8ed8c93 HTTP/1.1" status: 204 len: 168 time: 0.1828604
2026-04-27 02:35:00.429 10 INFO neutron.wsgi [None req-db071f14-8e6b-4da9-a179-c9463e5200c5 73ef32923907432aa5dd58e0aa271a05 ab6f9b44596745109909f1cc98b8fcd3 - - default default] 10.0.0.133 "DELETE /v2.0/subnets/d82fee66-bf13-43ca-8199-bd91fc1403d9 HTTP/1.1" status: 204 len: 168 time: 0.2851710
2026-04-27 02:35:00.667 10 INFO neutron.notifiers.nova [-] Nova event matching ['req-90b77fdc-01d1-41b3-8eed-864de7439973'] response: {'server_uuid': 'd205a122-9768-4cb3-854e-1947ff2fa780', 'name': 'network-vif-deleted', 'tag': '38b2a187-cfee-4c5a-b5fa-3214f6cd0fc0', 'status': 'completed', 'code': 200}
2026-04-27 02:35:00.731 10 INFO neutron.wsgi [None req-2e0b9039-2e3a-4a72-b4ef-833051c3e9d8 73ef32923907432aa5dd58e0aa271a05 ab6f9b44596745109909f1cc98b8fcd3 - - default default] 10.0.0.133 "DELETE /v2.0/subnets/10ea66f8-5bf5-4ce9-a7a6-2951dcee5fe6 HTTP/1.1" status: 204 len: 168 time: 0.2962840
2026-04-27 02:35:00.809 9 INFO neutron.wsgi [None req-b9d10a18-3c02-409c-8878-10ac15c4cce2 9ba1f203861b4c82a83a0f2b61e049ab b3a21a1a8cb74bed916834158e95ec44 - - default default] 10.0.0.133 "DELETE /v2.0/floatingips/8bddd531-f1df-4cb0-9653-dd8d67536b5a HTTP/1.1" status: 204 len: 168 time: 0.4081600
2026-04-27 02:35:01.003 9 INFO neutron.wsgi [req-97c975c2-598d-4124-bf69-e11d38d0a63d req-00811dc3-0c2e-4264-98d6-5c87eddac12e 9ba1f203861b4c82a83a0f2b61e049ab b3a21a1a8cb74bed916834158e95ec44 - - default default] 10.0.0.199 "GET /v2.0/ports?device_id=45b624a8-a815-4dfb-bfe4-0b0361e6f280 HTTP/1.1" status: 200 len: 1174 time: 0.0562630
2026-04-27 02:35:01.073 9 INFO neutron.wsgi [req-97c975c2-598d-4124-bf69-e11d38d0a63d req-761820ae-f4e9-42b1-bfd5-a2ab1126e4a5 9ba1f203861b4c82a83a0f2b61e049ab b3a21a1a8cb74bed916834158e95ec44 - - default default] 10.0.0.199 "GET /v2.0/security-groups?id=865f3149-09c9-42ec-a4b0-ff621690d07d&fields=id&fields=name HTTP/1.1" status: 200 len: 312 time: 0.0602183
2026-04-27 02:35:01.165 9 WARNING neutron.plugins.ml2.drivers.ovn.mech_driver.ovsdb.ovn_client [None req-af2f02a5-7065-4c20-86e0-f187760070a0 - - - - - -] No port found with ID 80e4a5e7-de32-40fb-89c7-da23eb208c40: RuntimeError: No port found with ID 80e4a5e7-de32-40fb-89c7-da23eb208c40
2026-04-27 02:35:01.314 10 INFO neutron.db.ovn_revision_numbers_db [None req-8f324d30-1918-4669-9992-e9c975280a46 a6dc9ee47e3744a59666a164a3056454 0c7676e043d6404db5b0a60ded21d4b1 - - default default] Successfully bumped revision number for resource 5aeab3fa-0a3c-456b-9ef5-a380ee6e44bc (type: security_groups) to 1
2026-04-27 02:35:01.366 10 INFO neutron.db.ovn_revision_numbers_db [None req-8f324d30-1918-4669-9992-e9c975280a46 a6dc9ee47e3744a59666a164a3056454 0c7676e043d6404db5b0a60ded21d4b1 - - default default] Successfully bumped revision number for resource 074dca5c-1ecc-46f3-a956-0f72bb4c4a01 (type: security_group_rules) to 0
2026-04-27 02:35:01.408 10 INFO neutron.db.ovn_revision_numbers_db [None req-8f324d30-1918-4669-9992-e9c975280a46 a6dc9ee47e3744a59666a164a3056454 0c7676e043d6404db5b0a60ded21d4b1 - - default default] Successfully bumped revision number for resource 099f3442-8f54-443d-9c85-dcb38d630f8e (type: security_group_rules) to 0
2026-04-27 02:35:01.436 10 INFO neutron.db.ovn_revision_numbers_db [None req-8f324d30-1918-4669-9992-e9c975280a46 a6dc9ee47e3744a59666a164a3056454 0c7676e043d6404db5b0a60ded21d4b1 - - default default] Successfully bumped revision number for resource 4ab5ba14-93f5-4f79-a417-63ffc3704c43 (type: security_group_rules) to 0
2026-04-27 02:35:01.476 10 INFO neutron.db.ovn_revision_numbers_db [None req-8f324d30-1918-4669-9992-e9c975280a46 a6dc9ee47e3744a59666a164a3056454 0c7676e043d6404db5b0a60ded21d4b1 - - default default] Successfully bumped revision number for resource eddaaf02-0fa9-4b39-a423-aa019f1c86c1 (type: security_group_rules) to 0
2026-04-27 02:35:01.542 10 INFO neutron.db.segments_db [None req-8f324d30-1918-4669-9992-e9c975280a46 a6dc9ee47e3744a59666a164a3056454 0c7676e043d6404db5b0a60ded21d4b1 - - default default] Added segment 8e2830e5-cb28-44b5-b95f-535160862a5c of type geneve for network a2985d7f-9927-465d-88f7-c92119db3cae
2026-04-27 02:35:01.593 10 INFO neutron.services.segments.plugin [-] Segment 4c2389f0-9685-4164-8bbe-7e7db0d4a320 resource provider aggregate not found
2026-04-27 02:35:01.600 10 INFO neutron.services.segments.plugin [-] Segment 4c2389f0-9685-4164-8bbe-7e7db0d4a320 resource provider aggregate not found
2026-04-27 02:35:01.623 10 INFO neutron.services.segments.plugin [-] Segment 4c2389f0-9685-4164-8bbe-7e7db0d4a320 resource provider not found; error: Placement Client Error (4xx): {"errors": [{"status": 404, "title": "Not Found", "detail": "The resource could not be found.\n\n No resource provider with uuid 4c2389f0-9685-4164-8bbe-7e7db0d4a320 found for delete ", "request_id": "req-4316c9b3-a115-44c5-b566-68d4b49632d4"}]}
2026-04-27 02:35:01.624 10 INFO neutron.services.segments.plugin [-] Segment 4c2389f0-9685-4164-8bbe-7e7db0d4a320 resource provider not found; error: Placement Client Error (4xx): {"errors": [{"status": 404, "title": "Not Found", "detail": "The resource could not be found.\n\n No resource provider with uuid 4c2389f0-9685-4164-8bbe-7e7db0d4a320 found for delete ", "request_id": "req-bdf54620-eba5-4a34-9863-511ce4693d99"}]}
2026-04-27 02:35:01.677 10 INFO neutron.wsgi [None req-1ff4f2bb-c883-4538-be8a-d4480c51fcef 914dd4db0ab649508cf1033617215d38 4af2726539924833aacb935f2fbb1410 - - default default] 10.0.0.133 "PUT /v2.0/routers/3ed6172f-0102-4689-ae5f-c258208c8712/remove_router_interface HTTP/1.1" status: 200 len: 503 time: 1.8471043 /var/lib/openstack/lib/python3.10/site-packages/pycadf/identifier.py:71: UserWarning: Invalid uuid: neutron. To ensure interoperability, identifiers should be a valid uuid. warnings.warn(('Invalid uuid: %s. To ensure interoperability, '
2026-04-27 02:35:01.691 10 INFO neutron.wsgi [None req-b767f246-f172-4f7d-b283-954868d9bf72 73ef32923907432aa5dd58e0aa271a05 ab6f9b44596745109909f1cc98b8fcd3 - - default default] 10.0.0.133 "DELETE /v2.0/networks/0e0b81d8-3498-452d-ad0f-baa60c71c4bc HTTP/1.1" status: 204 len: 168 time: 0.9544432 /var/lib/openstack/lib/python3.10/site-packages/pycadf/identifier.py:71: UserWarning: Invalid uuid: neutron. To ensure interoperability, identifiers should be a valid uuid. warnings.warn(('Invalid uuid: %s. To ensure interoperability, '
2026-04-27 02:35:01.811 10 INFO neutron.db.ovn_revision_numbers_db [None req-8f324d30-1918-4669-9992-e9c975280a46 a6dc9ee47e3744a59666a164a3056454 0c7676e043d6404db5b0a60ded21d4b1 - - default default] Successfully bumped revision number for resource a2985d7f-9927-465d-88f7-c92119db3cae (type: networks) to 1
2026-04-27 02:35:02.037 9 INFO neutron.plugins.ml2.drivers.ovn.mech_driver.mech_driver [None req-af2f02a5-7065-4c20-86e0-f187760070a0 - - - - - -] OVN reports status down for port: 6d4d65e0-aaff-4e01-a4ee-68698ea7b991
2026-04-27 02:35:02.048 10 WARNING neutron.scheduler.dhcp_agent_scheduler [None req-8f324d30-1918-4669-9992-e9c975280a46 a6dc9ee47e3744a59666a164a3056454 0c7676e043d6404db5b0a60ded21d4b1 - - default default] No more DHCP agents
2026-04-27 02:35:02.052 10 WARNING neutron.api.rpc.agentnotifiers.dhcp_rpc_agent_api [None req-8f324d30-1918-4669-9992-e9c975280a46 a6dc9ee47e3744a59666a164a3056454 0c7676e043d6404db5b0a60ded21d4b1 - - default default] Unable to schedule network a2985d7f-9927-465d-88f7-c92119db3cae: no agents available; will retry on subsequent port and subnet creation events.
2026-04-27 02:35:02.185 9 INFO neutron.notifiers.nova [-] Nova event matching ['req-8fc59df8-0881-4729-87d8-1256850619c9'] response: {'server_uuid': '45b624a8-a815-4dfb-bfe4-0b0361e6f280', 'name': 'network-vif-unplugged', 'status': 'completed', 'tag': '6d4d65e0-aaff-4e01-a4ee-68698ea7b991', 'code': 200}
2026-04-27 02:35:02.223 10 INFO neutron.wsgi [req-ba7ef791-ee28-403d-b86e-1de7941c8b2b req-2eb00e3a-8cfd-4ace-a622-c6a6da2a17b3 9ba1f203861b4c82a83a0f2b61e049ab b3a21a1a8cb74bed916834158e95ec44 - - default default] 10.0.0.199 "GET /v2.0/ports?device_id=45b624a8-a815-4dfb-bfe4-0b0361e6f280 HTTP/1.1" status: 200 len: 1174 time: 0.0570533
2026-04-27 02:35:02.251 10 INFO neutron.db.ovn_revision_numbers_db [None req-8f324d30-1918-4669-9992-e9c975280a46 a6dc9ee47e3744a59666a164a3056454 0c7676e043d6404db5b0a60ded21d4b1 - - default default] Successfully bumped revision number for resource 1d59c649-5a58-440a-92d3-dbda1c0aa29a (type: ports) to 1
2026-04-27 02:35:02.317 10 INFO neutron.wsgi [req-ba7ef791-ee28-403d-b86e-1de7941c8b2b req-d7e4da58-6771-4d9c-a1a7-e35db894aa4f 9ba1f203861b4c82a83a0f2b61e049ab b3a21a1a8cb74bed916834158e95ec44 - - default default] 10.0.0.199 "GET /v2.0/security-groups?id=865f3149-09c9-42ec-a4b0-ff621690d07d&fields=id&fields=name HTTP/1.1" status: 200 len: 312 time: 0.0884099
2026-04-27 02:35:02.322 10 INFO neutron.wsgi [None req-8f324d30-1918-4669-9992-e9c975280a46 a6dc9ee47e3744a59666a164a3056454 0c7676e043d6404db5b0a60ded21d4b1 - - default default] 10.0.0.133 "POST /v2.0/networks HTTP/1.1" status: 201 len: 830 time: 1.7351658
2026-04-27 02:35:02.332 10 INFO neutron.wsgi [req-f1f0cc1d-5015-43d5-9c8c-1d94bc04eaed req-f5598bfa-687a-4dcc-99fc-486ba31caacb 9ba1f203861b4c82a83a0f2b61e049ab b3a21a1a8cb74bed916834158e95ec44 - - default default] 199.204.45.222 "GET /v2.0/ports?device_id=45b624a8-a815-4dfb-bfe4-0b0361e6f280 HTTP/1.1" status: 200 len: 1172 time: 0.0551605
2026-04-27 02:35:02.359 10 INFO neutron.wsgi [None req-eca8bec2-786b-4b70-94ba-b914902961a5 73ef32923907432aa5dd58e0aa271a05 ab6f9b44596745109909f1cc98b8fcd3 - - default default] 10.0.0.133 "DELETE /v2.0/networks/288d7b04-3b67-4f9d-bbe1-61b5208cafc1 HTTP/1.1" status: 204 len: 168 time: 0.6518936
2026-04-27 02:35:02.457 9 INFO neutron.wsgi [None req-8f962b2c-307d-42a4-b980-0d8d94fc11ab 914dd4db0ab649508cf1033617215d38 4af2726539924833aacb935f2fbb1410 - - default default] 10.0.0.133 "DELETE /v2.0/routers/3ed6172f-0102-4689-ae5f-c258208c8712 HTTP/1.1" status: 204 len: 168 time: 0.7761500
2026-04-27 02:35:02.493 10 INFO neutron.db.segments_db [None req-840f60b1-be5b-4a04-9817-cfd43f3365ee 73ef32923907432aa5dd58e0aa271a05 ab6f9b44596745109909f1cc98b8fcd3 - - default default] Added segment 7a7f7e2c-6656-49f4-a6a9-e55c32e567d9 of type geneve for network c0db4426-a686-4a5d-bede-716535f06394
2026-04-27 02:35:02.511 9 INFO neutron.db.segments_db [None req-22fcb12a-6435-4506-9ab9-a6259c9257e8 a6dc9ee47e3744a59666a164a3056454 0c7676e043d6404db5b0a60ded21d4b1 - - default default] Added segment 2ce7dedc-f6fc-4f80-b577-ef2c8606bab0 of type geneve for network 0927af24-80b4-4584-adae-9f14a18698e6
2026-04-27 02:35:02.529 9 INFO neutron.db.ovn_revision_numbers_db [None req-af2f02a5-7065-4c20-86e0-f187760070a0 - - - - - -] Successfully bumped revision number for resource 6d4d65e0-aaff-4e01-a4ee-68698ea7b991 (type: ports) to 5
2026-04-27 02:35:02.659 10 INFO neutron.db.ovn_revision_numbers_db [None req-840f60b1-be5b-4a04-9817-cfd43f3365ee 73ef32923907432aa5dd58e0aa271a05 ab6f9b44596745109909f1cc98b8fcd3 - - default default] Successfully bumped revision number for resource c0db4426-a686-4a5d-bede-716535f06394 (type: networks) to 1
2026-04-27 02:35:02.706 10 INFO neutron.wsgi [req-f1f0cc1d-5015-43d5-9c8c-1d94bc04eaed req-9d275342-62b3-40de-ad5d-65fb66fed6cd 9ba1f203861b4c82a83a0f2b61e049ab b3a21a1a8cb74bed916834158e95ec44 - - default default] 199.204.45.222 "DELETE /v2.0/ports/6d4d65e0-aaff-4e01-a4ee-68698ea7b991 HTTP/1.1" status: 204 len: 173 time: 0.3677132
2026-04-27 02:35:02.735 9 INFO neutron.db.ovn_revision_numbers_db [None req-22fcb12a-6435-4506-9ab9-a6259c9257e8 a6dc9ee47e3744a59666a164a3056454 0c7676e043d6404db5b0a60ded21d4b1 - - default default] Successfully bumped revision number for resource 0927af24-80b4-4584-adae-9f14a18698e6 (type: networks) to 1
2026-04-27 02:35:02.746 10 INFO neutron.notifiers.nova [-] Nova event matching ['req-91467990-1abf-481d-8453-46bbe4f4c81e'] response: {'server_uuid': '45b624a8-a815-4dfb-bfe4-0b0361e6f280', 'name': 'network-vif-deleted', 'tag': '6d4d65e0-aaff-4e01-a4ee-68698ea7b991', 'status': 'completed', 'code': 200}
2026-04-27 02:35:02.807 9 INFO neutron.wsgi [None req-06ac2740-7b34-438b-ac9b-387e61601984 914dd4db0ab649508cf1033617215d38 4af2726539924833aacb935f2fbb1410 - - default default] 10.0.0.133 "DELETE /v2.0/subnets/675acc32-561e-4b3f-b34d-34886683db55 HTTP/1.1" status: 204 len: 168 time: 0.3450649
2026-04-27 02:35:02.881 10 WARNING neutron.scheduler.dhcp_agent_scheduler [None req-840f60b1-be5b-4a04-9817-cfd43f3365ee 73ef32923907432aa5dd58e0aa271a05 ab6f9b44596745109909f1cc98b8fcd3 - - default default] No more DHCP agents
2026-04-27 02:35:02.882 10 WARNING neutron.api.rpc.agentnotifiers.dhcp_rpc_agent_api [None req-840f60b1-be5b-4a04-9817-cfd43f3365ee 73ef32923907432aa5dd58e0aa271a05 ab6f9b44596745109909f1cc98b8fcd3 - - default default] Unable to schedule network c0db4426-a686-4a5d-bede-716535f06394: no agents available; will retry on subsequent port and subnet creation events.
2026-04-27 02:35:02.975 10 INFO neutron.db.ovn_revision_numbers_db [None req-840f60b1-be5b-4a04-9817-cfd43f3365ee 73ef32923907432aa5dd58e0aa271a05 ab6f9b44596745109909f1cc98b8fcd3 - - default default] Successfully bumped revision number for resource 6250c21b-15fa-4564-9dfb-3117e7bff843 (type: ports) to 1
2026-04-27 02:35:03.018 10 INFO neutron.wsgi [None req-840f60b1-be5b-4a04-9817-cfd43f3365ee 73ef32923907432aa5dd58e0aa271a05 ab6f9b44596745109909f1cc98b8fcd3 - - default default] 10.0.0.133 "POST /v2.0/networks HTTP/1.1" status: 201 len: 828 time: 0.6517432
2026-04-27 02:35:03.236 9 WARNING neutron.scheduler.dhcp_agent_scheduler [None req-22fcb12a-6435-4506-9ab9-a6259c9257e8 a6dc9ee47e3744a59666a164a3056454 0c7676e043d6404db5b0a60ded21d4b1 - - default default] No more DHCP agents
2026-04-27 02:35:03.243 9 WARNING neutron.api.rpc.agentnotifiers.dhcp_rpc_agent_api [None req-22fcb12a-6435-4506-9ab9-a6259c9257e8 a6dc9ee47e3744a59666a164a3056454 0c7676e043d6404db5b0a60ded21d4b1 - - default default] Unable to schedule network 0927af24-80b4-4584-adae-9f14a18698e6: no agents available; will retry on subsequent port and subnet creation events.
2026-04-27 02:35:03.325 9 INFO neutron.db.ovn_revision_numbers_db [None req-22fcb12a-6435-4506-9ab9-a6259c9257e8 a6dc9ee47e3744a59666a164a3056454 0c7676e043d6404db5b0a60ded21d4b1 - - default default] Successfully bumped revision number for resource a104bec1-c605-417a-92a7-a4c472c21846 (type: ports) to 1
