2026-04-27 02:17:50.952 9 INFO neutron.wsgi [None req-3c7ec581-5500-4553-aa3a-8f886eac3606 c0b239866d3b4679850c1a9ebce39bee 32b22917c452452a92db088bc3c4cad0 - - 3a79f97034744e4c8e2df7c686d86d1f 3a79f97034744e4c8e2df7c686d86d1f] 199.204.45.222 "GET /v2.0/networks?tenant_id=32b22917c452452a92db088bc3c4cad0&shared=False HTTP/1.1" status: 200 len: 213 time: 0.1437235
2026-04-27 02:17:51.047 9 INFO neutron.db.segments_db [None req-465c0636-a0f3-4f64-88ac-debdb08efe27 c0b239866d3b4679850c1a9ebce39bee 32b22917c452452a92db088bc3c4cad0 - - 3a79f97034744e4c8e2df7c686d86d1f 3a79f97034744e4c8e2df7c686d86d1f] Added segment 5790c3e2-a116-43d2-8e70-2a53609ed08d of type geneve for network c1551ec2-d35a-44be-98a8-7cfad7216e91
2026-04-27 02:17:51.198 9 INFO neutron.db.ovn_revision_numbers_db [None req-465c0636-a0f3-4f64-88ac-debdb08efe27 c0b239866d3b4679850c1a9ebce39bee 32b22917c452452a92db088bc3c4cad0 - - 3a79f97034744e4c8e2df7c686d86d1f 3a79f97034744e4c8e2df7c686d86d1f] Successfully bumped revision number for resource c1551ec2-d35a-44be-98a8-7cfad7216e91 (type: networks) to 1
2026-04-27 02:17:51.387 9 WARNING neutron.scheduler.dhcp_agent_scheduler [None req-465c0636-a0f3-4f64-88ac-debdb08efe27 c0b239866d3b4679850c1a9ebce39bee 32b22917c452452a92db088bc3c4cad0 - - 3a79f97034744e4c8e2df7c686d86d1f 3a79f97034744e4c8e2df7c686d86d1f] No more DHCP agents
2026-04-27 02:17:51.389 9 WARNING neutron.api.rpc.agentnotifiers.dhcp_rpc_agent_api [None req-465c0636-a0f3-4f64-88ac-debdb08efe27 c0b239866d3b4679850c1a9ebce39bee 32b22917c452452a92db088bc3c4cad0 - - 3a79f97034744e4c8e2df7c686d86d1f 3a79f97034744e4c8e2df7c686d86d1f] Unable to schedule network c1551ec2-d35a-44be-98a8-7cfad7216e91: no agents available; will retry on subsequent port and subnet creation events.
2026-04-27 02:17:51.457 10 INFO neutron.wsgi [-] 10.0.0.106 "GET / HTTP/1.1" status: 200 len: 247 time: 0.0026832
2026-04-27 02:17:51.460 10 INFO neutron.wsgi [-] 10.0.0.106 "GET / HTTP/1.1" status: 200 len: 247 time: 0.0016561
2026-04-27 02:17:51.480 9 INFO neutron.db.ovn_revision_numbers_db [None req-465c0636-a0f3-4f64-88ac-debdb08efe27 c0b239866d3b4679850c1a9ebce39bee 32b22917c452452a92db088bc3c4cad0 - - 3a79f97034744e4c8e2df7c686d86d1f 3a79f97034744e4c8e2df7c686d86d1f] Successfully bumped revision number for resource bc728f11-89e1-47de-9f0d-2142108aa4e1 (type: ports) to 1
2026-04-27 02:17:51.501 9 INFO neutron.wsgi [None req-465c0636-a0f3-4f64-88ac-debdb08efe27 c0b239866d3b4679850c1a9ebce39bee 32b22917c452452a92db088bc3c4cad0 - - 3a79f97034744e4c8e2df7c686d86d1f 3a79f97034744e4c8e2df7c686d86d1f] 199.204.45.222 "POST /v2.0/networks HTTP/1.1" status: 201 len: 925 time: 0.5414112
2026-04-27 02:17:51.540 9 INFO neutron.wsgi [None req-061b7e16-b0e4-448a-b035-72249bc5fb9d c0b239866d3b4679850c1a9ebce39bee 32b22917c452452a92db088bc3c4cad0 - - 3a79f97034744e4c8e2df7c686d86d1f 3a79f97034744e4c8e2df7c686d86d1f] 199.204.45.222 "GET /v2.0/ports?device_id=manila-share&binding%3Ahost_id=instance HTTP/1.1" status: 200 len: 210 time: 0.0318170
2026-04-27 02:17:51.553 9 INFO neutron.wsgi [None req-99b18586-b2d2-4805-832f-0b3b3519d48c c0b239866d3b4679850c1a9ebce39bee 32b22917c452452a92db088bc3c4cad0 - - 3a79f97034744e4c8e2df7c686d86d1f 3a79f97034744e4c8e2df7c686d86d1f] 199.204.45.222 "GET /v2.0/extensions HTTP/1.1" status: 200 len: 16525 time: 0.0060630
2026-04-27 02:17:51.769 9 WARNING neutron.scheduler.dhcp_agent_scheduler [None req-864cdf14-c45f-49e5-9ac0-45f60883121e c0b239866d3b4679850c1a9ebce39bee 32b22917c452452a92db088bc3c4cad0 - - 3a79f97034744e4c8e2df7c686d86d1f 3a79f97034744e4c8e2df7c686d86d1f] No more DHCP agents
2026-04-27 02:17:51.771 9 WARNING neutron.api.rpc.agentnotifiers.dhcp_rpc_agent_api [None req-864cdf14-c45f-49e5-9ac0-45f60883121e c0b239866d3b4679850c1a9ebce39bee 32b22917c452452a92db088bc3c4cad0 - - 3a79f97034744e4c8e2df7c686d86d1f 3a79f97034744e4c8e2df7c686d86d1f] Unable to schedule network c1551ec2-d35a-44be-98a8-7cfad7216e91: no agents available; will retry on subsequent port and subnet creation events.
2026-04-27 02:17:51.846 9 INFO neutron.db.ovn_revision_numbers_db [None req-864cdf14-c45f-49e5-9ac0-45f60883121e c0b239866d3b4679850c1a9ebce39bee 32b22917c452452a92db088bc3c4cad0 - - 3a79f97034744e4c8e2df7c686d86d1f 3a79f97034744e4c8e2df7c686d86d1f] Successfully bumped revision number for resource c93d7f9c-9ece-4b1d-88d0-fbb406458835 (type: ports) to 1
2026-04-27 02:17:52.075 9 INFO neutron.db.ovn_revision_numbers_db [None req-864cdf14-c45f-49e5-9ac0-45f60883121e c0b239866d3b4679850c1a9ebce39bee 32b22917c452452a92db088bc3c4cad0 - - 3a79f97034744e4c8e2df7c686d86d1f 3a79f97034744e4c8e2df7c686d86d1f] Successfully bumped revision number for resource c93d7f9c-9ece-4b1d-88d0-fbb406458835 (type: ports) to 1
2026-04-27 02:17:52.098 9 INFO neutron.wsgi [None req-864cdf14-c45f-49e5-9ac0-45f60883121e c0b239866d3b4679850c1a9ebce39bee 32b22917c452452a92db088bc3c4cad0 - - 3a79f97034744e4c8e2df7c686d86d1f 3a79f97034744e4c8e2df7c686d86d1f] 199.204.45.222 "POST /v2.0/ports HTTP/1.1" status: 201 len: 1144 time: 0.5404103
2026-04-27 02:17:52.148 9 INFO neutron.wsgi [None req-57e5e26e-afdd-4d59-99ba-46e57b482624 c0b239866d3b4679850c1a9ebce39bee 32b22917c452452a92db088bc3c4cad0 - - 3a79f97034744e4c8e2df7c686d86d1f 3a79f97034744e4c8e2df7c686d86d1f] 199.204.45.222 "GET /v2.0/networks/c1551ec2-d35a-44be-98a8-7cfad7216e91 HTTP/1.1" status: 200 len: 907 time: 0.0447617
2026-04-27 02:17:52.947 10 INFO neutron.plugins.ml2.drivers.ovn.mech_driver.mech_driver [None req-47a401a3-1ba8-47e9-990a-f89907c2c9fb - - - - - -] OVN reports status up for port: c93d7f9c-9ece-4b1d-88d0-fbb406458835
2026-04-27 02:17:52.960 10 INFO neutron.plugins.ml2.plugin [None req-47a401a3-1ba8-47e9-990a-f89907c2c9fb - - - - - -] Attempt 1 to provision port c93d7f9c-9ece-4b1d-88d0-fbb406458835
2026-04-27 02:17:53.196 10 INFO neutron.db.ovn_revision_numbers_db [None req-47a401a3-1ba8-47e9-990a-f89907c2c9fb - - - - - -] Successfully bumped revision number for resource c93d7f9c-9ece-4b1d-88d0-fbb406458835 (type: ports) to 3
2026-04-27 02:17:54.631 9 INFO neutron.wsgi [None req-1d5002fb-86ba-4081-96f0-44a9740b04ef c0b239866d3b4679850c1a9ebce39bee 32b22917c452452a92db088bc3c4cad0 - - 3a79f97034744e4c8e2df7c686d86d1f 3a79f97034744e4c8e2df7c686d86d1f] 199.204.45.222 "GET /v2.0/ports?device_id=manila-share&binding%3Ahost_id=instance HTTP/1.1" status: 200 len: 1172 time: 0.0399833
2026-04-27 02:17:54.687 9 INFO neutron.wsgi [None req-32744b87-2679-4900-b028-7e2e70d548b4 c0b239866d3b4679850c1a9ebce39bee 32b22917c452452a92db088bc3c4cad0 - - 3a79f97034744e4c8e2df7c686d86d1f 3a79f97034744e4c8e2df7c686d86d1f] 199.204.45.222 "GET /v2.0/networks/c1551ec2-d35a-44be-98a8-7cfad7216e91 HTTP/1.1" status: 200 len: 907 time: 0.0463908
2026-04-27 02:18:05.947 10 INFO neutron.wsgi [None req-f88776da-a5ed-4188-9793-3369171d6830 914dd4db0ab649508cf1033617215d38 4af2726539924833aacb935f2fbb1410 - - default default] 199.204.45.222,10.0.0.106 "GET /v2.0/quotas/32b22917c452452a92db088bc3c4cad0 HTTP/1.1" status: 200 len: 362 time: 0.0171509 /var/lib/openstack/lib/python3.10/site-packages/neutron/extensions/quotasv2.py:140: UserWarning: Neutron quota engine will require "--force" parameter to set a quota limit without checking the resource usage. warnings.warn('Neutron quota engine will require "--force" '
2026-04-27 02:18:06.358 10 INFO neutron.wsgi [None req-f375ea14-9a08-4761-82d5-10ea0eb153eb 914dd4db0ab649508cf1033617215d38 4af2726539924833aacb935f2fbb1410 - - default default] 199.204.45.222,10.0.0.106 "PUT /v2.0/quotas/32b22917c452452a92db088bc3c4cad0 HTTP/1.1" status: 200 len: 361 time: 0.0504780
2026-04-27 02:18:06.456 9 INFO neutron.wsgi [-] 10.0.0.106 "GET / HTTP/1.1" status: 200 len: 247 time: 0.0018945
2026-04-27 02:18:06.456 10 INFO neutron.wsgi [-] 10.0.0.106 "GET / HTTP/1.1" status: 200 len: 247 time: 0.0023305
2026-04-27 02:18:06.668 10 INFO neutron.wsgi [None req-376333c1-17db-4f31-ae43-49f7c58d4538 914dd4db0ab649508cf1033617215d38 4af2726539924833aacb935f2fbb1410 - - default default] 199.204.45.222,10.0.0.106 "GET /v2.0/quotas/32b22917c452452a92db088bc3c4cad0 HTTP/1.1" status: 200 len: 361 time: 0.0125232
2026-04-27 02:18:21.457 10 INFO neutron.wsgi [-] 10.0.0.106 "GET / HTTP/1.1" status: 200 len: 247 time: 0.0028131
2026-04-27 02:18:21.460 10 INFO neutron.wsgi [-] 10.0.0.106 "GET / HTTP/1.1" status: 200 len: 247 time: 0.0018895
2026-04-27 02:18:36.456 10 INFO neutron.wsgi [-] 10.0.0.106 "GET / HTTP/1.1" status: 200 len: 247 time: 0.0017927
2026-04-27 02:18:36.456 9 INFO neutron.wsgi [-] 10.0.0.106 "GET / HTTP/1.1" status: 200 len: 247 time: 0.0022132
2026-04-27 02:18:51.470 10 INFO neutron.wsgi [-] 10.0.0.106 "GET / HTTP/1.1" status: 200 len: 247 time: 0.0018647
2026-04-27 02:18:51.473 10 INFO neutron.wsgi [-] 10.0.0.106 "GET / HTTP/1.1" status: 200 len: 247 time: 0.0019577
2026-04-27 02:19:06.458 10 INFO neutron.wsgi [-] 10.0.0.106 "GET / HTTP/1.1" status: 200 len: 247 time: 0.0035167
2026-04-27 02:19:06.459 9 INFO neutron.wsgi [-] 10.0.0.106 "GET / HTTP/1.1" status: 200 len: 247 time: 0.0043297
2026-04-27 02:19:16.386 15 INFO neutron.db.ovn_revision_numbers_db [None req-94698f63-e89c-4ff5-b8e0-d7c0231ce77b - - - - - -] Successfully bumped revision number for resource 0aeb421d-040c-44ec-9a70-4e956a4f4444 (type: security_groups) to 5
2026-04-27 02:19:16.387 15 INFO neutron.plugins.ml2.drivers.ovn.mech_driver.ovsdb.maintenance [None req-94698f63-e89c-4ff5-b8e0-d7c0231ce77b - - - - - -] Maintenance task: Synchronization finished (took 0.06 seconds)
2026-04-27 02:19:21.456 9 INFO neutron.wsgi [-] 10.0.0.106 "GET / HTTP/1.1" status: 200 len: 247 time: 0.0019481
2026-04-27 02:19:21.458 10 INFO neutron.wsgi [-] 10.0.0.106 "GET / HTTP/1.1" status: 200 len: 247 time: 0.0027215 /var/lib/openstack/lib/python3.10/site-packages/pycadf/identifier.py:71: UserWarning: Invalid uuid: neutron. To ensure interoperability, identifiers should be a valid uuid. warnings.warn(('Invalid uuid: %s. To ensure interoperability, '
2026-04-27 02:19:25.367 10 INFO neutron.wsgi [None req-665f5e75-cc7e-47a2-b87b-15b56e15c590 914dd4db0ab649508cf1033617215d38 4af2726539924833aacb935f2fbb1410 - - default default] 10.0.0.94 "GET /v2.0/agents HTTP/1.1" status: 200 len: 997 time: 0.1184058
2026-04-27 02:19:25.381 10 INFO neutron.wsgi [None req-b0237962-1eaf-42fd-858d-3c389872f77d 914dd4db0ab649508cf1033617215d38 4af2726539924833aacb935f2fbb1410 - - default default] 10.0.0.94 "GET /v2.0/network-ip-availabilities HTTP/1.1" status: 200 len: 1280 time: 0.0137663
2026-04-27 02:19:25.434 10 INFO neutron.wsgi [None req-20704386-0559-4fc8-915d-5b123ef6b2b4 914dd4db0ab649508cf1033617215d38 4af2726539924833aacb935f2fbb1410 - - default default] 10.0.0.94 "GET /v2.0/networks HTTP/1.1" status: 200 len: 2350 time: 0.0519371
2026-04-27 02:19:25.492 10 INFO neutron.wsgi [None req-ce16ffa1-1f26-4157-b2ad-24dea700e484 914dd4db0ab649508cf1033617215d38 4af2726539924833aacb935f2fbb1410 - - default default] 10.0.0.94 "GET /v2.0/subnets HTTP/1.1" status: 200 len: 1437 time: 0.0555782
2026-04-27 02:19:25.536 10 INFO neutron.wsgi [None req-99cf08a1-fbc0-4887-86c7-08acfbdb0530 914dd4db0ab649508cf1033617215d38 4af2726539924833aacb935f2fbb1410 - - default default] 10.0.0.94 "GET /v2.0/floatingips HTTP/1.1" status: 200 len: 193 time: 0.0321071
2026-04-27 02:19:25.577 10 INFO neutron.wsgi [None req-a543c4f9-87cb-4759-ac0a-13ca081de4b0 914dd4db0ab649508cf1033617215d38 4af2726539924833aacb935f2fbb1410 - - default default] 10.0.0.94 "GET /v2.0/security-groups HTTP/1.1" status: 200 len: 16795 time: 0.0396149
2026-04-27 02:19:25.610 10 INFO neutron.wsgi [None req-ce880637-3a47-420c-befa-86adb469bc21 914dd4db0ab649508cf1033617215d38 4af2726539924833aacb935f2fbb1410 - - default default] 10.0.0.94 "GET /v2.0/ports HTTP/1.1" status: 200 len: 5343 time: 0.0257025
2026-04-27 02:19:25.643 10 INFO neutron.wsgi [None req-186f2a31-8595-481d-8d58-50c80d21222d 914dd4db0ab649508cf1033617215d38 4af2726539924833aacb935f2fbb1410 - - default default] 10.0.0.94 "GET /v2.0/routers HTTP/1.1" status: 200 len: 189 time: 0.0275426
2026-04-27 02:19:25.662 10 INFO neutron.wsgi [None req-db0a85fe-6dc5-4a01-8c87-75f1a7ec125c 914dd4db0ab649508cf1033617215d38 4af2726539924833aacb935f2fbb1410 - - default default] 10.0.0.94 "GET /v2.0/agents?binary=ovn-controller HTTP/1.1" status: 200 len: 591 time: 0.0178971
2026-04-27 02:19:25.690 10 INFO neutron.wsgi [None req-ce49089c-2577-44d3-9ab8-fd48a36b4061 914dd4db0ab649508cf1033617215d38 4af2726539924833aacb935f2fbb1410 - - default default] 10.0.0.94 "GET /v2.0/subnets HTTP/1.1" status: 200 len: 1437 time: 0.0274832
2026-04-27 02:19:25.704 10 INFO neutron.wsgi [None req-dcba2b52-4948-457e-85e4-d58f09552d4c 914dd4db0ab649508cf1033617215d38 4af2726539924833aacb935f2fbb1410 - - default default] 10.0.0.94 "GET /v2.0/subnetpools HTTP/1.1" status: 200 len: 193 time: 0.0120335
2026-04-27 02:19:36.456 10 INFO neutron.wsgi [-] 10.0.0.106 "GET / HTTP/1.1" status: 200 len: 247 time: 0.0019794
2026-04-27 02:19:36.459 10 INFO neutron.wsgi [-] 10.0.0.106 "GET / HTTP/1.1" status: 200 len: 247 time: 0.0013912
2026-04-27 02:19:51.455 9 INFO neutron.wsgi [-] 10.0.0.106 "GET / HTTP/1.1" status: 200 len: 247 time: 0.0014894
2026-04-27 02:19:51.458 9 INFO neutron.wsgi [-] 10.0.0.106 "GET / HTTP/1.1" status: 200 len: 247 time: 0.0021379
2026-04-27 02:20:06.456 9 INFO neutron.wsgi [-] 10.0.0.106 "GET / HTTP/1.1" status: 200 len: 247 time: 0.0023806
2026-04-27 02:20:06.457 10 INFO neutron.wsgi [-] 10.0.0.106 "GET / HTTP/1.1" status: 200 len: 247 time: 0.0027881
2026-04-27 02:20:21.455 9 INFO neutron.wsgi [-] 10.0.0.106 "GET / HTTP/1.1" status: 200 len: 247 time: 0.0018721
2026-04-27 02:20:21.462 9 INFO neutron.wsgi [-] 10.0.0.106 "GET / HTTP/1.1" status: 200 len: 247 time: 0.0055025
2026-04-27 02:20:25.302 10 INFO neutron.wsgi [None req-a328c64a-3348-450e-9d45-72d7dcec5801 914dd4db0ab649508cf1033617215d38 4af2726539924833aacb935f2fbb1410 - - default default] 10.0.0.94 "GET /v2.0/security-groups HTTP/1.1" status: 200 len: 16795 time: 0.1335287
2026-04-27 02:20:25.334 10 INFO neutron.wsgi [None req-b6ffcf2a-516d-4ebb-823c-860e21282782 914dd4db0ab649508cf1033617215d38 4af2726539924833aacb935f2fbb1410 - - default default] 10.0.0.94 "GET /v2.0/floatingips HTTP/1.1" status: 200 len: 193 time: 0.0256107
2026-04-27 02:20:25.376 10 INFO neutron.wsgi [None req-9a4b8dd8-3eeb-4ea1-aa1b-594b0ee36ca6 914dd4db0ab649508cf1033617215d38 4af2726539924833aacb935f2fbb1410 - - default default] 10.0.0.94 "GET /v2.0/agents HTTP/1.1" status: 200 len: 997 time: 0.0407991
2026-04-27 02:20:25.411 10 INFO neutron.wsgi [None req-95a53a28-4e91-40c1-b87e-4a20f565a88f 914dd4db0ab649508cf1033617215d38 4af2726539924833aacb935f2fbb1410 - - default default] 10.0.0.94 "GET /v2.0/subnets HTTP/1.1" status: 200 len: 1437 time: 0.0338721
2026-04-27 02:20:25.421 10 INFO neutron.wsgi [None req-b657fbaa-1b1b-48a0-99f0-600b93ffbf5a 914dd4db0ab649508cf1033617215d38 4af2726539924833aacb935f2fbb1410 - - default default] 10.0.0.94 "GET /v2.0/subnetpools HTTP/1.1" status: 200 len: 193 time: 0.0088508
2026-04-27 02:20:25.454 10 INFO neutron.wsgi [None req-2f59ead7-bec9-4038-8d44-1c6ca13b0cab 914dd4db0ab649508cf1033617215d38 4af2726539924833aacb935f2fbb1410 - - default default] 10.0.0.94 "GET /v2.0/ports HTTP/1.1" status: 200 len: 5343 time: 0.0331779
2026-04-27 02:20:25.490 10 INFO neutron.wsgi [None req-f3db7ec1-779a-4382-972a-b8640e85420a 914dd4db0ab649508cf1033617215d38 4af2726539924833aacb935f2fbb1410 - - default default] 10.0.0.94 "GET /v2.0/subnets HTTP/1.1" status: 200 len: 1437 time: 0.0323215
2026-04-27 02:20:25.509 10 INFO neutron.wsgi [None req-abc3773f-c3ae-445e-a43d-0d8fa819d603 914dd4db0ab649508cf1033617215d38 4af2726539924833aacb935f2fbb1410 - - default default] 10.0.0.94 "GET /v2.0/network-ip-availabilities HTTP/1.1" status: 200 len: 1280 time: 0.0168793
2026-04-27 02:20:25.649 10 INFO neutron.wsgi [None req-e46ce143-665b-47d0-bc61-7e1fda9bf754 914dd4db0ab649508cf1033617215d38 4af2726539924833aacb935f2fbb1410 - - default default] 10.0.0.94 "GET /v2.0/routers HTTP/1.1" status: 200 len: 189 time: 0.1388059
2026-04-27 02:20:25.658 10 INFO neutron.wsgi [None req-99e654a8-0659-42eb-a131-51c7ec9dc85a 914dd4db0ab649508cf1033617215d38 4af2726539924833aacb935f2fbb1410 - - default default] 10.0.0.94 "GET /v2.0/agents?binary=ovn-controller HTTP/1.1" status: 200 len: 591 time: 0.0088625
2026-04-27 02:20:25.726 10 INFO neutron.wsgi [None req-4634bac4-de6c-44de-9e71-19356d8bd238 914dd4db0ab649508cf1033617215d38 4af2726539924833aacb935f2fbb1410 - - default default] 10.0.0.94 "GET /v2.0/networks HTTP/1.1" status: 200 len: 2350 time: 0.0666409
2026-04-27 02:20:36.456 10 INFO neutron.wsgi [-] 10.0.0.106 "GET / HTTP/1.1" status: 200 len: 247 time: 0.0015810
2026-04-27 02:20:36.457 9 INFO neutron.wsgi [-] 10.0.0.106 "GET / HTTP/1.1" status: 200 len: 247 time: 0.0027673
2026-04-27 02:20:51.455 10 INFO neutron.wsgi [-] 10.0.0.106 "GET / HTTP/1.1" status: 200 len: 247 time: 0.0019472
2026-04-27 02:20:51.462 9 INFO neutron.wsgi [-] 10.0.0.106 "GET / HTTP/1.1" status: 200 len: 247 time: 0.0073354
2026-04-27 02:21:06.457 10 INFO neutron.wsgi [-] 10.0.0.106 "GET / HTTP/1.1" status: 200 len: 247 time: 0.0028596
2026-04-27 02:21:06.461 9 INFO neutron.wsgi [-] 10.0.0.106 "GET / HTTP/1.1" status: 200 len: 247 time: 0.0045183
2026-04-27 02:21:21.456 9 INFO neutron.wsgi [-] 10.0.0.106 "GET / HTTP/1.1" status: 200 len: 247 time: 0.0018194
2026-04-27 02:21:21.459 9 INFO neutron.wsgi [-] 10.0.0.106 "GET / HTTP/1.1" status: 200 len: 247 time: 0.0019608
2026-04-27 02:21:25.205 10 INFO neutron.wsgi [None req-d06fbd7d-1c28-4c2c-a836-1a7c03cf626b 914dd4db0ab649508cf1033617215d38 4af2726539924833aacb935f2fbb1410 - - default default] 10.0.0.94 "GET /v2.0/network-ip-availabilities HTTP/1.1" status: 200 len: 1280 time: 0.0697341
2026-04-27 02:21:25.244 10 INFO neutron.wsgi [None req-adb16893-8199-4f37-85a5-4f60667bbfbb 914dd4db0ab649508cf1033617215d38 4af2726539924833aacb935f2fbb1410 - - default default] 10.0.0.94 "GET /v2.0/ports HTTP/1.1" status: 200 len: 5343 time: 0.0380898
2026-04-27 02:21:25.295 10 INFO neutron.wsgi [None req-a88ae6be-bb73-4311-b2c0-ae66b90da274 914dd4db0ab649508cf1033617215d38 4af2726539924833aacb935f2fbb1410 - - default default] 10.0.0.94 "GET /v2.0/agents HTTP/1.1" status: 200 len: 997 time: 0.0428655
2026-04-27 02:21:25.314 10 INFO neutron.wsgi [None req-d4007e22-e0a4-47c8-b7f4-7a8f26de7f8d 914dd4db0ab649508cf1033617215d38 4af2726539924833aacb935f2fbb1410 - - default default] 10.0.0.94 "GET /v2.0/routers HTTP/1.1" status: 200 len: 189 time: 0.0186732
2026-04-27 02:21:25.325 10 INFO neutron.wsgi [None req-d587aa1e-38a8-41b3-9244-ad70dca6411b 914dd4db0ab649508cf1033617215d38 4af2726539924833aacb935f2fbb1410 - - default default] 10.0.0.94 "GET /v2.0/agents?binary=ovn-controller HTTP/1.1" status: 200 len: 591 time: 0.0101721
2026-04-27 02:21:25.347 10 INFO neutron.wsgi [None req-7523493f-c2a3-4eb6-a89c-aee3922d5b88 914dd4db0ab649508cf1033617215d38 4af2726539924833aacb935f2fbb1410 - - default default] 10.0.0.94 "GET /v2.0/floatingips HTTP/1.1" status: 200 len: 193 time: 0.0202124
2026-04-27 02:21:25.394 10 INFO neutron.wsgi [None req-6a2ee41f-3dae-4cfd-a9b3-4f0c0312a84f 914dd4db0ab649508cf1033617215d38 4af2726539924833aacb935f2fbb1410 - - default default] 10.0.0.94 "GET /v2.0/security-groups HTTP/1.1" status: 200 len: 16795 time: 0.0465970
2026-04-27 02:21:25.433 10 INFO neutron.wsgi [None req-59e0a44a-6a8a-43da-ad35-dda55a9ace8d 914dd4db0ab649508cf1033617215d38 4af2726539924833aacb935f2fbb1410 - - default default] 10.0.0.94 "GET /v2.0/subnets HTTP/1.1" status: 200 len: 1437 time: 0.0348680
2026-04-27 02:21:25.489 10 INFO neutron.wsgi [None req-9d7fcea6-fd62-473e-ba33-edfbfe562586 914dd4db0ab649508cf1033617215d38 4af2726539924833aacb935f2fbb1410 - - default default] 10.0.0.94 "GET /v2.0/networks HTTP/1.1" status: 200 len: 2350 time: 0.0541070
2026-04-27 02:21:25.520 10 INFO neutron.wsgi [None req-58aa3776-6f97-4c20-884c-a43af7fa967c 914dd4db0ab649508cf1033617215d38 4af2726539924833aacb935f2fbb1410 - - default default] 10.0.0.94 "GET /v2.0/subnets HTTP/1.1" status: 200 len: 1437 time: 0.0288169
2026-04-27 02:21:25.531 10 INFO neutron.wsgi [None req-12d15a45-2a77-4019-bb38-3fa4b3b6bad3 914dd4db0ab649508cf1033617215d38 4af2726539924833aacb935f2fbb1410 - - default default] 10.0.0.94 "GET /v2.0/subnetpools HTTP/1.1" status: 200 len: 193 time: 0.0092194
2026-04-27 02:21:36.457 9 INFO neutron.wsgi [-] 10.0.0.106 "GET / HTTP/1.1" status: 200 len: 247 time: 0.0030601
2026-04-27 02:21:36.459 9 INFO neutron.wsgi [-] 10.0.0.106 "GET / HTTP/1.1" status: 200 len: 247 time: 0.0012603
2026-04-27 02:21:51.456 10 INFO neutron.wsgi [-] 10.0.0.106 "GET / HTTP/1.1" status: 200 len: 247 time: 0.0017552
2026-04-27 02:21:51.456 9 INFO neutron.wsgi [-] 10.0.0.106 "GET / HTTP/1.1" status: 200 len: 247 time: 0.0019145
2026-04-27 02:22:06.457 9 INFO neutron.wsgi [-] 10.0.0.106 "GET / HTTP/1.1" status: 200 len: 247 time: 0.0025659
2026-04-27 02:22:06.458 10 INFO neutron.wsgi [-] 10.0.0.106 "GET / HTTP/1.1" status: 200 len: 247 time: 0.0031376
2026-04-27 02:22:21.457 9 INFO neutron.wsgi [-] 10.0.0.106 "GET / HTTP/1.1" status: 200 len: 247 time: 0.0022907
2026-04-27 02:22:21.458 10 INFO neutron.wsgi [-] 10.0.0.106 "GET / HTTP/1.1" status: 200 len: 247 time: 0.0033009
2026-04-27 02:22:25.243 10 INFO neutron.wsgi [None req-8da107a5-c359-4aa3-a9eb-5c5fdd36b0b1 914dd4db0ab649508cf1033617215d38 4af2726539924833aacb935f2fbb1410 - - default default] 10.0.0.94 "GET /v2.0/subnets HTTP/1.1" status: 200 len: 1437 time: 0.0775089
2026-04-27 02:22:25.282 10 INFO neutron.wsgi [None req-206a3afb-6ad9-4abf-a01c-76e5eba310ad 914dd4db0ab649508cf1033617215d38 4af2726539924833aacb935f2fbb1410 - - default default] 10.0.0.94 "GET /v2.0/ports HTTP/1.1" status: 200 len: 5343 time: 0.0365233
2026-04-27 02:22:25.300 10 INFO neutron.wsgi [None req-fe792ce2-f7ab-4ad4-83bb-31c49d7f7a53 914dd4db0ab649508cf1033617215d38 4af2726539924833aacb935f2fbb1410 - - default default] 10.0.0.94 "GET /v2.0/network-ip-availabilities HTTP/1.1" status: 200 len: 1280 time: 0.0105956
2026-04-27 02:22:25.339 10 INFO neutron.wsgi [None req-16bde5be-6062-4b55-a8dc-761728a0ccc5 914dd4db0ab649508cf1033617215d38 4af2726539924833aacb935f2fbb1410 - - default default] 10.0.0.94 "GET /v2.0/subnets HTTP/1.1" status: 200 len: 1437 time: 0.0381389
2026-04-27 02:22:25.350 10 INFO neutron.wsgi [None req-69ebf931-97cb-409f-a161-3f27f9d1bb87 914dd4db0ab649508cf1033617215d38 4af2726539924833aacb935f2fbb1410 - - default default] 10.0.0.94 "GET /v2.0/subnetpools HTTP/1.1" status: 200 len: 193 time: 0.0093668
2026-04-27 02:22:25.367 10 INFO neutron.wsgi [None req-c7ddfe16-4711-4962-9959-989aaea72b93 914dd4db0ab649508cf1033617215d38 4af2726539924833aacb935f2fbb1410 - - default default] 10.0.0.94 "GET /v2.0/floatingips HTTP/1.1" status: 200 len: 193 time: 0.0167060
2026-04-27 02:22:25.441 10 INFO neutron.wsgi [None req-bd2b271b-e614-4c94-829a-97dc09fdd080 914dd4db0ab649508cf1033617215d38 4af2726539924833aacb935f2fbb1410 - - default default] 10.0.0.94 "GET /v2.0/networks HTTP/1.1" status: 200 len: 2350 time: 0.0728400
2026-04-27 02:22:25.497 10 INFO neutron.wsgi [None req-b0118924-1c04-474e-bd55-d41d5c18c3c3 914dd4db0ab649508cf1033617215d38 4af2726539924833aacb935f2fbb1410 - - default default] 10.0.0.94 "GET /v2.0/security-groups HTTP/1.1" status: 200 len: 16795 time: 0.0529015
2026-04-27 02:22:25.540 10 INFO neutron.wsgi [None req-7b4be568-6583-4047-8c00-259dce78422a 914dd4db0ab649508cf1033617215d38 4af2726539924833aacb935f2fbb1410 - - default default] 10.0.0.94 "GET /v2.0/agents HTTP/1.1" status: 200 len: 997 time: 0.0367353
2026-04-27 02:22:25.561 10 INFO neutron.wsgi [None req-d57a5d31-f0c4-4332-8c68-d847f855a2e4 914dd4db0ab649508cf1033617215d38 4af2726539924833aacb935f2fbb1410 - - default default] 10.0.0.94 "GET /v2.0/routers HTTP/1.1" status: 200 len: 189 time: 0.0196965
2026-04-27 02:22:25.570 10 INFO neutron.wsgi [None req-62756a32-0a32-4373-8648-b2e6e8e48098 914dd4db0ab649508cf1033617215d38 4af2726539924833aacb935f2fbb1410 - - default default] 10.0.0.94 "GET /v2.0/agents?binary=ovn-controller HTTP/1.1" status: 200 len: 591 time: 0.0083456
2026-04-27 02:22:36.462 10 INFO neutron.wsgi [-] 10.0.0.106 "GET / HTTP/1.1" status: 200 len: 247 time: 0.0080712
2026-04-27 02:22:36.467 10 INFO neutron.wsgi [-] 10.0.0.106 "GET / HTTP/1.1" status: 200 len: 247 time: 0.0045097
2026-04-27 02:22:51.456 9 INFO neutron.wsgi [-] 10.0.0.106 "GET / HTTP/1.1" status: 200 len: 247 time: 0.0024524
2026-04-27 02:22:51.459 9 INFO neutron.wsgi [-] 10.0.0.106 "GET / HTTP/1.1" status: 200 len: 247 time: 0.0015996
2026-04-27 02:23:06.457 10 INFO neutron.wsgi [-] 10.0.0.106 "GET / HTTP/1.1" status: 200 len: 247 time: 0.0030069
2026-04-27 02:23:06.457 9 INFO neutron.wsgi [-] 10.0.0.106 "GET / HTTP/1.1" status: 200 len: 247 time: 0.0036261
2026-04-27 02:23:21.457 10 INFO neutron.wsgi [-] 10.0.0.106 "GET / HTTP/1.1" status: 200 len: 247 time: 0.0027273
2026-04-27 02:23:21.460 10 INFO neutron.wsgi [-] 10.0.0.106 "GET / HTTP/1.1" status: 200 len: 247 time: 0.0020082
2026-04-27 02:23:25.260 10 INFO neutron.wsgi [None req-b4740f5b-3d18-4205-8b09-272fe3089e8b 914dd4db0ab649508cf1033617215d38 4af2726539924833aacb935f2fbb1410 - - default default] 10.0.0.94 "GET /v2.0/ports HTTP/1.1" status: 200 len: 5343 time: 0.1189389
2026-04-27 02:23:25.337 10 INFO neutron.wsgi [None req-feb6dd03-115f-4ad1-9d36-8d101278d95f 914dd4db0ab649508cf1033617215d38 4af2726539924833aacb935f2fbb1410 - - default default] 10.0.0.94 "GET /v2.0/networks HTTP/1.1" status: 200 len: 2350 time: 0.0729136
2026-04-27 02:23:25.370 10 INFO neutron.wsgi [None req-f8169c52-8102-4569-8dc1-35214a55ceb5 914dd4db0ab649508cf1033617215d38 4af2726539924833aacb935f2fbb1410 - - default default] 10.0.0.94 "GET /v2.0/subnets HTTP/1.1" status: 200 len: 1437 time: 0.0298593
2026-04-27 02:23:25.440 10 INFO neutron.wsgi [None req-23955a7b-6afd-4ed4-ad01-75a46a75039b 914dd4db0ab649508cf1033617215d38 4af2726539924833aacb935f2fbb1410 - - default default] 10.0.0.94 "GET /v2.0/security-groups HTTP/1.1" status: 200 len: 16795 time: 0.0683682
2026-04-27 02:23:25.479 10 INFO neutron.wsgi [None req-722ee5ab-acad-47d3-8fe1-ecbfec4824e2 914dd4db0ab649508cf1033617215d38 4af2726539924833aacb935f2fbb1410 - - default default] 10.0.0.94 "GET /v2.0/floatingips HTTP/1.1" status: 200 len: 193 time: 0.0350995
2026-04-27 02:23:25.507 10 INFO neutron.wsgi [None req-b8459aa3-38a4-4330-8c3d-3dbf1411aa79 914dd4db0ab649508cf1033617215d38 4af2726539924833aacb935f2fbb1410 - - default default] 10.0.0.94 "GET /v2.0/subnets HTTP/1.1" status: 200 len: 1437 time: 0.0279062
2026-04-27 02:23:25.516 10 INFO neutron.wsgi [None req-70245c00-9515-4c21-a0e1-dd2d66b47870 914dd4db0ab649508cf1033617215d38 4af2726539924833aacb935f2fbb1410 - - default default] 10.0.0.94 "GET /v2.0/subnetpools HTTP/1.1" status: 200 len: 193 time: 0.0072691
2026-04-27 02:23:25.546 10 INFO neutron.wsgi [None req-08d7c6d3-fad8-407b-b4d7-1b551f84224b 914dd4db0ab649508cf1033617215d38 4af2726539924833aacb935f2fbb1410 - - default default] 10.0.0.94 "GET /v2.0/routers HTTP/1.1" status: 200 len: 189 time: 0.0288296
2026-04-27 02:23:25.587 10 INFO neutron.wsgi [None req-02b46333-668c-4e82-960b-b2d17157cc9c 914dd4db0ab649508cf1033617215d38 4af2726539924833aacb935f2fbb1410 - - default default] 10.0.0.94 "GET /v2.0/agents?binary=ovn-controller HTTP/1.1" status: 200 len: 591 time: 0.0412068
2026-04-27 02:23:25.600 10 INFO neutron.wsgi [None req-057b83eb-419e-48e4-a014-c6a9fe616405 914dd4db0ab649508cf1033617215d38 4af2726539924833aacb935f2fbb1410 - - default default] 10.0.0.94 "GET /v2.0/agents HTTP/1.1" status: 200 len: 997 time: 0.0120873
2026-04-27 02:23:25.611 10 INFO neutron.wsgi [None req-8c752eaf-c242-4b35-8b4b-0440409f891c 914dd4db0ab649508cf1033617215d38 4af2726539924833aacb935f2fbb1410 - - default default] 10.0.0.94 "GET /v2.0/network-ip-availabilities HTTP/1.1" status: 200 len: 1280 time: 0.0094531
2026-04-27 02:23:36.457 10 INFO neutron.wsgi [-] 10.0.0.106 "GET / HTTP/1.1" status: 200 len: 247 time: 0.0023777
2026-04-27 02:23:36.457 9 INFO neutron.wsgi [-] 10.0.0.106 "GET / HTTP/1.1" status: 200 len: 247 time: 0.0024040
2026-04-27 02:23:51.455 10 INFO neutron.wsgi [-] 10.0.0.106 "GET / HTTP/1.1" status: 200 len: 247 time: 0.0019002
2026-04-27 02:23:51.457 10 INFO neutron.wsgi [-] 10.0.0.106 "GET / HTTP/1.1" status: 200 len: 247 time: 0.0009744
2026-04-27 02:24:06.456 10 INFO neutron.wsgi [-] 10.0.0.106 "GET / HTTP/1.1" status: 200 len: 247 time: 0.0019515
2026-04-27 02:24:06.458 10 INFO neutron.wsgi [-] 10.0.0.106 "GET / HTTP/1.1" status: 200 len: 247 time: 0.0014212
2026-04-27 02:24:21.457 9 INFO neutron.wsgi [-] 10.0.0.106 "GET / HTTP/1.1" status: 200 len: 247 time: 0.0029454
2026-04-27 02:24:21.457 10 INFO neutron.wsgi [-] 10.0.0.106 "GET / HTTP/1.1" status: 200 len: 247 time: 0.0034196
2026-04-27 02:24:25.203 10 INFO neutron.wsgi [None req-ea1ad235-11e0-49f0-a89e-aefcea8f88e3 914dd4db0ab649508cf1033617215d38 4af2726539924833aacb935f2fbb1410 - - default default] 10.0.0.94 "GET /v2.0/floatingips HTTP/1.1" status: 200 len: 193 time: 0.0521195
2026-04-27 02:24:25.270 10 INFO neutron.wsgi [None req-f902feab-8f9e-4d71-a641-56761a6530b6 914dd4db0ab649508cf1033617215d38 4af2726539924833aacb935f2fbb1410 - - default default] 10.0.0.94 "GET /v2.0/agents HTTP/1.1" status: 200 len: 997 time: 0.0659111
2026-04-27 02:24:25.300 10 INFO neutron.wsgi [None req-28802ec3-2fbb-4f9f-a0a0-f5ddbacd1115 914dd4db0ab649508cf1033617215d38 4af2726539924833aacb935f2fbb1410 - - default default] 10.0.0.94 "GET /v2.0/subnets HTTP/1.1" status: 200 len: 1437 time: 0.0294826
2026-04-27 02:24:25.310 10 INFO neutron.wsgi [None req-f3af0dc0-c7d6-42e8-a38a-d6250f12d2f5 914dd4db0ab649508cf1033617215d38 4af2726539924833aacb935f2fbb1410 - - default default] 10.0.0.94 "GET /v2.0/subnetpools HTTP/1.1" status: 200 len: 193 time: 0.0087626
2026-04-27 02:24:25.355 10 INFO neutron.wsgi [None req-ff2660d7-dc74-4aad-851c-46d9723dd056 914dd4db0ab649508cf1033617215d38 4af2726539924833aacb935f2fbb1410 - - default default] 10.0.0.94 "GET /v2.0/security-groups HTTP/1.1" status: 200 len: 16795 time: 0.0439970
2026-04-27 02:24:25.397 10 INFO neutron.wsgi [None req-5d3796ee-e7b4-43bf-b839-7ed792aec52d 914dd4db0ab649508cf1033617215d38 4af2726539924833aacb935f2fbb1410 - - default default] 10.0.0.94 "GET /v2.0/subnets HTTP/1.1" status: 200 len: 1437 time: 0.0341554
2026-04-27 02:24:25.409 10 INFO neutron.wsgi [None req-2a05584e-f570-403f-8234-b4d65dae21fa 914dd4db0ab649508cf1033617215d38 4af2726539924833aacb935f2fbb1410 - - default default] 10.0.0.94 "GET /v2.0/network-ip-availabilities HTTP/1.1" status: 200 len: 1280 time: 0.0102179
2026-04-27 02:24:25.480 10 INFO neutron.wsgi [None req-714363f9-9563-4788-a54e-d7743e3ddf18 914dd4db0ab649508cf1033617215d38 4af2726539924833aacb935f2fbb1410 - - default default] 10.0.0.94 "GET /v2.0/networks HTTP/1.1" status: 200 len: 2350 time: 0.0703990
2026-04-27 02:24:25.512 10 INFO neutron.wsgi [None req-6a731e1c-d108-4247-a4d3-36c66be2c47a 914dd4db0ab649508cf1033617215d38 4af2726539924833aacb935f2fbb1410 - - default default] 10.0.0.94 "GET /v2.0/ports HTTP/1.1" status: 200 len: 5343 time: 0.0299058
2026-04-27 02:24:25.534 10 INFO neutron.wsgi [None req-fb48e665-b552-4050-a766-759b5928761d 914dd4db0ab649508cf1033617215d38 4af2726539924833aacb935f2fbb1410 - - default default] 10.0.0.94 "GET /v2.0/routers HTTP/1.1" status: 200 len: 189 time: 0.0194778
2026-04-27 02:24:25.544 10 INFO neutron.wsgi [None req-c7ff359f-777a-479b-84b4-116929d3e610 914dd4db0ab649508cf1033617215d38 4af2726539924833aacb935f2fbb1410 - - default default] 10.0.0.94 "GET /v2.0/agents?binary=ovn-controller HTTP/1.1" status: 200 len: 591 time: 0.0090587
2026-04-27 02:24:36.456 9 INFO neutron.wsgi [-] 10.0.0.106 "GET / HTTP/1.1" status: 200 len: 247 time: 0.0016763
2026-04-27 02:24:36.457 10 INFO neutron.wsgi [-] 10.0.0.106 "GET / HTTP/1.1" status: 200 len: 247 time: 0.0025048
2026-04-27 02:24:51.457 9 INFO neutron.wsgi [-] 10.0.0.106 "GET / HTTP/1.1" status: 200 len: 247 time: 0.0020292
2026-04-27 02:24:51.459 9 INFO neutron.wsgi [-] 10.0.0.106 "GET / HTTP/1.1" status: 200 len: 247 time: 0.0015402
2026-04-27 02:25:06.457 9 INFO neutron.wsgi [-] 10.0.0.106 "GET / HTTP/1.1" status: 200 len: 247 time: 0.0023379
2026-04-27 02:25:06.459 9 INFO neutron.wsgi [-] 10.0.0.106 "GET / HTTP/1.1" status: 200 len: 247 time: 0.0012791
2026-04-27 02:25:21.455 10 INFO neutron.wsgi [-] 10.0.0.106 "GET / HTTP/1.1" status: 200 len: 247 time: 0.0013800
2026-04-27 02:25:21.456 9 INFO neutron.wsgi [-] 10.0.0.106 "GET / HTTP/1.1" status: 200 len: 247 time: 0.0023458
2026-04-27 02:25:25.236 10 INFO neutron.wsgi [None req-0e6f3109-90db-42fd-8efa-48e1b48524dd 914dd4db0ab649508cf1033617215d38 4af2726539924833aacb935f2fbb1410 - - default default] 10.0.0.94 "GET /v2.0/security-groups HTTP/1.1" status: 200 len: 16795 time: 0.0824420
2026-04-27 02:25:25.274 10 INFO neutron.wsgi [None req-1fe2615d-217a-486d-bd35-01bcb517a0a3 914dd4db0ab649508cf1033617215d38 4af2726539924833aacb935f2fbb1410 - - default default] 10.0.0.94 "GET /v2.0/subnets HTTP/1.1" status: 200 len: 1437 time: 0.0327027
2026-04-27 02:25:25.282 10 INFO neutron.wsgi [None req-f3263f57-d80a-4597-a270-2ac209b0e086 914dd4db0ab649508cf1033617215d38 4af2726539924833aacb935f2fbb1410 - - default default] 10.0.0.94 "GET /v2.0/subnetpools HTTP/1.1" status: 200 len: 193 time: 0.0078466
2026-04-27 02:25:25.351 10 INFO neutron.wsgi [None req-5c5cadc8-1ab5-4e4d-95c1-efdc6e451cb6 914dd4db0ab649508cf1033617215d38 4af2726539924833aacb935f2fbb1410 - - default default] 10.0.0.94 "GET /v2.0/networks HTTP/1.1" status: 200 len: 2350 time: 0.0681572
2026-04-27 02:25:25.387 10 INFO neutron.wsgi [None req-7c9ceb19-382e-4b18-9dd7-5bae4ff210ba 914dd4db0ab649508cf1033617215d38 4af2726539924833aacb935f2fbb1410 - - default default] 10.0.0.94 "GET /v2.0/subnets HTTP/1.1" status: 200 len: 1437 time: 0.0346868
2026-04-27 02:25:25.423 10 INFO neutron.wsgi [None req-2a65658f-722e-4ec2-baed-99f90fc031bf 914dd4db0ab649508cf1033617215d38 4af2726539924833aacb935f2fbb1410 - - default default] 10.0.0.94 "GET /v2.0/ports HTTP/1.1" status: 200 len: 5343 time: 0.0339644
2026-04-27 02:25:25.465 10 INFO neutron.wsgi [None req-30dca532-e7ad-47ba-ad74-584c98965f25 914dd4db0ab649508cf1033617215d38 4af2726539924833aacb935f2fbb1410 - - default default] 10.0.0.94 "GET /v2.0/routers HTTP/1.1" status: 200 len: 189 time: 0.0394342
2026-04-27 02:25:25.501 10 INFO neutron.wsgi [None req-8cab7908-8ed2-426a-97a4-f1cc21295aaf 914dd4db0ab649508cf1033617215d38 4af2726539924833aacb935f2fbb1410 - - default default] 10.0.0.94 "GET /v2.0/agents?binary=ovn-controller HTTP/1.1" status: 200 len: 591 time: 0.0355470
2026-04-27 02:25:25.518 10 INFO neutron.wsgi [None req-c5b4a3f8-0572-44ee-aa74-03a6b8b9103a 914dd4db0ab649508cf1033617215d38 4af2726539924833aacb935f2fbb1410 - - default default] 10.0.0.94 "GET /v2.0/agents HTTP/1.1" status: 200 len: 997 time: 0.0157094
2026-04-27 02:25:25.528 10 INFO neutron.wsgi [None req-b1b68fba-7596-44d7-aea0-2510d48c02ff 914dd4db0ab649508cf1033617215d38 4af2726539924833aacb935f2fbb1410 - - default default] 10.0.0.94 "GET /v2.0/network-ip-availabilities HTTP/1.1" status: 200 len: 1280 time: 0.0090716
2026-04-27 02:25:25.547 10 INFO neutron.wsgi [None req-02232356-4066-4d02-8027-84a43adef7ea 914dd4db0ab649508cf1033617215d38 4af2726539924833aacb935f2fbb1410 - - default default] 10.0.0.94 "GET /v2.0/floatingips HTTP/1.1" status: 200 len: 193 time: 0.0168304
2026-04-27 02:25:36.463 9 INFO neutron.wsgi [-] 10.0.0.106 "GET / HTTP/1.1" status: 200 len: 247 time: 0.0025189
2026-04-27 02:25:36.466 9 INFO neutron.wsgi [-] 10.0.0.106 "GET / HTTP/1.1" status: 200 len: 247 time: 0.0020573
2026-04-27 02:25:51.457 10 INFO neutron.wsgi [-] 10.0.0.106 "GET / HTTP/1.1" status: 200 len: 247 time: 0.0025580
2026-04-27 02:25:51.457 9 INFO neutron.wsgi [-] 10.0.0.106 "GET / HTTP/1.1" status: 200 len: 247 time: 0.0026679
2026-04-27 02:26:06.458 9 INFO neutron.wsgi [-] 10.0.0.106 "GET / HTTP/1.1" status: 200 len: 247 time: 0.0028629
2026-04-27 02:26:06.459 9 INFO neutron.wsgi [-] 10.0.0.106 "GET / HTTP/1.1" status: 200 len: 247 time: 0.0011697
2026-04-27 02:26:21.455 9 INFO neutron.wsgi [-] 10.0.0.106 "GET / HTTP/1.1" status: 200 len: 247 time: 0.0020404
2026-04-27 02:26:21.457 10 INFO neutron.wsgi [-] 10.0.0.106 "GET / HTTP/1.1" status: 200 len: 247 time: 0.0034339
2026-04-27 02:26:25.209 10 INFO neutron.wsgi [None req-a6a94fa6-1bd2-4abe-b119-031ee58ac7ed 914dd4db0ab649508cf1033617215d38 4af2726539924833aacb935f2fbb1410 - - default default] 10.0.0.94 "GET /v2.0/subnets HTTP/1.1" status: 200 len: 1437 time: 0.0762477
2026-04-27 02:26:25.295 10 INFO neutron.wsgi [None req-953e0b72-6f2c-4a4e-945a-20c6645e01d9 914dd4db0ab649508cf1033617215d38 4af2726539924833aacb935f2fbb1410 - - default default] 10.0.0.94 "GET /v2.0/routers HTTP/1.1" status: 200 len: 189 time: 0.0843866
2026-04-27 02:26:25.331 10 INFO neutron.wsgi [None req-ac37f01b-081b-4359-b1ba-3a42a0ae827b 914dd4db0ab649508cf1033617215d38 4af2726539924833aacb935f2fbb1410 - - default default] 10.0.0.94 "GET /v2.0/agents?binary=ovn-controller HTTP/1.1" status: 200 len: 591 time: 0.0350065
2026-04-27 02:26:25.360 10 INFO neutron.wsgi [None req-25330ffd-a59e-4074-9dd7-2f3377391a69 914dd4db0ab649508cf1033617215d38 4af2726539924833aacb935f2fbb1410 - - default default] 10.0.0.94 "GET /v2.0/subnets HTTP/1.1" status: 200 len: 1437 time: 0.0285010
2026-04-27 02:26:25.368 10 INFO neutron.wsgi [None req-e98147fc-b072-4bf8-8146-4b10b9dc4a44 914dd4db0ab649508cf1033617215d38 4af2726539924833aacb935f2fbb1410 - - default default] 10.0.0.94 "GET /v2.0/subnetpools HTTP/1.1" status: 200 len: 193 time: 0.0071831
2026-04-27 02:26:25.377 10 INFO neutron.wsgi [None req-12bbfe47-f20e-44a0-9733-d79fd4f5c077 914dd4db0ab649508cf1033617215d38 4af2726539924833aacb935f2fbb1410 - - default default] 10.0.0.94 "GET /v2.0/agents HTTP/1.1" status: 200 len: 997 time: 0.0081956
2026-04-27 02:26:25.422 10 INFO neutron.wsgi [None req-3fd14917-611e-464a-8adb-9f054b73fa8b 914dd4db0ab649508cf1033617215d38 4af2726539924833aacb935f2fbb1410 - - default default] 10.0.0.94 "GET /v2.0/security-groups HTTP/1.1" status: 200 len: 16795 time: 0.0436053
2026-04-27 02:26:25.458 10 INFO neutron.wsgi [None req-97a4064a-947a-4ce5-8acc-597750247d11 914dd4db0ab649508cf1033617215d38 4af2726539924833aacb935f2fbb1410 - - default default] 10.0.0.94 "GET /v2.0/ports HTTP/1.1" status: 200 len: 5343 time: 0.0290236
2026-04-27 02:26:25.474 10 INFO neutron.wsgi [None req-1a513fd8-90a6-45b5-bb66-4fc99d212413 914dd4db0ab649508cf1033617215d38 4af2726539924833aacb935f2fbb1410 - - default default] 10.0.0.94 "GET /v2.0/network-ip-availabilities HTTP/1.1" status: 200 len: 1280 time: 0.0113084
2026-04-27 02:26:25.494 10 INFO neutron.wsgi [None req-0abdb826-ce48-452a-bced-d1191533a2dd 914dd4db0ab649508cf1033617215d38 4af2726539924833aacb935f2fbb1410 - - default default] 10.0.0.94 "GET /v2.0/floatingips HTTP/1.1" status: 200 len: 193 time: 0.0187552
2026-04-27 02:26:25.541 10 INFO neutron.wsgi [None req-6e26cfd3-5fe0-4a4b-aa51-274ca7b13807 914dd4db0ab649508cf1033617215d38 4af2726539924833aacb935f2fbb1410 - - default default] 10.0.0.94 "GET /v2.0/networks HTTP/1.1" status: 200 len: 2350 time: 0.0463450
2026-04-27 02:26:36.463 10 INFO neutron.wsgi [-] 10.0.0.106 "GET / HTTP/1.1" status: 200 len: 247 time: 0.0054591
2026-04-27 02:26:36.464 10 INFO neutron.wsgi [-] 10.0.0.106 "GET / HTTP/1.1" status: 200 len: 247 time: 0.0010278
2026-04-27 02:26:51.456 9 INFO neutron.wsgi [-] 10.0.0.106 "GET / HTTP/1.1" status: 200 len: 247 time: 0.0022931
2026-04-27 02:26:51.457 10 INFO neutron.wsgi [-] 10.0.0.106 "GET / HTTP/1.1" status: 200 len: 247 time: 0.0024672
2026-04-27 02:27:06.458 9 INFO neutron.wsgi [-] 10.0.0.106 "GET / HTTP/1.1" status: 200 len: 247 time: 0.0040469
2026-04-27 02:27:06.461 9 INFO neutron.wsgi [-] 10.0.0.106 "GET / HTTP/1.1" status: 200 len: 247 time: 0.0023623
2026-04-27 02:27:21.458 10 INFO neutron.wsgi [-] 10.0.0.106 "GET / HTTP/1.1" status: 200 len: 247 time: 0.0039749
2026-04-27 02:27:21.459 10 INFO neutron.wsgi [-] 10.0.0.106 "GET / HTTP/1.1" status: 200 len: 247 time: 0.0008731
2026-04-27 02:27:25.223 10 INFO neutron.wsgi [None req-7b6f4408-3a7a-4ae8-afdd-88295ba154a7 914dd4db0ab649508cf1033617215d38 4af2726539924833aacb935f2fbb1410 - - default default] 10.0.0.94 "GET /v2.0/subnets HTTP/1.1" status: 200 len: 1437 time: 0.0676374
2026-04-27 02:27:25.271 10 INFO neutron.wsgi [None req-e1bcb55e-6ff2-43b3-92d3-240d28464aa9 914dd4db0ab649508cf1033617215d38 4af2726539924833aacb935f2fbb1410 - - default default] 10.0.0.94 "GET /v2.0/security-groups HTTP/1.1" status: 200 len: 16795 time: 0.0468585
2026-04-27 02:27:25.300 10 INFO neutron.wsgi [None req-33bb2662-c9d8-458f-baa4-8fc2fce1bc3f 914dd4db0ab649508cf1033617215d38 4af2726539924833aacb935f2fbb1410 - - default default] 10.0.0.94 "GET /v2.0/ports HTTP/1.1" status: 200 len: 5343 time: 0.0248258
2026-04-27 02:27:25.321 10 INFO neutron.wsgi [None req-277f2369-f8d1-44c8-88f0-eb330cbe2829 914dd4db0ab649508cf1033617215d38 4af2726539924833aacb935f2fbb1410 - - default default] 10.0.0.94 "GET /v2.0/routers HTTP/1.1" status: 200 len: 189 time: 0.0177360
2026-04-27 02:27:25.349 10 INFO neutron.wsgi [None req-5a60a309-b36c-4e01-bf76-5ffd575bf699 914dd4db0ab649508cf1033617215d38 4af2726539924833aacb935f2fbb1410 - - default default] 10.0.0.94 "GET /v2.0/agents?binary=ovn-controller HTTP/1.1" status: 200 len: 591 time: 0.0270922
2026-04-27 02:27:25.359 10 INFO neutron.wsgi [None req-5c63d5a0-5ef9-4658-ae69-6160dfb36474 914dd4db0ab649508cf1033617215d38 4af2726539924833aacb935f2fbb1410 - - default default] 10.0.0.94 "GET /v2.0/network-ip-availabilities HTTP/1.1" status: 200 len: 1280 time: 0.0095379
2026-04-27 02:27:25.387 10 INFO neutron.wsgi [None req-12e2e5e4-5a42-4519-b65c-ff5b38c99aef 914dd4db0ab649508cf1033617215d38 4af2726539924833aacb935f2fbb1410 - - default default] 10.0.0.94 "GET /v2.0/subnets HTTP/1.1" status: 200 len: 1437 time: 0.0272179
2026-04-27 02:27:25.398 10 INFO neutron.wsgi [None req-8ecb4042-ae5f-4564-bef6-1aa09ca9ec20 914dd4db0ab649508cf1033617215d38 4af2726539924833aacb935f2fbb1410 - - default default] 10.0.0.94 "GET /v2.0/subnetpools HTTP/1.1" status: 200 len: 193 time: 0.0091546
2026-04-27 02:27:25.458 10 INFO neutron.wsgi [None req-4f298804-8315-40d2-a52a-c6d5e9cdb0db 914dd4db0ab649508cf1033617215d38 4af2726539924833aacb935f2fbb1410 - - default default] 10.0.0.94 "GET /v2.0/networks HTTP/1.1" status: 200 len: 2350 time: 0.0592871
2026-04-27 02:27:25.470 10 INFO neutron.wsgi [None req-ee4be506-b658-452c-b038-40dc918ba943 914dd4db0ab649508cf1033617215d38 4af2726539924833aacb935f2fbb1410 - - default default] 10.0.0.94 "GET /v2.0/agents HTTP/1.1" status: 200 len: 997 time: 0.0102506
2026-04-27 02:27:25.490 10 INFO neutron.wsgi [None req-728dc51c-8b6c-44a2-87d4-855a46d580e0 914dd4db0ab649508cf1033617215d38 4af2726539924833aacb935f2fbb1410 - - default default] 10.0.0.94 "GET /v2.0/floatingips HTTP/1.1" status: 200 len: 193 time: 0.0192370
2026-04-27 02:27:36.457 9 INFO neutron.wsgi [-] 10.0.0.106 "GET / HTTP/1.1" status: 200 len: 247 time: 0.0030084
2026-04-27 02:27:36.458 10 INFO neutron.wsgi [-] 10.0.0.106 "GET / HTTP/1.1" status: 200 len: 247 time: 0.0028961
2026-04-27 02:27:51.459 9 INFO neutron.wsgi [-] 10.0.0.106 "GET / HTTP/1.1" status: 200 len: 247 time: 0.0031402
2026-04-27 02:27:51.468 9 INFO neutron.wsgi [-] 10.0.0.106 "GET / HTTP/1.1" status: 200 len: 247 time: 0.0031161
2026-04-27 02:28:06.457 10 INFO neutron.wsgi [-] 10.0.0.106 "GET / HTTP/1.1" status: 200 len: 247 time: 0.0025773
2026-04-27 02:28:06.457 9 INFO neutron.wsgi [-] 10.0.0.106 "GET / HTTP/1.1" status: 200 len: 247 time: 0.0024607
2026-04-27 02:28:21.456 10 INFO neutron.wsgi [-] 10.0.0.106 "GET / HTTP/1.1" status: 200 len: 247 time: 0.0019894
2026-04-27 02:28:21.457 9 INFO neutron.wsgi [-] 10.0.0.106 "GET / HTTP/1.1" status: 200 len: 247 time: 0.0023003
2026-04-27 02:28:25.314 10 INFO neutron.wsgi [None req-87bc2e5a-93fe-4648-be17-b39905ee9271 914dd4db0ab649508cf1033617215d38 4af2726539924833aacb935f2fbb1410 - - default default] 10.0.0.94 "GET /v2.0/agents HTTP/1.1" status: 200 len: 997 time: 0.1838481
2026-04-27 02:28:25.326 10 INFO neutron.wsgi [None req-4cd3c059-97b0-41c2-9346-f0138be2cb42 914dd4db0ab649508cf1033617215d38 4af2726539924833aacb935f2fbb1410 - - default default] 10.0.0.94 "GET /v2.0/network-ip-availabilities HTTP/1.1" status: 200 len: 1280 time: 0.0100939
2026-04-27 02:28:25.342 10 INFO neutron.wsgi [None req-8bc7e800-2295-4138-9568-3152c84f6fe2 914dd4db0ab649508cf1033617215d38 4af2726539924833aacb935f2fbb1410 - - default default] 10.0.0.94 "GET /v2.0/floatingips HTTP/1.1" status: 200 len: 193 time: 0.0161121
2026-04-27 02:28:25.419 10 INFO neutron.wsgi [None req-b041511a-aea6-4973-8e6d-36ee4b93ff09 914dd4db0ab649508cf1033617215d38 4af2726539924833aacb935f2fbb1410 - - default default] 10.0.0.94 "GET /v2.0/networks HTTP/1.1" status: 200 len: 2350 time: 0.0762522
2026-04-27 02:28:25.454 10 INFO neutron.wsgi [None req-52c553e4-bbac-4eb1-9a3e-bf62e8cd1d8f 914dd4db0ab649508cf1033617215d38 4af2726539924833aacb935f2fbb1410 - - default default] 10.0.0.94 "GET /v2.0/subnets HTTP/1.1" status: 200 len: 1437 time: 0.0314410
2026-04-27 02:28:25.484 10 INFO neutron.wsgi [None req-e815d3cf-fe51-4970-8b3d-e289127e8430 914dd4db0ab649508cf1033617215d38 4af2726539924833aacb935f2fbb1410 - - default default] 10.0.0.94 "GET /v2.0/subnets HTTP/1.1" status: 200 len: 1437 time: 0.0284736
2026-04-27 02:28:25.494 10 INFO neutron.wsgi [None req-7562316b-3228-47e7-ba60-6f1cc4d950ad 914dd4db0ab649508cf1033617215d38 4af2726539924833aacb935f2fbb1410 - - default default] 10.0.0.94 "GET /v2.0/subnetpools HTTP/1.1" status: 200 len: 193 time: 0.0085948
2026-04-27 02:28:25.544 10 INFO neutron.wsgi [None req-c93258af-86a7-414a-97d2-695c462522e0 914dd4db0ab649508cf1033617215d38 4af2726539924833aacb935f2fbb1410 - - default default] 10.0.0.94 "GET /v2.0/security-groups HTTP/1.1" status: 200 len: 16795 time: 0.0503223
2026-04-27 02:28:25.569 10 INFO neutron.wsgi [None req-321deee8-3a2c-4222-b8f5-81674b3c5c4d 914dd4db0ab649508cf1033617215d38 4af2726539924833aacb935f2fbb1410 - - default default] 10.0.0.94 "GET /v2.0/routers HTTP/1.1" status: 200 len: 189 time: 0.0211778
2026-04-27 02:28:25.577 10 INFO neutron.wsgi [None req-4d86426d-f5a4-4791-9539-8bafe660e912 914dd4db0ab649508cf1033617215d38 4af2726539924833aacb935f2fbb1410 - - default default] 10.0.0.94 "GET /v2.0/agents?binary=ovn-controller HTTP/1.1" status: 200 len: 591 time: 0.0068786
2026-04-27 02:28:25.606 10 INFO neutron.wsgi [None req-cf4fbeb9-6723-473e-a1ab-98a659b2ea5d 914dd4db0ab649508cf1033617215d38 4af2726539924833aacb935f2fbb1410 - - default default] 10.0.0.94 "GET /v2.0/ports HTTP/1.1" status: 200 len: 5343 time: 0.0276279
2026-04-27 02:28:36.456 10 INFO neutron.wsgi [-] 10.0.0.106 "GET / HTTP/1.1" status: 200 len: 247 time: 0.0017993
2026-04-27 02:28:36.458 10 INFO neutron.wsgi [-] 10.0.0.106 "GET / HTTP/1.1" status: 200 len: 247 time: 0.0013688
2026-04-27 02:28:37.691 10 INFO neutron.wsgi [None req-49767d5a-0191-4fd5-a1af-8a5736e7b731 914dd4db0ab649508cf1033617215d38 4af2726539924833aacb935f2fbb1410 - - default default] 199.204.45.222,10.0.0.106 "GET /v2.0/networks HTTP/1.1" status: 200 len: 2350 time: 0.1099010
2026-04-27 02:28:38.818 10 INFO neutron.wsgi [None req-e71b158e-c25d-43ae-bbc4-e425e87a1244 914dd4db0ab649508cf1033617215d38 4af2726539924833aacb935f2fbb1410 - - default default] 199.204.45.222,10.0.0.106 "GET /v2.0/subnets HTTP/1.1" status: 200 len: 1437 time: 0.0754373
2026-04-27 02:28:38.873 10 INFO neutron.wsgi [None req-072d24c0-12b4-41f2-a909-57b4eaa3378c 914dd4db0ab649508cf1033617215d38 4af2726539924833aacb935f2fbb1410 - - default default] 199.204.45.222,10.0.0.106 "GET /v2.0/networks HTTP/1.1" status: 200 len: 2350 time: 0.0492125
2026-04-27 02:28:51.457 10 INFO neutron.wsgi [-] 10.0.0.106 "GET / HTTP/1.1" status: 200 len: 247 time: 0.0026574
2026-04-27 02:28:51.457 9 INFO neutron.wsgi [-] 10.0.0.106 "GET / HTTP/1.1" status: 200 len: 247 time: 0.0029473
2026-04-27 02:29:06.455 10 INFO neutron.wsgi [-] 10.0.0.106 "GET / HTTP/1.1" status: 200 len: 247 time: 0.0015833
2026-04-27 02:29:06.457 9 INFO neutron.wsgi [-] 10.0.0.106 "GET / HTTP/1.1" status: 200 len: 247 time: 0.0034325
2026-04-27 02:29:14.302 10 INFO neutron.wsgi [None req-f9d06be3-d1fd-4249-9baf-bbc367cdd473 914dd4db0ab649508cf1033617215d38 4af2726539924833aacb935f2fbb1410 - - default default] 199.204.45.222,10.0.0.106 "GET /v2.0/networks HTTP/1.1" status: 200 len: 2350 time: 0.1062796
2026-04-27 02:29:15.192 10 INFO neutron.wsgi [None req-78fc5e1c-895b-4e63-af31-e7b54128a46b 914dd4db0ab649508cf1033617215d38 4af2726539924833aacb935f2fbb1410 - - default default] 199.204.45.222,10.0.0.106 "GET /v2.0/subnets HTTP/1.1" status: 200 len: 1437 time: 0.0750337
2026-04-27 02:29:15.255 10 INFO neutron.wsgi [None req-76503359-a001-4da0-b47b-d8e2073af185 914dd4db0ab649508cf1033617215d38 4af2726539924833aacb935f2fbb1410 - - default default] 199.204.45.222,10.0.0.106 "GET /v2.0/networks HTTP/1.1" status: 200 len: 2350 time: 0.0579495
2026-04-27 02:29:16.224 10 INFO neutron.wsgi [None req-dd5a4ba0-f597-44f4-a133-e2e9484d411f 914dd4db0ab649508cf1033617215d38 4af2726539924833aacb935f2fbb1410 - - default default] 199.204.45.222,10.0.0.106 "GET /v2.0/security-groups?tenant_id=4af2726539924833aacb935f2fbb1410 HTTP/1.1" status: 200 len: 10153 time: 0.0728483
2026-04-27 02:29:17.218 10 INFO neutron.wsgi [None req-54fa70c9-353d-4345-9cb2-9b72820e1205 914dd4db0ab649508cf1033617215d38 4af2726539924833aacb935f2fbb1410 - - default default] 199.204.45.222,10.0.0.106 "GET /v2.0/security-groups?tenant_id=4af2726539924833aacb935f2fbb1410 HTTP/1.1" status: 200 len: 10153 time: 0.0925529
