2026-04-27 02:35:12.797 10 WARNING neutron.api.rpc.agentnotifiers.dhcp_rpc_agent_api [None req-9f8af66d-4c6c-4215-9717-1c5e6bae874d 73ef32923907432aa5dd58e0aa271a05 ab6f9b44596745109909f1cc98b8fcd3 - - default default] Unable to schedule network 2da3689a-7f6d-413d-a8a9-d48ac50d0490: no agents available; will retry on subsequent port and subnet creation events.
2026-04-27 02:35:12.811 10 INFO neutron.db.ovn_revision_numbers_db [None req-47a401a3-1ba8-47e9-990a-f89907c2c9fb - - - - - -] Successfully bumped revision number for resource 0c5b2dcd-40a8-4fc4-9379-f8cafdbcf818 (type: ports) to 2
2026-04-27 02:35:12.830 9 INFO neutron.db.ovn_revision_numbers_db [None req-fe5da88f-bf6a-4603-b7cf-f499409396f5 914dd4db0ab649508cf1033617215d38 4af2726539924833aacb935f2fbb1410 - - default default] Successfully bumped revision number for resource 157397a7-35de-4a44-96ad-6d73837d8b80 (type: security_groups) to 1
2026-04-27 02:35:12.847 9 INFO neutron.db.ovn_revision_numbers_db [None req-fe5da88f-bf6a-4603-b7cf-f499409396f5 914dd4db0ab649508cf1033617215d38 4af2726539924833aacb935f2fbb1410 - - default default] Successfully bumped revision number for resource 14eaff99-22b7-46d1-9c44-153977b66cca (type: security_group_rules) to 0
2026-04-27 02:35:12.863 9 INFO neutron.db.ovn_revision_numbers_db [None req-fe5da88f-bf6a-4603-b7cf-f499409396f5 914dd4db0ab649508cf1033617215d38 4af2726539924833aacb935f2fbb1410 - - default default] Successfully bumped revision number for resource 5d699a4f-f1c5-4617-a506-645120a456b3 (type: security_group_rules) to 0
2026-04-27 02:35:12.879 9 INFO neutron.db.ovn_revision_numbers_db [None req-fe5da88f-bf6a-4603-b7cf-f499409396f5 914dd4db0ab649508cf1033617215d38 4af2726539924833aacb935f2fbb1410 - - default default] Successfully bumped revision number for resource d2dcc5d3-923d-4c9e-9a64-6c5663b26cc1 (type: security_group_rules) to 0
2026-04-27 02:35:12.900 9 INFO neutron.db.ovn_revision_numbers_db [None req-fe5da88f-bf6a-4603-b7cf-f499409396f5 914dd4db0ab649508cf1033617215d38 4af2726539924833aacb935f2fbb1410 - - default default] Successfully bumped revision number for resource de715f01-5088-4dc8-b81b-fadd1bb0bc62 (type: security_group_rules) to 0
2026-04-27 02:35:12.924 9 INFO neutron.wsgi [None req-fe5da88f-bf6a-4603-b7cf-f499409396f5 914dd4db0ab649508cf1033617215d38 4af2726539924833aacb935f2fbb1410 - - default default] 10.0.0.133 "GET /v2.0/security-groups?tenant_id=a5db76b252e74263bd44cc931c985e29&name=default HTTP/1.1" status: 200 len: 2996 time: 0.4253566
2026-04-27 02:35:13.001 10 INFO neutron.db.ovn_revision_numbers_db [None req-47a401a3-1ba8-47e9-990a-f89907c2c9fb - - - - - -] Successfully bumped revision number for resource 0c5b2dcd-40a8-4fc4-9379-f8cafdbcf818 (type: router_ports) to 2
2026-04-27 02:35:13.073 10 INFO neutron.db.ovn_revision_numbers_db [None req-9f8af66d-4c6c-4215-9717-1c5e6bae874d 73ef32923907432aa5dd58e0aa271a05 ab6f9b44596745109909f1cc98b8fcd3 - - default default] Successfully bumped revision number for resource 0c5b2dcd-40a8-4fc4-9379-f8cafdbcf818 (type: router_ports) to 2
2026-04-27 02:35:13.075 10 INFO neutron.wsgi [None req-9f8af66d-4c6c-4215-9717-1c5e6bae874d 73ef32923907432aa5dd58e0aa271a05 ab6f9b44596745109909f1cc98b8fcd3 - - default default] 10.0.0.133 "PUT /v2.0/routers/d5d36012-b914-4c3b-ab94-2e177bf711b2/add_router_interface HTTP/1.1" status: 200 len: 503 time: 1.8197360
2026-04-27 02:35:13.119 9 INFO neutron.wsgi [None req-1eb87478-041d-4c43-9562-ed7c8ba149ca 73ef32923907432aa5dd58e0aa271a05 ab6f9b44596745109909f1cc98b8fcd3 - - default default] 10.0.0.133 "GET /v2.0/ports/0c5b2dcd-40a8-4fc4-9379-f8cafdbcf818 HTTP/1.1" status: 200 len: 1137 time: 0.0355687
2026-04-27 02:35:13.160 9 INFO neutron.wsgi [None req-9f898e57-d1c6-4889-a17d-f2d95dcbd798 73ef32923907432aa5dd58e0aa271a05 ab6f9b44596745109909f1cc98b8fcd3 - - default default] 10.0.0.133 "GET /v2.0/ports/0c5b2dcd-40a8-4fc4-9379-f8cafdbcf818 HTTP/1.1" status: 200 len: 1137 time: 0.0338643
2026-04-27 02:35:13.214 10 INFO neutron.wsgi [None req-3194afd1-6e42-4916-bbdb-76e80768c91d 914dd4db0ab649508cf1033617215d38 4af2726539924833aacb935f2fbb1410 - - default default] 10.0.0.133 "DELETE /v2.0/security-groups/157397a7-35de-4a44-96ad-6d73837d8b80 HTTP/1.1" status: 204 len: 168 time: 0.2837255
2026-04-27 02:35:14.000 10 INFO neutron.db.ovn_revision_numbers_db [None req-1bf36e80-edd2-4224-8101-71b502c202f2 f64685e1bc2b421198d924c7f38ceb8e 6acb8910fb0b4230a411f7c90d9f0d9c - - default default] Successfully bumped revision number for resource a6e4abe7-66ae-4ea0-843d-7163f8178964 (type: security_groups) to 1
2026-04-27 02:35:14.014 10 INFO neutron.db.ovn_revision_numbers_db [None req-1bf36e80-edd2-4224-8101-71b502c202f2 f64685e1bc2b421198d924c7f38ceb8e 6acb8910fb0b4230a411f7c90d9f0d9c - - default default] Successfully bumped revision number for resource 7afeac04-ac82-46a5-ab85-0f264aaab8f3 (type: security_group_rules) to 0
2026-04-27 02:35:14.028 10 INFO neutron.db.ovn_revision_numbers_db [None req-1bf36e80-edd2-4224-8101-71b502c202f2 f64685e1bc2b421198d924c7f38ceb8e 6acb8910fb0b4230a411f7c90d9f0d9c - - default default] Successfully bumped revision number for resource 910c6ee6-b11a-4922-af31-e18792d27dff (type: security_group_rules) to 0
2026-04-27 02:35:14.040 10 INFO neutron.db.ovn_revision_numbers_db [None req-1bf36e80-edd2-4224-8101-71b502c202f2 f64685e1bc2b421198d924c7f38ceb8e 6acb8910fb0b4230a411f7c90d9f0d9c - - default default] Successfully bumped revision number for resource 938fb1aa-32df-457a-a48e-77a66e6e8a1a (type: security_group_rules) to 0
2026-04-27 02:35:14.051 10 INFO neutron.db.ovn_revision_numbers_db [None req-1bf36e80-edd2-4224-8101-71b502c202f2 f64685e1bc2b421198d924c7f38ceb8e 6acb8910fb0b4230a411f7c90d9f0d9c - - default default] Successfully bumped revision number for resource d2b1bfb8-0ae5-499d-91c1-c885fc41fe63 (type: security_group_rules) to 0
2026-04-27 02:35:14.100 10 INFO neutron.db.segments_db [None req-1bf36e80-edd2-4224-8101-71b502c202f2 f64685e1bc2b421198d924c7f38ceb8e 6acb8910fb0b4230a411f7c90d9f0d9c - - default default] Added segment 6993f0c2-5460-4aea-8df4-401bfdf58cd4 of type geneve for network 6ed55a1f-c860-4e39-ab6c-0bce50654869
2026-04-27 02:35:14.125 9 INFO neutron.wsgi [None req-ff0a5114-25d0-4433-b013-acfe24c83d43 73ef32923907432aa5dd58e0aa271a05 ab6f9b44596745109909f1cc98b8fcd3 - - default default] 10.0.0.133 "PUT /v2.0/routers/d5d36012-b914-4c3b-ab94-2e177bf711b2/remove_router_interface HTTP/1.1" status: 200 len: 503 time: 0.9598131
2026-04-27 02:35:14.154 10 INFO neutron.wsgi [None req-acbd6fa8-be56-41ca-96ce-9ff1b38ab084 73ef32923907432aa5dd58e0aa271a05 ab6f9b44596745109909f1cc98b8fcd3 - - default default] 10.0.0.133 "GET /v2.0/ports?device_id=d5d36012-b914-4c3b-ab94-2e177bf711b2 HTTP/1.1" status: 200 len: 205 time: 0.0213966 /var/lib/openstack/lib/python3.10/site-packages/pycadf/identifier.py:71: UserWarning: Invalid uuid: neutron. To ensure interoperability, identifiers should be a valid uuid. warnings.warn(('Invalid uuid: %s. To ensure interoperability, '
2026-04-27 02:35:14.264 10 INFO neutron.db.ovn_revision_numbers_db [None req-1bf36e80-edd2-4224-8101-71b502c202f2 f64685e1bc2b421198d924c7f38ceb8e 6acb8910fb0b4230a411f7c90d9f0d9c - - default default] Successfully bumped revision number for resource 6ed55a1f-c860-4e39-ab6c-0bce50654869 (type: networks) to 1
2026-04-27 02:35:14.413 9 INFO neutron.wsgi [None req-0053ace0-f5b3-4bb0-8e57-02ac73c874cb 73ef32923907432aa5dd58e0aa271a05 ab6f9b44596745109909f1cc98b8fcd3 - - default default] 10.0.0.133 "DELETE /v2.0/routers/d5d36012-b914-4c3b-ab94-2e177bf711b2 HTTP/1.1" status: 204 len: 168 time: 0.2529216
2026-04-27 02:35:14.477 10 WARNING neutron.scheduler.dhcp_agent_scheduler [None req-1bf36e80-edd2-4224-8101-71b502c202f2 f64685e1bc2b421198d924c7f38ceb8e 6acb8910fb0b4230a411f7c90d9f0d9c - - default default] No more DHCP agents
2026-04-27 02:35:14.481 10 WARNING neutron.api.rpc.agentnotifiers.dhcp_rpc_agent_api [None req-1bf36e80-edd2-4224-8101-71b502c202f2 f64685e1bc2b421198d924c7f38ceb8e 6acb8910fb0b4230a411f7c90d9f0d9c - - default default] Unable to schedule network 6ed55a1f-c860-4e39-ab6c-0bce50654869: no agents available; will retry on subsequent port and subnet creation events.
2026-04-27 02:35:14.563 10 INFO neutron.db.ovn_revision_numbers_db [None req-1bf36e80-edd2-4224-8101-71b502c202f2 f64685e1bc2b421198d924c7f38ceb8e 6acb8910fb0b4230a411f7c90d9f0d9c - - default default] Successfully bumped revision number for resource 7ef888d5-5968-4789-a30a-d3787686a7e6 (type: ports) to 1
2026-04-27 02:35:14.584 10 INFO neutron.wsgi [None req-1bf36e80-edd2-4224-8101-71b502c202f2 f64685e1bc2b421198d924c7f38ceb8e 6acb8910fb0b4230a411f7c90d9f0d9c - - default default] 10.0.0.133 "POST /v2.0/networks HTTP/1.1" status: 201 len: 830 time: 1.0198493
2026-04-27 02:35:14.698 9 INFO neutron.wsgi [None req-109cbdca-041f-4589-9ca4-685a7a022019 73ef32923907432aa5dd58e0aa271a05 ab6f9b44596745109909f1cc98b8fcd3 - - default default] 10.0.0.133 "DELETE /v2.0/subnets/136761ce-c502-48e4-b080-145998627b7f HTTP/1.1" status: 204 len: 168 time: 0.2769382
2026-04-27 02:35:14.848 10 WARNING neutron.scheduler.dhcp_agent_scheduler [None req-c3c8c884-596f-4e2c-ad04-9b52fba323f5 f64685e1bc2b421198d924c7f38ceb8e 6acb8910fb0b4230a411f7c90d9f0d9c - - default default] No more DHCP agents
2026-04-27 02:35:14.851 10 WARNING neutron.api.rpc.agentnotifiers.dhcp_rpc_agent_api [None req-c3c8c884-596f-4e2c-ad04-9b52fba323f5 f64685e1bc2b421198d924c7f38ceb8e 6acb8910fb0b4230a411f7c90d9f0d9c - - default default] Unable to schedule network 6ed55a1f-c860-4e39-ab6c-0bce50654869: no agents available; will retry on subsequent port and subnet creation events.
2026-04-27 02:35:14.961 10 INFO neutron.db.ovn_revision_numbers_db [None req-c3c8c884-596f-4e2c-ad04-9b52fba323f5 f64685e1bc2b421198d924c7f38ceb8e 6acb8910fb0b4230a411f7c90d9f0d9c - - default default] Successfully bumped revision number for resource 4bfd8ef9-31bf-43d7-b215-0bf59accead1 (type: ports) to 1
2026-04-27 02:35:14.987 10 INFO neutron.wsgi [None req-c3c8c884-596f-4e2c-ad04-9b52fba323f5 f64685e1bc2b421198d924c7f38ceb8e 6acb8910fb0b4230a411f7c90d9f0d9c - - default default] 10.0.0.133 "POST /v2.0/ports HTTP/1.1" status: 201 len: 942 time: 0.3975575 /var/lib/openstack/lib/python3.10/site-packages/pycadf/identifier.py:71: UserWarning: Invalid uuid: neutron. To ensure interoperability, identifiers should be a valid uuid. warnings.warn(('Invalid uuid: %s. To ensure interoperability, '
2026-04-27 02:35:15.066 9 INFO neutron.services.segments.plugin [-] Segment 4d6a2938-5bdf-4070-b12b-e4bbc7a18fb7 resource provider aggregate not found
2026-04-27 02:35:15.070 9 INFO neutron.services.segments.plugin [-] Segment 4d6a2938-5bdf-4070-b12b-e4bbc7a18fb7 resource provider aggregate not found
2026-04-27 02:35:15.083 10 INFO neutron.db.segments_db [None req-20e6d593-7778-49bb-9316-ccf748c46672 f64685e1bc2b421198d924c7f38ceb8e 6acb8910fb0b4230a411f7c90d9f0d9c - - default default] Added segment 49c0fd56-a0ad-428b-8bfd-41db0702aebb of type geneve for network 116a022d-edb2-4d68-bdab-7bcf75c71ead
2026-04-27 02:35:15.089 9 INFO neutron.services.segments.plugin [-] Segment 4d6a2938-5bdf-4070-b12b-e4bbc7a18fb7 resource provider not found; error: Placement Client Error (4xx): {"errors": [{"status": 404, "title": "Not Found", "detail": "The resource could not be found.\n\n No resource provider with uuid 4d6a2938-5bdf-4070-b12b-e4bbc7a18fb7 found for delete ", "request_id": "req-057208ae-a973-4d07-b447-b3a9dd04e2d2"}]}
2026-04-27 02:35:15.091 9 INFO neutron.services.segments.plugin [-] Segment 4d6a2938-5bdf-4070-b12b-e4bbc7a18fb7 resource provider not found; error: Placement Client Error (4xx): {"errors": [{"status": 404, "title": "Not Found", "detail": "The resource could not be found.\n\n No resource provider with uuid 4d6a2938-5bdf-4070-b12b-e4bbc7a18fb7 found for delete ", "request_id": "req-a075acf2-b145-4fb9-9a1b-bc5294269e59"}]}
2026-04-27 02:35:15.108 9 INFO neutron.wsgi [None req-e7d525b4-4a96-4be4-bc71-8b35b2c7e9e2 73ef32923907432aa5dd58e0aa271a05 ab6f9b44596745109909f1cc98b8fcd3 - - default default] 10.0.0.133 "DELETE /v2.0/networks/2da3689a-7f6d-413d-a8a9-d48ac50d0490 HTTP/1.1" status: 204 len: 168 time: 0.4054010
2026-04-27 02:35:15.244 10 INFO neutron.db.ovn_revision_numbers_db [None req-20e6d593-7778-49bb-9316-ccf748c46672 f64685e1bc2b421198d924c7f38ceb8e 6acb8910fb0b4230a411f7c90d9f0d9c - - default default] Successfully bumped revision number for resource 116a022d-edb2-4d68-bdab-7bcf75c71ead (type: networks) to 1
2026-04-27 02:35:15.426 10 WARNING neutron.scheduler.dhcp_agent_scheduler [None req-20e6d593-7778-49bb-9316-ccf748c46672 f64685e1bc2b421198d924c7f38ceb8e 6acb8910fb0b4230a411f7c90d9f0d9c - - default default] No more DHCP agents
2026-04-27 02:35:15.428 10 WARNING neutron.api.rpc.agentnotifiers.dhcp_rpc_agent_api [None req-20e6d593-7778-49bb-9316-ccf748c46672 f64685e1bc2b421198d924c7f38ceb8e 6acb8910fb0b4230a411f7c90d9f0d9c - - default default] Unable to schedule network 116a022d-edb2-4d68-bdab-7bcf75c71ead: no agents available; will retry on subsequent port and subnet creation events.
2026-04-27 02:35:15.515 10 INFO neutron.db.ovn_revision_numbers_db [None req-20e6d593-7778-49bb-9316-ccf748c46672 f64685e1bc2b421198d924c7f38ceb8e 6acb8910fb0b4230a411f7c90d9f0d9c - - default default] Successfully bumped revision number for resource 5a6ba61e-7d19-4d4c-bd44-e8fffcc924a0 (type: ports) to 1
2026-04-27 02:35:15.537 10 INFO neutron.wsgi [None req-20e6d593-7778-49bb-9316-ccf748c46672 f64685e1bc2b421198d924c7f38ceb8e 6acb8910fb0b4230a411f7c90d9f0d9c - - default default] 10.0.0.133 "POST /v2.0/networks HTTP/1.1" status: 201 len: 830 time: 0.5466020
2026-04-27 02:35:15.573 9 WARNING neutron.scheduler.dhcp_agent_scheduler [None req-7d855b5c-c2a5-417f-b1e7-d480a0060b6c 73ef32923907432aa5dd58e0aa271a05 ab6f9b44596745109909f1cc98b8fcd3 - - default default] No more DHCP agents
2026-04-27 02:35:15.574 9 WARNING neutron.api.rpc.agentnotifiers.dhcp_rpc_agent_api [None req-7d855b5c-c2a5-417f-b1e7-d480a0060b6c 73ef32923907432aa5dd58e0aa271a05 ab6f9b44596745109909f1cc98b8fcd3 - - default default] Unable to schedule network 41c2b178-ba8f-472c-bcd1-18379c61da8c: no agents available; will retry on subsequent port and subnet creation events.
2026-04-27 02:35:15.744 9 INFO neutron.db.ovn_revision_numbers_db [None req-7d855b5c-c2a5-417f-b1e7-d480a0060b6c 73ef32923907432aa5dd58e0aa271a05 ab6f9b44596745109909f1cc98b8fcd3 - - default default] Successfully bumped revision number for resource fd1e4360-35ae-40a1-aab0-f9a68c281ec9 (type: ports) to 1
2026-04-27 02:35:15.818 10 WARNING neutron.scheduler.dhcp_agent_scheduler [None req-bac56f2b-4b3f-4b44-8323-b46aef14f5e1 f64685e1bc2b421198d924c7f38ceb8e 6acb8910fb0b4230a411f7c90d9f0d9c - - default default] No more DHCP agents
2026-04-27 02:35:15.821 10 WARNING neutron.api.rpc.agentnotifiers.dhcp_rpc_agent_api [None req-bac56f2b-4b3f-4b44-8323-b46aef14f5e1 f64685e1bc2b421198d924c7f38ceb8e 6acb8910fb0b4230a411f7c90d9f0d9c - - default default] Unable to schedule network 116a022d-edb2-4d68-bdab-7bcf75c71ead: no agents available; will retry on subsequent port and subnet creation events.
2026-04-27 02:35:15.933 10 INFO neutron.db.ovn_revision_numbers_db [None req-bac56f2b-4b3f-4b44-8323-b46aef14f5e1 f64685e1bc2b421198d924c7f38ceb8e 6acb8910fb0b4230a411f7c90d9f0d9c - - default default] Successfully bumped revision number for resource 061e7090-7509-4473-9005-9ec670300607 (type: ports) to 1
2026-04-27 02:35:15.965 10 INFO neutron.wsgi [None req-bac56f2b-4b3f-4b44-8323-b46aef14f5e1 f64685e1bc2b421198d924c7f38ceb8e 6acb8910fb0b4230a411f7c90d9f0d9c - - default default] 10.0.0.133 "POST /v2.0/ports HTTP/1.1" status: 201 len: 942 time: 0.4228489 /var/lib/openstack/lib/python3.10/site-packages/pycadf/identifier.py:71: UserWarning: Invalid uuid: neutron. To ensure interoperability, identifiers should be a valid uuid. warnings.warn(('Invalid uuid: %s. To ensure interoperability, '
2026-04-27 02:35:16.050 10 INFO neutron.db.segments_db [None req-8510cd53-2041-4adc-af97-489895b5b9f5 f64685e1bc2b421198d924c7f38ceb8e 6acb8910fb0b4230a411f7c90d9f0d9c - - default default] Added segment 3ffc5642-a493-4484-ad06-4a2920a18fef of type geneve for network e7f16041-6470-4620-8c8b-435ef756ef54
2026-04-27 02:35:16.205 10 INFO neutron.db.ovn_revision_numbers_db [None req-8510cd53-2041-4adc-af97-489895b5b9f5 f64685e1bc2b421198d924c7f38ceb8e 6acb8910fb0b4230a411f7c90d9f0d9c - - default default] Successfully bumped revision number for resource e7f16041-6470-4620-8c8b-435ef756ef54 (type: networks) to 1
2026-04-27 02:35:16.396 9 INFO neutron.db.ovn_revision_numbers_db [None req-7d855b5c-c2a5-417f-b1e7-d480a0060b6c 73ef32923907432aa5dd58e0aa271a05 ab6f9b44596745109909f1cc98b8fcd3 - - default default] Successfully bumped revision number for resource fd1e4360-35ae-40a1-aab0-f9a68c281ec9 (type: router_ports) to 1
2026-04-27 02:35:16.440 10 WARNING neutron.scheduler.dhcp_agent_scheduler [None req-8510cd53-2041-4adc-af97-489895b5b9f5 f64685e1bc2b421198d924c7f38ceb8e 6acb8910fb0b4230a411f7c90d9f0d9c - - default default] No more DHCP agents
2026-04-27 02:35:16.451 10 WARNING neutron.api.rpc.agentnotifiers.dhcp_rpc_agent_api [None req-8510cd53-2041-4adc-af97-489895b5b9f5 f64685e1bc2b421198d924c7f38ceb8e 6acb8910fb0b4230a411f7c90d9f0d9c - - default default] Unable to schedule network e7f16041-6470-4620-8c8b-435ef756ef54: no agents available; will retry on subsequent port and subnet creation events.
2026-04-27 02:35:16.469 9 INFO neutron.db.ovn_revision_numbers_db [None req-7d855b5c-c2a5-417f-b1e7-d480a0060b6c 73ef32923907432aa5dd58e0aa271a05 ab6f9b44596745109909f1cc98b8fcd3 - - default default] Successfully bumped revision number for resource 03dd8ebc-cddb-4c2a-9967-992c8c2e10ec (type: routers) to 2
2026-04-27 02:35:16.483 9 INFO neutron.wsgi [None req-7d855b5c-c2a5-417f-b1e7-d480a0060b6c 73ef32923907432aa5dd58e0aa271a05 ab6f9b44596745109909f1cc98b8fcd3 - - default default] 10.0.0.133 "POST /v2.0/routers HTTP/1.1" status: 201 len: 867 time: 1.3708427
2026-04-27 02:35:16.557 9 INFO neutron.wsgi [None req-fcb2f9b4-75bc-4c4d-9beb-2480ae118f7c 73ef32923907432aa5dd58e0aa271a05 ab6f9b44596745109909f1cc98b8fcd3 - - default default] 10.0.0.133 "GET /v2.0/routers/03dd8ebc-cddb-4c2a-9967-992c8c2e10ec HTTP/1.1" status: 200 len: 868 time: 0.0675631
2026-04-27 02:35:16.579 10 INFO neutron.db.ovn_revision_numbers_db [None req-8510cd53-2041-4adc-af97-489895b5b9f5 f64685e1bc2b421198d924c7f38ceb8e 6acb8910fb0b4230a411f7c90d9f0d9c - - default default] Successfully bumped revision number for resource 142a9800-d44a-4f78-94a6-dc7694b27533 (type: ports) to 1
2026-04-27 02:35:16.632 10 INFO neutron.db.ovn_revision_numbers_db [None req-e9196590-face-4eac-9791-79d7d8885307 f673a1cdbd4b4f5a87c73dcab4846de7 e27ff50156f849eeb13393dad5d78793 - - default default] Successfully bumped revision number for resource 6b71897e-52e7-4696-8251-9f2a0b540ac4 (type: routers) to 1
2026-04-27 02:35:16.636 10 INFO neutron.wsgi [None req-8510cd53-2041-4adc-af97-489895b5b9f5 f64685e1bc2b421198d924c7f38ceb8e 6acb8910fb0b4230a411f7c90d9f0d9c - - default default] 10.0.0.133 "POST /v2.0/networks HTTP/1.1" status: 201 len: 829 time: 0.6666715
2026-04-27 02:35:16.643 9 INFO neutron.wsgi [None req-38274ecf-ba99-47c1-82a9-eafb99300a2c 73ef32923907432aa5dd58e0aa271a05 ab6f9b44596745109909f1cc98b8fcd3 - - default default] 10.0.0.133 "GET /v2.0/routers HTTP/1.1" status: 200 len: 871 time: 0.0776970
2026-04-27 02:35:16.661 10 INFO neutron.wsgi [None req-e9196590-face-4eac-9791-79d7d8885307 f673a1cdbd4b4f5a87c73dcab4846de7 e27ff50156f849eeb13393dad5d78793 - - default default] 10.0.0.133 "POST /v2.0/routers HTTP/1.1" status: 201 len: 654 time: 0.4043915
2026-04-27 02:35:17.063 9 INFO neutron.db.ovn_revision_numbers_db [None req-347f407e-9b80-4fca-ab0d-a95b86fcc6c5 73ef32923907432aa5dd58e0aa271a05 ab6f9b44596745109909f1cc98b8fcd3 - - default default] Successfully bumped revision number for resource 03dd8ebc-cddb-4c2a-9967-992c8c2e10ec (type: routers) to 3
2026-04-27 02:35:17.067 9 INFO neutron.wsgi [None req-347f407e-9b80-4fca-ab0d-a95b86fcc6c5 73ef32923907432aa5dd58e0aa271a05 ab6f9b44596745109909f1cc98b8fcd3 - - default default] 10.0.0.133 "PUT /v2.0/routers/03dd8ebc-cddb-4c2a-9967-992c8c2e10ec HTTP/1.1" status: 200 len: 875 time: 0.4192548
2026-04-27 02:35:17.078 10 INFO neutron.db.ovn_revision_numbers_db [None req-416ffd59-799c-4379-a492-a9da4260d78e f673a1cdbd4b4f5a87c73dcab4846de7 e27ff50156f849eeb13393dad5d78793 - - default default] Successfully bumped revision number for resource 2eed7c28-b5a7-4885-a496-18d78547c9d3 (type: routers) to 1
2026-04-27 02:35:17.104 10 INFO neutron.wsgi [None req-416ffd59-799c-4379-a492-a9da4260d78e f673a1cdbd4b4f5a87c73dcab4846de7 e27ff50156f849eeb13393dad5d78793 - - default default] 10.0.0.133 "POST /v2.0/routers HTTP/1.1" status: 201 len: 654 time: 0.4380779
2026-04-27 02:35:17.143 9 INFO neutron.wsgi [None req-e0fb5788-869e-4753-b305-3105ef3ba5b9 73ef32923907432aa5dd58e0aa271a05 ab6f9b44596745109909f1cc98b8fcd3 - - default default] 10.0.0.133 "GET /v2.0/routers/03dd8ebc-cddb-4c2a-9967-992c8c2e10ec HTTP/1.1" status: 200 len: 875 time: 0.0721142
2026-04-27 02:35:17.174 9 INFO neutron.wsgi [None req-10136dbd-03af-4655-81f6-f04a768596a1 73ef32923907432aa5dd58e0aa271a05 ab6f9b44596745109909f1cc98b8fcd3 - - default default] 10.0.0.133 "GET /v2.0/ports?device_id=03dd8ebc-cddb-4c2a-9967-992c8c2e10ec HTTP/1.1" status: 200 len: 205 time: 0.0223055
2026-04-27 02:35:17.179 10 WARNING neutron.scheduler.dhcp_agent_scheduler [None req-43189f15-09cb-4058-8272-675aa7b5dea8 f64685e1bc2b421198d924c7f38ceb8e 6acb8910fb0b4230a411f7c90d9f0d9c - - default default] No more DHCP agents
2026-04-27 02:35:17.182 10 WARNING neutron.api.rpc.agentnotifiers.dhcp_rpc_agent_api [None req-43189f15-09cb-4058-8272-675aa7b5dea8 f64685e1bc2b421198d924c7f38ceb8e 6acb8910fb0b4230a411f7c90d9f0d9c - - default default] Unable to schedule network e7f16041-6470-4620-8c8b-435ef756ef54: no agents available; will retry on subsequent port and subnet creation events.
2026-04-27 02:35:17.311 10 INFO neutron.db.ovn_revision_numbers_db [None req-68d22fdd-764a-4cc1-821a-308d97f60c28 f673a1cdbd4b4f5a87c73dcab4846de7 e27ff50156f849eeb13393dad5d78793 - - default default] Successfully bumped revision number for resource fb8a8b39-a63a-4aaa-97be-871d4c2d96d4 (type: routers) to 1
2026-04-27 02:35:17.317 10 INFO neutron.db.ovn_revision_numbers_db [None req-43189f15-09cb-4058-8272-675aa7b5dea8 f64685e1bc2b421198d924c7f38ceb8e 6acb8910fb0b4230a411f7c90d9f0d9c - - default default] Successfully bumped revision number for resource 3106f188-8611-4a9e-aff7-52b32132d31a (type: ports) to 1
2026-04-27 02:35:17.330 10 INFO neutron.wsgi [None req-68d22fdd-764a-4cc1-821a-308d97f60c28 f673a1cdbd4b4f5a87c73dcab4846de7 e27ff50156f849eeb13393dad5d78793 - - default default] 10.0.0.133 "POST /v2.0/routers HTTP/1.1" status: 201 len: 654 time: 0.2193513 /var/lib/openstack/lib/python3.10/site-packages/pycadf/identifier.py:71: UserWarning: Invalid uuid: neutron. To ensure interoperability, identifiers should be a valid uuid. warnings.warn(('Invalid uuid: %s. To ensure interoperability, '
2026-04-27 02:35:17.347 10 INFO neutron.wsgi [None req-43189f15-09cb-4058-8272-675aa7b5dea8 f64685e1bc2b421198d924c7f38ceb8e 6acb8910fb0b4230a411f7c90d9f0d9c - - default default] 10.0.0.133 "POST /v2.0/ports HTTP/1.1" status: 201 len: 942 time: 0.7045486
2026-04-27 02:35:17.457 10 INFO neutron.db.segments_db [None req-b5de5634-08bb-4649-9c9d-0348b7af051b f64685e1bc2b421198d924c7f38ceb8e 6acb8910fb0b4230a411f7c90d9f0d9c - - default default] Added segment 56de4b22-69f7-4eaa-9835-3bd7504c4506 of type geneve for network 35a05441-bef4-4b08-84bf-15f65c45309e
2026-04-27 02:35:17.509 10 INFO neutron.db.ovn_revision_numbers_db [None req-83461c00-7d91-47c5-a2ee-299646ae6e50 f673a1cdbd4b4f5a87c73dcab4846de7 e27ff50156f849eeb13393dad5d78793 - - default default] Successfully bumped revision number for resource a0e426c3-7a72-41f1-b0b9-d6e1fe92643e (type: routers) to 1
2026-04-27 02:35:17.526 10 INFO neutron.wsgi [None req-83461c00-7d91-47c5-a2ee-299646ae6e50 f673a1cdbd4b4f5a87c73dcab4846de7 e27ff50156f849eeb13393dad5d78793 - - default default] 10.0.0.133 "POST /v2.0/routers HTTP/1.1" status: 201 len: 654 time: 0.1912057
2026-04-27 02:35:17.685 10 INFO neutron.db.ovn_revision_numbers_db [None req-b5de5634-08bb-4649-9c9d-0348b7af051b f64685e1bc2b421198d924c7f38ceb8e 6acb8910fb0b4230a411f7c90d9f0d9c - - default default] Successfully bumped revision number for resource 35a05441-bef4-4b08-84bf-15f65c45309e (type: networks) to 1
2026-04-27 02:35:17.741 10 INFO neutron.db.ovn_revision_numbers_db [None req-5bac700a-c265-4596-97b3-16d83087faeb f673a1cdbd4b4f5a87c73dcab4846de7 e27ff50156f849eeb13393dad5d78793 - - default default] Successfully bumped revision number for resource 081f0d01-8ceb-4b25-96e2-fed625c59c6f (type: routers) to 1
2026-04-27 02:35:17.766 10 INFO neutron.wsgi [None req-5bac700a-c265-4596-97b3-16d83087faeb f673a1cdbd4b4f5a87c73dcab4846de7 e27ff50156f849eeb13393dad5d78793 - - default default] 10.0.0.133 "POST /v2.0/routers HTTP/1.1" status: 201 len: 654 time: 0.2295949
2026-04-27 02:35:17.804 9 INFO neutron.wsgi [None req-035ba85a-23b2-4346-8026-c79fe875f685 73ef32923907432aa5dd58e0aa271a05 ab6f9b44596745109909f1cc98b8fcd3 - - default default] 10.0.0.133 "DELETE /v2.0/routers/03dd8ebc-cddb-4c2a-9967-992c8c2e10ec HTTP/1.1" status: 204 len: 168 time: 0.6261961
2026-04-27 02:35:17.842 9 INFO neutron.wsgi [None req-dc5a4a3d-ac89-4f60-abe4-d3b02716b9db 73ef32923907432aa5dd58e0aa271a05 ab6f9b44596745109909f1cc98b8fcd3 - - default default] 10.0.0.133 "GET /v2.0/ports?device_id=03dd8ebc-cddb-4c2a-9967-992c8c2e10ec HTTP/1.1" status: 200 len: 205 time: 0.0346363
2026-04-27 02:35:17.844 9 INFO neutron.wsgi [None req-9441c23e-9b89-42d5-ad78-9e98a97d4725 f673a1cdbd4b4f5a87c73dcab4846de7 e27ff50156f849eeb13393dad5d78793 - - default default] 10.0.0.133 "PUT /v2.0/routers/6b71897e-52e7-4696-8251-9f2a0b540ac4/tags HTTP/1.1" status: 200 len: 210 time: 0.0722847
2026-04-27 02:35:17.876 10 INFO neutron.api.v2.resource [None req-ba4d68ae-4be1-4d80-9282-a991c1c93e0f 73ef32923907432aa5dd58e0aa271a05 ab6f9b44596745109909f1cc98b8fcd3 - - default default] delete failed (client error): The resource could not be found.
2026-04-27 02:35:17.877 10 INFO neutron.wsgi [None req-ba4d68ae-4be1-4d80-9282-a991c1c93e0f 73ef32923907432aa5dd58e0aa271a05 ab6f9b44596745109909f1cc98b8fcd3 - - default default] 10.0.0.133 "DELETE /v2.0/routers/03dd8ebc-cddb-4c2a-9967-992c8c2e10ec HTTP/1.1" status: 404 len: 336 time: 0.0265443
2026-04-27 02:35:17.932 10 INFO neutron.wsgi [None req-6bc574c0-d989-4caa-ad2b-dfa47f7364c2 73ef32923907432aa5dd58e0aa271a05 ab6f9b44596745109909f1cc98b8fcd3 - - default default] 10.0.0.133 "GET /v2.0/ports?device_id=d5d36012-b914-4c3b-ab94-2e177bf711b2 HTTP/1.1" status: 200 len: 205 time: 0.0225606
2026-04-27 02:35:17.934 10 WARNING neutron.scheduler.dhcp_agent_scheduler [None req-b5de5634-08bb-4649-9c9d-0348b7af051b f64685e1bc2b421198d924c7f38ceb8e 6acb8910fb0b4230a411f7c90d9f0d9c - - default default] No more DHCP agents
2026-04-27 02:35:17.937 10 WARNING neutron.api.rpc.agentnotifiers.dhcp_rpc_agent_api [None req-b5de5634-08bb-4649-9c9d-0348b7af051b f64685e1bc2b421198d924c7f38ceb8e 6acb8910fb0b4230a411f7c90d9f0d9c - - default default] Unable to schedule network 35a05441-bef4-4b08-84bf-15f65c45309e: no agents available; will retry on subsequent port and subnet creation events.
2026-04-27 02:35:17.958 10 INFO neutron.api.v2.resource [None req-c3a3b9cd-92e4-49b0-9d03-3db2ddf15aa8 73ef32923907432aa5dd58e0aa271a05 ab6f9b44596745109909f1cc98b8fcd3 - - default default] delete failed (client error): The resource could not be found.
2026-04-27 02:35:17.959 10 INFO neutron.wsgi [None req-c3a3b9cd-92e4-49b0-9d03-3db2ddf15aa8 73ef32923907432aa5dd58e0aa271a05 ab6f9b44596745109909f1cc98b8fcd3 - - default default] 10.0.0.133 "DELETE /v2.0/routers/d5d36012-b914-4c3b-ab94-2e177bf711b2 HTTP/1.1" status: 404 len: 336 time: 0.0229156
2026-04-27 02:35:17.981 10 INFO neutron.pecan_wsgi.hooks.translation [None req-3163b329-6792-455f-baa6-7477113fae8a 73ef32923907432aa5dd58e0aa271a05 ab6f9b44596745109909f1cc98b8fcd3 - - default default] DELETE failed (client error): The resource could not be found.
2026-04-27 02:35:17.983 10 INFO neutron.wsgi [None req-3163b329-6792-455f-baa6-7477113fae8a 73ef32923907432aa5dd58e0aa271a05 ab6f9b44596745109909f1cc98b8fcd3 - - default default] 10.0.0.133 "DELETE /v2.0/subnets/136761ce-c502-48e4-b080-145998627b7f HTTP/1.1" status: 404 len: 337 time: 0.0211983
2026-04-27 02:35:18.015 10 INFO neutron.wsgi [None req-11706ac8-07d7-4221-a84d-571fc1c86071 73ef32923907432aa5dd58e0aa271a05 ab6f9b44596745109909f1cc98b8fcd3 - - default default] 10.0.0.133 "GET /v2.0/ports?device_id=99f2e27e-1e4d-4421-81d4-e7c298cd5690 HTTP/1.1" status: 200 len: 205 time: 0.0182903
2026-04-27 02:35:18.051 10 INFO neutron.api.v2.resource [None req-8fabb6c9-04a4-4b52-ace5-e54586b26989 73ef32923907432aa5dd58e0aa271a05 ab6f9b44596745109909f1cc98b8fcd3 - - default default] delete failed (client error): The resource could not be found.
2026-04-27 02:35:18.052 10 INFO neutron.wsgi [None req-8fabb6c9-04a4-4b52-ace5-e54586b26989 73ef32923907432aa5dd58e0aa271a05 ab6f9b44596745109909f1cc98b8fcd3 - - default default] 10.0.0.133 "DELETE /v2.0/routers/99f2e27e-1e4d-4421-81d4-e7c298cd5690 HTTP/1.1" status: 404 len: 336 time: 0.0328279
2026-04-27 02:35:18.071 10 INFO neutron.pecan_wsgi.hooks.translation [None req-e3ba5045-ae79-4cab-b621-a708fa26419b 73ef32923907432aa5dd58e0aa271a05 ab6f9b44596745109909f1cc98b8fcd3 - - default default] DELETE failed (client error): The resource could not be found.
2026-04-27 02:35:18.073 10 INFO neutron.wsgi [None req-e3ba5045-ae79-4cab-b621-a708fa26419b 73ef32923907432aa5dd58e0aa271a05 ab6f9b44596745109909f1cc98b8fcd3 - - default default] 10.0.0.133 "DELETE /v2.0/subnets/bbc74b59-5d5a-476c-8a87-db16d610a55a HTTP/1.1" status: 404 len: 337 time: 0.0165503
2026-04-27 02:35:18.085 10 INFO neutron.db.ovn_revision_numbers_db [None req-b5de5634-08bb-4649-9c9d-0348b7af051b f64685e1bc2b421198d924c7f38ceb8e 6acb8910fb0b4230a411f7c90d9f0d9c - - default default] Successfully bumped revision number for resource db3c7d9c-2ceb-42c6-94ef-6de8ab3b2f40 (type: ports) to 1
2026-04-27 02:35:18.098 10 INFO neutron.wsgi [None req-17e90b30-47ec-4f82-a8fe-87c2bec0dd94 73ef32923907432aa5dd58e0aa271a05 ab6f9b44596745109909f1cc98b8fcd3 - - default default] 10.0.0.133 "GET /v2.0/ports?device_id=de81554b-fdff-46b1-8d8b-634b22dfda9c HTTP/1.1" status: 200 len: 205 time: 0.0200100
2026-04-27 02:35:18.121 10 INFO neutron.api.v2.resource [None req-e29552a0-e163-40d9-9ac5-c3a18f3f1df0 73ef32923907432aa5dd58e0aa271a05 ab6f9b44596745109909f1cc98b8fcd3 - - default default] delete failed (client error): The resource could not be found.
2026-04-27 02:35:18.122 10 INFO neutron.wsgi [None req-e29552a0-e163-40d9-9ac5-c3a18f3f1df0 73ef32923907432aa5dd58e0aa271a05 ab6f9b44596745109909f1cc98b8fcd3 - - default default] 10.0.0.133 "DELETE /v2.0/routers/de81554b-fdff-46b1-8d8b-634b22dfda9c HTTP/1.1" status: 404 len: 336 time: 0.0187988
2026-04-27 02:35:18.127 10 INFO neutron.wsgi [None req-b5de5634-08bb-4649-9c9d-0348b7af051b f64685e1bc2b421198d924c7f38ceb8e 6acb8910fb0b4230a411f7c90d9f0d9c - - default default] 10.0.0.133 "POST /v2.0/networks HTTP/1.1" status: 201 len: 831 time: 0.7766469
2026-04-27 02:35:18.166 9 INFO neutron.wsgi [None req-e9ed6167-5f1d-4127-8921-54d0060271aa f673a1cdbd4b4f5a87c73dcab4846de7 e27ff50156f849eeb13393dad5d78793 - - default default] 10.0.0.133 "PUT /v2.0/routers/2eed7c28-b5a7-4885-a496-18d78547c9d3/tags HTTP/1.1" status: 200 len: 218 time: 0.3155863
2026-04-27 02:35:18.166 10 INFO neutron.pecan_wsgi.hooks.translation [None req-7535e12a-b90b-4a84-a7de-2e3e4aa214df 73ef32923907432aa5dd58e0aa271a05 ab6f9b44596745109909f1cc98b8fcd3 - - default default] DELETE failed (client error): The resource could not be found.
2026-04-27 02:35:18.169 10 INFO neutron.wsgi [None req-7535e12a-b90b-4a84-a7de-2e3e4aa214df 73ef32923907432aa5dd58e0aa271a05 ab6f9b44596745109909f1cc98b8fcd3 - - default default] 10.0.0.133 "DELETE /v2.0/subnets/d82fee66-bf13-43ca-8199-bd91fc1403d9 HTTP/1.1" status: 404 len: 337 time: 0.0295453
2026-04-27 02:35:18.200 9 INFO neutron.pecan_wsgi.hooks.translation [None req-3aafacc2-f9e6-4f07-912f-c3b5b570c60d 73ef32923907432aa5dd58e0aa271a05 ab6f9b44596745109909f1cc98b8fcd3 - - default default] DELETE failed (client error): The resource could not be found.
2026-04-27 02:35:18.203 9 INFO neutron.wsgi [None req-3aafacc2-f9e6-4f07-912f-c3b5b570c60d 73ef32923907432aa5dd58e0aa271a05 ab6f9b44596745109909f1cc98b8fcd3 - - default default] 10.0.0.133 "DELETE /v2.0/subnets/10ea66f8-5bf5-4ce9-a7a6-2951dcee5fe6 HTTP/1.1" status: 404 len: 337 time: 0.0291224
2026-04-27 02:35:18.240 9 INFO neutron.wsgi [None req-19843781-9fbd-43a7-ae85-4ea2c5cfb53d f673a1cdbd4b4f5a87c73dcab4846de7 e27ff50156f849eeb13393dad5d78793 - - default default] 10.0.0.133 "PUT /v2.0/routers/fb8a8b39-a63a-4aaa-97be-871d4c2d96d4/tags HTTP/1.1" status: 200 len: 227 time: 0.0705183
2026-04-27 02:35:18.302 9 INFO neutron.wsgi [None req-69513d3b-2782-450a-b484-9001aacd6842 f673a1cdbd4b4f5a87c73dcab4846de7 e27ff50156f849eeb13393dad5d78793 - - default default] 10.0.0.133 "PUT /v2.0/routers/a0e426c3-7a72-41f1-b0b9-d6e1fe92643e/tags HTTP/1.1" status: 200 len: 212 time: 0.0557125
2026-04-27 02:35:18.305 10 WARNING neutron.plugins.ml2.drivers.ovn.mech_driver.ovsdb.ovn_client [None req-47a401a3-1ba8-47e9-990a-f89907c2c9fb - - - - - -] No port found with ID 0c5b2dcd-40a8-4fc4-9379-f8cafdbcf818: RuntimeError: No port found with ID 0c5b2dcd-40a8-4fc4-9379-f8cafdbcf818
2026-04-27 02:35:18.305 10 INFO neutron.plugins.ml2.drivers.ovn.mech_driver.mech_driver [None req-47a401a3-1ba8-47e9-990a-f89907c2c9fb - - - - - -] OVN reports status up for port: fd1e4360-35ae-40a1-aab0-f9a68c281ec9
2026-04-27 02:35:18.392 9 INFO neutron.wsgi [None req-7b7ca255-f851-43d6-a6ed-9c0bd59275f9 f673a1cdbd4b4f5a87c73dcab4846de7 e27ff50156f849eeb13393dad5d78793 - - default default] 10.0.0.133 "GET /v2.0/routers?tags=red HTTP/1.1" status: 200 len: 1601 time: 0.0836020
2026-04-27 02:35:18.472 9 INFO neutron.wsgi [None req-4e0752cf-6714-48db-b595-82678f4b004a f673a1cdbd4b4f5a87c73dcab4846de7 e27ff50156f849eeb13393dad5d78793 - - default default] 10.0.0.133 "GET /v2.0/routers?tags=red%2Cblue HTTP/1.1" status: 200 len: 1144 time: 0.0748303
2026-04-27 02:35:18.549 9 INFO neutron.wsgi [None req-d8a0c6b7-8cdc-4d9a-824b-03445b531f3b f673a1cdbd4b4f5a87c73dcab4846de7 e27ff50156f849eeb13393dad5d78793 - - default default] 10.0.0.133 "GET /v2.0/routers?tags-any=blue HTTP/1.1" status: 200 len: 1144 time: 0.0717039
2026-04-27 02:35:18.555 10 WARNING neutron.scheduler.dhcp_agent_scheduler [None req-9416a103-7c14-453e-9ad1-bdcdff901255 f64685e1bc2b421198d924c7f38ceb8e 6acb8910fb0b4230a411f7c90d9f0d9c - - default default] No more DHCP agents
2026-04-27 02:35:18.558 10 WARNING neutron.api.rpc.agentnotifiers.dhcp_rpc_agent_api [None req-9416a103-7c14-453e-9ad1-bdcdff901255 f64685e1bc2b421198d924c7f38ceb8e 6acb8910fb0b4230a411f7c90d9f0d9c - - default default] Unable to schedule network 35a05441-bef4-4b08-84bf-15f65c45309e: no agents available; will retry on subsequent port and subnet creation events.
2026-04-27 02:35:18.578 10 WARNING neutron.scheduler.dhcp_agent_scheduler [None req-a4698ad1-222b-4069-b4a0-8c6f68588581 c947593f2cac450bbd2d02a3a35e67ec c16194ee5bc64ff09247f9b2cdb591e5 - - default default] No more DHCP agents
2026-04-27 02:35:18.580 10 WARNING neutron.api.rpc.agentnotifiers.dhcp_rpc_agent_api [None req-a4698ad1-222b-4069-b4a0-8c6f68588581 c947593f2cac450bbd2d02a3a35e67ec c16194ee5bc64ff09247f9b2cdb591e5 - - default default] Unable to schedule network 41c2b178-ba8f-472c-bcd1-18379c61da8c: no agents available; will retry on subsequent port and subnet creation events.
2026-04-27 02:35:18.608 9 INFO neutron.wsgi [None req-aa4587d8-f2e8-4c55-b917-352f81179a6d f673a1cdbd4b4f5a87c73dcab4846de7 e27ff50156f849eeb13393dad5d78793 - - default default] 10.0.0.133 "GET /v2.0/routers?tags-any=red%2Cblue HTTP/1.1" status: 200 len: 1601 time: 0.0547125
2026-04-27 02:35:18.702 9 INFO neutron.wsgi [None req-6abe8a78-8b4a-498d-8ae1-bd63bfe529c9 f673a1cdbd4b4f5a87c73dcab4846de7 e27ff50156f849eeb13393dad5d78793 - - default default] 10.0.0.133 "GET /v2.0/routers?not-tags=red HTTP/1.1" status: 200 len: 1116 time: 0.0858128
2026-04-27 02:35:18.705 10 INFO neutron.db.ovn_revision_numbers_db [None req-9416a103-7c14-453e-9ad1-bdcdff901255 f64685e1bc2b421198d924c7f38ceb8e 6acb8910fb0b4230a411f7c90d9f0d9c - - default default] Successfully bumped revision number for resource b5c4de7f-8166-41ff-a3ad-c8918f7b043d (type: ports) to 1
2026-04-27 02:35:18.733 10 INFO neutron.wsgi [None req-9416a103-7c14-453e-9ad1-bdcdff901255 f64685e1bc2b421198d924c7f38ceb8e 6acb8910fb0b4230a411f7c90d9f0d9c - - default default] 10.0.0.133 "POST /v2.0/ports HTTP/1.1" status: 201 len: 942 time: 0.6009364 /var/lib/openstack/lib/python3.10/site-packages/pycadf/identifier.py:71: UserWarning: Invalid uuid: neutron. To ensure interoperability, identifiers should be a valid uuid. warnings.warn(('Invalid uuid: %s. To ensure interoperability, '
2026-04-27 02:35:18.812 9 INFO neutron.wsgi [None req-1b44990a-c554-4be0-a459-602b45e48800 f673a1cdbd4b4f5a87c73dcab4846de7 e27ff50156f849eeb13393dad5d78793 - - default default] 10.0.0.133 "GET /v2.0/routers?not-tags=red%2Cblue HTTP/1.1" status: 200 len: 1573 time: 0.1047046
2026-04-27 02:35:18.889 9 INFO neutron.wsgi [None req-c656f90f-4c72-4e8a-b016-ed5d0a1f5d19 f673a1cdbd4b4f5a87c73dcab4846de7 e27ff50156f849eeb13393dad5d78793 - - default default] 10.0.0.133 "GET /v2.0/routers?not-tags-any=blue HTTP/1.1" status: 200 len: 1573 time: 0.0715959
2026-04-27 02:35:18.948 9 INFO neutron.wsgi [None req-4e609ec1-3e04-4404-a481-8e2c04d133cc f673a1cdbd4b4f5a87c73dcab4846de7 e27ff50156f849eeb13393dad5d78793 - - default default] 10.0.0.133 "GET /v2.0/routers?not-tags-any=red%2Cblue HTTP/1.1" status: 200 len: 1116 time: 0.0541253
2026-04-27 02:35:18.999 9 INFO neutron.wsgi [None req-e6b4a2e3-5e26-42a1-afab-8dc210840d5b f673a1cdbd4b4f5a87c73dcab4846de7 e27ff50156f849eeb13393dad5d78793 - - default default] 10.0.0.133 "GET /v2.0/routers/6b71897e-52e7-4696-8251-9f2a0b540ac4 HTTP/1.1" status: 200 len: 660 time: 0.0446632
2026-04-27 02:35:19.058 10 INFO neutron.db.segments_db [None req-9e710289-00ef-403c-ae54-559ad221b170 f64685e1bc2b421198d924c7f38ceb8e 6acb8910fb0b4230a411f7c90d9f0d9c - - default default] Added segment d8c5467d-7802-4bb9-8c1a-f3ad7ac593c0 of type geneve for network ef8cbe6b-84be-4733-b6f3-4c2a6223f2a4
2026-04-27 02:35:19.104 10 INFO neutron.wsgi [None req-65838116-7af0-405a-b129-477536b1b113 914dd4db0ab649508cf1033617215d38 4af2726539924833aacb935f2fbb1410 - - default default] 10.0.0.133 "GET /v2.0/security-groups?tenant_id=ab6f9b44596745109909f1cc98b8fcd3&name=default HTTP/1.1" status: 200 len: 2996 time: 0.2564714
2026-04-27 02:35:19.304 10 INFO neutron.db.ovn_revision_numbers_db [None req-a4698ad1-222b-4069-b4a0-8c6f68588581 c947593f2cac450bbd2d02a3a35e67ec c16194ee5bc64ff09247f9b2cdb591e5 - - default default] Successfully bumped revision number for resource 1ff9ce75-6128-4377-985d-770f6bf2ed4d (type: floatingips) to 0
2026-04-27 02:35:19.306 10 INFO neutron.db.ovn_revision_numbers_db [None req-9e710289-00ef-403c-ae54-559ad221b170 f64685e1bc2b421198d924c7f38ceb8e 6acb8910fb0b4230a411f7c90d9f0d9c - - default default] Successfully bumped revision number for resource ef8cbe6b-84be-4733-b6f3-4c2a6223f2a4 (type: networks) to 1
2026-04-27 02:35:19.329 10 INFO neutron.wsgi [None req-a4698ad1-222b-4069-b4a0-8c6f68588581 c947593f2cac450bbd2d02a3a35e67ec c16194ee5bc64ff09247f9b2cdb591e5 - - default default] 10.0.0.133 "POST /v2.0/floatingips HTTP/1.1" status: 201 len: 751 time: 1.3606961
2026-04-27 02:35:19.386 9 INFO neutron.db.ovn_revision_numbers_db [None req-05bd7d26-24dc-4de9-9660-62befaf7c2a0 f673a1cdbd4b4f5a87c73dcab4846de7 e27ff50156f849eeb13393dad5d78793 - - default default] Successfully bumped revision number for resource 6b71897e-52e7-4696-8251-9f2a0b540ac4 (type: routers) to 2
2026-04-27 02:35:19.389 9 INFO neutron.wsgi [None req-05bd7d26-24dc-4de9-9660-62befaf7c2a0 f673a1cdbd4b4f5a87c73dcab4846de7 e27ff50156f849eeb13393dad5d78793 - - default default] 10.0.0.133 "PUT /v2.0/routers/6b71897e-52e7-4696-8251-9f2a0b540ac4 HTTP/1.1" status: 200 len: 660 time: 0.3843207
2026-04-27 02:35:19.412 9 INFO neutron.wsgi [None req-9d575392-1145-4f31-9692-2960a89238ac f673a1cdbd4b4f5a87c73dcab4846de7 e27ff50156f849eeb13393dad5d78793 - - default default] 10.0.0.133 "GET /v2.0/ports?device_id=6b71897e-52e7-4696-8251-9f2a0b540ac4 HTTP/1.1" status: 200 len: 205 time: 0.0193641
2026-04-27 02:35:19.573 10 WARNING neutron.scheduler.dhcp_agent_scheduler [None req-9e710289-00ef-403c-ae54-559ad221b170 f64685e1bc2b421198d924c7f38ceb8e 6acb8910fb0b4230a411f7c90d9f0d9c - - default default] No more DHCP agents
2026-04-27 02:35:19.588 10 WARNING neutron.api.rpc.agentnotifiers.dhcp_rpc_agent_api [None req-9e710289-00ef-403c-ae54-559ad221b170 f64685e1bc2b421198d924c7f38ceb8e 6acb8910fb0b4230a411f7c90d9f0d9c - - default default] Unable to schedule network ef8cbe6b-84be-4733-b6f3-4c2a6223f2a4: no agents available; will retry on subsequent port and subnet creation events.
2026-04-27 02:35:19.612 9 INFO neutron.wsgi [None req-2d12fa63-57b6-4eb6-bcb3-59141fd7de47 f673a1cdbd4b4f5a87c73dcab4846de7 e27ff50156f849eeb13393dad5d78793 - - default default] 10.0.0.133 "DELETE /v2.0/routers/6b71897e-52e7-4696-8251-9f2a0b540ac4 HTTP/1.1" status: 204 len: 168 time: 0.1959298
2026-04-27 02:35:19.616 10 INFO neutron.wsgi [None req-c8ecfcbb-fc6d-46ad-aaa2-8b828f6db199 914dd4db0ab649508cf1033617215d38 4af2726539924833aacb935f2fbb1410 - - default default] 10.0.0.133 "DELETE /v2.0/security-groups/10729531-a1c4-41fa-a28d-76e391480eb0 HTTP/1.1" status: 204 len: 168 time: 0.5058255
2026-04-27 02:35:19.663 9 INFO neutron.wsgi [None req-416c2cee-874e-436b-a255-ffdb24287103 f673a1cdbd4b4f5a87c73dcab4846de7 e27ff50156f849eeb13393dad5d78793 - - default default] 10.0.0.133 "GET /v2.0/routers/2eed7c28-b5a7-4885-a496-18d78547c9d3 HTTP/1.1" status: 200 len: 668 time: 0.0464568
2026-04-27 02:35:19.692 10 INFO neutron.db.ovn_revision_numbers_db [None req-9e710289-00ef-403c-ae54-559ad221b170 f64685e1bc2b421198d924c7f38ceb8e 6acb8910fb0b4230a411f7c90d9f0d9c - - default default] Successfully bumped revision number for resource 9f64bb0b-71b5-46cb-9d61-174b1a285c20 (type: ports) to 1
2026-04-27 02:35:19.712 10 WARNING neutron.scheduler.dhcp_agent_scheduler [None req-92379f07-aff0-4518-9627-059245cdd21d c947593f2cac450bbd2d02a3a35e67ec c16194ee5bc64ff09247f9b2cdb591e5 - - default default] No more DHCP agents
2026-04-27 02:35:19.715 10 WARNING neutron.api.rpc.agentnotifiers.dhcp_rpc_agent_api [None req-92379f07-aff0-4518-9627-059245cdd21d c947593f2cac450bbd2d02a3a35e67ec c16194ee5bc64ff09247f9b2cdb591e5 - - default default] Unable to schedule network 41c2b178-ba8f-472c-bcd1-18379c61da8c: no agents available; will retry on subsequent port and subnet creation events.
2026-04-27 02:35:19.728 10 INFO neutron.wsgi [None req-9e710289-00ef-403c-ae54-559ad221b170 f64685e1bc2b421198d924c7f38ceb8e 6acb8910fb0b4230a411f7c90d9f0d9c - - default default] 10.0.0.133 "POST /v2.0/networks HTTP/1.1" status: 201 len: 830 time: 0.9894137
2026-04-27 02:35:20.037 10 WARNING neutron.scheduler.dhcp_agent_scheduler [None req-ccd20b33-b7af-4155-b082-05f03e1e69e6 f64685e1bc2b421198d924c7f38ceb8e 6acb8910fb0b4230a411f7c90d9f0d9c - - default default] No more DHCP agents
2026-04-27 02:35:20.041 10 WARNING neutron.api.rpc.agentnotifiers.dhcp_rpc_agent_api [None req-ccd20b33-b7af-4155-b082-05f03e1e69e6 f64685e1bc2b421198d924c7f38ceb8e 6acb8910fb0b4230a411f7c90d9f0d9c - - default default] Unable to schedule network ef8cbe6b-84be-4733-b6f3-4c2a6223f2a4: no agents available; will retry on subsequent port and subnet creation events.
2026-04-27 02:35:20.158 10 INFO neutron.db.ovn_revision_numbers_db [None req-ccd20b33-b7af-4155-b082-05f03e1e69e6 f64685e1bc2b421198d924c7f38ceb8e 6acb8910fb0b4230a411f7c90d9f0d9c - - default default] Successfully bumped revision number for resource e6438086-d086-482f-8c72-70b292912fc0 (type: ports) to 1
2026-04-27 02:35:20.171 10 INFO neutron.db.ovn_revision_numbers_db [None req-92379f07-aff0-4518-9627-059245cdd21d c947593f2cac450bbd2d02a3a35e67ec c16194ee5bc64ff09247f9b2cdb591e5 - - default default] Successfully bumped revision number for resource a819fe6e-e5af-498d-a0e7-3814c3283a3b (type: floatingips) to 0
2026-04-27 02:35:20.183 10 INFO neutron.wsgi [None req-ccd20b33-b7af-4155-b082-05f03e1e69e6 f64685e1bc2b421198d924c7f38ceb8e 6acb8910fb0b4230a411f7c90d9f0d9c - - default default] 10.0.0.133 "POST /v2.0/ports HTTP/1.1" status: 201 len: 942 time: 0.4507029
2026-04-27 02:35:20.187 10 INFO neutron.wsgi [None req-92379f07-aff0-4518-9627-059245cdd21d c947593f2cac450bbd2d02a3a35e67ec c16194ee5bc64ff09247f9b2cdb591e5 - - default default] 10.0.0.133 "POST /v2.0/floatingips HTTP/1.1" status: 201 len: 751 time: 0.8520389 /var/lib/openstack/lib/python3.10/site-packages/pycadf/identifier.py:71: UserWarning: Invalid uuid: neutron. To ensure interoperability, identifiers should be a valid uuid. warnings.warn(('Invalid uuid: %s. To ensure interoperability, '
2026-04-27 02:35:20.267 9 INFO neutron.wsgi [None req-da2fe994-2497-4b50-ae67-ef99b146408a f64685e1bc2b421198d924c7f38ceb8e 6acb8910fb0b4230a411f7c90d9f0d9c - - default default] 10.0.0.133 "PUT /v2.0/ports/4bfd8ef9-31bf-43d7-b215-0bf59accead1/tags HTTP/1.1" status: 200 len: 210 time: 0.0765467
2026-04-27 02:35:20.333 9 INFO neutron.wsgi [None req-902377f7-4e4f-455b-985c-a7bb163b5616 f64685e1bc2b421198d924c7f38ceb8e 6acb8910fb0b4230a411f7c90d9f0d9c - - default default] 10.0.0.133 "PUT /v2.0/ports/061e7090-7509-4473-9005-9ec670300607/tags HTTP/1.1" status: 200 len: 218 time: 0.0611935
2026-04-27 02:35:20.399 9 INFO neutron.db.ovn_revision_numbers_db [None req-7a666845-3f66-4e47-af60-8cec225f88f3 f673a1cdbd4b4f5a87c73dcab4846de7 e27ff50156f849eeb13393dad5d78793 - - default default] Successfully bumped revision number for resource 2eed7c28-b5a7-4885-a496-18d78547c9d3 (type: routers) to 2
2026-04-27 02:35:20.402 9 INFO neutron.wsgi [None req-7a666845-3f66-4e47-af60-8cec225f88f3 f673a1cdbd4b4f5a87c73dcab4846de7 e27ff50156f849eeb13393dad5d78793 - - default default] 10.0.0.133 "PUT /v2.0/routers/2eed7c28-b5a7-4885-a496-18d78547c9d3 HTTP/1.1" status: 200 len: 668 time: 0.7354662
2026-04-27 02:35:20.430 9 INFO neutron.wsgi [None req-83b5093d-c08a-419c-a3c0-4de68f759586 f673a1cdbd4b4f5a87c73dcab4846de7 e27ff50156f849eeb13393dad5d78793 - - default default] 10.0.0.133 "GET /v2.0/ports?device_id=2eed7c28-b5a7-4885-a496-18d78547c9d3 HTTP/1.1" status: 200 len: 205 time: 0.0210025
2026-04-27 02:35:20.432 9 INFO neutron.wsgi [None req-beefdb61-3785-4947-a0ff-1bfa7e1c61de f64685e1bc2b421198d924c7f38ceb8e 6acb8910fb0b4230a411f7c90d9f0d9c - - default default] 10.0.0.133 "PUT /v2.0/ports/3106f188-8611-4a9e-aff7-52b32132d31a/tags HTTP/1.1" status: 200 len: 227 time: 0.0935190
2026-04-27 02:35:20.474 10 WARNING neutron.scheduler.dhcp_agent_scheduler [None req-4386aa61-7112-499d-978e-cf0145852f26 c947593f2cac450bbd2d02a3a35e67ec c16194ee5bc64ff09247f9b2cdb591e5 - - default default] No more DHCP agents
2026-04-27 02:35:20.478 10 WARNING neutron.api.rpc.agentnotifiers.dhcp_rpc_agent_api [None req-4386aa61-7112-499d-978e-cf0145852f26 c947593f2cac450bbd2d02a3a35e67ec c16194ee5bc64ff09247f9b2cdb591e5 - - default default] Unable to schedule network 41c2b178-ba8f-472c-bcd1-18379c61da8c: no agents available; will retry on subsequent port and subnet creation events.
2026-04-27 02:35:20.490 10 INFO neutron.wsgi [None req-aacbc398-6644-4c89-9ba2-1c66ef709e72 f64685e1bc2b421198d924c7f38ceb8e 6acb8910fb0b4230a411f7c90d9f0d9c - - default default] 10.0.0.133 "PUT /v2.0/ports/b5c4de7f-8166-41ff-a3ad-c8918f7b043d/tags HTTP/1.1" status: 200 len: 212 time: 0.0530889
2026-04-27 02:35:20.676 9 INFO neutron.wsgi [None req-619fbd41-c618-4ece-b7d6-d98b6f8e6224 f673a1cdbd4b4f5a87c73dcab4846de7 e27ff50156f849eeb13393dad5d78793 - - default default] 10.0.0.133 "DELETE /v2.0/routers/2eed7c28-b5a7-4885-a496-18d78547c9d3 HTTP/1.1" status: 204 len: 168 time: 0.2421117
2026-04-27 02:35:20.740 9 INFO neutron.wsgi [None req-d1bf885f-ea76-4c9f-93c8-fbf61592cc62 f673a1cdbd4b4f5a87c73dcab4846de7 e27ff50156f849eeb13393dad5d78793 - - default default] 10.0.0.133 "GET /v2.0/routers/fb8a8b39-a63a-4aaa-97be-871d4c2d96d4 HTTP/1.1" status: 200 len: 677 time: 0.0582564
2026-04-27 02:35:20.745 9 INFO neutron.wsgi [None req-32c40f3a-e75a-40a6-8ae0-bb435d68ae75 f64685e1bc2b421198d924c7f38ceb8e 6acb8910fb0b4230a411f7c90d9f0d9c - - default default] 10.0.0.133 "GET /v2.0/ports?tags=red HTTP/1.1" status: 200 len: 2448 time: 0.2495620
2026-04-27 02:35:20.790 10 INFO neutron.db.ovn_revision_numbers_db [None req-4386aa61-7112-499d-978e-cf0145852f26 c947593f2cac450bbd2d02a3a35e67ec c16194ee5bc64ff09247f9b2cdb591e5 - - default default] Successfully bumped revision number for resource dc97d28a-7313-47af-ab42-c40db40ef436 (type: floatingips) to 0
2026-04-27 02:35:20.821 9 INFO neutron.wsgi [None req-60cf6ef3-a714-478e-97c7-2df06edcb931 f64685e1bc2b421198d924c7f38ceb8e 6acb8910fb0b4230a411f7c90d9f0d9c - - default default] 10.0.0.133 "GET /v2.0/ports?tags=red%2Cblue HTTP/1.1" status: 200 len: 1708 time: 0.0659964
2026-04-27 02:35:20.825 10 INFO neutron.wsgi [None req-4386aa61-7112-499d-978e-cf0145852f26 c947593f2cac450bbd2d02a3a35e67ec c16194ee5bc64ff09247f9b2cdb591e5 - - default default] 10.0.0.133 "POST /v2.0/floatingips HTTP/1.1" status: 201 len: 751 time: 0.6332920
