2026-04-27 02:34:25.498 10 INFO neutron.wsgi [None req-ac8b0f67-dcc4-475d-9f9e-b970c4912ab7 914dd4db0ab649508cf1033617215d38 4af2726539924833aacb935f2fbb1410 - - default default] 10.0.0.94 "GET /v2.0/subnets HTTP/1.1" status: 200 len: 4671 time: 0.0480120
2026-04-27 02:34:25.515 10 INFO neutron.wsgi [None req-b9843eb3-2827-44a0-9241-519507a36251 914dd4db0ab649508cf1033617215d38 4af2726539924833aacb935f2fbb1410 - - default default] 10.0.0.94 "GET /v2.0/subnetpools HTTP/1.1" status: 200 len: 193 time: 0.0154159
2026-04-27 02:34:25.558 10 INFO neutron.wsgi [req-5ec30541-9905-4bff-82ac-2bc985f4cef3 req-f51d75c5-2cbb-422c-b122-dea506f25f29 36223721a40349efaa89d75837b534e3 a3385b78d20f409d848520dc7a2e342f - - default default] 10.0.0.199 "GET /v2.0/ports?device_id=5f26309f-21ca-43c2-b076-2966bc7aae87 HTTP/1.1" status: 200 len: 210 time: 0.0367439
2026-04-27 02:34:25.586 10 INFO neutron.wsgi [None req-d296411c-9d53-4aa7-a76a-18b6d32d8910 914dd4db0ab649508cf1033617215d38 4af2726539924833aacb935f2fbb1410 - - default default] 10.0.0.94 "GET /v2.0/floatingips HTTP/1.1" status: 200 len: 2416 time: 0.0702665
2026-04-27 02:34:25.664 9 INFO neutron.wsgi [None req-211d8c37-75b4-4ed1-b52a-1194116271b0 0da3b7e63d08417bb42706460cea1442 af83aa5d94c6474d8e3d7ba36eaf74ea - - default default] 10.0.0.133 "DELETE /v2.0/subnets/abbd05b4-784b-4e50-9904-84c981b416c6 HTTP/1.1" status: 204 len: 168 time: 0.1887147
2026-04-27 02:34:25.686 10 INFO neutron.db.l3_db [None req-a9613907-3d81-47fe-80af-224f0485600d 9ba1f203861b4c82a83a0f2b61e049ab b3a21a1a8cb74bed916834158e95ec44 - - default default] Floating IP 8bddd531-f1df-4cb0-9653-dd8d67536b5a associated. External IP: 10.96.250.206, port: 6d4d65e0-aaff-4e01-a4ee-68698ea7b991.
2026-04-27 02:34:25.719 10 INFO neutron.wsgi [None req-f452f777-56ee-47dd-a852-c2b1438d9b96 914dd4db0ab649508cf1033617215d38 4af2726539924833aacb935f2fbb1410 - - default default] 10.0.0.94 "GET /v2.0/security-groups HTTP/1.1" status: 200 len: 46363 time: 0.1315162
2026-04-27 02:34:25.788 10 INFO neutron.wsgi [None req-2eb2d665-bf86-4559-84ec-09f3caf7a75e 914dd4db0ab649508cf1033617215d38 4af2726539924833aacb935f2fbb1410 - - default default] 10.0.0.94 "GET /v2.0/ports HTTP/1.1" status: 200 len: 24541 time: 0.0545187
2026-04-27 02:34:25.825 10 INFO neutron.wsgi [None req-9b8bedb9-1d53-4eef-82b5-e4df3ab15aec 914dd4db0ab649508cf1033617215d38 4af2726539924833aacb935f2fbb1410 - - default default] 10.0.0.94 "GET /v2.0/network-ip-availabilities HTTP/1.1" status: 200 len: 3414 time: 0.0230937
2026-04-27 02:34:25.903 10 INFO neutron.wsgi [None req-97d3db84-c569-48f2-a8e5-3eb2cbf6aa74 914dd4db0ab649508cf1033617215d38 4af2726539924833aacb935f2fbb1410 - - default default] 10.0.0.94 "GET /v2.0/networks HTTP/1.1" status: 200 len: 6077 time: 0.0765610
2026-04-27 02:34:25.957 10 INFO neutron.db.ovn_revision_numbers_db [None req-a9613907-3d81-47fe-80af-224f0485600d 9ba1f203861b4c82a83a0f2b61e049ab b3a21a1a8cb74bed916834158e95ec44 - - default default] Successfully bumped revision number for resource 8bddd531-f1df-4cb0-9653-dd8d67536b5a (type: floatingips) to 0
2026-04-27 02:34:25.990 9 INFO neutron.services.segments.plugin [-] Segment eca515cf-1ebc-4ca4-ad6e-4fcc0a212d28 resource provider aggregate not found
2026-04-27 02:34:25.994 9 INFO neutron.services.segments.plugin [-] Segment eca515cf-1ebc-4ca4-ad6e-4fcc0a212d28 resource provider aggregate not found
2026-04-27 02:34:26.013 9 INFO neutron.services.segments.plugin [-] Segment eca515cf-1ebc-4ca4-ad6e-4fcc0a212d28 resource provider not found; error: Placement Client Error (4xx): {"errors": [{"status": 404, "title": "Not Found", "detail": "The resource could not be found.\n\n No resource provider with uuid eca515cf-1ebc-4ca4-ad6e-4fcc0a212d28 found for delete ", "request_id": "req-53820868-21fc-4451-bfac-7356e239195e"}]}
2026-04-27 02:34:26.013 9 INFO neutron.services.segments.plugin [-] Segment eca515cf-1ebc-4ca4-ad6e-4fcc0a212d28 resource provider not found; error: Placement Client Error (4xx): {"errors": [{"status": 404, "title": "Not Found", "detail": "The resource could not be found.\n\n No resource provider with uuid eca515cf-1ebc-4ca4-ad6e-4fcc0a212d28 found for delete ", "request_id": "req-4d8b2d9b-8feb-4a5a-807f-83c8aae86754"}]}
2026-04-27 02:34:26.038 9 INFO neutron.wsgi [None req-2d24a2cf-dfd6-42ca-8d4a-1e7f5e267480 0da3b7e63d08417bb42706460cea1442 af83aa5d94c6474d8e3d7ba36eaf74ea - - default default] 10.0.0.133 "DELETE /v2.0/networks/6ca0f211-2ec0-4d85-8191-6b90237b9efa HTTP/1.1" status: 204 len: 168 time: 0.3682184
2026-04-27 02:34:26.060 10 INFO neutron.db.ovn_revision_numbers_db [None req-a9613907-3d81-47fe-80af-224f0485600d 9ba1f203861b4c82a83a0f2b61e049ab b3a21a1a8cb74bed916834158e95ec44 - - default default] Successfully bumped revision number for resource 8bddd531-f1df-4cb0-9653-dd8d67536b5a (type: floatingips) to 1
2026-04-27 02:34:26.091 10 INFO neutron.wsgi [None req-a9613907-3d81-47fe-80af-224f0485600d 9ba1f203861b4c82a83a0f2b61e049ab b3a21a1a8cb74bed916834158e95ec44 - - default default] 10.0.0.133 "POST /v2.0/floatingips HTTP/1.1" status: 201 len: 1055 time: 1.7286558
2026-04-27 02:34:26.126 9 INFO neutron.db.segments_db [None req-acc52aa2-738b-4105-a2b1-861ed8694af4 0da3b7e63d08417bb42706460cea1442 af83aa5d94c6474d8e3d7ba36eaf74ea - - default default] Added segment fa54eedc-3829-4795-8f41-901bd6d3aba9 of type geneve for network 2602a709-3ca5-4f6e-8cd9-e19a54572c89
2026-04-27 02:34:26.144 9 INFO neutron.wsgi [None req-fa0a10b0-2ef2-4b7f-8848-38b03428ce88 9ba1f203861b4c82a83a0f2b61e049ab b3a21a1a8cb74bed916834158e95ec44 - - default default] 10.0.0.133 "GET /v2.0/floatingips/8bddd531-f1df-4cb0-9653-dd8d67536b5a HTTP/1.1" status: 200 len: 1052 time: 0.0475974
2026-04-27 02:34:26.262 9 INFO neutron.db.ovn_revision_numbers_db [None req-acc52aa2-738b-4105-a2b1-861ed8694af4 0da3b7e63d08417bb42706460cea1442 af83aa5d94c6474d8e3d7ba36eaf74ea - - default default] Successfully bumped revision number for resource 2602a709-3ca5-4f6e-8cd9-e19a54572c89 (type: networks) to 1
2026-04-27 02:34:26.418 9 WARNING neutron.scheduler.dhcp_agent_scheduler [None req-acc52aa2-738b-4105-a2b1-861ed8694af4 0da3b7e63d08417bb42706460cea1442 af83aa5d94c6474d8e3d7ba36eaf74ea - - default default] No more DHCP agents
2026-04-27 02:34:26.420 9 WARNING neutron.api.rpc.agentnotifiers.dhcp_rpc_agent_api [None req-acc52aa2-738b-4105-a2b1-861ed8694af4 0da3b7e63d08417bb42706460cea1442 af83aa5d94c6474d8e3d7ba36eaf74ea - - default default] Unable to schedule network 2602a709-3ca5-4f6e-8cd9-e19a54572c89: no agents available; will retry on subsequent port and subnet creation events.
2026-04-27 02:34:26.500 9 INFO neutron.db.ovn_revision_numbers_db [None req-acc52aa2-738b-4105-a2b1-861ed8694af4 0da3b7e63d08417bb42706460cea1442 af83aa5d94c6474d8e3d7ba36eaf74ea - - default default] Successfully bumped revision number for resource 6aa5dfc1-98f4-47ae-a3bf-463b020bb9d6 (type: ports) to 1
2026-04-27 02:34:26.538 9 INFO neutron.wsgi [None req-acc52aa2-738b-4105-a2b1-861ed8694af4 0da3b7e63d08417bb42706460cea1442 af83aa5d94c6474d8e3d7ba36eaf74ea - - default default] 10.0.0.133 "POST /v2.0/networks HTTP/1.1" status: 201 len: 833 time: 0.4926608
2026-04-27 02:34:26.792 10 INFO neutron.wsgi [None req-83d7fa5c-7e34-4a5b-be13-b3eb91dbfdc7 36223721a40349efaa89d75837b534e3 a3385b78d20f409d848520dc7a2e342f - - default default] 10.0.0.133 "DELETE /v2.0/security-groups/ec619d2c-2364-4626-882f-ef6368919607 HTTP/1.1" status: 204 len: 168 time: 0.1400588
2026-04-27 02:34:26.806 9 WARNING neutron.scheduler.dhcp_agent_scheduler [None req-9013138e-d1ae-4c74-95f1-f2d145523d1c 0da3b7e63d08417bb42706460cea1442 af83aa5d94c6474d8e3d7ba36eaf74ea - - default default] No more DHCP agents
2026-04-27 02:34:26.808 10 INFO neutron.api.v2.resource [None req-b86e2843-7f20-4810-b089-5850d0fda70e 36223721a40349efaa89d75837b534e3 a3385b78d20f409d848520dc7a2e342f - - default default] show failed (client error): The resource could not be found.
2026-04-27 02:34:26.809 10 INFO neutron.wsgi [None req-b86e2843-7f20-4810-b089-5850d0fda70e 36223721a40349efaa89d75837b534e3 a3385b78d20f409d848520dc7a2e342f - - default default] 10.0.0.133 "GET /v2.0/security-groups/ec619d2c-2364-4626-882f-ef6368919607 HTTP/1.1" status: 404 len: 347 time: 0.0113168
2026-04-27 02:34:26.809 9 WARNING neutron.api.rpc.agentnotifiers.dhcp_rpc_agent_api [None req-9013138e-d1ae-4c74-95f1-f2d145523d1c 0da3b7e63d08417bb42706460cea1442 af83aa5d94c6474d8e3d7ba36eaf74ea - - default default] Unable to schedule network 2602a709-3ca5-4f6e-8cd9-e19a54572c89: no agents available; will retry on subsequent port and subnet creation events.
2026-04-27 02:34:26.858 9 INFO neutron.db.ovn_revision_numbers_db [None req-9013138e-d1ae-4c74-95f1-f2d145523d1c 0da3b7e63d08417bb42706460cea1442 af83aa5d94c6474d8e3d7ba36eaf74ea - - default default] Successfully bumped revision number for resource 9db15370-49a0-40eb-9196-6de1db49ecc3 (type: subnets) to 0
2026-04-27 02:34:26.875 9 INFO neutron.wsgi [req-83eaaf98-3bca-4bc4-b36e-90d035b295d0 req-c3632f62-e663-4c7e-a320-614e763f550f 9798605b227444d2859b661d1b1a5bca 958d1e9698de4e4e8dde89e144388bcb - - default default] 10.0.0.199 "GET /v2.0/ports?device_id=5394ac71-723e-4a49-bb84-f0ab24707022 HTTP/1.1" status: 200 len: 1210 time: 0.0905294
2026-04-27 02:34:26.877 9 INFO neutron.wsgi [None req-9013138e-d1ae-4c74-95f1-f2d145523d1c 0da3b7e63d08417bb42706460cea1442 af83aa5d94c6474d8e3d7ba36eaf74ea - - default default] 10.0.0.133 "POST /v2.0/subnets HTTP/1.1" status: 201 len: 821 time: 0.3340521
2026-04-27 02:34:26.960 9 INFO neutron.wsgi [req-83eaaf98-3bca-4bc4-b36e-90d035b295d0 req-a71bda9b-f4eb-4e1c-9a4a-bbedfd7ae5fb 9798605b227444d2859b661d1b1a5bca 958d1e9698de4e4e8dde89e144388bcb - - default default] 10.0.0.199 "GET /v2.0/security-groups?id=22d38a70-6b0c-4c31-bf82-428629d09a67&id=d77b0032-2121-45c7-b6a4-28e3a512a7b9&fields=id&fields=name HTTP/1.1" status: 200 len: 405 time: 0.0769267
2026-04-27 02:34:27.074 9 INFO neutron.db.ovn_revision_numbers_db [None req-2cc61ce6-8372-4ff5-8592-277abd2720a8 0da3b7e63d08417bb42706460cea1442 af83aa5d94c6474d8e3d7ba36eaf74ea - - default default] Successfully bumped revision number for resource 7237df8a-bb1f-4a90-9274-f852f3bec8ac (type: routers) to 1
2026-04-27 02:34:27.089 9 INFO neutron.wsgi [None req-2cc61ce6-8372-4ff5-8592-277abd2720a8 0da3b7e63d08417bb42706460cea1442 af83aa5d94c6474d8e3d7ba36eaf74ea - - default default] 10.0.0.133 "POST /v2.0/routers HTTP/1.1" status: 201 len: 691 time: 0.2065279
2026-04-27 02:34:27.127 10 INFO neutron.wsgi [None req-97410080-3633-4f66-9c33-cb656dd5a6c5 36223721a40349efaa89d75837b534e3 a3385b78d20f409d848520dc7a2e342f - - default default] 10.0.0.133 "DELETE /v2.0/floatingips/4ee5f833-6ac2-4faa-9f89-2e0373ea452f HTTP/1.1" status: 204 len: 168 time: 0.3127437
2026-04-27 02:34:27.153 9 INFO neutron.wsgi [None req-a96f0e2b-832b-4c16-8ef2-95f1c4ade687 9b3f8c31985243eeb5235d57760429a3 892dea6112c0455f8edbee9a8656d47f - - default default] 10.0.0.133 "GET /v2.0/ports?device_id=5394ac71-723e-4a49-bb84-f0ab24707022 HTTP/1.1" status: 200 len: 1443 time: 0.1689327
2026-04-27 02:34:27.233 10 INFO neutron.wsgi [None req-9bca1fec-9e3b-4184-859b-cc8c0ddc41ff 9798605b227444d2859b661d1b1a5bca 958d1e9698de4e4e8dde89e144388bcb - - default default] 10.0.0.133 "GET /v2.0/floatingips?floating_network_id=41c2b178-ba8f-472c-bcd1-18379c61da8c&port_id=5f7473d1-cdbe-47f4-a7c1-d72d21c8530f HTTP/1.1" status: 200 len: 1054 time: 0.0708663
2026-04-27 02:34:27.464 10 INFO neutron.notifiers.nova [-] Nova event matching ['req-4dd64d7d-678a-49d2-8e42-002560ab366a'] response: {'name': 'network-changed', 'server_uuid': '45b624a8-a815-4dfb-bfe4-0b0361e6f280', 'tag': '6d4d65e0-aaff-4e01-a4ee-68698ea7b991', 'status': 'completed', 'code': 200}
2026-04-27 02:34:27.474 9 INFO neutron.wsgi [req-52af3347-35b5-4390-8b87-eee3f0f0b0ac req-718d4199-6bd0-46ae-8ced-8a06ee092454 8f4a0e6c347e4983846d856c47d85f0a 32b22917c452452a92db088bc3c4cad0 - - 3a79f97034744e4c8e2df7c686d86d1f 3a79f97034744e4c8e2df7c686d86d1f] 10.0.0.147 "GET /v2.0/ports?device_id=5394ac71-723e-4a49-bb84-f0ab24707022 HTTP/1.1" status: 200 len: 1448 time: 0.0429466
2026-04-27 02:34:27.525 10 INFO neutron.wsgi [req-1b75a38b-10ff-42aa-91e2-fc5a55f034e6 req-5b70f8ae-be8e-458f-b75e-21c41354624c 8f4a0e6c347e4983846d856c47d85f0a 32b22917c452452a92db088bc3c4cad0 - - 3a79f97034744e4c8e2df7c686d86d1f 3a79f97034744e4c8e2df7c686d86d1f] 199.204.45.222 "GET /v2.0/ports?tenant_id=b3a21a1a8cb74bed916834158e95ec44&device_id=45b624a8-a815-4dfb-bfe4-0b0361e6f280 HTTP/1.1" status: 200 len: 1413 time: 0.0317285
2026-04-27 02:34:27.526 9 WARNING neutron.scheduler.dhcp_agent_scheduler [None req-031f95ec-c6a1-4279-82f1-e661ab261c0a 0da3b7e63d08417bb42706460cea1442 af83aa5d94c6474d8e3d7ba36eaf74ea - - default default] No more DHCP agents
2026-04-27 02:34:27.529 9 WARNING neutron.api.rpc.agentnotifiers.dhcp_rpc_agent_api [None req-031f95ec-c6a1-4279-82f1-e661ab261c0a 0da3b7e63d08417bb42706460cea1442 af83aa5d94c6474d8e3d7ba36eaf74ea - - default default] Unable to schedule network 2602a709-3ca5-4f6e-8cd9-e19a54572c89: no agents available; will retry on subsequent port and subnet creation events.
2026-04-27 02:34:27.544 9 INFO neutron.wsgi [req-52af3347-35b5-4390-8b87-eee3f0f0b0ac req-dc2f18bc-13a8-4c0c-a816-1662ce7a38fe 8f4a0e6c347e4983846d856c47d85f0a 32b22917c452452a92db088bc3c4cad0 - - 3a79f97034744e4c8e2df7c686d86d1f 3a79f97034744e4c8e2df7c686d86d1f] 10.0.0.147 "GET /v2.0/security-groups?id=d77b0032-2121-45c7-b6a4-28e3a512a7b9&id=22d38a70-6b0c-4c31-bf82-428629d09a67&fields=id&fields=name HTTP/1.1" status: 200 len: 405 time: 0.0643604
2026-04-27 02:34:27.619 10 INFO neutron.wsgi [req-1b75a38b-10ff-42aa-91e2-fc5a55f034e6 req-50daa890-1aa0-4667-b78c-ec225d2204f3 8f4a0e6c347e4983846d856c47d85f0a 32b22917c452452a92db088bc3c4cad0 - - 3a79f97034744e4c8e2df7c686d86d1f 3a79f97034744e4c8e2df7c686d86d1f] 199.204.45.222 "GET /v2.0/networks?id=ab2c49e1-aa0e-4ce5-8567-7569b9c0349a HTTP/1.1" status: 200 len: 959 time: 0.0826521
2026-04-27 02:34:27.646 9 INFO neutron.db.ovn_revision_numbers_db [None req-031f95ec-c6a1-4279-82f1-e661ab261c0a 0da3b7e63d08417bb42706460cea1442 af83aa5d94c6474d8e3d7ba36eaf74ea - - default default] Successfully bumped revision number for resource d7898143-c39c-4c24-a877-23069210387c (type: ports) to 1
2026-04-27 02:34:27.672 10 INFO neutron.wsgi [req-1b75a38b-10ff-42aa-91e2-fc5a55f034e6 req-11d0bde0-c6ae-4ad1-a6f2-4db9e8bb2de7 8f4a0e6c347e4983846d856c47d85f0a 32b22917c452452a92db088bc3c4cad0 - - 3a79f97034744e4c8e2df7c686d86d1f 3a79f97034744e4c8e2df7c686d86d1f] 199.204.45.222 "GET /v2.0/floatingips?fixed_ip_address=10.100.0.12&port_id=6d4d65e0-aaff-4e01-a4ee-68698ea7b991 HTTP/1.1" status: 200 len: 1060 time: 0.0459073
2026-04-27 02:34:27.722 10 INFO neutron.wsgi [req-1b75a38b-10ff-42aa-91e2-fc5a55f034e6 req-3096b0de-16d6-4c5f-a9b2-4ed3c3a37ff7 8f4a0e6c347e4983846d856c47d85f0a 32b22917c452452a92db088bc3c4cad0 - - 3a79f97034744e4c8e2df7c686d86d1f 3a79f97034744e4c8e2df7c686d86d1f] 199.204.45.222 "GET /v2.0/subnets?id=84a1f0c7-084c-4bcb-a0c0-62ff1330492f HTTP/1.1" status: 200 len: 853 time: 0.0441277
2026-04-27 02:34:27.748 10 INFO neutron.wsgi [req-1b75a38b-10ff-42aa-91e2-fc5a55f034e6 req-16252531-5f54-4df6-9d24-0071ece96a75 8f4a0e6c347e4983846d856c47d85f0a 32b22917c452452a92db088bc3c4cad0 - - 3a79f97034744e4c8e2df7c686d86d1f 3a79f97034744e4c8e2df7c686d86d1f] 199.204.45.222 "GET /v2.0/ports?network_id=ab2c49e1-aa0e-4ce5-8567-7569b9c0349a&device_owner=network%3Adhcp HTTP/1.1" status: 200 len: 210 time: 0.0181801
2026-04-27 02:34:27.842 10 INFO neutron.wsgi [req-1b75a38b-10ff-42aa-91e2-fc5a55f034e6 req-ddd0ba20-952a-49a1-85b3-74a45ab11e02 8f4a0e6c347e4983846d856c47d85f0a 32b22917c452452a92db088bc3c4cad0 - - 3a79f97034744e4c8e2df7c686d86d1f 3a79f97034744e4c8e2df7c686d86d1f] 199.204.45.222 "GET /v2.0/networks/ab2c49e1-aa0e-4ce5-8567-7569b9c0349a?fields=segments HTTP/1.1" status: 200 len: 212 time: 0.0817530
2026-04-27 02:34:27.919 10 INFO neutron.wsgi [req-1b75a38b-10ff-42aa-91e2-fc5a55f034e6 req-c0a67e33-ee9d-4a9c-97b7-6019566ba694 8f4a0e6c347e4983846d856c47d85f0a 32b22917c452452a92db088bc3c4cad0 - - 3a79f97034744e4c8e2df7c686d86d1f 3a79f97034744e4c8e2df7c686d86d1f] 199.204.45.222 "GET /v2.0/networks/ab2c49e1-aa0e-4ce5-8567-7569b9c0349a?fields=provider%3Aphysical_network&fields=provider%3Anetwork_type HTTP/1.1" status: 200 len: 277 time: 0.0669429
2026-04-27 02:34:27.970 9 INFO neutron.db.ovn_revision_numbers_db [None req-031f95ec-c6a1-4279-82f1-e661ab261c0a 0da3b7e63d08417bb42706460cea1442 af83aa5d94c6474d8e3d7ba36eaf74ea - - default default] Successfully bumped revision number for resource d7898143-c39c-4c24-a877-23069210387c (type: router_ports) to 1
2026-04-27 02:34:28.066 9 INFO neutron.db.ovn_revision_numbers_db [None req-031f95ec-c6a1-4279-82f1-e661ab261c0a 0da3b7e63d08417bb42706460cea1442 af83aa5d94c6474d8e3d7ba36eaf74ea - - default default] Successfully bumped revision number for resource d7898143-c39c-4c24-a877-23069210387c (type: ports) to 1
2026-04-27 02:34:28.134 9 WARNING neutron.scheduler.dhcp_agent_scheduler [None req-031f95ec-c6a1-4279-82f1-e661ab261c0a 0da3b7e63d08417bb42706460cea1442 af83aa5d94c6474d8e3d7ba36eaf74ea - - default default] No more DHCP agents
2026-04-27 02:34:28.135 9 WARNING neutron.api.rpc.agentnotifiers.dhcp_rpc_agent_api [None req-031f95ec-c6a1-4279-82f1-e661ab261c0a 0da3b7e63d08417bb42706460cea1442 af83aa5d94c6474d8e3d7ba36eaf74ea - - default default] Unable to schedule network 2602a709-3ca5-4f6e-8cd9-e19a54572c89: no agents available; will retry on subsequent port and subnet creation events.
2026-04-27 02:34:28.300 9 INFO neutron.db.ovn_revision_numbers_db [None req-031f95ec-c6a1-4279-82f1-e661ab261c0a 0da3b7e63d08417bb42706460cea1442 af83aa5d94c6474d8e3d7ba36eaf74ea - - default default] Successfully bumped revision number for resource d7898143-c39c-4c24-a877-23069210387c (type: router_ports) to 1
2026-04-27 02:34:28.302 9 INFO neutron.wsgi [None req-031f95ec-c6a1-4279-82f1-e661ab261c0a 0da3b7e63d08417bb42706460cea1442 af83aa5d94c6474d8e3d7ba36eaf74ea - - default default] 10.0.0.133 "PUT /v2.0/routers/7237df8a-bb1f-4a90-9274-f852f3bec8ac/add_router_interface HTTP/1.1" status: 200 len: 503 time: 1.2080421
2026-04-27 02:34:28.340 9 INFO neutron.wsgi [None req-adf3a3c0-aa89-4606-a57c-c4768d167435 0da3b7e63d08417bb42706460cea1442 af83aa5d94c6474d8e3d7ba36eaf74ea - - default default] 10.0.0.133 "GET /v2.0/ports/d7898143-c39c-4c24-a877-23069210387c HTTP/1.1" status: 200 len: 1139 time: 0.0326619
2026-04-27 02:34:28.379 9 INFO neutron.wsgi [None req-d045f851-cbf7-4a07-80f7-d764cf6bbfcb 0da3b7e63d08417bb42706460cea1442 af83aa5d94c6474d8e3d7ba36eaf74ea - - default default] 10.0.0.133 "GET /v2.0/ports/d7898143-c39c-4c24-a877-23069210387c HTTP/1.1" status: 200 len: 1139 time: 0.0349541
2026-04-27 02:34:28.436 10 WARNING neutron.plugins.ml2.drivers.ovn.mech_driver.ovsdb.ovn_client [None req-47a401a3-1ba8-47e9-990a-f89907c2c9fb - - - - - -] No hosting information found for port 224a8bc9-1a50-49e8-b056-471df3b990e3: RuntimeError: No hosting information found for port 224a8bc9-1a50-49e8-b056-471df3b990e3
2026-04-27 02:34:28.437 10 INFO neutron.plugins.ml2.drivers.ovn.mech_driver.mech_driver [None req-47a401a3-1ba8-47e9-990a-f89907c2c9fb - - - - - -] OVN reports status up for port: 3dd3bf3e-9ae6-40b6-b7dc-57900bae6fa1
2026-04-27 02:34:28.453 10 INFO neutron.plugins.ml2.drivers.ovn.mech_driver.mech_driver [None req-47a401a3-1ba8-47e9-990a-f89907c2c9fb - - - - - -] OVN reports status down for port: 99755bcc-16a3-4468-8af0-40b795aed9c2
2026-04-27 02:34:28.522 10 INFO neutron.plugins.ml2.drivers.ovn.mech_driver.mech_driver [None req-47a401a3-1ba8-47e9-990a-f89907c2c9fb - - - - - -] OVN reports status up for port: d7898143-c39c-4c24-a877-23069210387c
2026-04-27 02:34:28.533 10 INFO neutron.plugins.ml2.plugin [None req-47a401a3-1ba8-47e9-990a-f89907c2c9fb - - - - - -] Attempt 1 to provision port d7898143-c39c-4c24-a877-23069210387c
2026-04-27 02:34:28.849 10 INFO neutron.wsgi [None req-9bb734c4-d176-451d-85f0-24dccaf06834 914dd4db0ab649508cf1033617215d38 4af2726539924833aacb935f2fbb1410 - - default default] 10.0.0.133 "PUT /v2.0/routers/2d4857c5-7d27-4208-9b2b-a42c3fb32cce/remove_router_interface HTTP/1.1" status: 200 len: 503 time: 1.7134833
2026-04-27 02:34:28.879 10 INFO neutron.db.ovn_revision_numbers_db [None req-47a401a3-1ba8-47e9-990a-f89907c2c9fb - - - - - -] Successfully bumped revision number for resource d7898143-c39c-4c24-a877-23069210387c (type: ports) to 2
2026-04-27 02:34:28.996 10 INFO neutron.db.ovn_revision_numbers_db [None req-47a401a3-1ba8-47e9-990a-f89907c2c9fb - - - - - -] Successfully bumped revision number for resource d7898143-c39c-4c24-a877-23069210387c (type: router_ports) to 2
2026-04-27 02:34:29.415 9 INFO neutron.wsgi [None req-1625c9a8-915c-49cc-9898-7e7c225f42b6 0da3b7e63d08417bb42706460cea1442 af83aa5d94c6474d8e3d7ba36eaf74ea - - default default] 10.0.0.133 "GET /v2.0/ports/d7898143-c39c-4c24-a877-23069210387c HTTP/1.1" status: 200 len: 1141 time: 0.0311625 /var/lib/openstack/lib/python3.10/site-packages/pycadf/identifier.py:71: UserWarning: Invalid uuid: neutron. To ensure interoperability, identifiers should be a valid uuid. warnings.warn(('Invalid uuid: %s. To ensure interoperability, '
2026-04-27 02:34:29.536 9 INFO neutron.wsgi [req-6081d018-1a1e-482a-b283-194095bd8282 req-165734e0-b5f8-4641-899e-a63556dd6342 9798605b227444d2859b661d1b1a5bca 958d1e9698de4e4e8dde89e144388bcb - - default default] 10.0.0.199 "GET /v2.0/ports?device_id=5394ac71-723e-4a49-bb84-f0ab24707022 HTTP/1.1" status: 200 len: 1210 time: 0.0431409
2026-04-27 02:34:29.596 9 INFO neutron.wsgi [req-6081d018-1a1e-482a-b283-194095bd8282 req-984337da-6ae9-4722-af77-b597eea84ec9 9798605b227444d2859b661d1b1a5bca 958d1e9698de4e4e8dde89e144388bcb - - default default] 10.0.0.199 "GET /v2.0/security-groups?id=22d38a70-6b0c-4c31-bf82-428629d09a67&id=d77b0032-2121-45c7-b6a4-28e3a512a7b9&fields=id&fields=name HTTP/1.1" status: 200 len: 405 time: 0.0526927
2026-04-27 02:34:29.705 9 INFO neutron.wsgi [None req-2eba87cb-2e1e-45d5-ad26-403cc9697a4d 914dd4db0ab649508cf1033617215d38 4af2726539924833aacb935f2fbb1410 - - default default] 10.0.0.133 "DELETE /v2.0/routers/2d4857c5-7d27-4208-9b2b-a42c3fb32cce HTTP/1.1" status: 204 len: 168 time: 0.8525529
2026-04-27 02:34:29.906 9 INFO neutron.wsgi [None req-f324ef77-9ab5-42e5-9eb8-5dff862d6198 914dd4db0ab649508cf1033617215d38 4af2726539924833aacb935f2fbb1410 - - default default] 10.0.0.133 "DELETE /v2.0/subnets/e376ba8a-85ea-4022-807a-c3fc473ed98c HTTP/1.1" status: 204 len: 168 time: 0.1964352
2026-04-27 02:34:29.930 10 INFO neutron.wsgi [req-5d62385e-871c-4dc8-b3b3-937c4f715b38 req-df7a6826-e289-43b5-ab19-b7cc2efeef48 9798605b227444d2859b661d1b1a5bca 958d1e9698de4e4e8dde89e144388bcb - - default default] 199.204.45.222 "GET /v2.0/ports?device_id=5394ac71-723e-4a49-bb84-f0ab24707022 HTTP/1.1" status: 200 len: 1210 time: 0.1094098
2026-04-27 02:34:30.139 10 INFO neutron.wsgi [None req-a70038d4-676c-4434-888d-5645db991168 0da3b7e63d08417bb42706460cea1442 af83aa5d94c6474d8e3d7ba36eaf74ea - - default default] 10.0.0.133 "PUT /v2.0/routers/7237df8a-bb1f-4a90-9274-f852f3bec8ac/remove_router_interface HTTP/1.1" status: 200 len: 503 time: 0.7200980
2026-04-27 02:34:30.165 9 INFO neutron.wsgi [None req-519e2bee-9715-4eed-a5a9-68bad4f7c924 0da3b7e63d08417bb42706460cea1442 af83aa5d94c6474d8e3d7ba36eaf74ea - - default default] 10.0.0.133 "GET /v2.0/ports?device_id=7237df8a-bb1f-4a90-9274-f852f3bec8ac HTTP/1.1" status: 200 len: 205 time: 0.0181394
2026-04-27 02:34:30.306 9 INFO neutron.services.segments.plugin [-] Segment 2ed28137-2423-4147-a666-a7a474ab8f87 resource provider aggregate not found
2026-04-27 02:34:30.311 9 INFO neutron.services.segments.plugin [-] Segment 2ed28137-2423-4147-a666-a7a474ab8f87 resource provider aggregate not found
2026-04-27 02:34:30.314 10 INFO neutron.db.l3_db [req-5d62385e-871c-4dc8-b3b3-937c4f715b38 req-733c8754-9fa7-4b2d-9612-c01117119cf5 9798605b227444d2859b661d1b1a5bca 958d1e9698de4e4e8dde89e144388bcb - - default default] Floating IP 370bf871-159f-4188-8e5d-32fd4b4fe10b disassociated. External IP: 10.96.250.205, port: 5f7473d1-cdbe-47f4-a7c1-d72d21c8530f.
2026-04-27 02:34:30.342 9 INFO neutron.services.segments.plugin [-] Segment 2ed28137-2423-4147-a666-a7a474ab8f87 resource provider not found; error: Placement Client Error (4xx): {"errors": [{"status": 404, "title": "Not Found", "detail": "The resource could not be found.\n\n No resource provider with uuid 2ed28137-2423-4147-a666-a7a474ab8f87 found for delete ", "request_id": "req-9f6cea3a-b7cf-4be4-bc2d-496c506c58ba"}]}
2026-04-27 02:34:30.355 9 INFO neutron.services.segments.plugin [-] Segment 2ed28137-2423-4147-a666-a7a474ab8f87 resource provider not found; error: Placement Client Error (4xx): {"errors": [{"status": 404, "title": "Not Found", "detail": "The resource could not be found.\n\n No resource provider with uuid 2ed28137-2423-4147-a666-a7a474ab8f87 found for delete ", "request_id": "req-b9cf4d0e-19e4-41a1-93a3-ed1c57fad643"}]}
2026-04-27 02:34:30.396 9 INFO neutron.wsgi [None req-9df79b72-fd72-4199-a4a4-69a22bb7b8de 914dd4db0ab649508cf1033617215d38 4af2726539924833aacb935f2fbb1410 - - default default] 10.0.0.133 "DELETE /v2.0/networks/6879d74d-9596-4bb3-9040-c3d9ca37690d HTTP/1.1" status: 204 len: 168 time: 0.4855127
2026-04-27 02:34:30.443 9 INFO neutron.wsgi [None req-abb0d481-c8ff-44d2-8258-fc96c125cfa7 0da3b7e63d08417bb42706460cea1442 af83aa5d94c6474d8e3d7ba36eaf74ea - - default default] 10.0.0.133 "DELETE /v2.0/routers/7237df8a-bb1f-4a90-9274-f852f3bec8ac HTTP/1.1" status: 204 len: 168 time: 0.2670906
2026-04-27 02:34:30.468 10 INFO neutron.wsgi [req-5d62385e-871c-4dc8-b3b3-937c4f715b38 req-733c8754-9fa7-4b2d-9612-c01117119cf5 9798605b227444d2859b661d1b1a5bca 958d1e9698de4e4e8dde89e144388bcb - - default default] 199.204.45.222 "DELETE /v2.0/ports/5f7473d1-cdbe-47f4-a7c1-d72d21c8530f HTTP/1.1" status: 204 len: 173 time: 0.5333602 /var/lib/openstack/lib/python3.10/site-packages/pycadf/identifier.py:71: UserWarning: Invalid uuid: neutron. To ensure interoperability, identifiers should be a valid uuid. warnings.warn(('Invalid uuid: %s. To ensure interoperability, '
2026-04-27 02:34:30.502 10 INFO neutron.notifiers.nova [-] Nova event matching ['req-fa925b36-e30e-471c-8db7-036d7ee4f4d1'] response: {'server_uuid': '5394ac71-723e-4a49-bb84-f0ab24707022', 'name': 'network-vif-deleted', 'tag': '5f7473d1-cdbe-47f4-a7c1-d72d21c8530f', 'status': 'completed', 'code': 200}
2026-04-27 02:34:30.527 10 INFO neutron.wsgi [None req-e4f17b33-fa3a-420b-84d5-231b74875779 914dd4db0ab649508cf1033617215d38 4af2726539924833aacb935f2fbb1410 - - default default] 10.0.0.133 "GET /v2.0/security-groups?tenant_id=a3385b78d20f409d848520dc7a2e342f&name=default HTTP/1.1" status: 200 len: 2996 time: 0.0336013
2026-04-27 02:34:30.623 9 INFO neutron.wsgi [None req-f73b9785-3691-43e0-9959-9895767d296f 0da3b7e63d08417bb42706460cea1442 af83aa5d94c6474d8e3d7ba36eaf74ea - - default default] 10.0.0.133 "DELETE /v2.0/subnets/9db15370-49a0-40eb-9196-6de1db49ecc3 HTTP/1.1" status: 204 len: 168 time: 0.1762733
2026-04-27 02:34:30.686 9 INFO neutron.wsgi [req-f48546ca-b08c-47db-98e5-6412e45352fc req-10b2bfbe-5514-4810-aa44-5293596d56c7 9798605b227444d2859b661d1b1a5bca 958d1e9698de4e4e8dde89e144388bcb - - default default] 10.0.0.199 "GET /v2.0/ports?device_id=5394ac71-723e-4a49-bb84-f0ab24707022 HTTP/1.1" status: 200 len: 210 time: 0.0199661
2026-04-27 02:34:30.752 10 INFO neutron.wsgi [None req-d8792957-bb21-4221-b226-c4fff3fbdb47 914dd4db0ab649508cf1033617215d38 4af2726539924833aacb935f2fbb1410 - - default default] 10.0.0.133 "DELETE /v2.0/security-groups/2af1456a-e505-49cf-a90e-86706b9eb00c HTTP/1.1" status: 204 len: 168 time: 0.2201922
2026-04-27 02:34:30.952 10 INFO neutron.services.segments.plugin [-] Segment fa54eedc-3829-4795-8f41-901bd6d3aba9 resource provider aggregate not found
2026-04-27 02:34:30.957 10 INFO neutron.services.segments.plugin [-] Segment fa54eedc-3829-4795-8f41-901bd6d3aba9 resource provider aggregate not found
2026-04-27 02:34:30.973 10 INFO neutron.services.segments.plugin [-] Segment fa54eedc-3829-4795-8f41-901bd6d3aba9 resource provider not found; error: Placement Client Error (4xx): {"errors": [{"status": 404, "title": "Not Found", "detail": "The resource could not be found.\n\n No resource provider with uuid fa54eedc-3829-4795-8f41-901bd6d3aba9 found for delete ", "request_id": "req-f6f41b9f-29f7-4d1b-a437-894a8516131d"}]}
2026-04-27 02:34:30.974 10 INFO neutron.services.segments.plugin [-] Segment fa54eedc-3829-4795-8f41-901bd6d3aba9 resource provider not found; error: Placement Client Error (4xx): {"errors": [{"status": 404, "title": "Not Found", "detail": "The resource could not be found.\n\n No resource provider with uuid fa54eedc-3829-4795-8f41-901bd6d3aba9 found for delete ", "request_id": "req-a619b7c8-71d8-4ac9-b79c-35822d032fe2"}]}
2026-04-27 02:34:31.002 10 INFO neutron.wsgi [None req-12e96843-f9ff-46cc-b17e-204d80f7562f 0da3b7e63d08417bb42706460cea1442 af83aa5d94c6474d8e3d7ba36eaf74ea - - default default] 10.0.0.133 "DELETE /v2.0/networks/2602a709-3ca5-4f6e-8cd9-e19a54572c89 HTTP/1.1" status: 204 len: 168 time: 0.3750036
2026-04-27 02:34:31.494 10 WARNING neutron.scheduler.dhcp_agent_scheduler [None req-cd265884-de0c-4757-9eae-cd4e9631fab4 0da3b7e63d08417bb42706460cea1442 af83aa5d94c6474d8e3d7ba36eaf74ea - - default default] No more DHCP agents
2026-04-27 02:34:31.496 10 WARNING neutron.api.rpc.agentnotifiers.dhcp_rpc_agent_api [None req-cd265884-de0c-4757-9eae-cd4e9631fab4 0da3b7e63d08417bb42706460cea1442 af83aa5d94c6474d8e3d7ba36eaf74ea - - default default] Unable to schedule network 41c2b178-ba8f-472c-bcd1-18379c61da8c: no agents available; will retry on subsequent port and subnet creation events.
2026-04-27 02:34:31.666 10 INFO neutron.db.ovn_revision_numbers_db [None req-cd265884-de0c-4757-9eae-cd4e9631fab4 0da3b7e63d08417bb42706460cea1442 af83aa5d94c6474d8e3d7ba36eaf74ea - - default default] Successfully bumped revision number for resource ffdb082a-4813-41eb-8aac-4d3fa82cfcb5 (type: ports) to 1
2026-04-27 02:34:31.941 9 INFO neutron.wsgi [None req-a6ca7bf6-7e73-4d90-bb13-27197b565fbe 9798605b227444d2859b661d1b1a5bca 958d1e9698de4e4e8dde89e144388bcb - - default default] 10.0.0.133 "DELETE /v2.0/security-groups/d77b0032-2121-45c7-b6a4-28e3a512a7b9 HTTP/1.1" status: 204 len: 168 time: 0.1217339
2026-04-27 02:34:31.952 9 INFO neutron.api.v2.resource [None req-7d8b81d6-7191-46e7-a449-cf4a4cf4ab98 9798605b227444d2859b661d1b1a5bca 958d1e9698de4e4e8dde89e144388bcb - - default default] show failed (client error): The resource could not be found.
2026-04-27 02:34:31.953 9 INFO neutron.wsgi [None req-7d8b81d6-7191-46e7-a449-cf4a4cf4ab98 9798605b227444d2859b661d1b1a5bca 958d1e9698de4e4e8dde89e144388bcb - - default default] 10.0.0.133 "GET /v2.0/security-groups/d77b0032-2121-45c7-b6a4-28e3a512a7b9 HTTP/1.1" status: 404 len: 347 time: 0.0083990
2026-04-27 02:34:32.262 9 INFO neutron.wsgi [None req-189a7938-0e19-40f9-9c0e-7e2148e39fbd 9798605b227444d2859b661d1b1a5bca 958d1e9698de4e4e8dde89e144388bcb - - default default] 10.0.0.133 "DELETE /v2.0/floatingips/370bf871-159f-4188-8e5d-32fd4b4fe10b HTTP/1.1" status: 204 len: 168 time: 0.3062642
2026-04-27 02:34:32.388 9 INFO neutron.wsgi [None req-ad44a0d8-5975-4c62-9201-fa2ba55aaf82 9798605b227444d2859b661d1b1a5bca 958d1e9698de4e4e8dde89e144388bcb - - default default] 10.0.0.133 "DELETE /v2.0/security-groups/22d38a70-6b0c-4c31-bf82-428629d09a67 HTTP/1.1" status: 204 len: 168 time: 0.1202924
2026-04-27 02:34:32.561 9 INFO neutron.plugins.ml2.drivers.ovn.mech_driver.mech_driver [None req-af2f02a5-7065-4c20-86e0-f187760070a0 - - - - - -] OVN reports status up for port: ffdb082a-4813-41eb-8aac-4d3fa82cfcb5
2026-04-27 02:34:32.569 9 INFO neutron.plugins.ml2.plugin [None req-af2f02a5-7065-4c20-86e0-f187760070a0 - - - - - -] Attempt 1 to provision port ffdb082a-4813-41eb-8aac-4d3fa82cfcb5
2026-04-27 02:34:32.597 10 INFO neutron.db.ovn_revision_numbers_db [None req-cd265884-de0c-4757-9eae-cd4e9631fab4 0da3b7e63d08417bb42706460cea1442 af83aa5d94c6474d8e3d7ba36eaf74ea - - default default] Successfully bumped revision number for resource ffdb082a-4813-41eb-8aac-4d3fa82cfcb5 (type: router_ports) to 1
2026-04-27 02:34:32.676 10 INFO neutron.db.ovn_revision_numbers_db [None req-cd265884-de0c-4757-9eae-cd4e9631fab4 0da3b7e63d08417bb42706460cea1442 af83aa5d94c6474d8e3d7ba36eaf74ea - - default default] Successfully bumped revision number for resource dee263eb-6965-4d04-90ca-56b17b5e65ab (type: routers) to 2
2026-04-27 02:34:32.690 10 INFO neutron.wsgi [None req-cd265884-de0c-4757-9eae-cd4e9631fab4 0da3b7e63d08417bb42706460cea1442 af83aa5d94c6474d8e3d7ba36eaf74ea - - default default] 10.0.0.133 "POST /v2.0/routers HTTP/1.1" status: 201 len: 872 time: 1.6790988
2026-04-27 02:34:32.764 9 INFO neutron.wsgi [None req-eb67009c-d3d5-4d31-adf7-67bb4b4f26c2 0da3b7e63d08417bb42706460cea1442 af83aa5d94c6474d8e3d7ba36eaf74ea - - default default] 10.0.0.133 "GET /v2.0/routers/dee263eb-6965-4d04-90ca-56b17b5e65ab HTTP/1.1" status: 200 len: 873 time: 0.0682595
2026-04-27 02:34:32.886 9 INFO neutron.wsgi [None req-aae55864-1084-4b62-a1c6-3642f5a491d5 0da3b7e63d08417bb42706460cea1442 af83aa5d94c6474d8e3d7ba36eaf74ea - - default default] 10.0.0.133 "GET /v2.0/routers HTTP/1.1" status: 200 len: 876 time: 0.1176987
2026-04-27 02:34:33.321 9 INFO neutron.db.ovn_revision_numbers_db [None req-9db9c946-8523-4783-b2d3-c2b2630c00f1 0da3b7e63d08417bb42706460cea1442 af83aa5d94c6474d8e3d7ba36eaf74ea - - default default] Successfully bumped revision number for resource dee263eb-6965-4d04-90ca-56b17b5e65ab (type: routers) to 3
2026-04-27 02:34:33.324 9 INFO neutron.wsgi [None req-9db9c946-8523-4783-b2d3-c2b2630c00f1 0da3b7e63d08417bb42706460cea1442 af83aa5d94c6474d8e3d7ba36eaf74ea - - default default] 10.0.0.133 "PUT /v2.0/routers/dee263eb-6965-4d04-90ca-56b17b5e65ab HTTP/1.1" status: 200 len: 880 time: 0.4343538
2026-04-27 02:34:33.414 9 INFO neutron.wsgi [None req-61b4ac5e-d66a-451a-8dc3-aedfd532c501 0da3b7e63d08417bb42706460cea1442 af83aa5d94c6474d8e3d7ba36eaf74ea - - default default] 10.0.0.133 "GET /v2.0/routers/dee263eb-6965-4d04-90ca-56b17b5e65ab HTTP/1.1" status: 200 len: 880 time: 0.0808923
2026-04-27 02:34:33.465 9 INFO neutron.wsgi [None req-bb147fe0-6a8b-49eb-aa49-f590603880ef 0da3b7e63d08417bb42706460cea1442 af83aa5d94c6474d8e3d7ba36eaf74ea - - default default] 10.0.0.133 "GET /v2.0/ports?device_id=dee263eb-6965-4d04-90ca-56b17b5e65ab HTTP/1.1" status: 200 len: 205 time: 0.0456505
2026-04-27 02:34:33.603 10 INFO neutron.wsgi [None req-312f75c9-67ee-4253-836c-c2e35199be48 914dd4db0ab649508cf1033617215d38 4af2726539924833aacb935f2fbb1410 - - default default] 10.0.0.133 "PUT /v2.0/routers/c0ce0557-5b8d-493e-aed2-00b67af08456/remove_router_interface HTTP/1.1" status: 200 len: 503 time: 1.1834881 /var/lib/openstack/lib/python3.10/site-packages/pycadf/identifier.py:71: UserWarning: Invalid uuid: neutron. To ensure interoperability, identifiers should be a valid uuid. warnings.warn(('Invalid uuid: %s. To ensure interoperability, '
2026-04-27 02:34:33.748 10 WARNING neutron.plugins.ml2.drivers.ovn.mech_driver.ovsdb.ovn_client [None req-47a401a3-1ba8-47e9-990a-f89907c2c9fb - - - - - -] No port found with ID d7898143-c39c-4c24-a877-23069210387c: RuntimeError: No port found with ID d7898143-c39c-4c24-a877-23069210387c
2026-04-27 02:34:33.749 10 INFO neutron.plugins.ml2.drivers.ovn.mech_driver.mech_driver [None req-47a401a3-1ba8-47e9-990a-f89907c2c9fb - - - - - -] OVN reports status down for port: 5f7473d1-cdbe-47f4-a7c1-d72d21c8530f
2026-04-27 02:34:34.242 10 INFO neutron.wsgi [None req-8faf30cf-970e-4099-be1f-e98a0a1ea581 914dd4db0ab649508cf1033617215d38 4af2726539924833aacb935f2fbb1410 - - default default] 10.0.0.133 "DELETE /v2.0/routers/c0ce0557-5b8d-493e-aed2-00b67af08456 HTTP/1.1" status: 204 len: 168 time: 0.6334453 /var/lib/openstack/lib/python3.10/site-packages/pycadf/identifier.py:71: UserWarning: Invalid uuid: neutron. To ensure interoperability, identifiers should be a valid uuid. warnings.warn(('Invalid uuid: %s. To ensure interoperability, '
2026-04-27 02:34:34.277 9 INFO neutron.wsgi [None req-3275c4fa-8260-4775-bc85-db1702677bac 0da3b7e63d08417bb42706460cea1442 af83aa5d94c6474d8e3d7ba36eaf74ea - - default default] 10.0.0.133 "DELETE /v2.0/routers/dee263eb-6965-4d04-90ca-56b17b5e65ab HTTP/1.1" status: 204 len: 168 time: 0.8081965
2026-04-27 02:34:34.310 10 INFO neutron.wsgi [None req-6a7c5fd8-32a3-4155-b843-29f735267dfc 0da3b7e63d08417bb42706460cea1442 af83aa5d94c6474d8e3d7ba36eaf74ea - - default default] 10.0.0.133 "GET /v2.0/ports?device_id=dee263eb-6965-4d04-90ca-56b17b5e65ab HTTP/1.1" status: 200 len: 205 time: 0.0246880
2026-04-27 02:34:34.340 9 INFO neutron.api.v2.resource [None req-baa0de0f-7f9f-459b-81d4-44e120b315bb 0da3b7e63d08417bb42706460cea1442 af83aa5d94c6474d8e3d7ba36eaf74ea - - default default] delete failed (client error): The resource could not be found.
2026-04-27 02:34:34.341 9 INFO neutron.wsgi [None req-baa0de0f-7f9f-459b-81d4-44e120b315bb 0da3b7e63d08417bb42706460cea1442 af83aa5d94c6474d8e3d7ba36eaf74ea - - default default] 10.0.0.133 "DELETE /v2.0/routers/dee263eb-6965-4d04-90ca-56b17b5e65ab HTTP/1.1" status: 404 len: 336 time: 0.0265820
2026-04-27 02:34:34.366 9 INFO neutron.wsgi [None req-2918ef7c-98bf-4f0d-b456-4c32313098ff 0da3b7e63d08417bb42706460cea1442 af83aa5d94c6474d8e3d7ba36eaf74ea - - default default] 10.0.0.133 "GET /v2.0/ports?device_id=7237df8a-bb1f-4a90-9274-f852f3bec8ac HTTP/1.1" status: 200 len: 205 time: 0.0193715
2026-04-27 02:34:34.390 9 INFO neutron.api.v2.resource [None req-6de5b325-6c02-4ec4-804b-8de9d8ff3e27 0da3b7e63d08417bb42706460cea1442 af83aa5d94c6474d8e3d7ba36eaf74ea - - default default] delete failed (client error): The resource could not be found.
2026-04-27 02:34:34.391 9 INFO neutron.wsgi [None req-6de5b325-6c02-4ec4-804b-8de9d8ff3e27 0da3b7e63d08417bb42706460cea1442 af83aa5d94c6474d8e3d7ba36eaf74ea - - default default] 10.0.0.133 "DELETE /v2.0/routers/7237df8a-bb1f-4a90-9274-f852f3bec8ac HTTP/1.1" status: 404 len: 336 time: 0.0202644
2026-04-27 02:34:34.411 9 INFO neutron.pecan_wsgi.hooks.translation [None req-9045d008-552d-4fc4-9c2f-17b2dfd97613 0da3b7e63d08417bb42706460cea1442 af83aa5d94c6474d8e3d7ba36eaf74ea - - default default] DELETE failed (client error): The resource could not be found.
2026-04-27 02:34:34.413 9 INFO neutron.wsgi [None req-9045d008-552d-4fc4-9c2f-17b2dfd97613 0da3b7e63d08417bb42706460cea1442 af83aa5d94c6474d8e3d7ba36eaf74ea - - default default] 10.0.0.133 "DELETE /v2.0/subnets/9db15370-49a0-40eb-9196-6de1db49ecc3 HTTP/1.1" status: 404 len: 337 time: 0.0172949
2026-04-27 02:34:34.433 10 INFO neutron.wsgi [None req-f35fd4ea-1a0a-4092-85a0-de87317e846f 914dd4db0ab649508cf1033617215d38 4af2726539924833aacb935f2fbb1410 - - default default] 10.0.0.133 "DELETE /v2.0/subnets/5b15580d-4c9e-4989-ab08-a141ba896033 HTTP/1.1" status: 204 len: 168 time: 0.1860075
2026-04-27 02:34:34.436 9 INFO neutron.wsgi [None req-6042079d-3849-42ec-b884-09777e25ef08 0da3b7e63d08417bb42706460cea1442 af83aa5d94c6474d8e3d7ba36eaf74ea - - default default] 10.0.0.133 "GET /v2.0/ports?device_id=174de1d1-63b5-4c3e-9083-783e47c970eb HTTP/1.1" status: 200 len: 205 time: 0.0179276
2026-04-27 02:34:34.462 10 INFO neutron.api.v2.resource [None req-848648a5-e2cf-4ed6-8bd9-c1509142d772 0da3b7e63d08417bb42706460cea1442 af83aa5d94c6474d8e3d7ba36eaf74ea - - default default] delete failed (client error): The resource could not be found.
2026-04-27 02:34:34.463 10 INFO neutron.wsgi [None req-848648a5-e2cf-4ed6-8bd9-c1509142d772 0da3b7e63d08417bb42706460cea1442 af83aa5d94c6474d8e3d7ba36eaf74ea - - default default] 10.0.0.133 "DELETE /v2.0/routers/174de1d1-63b5-4c3e-9083-783e47c970eb HTTP/1.1" status: 404 len: 336 time: 0.0214896
2026-04-27 02:34:34.490 10 INFO neutron.pecan_wsgi.hooks.translation [None req-ec3ced9b-2b70-44e3-bf8b-38ade2c2455d 0da3b7e63d08417bb42706460cea1442 af83aa5d94c6474d8e3d7ba36eaf74ea - - default default] DELETE failed (client error): The resource could not be found.
2026-04-27 02:34:34.492 10 INFO neutron.wsgi [None req-ec3ced9b-2b70-44e3-bf8b-38ade2c2455d 0da3b7e63d08417bb42706460cea1442 af83aa5d94c6474d8e3d7ba36eaf74ea - - default default] 10.0.0.133 "DELETE /v2.0/subnets/abbd05b4-784b-4e50-9904-84c981b416c6 HTTP/1.1" status: 404 len: 337 time: 0.0241024
2026-04-27 02:34:34.515 10 INFO neutron.wsgi [None req-0f9cc46c-c5af-403e-b313-048af4738d4f 0da3b7e63d08417bb42706460cea1442 af83aa5d94c6474d8e3d7ba36eaf74ea - - default default] 10.0.0.133 "GET /v2.0/ports?device_id=225fd5f1-62ed-451a-8d1f-90fc2bac99d3 HTTP/1.1" status: 200 len: 205 time: 0.0177901
2026-04-27 02:34:34.541 10 INFO neutron.api.v2.resource [None req-a6fc0b71-0d5e-42cf-b409-bbd52bdbc61a 0da3b7e63d08417bb42706460cea1442 af83aa5d94c6474d8e3d7ba36eaf74ea - - default default] delete failed (client error): The resource could not be found.
2026-04-27 02:34:34.542 10 INFO neutron.wsgi [None req-a6fc0b71-0d5e-42cf-b409-bbd52bdbc61a 0da3b7e63d08417bb42706460cea1442 af83aa5d94c6474d8e3d7ba36eaf74ea - - default default] 10.0.0.133 "DELETE /v2.0/routers/225fd5f1-62ed-451a-8d1f-90fc2bac99d3 HTTP/1.1" status: 404 len: 336 time: 0.0202398
2026-04-27 02:34:34.562 10 INFO neutron.pecan_wsgi.hooks.translation [None req-8eb364c4-0ab6-4bd2-a0cc-ec6ab1d01291 0da3b7e63d08417bb42706460cea1442 af83aa5d94c6474d8e3d7ba36eaf74ea - - default default] DELETE failed (client error): The resource could not be found.
2026-04-27 02:34:34.564 10 INFO neutron.wsgi [None req-8eb364c4-0ab6-4bd2-a0cc-ec6ab1d01291 0da3b7e63d08417bb42706460cea1442 af83aa5d94c6474d8e3d7ba36eaf74ea - - default default] 10.0.0.133 "DELETE /v2.0/subnets/d6e9a9fa-002c-4502-8b45-8806e7b85ef5 HTTP/1.1" status: 404 len: 337 time: 0.0177598
2026-04-27 02:34:34.585 10 INFO neutron.pecan_wsgi.hooks.translation [None req-87381f5f-ac8b-495a-8889-d50a935ddbe7 0da3b7e63d08417bb42706460cea1442 af83aa5d94c6474d8e3d7ba36eaf74ea - - default default] DELETE failed (client error): The resource could not be found.
2026-04-27 02:34:34.589 10 INFO neutron.wsgi [None req-87381f5f-ac8b-495a-8889-d50a935ddbe7 0da3b7e63d08417bb42706460cea1442 af83aa5d94c6474d8e3d7ba36eaf74ea - - default default] 10.0.0.133 "DELETE /v2.0/subnets/c3ea6113-11bb-474f-96e7-d46796651f40 HTTP/1.1" status: 404 len: 337 time: 0.0200312
2026-04-27 02:34:34.733 9 INFO neutron.services.segments.plugin [-] Segment ce0829f8-c236-4d7f-ba2e-50dddb709e03 resource provider aggregate not found
2026-04-27 02:34:34.737 9 INFO neutron.services.segments.plugin [-] Segment ce0829f8-c236-4d7f-ba2e-50dddb709e03 resource provider aggregate not found
2026-04-27 02:34:34.755 9 INFO neutron.services.segments.plugin [-] Segment ce0829f8-c236-4d7f-ba2e-50dddb709e03 resource provider not found; error: Placement Client Error (4xx): {"errors": [{"status": 404, "title": "Not Found", "detail": "The resource could not be found.\n\n No resource provider with uuid ce0829f8-c236-4d7f-ba2e-50dddb709e03 found for delete ", "request_id": "req-2581da4c-9c9d-4b7a-9a36-84fded56239b"}]}
2026-04-27 02:34:34.762 9 INFO neutron.services.segments.plugin [-] Segment ce0829f8-c236-4d7f-ba2e-50dddb709e03 resource provider not found; error: Placement Client Error (4xx): {"errors": [{"status": 404, "title": "Not Found", "detail": "The resource could not be found.\n\n No resource provider with uuid ce0829f8-c236-4d7f-ba2e-50dddb709e03 found for delete ", "request_id": "req-44e36dda-90fb-4f43-93e6-6ead375ccf98"}]}
2026-04-27 02:34:34.767 9 INFO neutron.wsgi [None req-b6b339be-290a-4968-a006-f3857fed1002 914dd4db0ab649508cf1033617215d38 4af2726539924833aacb935f2fbb1410 - - default default] 10.0.0.133 "DELETE /v2.0/networks/b55044d6-1844-4f04-9ad9-98c643f599d9 HTTP/1.1" status: 204 len: 168 time: 0.3296223
2026-04-27 02:34:35.209 10 INFO neutron.wsgi [None req-cb9f5258-2ac9-4663-ad7d-6a6d9aa311dd 914dd4db0ab649508cf1033617215d38 4af2726539924833aacb935f2fbb1410 - - default default] 10.0.0.133 "GET /v2.0/security-groups?tenant_id=af83aa5d94c6474d8e3d7ba36eaf74ea&name=default HTTP/1.1" status: 200 len: 2996 time: 0.1322114
2026-04-27 02:34:35.245 10 INFO neutron.db.ovn_revision_numbers_db [None req-d8e2082c-6880-4ce8-b26f-ba49a3d8b179 914dd4db0ab649508cf1033617215d38 4af2726539924833aacb935f2fbb1410 - - default default] Successfully bumped revision number for resource 757211ed-9583-4bc8-aa18-f60fd717bb5f (type: security_groups) to 1
2026-04-27 02:34:35.261 10 INFO neutron.db.ovn_revision_numbers_db [None req-d8e2082c-6880-4ce8-b26f-ba49a3d8b179 914dd4db0ab649508cf1033617215d38 4af2726539924833aacb935f2fbb1410 - - default default] Successfully bumped revision number for resource 286afe91-fe5b-41e5-974c-0868a116530c (type: security_group_rules) to 0
2026-04-27 02:34:35.282 10 INFO neutron.db.ovn_revision_numbers_db [None req-d8e2082c-6880-4ce8-b26f-ba49a3d8b179 914dd4db0ab649508cf1033617215d38 4af2726539924833aacb935f2fbb1410 - - default default] Successfully bumped revision number for resource 908a9b4a-bd84-49b4-962b-3fab914d2338 (type: security_group_rules) to 0
2026-04-27 02:34:35.296 10 INFO neutron.db.ovn_revision_numbers_db [None req-d8e2082c-6880-4ce8-b26f-ba49a3d8b179 914dd4db0ab649508cf1033617215d38 4af2726539924833aacb935f2fbb1410 - - default default] Successfully bumped revision number for resource d0e030d5-103a-4075-8610-17512e4d86cb (type: security_group_rules) to 0
2026-04-27 02:34:35.316 10 INFO neutron.db.ovn_revision_numbers_db [None req-d8e2082c-6880-4ce8-b26f-ba49a3d8b179 914dd4db0ab649508cf1033617215d38 4af2726539924833aacb935f2fbb1410 - - default default] Successfully bumped revision number for resource f0e15019-26e7-4810-8726-ba0f27bb303a (type: security_group_rules) to 0
2026-04-27 02:34:35.339 10 INFO neutron.wsgi [None req-d8e2082c-6880-4ce8-b26f-ba49a3d8b179 914dd4db0ab649508cf1033617215d38 4af2726539924833aacb935f2fbb1410 - - default default] 10.0.0.133 "GET /v2.0/security-groups?tenant_id=38fdf69641be413ea43485d63c6495bd&name=default HTTP/1.1" status: 200 len: 2996 time: 0.3797994
2026-04-27 02:34:35.504 9 INFO neutron.wsgi [None req-c02579df-d0de-4ec4-87c2-fa2e7b5678d9 914dd4db0ab649508cf1033617215d38 4af2726539924833aacb935f2fbb1410 - - default default] 10.0.0.133 "DELETE /v2.0/security-groups/d6e67cbe-a71e-4b9c-91b9-1b204eb7c09f HTTP/1.1" status: 204 len: 168 time: 0.2903788
2026-04-27 02:34:35.558 10 INFO neutron.wsgi [None req-91245892-df9d-4d17-8fdb-b9c5a9bf4cc6 914dd4db0ab649508cf1033617215d38 4af2726539924833aacb935f2fbb1410 - - default default] 10.0.0.133 "DELETE /v2.0/security-groups/757211ed-9583-4bc8-aa18-f60fd717bb5f HTTP/1.1" status: 204 len: 168 time: 0.2125442
2026-04-27 02:34:35.772 9 INFO neutron.wsgi [req-b885647c-be61-4c75-89e9-a582c2fa0793 req-65b1d7d5-43d8-4d5d-ba62-0df93eb03a86 8f4a0e6c347e4983846d856c47d85f0a 32b22917c452452a92db088bc3c4cad0 - - 3a79f97034744e4c8e2df7c686d86d1f 3a79f97034744e4c8e2df7c686d86d1f] 10.0.0.147 "GET /v2.0/ports?device_id=45b624a8-a815-4dfb-bfe4-0b0361e6f280 HTTP/1.1" status: 200 len: 1413 time: 0.0317090
2026-04-27 02:34:35.818 10 INFO neutron.db.ovn_revision_numbers_db [None req-b7fb8419-29fc-44dd-82fd-f8ab1f1cd6ed 914dd4db0ab649508cf1033617215d38 4af2726539924833aacb935f2fbb1410 - - default default] Successfully bumped revision number for resource 88e51187-2799-41b0-8b83-11150e7eaab2 (type: security_groups) to 1
2026-04-27 02:34:35.831 10 INFO neutron.db.ovn_revision_numbers_db [None req-b7fb8419-29fc-44dd-82fd-f8ab1f1cd6ed 914dd4db0ab649508cf1033617215d38 4af2726539924833aacb935f2fbb1410 - - default default] Successfully bumped revision number for resource 98ba4f38-a745-4ebe-ba65-32f9ddbf476b (type: security_group_rules) to 0
2026-04-27 02:34:35.845 9 INFO neutron.wsgi [req-b885647c-be61-4c75-89e9-a582c2fa0793 req-f0fc2e55-12ab-4c77-a1cd-fe6ea35bde3f 8f4a0e6c347e4983846d856c47d85f0a 32b22917c452452a92db088bc3c4cad0 - - 3a79f97034744e4c8e2df7c686d86d1f 3a79f97034744e4c8e2df7c686d86d1f] 10.0.0.147 "GET /v2.0/security-groups?id=865f3149-09c9-42ec-a4b0-ff621690d07d&fields=id&fields=name HTTP/1.1" status: 200 len: 312 time: 0.0650744
2026-04-27 02:34:35.847 10 INFO neutron.db.ovn_revision_numbers_db [None req-b7fb8419-29fc-44dd-82fd-f8ab1f1cd6ed 914dd4db0ab649508cf1033617215d38 4af2726539924833aacb935f2fbb1410 - - default default] Successfully bumped revision number for resource e06fbec5-c8b6-4c27-8a58-37526be53fa9 (type: security_group_rules) to 0
2026-04-27 02:34:35.848 9 INFO neutron.wsgi [None req-76703f5c-7afe-4aa8-b7f9-4c9ee3a31b3c 914dd4db0ab649508cf1033617215d38 4af2726539924833aacb935f2fbb1410 - - default default] 10.0.0.133 "PUT /v2.0/routers/9526a5aa-8336-4f8d-92b1-376ca4c321f9/remove_router_interface HTTP/1.1" status: 200 len: 503 time: 1.0754542
2026-04-27 02:34:35.885 10 INFO neutron.db.ovn_revision_numbers_db [None req-b7fb8419-29fc-44dd-82fd-f8ab1f1cd6ed 914dd4db0ab649508cf1033617215d38 4af2726539924833aacb935f2fbb1410 - - default default] Successfully bumped revision number for resource eb0e8cab-b17f-429c-a36d-6bbeab919413 (type: security_group_rules) to 0
2026-04-27 02:34:35.912 10 INFO neutron.db.ovn_revision_numbers_db [None req-b7fb8419-29fc-44dd-82fd-f8ab1f1cd6ed 914dd4db0ab649508cf1033617215d38 4af2726539924833aacb935f2fbb1410 - - default default] Successfully bumped revision number for resource fc675627-306d-4238-adb9-1e8c7b71af5c (type: security_group_rules) to 0
2026-04-27 02:34:35.942 10 INFO neutron.wsgi [None req-b7fb8419-29fc-44dd-82fd-f8ab1f1cd6ed 914dd4db0ab649508cf1033617215d38 4af2726539924833aacb935f2fbb1410 - - default default] 10.0.0.133 "GET /v2.0/security-groups?tenant_id=6a93c5b07137401d8ddd2a9a7dc4c8a0&name=default HTTP/1.1" status: 200 len: 2996 time: 0.2483499 /var/lib/openstack/lib/python3.10/site-packages/pycadf/identifier.py:71: UserWarning: Invalid uuid: neutron. To ensure interoperability, identifiers should be a valid uuid. warnings.warn(('Invalid uuid: %s. To ensure interoperability, '
