2026-04-27 02:33:50.896 10 INFO neutron.services.segments.plugin [-] Segment 78985aa5-7a10-4b11-b876-d09b0760dedc resource provider aggregate not found
2026-04-27 02:33:50.904 10 INFO neutron.services.segments.plugin [-] Segment 78985aa5-7a10-4b11-b876-d09b0760dedc resource provider not found; error: Placement Client Error (4xx): {"errors": [{"status": 404, "title": "Not Found", "detail": "The resource could not be found.\n\n No resource provider with uuid 78985aa5-7a10-4b11-b876-d09b0760dedc found for delete ", "request_id": "req-4f7f62a2-d265-40ee-b807-3291cc8690f6"}]}
2026-04-27 02:33:50.931 10 INFO neutron.services.segments.plugin [-] Segment 78985aa5-7a10-4b11-b876-d09b0760dedc resource provider not found; error: Placement Client Error (4xx): {"errors": [{"status": 404, "title": "Not Found", "detail": "The resource could not be found.\n\n No resource provider with uuid 78985aa5-7a10-4b11-b876-d09b0760dedc found for delete ", "request_id": "req-13d8c6c8-564f-44e5-b94a-acdec78daf11"}]}
2026-04-27 02:33:50.944 10 INFO neutron.db.ovn_revision_numbers_db [None req-389a5a3a-5ddf-4481-bb30-12751f02a393 6f9fe59241e74b94b2c3fb024319d01d 0a3af448053343aea0d623bb5a7a686f - - default default] Successfully bumped revision number for resource 8a762500-f97b-4986-8a90-f1e94f1fd464 (type: subnets) to 1
2026-04-27 02:33:50.947 10 INFO neutron.wsgi [None req-389a5a3a-5ddf-4481-bb30-12751f02a393 6f9fe59241e74b94b2c3fb024319d01d 0a3af448053343aea0d623bb5a7a686f - - default default] 10.0.0.133 "PUT /v2.0/subnets/8a762500-f97b-4986-8a90-f1e94f1fd464 HTTP/1.1" status: 200 len: 806 time: 0.5333061
2026-04-27 02:33:50.993 10 INFO neutron.wsgi [None req-ecac6601-5dd8-4bc2-9592-3dd36813eb1d 7025fede791744e6aa215617cf754f10 75b05b9c36f34a01beeeb679c89b9ab3 - - default default] 10.0.0.133 "DELETE /v2.0/networks/b55510d8-0be7-4349-9865-ef895bf868a6 HTTP/1.1" status: 204 len: 168 time: 0.6967943
2026-04-27 02:33:51.445 9 INFO neutron.plugins.ml2.drivers.ovn.mech_driver.mech_driver [None req-af2f02a5-7065-4c20-86e0-f187760070a0 - - - - - -] OVN reports status up for port: 2c173acf-7727-4854-af63-6ef93ca8fd09
2026-04-27 02:33:51.454 10 INFO neutron.db.ovn_revision_numbers_db [None req-16c9679b-15c8-4df1-a841-d2ec4ae71ffc - - - - - -] Successfully bumped revision number for resource a9bd1fc7-abd6-40bf-8074-90426e247a4e (type: router_ports) to 3
2026-04-27 02:33:51.455 9 INFO neutron.wsgi [-] 10.0.0.106 "GET / HTTP/1.1" status: 200 len: 247 time: 0.0013893
2026-04-27 02:33:51.457 9 INFO neutron.wsgi [-] 10.0.0.106 "GET / HTTP/1.1" status: 200 len: 247 time: 0.0011027
2026-04-27 02:33:51.463 9 INFO neutron.plugins.ml2.plugin [None req-af2f02a5-7065-4c20-86e0-f187760070a0 - - - - - -] Attempt 1 to provision port 2c173acf-7727-4854-af63-6ef93ca8fd09
2026-04-27 02:33:51.472 10 INFO neutron.notifiers.nova [-] Nova event matching ['req-651925b2-ec36-4e46-ad61-0736feb6707e'] response: {'name': 'network-changed', 'server_uuid': '5f26309f-21ca-43c2-b076-2966bc7aae87', 'tag': '99755bcc-16a3-4468-8af0-40b795aed9c2', 'status': 'completed', 'code': 200}
2026-04-27 02:33:51.509 9 INFO neutron.db.ovn_revision_numbers_db [None req-fcaa2fba-4287-4587-8c57-ff983c1787a2 914dd4db0ab649508cf1033617215d38 4af2726539924833aacb935f2fbb1410 - - default default] Successfully bumped revision number for resource 2c173acf-7727-4854-af63-6ef93ca8fd09 (type: router_ports) to 1
2026-04-27 02:33:51.552 10 INFO neutron.wsgi [req-14f3499c-c5c8-4f96-b2eb-dfa4b7d08e6f req-f04911d4-22c4-427d-9970-753950c3127d 8f4a0e6c347e4983846d856c47d85f0a 32b22917c452452a92db088bc3c4cad0 - - 3a79f97034744e4c8e2df7c686d86d1f 3a79f97034744e4c8e2df7c686d86d1f] 199.204.45.222 "GET /v2.0/ports?tenant_id=a3385b78d20f409d848520dc7a2e342f&device_id=5f26309f-21ca-43c2-b076-2966bc7aae87 HTTP/1.1" status: 200 len: 1409 time: 0.0492482
2026-04-27 02:33:51.671 10 INFO neutron.wsgi [req-14f3499c-c5c8-4f96-b2eb-dfa4b7d08e6f req-ba2f0056-0018-4e08-a87d-6de46e94e422 8f4a0e6c347e4983846d856c47d85f0a 32b22917c452452a92db088bc3c4cad0 - - 3a79f97034744e4c8e2df7c686d86d1f 3a79f97034744e4c8e2df7c686d86d1f] 199.204.45.222 "GET /v2.0/networks?id=6879d74d-9596-4bb3-9040-c3d9ca37690d HTTP/1.1" status: 200 len: 973 time: 0.1085362
2026-04-27 02:33:51.708 9 INFO neutron.services.segments.plugin [-] Segment 08399992-8206-4c02-a7fe-469a8ee68956 resource provider aggregate not found
2026-04-27 02:33:51.714 9 INFO neutron.services.segments.plugin [-] Segment 08399992-8206-4c02-a7fe-469a8ee68956 resource provider aggregate not found
2026-04-27 02:33:51.729 10 INFO neutron.db.ovn_revision_numbers_db [None req-16c9679b-15c8-4df1-a841-d2ec4ae71ffc - - - - - -] Successfully bumped revision number for resource a9bd1fc7-abd6-40bf-8074-90426e247a4e (type: ports) to 2
2026-04-27 02:33:51.732 10 INFO neutron.wsgi [req-14f3499c-c5c8-4f96-b2eb-dfa4b7d08e6f req-2248f200-db71-4925-a4a1-dba7b60c6140 8f4a0e6c347e4983846d856c47d85f0a 32b22917c452452a92db088bc3c4cad0 - - 3a79f97034744e4c8e2df7c686d86d1f 3a79f97034744e4c8e2df7c686d86d1f] 199.204.45.222 "GET /v2.0/floatingips?fixed_ip_address=10.100.0.9&port_id=99755bcc-16a3-4468-8af0-40b795aed9c2 HTTP/1.1" status: 200 len: 1059 time: 0.0481246
2026-04-27 02:33:51.738 9 INFO neutron.services.segments.plugin [-] Segment 08399992-8206-4c02-a7fe-469a8ee68956 resource provider not found; error: Placement Client Error (4xx): {"errors": [{"status": 404, "title": "Not Found", "detail": "The resource could not be found.\n\n No resource provider with uuid 08399992-8206-4c02-a7fe-469a8ee68956 found for delete ", "request_id": "req-393eca9c-2ef3-4294-a64d-e8582c3cc393"}]}
2026-04-27 02:33:51.739 9 INFO neutron.services.segments.plugin [-] Segment 08399992-8206-4c02-a7fe-469a8ee68956 resource provider not found; error: Placement Client Error (4xx): {"errors": [{"status": 404, "title": "Not Found", "detail": "The resource could not be found.\n\n No resource provider with uuid 08399992-8206-4c02-a7fe-469a8ee68956 found for delete ", "request_id": "req-78861a9a-db63-4610-b62d-a97fc664861c"}]}
2026-04-27 02:33:51.778 9 INFO neutron.db.ovn_revision_numbers_db [None req-fcaa2fba-4287-4587-8c57-ff983c1787a2 914dd4db0ab649508cf1033617215d38 4af2726539924833aacb935f2fbb1410 - - default default] Successfully bumped revision number for resource 2c173acf-7727-4854-af63-6ef93ca8fd09 (type: ports) to 1
2026-04-27 02:33:51.779 10 INFO neutron.wsgi [req-14f3499c-c5c8-4f96-b2eb-dfa4b7d08e6f req-dd123f46-88cd-4a29-89c3-4498b7bc5288 8f4a0e6c347e4983846d856c47d85f0a 32b22917c452452a92db088bc3c4cad0 - - 3a79f97034744e4c8e2df7c686d86d1f 3a79f97034744e4c8e2df7c686d86d1f] 199.204.45.222 "GET /v2.0/subnets?id=e376ba8a-85ea-4022-807a-c3fc473ed98c HTTP/1.1" status: 200 len: 869 time: 0.0406432
2026-04-27 02:33:51.785 9 INFO neutron.wsgi [None req-e2824dc8-4c27-4bc6-bd0e-a77b5b12b936 7025fede791744e6aa215617cf754f10 75b05b9c36f34a01beeeb679c89b9ab3 - - default default] 10.0.0.133 "DELETE /v2.0/networks/c84969ef-eebd-45b7-9ccb-b8f4d9f301a2 HTTP/1.1" status: 204 len: 168 time: 0.7834795
2026-04-27 02:33:51.826 10 INFO neutron.wsgi [req-14f3499c-c5c8-4f96-b2eb-dfa4b7d08e6f req-ea606a75-ca50-48b5-bb7a-125632b76598 8f4a0e6c347e4983846d856c47d85f0a 32b22917c452452a92db088bc3c4cad0 - - 3a79f97034744e4c8e2df7c686d86d1f 3a79f97034744e4c8e2df7c686d86d1f] 199.204.45.222 "GET /v2.0/ports?network_id=6879d74d-9596-4bb3-9040-c3d9ca37690d&device_owner=network%3Adhcp HTTP/1.1" status: 200 len: 210 time: 0.0365593
2026-04-27 02:33:51.874 9 INFO neutron.db.ovn_revision_numbers_db [None req-af2f02a5-7065-4c20-86e0-f187760070a0 - - - - - -] Successfully bumped revision number for resource 2c173acf-7727-4854-af63-6ef93ca8fd09 (type: ports) to 2
2026-04-27 02:33:51.877 9 WARNING neutron.scheduler.dhcp_agent_scheduler [None req-fcaa2fba-4287-4587-8c57-ff983c1787a2 914dd4db0ab649508cf1033617215d38 4af2726539924833aacb935f2fbb1410 - - default default] No more DHCP agents
2026-04-27 02:33:51.878 9 WARNING neutron.api.rpc.agentnotifiers.dhcp_rpc_agent_api [None req-fcaa2fba-4287-4587-8c57-ff983c1787a2 914dd4db0ab649508cf1033617215d38 4af2726539924833aacb935f2fbb1410 - - default default] Unable to schedule network b55044d6-1844-4f04-9ad9-98c643f599d9: no agents available; will retry on subsequent port and subnet creation events.
2026-04-27 02:33:51.954 10 INFO neutron.wsgi [req-14f3499c-c5c8-4f96-b2eb-dfa4b7d08e6f req-950eda53-34a1-43f1-b71e-30365def0bca 8f4a0e6c347e4983846d856c47d85f0a 32b22917c452452a92db088bc3c4cad0 - - 3a79f97034744e4c8e2df7c686d86d1f 3a79f97034744e4c8e2df7c686d86d1f] 199.204.45.222 "GET /v2.0/networks/6879d74d-9596-4bb3-9040-c3d9ca37690d?fields=segments HTTP/1.1" status: 200 len: 212 time: 0.1198430
2026-04-27 02:33:51.957 10 INFO neutron.wsgi [None req-c1a1ddb1-40d5-4f94-85af-2d3832876531 7025fede791744e6aa215617cf754f10 75b05b9c36f34a01beeeb679c89b9ab3 - - default default] 10.0.0.133 "GET /v2.0/networks HTTP/1.1" status: 200 len: 845 time: 0.1663420
2026-04-27 02:33:52.040 9 INFO neutron.db.ovn_revision_numbers_db [None req-af2f02a5-7065-4c20-86e0-f187760070a0 - - - - - -] Successfully bumped revision number for resource 2c173acf-7727-4854-af63-6ef93ca8fd09 (type: router_ports) to 2
2026-04-27 02:33:52.067 10 INFO neutron.wsgi [req-14f3499c-c5c8-4f96-b2eb-dfa4b7d08e6f req-95b11b07-7452-4af0-b469-95aff57fe280 8f4a0e6c347e4983846d856c47d85f0a 32b22917c452452a92db088bc3c4cad0 - - 3a79f97034744e4c8e2df7c686d86d1f 3a79f97034744e4c8e2df7c686d86d1f] 199.204.45.222 "GET /v2.0/networks/6879d74d-9596-4bb3-9040-c3d9ca37690d?fields=provider%3Aphysical_network&fields=provider%3Anetwork_type HTTP/1.1" status: 200 len: 277 time: 0.1054621
2026-04-27 02:33:52.083 9 INFO neutron.db.segments_db [None req-bb4d73ee-a569-43fa-b689-0c0bc4d80c95 7025fede791744e6aa215617cf754f10 75b05b9c36f34a01beeeb679c89b9ab3 - - default default] Added segment 9ce5eab0-93f6-4727-a8e6-00d36f80fa98 of type geneve for network e9a4f0ea-24b9-4302-9e3e-b72204ad5ff4
2026-04-27 02:33:52.151 10 INFO neutron.wsgi [None req-044c41d9-06dc-4d09-945f-25fc081cf663 6f9fe59241e74b94b2c3fb024319d01d 0a3af448053343aea0d623bb5a7a686f - - default default] 10.0.0.133 "DELETE /v2.0/networks/f8a14f01-0ab0-4004-aeb5-dfa1f45341c6 HTTP/1.1" status: 204 len: 168 time: 1.1937034
2026-04-27 02:33:52.178 10 INFO neutron.db.ovn_revision_numbers_db [None req-16c9679b-15c8-4df1-a841-d2ec4ae71ffc - - - - - -] Successfully bumped revision number for resource a9bd1fc7-abd6-40bf-8074-90426e247a4e (type: ports) to 4
2026-04-27 02:33:52.181 9 INFO neutron.pecan_wsgi.hooks.translation [None req-d5da8040-3cc2-48a2-af80-a224109edd7e 6f9fe59241e74b94b2c3fb024319d01d 0a3af448053343aea0d623bb5a7a686f - - default default] DELETE failed (client error): The resource could not be found.
2026-04-27 02:33:52.183 9 INFO neutron.wsgi [None req-d5da8040-3cc2-48a2-af80-a224109edd7e 6f9fe59241e74b94b2c3fb024319d01d 0a3af448053343aea0d623bb5a7a686f - - default default] 10.0.0.133 "DELETE /v2.0/networks/f8a14f01-0ab0-4004-aeb5-dfa1f45341c6 HTTP/1.1" status: 404 len: 339 time: 0.0255029
2026-04-27 02:33:52.293 9 INFO neutron.wsgi [None req-d8f6a2dd-263a-4175-b214-611620a413cb 6f9fe59241e74b94b2c3fb024319d01d 0a3af448053343aea0d623bb5a7a686f - - default default] 10.0.0.133 "GET /v2.0/networks?router%3Aexternal=True HTTP/1.1" status: 200 len: 845 time: 0.1025991
2026-04-27 02:33:52.318 9 INFO neutron.db.ovn_revision_numbers_db [None req-bb4d73ee-a569-43fa-b689-0c0bc4d80c95 7025fede791744e6aa215617cf754f10 75b05b9c36f34a01beeeb679c89b9ab3 - - default default] Successfully bumped revision number for resource e9a4f0ea-24b9-4302-9e3e-b72204ad5ff4 (type: networks) to 1
2026-04-27 02:33:52.339 10 INFO neutron.wsgi [None req-b800c2d3-b92c-4bae-ad69-532dc96ea220 6f9fe59241e74b94b2c3fb024319d01d 0a3af448053343aea0d623bb5a7a686f - - default default] 10.0.0.133 "GET /v2.0/subnets?network_id=41c2b178-ba8f-472c-bcd1-18379c61da8c HTTP/1.1" status: 200 len: 820 time: 0.0385897
2026-04-27 02:33:52.348 10 INFO neutron.wsgi [None req-84ef8fad-266b-4297-a80e-338917e89688 6f9fe59241e74b94b2c3fb024319d01d 0a3af448053343aea0d623bb5a7a686f - - default default] 10.0.0.133 "GET /v2.0/extensions HTTP/1.1" status: 200 len: 16520 time: 0.0050075
2026-04-27 02:33:52.455 10 INFO neutron.db.ovn_revision_numbers_db [None req-16c9679b-15c8-4df1-a841-d2ec4ae71ffc - - - - - -] Successfully bumped revision number for resource a9bd1fc7-abd6-40bf-8074-90426e247a4e (type: router_ports) to 4
2026-04-27 02:33:52.486 9 INFO neutron.wsgi [None req-0309a590-08dc-45e6-bc96-795a95ff1bfd 6f9fe59241e74b94b2c3fb024319d01d 0a3af448053343aea0d623bb5a7a686f - - default default] 10.0.0.133 "GET /v2.0/networks HTTP/1.1" status: 200 len: 1504 time: 0.1300695
2026-04-27 02:33:52.531 10 INFO neutron.wsgi [None req-4c427956-9531-424a-9000-c6475f7dd478 6f9fe59241e74b94b2c3fb024319d01d 0a3af448053343aea0d623bb5a7a686f - - default default] 10.0.0.133 "GET /v2.0/subnets HTTP/1.1" status: 200 len: 1428 time: 0.0367353
2026-04-27 02:33:52.584 9 WARNING neutron.scheduler.dhcp_agent_scheduler [None req-bb4d73ee-a569-43fa-b689-0c0bc4d80c95 7025fede791744e6aa215617cf754f10 75b05b9c36f34a01beeeb679c89b9ab3 - - default default] No more DHCP agents
2026-04-27 02:33:52.586 9 WARNING neutron.api.rpc.agentnotifiers.dhcp_rpc_agent_api [None req-bb4d73ee-a569-43fa-b689-0c0bc4d80c95 7025fede791744e6aa215617cf754f10 75b05b9c36f34a01beeeb679c89b9ab3 - - default default] Unable to schedule network e9a4f0ea-24b9-4302-9e3e-b72204ad5ff4: no agents available; will retry on subsequent port and subnet creation events.
2026-04-27 02:33:52.611 10 INFO neutron.wsgi [None req-21ac115f-05e7-41fc-bfdf-515847ca1019 6f9fe59241e74b94b2c3fb024319d01d 0a3af448053343aea0d623bb5a7a686f - - default default] 10.0.0.133 "GET /v2.0/networks/e3701c7b-d4e0-4a77-95eb-9a86fa2df53c HTTP/1.1" status: 200 len: 863 time: 0.0735893
2026-04-27 02:33:52.655 10 INFO neutron.wsgi [None req-6031185c-3a6d-408e-a661-fc1916903192 6f9fe59241e74b94b2c3fb024319d01d 0a3af448053343aea0d623bb5a7a686f - - default default] 10.0.0.133 "GET /v2.0/subnets/c31a59b6-7357-4a00-b470-b73f906e1f58 HTTP/1.1" status: 200 len: 811 time: 0.0361104
2026-04-27 02:33:52.679 9 INFO neutron.db.ovn_revision_numbers_db [None req-bb4d73ee-a569-43fa-b689-0c0bc4d80c95 7025fede791744e6aa215617cf754f10 75b05b9c36f34a01beeeb679c89b9ab3 - - default default] Successfully bumped revision number for resource aaf3794d-ea09-4178-b90b-904578d7ae22 (type: ports) to 1
2026-04-27 02:33:52.682 10 INFO neutron.pecan_wsgi.hooks.translation [None req-a16c6bb4-e757-4d8c-811b-79c1ef0a25b7 6f9fe59241e74b94b2c3fb024319d01d 0a3af448053343aea0d623bb5a7a686f - - default default] DELETE failed (client error): The resource could not be found.
2026-04-27 02:33:52.684 10 INFO neutron.wsgi [None req-a16c6bb4-e757-4d8c-811b-79c1ef0a25b7 6f9fe59241e74b94b2c3fb024319d01d 0a3af448053343aea0d623bb5a7a686f - - default default] 10.0.0.133 "DELETE /v2.0/subnets/8a762500-f97b-4986-8a90-f1e94f1fd464 HTTP/1.1" status: 404 len: 337 time: 0.0213966
2026-04-27 02:33:52.702 10 INFO neutron.pecan_wsgi.hooks.translation [None req-5d86f3ca-30ad-4caa-9544-d60a0845eb71 6f9fe59241e74b94b2c3fb024319d01d 0a3af448053343aea0d623bb5a7a686f - - default default] DELETE failed (client error): The resource could not be found.
2026-04-27 02:33:52.704 10 INFO neutron.wsgi [None req-5d86f3ca-30ad-4caa-9544-d60a0845eb71 6f9fe59241e74b94b2c3fb024319d01d 0a3af448053343aea0d623bb5a7a686f - - default default] 10.0.0.133 "DELETE /v2.0/networks/f8a14f01-0ab0-4004-aeb5-dfa1f45341c6 HTTP/1.1" status: 404 len: 339 time: 0.0141432
2026-04-27 02:33:52.707 9 INFO neutron.wsgi [None req-bb4d73ee-a569-43fa-b689-0c0bc4d80c95 7025fede791744e6aa215617cf754f10 75b05b9c36f34a01beeeb679c89b9ab3 - - default default] 10.0.0.133 "POST /v2.0/networks HTTP/1.1" status: 201 len: 848 time: 0.7414052
2026-04-27 02:33:52.708 9 INFO neutron.db.ovn_revision_numbers_db [None req-fcaa2fba-4287-4587-8c57-ff983c1787a2 914dd4db0ab649508cf1033617215d38 4af2726539924833aacb935f2fbb1410 - - default default] Successfully bumped revision number for resource 2c173acf-7727-4854-af63-6ef93ca8fd09 (type: router_ports) to 2
2026-04-27 02:33:52.710 9 INFO neutron.wsgi [None req-fcaa2fba-4287-4587-8c57-ff983c1787a2 914dd4db0ab649508cf1033617215d38 4af2726539924833aacb935f2fbb1410 - - default default] 10.0.0.133 "PUT /v2.0/routers/c0ce0557-5b8d-493e-aed2-00b67af08456/add_router_interface HTTP/1.1" status: 200 len: 503 time: 2.6257539
2026-04-27 02:33:52.789 9 INFO neutron.db.segments_db [None req-d871bb5d-48db-47e4-bd8a-a44877743b5c 7025fede791744e6aa215617cf754f10 75b05b9c36f34a01beeeb679c89b9ab3 - - default default] Added segment 0918df0f-2de0-4c01-9be6-8ff77c5a2c4a of type geneve for network ed7e58f5-8672-409a-9ed4-f206623b0047
2026-04-27 02:33:52.918 9 INFO neutron.db.ovn_revision_numbers_db [None req-d871bb5d-48db-47e4-bd8a-a44877743b5c 7025fede791744e6aa215617cf754f10 75b05b9c36f34a01beeeb679c89b9ab3 - - default default] Successfully bumped revision number for resource ed7e58f5-8672-409a-9ed4-f206623b0047 (type: networks) to 1
2026-04-27 02:33:52.918 10 INFO neutron.wsgi [None req-0202f12f-1431-4c31-b20d-83e8681daf53 6f9fe59241e74b94b2c3fb024319d01d 0a3af448053343aea0d623bb5a7a686f - - default default] 10.0.0.133 "DELETE /v2.0/subnets/c31a59b6-7357-4a00-b470-b73f906e1f58 HTTP/1.1" status: 204 len: 168 time: 0.2042434
2026-04-27 02:33:52.930 10 INFO neutron.services.segments.plugin [-] Segment 0b4a7a46-976f-4a51-9992-d0def24721e7 resource provider aggregate not found
2026-04-27 02:33:52.950 10 INFO neutron.services.segments.plugin [-] Segment 0b4a7a46-976f-4a51-9992-d0def24721e7 resource provider aggregate not found
2026-04-27 02:33:52.957 10 INFO neutron.services.segments.plugin [-] Segment 0b4a7a46-976f-4a51-9992-d0def24721e7 resource provider not found; error: Placement Client Error (4xx): {"errors": [{"status": 404, "title": "Not Found", "detail": "The resource could not be found.\n\n No resource provider with uuid 0b4a7a46-976f-4a51-9992-d0def24721e7 found for delete ", "request_id": "req-6e11a43b-4266-4d40-bf1e-5bfbeea18cac"}]}
2026-04-27 02:33:52.964 10 INFO neutron.services.segments.plugin [-] Segment 0b4a7a46-976f-4a51-9992-d0def24721e7 resource provider not found; error: Placement Client Error (4xx): {"errors": [{"status": 404, "title": "Not Found", "detail": "The resource could not be found.\n\n No resource provider with uuid 0b4a7a46-976f-4a51-9992-d0def24721e7 found for delete ", "request_id": "req-4e6c8db1-f070-4e90-8bc2-23f5e1b9b404"}]}
2026-04-27 02:33:53.141 9 WARNING neutron.scheduler.dhcp_agent_scheduler [None req-d871bb5d-48db-47e4-bd8a-a44877743b5c 7025fede791744e6aa215617cf754f10 75b05b9c36f34a01beeeb679c89b9ab3 - - default default] No more DHCP agents
2026-04-27 02:33:53.145 9 WARNING neutron.api.rpc.agentnotifiers.dhcp_rpc_agent_api [None req-d871bb5d-48db-47e4-bd8a-a44877743b5c 7025fede791744e6aa215617cf754f10 75b05b9c36f34a01beeeb679c89b9ab3 - - default default] Unable to schedule network ed7e58f5-8672-409a-9ed4-f206623b0047: no agents available; will retry on subsequent port and subnet creation events.
2026-04-27 02:33:53.234 9 INFO neutron.db.ovn_revision_numbers_db [None req-d871bb5d-48db-47e4-bd8a-a44877743b5c 7025fede791744e6aa215617cf754f10 75b05b9c36f34a01beeeb679c89b9ab3 - - default default] Successfully bumped revision number for resource 3562c5e4-33b1-4c00-b053-e8a53b686038 (type: ports) to 1
2026-04-27 02:33:53.271 9 INFO neutron.wsgi [None req-d871bb5d-48db-47e4-bd8a-a44877743b5c 7025fede791744e6aa215617cf754f10 75b05b9c36f34a01beeeb679c89b9ab3 - - default default] 10.0.0.133 "POST /v2.0/networks HTTP/1.1" status: 201 len: 849 time: 0.5585372
2026-04-27 02:33:53.346 9 INFO neutron.wsgi [None req-b680fac3-a865-4d66-9820-0ed4fbd3d732 6f9fe59241e74b94b2c3fb024319d01d 0a3af448053343aea0d623bb5a7a686f - - default default] 10.0.0.133 "DELETE /v2.0/networks/e3701c7b-d4e0-4a77-95eb-9a86fa2df53c HTTP/1.1" status: 204 len: 168 time: 0.4198055
2026-04-27 02:33:53.713 10 WARNING neutron.scheduler.dhcp_agent_scheduler [None req-654b9c59-8d18-4df7-9eb9-a0d619b23e54 7025fede791744e6aa215617cf754f10 75b05b9c36f34a01beeeb679c89b9ab3 - - default default] No more DHCP agents
2026-04-27 02:33:53.715 10 WARNING neutron.api.rpc.agentnotifiers.dhcp_rpc_agent_api [None req-654b9c59-8d18-4df7-9eb9-a0d619b23e54 7025fede791744e6aa215617cf754f10 75b05b9c36f34a01beeeb679c89b9ab3 - - default default] Unable to schedule network e9a4f0ea-24b9-4302-9e3e-b72204ad5ff4: no agents available; will retry on subsequent port and subnet creation events.
2026-04-27 02:33:53.764 9 INFO neutron.services.segments.plugin [-] Segment fcfa4758-d568-4458-854f-b4eb2dd54033 resource provider aggregate not found
2026-04-27 02:33:53.771 9 INFO neutron.services.segments.plugin [-] Segment fcfa4758-d568-4458-854f-b4eb2dd54033 resource provider aggregate not found
2026-04-27 02:33:53.781 9 INFO neutron.services.segments.plugin [-] Segment fcfa4758-d568-4458-854f-b4eb2dd54033 resource provider not found; error: Placement Client Error (4xx): {"errors": [{"status": 404, "title": "Not Found", "detail": "The resource could not be found.\n\n No resource provider with uuid fcfa4758-d568-4458-854f-b4eb2dd54033 found for delete ", "request_id": "req-74cf0705-f09d-4e98-9b76-7c5234e942f9"}]} /var/lib/openstack/lib/python3.10/site-packages/pycadf/identifier.py:71: UserWarning: Invalid uuid: neutron. To ensure interoperability, identifiers should be a valid uuid. warnings.warn(('Invalid uuid: %s. To ensure interoperability, '
2026-04-27 02:33:53.790 9 INFO neutron.services.segments.plugin [-] Segment fcfa4758-d568-4458-854f-b4eb2dd54033 resource provider not found; error: Placement Client Error (4xx): {"errors": [{"status": 404, "title": "Not Found", "detail": "The resource could not be found.\n\n No resource provider with uuid fcfa4758-d568-4458-854f-b4eb2dd54033 found for delete ", "request_id": "req-3c7ff80a-c89a-4ab4-9871-30e7452c5a98"}]}
2026-04-27 02:33:53.801 10 INFO neutron.db.ovn_revision_numbers_db [None req-654b9c59-8d18-4df7-9eb9-a0d619b23e54 7025fede791744e6aa215617cf754f10 75b05b9c36f34a01beeeb679c89b9ab3 - - default default] Successfully bumped revision number for resource 0194be5c-4e35-4ce4-8aee-23891740c6f0 (type: ports) to 1
2026-04-27 02:33:53.836 10 WARNING neutron.scheduler.dhcp_agent_scheduler [None req-654b9c59-8d18-4df7-9eb9-a0d619b23e54 7025fede791744e6aa215617cf754f10 75b05b9c36f34a01beeeb679c89b9ab3 - - default default] No more DHCP agents
2026-04-27 02:33:53.839 10 WARNING neutron.api.rpc.agentnotifiers.dhcp_rpc_agent_api [None req-654b9c59-8d18-4df7-9eb9-a0d619b23e54 7025fede791744e6aa215617cf754f10 75b05b9c36f34a01beeeb679c89b9ab3 - - default default] Unable to schedule network ed7e58f5-8672-409a-9ed4-f206623b0047: no agents available; will retry on subsequent port and subnet creation events.
2026-04-27 02:33:53.929 10 INFO neutron.db.ovn_revision_numbers_db [None req-654b9c59-8d18-4df7-9eb9-a0d619b23e54 7025fede791744e6aa215617cf754f10 75b05b9c36f34a01beeeb679c89b9ab3 - - default default] Successfully bumped revision number for resource 384e86b0-23d5-4b8b-be75-7cd130c73a28 (type: ports) to 1
2026-04-27 02:33:53.950 10 INFO neutron.db.ovn_revision_numbers_db [None req-4b14ab11-13c4-4a2f-8e87-f624b6d4df38 914dd4db0ab649508cf1033617215d38 4af2726539924833aacb935f2fbb1410 - - default default] Successfully bumped revision number for resource b5629bbb-9307-4ffb-8b0a-66abfb74ec4b (type: security_groups) to 1
2026-04-27 02:33:53.960 10 INFO neutron.wsgi [None req-654b9c59-8d18-4df7-9eb9-a0d619b23e54 7025fede791744e6aa215617cf754f10 75b05b9c36f34a01beeeb679c89b9ab3 - - default default] 10.0.0.133 "POST /v2.0/ports HTTP/1.1" status: 201 len: 1705 time: 0.6833303 /var/lib/openstack/lib/python3.10/site-packages/pycadf/identifier.py:71: UserWarning: Invalid uuid: neutron. To ensure interoperability, identifiers should be a valid uuid. warnings.warn(('Invalid uuid: %s. To ensure interoperability, '
2026-04-27 02:33:53.980 10 INFO neutron.db.ovn_revision_numbers_db [None req-4b14ab11-13c4-4a2f-8e87-f624b6d4df38 914dd4db0ab649508cf1033617215d38 4af2726539924833aacb935f2fbb1410 - - default default] Successfully bumped revision number for resource 5ecbdf19-0078-4885-b4ee-2cd91b81e7ca (type: security_group_rules) to 0
2026-04-27 02:33:54.001 10 INFO neutron.db.ovn_revision_numbers_db [None req-4b14ab11-13c4-4a2f-8e87-f624b6d4df38 914dd4db0ab649508cf1033617215d38 4af2726539924833aacb935f2fbb1410 - - default default] Successfully bumped revision number for resource 7ed7dff2-111c-4a05-b8e7-79adfb533a73 (type: security_group_rules) to 0
2026-04-27 02:33:54.002 9 INFO neutron.wsgi [None req-e21b328e-8d05-4d79-9473-64adcff3402d 914dd4db0ab649508cf1033617215d38 4af2726539924833aacb935f2fbb1410 - - default default] 10.0.0.133 "GET /v2.0/security-groups?tenant_id=0a3af448053343aea0d623bb5a7a686f&name=default HTTP/1.1" status: 200 len: 2996 time: 0.2498319
2026-04-27 02:33:54.028 10 INFO neutron.db.ovn_revision_numbers_db [None req-4b14ab11-13c4-4a2f-8e87-f624b6d4df38 914dd4db0ab649508cf1033617215d38 4af2726539924833aacb935f2fbb1410 - - default default] Successfully bumped revision number for resource c3d0fb23-3e88-44a2-a195-165195d9f46c (type: security_group_rules) to 0
2026-04-27 02:33:54.046 10 INFO neutron.db.ovn_revision_numbers_db [None req-4b14ab11-13c4-4a2f-8e87-f624b6d4df38 914dd4db0ab649508cf1033617215d38 4af2726539924833aacb935f2fbb1410 - - default default] Successfully bumped revision number for resource f23e1d01-5e02-497a-b73d-70f5e279b297 (type: security_group_rules) to 0
2026-04-27 02:33:54.086 10 INFO neutron.wsgi [None req-be762e9b-0f5d-42a3-a9ff-961ca641af16 7025fede791744e6aa215617cf754f10 75b05b9c36f34a01beeeb679c89b9ab3 - - default default] 10.0.0.133 "GET /v2.0/ports HTTP/1.1" status: 200 len: 3212 time: 0.1224325
2026-04-27 02:33:54.112 10 INFO neutron.db.segments_db [None req-4b14ab11-13c4-4a2f-8e87-f624b6d4df38 914dd4db0ab649508cf1033617215d38 4af2726539924833aacb935f2fbb1410 - - default default] Added segment cbf8d6ff-c0de-409c-9028-c62d61b97310 of type geneve for network 759b48c7-5b34-4174-80d8-3203bf171c11
2026-04-27 02:33:54.214 9 INFO neutron.wsgi [None req-20eff304-0218-4f38-a7d7-477116e7af03 914dd4db0ab649508cf1033617215d38 4af2726539924833aacb935f2fbb1410 - - default default] 10.0.0.133 "DELETE /v2.0/security-groups/a4f8b781-23f7-4437-8839-81ae5feac894 HTTP/1.1" status: 204 len: 168 time: 0.2065055
2026-04-27 02:33:54.274 10 INFO neutron.db.ovn_revision_numbers_db [None req-4b14ab11-13c4-4a2f-8e87-f624b6d4df38 914dd4db0ab649508cf1033617215d38 4af2726539924833aacb935f2fbb1410 - - default default] Successfully bumped revision number for resource 759b48c7-5b34-4174-80d8-3203bf171c11 (type: networks) to 1
2026-04-27 02:33:54.370 10 INFO neutron.wsgi [None req-b65a3ad9-d96e-4432-a2d5-ec18d1eab01c 7025fede791744e6aa215617cf754f10 75b05b9c36f34a01beeeb679c89b9ab3 - - default default] 10.0.0.133 "DELETE /v2.0/ports/0194be5c-4e35-4ce4-8aee-23891740c6f0 HTTP/1.1" status: 204 len: 168 time: 0.2791817
2026-04-27 02:33:54.426 10 WARNING neutron.scheduler.dhcp_agent_scheduler [None req-4b14ab11-13c4-4a2f-8e87-f624b6d4df38 914dd4db0ab649508cf1033617215d38 4af2726539924833aacb935f2fbb1410 - - default default] No more DHCP agents
2026-04-27 02:33:54.429 10 WARNING neutron.api.rpc.agentnotifiers.dhcp_rpc_agent_api [None req-4b14ab11-13c4-4a2f-8e87-f624b6d4df38 914dd4db0ab649508cf1033617215d38 4af2726539924833aacb935f2fbb1410 - - default default] Unable to schedule network 759b48c7-5b34-4174-80d8-3203bf171c11: no agents available; will retry on subsequent port and subnet creation events.
2026-04-27 02:33:54.494 10 INFO neutron.db.ovn_revision_numbers_db [None req-4b14ab11-13c4-4a2f-8e87-f624b6d4df38 914dd4db0ab649508cf1033617215d38 4af2726539924833aacb935f2fbb1410 - - default default] Successfully bumped revision number for resource 9a5f272f-f844-4e93-9ba0-e34b300540eb (type: ports) to 1
2026-04-27 02:33:54.510 10 INFO neutron.wsgi [None req-4b14ab11-13c4-4a2f-8e87-f624b6d4df38 914dd4db0ab649508cf1033617215d38 4af2726539924833aacb935f2fbb1410 - - default default] 10.0.0.133 "POST /v2.0/networks HTTP/1.1" status: 201 len: 940 time: 0.7236242
2026-04-27 02:33:54.815 9 INFO neutron.wsgi [None req-82c2a877-74dc-4980-be2e-1cdfac3e463d 7025fede791744e6aa215617cf754f10 75b05b9c36f34a01beeeb679c89b9ab3 - - default default] 10.0.0.133 "DELETE /v2.0/ports/384e86b0-23d5-4b8b-be75-7cd130c73a28 HTTP/1.1" status: 204 len: 168 time: 0.4395039
2026-04-27 02:33:54.859 10 WARNING neutron.scheduler.dhcp_agent_scheduler [None req-600c453c-6b7b-479c-b77d-6d2711db7c81 914dd4db0ab649508cf1033617215d38 4af2726539924833aacb935f2fbb1410 - - default default] No more DHCP agents
2026-04-27 02:33:54.863 10 WARNING neutron.api.rpc.agentnotifiers.dhcp_rpc_agent_api [None req-600c453c-6b7b-479c-b77d-6d2711db7c81 914dd4db0ab649508cf1033617215d38 4af2726539924833aacb935f2fbb1410 - - default default] Unable to schedule network 759b48c7-5b34-4174-80d8-3203bf171c11: no agents available; will retry on subsequent port and subnet creation events.
2026-04-27 02:33:54.928 9 INFO neutron.wsgi [None req-89a5218f-d119-4cd0-bed5-037bd9c5785c 7025fede791744e6aa215617cf754f10 75b05b9c36f34a01beeeb679c89b9ab3 - - default default] 10.0.0.133 "GET /v2.0/ports HTTP/1.1" status: 200 len: 1718 time: 0.1049852
2026-04-27 02:33:55.043 10 INFO neutron.db.segments_db [None req-ee88a4e6-7054-4dbb-8e01-9f67b0334200 7025fede791744e6aa215617cf754f10 75b05b9c36f34a01beeeb679c89b9ab3 - - default default] Added segment 4b3de4e3-c43d-423b-80b8-98c307725968 of type geneve for network a75dc5fd-59f7-45cf-9443-c89d6362ac7f
2026-04-27 02:33:55.220 10 INFO neutron.db.ovn_revision_numbers_db [None req-ee88a4e6-7054-4dbb-8e01-9f67b0334200 7025fede791744e6aa215617cf754f10 75b05b9c36f34a01beeeb679c89b9ab3 - - default default] Successfully bumped revision number for resource a75dc5fd-59f7-45cf-9443-c89d6362ac7f (type: networks) to 1
2026-04-27 02:33:55.425 10 WARNING neutron.scheduler.dhcp_agent_scheduler [None req-ee88a4e6-7054-4dbb-8e01-9f67b0334200 7025fede791744e6aa215617cf754f10 75b05b9c36f34a01beeeb679c89b9ab3 - - default default] No more DHCP agents
2026-04-27 02:33:55.428 10 WARNING neutron.api.rpc.agentnotifiers.dhcp_rpc_agent_api [None req-ee88a4e6-7054-4dbb-8e01-9f67b0334200 7025fede791744e6aa215617cf754f10 75b05b9c36f34a01beeeb679c89b9ab3 - - default default] Unable to schedule network a75dc5fd-59f7-45cf-9443-c89d6362ac7f: no agents available; will retry on subsequent port and subnet creation events.
2026-04-27 02:33:55.435 10 INFO neutron.db.ovn_revision_numbers_db [None req-600c453c-6b7b-479c-b77d-6d2711db7c81 914dd4db0ab649508cf1033617215d38 4af2726539924833aacb935f2fbb1410 - - default default] Successfully bumped revision number for resource 9a5f272f-f844-4e93-9ba0-e34b300540eb (type: ports) to 2
2026-04-27 02:33:55.481 10 INFO neutron.db.ovn_revision_numbers_db [None req-600c453c-6b7b-479c-b77d-6d2711db7c81 914dd4db0ab649508cf1033617215d38 4af2726539924833aacb935f2fbb1410 - - default default] Successfully bumped revision number for resource 4f543ba7-272a-42a6-8e02-287acd4c9844 (type: subnets) to 0
2026-04-27 02:33:55.501 10 INFO neutron.wsgi [None req-600c453c-6b7b-479c-b77d-6d2711db7c81 914dd4db0ab649508cf1033617215d38 4af2726539924833aacb935f2fbb1410 - - default default] 10.0.0.133 "POST /v2.0/subnets HTTP/1.1" status: 201 len: 861 time: 0.9861109
2026-04-27 02:33:55.506 10 INFO neutron.db.ovn_revision_numbers_db [None req-ee88a4e6-7054-4dbb-8e01-9f67b0334200 7025fede791744e6aa215617cf754f10 75b05b9c36f34a01beeeb679c89b9ab3 - - default default] Successfully bumped revision number for resource 39e3371f-2457-456d-a8fd-fde3e359714c (type: ports) to 1
2026-04-27 02:33:55.531 10 INFO neutron.wsgi [None req-ee88a4e6-7054-4dbb-8e01-9f67b0334200 7025fede791744e6aa215617cf754f10 75b05b9c36f34a01beeeb679c89b9ab3 - - default default] 10.0.0.133 "POST /v2.0/networks HTTP/1.1" status: 201 len: 847 time: 0.5976000
2026-04-27 02:33:55.618 9 INFO neutron.db.segments_db [None req-3463a172-941d-426b-b875-ebf3b9b2186d 7025fede791744e6aa215617cf754f10 75b05b9c36f34a01beeeb679c89b9ab3 - - default default] Added segment da9d1f2a-ba07-475a-806a-f0aa52913e28 of type geneve for network bcb6459d-e45e-43ec-9a54-63a80e8a7c74
2026-04-27 02:33:55.758 9 INFO neutron.db.ovn_revision_numbers_db [None req-3463a172-941d-426b-b875-ebf3b9b2186d 7025fede791744e6aa215617cf754f10 75b05b9c36f34a01beeeb679c89b9ab3 - - default default] Successfully bumped revision number for resource bcb6459d-e45e-43ec-9a54-63a80e8a7c74 (type: networks) to 1
2026-04-27 02:33:55.923 10 WARNING neutron.scheduler.dhcp_agent_scheduler [None req-96259e00-cd3b-49fa-ae7f-96856cba673f 914dd4db0ab649508cf1033617215d38 4af2726539924833aacb935f2fbb1410 - - default default] No more DHCP agents
2026-04-27 02:33:55.925 10 WARNING neutron.api.rpc.agentnotifiers.dhcp_rpc_agent_api [None req-96259e00-cd3b-49fa-ae7f-96856cba673f 914dd4db0ab649508cf1033617215d38 4af2726539924833aacb935f2fbb1410 - - default default] Unable to schedule network 41c2b178-ba8f-472c-bcd1-18379c61da8c: no agents available; will retry on subsequent port and subnet creation events.
2026-04-27 02:33:55.936 9 WARNING neutron.scheduler.dhcp_agent_scheduler [None req-3463a172-941d-426b-b875-ebf3b9b2186d 7025fede791744e6aa215617cf754f10 75b05b9c36f34a01beeeb679c89b9ab3 - - default default] No more DHCP agents
2026-04-27 02:33:55.938 9 WARNING neutron.api.rpc.agentnotifiers.dhcp_rpc_agent_api [None req-3463a172-941d-426b-b875-ebf3b9b2186d 7025fede791744e6aa215617cf754f10 75b05b9c36f34a01beeeb679c89b9ab3 - - default default] Unable to schedule network bcb6459d-e45e-43ec-9a54-63a80e8a7c74: no agents available; will retry on subsequent port and subnet creation events.
2026-04-27 02:33:56.019 9 INFO neutron.db.ovn_revision_numbers_db [None req-3463a172-941d-426b-b875-ebf3b9b2186d 7025fede791744e6aa215617cf754f10 75b05b9c36f34a01beeeb679c89b9ab3 - - default default] Successfully bumped revision number for resource 5a35cc0a-60a5-4dba-90f1-f36a976e677c (type: ports) to 1
2026-04-27 02:33:56.040 9 INFO neutron.wsgi [None req-3463a172-941d-426b-b875-ebf3b9b2186d 7025fede791744e6aa215617cf754f10 75b05b9c36f34a01beeeb679c89b9ab3 - - default default] 10.0.0.133 "POST /v2.0/networks HTTP/1.1" status: 201 len: 848 time: 0.5039275
2026-04-27 02:33:56.084 10 INFO neutron.db.ovn_revision_numbers_db [None req-96259e00-cd3b-49fa-ae7f-96856cba673f 914dd4db0ab649508cf1033617215d38 4af2726539924833aacb935f2fbb1410 - - default default] Successfully bumped revision number for resource 927114e5-f216-405b-8871-ea67ffe1925f (type: ports) to 1
2026-04-27 02:33:56.208 10 INFO neutron.db.ovn_revision_numbers_db [None req-47324db0-d468-43e7-a827-27ca87210ee1 bf279391ad314e959832b3dad1bd0e76 e3e2db5993a240e39fe3e0da84811ae0 - - default default] Successfully bumped revision number for resource 9c119419-689a-4624-8d3a-0dd768739e95 (type: security_groups) to 1
2026-04-27 02:33:56.239 10 INFO neutron.db.ovn_revision_numbers_db [None req-47324db0-d468-43e7-a827-27ca87210ee1 bf279391ad314e959832b3dad1bd0e76 e3e2db5993a240e39fe3e0da84811ae0 - - default default] Successfully bumped revision number for resource 7372292c-3572-4875-b027-93c8437fceb3 (type: security_group_rules) to 0
2026-04-27 02:33:56.254 10 INFO neutron.db.ovn_revision_numbers_db [None req-47324db0-d468-43e7-a827-27ca87210ee1 bf279391ad314e959832b3dad1bd0e76 e3e2db5993a240e39fe3e0da84811ae0 - - default default] Successfully bumped revision number for resource 8ec33dc8-99ab-4667-8102-8a6fc19938eb (type: security_group_rules) to 0
2026-04-27 02:33:56.283 10 INFO neutron.db.ovn_revision_numbers_db [None req-47324db0-d468-43e7-a827-27ca87210ee1 bf279391ad314e959832b3dad1bd0e76 e3e2db5993a240e39fe3e0da84811ae0 - - default default] Successfully bumped revision number for resource 986f5af1-1029-4739-9eeb-88b29d9cc116 (type: security_group_rules) to 0
2026-04-27 02:33:56.310 10 INFO neutron.db.ovn_revision_numbers_db [None req-47324db0-d468-43e7-a827-27ca87210ee1 bf279391ad314e959832b3dad1bd0e76 e3e2db5993a240e39fe3e0da84811ae0 - - default default] Successfully bumped revision number for resource d9147965-d8d1-404b-9b9b-6f4618beccd3 (type: security_group_rules) to 0
2026-04-27 02:33:56.367 10 INFO neutron.db.segments_db [None req-47324db0-d468-43e7-a827-27ca87210ee1 bf279391ad314e959832b3dad1bd0e76 e3e2db5993a240e39fe3e0da84811ae0 - - default default] Added segment dff1e568-516e-4e81-9940-57940aabb9b3 of type geneve for network b7fec702-9f53-47b5-afb3-80aed65ae54b
2026-04-27 02:33:56.517 9 WARNING neutron.scheduler.dhcp_agent_scheduler [None req-d84bf1be-4547-4f6b-8559-6a5a0cabb3fb 7025fede791744e6aa215617cf754f10 75b05b9c36f34a01beeeb679c89b9ab3 - - default default] No more DHCP agents
2026-04-27 02:33:56.520 9 WARNING neutron.api.rpc.agentnotifiers.dhcp_rpc_agent_api [None req-d84bf1be-4547-4f6b-8559-6a5a0cabb3fb 7025fede791744e6aa215617cf754f10 75b05b9c36f34a01beeeb679c89b9ab3 - - default default] Unable to schedule network a75dc5fd-59f7-45cf-9443-c89d6362ac7f: no agents available; will retry on subsequent port and subnet creation events.
2026-04-27 02:33:56.552 10 INFO neutron.db.ovn_revision_numbers_db [None req-47324db0-d468-43e7-a827-27ca87210ee1 bf279391ad314e959832b3dad1bd0e76 e3e2db5993a240e39fe3e0da84811ae0 - - default default] Successfully bumped revision number for resource b7fec702-9f53-47b5-afb3-80aed65ae54b (type: networks) to 1
2026-04-27 02:33:56.751 10 WARNING neutron.scheduler.dhcp_agent_scheduler [None req-47324db0-d468-43e7-a827-27ca87210ee1 bf279391ad314e959832b3dad1bd0e76 e3e2db5993a240e39fe3e0da84811ae0 - - default default] No more DHCP agents
2026-04-27 02:33:56.752 10 WARNING neutron.api.rpc.agentnotifiers.dhcp_rpc_agent_api [None req-47324db0-d468-43e7-a827-27ca87210ee1 bf279391ad314e959832b3dad1bd0e76 e3e2db5993a240e39fe3e0da84811ae0 - - default default] Unable to schedule network b7fec702-9f53-47b5-afb3-80aed65ae54b: no agents available; will retry on subsequent port and subnet creation events.
2026-04-27 02:33:56.776 10 INFO neutron.plugins.ml2.drivers.ovn.mech_driver.mech_driver [None req-47a401a3-1ba8-47e9-990a-f89907c2c9fb - - - - - -] OVN reports status up for port: 927114e5-f216-405b-8871-ea67ffe1925f
2026-04-27 02:33:56.787 9 INFO neutron.plugins.ml2.drivers.ovn.mech_driver.ovsdb.ovsdb_monitor [None req-2dce554d-1bcd-4242-96d9-4cb9cb655033 - - - - - -] Router 9526a5aa-8336-4f8d-92b1-376ca4c321f9 is bound to host instance
2026-04-27 02:33:56.831 10 INFO neutron.plugins.ml2.plugin [None req-47a401a3-1ba8-47e9-990a-f89907c2c9fb - - - - - -] Attempt 1 to provision port 927114e5-f216-405b-8871-ea67ffe1925f
2026-04-27 02:33:56.877 10 INFO neutron.db.ovn_revision_numbers_db [None req-96259e00-cd3b-49fa-ae7f-96856cba673f 914dd4db0ab649508cf1033617215d38 4af2726539924833aacb935f2fbb1410 - - default default] Successfully bumped revision number for resource 927114e5-f216-405b-8871-ea67ffe1925f (type: router_ports) to 1
2026-04-27 02:33:56.958 10 INFO neutron.db.ovn_revision_numbers_db [None req-47324db0-d468-43e7-a827-27ca87210ee1 bf279391ad314e959832b3dad1bd0e76 e3e2db5993a240e39fe3e0da84811ae0 - - default default] Successfully bumped revision number for resource 6b7ffa38-c29f-4b2f-bbe0-4d8a23f5745d (type: ports) to 1
2026-04-27 02:33:56.984 10 INFO neutron.db.ovn_revision_numbers_db [None req-96259e00-cd3b-49fa-ae7f-96856cba673f 914dd4db0ab649508cf1033617215d38 4af2726539924833aacb935f2fbb1410 - - default default] Successfully bumped revision number for resource 9526a5aa-8336-4f8d-92b1-376ca4c321f9 (type: routers) to 2
2026-04-27 02:33:56.987 10 INFO neutron.wsgi [None req-47324db0-d468-43e7-a827-27ca87210ee1 bf279391ad314e959832b3dad1bd0e76 e3e2db5993a240e39fe3e0da84811ae0 - - default default] 10.0.0.133 "POST /v2.0/networks HTTP/1.1" status: 201 len: 844 time: 1.1175849
2026-04-27 02:33:56.999 10 INFO neutron.wsgi [None req-96259e00-cd3b-49fa-ae7f-96856cba673f 914dd4db0ab649508cf1033617215d38 4af2726539924833aacb935f2fbb1410 - - default default] 10.0.0.133 "POST /v2.0/routers HTTP/1.1" status: 201 len: 872 time: 1.4939942
2026-04-27 02:33:57.010 9 INFO neutron.db.ovn_revision_numbers_db [None req-d84bf1be-4547-4f6b-8559-6a5a0cabb3fb 7025fede791744e6aa215617cf754f10 75b05b9c36f34a01beeeb679c89b9ab3 - - default default] Successfully bumped revision number for resource 39e3371f-2457-456d-a8fd-fde3e359714c (type: ports) to 2
2026-04-27 02:33:57.099 9 INFO neutron.db.ovn_revision_numbers_db [None req-d84bf1be-4547-4f6b-8559-6a5a0cabb3fb 7025fede791744e6aa215617cf754f10 75b05b9c36f34a01beeeb679c89b9ab3 - - default default] Successfully bumped revision number for resource 7f26ffad-683f-4a41-875c-dc52ab77d4b4 (type: subnets) to 0
2026-04-27 02:33:57.162 9 WARNING neutron.scheduler.dhcp_agent_scheduler [None req-d84bf1be-4547-4f6b-8559-6a5a0cabb3fb 7025fede791744e6aa215617cf754f10 75b05b9c36f34a01beeeb679c89b9ab3 - - default default] No more DHCP agents
2026-04-27 02:33:57.171 9 WARNING neutron.api.rpc.agentnotifiers.dhcp_rpc_agent_api [None req-d84bf1be-4547-4f6b-8559-6a5a0cabb3fb 7025fede791744e6aa215617cf754f10 75b05b9c36f34a01beeeb679c89b9ab3 - - default default] Unable to schedule network bcb6459d-e45e-43ec-9a54-63a80e8a7c74: no agents available; will retry on subsequent port and subnet creation events.
2026-04-27 02:33:57.228 10 WARNING neutron.scheduler.dhcp_agent_scheduler [None req-9d695388-1d64-4063-9d8d-00dfa6a9c202 bf279391ad314e959832b3dad1bd0e76 e3e2db5993a240e39fe3e0da84811ae0 - - default default] No more DHCP agents
2026-04-27 02:33:57.231 10 WARNING neutron.api.rpc.agentnotifiers.dhcp_rpc_agent_api [None req-9d695388-1d64-4063-9d8d-00dfa6a9c202 bf279391ad314e959832b3dad1bd0e76 e3e2db5993a240e39fe3e0da84811ae0 - - default default] Unable to schedule network b7fec702-9f53-47b5-afb3-80aed65ae54b: no agents available; will retry on subsequent port and subnet creation events.
2026-04-27 02:33:57.244 9 WARNING neutron.plugins.ml2.drivers.ovn.mech_driver.ovsdb.ovn_client [None req-af2f02a5-7065-4c20-86e0-f187760070a0 - - - - - -] No hosting information found for port 2c173acf-7727-4854-af63-6ef93ca8fd09: RuntimeError: No hosting information found for port 2c173acf-7727-4854-af63-6ef93ca8fd09
2026-04-27 02:33:57.311 10 INFO neutron.db.ovn_revision_numbers_db [None req-9d695388-1d64-4063-9d8d-00dfa6a9c202 bf279391ad314e959832b3dad1bd0e76 e3e2db5993a240e39fe3e0da84811ae0 - - default default] Successfully bumped revision number for resource 733dd02c-b367-4060-a652-b7856d316fc4 (type: ports) to 1
2026-04-27 02:33:57.330 10 INFO neutron.wsgi [None req-9d695388-1d64-4063-9d8d-00dfa6a9c202 bf279391ad314e959832b3dad1bd0e76 e3e2db5993a240e39fe3e0da84811ae0 - - default default] 10.0.0.133 "POST /v2.0/ports HTTP/1.1" status: 201 len: 973 time: 0.3370552 /var/lib/openstack/lib/python3.10/site-packages/pycadf/identifier.py:71: UserWarning: Invalid uuid: neutron. To ensure interoperability, identifiers should be a valid uuid. warnings.warn(('Invalid uuid: %s. To ensure interoperability, '
2026-04-27 02:33:57.421 10 INFO neutron.db.segments_db [None req-9b9a9cca-486d-489b-a6d1-66e475997266 bf279391ad314e959832b3dad1bd0e76 e3e2db5993a240e39fe3e0da84811ae0 - - default default] Added segment 634e8edc-bafb-49ca-8898-6c7d68a21098 of type geneve for network 08e4c465-c46a-415b-acb6-5c660f7748e7
2026-04-27 02:33:57.567 10 INFO neutron.db.ovn_revision_numbers_db [None req-9b9a9cca-486d-489b-a6d1-66e475997266 bf279391ad314e959832b3dad1bd0e76 e3e2db5993a240e39fe3e0da84811ae0 - - default default] Successfully bumped revision number for resource 08e4c465-c46a-415b-acb6-5c660f7748e7 (type: networks) to 1
2026-04-27 02:33:57.654 9 INFO neutron.db.ovn_revision_numbers_db [None req-2dce554d-1bcd-4242-96d9-4cb9cb655033 - - - - - -] Successfully bumped revision number for resource 927114e5-f216-405b-8871-ea67ffe1925f (type: ports) to 1
2026-04-27 02:33:57.757 9 WARNING neutron.scheduler.dhcp_agent_scheduler [None req-3d765a8f-8490-484f-a3aa-050d7c210946 914dd4db0ab649508cf1033617215d38 4af2726539924833aacb935f2fbb1410 - - default default] No more DHCP agents
2026-04-27 02:33:57.763 9 WARNING neutron.api.rpc.agentnotifiers.dhcp_rpc_agent_api [None req-3d765a8f-8490-484f-a3aa-050d7c210946 914dd4db0ab649508cf1033617215d38 4af2726539924833aacb935f2fbb1410 - - default default] Unable to schedule network 759b48c7-5b34-4174-80d8-3203bf171c11: no agents available; will retry on subsequent port and subnet creation events.
2026-04-27 02:33:57.973 10 WARNING neutron.scheduler.dhcp_agent_scheduler [None req-9b9a9cca-486d-489b-a6d1-66e475997266 bf279391ad314e959832b3dad1bd0e76 e3e2db5993a240e39fe3e0da84811ae0 - - default default] No more DHCP agents
2026-04-27 02:33:57.975 10 WARNING neutron.api.rpc.agentnotifiers.dhcp_rpc_agent_api [None req-9b9a9cca-486d-489b-a6d1-66e475997266 bf279391ad314e959832b3dad1bd0e76 e3e2db5993a240e39fe3e0da84811ae0 - - default default] Unable to schedule network 08e4c465-c46a-415b-acb6-5c660f7748e7: no agents available; will retry on subsequent port and subnet creation events.
2026-04-27 02:33:58.060 10 INFO neutron.db.ovn_revision_numbers_db [None req-9b9a9cca-486d-489b-a6d1-66e475997266 bf279391ad314e959832b3dad1bd0e76 e3e2db5993a240e39fe3e0da84811ae0 - - default default] Successfully bumped revision number for resource 14ab7a86-6c36-466a-82c5-07e7236d4b1b (type: ports) to 1
2026-04-27 02:33:58.081 10 INFO neutron.wsgi [None req-9b9a9cca-486d-489b-a6d1-66e475997266 bf279391ad314e959832b3dad1bd0e76 e3e2db5993a240e39fe3e0da84811ae0 - - default default] 10.0.0.133 "POST /v2.0/networks HTTP/1.1" status: 201 len: 831 time: 0.7458644
2026-04-27 02:33:58.235 9 INFO neutron.wsgi [req-9c85cd45-b8e1-465d-bcf5-5066d1cc1edf req-9e3dfb2a-07d7-436e-9fd0-2b9e6ea9ebe9 8f4a0e6c347e4983846d856c47d85f0a 32b22917c452452a92db088bc3c4cad0 - - 3a79f97034744e4c8e2df7c686d86d1f 3a79f97034744e4c8e2df7c686d86d1f] 10.0.0.147 "GET /v2.0/ports?device_id=5f26309f-21ca-43c2-b076-2966bc7aae87 HTTP/1.1" status: 200 len: 1409 time: 0.4053073
2026-04-27 02:33:58.329 10 WARNING neutron.scheduler.dhcp_agent_scheduler [None req-a5ea332c-3e9d-47b6-8cc5-cbbf6b027fee bf279391ad314e959832b3dad1bd0e76 e3e2db5993a240e39fe3e0da84811ae0 - - default default] No more DHCP agents
2026-04-27 02:33:58.331 10 WARNING neutron.api.rpc.agentnotifiers.dhcp_rpc_agent_api [None req-a5ea332c-3e9d-47b6-8cc5-cbbf6b027fee bf279391ad314e959832b3dad1bd0e76 e3e2db5993a240e39fe3e0da84811ae0 - - default default] Unable to schedule network 08e4c465-c46a-415b-acb6-5c660f7748e7: no agents available; will retry on subsequent port and subnet creation events.
2026-04-27 02:33:58.333 9 INFO neutron.wsgi [req-9c85cd45-b8e1-465d-bcf5-5066d1cc1edf req-cadce9e8-e0e9-48ce-a5e0-e06662f242eb 8f4a0e6c347e4983846d856c47d85f0a 32b22917c452452a92db088bc3c4cad0 - - 3a79f97034744e4c8e2df7c686d86d1f 3a79f97034744e4c8e2df7c686d86d1f] 10.0.0.147 "GET /v2.0/security-groups?id=ec619d2c-2364-4626-882f-ef6368919607&fields=id&fields=name HTTP/1.1" status: 200 len: 313 time: 0.0889571
2026-04-27 02:33:58.336 9 INFO neutron.db.ovn_revision_numbers_db [None req-d84bf1be-4547-4f6b-8559-6a5a0cabb3fb 7025fede791744e6aa215617cf754f10 75b05b9c36f34a01beeeb679c89b9ab3 - - default default] Successfully bumped revision number for resource 5a35cc0a-60a5-4dba-90f1-f36a976e677c (type: ports) to 2
2026-04-27 02:33:58.366 9 INFO neutron.db.ovn_revision_numbers_db [None req-3d765a8f-8490-484f-a3aa-050d7c210946 914dd4db0ab649508cf1033617215d38 4af2726539924833aacb935f2fbb1410 - - default default] Successfully bumped revision number for resource 29069b67-e31e-4f37-93eb-d1a4fa522fb7 (type: ports) to 1
2026-04-27 02:33:58.399 9 INFO neutron.db.ovn_revision_numbers_db [None req-d84bf1be-4547-4f6b-8559-6a5a0cabb3fb 7025fede791744e6aa215617cf754f10 75b05b9c36f34a01beeeb679c89b9ab3 - - default default] Successfully bumped revision number for resource 8a320543-5f79-44a5-86e0-06519e6142b1 (type: subnets) to 0
2026-04-27 02:33:58.415 9 INFO neutron.db.ovn_revision_numbers_db [None req-2dce554d-1bcd-4242-96d9-4cb9cb655033 - - - - - -] Successfully bumped revision number for resource 927114e5-f216-405b-8871-ea67ffe1925f (type: router_ports) to 3
2026-04-27 02:33:58.419 9 INFO neutron.wsgi [None req-d84bf1be-4547-4f6b-8559-6a5a0cabb3fb 7025fede791744e6aa215617cf754f10 75b05b9c36f34a01beeeb679c89b9ab3 - - default default] 10.0.0.133 "POST /v2.0/subnets HTTP/1.1" status: 201 len: 1426 time: 2.3460796
2026-04-27 02:33:58.503 9 INFO neutron.wsgi [None req-b7bd55fd-dd5b-4326-859f-e3a022b99b0e 7025fede791744e6aa215617cf754f10 75b05b9c36f34a01beeeb679c89b9ab3 - - default default] 10.0.0.133 "GET /v2.0/subnets HTTP/1.1" status: 200 len: 2034 time: 0.0751317
2026-04-27 02:33:58.703 9 INFO neutron.db.ovn_revision_numbers_db [None req-2dce554d-1bcd-4242-96d9-4cb9cb655033 - - - - - -] Successfully bumped revision number for resource 927114e5-f216-405b-8871-ea67ffe1925f (type: ports) to 2
2026-04-27 02:33:58.816 10 INFO neutron.db.ovn_revision_numbers_db [None req-a5ea332c-3e9d-47b6-8cc5-cbbf6b027fee bf279391ad314e959832b3dad1bd0e76 e3e2db5993a240e39fe3e0da84811ae0 - - default default] Successfully bumped revision number for resource 14ab7a86-6c36-466a-82c5-07e7236d4b1b (type: ports) to 2
2026-04-27 02:33:58.824 9 INFO neutron.wsgi [None req-bd33e037-cc05-4a74-97c1-edac98a9a3fd 7025fede791744e6aa215617cf754f10 75b05b9c36f34a01beeeb679c89b9ab3 - - default default] 10.0.0.133 "DELETE /v2.0/subnets/7f26ffad-683f-4a41-875c-dc52ab77d4b4 HTTP/1.1" status: 204 len: 168 time: 0.3169842
2026-04-27 02:33:58.863 10 INFO neutron.db.ovn_revision_numbers_db [None req-a5ea332c-3e9d-47b6-8cc5-cbbf6b027fee bf279391ad314e959832b3dad1bd0e76 e3e2db5993a240e39fe3e0da84811ae0 - - default default] Successfully bumped revision number for resource 55b215dc-2d2e-485c-b179-7d781a2caf45 (type: subnets) to 0
2026-04-27 02:33:58.889 10 INFO neutron.wsgi [None req-a5ea332c-3e9d-47b6-8cc5-cbbf6b027fee bf279391ad314e959832b3dad1bd0e76 e3e2db5993a240e39fe3e0da84811ae0 - - default default] 10.0.0.133 "POST /v2.0/subnets HTTP/1.1" status: 201 len: 801 time: 0.8020501
