+ COMMAND=start + start + for KEYSTONE_WSGI_SCRIPT in keystone-wsgi-public ++ type -p keystone-wsgi-public + cp -a /var/lib/openstack/bin/keystone-wsgi-public /var/www/cgi-bin/keystone/ + '[' -f /etc/apache2/envvars ']' + source /etc/apache2/envvars ++ unset HOME ++ '[' '' '!=' '' ']' ++ SUFFIX= ++ export APACHE_RUN_USER=www-data ++ APACHE_RUN_USER=www-data ++ export APACHE_RUN_GROUP=www-data ++ APACHE_RUN_GROUP=www-data ++ export APACHE_PID_FILE=/var/run/apache2/apache2.pid ++ APACHE_PID_FILE=/var/run/apache2/apache2.pid ++ export APACHE_RUN_DIR=/var/run/apache2 ++ APACHE_RUN_DIR=/var/run/apache2 ++ export APACHE_LOCK_DIR=/var/lock/apache2 ++ APACHE_LOCK_DIR=/var/lock/apache2 ++ export APACHE_LOG_DIR=/var/log/apache2 ++ APACHE_LOG_DIR=/var/log/apache2 ++ export LANG=C ++ LANG=C ++ export LANG + '[' -f /var/run/apache2/apache2.pid ']' + exec apache2 -DFOREGROUND AH00558: apache2: Could not reliably determine the server's fully qualified domain name, using 10.0.0.134. Set the 'ServerName' directive globally to suppress this message AH00558: apache2: Could not reliably determine the server's fully qualified domain name, using 10.0.0.134. Set the 'ServerName' directive globally to suppress this message
[Tue Apr 28 22:39:11.226760 2026] [mpm_event:notice] [pid 1:tid 140061896906624] AH00489: Apache/2.4.58 (Ubuntu) mod_wsgi/5.0.0 Python/3.12 configured -- resuming normal operations
[Tue Apr 28 22:39:11.226860 2026] [core:notice] [pid 1:tid 140061896906624] AH00094: Command line: 'apache2 -D FOREGROUND'
[Tue Apr 28 22:40:10.044234 2026] [wsgi:error] [pid 10:tid 140061260134080] /var/lib/openstack/lib/python3.12/site-packages/oslo_utils/importutils.py:77: EventletDeprecationWarning:
[Tue Apr 28 22:40:10.044273 2026] [wsgi:error] [pid 10:tid 140061260134080] Eventlet is deprecated. It is currently being maintained in bugfix mode, and
[Tue Apr 28 22:40:10.044275 2026] [wsgi:error] [pid 10:tid 140061260134080] we strongly recommend against using it for new projects.
[Tue Apr 28 22:40:10.044277 2026] [wsgi:error] [pid 10:tid 140061260134080]
[Tue Apr 28 22:40:10.044278 2026] [wsgi:error] [pid 10:tid 140061260134080] If you are already using Eventlet, we recommend migrating to a different
[Tue Apr 28 22:40:10.044279 2026] [wsgi:error] [pid 10:tid 140061260134080] framework. For more detail see
[Tue Apr 28 22:40:10.044280 2026] [wsgi:error] [pid 10:tid 140061260134080] https://eventlet.readthedocs.io/en/latest/asyncio/migration.html
[Tue Apr 28 22:40:10.044281 2026] [wsgi:error] [pid 10:tid 140061260134080]
[Tue Apr 28 22:40:10.044282 2026] [wsgi:error] [pid 10:tid 140061260134080] __import__(import_str)
[Tue Apr 28 22:40:10.069130 2026] [wsgi:error] [pid 12:tid 140061260134080] /var/lib/openstack/lib/python3.12/site-packages/oslo_utils/importutils.py:77: EventletDeprecationWarning:
[Tue Apr 28 22:40:10.069174 2026] [wsgi:error] [pid 12:tid 140061260134080] Eventlet is deprecated. It is currently being maintained in bugfix mode, and
[Tue Apr 28 22:40:10.069176 2026] [wsgi:error] [pid 12:tid 140061260134080] we strongly recommend against using it for new projects.
[Tue Apr 28 22:40:10.069177 2026] [wsgi:error] [pid 12:tid 140061260134080]
[Tue Apr 28 22:40:10.069179 2026] [wsgi:error] [pid 12:tid 140061260134080] If you are already using Eventlet, we recommend migrating to a different
[Tue Apr 28 22:40:10.069180 2026] [wsgi:error] [pid 12:tid 140061260134080] framework. For more detail see
[Tue Apr 28 22:40:10.069181 2026] [wsgi:error] [pid 12:tid 140061260134080] https://eventlet.readthedocs.io/en/latest/asyncio/migration.html
[Tue Apr 28 22:40:10.069182 2026] [wsgi:error] [pid 12:tid 140061260134080]
[Tue Apr 28 22:40:10.069183 2026] [wsgi:error] [pid 12:tid 140061260134080] __import__(import_str) 10.0.0.232 - - [28/Apr/2026:22:40:09 +0000] "GET /v3/ HTTP/1.1" 200 250 10.0.0.232 - - [28/Apr/2026:22:40:09 +0000] "GET /v3/ HTTP/1.1" 200 250
[Tue Apr 28 22:40:21.826237 2026] [wsgi:error] [pid 11:tid 140061260134080] /var/lib/openstack/lib/python3.12/site-packages/oslo_utils/importutils.py:77: EventletDeprecationWarning:
[Tue Apr 28 22:40:21.826278 2026] [wsgi:error] [pid 11:tid 140061260134080] Eventlet is deprecated. It is currently being maintained in bugfix mode, and
[Tue Apr 28 22:40:21.826280 2026] [wsgi:error] [pid 11:tid 140061260134080] we strongly recommend against using it for new projects.
[Tue Apr 28 22:40:21.826281 2026] [wsgi:error] [pid 11:tid 140061260134080]
[Tue Apr 28 22:40:21.826282 2026] [wsgi:error] [pid 11:tid 140061260134080] If you are already using Eventlet, we recommend migrating to a different
[Tue Apr 28 22:40:21.826284 2026] [wsgi:error] [pid 11:tid 140061260134080] framework. For more detail see
[Tue Apr 28 22:40:21.826285 2026] [wsgi:error] [pid 11:tid 140061260134080] https://eventlet.readthedocs.io/en/latest/asyncio/migration.html
[Tue Apr 28 22:40:21.826286 2026] [wsgi:error] [pid 11:tid 140061260134080]
[Tue Apr 28 22:40:21.826287 2026] [wsgi:error] [pid 11:tid 140061260134080] __import__(import_str) 10.0.0.190 - - [28/Apr/2026:22:40:20 +0000] "GET / HTTP/1.1" 300 295
[Tue Apr 28 22:40:27.189426 2026] [wsgi:error] [pid 9:tid 140061260134080] /var/lib/openstack/lib/python3.12/site-packages/oslo_utils/importutils.py:77: EventletDeprecationWarning:
[Tue Apr 28 22:40:27.189461 2026] [wsgi:error] [pid 9:tid 140061260134080] Eventlet is deprecated. It is currently being maintained in bugfix mode, and
[Tue Apr 28 22:40:27.189463 2026] [wsgi:error] [pid 9:tid 140061260134080] we strongly recommend against using it for new projects.
[Tue Apr 28 22:40:27.189465 2026] [wsgi:error] [pid 9:tid 140061260134080]
[Tue Apr 28 22:40:27.189466 2026] [wsgi:error] [pid 9:tid 140061260134080] If you are already using Eventlet, we recommend migrating to a different
[Tue Apr 28 22:40:27.189467 2026] [wsgi:error] [pid 9:tid 140061260134080] framework. For more detail see
[Tue Apr 28 22:40:27.189468 2026] [wsgi:error] [pid 9:tid 140061260134080] https://eventlet.readthedocs.io/en/latest/asyncio/migration.html
[Tue Apr 28 22:40:27.189469 2026] [wsgi:error] [pid 9:tid 140061260134080]
[Tue Apr 28 22:40:27.189470 2026] [wsgi:error] [pid 9:tid 140061260134080] __import__(import_str)
[Tue Apr 28 22:40:31.775922 2026] [wsgi:error] [pid 9:tid 140061260134080] [remote 10.0.0.190:51854] 2026-04-28 22:40:31.773 9 WARNING keystone.identity.core [None req-4b11aab2-2822-419c-8785-cfc8950ca4f2 - - - - - -] Invalid domain name (atmosphere) found in config file name: keystone.exception.DomainNotFound: Could not find domain: atmosphere.
[Tue Apr 28 22:40:31.826139 2026] [wsgi:error] [pid 9:tid 140061260134080] [remote 10.0.0.190:51854] 2026-04-28 22:40:31.825 9 WARNING keystone.common.password_hashing [None req-4b11aab2-2822-419c-8785-cfc8950ca4f2 - - - - - -] Truncating password to algorithm specific maximum length 72 characters.
[Tue Apr 28 22:40:32.161389 2026] [wsgi:error] [pid 9:tid 140061260134080] [remote 10.0.0.190:51854] 2026-04-28 22:40:32.161 9 WARNING keystone.common.fernet_utils [None req-4b11aab2-2822-419c-8785-cfc8950ca4f2 - - - - - -] key_repository is world readable: /etc/keystone/fernet-keys/ 10.0.0.190 - - [28/Apr/2026:22:40:26 +0000] "POST /v3/auth/tokens HTTP/1.1" 201 1360
[Tue Apr 28 22:40:32.475148 2026] [wsgi:error] [pid 10:tid 140061260134080] [remote 10.0.0.190:51854] 2026-04-28 22:40:32.472 10 WARNING keystone.identity.core [None req-43c27eba-600c-4f0a-8f21-fa99c1ddd178 - - - - - -] Invalid domain name (atmosphere) found in config file name: keystone.exception.DomainNotFound: Could not find domain: atmosphere. 10.0.0.190 - - [28/Apr/2026:22:40:32 +0000] "POST /v3/domains HTTP/1.1" 201 261 10.0.0.23 - - [28/Apr/2026:22:40:43 +0000] "GET / HTTP/1.1" 300 295
[Tue Apr 28 22:40:43.625280 2026] [wsgi:error] [pid 11:tid 140061260134080] [remote 10.0.0.23:49272] 2026-04-28 22:40:43.624 11 WARNING keystone.common.password_hashing [None req-ba973a33-4cc9-4619-a012-9bfb65c86353 - - - - - -] Truncating password to algorithm specific maximum length 72 characters.
[Tue Apr 28 22:40:43.897540 2026] [wsgi:error] [pid 11:tid 140061260134080] [remote 10.0.0.23:49272] 2026-04-28 22:40:43.897 11 WARNING keystone.common.fernet_utils [None req-ba973a33-4cc9-4619-a012-9bfb65c86353 - - - - - -] key_repository is world readable: /etc/keystone/fernet-keys/ 10.0.0.23 - - [28/Apr/2026:22:40:43 +0000] "POST /v3/auth/tokens HTTP/1.1" 201 1360 10.0.0.23 - - [28/Apr/2026:22:40:44 +0000] "GET /v3/roles/admin HTTP/1.1" 404 83
[Tue Apr 28 22:40:44.106179 2026] [wsgi:error] [pid 10:tid 140061260134080] [remote 10.0.0.23:49272] 2026-04-28 22:40:44.105 10 WARNING keystone.common.rbac_enforcer.enforcer [None req-32a4e880-eb7d-498e-b754-4fe8ba7c05fc 75322988242548b7bcd8a3f0e76290d1 931c1109cb014d66853423e34624e8ad - - default default] Deprecated policy rules found. Use oslopolicy-policy-generator and oslopolicy-policy-upgrade to detect and resolve deprecated policies in your configuration. 10.0.0.23 - - [28/Apr/2026:22:40:44 +0000] "GET /v3/roles?name=admin HTTP/1.1" 200 389
[Tue Apr 28 22:40:44.449808 2026] [wsgi:error] [pid 12:tid 140061260134080] [remote 10.0.0.23:49272] 2026-04-28 22:40:44.449 12 WARNING keystone.common.rbac_enforcer.enforcer [None req-4125d8e5-d74b-4bf8-a2a6-20f2c6c06042 75322988242548b7bcd8a3f0e76290d1 931c1109cb014d66853423e34624e8ad - - default default] Deprecated policy rules found. Use oslopolicy-policy-generator and oslopolicy-policy-upgrade to detect and resolve deprecated policies in your configuration. 10.0.0.23 - - [28/Apr/2026:22:40:44 +0000] "GET /v3/users/admin-RegionOne HTTP/1.1" 404 93
[Tue Apr 28 22:40:44.590458 2026] [wsgi:error] [pid 11:tid 140061260134080] [remote 10.0.0.23:49272] 2026-04-28 22:40:44.590 11 WARNING keystone.common.rbac_enforcer.enforcer [None req-3d7d311c-39ad-44d6-bc01-1e7f77f78a43 75322988242548b7bcd8a3f0e76290d1 931c1109cb014d66853423e34624e8ad - - default default] Deprecated policy rules found. Use oslopolicy-policy-generator and oslopolicy-policy-upgrade to detect and resolve deprecated policies in your configuration. 10.0.0.23 - - [28/Apr/2026:22:40:44 +0000] "GET /v3/users?name=admin-RegionOne HTTP/1.1" 200 422
[Tue Apr 28 22:40:44.772692 2026] [wsgi:error] [pid 9:tid 140061260134080] [remote 10.0.0.23:49272] 2026-04-28 22:40:44.772 9 WARNING keystone.common.rbac_enforcer.enforcer [None req-637bf5e6-8dc5-4631-969e-35c0029bfdd8 75322988242548b7bcd8a3f0e76290d1 931c1109cb014d66853423e34624e8ad - - default default] Deprecated policy rules found. Use oslopolicy-policy-generator and oslopolicy-policy-upgrade to detect and resolve deprecated policies in your configuration. 10.0.0.23 - - [28/Apr/2026:22:40:44 +0000] "GET /v3/domains/default HTTP/1.1" 200 224 10.0.0.23 - - [28/Apr/2026:22:40:44 +0000] "PUT /v3/domains/default/users/75322988242548b7bcd8a3f0e76290d1/roles/288cddbe064f418592a8a84be7ba03b9 HTTP/1.1" 204 - 10.0.0.232 - - [28/Apr/2026:22:40:54 +0000] "GET / HTTP/1.1" 300 281 10.0.0.232 - - [28/Apr/2026:22:40:55 +0000] "GET /v3 HTTP/1.1" 200 266
[Tue Apr 28 22:40:55.978386 2026] [wsgi:error] [pid 9:tid 140061260134080] [remote 10.0.0.232:55904] 2026-04-28 22:40:55.978 9 WARNING keystone.common.password_hashing [None req-5cfb3cc4-37d4-4bf1-bc5b-3db0bb209a1b - - - - - -] Truncating password to algorithm specific maximum length 72 characters.
[Tue Apr 28 22:40:56.253219 2026] [wsgi:error] [pid 9:tid 140061260134080] [remote 10.0.0.232:55904] 2026-04-28 22:40:56.253 9 WARNING keystone.common.fernet_utils [None req-5cfb3cc4-37d4-4bf1-bc5b-3db0bb209a1b - - - - - -] key_repository is world readable: /etc/keystone/fernet-keys/ 10.0.0.232 - - [28/Apr/2026:22:40:55 +0000] "POST /v3/auth/tokens HTTP/1.1" 201 1360 10.0.0.232 - - [28/Apr/2026:22:40:56 +0000] "GET / HTTP/1.1" 300 281 10.0.0.232 - - [28/Apr/2026:22:40:56 +0000] "GET /v3/domains/atmosphere HTTP/1.1" 404 90 10.0.0.232 - - [28/Apr/2026:22:40:56 +0000] "GET /v3/domains?name=atmosphere HTTP/1.1" 200 370 10.0.0.232 - - [28/Apr/2026:22:40:56 +0000] "GET /v3/domains/f0c3c89eb22a48599215bea4993510c9 HTTP/1.1" 200 247 10.0.0.232 - - [28/Apr/2026:22:40:57 +0000] "GET /v3 HTTP/1.1" 200 266
[Tue Apr 28 22:40:57.335141 2026] [wsgi:error] [pid 12:tid 140061260134080] [remote 10.0.0.232:55898] 2026-04-28 22:40:57.334 12 WARNING keystone.common.password_hashing [None req-1daa3fb6-54b4-4aca-b3fe-1e2b00a6ce07 - - - - - -] Truncating password to algorithm specific maximum length 72 characters.
[Tue Apr 28 22:40:57.615108 2026] [wsgi:error] [pid 12:tid 140061260134080] [remote 10.0.0.232:55898] 2026-04-28 22:40:57.614 12 WARNING keystone.common.fernet_utils [None req-1daa3fb6-54b4-4aca-b3fe-1e2b00a6ce07 - - - - - -] key_repository is world readable: /etc/keystone/fernet-keys/ 10.0.0.232 - - [28/Apr/2026:22:40:57 +0000] "POST /v3/auth/tokens HTTP/1.1" 201 1360 10.0.0.232 - - [28/Apr/2026:22:40:57 +0000] "GET / HTTP/1.1" 300 281 10.0.0.232 - - [28/Apr/2026:22:40:57 +0000] "GET /v3/OS-FEDERATION/identity_providers/atmosphere HTTP/1.1" 404 101 10.0.0.232 - - [28/Apr/2026:22:40:57 +0000] "GET /v3/OS-FEDERATION/identity_providers HTTP/1.1" 200 156 10.0.0.232 - - [28/Apr/2026:22:40:57 +0000] "PUT /v3/OS-FEDERATION/identity_providers/atmosphere HTTP/1.1" 201 342 10.0.0.232 - - [28/Apr/2026:22:40:58 +0000] "GET /v3 HTTP/1.1" 200 266
[Tue Apr 28 22:40:58.406350 2026] [wsgi:error] [pid 9:tid 140061260134080] [remote 10.0.0.232:55904] 2026-04-28 22:40:58.406 9 WARNING keystone.common.password_hashing [None req-8d5da722-027f-4b2c-9466-8b1c74c640e4 - - - - - -] Truncating password to algorithm specific maximum length 72 characters.
[Tue Apr 28 22:40:58.684361 2026] [wsgi:error] [pid 9:tid 140061260134080] [remote 10.0.0.232:55904] 2026-04-28 22:40:58.684 9 WARNING keystone.common.fernet_utils [None req-8d5da722-027f-4b2c-9466-8b1c74c640e4 - - - - - -] key_repository is world readable: /etc/keystone/fernet-keys/ 10.0.0.232 - - [28/Apr/2026:22:40:58 +0000] "POST /v3/auth/tokens HTTP/1.1" 201 1360 10.0.0.232 - - [28/Apr/2026:22:40:58 +0000] "GET / HTTP/1.1" 300 281 10.0.0.232 - - [28/Apr/2026:22:40:58 +0000] "GET /v3/OS-FEDERATION/mappings/atmosphere-openid HTTP/1.1" 404 98 10.0.0.232 - - [28/Apr/2026:22:40:58 +0000] "GET /v3/OS-FEDERATION/mappings HTTP/1.1" 200 136 10.0.0.232 - - [28/Apr/2026:22:40:58 +0000] "PUT /v3/OS-FEDERATION/mappings/atmosphere-openid HTTP/1.1" 201 357 10.0.0.232 - - [28/Apr/2026:22:40:59 +0000] "GET /v3 HTTP/1.1" 200 266
[Tue Apr 28 22:40:59.496854 2026] [wsgi:error] [pid 12:tid 140061260134080] [remote 10.0.0.232:55898] 2026-04-28 22:40:59.496 12 WARNING keystone.common.password_hashing [None req-72c232f8-cc84-40ec-ab3f-267c34114971 - - - - - -] Truncating password to algorithm specific maximum length 72 characters.
[Tue Apr 28 22:40:59.768465 2026] [wsgi:error] [pid 12:tid 140061260134080] [remote 10.0.0.232:55898] 2026-04-28 22:40:59.768 12 WARNING keystone.common.fernet_utils [None req-72c232f8-cc84-40ec-ab3f-267c34114971 - - - - - -] key_repository is world readable: /etc/keystone/fernet-keys/ 10.0.0.232 - - [28/Apr/2026:22:40:59 +0000] "POST /v3/auth/tokens HTTP/1.1" 201 1360 10.0.0.232 - - [28/Apr/2026:22:40:59 +0000] "GET / HTTP/1.1" 300 281 10.0.0.232 - - [28/Apr/2026:22:40:59 +0000] "GET /v3/OS-FEDERATION/identity_providers/atmosphere/protocols/openid?idp_id=atmosphere HTTP/1.1" 404 131 10.0.0.232 - - [28/Apr/2026:22:40:59 +0000] "GET /v3/OS-FEDERATION/identity_providers/atmosphere/protocols HTTP/1.1" 200 168 10.0.0.232 - - [28/Apr/2026:22:40:59 +0000] "PUT /v3/OS-FEDERATION/identity_providers/atmosphere/protocols/openid HTTP/1.1" 201 224 10.0.0.232 - - [28/Apr/2026:22:41:09 +0000] "GET /v3/ HTTP/1.1" 200 250 10.0.0.232 - - [28/Apr/2026:22:41:09 +0000] "GET /v3/ HTTP/1.1" 200 250 10.0.0.232 - - [28/Apr/2026:22:42:09 +0000] "GET /v3/ HTTP/1.1" 200 250 10.0.0.232 - - [28/Apr/2026:22:42:09 +0000] "GET /v3/ HTTP/1.1" 200 250 10.0.0.53 - - [28/Apr/2026:22:42:24 +0000] "GET / HTTP/1.1" 300 295
[Tue Apr 28 22:42:24.095147 2026] [wsgi:error] [pid 11:tid 140061260134080] [remote 10.0.0.53:58290] 2026-04-28 22:42:24.095 11 WARNING keystone.common.password_hashing [None req-a396bc72-c7ae-4949-9c6a-3bc86f0be257 - - - - - -] Truncating password to algorithm specific maximum length 72 characters.
[Tue Apr 28 22:42:24.371919 2026] [wsgi:error] [pid 11:tid 140061260134080] [remote 10.0.0.53:58290] 2026-04-28 22:42:24.371 11 WARNING keystone.common.fernet_utils [None req-a396bc72-c7ae-4949-9c6a-3bc86f0be257 - - - - - -] key_repository is world readable: /etc/keystone/fernet-keys/ 10.0.0.53 - - [28/Apr/2026:22:42:24 +0000] "POST /v3/auth/tokens HTTP/1.1" 201 1360 10.0.0.53 - - [28/Apr/2026:22:42:24 +0000] "GET /v3/services HTTP/1.1" 200 355 10.0.0.53 - - [28/Apr/2026:22:42:27 +0000] "GET / HTTP/1.1" 300 295
[Tue Apr 28 22:42:27.851561 2026] [wsgi:error] [pid 9:tid 140061260134080] [remote 10.0.0.53:58306] 2026-04-28 22:42:27.851 9 WARNING keystone.common.password_hashing [None req-31aa730c-64f9-4f43-91e8-bcab2dabc887 - - - - - -] Truncating password to algorithm specific maximum length 72 characters.
[Tue Apr 28 22:42:28.124987 2026] [wsgi:error] [pid 9:tid 140061260134080] [remote 10.0.0.53:58306] 2026-04-28 22:42:28.124 9 WARNING keystone.common.fernet_utils [None req-31aa730c-64f9-4f43-91e8-bcab2dabc887 - - - - - -] key_repository is world readable: /etc/keystone/fernet-keys/ 10.0.0.53 - - [28/Apr/2026:22:42:27 +0000] "POST /v3/auth/tokens HTTP/1.1" 201 1360 10.0.0.53 - - [28/Apr/2026:22:42:28 +0000] "GET /v3/services HTTP/1.1" 200 355 10.0.0.53 - - [28/Apr/2026:22:42:31 +0000] "GET / HTTP/1.1" 300 295
[Tue Apr 28 22:42:31.552107 2026] [wsgi:error] [pid 10:tid 140061260134080] [remote 10.0.0.53:58312] 2026-04-28 22:42:31.551 10 WARNING keystone.common.password_hashing [None req-894b5075-31ed-437c-aa69-ebc71e8f6c73 - - - - - -] Truncating password to algorithm specific maximum length 72 characters.
[Tue Apr 28 22:42:31.822644 2026] [wsgi:error] [pid 10:tid 140061260134080] [remote 10.0.0.53:58312] 2026-04-28 22:42:31.822 10 WARNING keystone.common.fernet_utils [None req-894b5075-31ed-437c-aa69-ebc71e8f6c73 - - - - - -] key_repository is world readable: /etc/keystone/fernet-keys/ 10.0.0.53 - - [28/Apr/2026:22:42:31 +0000] "POST /v3/auth/tokens HTTP/1.1" 201 1360 10.0.0.53 - - [28/Apr/2026:22:42:31 +0000] "GET /v3/services HTTP/1.1" 200 355 10.0.0.53 - - [28/Apr/2026:22:42:35 +0000] "GET / HTTP/1.1" 300 295
[Tue Apr 28 22:42:35.213568 2026] [wsgi:error] [pid 12:tid 140061260134080] [remote 10.0.0.53:52902] 2026-04-28 22:42:35.213 12 WARNING keystone.common.password_hashing [None req-9c7b30ed-88fe-4fb4-ad3f-ec88e99ee8c8 - - - - - -] Truncating password to algorithm specific maximum length 72 characters.
[Tue Apr 28 22:42:35.484724 2026] [wsgi:error] [pid 12:tid 140061260134080] [remote 10.0.0.53:52902] 2026-04-28 22:42:35.484 12 WARNING keystone.common.fernet_utils [None req-9c7b30ed-88fe-4fb4-ad3f-ec88e99ee8c8 - - - - - -] key_repository is world readable: /etc/keystone/fernet-keys/ 10.0.0.53 - - [28/Apr/2026:22:42:35 +0000] "POST /v3/auth/tokens HTTP/1.1" 201 1360 10.0.0.53 - - [28/Apr/2026:22:42:35 +0000] "POST /v3/services HTTP/1.1" 201 296 10.0.0.51 - - [28/Apr/2026:22:42:46 +0000] "GET / HTTP/1.1" 300 295
[Tue Apr 28 22:42:46.410171 2026] [wsgi:error] [pid 11:tid 140061260134080] [remote 10.0.0.51:54738] 2026-04-28 22:42:46.410 11 WARNING keystone.common.password_hashing [None req-7d05543f-e31d-4ed9-b5cd-db1c454b1be7 - - - - - -] Truncating password to algorithm specific maximum length 72 characters. 10.0.0.51 - - [28/Apr/2026:22:42:46 +0000] "GET / HTTP/1.1" 300 295
[Tue Apr 28 22:42:46.460316 2026] [wsgi:error] [pid 10:tid 140061260134080] [remote 10.0.0.51:54740] 2026-04-28 22:42:46.460 10 WARNING keystone.common.password_hashing [None req-358c256f-4267-4713-a5e3-dd339cd5a490 - - - - - -] Truncating password to algorithm specific maximum length 72 characters. 10.0.0.51 - - [28/Apr/2026:22:42:46 +0000] "GET / HTTP/1.1" 300 295
[Tue Apr 28 22:42:46.577318 2026] [wsgi:error] [pid 12:tid 140061260134080] [remote 10.0.0.51:54742] 2026-04-28 22:42:46.577 12 WARNING keystone.common.password_hashing [None req-76cd4ae0-78dd-4913-a7dd-92923d108613 - - - - - -] Truncating password to algorithm specific maximum length 72 characters.
[Tue Apr 28 22:42:46.691968 2026] [wsgi:error] [pid 11:tid 140061260134080] [remote 10.0.0.51:54738] 2026-04-28 22:42:46.691 11 WARNING keystone.common.fernet_utils [None req-7d05543f-e31d-4ed9-b5cd-db1c454b1be7 - - - - - -] key_repository is world readable: /etc/keystone/fernet-keys/ 10.0.0.51 - - [28/Apr/2026:22:42:46 +0000] "POST /v3/auth/tokens HTTP/1.1" 201 1464
[Tue Apr 28 22:42:46.732856 2026] [wsgi:error] [pid 10:tid 140061260134080] [remote 10.0.0.51:54740] 2026-04-28 22:42:46.732 10 WARNING keystone.common.fernet_utils [None req-358c256f-4267-4713-a5e3-dd339cd5a490 - - - - - -] key_repository is world readable: /etc/keystone/fernet-keys/ 10.0.0.51 - - [28/Apr/2026:22:42:46 +0000] "POST /v3/auth/tokens HTTP/1.1" 201 1464 10.0.0.51 - - [28/Apr/2026:22:42:46 +0000] "GET /v3/services HTTP/1.1" 200 639
[Tue Apr 28 22:42:46.848861 2026] [wsgi:error] [pid 12:tid 140061260134080] [remote 10.0.0.51:54742] 2026-04-28 22:42:46.848 12 WARNING keystone.common.fernet_utils [None req-76cd4ae0-78dd-4913-a7dd-92923d108613 - - - - - -] key_repository is world readable: /etc/keystone/fernet-keys/ 10.0.0.51 - - [28/Apr/2026:22:42:46 +0000] "GET /v3/services HTTP/1.1" 200 639 10.0.0.51 - - [28/Apr/2026:22:42:46 +0000] "POST /v3/auth/tokens HTTP/1.1" 201 1464 10.0.0.51 - - [28/Apr/2026:22:42:46 +0000] "GET /v3/services HTTP/1.1" 200 639 10.0.0.51 - - [28/Apr/2026:22:42:48 +0000] "GET / HTTP/1.1" 300 295 10.0.0.51 - - [28/Apr/2026:22:42:48 +0000] "GET / HTTP/1.1" 300 295
[Tue Apr 28 22:42:48.222680 2026] [wsgi:error] [pid 11:tid 140061260134080] [remote 10.0.0.51:54746] 2026-04-28 22:42:48.222 11 WARNING keystone.common.password_hashing [None req-7944f361-adc6-458d-a62e-8231421d9c30 - - - - - -] Truncating password to algorithm specific maximum length 72 characters.
[Tue Apr 28 22:42:48.246323 2026] [wsgi:error] [pid 10:tid 140061260134080] [remote 10.0.0.51:54752] 2026-04-28 22:42:48.246 10 WARNING keystone.common.password_hashing [None req-ca143b03-daaa-4f6e-9ff4-27b0abcd4676 - - - - - -] Truncating password to algorithm specific maximum length 72 characters. 10.0.0.51 - - [28/Apr/2026:22:42:48 +0000] "GET / HTTP/1.1" 300 295
[Tue Apr 28 22:42:48.352309 2026] [wsgi:error] [pid 12:tid 140061260134080] [remote 10.0.0.51:54764] 2026-04-28 22:42:48.352 12 WARNING keystone.common.password_hashing [None req-ab76a5b7-2cbb-47b5-9760-fe684ac1e04d - - - - - -] Truncating password to algorithm specific maximum length 72 characters.
[Tue Apr 28 22:42:48.493580 2026] [wsgi:error] [pid 11:tid 140061260134080] [remote 10.0.0.51:54746] 2026-04-28 22:42:48.493 11 WARNING keystone.common.fernet_utils [None req-7944f361-adc6-458d-a62e-8231421d9c30 - - - - - -] key_repository is world readable: /etc/keystone/fernet-keys/ 10.0.0.51 - - [28/Apr/2026:22:42:48 +0000] "POST /v3/auth/tokens HTTP/1.1" 201 1464
[Tue Apr 28 22:42:48.525477 2026] [wsgi:error] [pid 10:tid 140061260134080] [remote 10.0.0.51:54752] 2026-04-28 22:42:48.525 10 WARNING keystone.common.fernet_utils [None req-ca143b03-daaa-4f6e-9ff4-27b0abcd4676 - - - - - -] key_repository is world readable: /etc/keystone/fernet-keys/ 10.0.0.51 - - [28/Apr/2026:22:42:48 +0000] "POST /v3/auth/tokens HTTP/1.1" 201 1464 10.0.0.51 - - [28/Apr/2026:22:42:48 +0000] "GET /v3/endpoints HTTP/1.1" 200 1227
[Tue Apr 28 22:42:48.622512 2026] [wsgi:error] [pid 12:tid 140061260134080] [remote 10.0.0.51:54764] 2026-04-28 22:42:48.622 12 WARNING keystone.common.fernet_utils [None req-ab76a5b7-2cbb-47b5-9760-fe684ac1e04d - - - - - -] key_repository is world readable: /etc/keystone/fernet-keys/ 10.0.0.51 - - [28/Apr/2026:22:42:48 +0000] "POST /v3/auth/tokens HTTP/1.1" 201 1464 10.0.0.51 - - [28/Apr/2026:22:42:48 +0000] "GET /v3/services/e13524be54fa4b47913ef6eb5b1e4a0a HTTP/1.1" 200 233 10.0.0.51 - - [28/Apr/2026:22:42:48 +0000] "GET /v3/services/e13524be54fa4b47913ef6eb5b1e4a0a HTTP/1.1" 200 233 10.0.0.51 - - [28/Apr/2026:22:42:48 +0000] "GET /v3/endpoints HTTP/1.1" 200 1227 10.0.0.51 - - [28/Apr/2026:22:42:48 +0000] "GET /v3/services/e13524be54fa4b47913ef6eb5b1e4a0a HTTP/1.1" 200 233 10.0.0.51 - - [28/Apr/2026:22:42:48 +0000] "GET /v3/services/e13524be54fa4b47913ef6eb5b1e4a0a HTTP/1.1" 200 233 10.0.0.51 - - [28/Apr/2026:22:42:48 +0000] "GET /v3/services/e13524be54fa4b47913ef6eb5b1e4a0a HTTP/1.1" 200 233 10.0.0.51 - - [28/Apr/2026:22:42:48 +0000] "GET /v3/services/e13524be54fa4b47913ef6eb5b1e4a0a HTTP/1.1" 200 233 10.0.0.51 - - [28/Apr/2026:22:42:48 +0000] "GET /v3/endpoints HTTP/1.1" 200 1227 10.0.0.51 - - [28/Apr/2026:22:42:48 +0000] "GET /v3/services/e13524be54fa4b47913ef6eb5b1e4a0a HTTP/1.1" 200 233 10.0.0.51 - - [28/Apr/2026:22:42:48 +0000] "GET /v3/services/e13524be54fa4b47913ef6eb5b1e4a0a HTTP/1.1" 200 233 10.0.0.51 - - [28/Apr/2026:22:42:48 +0000] "GET /v3/services/e13524be54fa4b47913ef6eb5b1e4a0a HTTP/1.1" 200 233 10.0.0.51 - - [28/Apr/2026:22:42:49 +0000] "GET / HTTP/1.1" 300 295 10.0.0.51 - - [28/Apr/2026:22:42:50 +0000] "GET / HTTP/1.1" 300 295
[Tue Apr 28 22:42:50.011547 2026] [wsgi:error] [pid 11:tid 140061260134080] [remote 10.0.0.51:54776] 2026-04-28 22:42:50.011 11 WARNING keystone.common.password_hashing [None req-a367f62f-9bd5-4cd7-8829-7b9ecc30e436 - - - - - -] Truncating password to algorithm specific maximum length 72 characters.
[Tue Apr 28 22:42:50.033901 2026] [wsgi:error] [pid 10:tid 140061260134080] [remote 10.0.0.51:54778] 2026-04-28 22:42:50.033 10 WARNING keystone.common.password_hashing [None req-34e66a11-44d9-4839-be2f-b76b30580288 - - - - - -] Truncating password to algorithm specific maximum length 72 characters. 10.0.0.51 - - [28/Apr/2026:22:42:50 +0000] "GET / HTTP/1.1" 300 295
[Tue Apr 28 22:42:50.063267 2026] [wsgi:error] [pid 9:tid 140061260134080] [remote 10.0.0.51:54784] 2026-04-28 22:42:50.063 9 WARNING keystone.common.password_hashing [None req-12465e7d-b23a-4d43-a2a2-b7ea96e25b0e - - - - - -] Truncating password to algorithm specific maximum length 72 characters.
[Tue Apr 28 22:42:50.292303 2026] [wsgi:error] [pid 11:tid 140061260134080] [remote 10.0.0.51:54776] 2026-04-28 22:42:50.292 11 WARNING keystone.common.fernet_utils [None req-a367f62f-9bd5-4cd7-8829-7b9ecc30e436 - - - - - -] key_repository is world readable: /etc/keystone/fernet-keys/ 10.0.0.51 - - [28/Apr/2026:22:42:49 +0000] "POST /v3/auth/tokens HTTP/1.1" 201 1464
[Tue Apr 28 22:42:50.304267 2026] [wsgi:error] [pid 10:tid 140061260134080] [remote 10.0.0.51:54778] 2026-04-28 22:42:50.304 10 WARNING keystone.common.fernet_utils [None req-34e66a11-44d9-4839-be2f-b76b30580288 - - - - - -] key_repository is world readable: /etc/keystone/fernet-keys/ 10.0.0.51 - - [28/Apr/2026:22:42:50 +0000] "POST /v3/auth/tokens HTTP/1.1" 201 1464
[Tue Apr 28 22:42:50.335616 2026] [wsgi:error] [pid 9:tid 140061260134080] [remote 10.0.0.51:54784] 2026-04-28 22:42:50.335 9 WARNING keystone.common.fernet_utils [None req-12465e7d-b23a-4d43-a2a2-b7ea96e25b0e - - - - - -] key_repository is world readable: /etc/keystone/fernet-keys/ 10.0.0.51 - - [28/Apr/2026:22:42:50 +0000] "POST /v3/auth/tokens HTTP/1.1" 201 1464 10.0.0.51 - - [28/Apr/2026:22:42:50 +0000] "GET /v3/services/8a4d0745bf55436793dbe0610bbc16d3 HTTP/1.1" 200 296 10.0.0.51 - - [28/Apr/2026:22:42:50 +0000] "GET /v3/services/8a4d0745bf55436793dbe0610bbc16d3 HTTP/1.1" 200 296 10.0.0.51 - - [28/Apr/2026:22:42:50 +0000] "GET /v3/regions/RegionOne HTTP/1.1" 200 173 10.0.0.51 - - [28/Apr/2026:22:42:50 +0000] "GET /v3/regions/RegionOne HTTP/1.1" 200 173 10.0.0.51 - - [28/Apr/2026:22:42:50 +0000] "GET /v3/services/8a4d0745bf55436793dbe0610bbc16d3 HTTP/1.1" 200 296 10.0.0.51 - - [28/Apr/2026:22:42:50 +0000] "POST /v3/endpoints HTTP/1.1" 201 383 10.0.0.51 - - [28/Apr/2026:22:42:50 +0000] "GET /v3/regions/RegionOne HTTP/1.1" 200 173 10.0.0.51 - - [28/Apr/2026:22:42:50 +0000] "POST /v3/endpoints HTTP/1.1" 201 380 10.0.0.51 - - [28/Apr/2026:22:42:50 +0000] "POST /v3/endpoints HTTP/1.1" 201 370 10.0.0.51 - - [28/Apr/2026:22:42:51 +0000] "GET / HTTP/1.1" 300 295
[Tue Apr 28 22:42:51.769901 2026] [wsgi:error] [pid 9:tid 140061260134080] [remote 10.0.0.51:54788] 2026-04-28 22:42:51.769 9 WARNING keystone.common.password_hashing [None req-cc66bee0-d9a3-4658-b9d1-189a7c8f5f4c - - - - - -] Truncating password to algorithm specific maximum length 72 characters. 10.0.0.51 - - [28/Apr/2026:22:42:51 +0000] "GET / HTTP/1.1" 300 295
[Tue Apr 28 22:42:51.877055 2026] [wsgi:error] [pid 11:tid 140061260134080] [remote 10.0.0.51:54796] 2026-04-28 22:42:51.876 11 WARNING keystone.common.password_hashing [None req-1bca7306-c227-4c78-a8d0-9537423fd07f - - - - - -] Truncating password to algorithm specific maximum length 72 characters. 10.0.0.51 - - [28/Apr/2026:22:42:51 +0000] "GET / HTTP/1.1" 300 295
[Tue Apr 28 22:42:51.953214 2026] [wsgi:error] [pid 12:tid 140061260134080] [remote 10.0.0.51:54798] 2026-04-28 22:42:51.952 12 WARNING keystone.common.password_hashing [None req-75be0d80-4989-4029-ba81-666d581b24f6 - - - - - -] Truncating password to algorithm specific maximum length 72 characters.
[Tue Apr 28 22:42:52.043924 2026] [wsgi:error] [pid 9:tid 140061260134080] [remote 10.0.0.51:54788] 2026-04-28 22:42:52.043 9 WARNING keystone.common.fernet_utils [None req-cc66bee0-d9a3-4658-b9d1-189a7c8f5f4c - - - - - -] key_repository is world readable: /etc/keystone/fernet-keys/ 10.0.0.51 - - [28/Apr/2026:22:42:51 +0000] "POST /v3/auth/tokens HTTP/1.1" 201 1992
[Tue Apr 28 22:42:52.159598 2026] [wsgi:error] [pid 11:tid 140061260134080] [remote 10.0.0.51:54796] 2026-04-28 22:42:52.159 11 WARNING keystone.common.fernet_utils [None req-1bca7306-c227-4c78-a8d0-9537423fd07f - - - - - -] key_repository is world readable: /etc/keystone/fernet-keys/ 10.0.0.51 - - [28/Apr/2026:22:42:51 +0000] "POST /v3/auth/tokens HTTP/1.1" 201 1992 10.0.0.51 - - [28/Apr/2026:22:42:52 +0000] "GET /v3/endpoints/a8c54ee53e144f2686f00d9091c56a0b HTTP/1.1" 200 383 10.0.0.51 - - [28/Apr/2026:22:42:52 +0000] "GET /v3/services/8a4d0745bf55436793dbe0610bbc16d3 HTTP/1.1" 200 296
[Tue Apr 28 22:42:52.225163 2026] [wsgi:error] [pid 12:tid 140061260134080] [remote 10.0.0.51:54798] 2026-04-28 22:42:52.225 12 WARNING keystone.common.fernet_utils [None req-75be0d80-4989-4029-ba81-666d581b24f6 - - - - - -] key_repository is world readable: /etc/keystone/fernet-keys/ 10.0.0.51 - - [28/Apr/2026:22:42:51 +0000] "POST /v3/auth/tokens HTTP/1.1" 201 1992 10.0.0.51 - - [28/Apr/2026:22:42:52 +0000] "GET /v3/endpoints/80f596733fa7485fae80cb782b9e0a52 HTTP/1.1" 200 380 10.0.0.51 - - [28/Apr/2026:22:42:52 +0000] "GET /v3/services/8a4d0745bf55436793dbe0610bbc16d3 HTTP/1.1" 200 296 10.0.0.51 - - [28/Apr/2026:22:42:52 +0000] "GET /v3/endpoints/fe0e2827bcb149c79d37148584962cfe HTTP/1.1" 200 370 10.0.0.51 - - [28/Apr/2026:22:42:52 +0000] "GET /v3/services/8a4d0745bf55436793dbe0610bbc16d3 HTTP/1.1" 200 296 10.0.0.13 - - [28/Apr/2026:22:43:04 +0000] "GET / HTTP/1.1" 300 295
[Tue Apr 28 22:43:04.311241 2026] [wsgi:error] [pid 10:tid 140061260134080] [remote 10.0.0.13:38160] 2026-04-28 22:43:04.311 10 WARNING keystone.common.password_hashing [None req-9ef5784e-890b-4178-9317-b9f73d4274a1 - - - - - -] Truncating password to algorithm specific maximum length 72 characters.
[Tue Apr 28 22:43:04.607146 2026] [wsgi:error] [pid 10:tid 140061260134080] [remote 10.0.0.13:38160] 2026-04-28 22:43:04.606 10 WARNING keystone.common.fernet_utils [None req-9ef5784e-890b-4178-9317-b9f73d4274a1 - - - - - -] key_repository is world readable: /etc/keystone/fernet-keys/ 10.0.0.13 - - [28/Apr/2026:22:43:04 +0000] "POST /v3/auth/tokens HTTP/1.1" 201 1992 10.0.0.13 - - [28/Apr/2026:22:43:04 +0000] "POST /v3/domains HTTP/1.1" 201 284 10.0.0.13 - - [28/Apr/2026:22:43:06 +0000] "GET / HTTP/1.1" 300 295
[Tue Apr 28 22:43:06.232217 2026] [wsgi:error] [pid 11:tid 140061260134080] [remote 10.0.0.13:38162] 2026-04-28 22:43:06.232 11 WARNING keystone.common.password_hashing [None req-9703fea5-7605-48f2-801e-30b64d0ddf8b - - - - - -] Truncating password to algorithm specific maximum length 72 characters.
[Tue Apr 28 22:43:06.512380 2026] [wsgi:error] [pid 11:tid 140061260134080] [remote 10.0.0.13:38162] 2026-04-28 22:43:06.512 11 WARNING keystone.common.fernet_utils [None req-9703fea5-7605-48f2-801e-30b64d0ddf8b - - - - - -] key_repository is world readable: /etc/keystone/fernet-keys/ 10.0.0.13 - - [28/Apr/2026:22:43:06 +0000] "POST /v3/auth/tokens HTTP/1.1" 201 1992
[Tue Apr 28 22:43:06.685805 2026] [wsgi:error] [pid 10:tid 140061260134080] [remote 10.0.0.13:38162] 2026-04-28 22:43:06.673 10 ERROR keystone.server.flask.application [None req-4b1b1900-4ab9-4557-a310-a3bf86df0a94 75322988242548b7bcd8a3f0e76290d1 931c1109cb014d66853423e34624e8ad - - default default] Conflict occurred attempting to store project - it is not permitted to have two projects acting as domains with the same name: service.: keystone.exception.Conflict: Conflict occurred attempting to store project - it is not permitted to have two projects acting as domains with the same name: service.
[Tue Apr 28 22:43:06.685826 2026] [wsgi:error] [pid 10:tid 140061260134080] [remote 10.0.0.13:38162] 2026-04-28 22:43:06.673 10 ERROR keystone.server.flask.application
Traceback (most recent call last):
[Tue Apr 28 22:43:06.685828 2026] [wsgi:error] [pid 10:tid 140061260134080] [remote 10.0.0.13:38162] 2026-04-28 22:43:06.673 10 ERROR keystone.server.flask.application
File "/var/lib/openstack/lib/python3.12/site-packages/sqlalchemy/engine/base.py", line 1967, in _exec_single_context
[Tue Apr 28 22:43:06.685830 2026] [wsgi:error] [pid 10:tid 140061260134080] [remote 10.0.0.13:38162] 2026-04-28 22:43:06.673 10 ERROR keystone.server.flask.application self.dialect.do_execute(
[Tue Apr 28 22:43:06.685831 2026] [wsgi:error] [pid 10:tid 140061260134080] [remote 10.0.0.13:38162] 2026-04-28 22:43:06.673 10 ERROR keystone.server.flask.application
File "/var/lib/openstack/lib/python3.12/site-packages/sqlalchemy/engine/default.py", line 952, in do_execute
[Tue Apr 28 22:43:06.685833 2026] [wsgi:error] [pid 10:tid 140061260134080] [remote 10.0.0.13:38162] 2026-04-28 22:43:06.673 10 ERROR keystone.server.flask.application cursor.execute(statement, parameters)
[Tue Apr 28 22:43:06.685835 2026] [wsgi:error] [pid 10:tid 140061260134080] [remote 10.0.0.13:38162] 2026-04-28 22:43:06.673 10 ERROR keystone.server.flask.application
File "/var/lib/openstack/lib/python3.12/site-packages/pymysql/cursors.py", line 153, in execute
[Tue Apr 28 22:43:06.685836 2026] [wsgi:error] [pid 10:tid 140061260134080] [remote 10.0.0.13:38162] 2026-04-28 22:43:06.673 10 ERROR keystone.server.flask.application result = self._query(query)
[Tue Apr 28 22:43:06.685837 2026] [wsgi:error] [pid 10:tid 140061260134080] [remote 10.0.0.13:38162] 2026-04-28 22:43:06.673 10 ERROR keystone.server.flask.application ^^^^^^^^^^^^^^^^^^
[Tue Apr 28 22:43:06.685839 2026] [wsgi:error] [pid 10:tid 140061260134080] [remote 10.0.0.13:38162] 2026-04-28 22:43:06.673 10 ERROR keystone.server.flask.application
File "/var/lib/openstack/lib/python3.12/site-packages/pymysql/cursors.py", line 322, in _query
[Tue Apr 28 22:43:06.685840 2026] [wsgi:error] [pid 10:tid 140061260134080] [remote 10.0.0.13:38162] 2026-04-28 22:43:06.673 10 ERROR keystone.server.flask.application conn.query(q)
[Tue Apr 28 22:43:06.685842 2026] [wsgi:error] [pid 10:tid 140061260134080] [remote 10.0.0.13:38162] 2026-04-28 22:43:06.673 10 ERROR keystone.server.flask.application
File "/var/lib/openstack/lib/python3.12/site-packages/pymysql/connections.py", line 575, in query
[Tue Apr 28 22:43:06.685843 2026] [wsgi:error] [pid 10:tid 140061260134080] [remote 10.0.0.13:38162] 2026-04-28 22:43:06.673 10 ERROR keystone.server.flask.application self._affected_rows = self._read_query_result(unbuffered=unbuffered)
[Tue Apr 28 22:43:06.685845 2026] [wsgi:error] [pid 10:tid 140061260134080] [remote 10.0.0.13:38162] 2026-04-28 22:43:06.673 10 ERROR keystone.server.flask.application ^^^^^^^^^^^^^^^^^^^^^^^^^^^^^^^^^^^^^^^^^^^^^^
[Tue Apr 28 22:43:06.685846 2026] [wsgi:error] [pid 10:tid 140061260134080] [remote 10.0.0.13:38162] 2026-04-28 22:43:06.673 10 ERROR keystone.server.flask.application
File "/var/lib/openstack/lib/python3.12/site-packages/pymysql/connections.py", line 826, in _read_query_result
[Tue Apr 28 22:43:06.685847 2026] [wsgi:error] [pid 10:tid 140061260134080] [remote 10.0.0.13:38162] 2026-04-28 22:43:06.673 10 ERROR keystone.server.flask.application result.read()
[Tue Apr 28 22:43:06.685851 2026] [wsgi:error] [pid 10:tid 140061260134080] [remote 10.0.0.13:38162] 2026-04-28 22:43:06.673 10 ERROR keystone.server.flask.application
File "/var/lib/openstack/lib/python3.12/site-packages/pymysql/connections.py", line 1203, in read
[Tue Apr 28 22:43:06.685852 2026] [wsgi:error] [pid 10:tid 140061260134080] [remote 10.0.0.13:38162] 2026-04-28 22:43:06.673 10 ERROR keystone.server.flask.application first_packet = self.connection._read_packet()
[Tue Apr 28 22:43:06.685853 2026] [wsgi:error] [pid 10:tid 140061260134080] [remote 10.0.0.13:38162] 2026-04-28 22:43:06.673 10 ERROR keystone.server.flask.application ^^^^^^^^^^^^^^^^^^^^^^^^^^^^^^
[Tue Apr 28 22:43:06.685855 2026] [wsgi:error] [pid 10:tid 140061260134080] [remote 10.0.0.13:38162] 2026-04-28 22:43:06.673 10 ERROR keystone.server.flask.application
File "/var/lib/openstack/lib/python3.12/site-packages/pymysql/connections.py", line 782, in _read_packet
[Tue Apr 28 22:43:06.685856 2026] [wsgi:error] [pid 10:tid 140061260134080] [remote 10.0.0.13:38162] 2026-04-28 22:43:06.673 10 ERROR keystone.server.flask.application packet.raise_for_error()
[Tue Apr 28 22:43:06.685858 2026] [wsgi:error] [pid 10:tid 140061260134080] [remote 10.0.0.13:38162] 2026-04-28 22:43:06.673 10 ERROR keystone.server.flask.application
File "/var/lib/openstack/lib/python3.12/site-packages/pymysql/protocol.py", line 219, in raise_for_error
[Tue Apr 28 22:43:06.685859 2026] [wsgi:error] [pid 10:tid 140061260134080] [remote 10.0.0.13:38162] 2026-04-28 22:43:06.673 10 ERROR keystone.server.flask.application err.raise_mysql_exception(self._data)
[Tue Apr 28 22:43:06.685861 2026] [wsgi:error] [pid 10:tid 140061260134080] [remote 10.0.0.13:38162] 2026-04-28 22:43:06.673 10 ERROR keystone.server.flask.application
File "/var/lib/openstack/lib/python3.12/site-packages/pymysql/err.py", line 150, in raise_mysql_exception
[Tue Apr 28 22:43:06.685862 2026] [wsgi:error] [pid 10:tid 140061260134080] [remote 10.0.0.13:38162] 2026-04-28 22:43:06.673 10 ERROR keystone.server.flask.application raise errorclass(errno, errval)
[Tue Apr 28 22:43:06.685864 2026] [wsgi:error] [pid 10:tid 140061260134080] [remote 10.0.0.13:38162] 2026-04-28 22:43:06.673 10 ERROR keystone.server.flask.application pymysql.err.IntegrityError: (1062, "Duplicate entry '<>-service' for key 'project.ixu_project_name_domain_id'")
[Tue Apr 28 22:43:06.685865 2026] [wsgi:error] [pid 10:tid 140061260134080] [remote 10.0.0.13:38162] 2026-04-28 22:43:06.673 10 ERROR keystone.server.flask.application
[Tue Apr 28 22:43:06.685867 2026] [wsgi:error] [pid 10:tid 140061260134080] [remote 10.0.0.13:38162] 2026-04-28 22:43:06.673 10 ERROR keystone.server.flask.application The above exception was the direct cause of the following exception:
[Tue Apr 28 22:43:06.685868 2026] [wsgi:error] [pid 10:tid 140061260134080] [remote 10.0.0.13:38162] 2026-04-28 22:43:06.673 10 ERROR keystone.server.flask.application
[Tue Apr 28 22:43:06.685869 2026] [wsgi:error] [pid 10:tid 140061260134080] [remote 10.0.0.13:38162] 2026-04-28 22:43:06.673 10 ERROR keystone.server.flask.application
Traceback (most recent call last):
[Tue Apr 28 22:43:06.685871 2026] [wsgi:error] [pid 10:tid 140061260134080] [remote 10.0.0.13:38162] 2026-04-28 22:43:06.673 10 ERROR keystone.server.flask.application
File "/var/lib/openstack/lib/python3.12/site-packages/keystone/common/sql/core.py", line 575, in wrapper
[Tue Apr 28 22:43:06.685872 2026] [wsgi:error] [pid 10:tid 140061260134080] [remote 10.0.0.13:38162] 2026-04-28 22:43:06.673 10 ERROR keystone.server.flask.application return method(*args, **kwargs)
[Tue Apr 28 22:43:06.685873 2026] [wsgi:error] [pid 10:tid 140061260134080] [remote 10.0.0.13:38162] 2026-04-28 22:43:06.673 10 ERROR keystone.server.flask.application ^^^^^^^^^^^^^^^^^^^^^^^
[Tue Apr 28 22:43:06.685875 2026] [wsgi:error] [pid 10:tid 140061260134080] [remote 10.0.0.13:38162] 2026-04-28 22:43:06.673 10 ERROR keystone.server.flask.application
File "/var/lib/openstack/lib/python3.12/site-packages/keystone/resource/backends/sql.py", line 278, in create_project
[Tue Apr 28 22:43:06.685877 2026] [wsgi:error] [pid 10:tid 140061260134080] [remote 10.0.0.13:38162] 2026-04-28 22:43:06.673 10 ERROR keystone.server.flask.application with sql.session_for_write() as session:
[Tue Apr 28 22:43:06.685878 2026] [wsgi:error] [pid 10:tid 140061260134080] [remote 10.0.0.13:38162] 2026-04-28 22:43:06.673 10 ERROR keystone.server.flask.application
File "/usr/lib/python3.12/contextlib.py", line 144, in __exit__
[Tue Apr 28 22:43:06.685880 2026] [wsgi:error] [pid 10:tid 140061260134080] [remote 10.0.0.13:38162] 2026-04-28 22:43:06.673 10 ERROR keystone.server.flask.application next(self.gen)
[Tue Apr 28 22:43:06.685881 2026] [wsgi:error] [pid 10:tid 140061260134080] [remote 10.0.0.13:38162] 2026-04-28 22:43:06.673 10 ERROR keystone.server.flask.application
File "/var/lib/openstack/lib/python3.12/site-packages/oslo_db/sqlalchemy/enginefacade.py", line 1175, in _transaction_scope
[Tue Apr 28 22:43:06.685882 2026] [wsgi:error] [pid 10:tid 140061260134080] [remote 10.0.0.13:38162] 2026-04-28 22:43:06.673 10 ERROR keystone.server.flask.application with current._produce_block(
[Tue Apr 28 22:43:06.685884 2026] [wsgi:error] [pid 10:tid 140061260134080] [remote 10.0.0.13:38162] 2026-04-28 22:43:06.673 10 ERROR keystone.server.flask.application
File "/usr/lib/python3.12/contextlib.py", line 144, in __exit__
[Tue Apr 28 22:43:06.685885 2026] [wsgi:error] [pid 10:tid 140061260134080] [remote 10.0.0.13:38162] 2026-04-28 22:43:06.673 10 ERROR keystone.server.flask.application next(self.gen)
[Tue Apr 28 22:43:06.685886 2026] [wsgi:error] [pid 10:tid 140061260134080] [remote 10.0.0.13:38162] 2026-04-28 22:43:06.673 10 ERROR keystone.server.flask.application
File "/var/lib/openstack/lib/python3.12/site-packages/oslo_db/sqlalchemy/enginefacade.py", line 837, in _session
[Tue Apr 28 22:43:06.685897 2026] [wsgi:error] [pid 10:tid 140061260134080] [remote 10.0.0.13:38162] 2026-04-28 22:43:06.673 10 ERROR keystone.server.flask.application with excutils.save_and_reraise_exception():
[Tue Apr 28 22:43:06.685899 2026] [wsgi:error] [pid 10:tid 140061260134080] [remote 10.0.0.13:38162] 2026-04-28 22:43:06.673 10 ERROR keystone.server.flask.application
File "/var/lib/openstack/lib/python3.12/site-packages/oslo_utils/excutils.py", line 271, in __exit__
[Tue Apr 28 22:43:06.685901 2026] [wsgi:error] [pid 10:tid 140061260134080] [remote 10.0.0.13:38162] 2026-04-28 22:43:06.673 10 ERROR keystone.server.flask.application self.force_reraise()
[Tue Apr 28 22:43:06.685902 2026] [wsgi:error] [pid 10:tid 140061260134080] [remote 10.0.0.13:38162] 2026-04-28 22:43:06.673 10 ERROR keystone.server.flask.application
File "/var/lib/openstack/lib/python3.12/site-packages/oslo_utils/excutils.py", line 233, in force_reraise
[Tue Apr 28 22:43:06.685904 2026] [wsgi:error] [pid 10:tid 140061260134080] [remote 10.0.0.13:38162] 2026-04-28 22:43:06.673 10 ERROR keystone.server.flask.application raise self.value
[Tue Apr 28 22:43:06.685905 2026] [wsgi:error] [pid 10:tid 140061260134080] [remote 10.0.0.13:38162] 2026-04-28 22:43:06.673 10 ERROR keystone.server.flask.application
File "/var/lib/openstack/lib/python3.12/site-packages/oslo_db/sqlalchemy/enginefacade.py", line 835, in _session
[Tue Apr 28 22:43:06.685907 2026] [wsgi:error] [pid 10:tid 140061260134080] [remote 10.0.0.13:38162] 2026-04-28 22:43:06.673 10 ERROR keystone.server.flask.application self._end_session_transaction(self.session)
[Tue Apr 28 22:43:06.685908 2026] [wsgi:error] [pid 10:tid 140061260134080] [remote 10.0.0.13:38162] 2026-04-28 22:43:06.673 10 ERROR keystone.server.flask.application
File "/var/lib/openstack/lib/python3.12/site-packages/oslo_db/sqlalchemy/enginefacade.py", line 748, in _end_session_transaction
[Tue Apr 28 22:43:06.685910 2026] [wsgi:error] [pid 10:tid 140061260134080] [remote 10.0.0.13:38162] 2026-04-28 22:43:06.673 10 ERROR keystone.server.flask.application session.commit()
[Tue Apr 28 22:43:06.685912 2026] [wsgi:error] [pid 10:tid 140061260134080] [remote 10.0.0.13:38162] 2026-04-28 22:43:06.673 10 ERROR keystone.server.flask.application
File "/var/lib/openstack/lib/python3.12/site-packages/sqlalchemy/orm/session.py", line 2030, in commit
[Tue Apr 28 22:43:06.685913 2026] [wsgi:error] [pid 10:tid 140061260134080] [remote 10.0.0.13:38162] 2026-04-28 22:43:06.673 10 ERROR keystone.server.flask.application trans.commit(_to_root=True)
[Tue Apr 28 22:43:06.685915 2026] [wsgi:error] [pid 10:tid 140061260134080] [remote 10.0.0.13:38162] 2026-04-28 22:43:06.673 10 ERROR keystone.server.flask.application File "", line 2, in commit
[Tue Apr 28 22:43:06.685916 2026] [wsgi:error] [pid 10:tid 140061260134080] [remote 10.0.0.13:38162] 2026-04-28 22:43:06.673 10 ERROR keystone.server.flask.application
File "/var/lib/openstack/lib/python3.12/site-packages/sqlalchemy/orm/state_changes.py", line 137, in _go
[Tue Apr 28 22:43:06.685918 2026] [wsgi:error] [pid 10:tid 140061260134080] [remote 10.0.0.13:38162] 2026-04-28 22:43:06.673 10 ERROR keystone.server.flask.application ret_value = fn(self, *arg, **kw)
[Tue Apr 28 22:43:06.685919 2026] [wsgi:error] [pid 10:tid 140061260134080] [remote 10.0.0.13:38162] 2026-04-28 22:43:06.673 10 ERROR keystone.server.flask.application ^^^^^^^^^^^^^^^^^^^^
[Tue Apr 28 22:43:06.685921 2026] [wsgi:error] [pid 10:tid 140061260134080] [remote 10.0.0.13:38162] 2026-04-28 22:43:06.673 10 ERROR keystone.server.flask.application
File "/var/lib/openstack/lib/python3.12/site-packages/sqlalchemy/orm/session.py", line 1311, in commit
[Tue Apr 28 22:43:06.685922 2026] [wsgi:error] [pid 10:tid 140061260134080] [remote 10.0.0.13:38162] 2026-04-28 22:43:06.673 10 ERROR keystone.server.flask.application self._prepare_impl()
[Tue Apr 28 22:43:06.685925 2026] [wsgi:error] [pid 10:tid 140061260134080] [remote 10.0.0.13:38162] 2026-04-28 22:43:06.673 10 ERROR keystone.server.flask.application File "", line 2, in _prepare_impl
[Tue Apr 28 22:43:06.685926 2026] [wsgi:error] [pid 10:tid 140061260134080] [remote 10.0.0.13:38162] 2026-04-28 22:43:06.673 10 ERROR keystone.server.flask.application
File "/var/lib/openstack/lib/python3.12/site-packages/sqlalchemy/orm/state_changes.py", line 137, in _go
[Tue Apr 28 22:43:06.685928 2026] [wsgi:error] [pid 10:tid 140061260134080] [remote 10.0.0.13:38162] 2026-04-28 22:43:06.673 10 ERROR keystone.server.flask.application ret_value = fn(self, *arg, **kw)
[Tue Apr 28 22:43:06.685929 2026] [wsgi:error] [pid 10:tid 140061260134080] [remote 10.0.0.13:38162] 2026-04-28 22:43:06.673 10 ERROR keystone.server.flask.application ^^^^^^^^^^^^^^^^^^^^
[Tue Apr 28 22:43:06.685930 2026] [wsgi:error] [pid 10:tid 140061260134080] [remote 10.0.0.13:38162] 2026-04-28 22:43:06.673 10 ERROR keystone.server.flask.application
File "/var/lib/openstack/lib/python3.12/site-packages/sqlalchemy/orm/session.py", line 1286, in _prepare_impl
[Tue Apr 28 22:43:06.685935 2026] [wsgi:error] [pid 10:tid 140061260134080] [remote 10.0.0.13:38162] 2026-04-28 22:43:06.673 10 ERROR keystone.server.flask.application self.session.flush()
[Tue Apr 28 22:43:06.685936 2026] [wsgi:error] [pid 10:tid 140061260134080] [remote 10.0.0.13:38162] 2026-04-28 22:43:06.673 10 ERROR keystone.server.flask.application
File "/var/lib/openstack/lib/python3.12/site-packages/sqlalchemy/orm/session.py", line 4331, in flush
[Tue Apr 28 22:43:06.685938 2026] [wsgi:error] [pid 10:tid 140061260134080] [remote 10.0.0.13:38162] 2026-04-28 22:43:06.673 10 ERROR keystone.server.flask.application self._flush(objects)
[Tue Apr 28 22:43:06.685940 2026] [wsgi:error] [pid 10:tid 140061260134080] [remote 10.0.0.13:38162] 2026-04-28 22:43:06.673 10 ERROR keystone.server.flask.application
File "/var/lib/openstack/lib/python3.12/site-packages/sqlalchemy/orm/session.py", line 4466, in _flush
[Tue Apr 28 22:43:06.685941 2026] [wsgi:error] [pid 10:tid 140061260134080] [remote 10.0.0.13:38162] 2026-04-28 22:43:06.673 10 ERROR keystone.server.flask.application with util.safe_reraise():
[Tue Apr 28 22:43:06.685944 2026] [wsgi:error] [pid 10:tid 140061260134080] [remote 10.0.0.13:38162] 2026-04-28 22:43:06.673 10 ERROR keystone.server.flask.application
File "/var/lib/openstack/lib/python3.12/site-packages/sqlalchemy/util/langhelpers.py", line 121, in __exit__
[Tue Apr 28 22:43:06.685946 2026] [wsgi:error] [pid 10:tid 140061260134080] [remote 10.0.0.13:38162] 2026-04-28 22:43:06.673 10 ERROR keystone.server.flask.application raise exc_value.with_traceback(exc_tb)
[Tue Apr 28 22:43:06.685948 2026] [wsgi:error] [pid 10:tid 140061260134080] [remote 10.0.0.13:38162] 2026-04-28 22:43:06.673 10 ERROR keystone.server.flask.application
File "/var/lib/openstack/lib/python3.12/site-packages/sqlalchemy/orm/session.py", line 4427, in _flush
[Tue Apr 28 22:43:06.685949 2026] [wsgi:error] [pid 10:tid 140061260134080] [remote 10.0.0.13:38162] 2026-04-28 22:43:06.673 10 ERROR keystone.server.flask.application flush_context.execute()
[Tue Apr 28 22:43:06.685951 2026] [wsgi:error] [pid 10:tid 140061260134080] [remote 10.0.0.13:38162] 2026-04-28 22:43:06.673 10 ERROR keystone.server.flask.application
File "/var/lib/openstack/lib/python3.12/site-packages/sqlalchemy/orm/unitofwork.py", line 466, in execute
