Apr 04 10:33:13.130229 np0000163480 nova-scheduler[107715]: DEBUG cotyledon.oslo_config_glue [-] vnc.vencrypt_client_key = None {{(pid=107715) log_opt_values /opt/stack/data/venv/lib/python3.12/site-packages/oslo_config/cfg.py:3006}}
Apr 04 10:33:13.130229 np0000163480 nova-scheduler[107715]: DEBUG cotyledon.oslo_config_glue [-] workarounds.disable_compute_service_check_for_ffu = False {{(pid=107715) log_opt_values /opt/stack/data/venv/lib/python3.12/site-packages/oslo_config/cfg.py:3006}}
Apr 04 10:33:13.130229 np0000163480 nova-scheduler[107715]: DEBUG cotyledon.oslo_config_glue [-] workarounds.disable_deep_image_inspection = False {{(pid=107715) log_opt_values /opt/stack/data/venv/lib/python3.12/site-packages/oslo_config/cfg.py:3006}}
Apr 04 10:33:13.130229 np0000163480 nova-scheduler[107715]: DEBUG cotyledon.oslo_config_glue [-] workarounds.disable_fallback_pcpu_query = False {{(pid=107715) log_opt_values /opt/stack/data/venv/lib/python3.12/site-packages/oslo_config/cfg.py:3006}}
Apr 04 10:33:13.130229 np0000163480 nova-scheduler[107715]: DEBUG cotyledon.oslo_config_glue [-] workarounds.disable_group_policy_check_upcall = False {{(pid=107715) log_opt_values /opt/stack/data/venv/lib/python3.12/site-packages/oslo_config/cfg.py:3006}}
Apr 04 10:33:13.130229 np0000163480 nova-scheduler[107715]: DEBUG cotyledon.oslo_config_glue [-] workarounds.disable_libvirt_livesnapshot = False {{(pid=107715) log_opt_values /opt/stack/data/venv/lib/python3.12/site-packages/oslo_config/cfg.py:3006}}
Apr 04 10:33:13.130229 np0000163480 nova-scheduler[107715]: DEBUG cotyledon.oslo_config_glue [-] workarounds.disable_rootwrap = False {{(pid=107715) log_opt_values /opt/stack/data/venv/lib/python3.12/site-packages/oslo_config/cfg.py:3006}}
Apr 04 10:33:13.130229 np0000163480 nova-scheduler[107715]: DEBUG cotyledon.oslo_config_glue [-] workarounds.enable_numa_live_migration = False {{(pid=107715) log_opt_values /opt/stack/data/venv/lib/python3.12/site-packages/oslo_config/cfg.py:3006}}
Apr 04 10:33:13.130229 np0000163480 nova-scheduler[107715]: DEBUG cotyledon.oslo_config_glue [-] workarounds.enable_qemu_monitor_announce_self = False {{(pid=107715) log_opt_values /opt/stack/data/venv/lib/python3.12/site-packages/oslo_config/cfg.py:3006}}
Apr 04 10:33:13.130459 np0000163480 nova-scheduler[107715]: DEBUG cotyledon.oslo_config_glue [-] workarounds.ensure_libvirt_rbd_instance_dir_cleanup = False {{(pid=107715) log_opt_values /opt/stack/data/venv/lib/python3.12/site-packages/oslo_config/cfg.py:3006}}
Apr 04 10:33:13.130459 np0000163480 nova-scheduler[107715]: DEBUG cotyledon.oslo_config_glue [-] workarounds.handle_virt_lifecycle_events = True {{(pid=107715) log_opt_values /opt/stack/data/venv/lib/python3.12/site-packages/oslo_config/cfg.py:3006}}
Apr 04 10:33:13.130459 np0000163480 nova-scheduler[107715]: DEBUG cotyledon.oslo_config_glue [-] workarounds.libvirt_disable_apic = False {{(pid=107715) log_opt_values /opt/stack/data/venv/lib/python3.12/site-packages/oslo_config/cfg.py:3006}}
Apr 04 10:33:13.130459 np0000163480 nova-scheduler[107715]: DEBUG cotyledon.oslo_config_glue [-] workarounds.never_download_image_if_on_rbd = False {{(pid=107715) log_opt_values /opt/stack/data/venv/lib/python3.12/site-packages/oslo_config/cfg.py:3006}}
Apr 04 10:33:13.130459 np0000163480 nova-scheduler[107715]: DEBUG cotyledon.oslo_config_glue [-] workarounds.qemu_monitor_announce_self_count = 3 {{(pid=107715) log_opt_values /opt/stack/data/venv/lib/python3.12/site-packages/oslo_config/cfg.py:3006}}
Apr 04 10:33:13.130459 np0000163480 nova-scheduler[107715]: DEBUG cotyledon.oslo_config_glue [-] workarounds.qemu_monitor_announce_self_interval = 1 {{(pid=107715) log_opt_values /opt/stack/data/venv/lib/python3.12/site-packages/oslo_config/cfg.py:3006}}
Apr 04 10:33:13.130459 np0000163480 nova-scheduler[107715]: DEBUG cotyledon.oslo_config_glue [-] workarounds.reserve_disk_resource_for_image_cache = False {{(pid=107715) log_opt_values /opt/stack/data/venv/lib/python3.12/site-packages/oslo_config/cfg.py:3006}}
Apr 04 10:33:13.130459 np0000163480 nova-scheduler[107715]: DEBUG cotyledon.oslo_config_glue [-] workarounds.skip_cpu_compare_at_startup = False {{(pid=107715) log_opt_values /opt/stack/data/venv/lib/python3.12/site-packages/oslo_config/cfg.py:3006}}
Apr 04 10:33:13.130459 np0000163480 nova-scheduler[107715]: DEBUG cotyledon.oslo_config_glue [-] workarounds.skip_cpu_compare_on_dest = False {{(pid=107715) log_opt_values /opt/stack/data/venv/lib/python3.12/site-packages/oslo_config/cfg.py:3006}}
Apr 04 10:33:13.130677 np0000163480 nova-scheduler[107715]: DEBUG cotyledon.oslo_config_glue [-] workarounds.skip_hypervisor_version_check_on_lm = False {{(pid=107715) log_opt_values /opt/stack/data/venv/lib/python3.12/site-packages/oslo_config/cfg.py:3006}}
Apr 04 10:33:13.130677 np0000163480 nova-scheduler[107715]: DEBUG cotyledon.oslo_config_glue [-] workarounds.skip_reserve_in_use_ironic_nodes = False {{(pid=107715) log_opt_values /opt/stack/data/venv/lib/python3.12/site-packages/oslo_config/cfg.py:3006}}
Apr 04 10:33:13.130677 np0000163480 nova-scheduler[107715]: DEBUG cotyledon.oslo_config_glue [-] workarounds.unified_limits_count_pcpu_as_vcpu = False {{(pid=107715) log_opt_values /opt/stack/data/venv/lib/python3.12/site-packages/oslo_config/cfg.py:3006}}
Apr 04 10:33:13.130677 np0000163480 nova-scheduler[107715]: DEBUG cotyledon.oslo_config_glue [-] workarounds.wait_for_vif_plugged_event_during_hard_reboot = [] {{(pid=107715) log_opt_values /opt/stack/data/venv/lib/python3.12/site-packages/oslo_config/cfg.py:3006}}
Apr 04 10:33:13.130677 np0000163480 nova-scheduler[107715]: DEBUG cotyledon.oslo_config_glue [-] wsgi.api_paste_config = /etc/nova/api-paste.ini {{(pid=107715) log_opt_values /opt/stack/data/venv/lib/python3.12/site-packages/oslo_config/cfg.py:3006}}
Apr 04 10:33:13.130677 np0000163480 nova-scheduler[107715]: DEBUG cotyledon.oslo_config_glue [-] wsgi.secure_proxy_ssl_header = None {{(pid=107715) log_opt_values /opt/stack/data/venv/lib/python3.12/site-packages/oslo_config/cfg.py:3006}}
Apr 04 10:33:13.130677 np0000163480 nova-scheduler[107715]: DEBUG cotyledon.oslo_config_glue [-] zvm.ca_file = None {{(pid=107715) log_opt_values /opt/stack/data/venv/lib/python3.12/site-packages/oslo_config/cfg.py:3006}}
Apr 04 10:33:13.130677 np0000163480 nova-scheduler[107715]: DEBUG cotyledon.oslo_config_glue [-] zvm.cloud_connector_url = None {{(pid=107715) log_opt_values /opt/stack/data/venv/lib/python3.12/site-packages/oslo_config/cfg.py:3006}}
Apr 04 10:33:13.130677 np0000163480 nova-scheduler[107715]: DEBUG cotyledon.oslo_config_glue [-] zvm.image_tmp_path = /opt/stack/data/nova/images {{(pid=107715) log_opt_values /opt/stack/data/venv/lib/python3.12/site-packages/oslo_config/cfg.py:3006}}
Apr 04 10:33:13.130886 np0000163480 nova-scheduler[107715]: DEBUG cotyledon.oslo_config_glue [-] zvm.reachable_timeout = 300 {{(pid=107715) log_opt_values /opt/stack/data/venv/lib/python3.12/site-packages/oslo_config/cfg.py:3006}}
Apr 04 10:33:13.130886 np0000163480 nova-scheduler[107715]: DEBUG cotyledon.oslo_config_glue [-] oslo_versionedobjects.fatal_exception_format_errors = False {{(pid=107715) log_opt_values /opt/stack/data/venv/lib/python3.12/site-packages/oslo_config/cfg.py:3006}}
Apr 04 10:33:13.130886 np0000163480 nova-scheduler[107715]: DEBUG cotyledon.oslo_config_glue [-] oslo_middleware.http_basic_auth_user_file = /etc/htpasswd {{(pid=107715) log_opt_values /opt/stack/data/venv/lib/python3.12/site-packages/oslo_config/cfg.py:3006}}
Apr 04 10:33:13.130886 np0000163480 nova-scheduler[107715]: DEBUG cotyledon.oslo_config_glue [-] oslo_messaging_metrics.metrics_buffer_size = 1000 {{(pid=107715) log_opt_values /opt/stack/data/venv/lib/python3.12/site-packages/oslo_config/cfg.py:3006}}
Apr 04 10:33:13.130886 np0000163480 nova-scheduler[107715]: DEBUG cotyledon.oslo_config_glue [-] oslo_messaging_metrics.metrics_enabled = False {{(pid=107715) log_opt_values /opt/stack/data/venv/lib/python3.12/site-packages/oslo_config/cfg.py:3006}}
Apr 04 10:33:13.130886 np0000163480 nova-scheduler[107715]: DEBUG cotyledon.oslo_config_glue [-] oslo_messaging_metrics.metrics_process_name = {{(pid=107715) log_opt_values /opt/stack/data/venv/lib/python3.12/site-packages/oslo_config/cfg.py:3006}}
Apr 04 10:33:13.130886 np0000163480 nova-scheduler[107715]: DEBUG cotyledon.oslo_config_glue [-] oslo_messaging_metrics.metrics_socket_file = /var/tmp/metrics_collector.sock {{(pid=107715) log_opt_values /opt/stack/data/venv/lib/python3.12/site-packages/oslo_config/cfg.py:3006}}
Apr 04 10:33:13.130886 np0000163480 nova-scheduler[107715]: DEBUG cotyledon.oslo_config_glue [-] oslo_messaging_metrics.metrics_thread_stop_timeout = 10 {{(pid=107715) log_opt_values /opt/stack/data/venv/lib/python3.12/site-packages/oslo_config/cfg.py:3006}}
Apr 04 10:33:13.131080 np0000163480 nova-scheduler[107715]: DEBUG cotyledon.oslo_config_glue [-] profiler.connection_string = messaging:// {{(pid=107715) log_opt_values /opt/stack/data/venv/lib/python3.12/site-packages/oslo_config/cfg.py:3006}}
Apr 04 10:33:13.131080 np0000163480 nova-scheduler[107715]: DEBUG cotyledon.oslo_config_glue [-] profiler.enabled = False {{(pid=107715) log_opt_values /opt/stack/data/venv/lib/python3.12/site-packages/oslo_config/cfg.py:3006}}
Apr 04 10:33:13.131080 np0000163480 nova-scheduler[107715]: DEBUG cotyledon.oslo_config_glue [-] profiler.es_doc_type = notification {{(pid=107715) log_opt_values /opt/stack/data/venv/lib/python3.12/site-packages/oslo_config/cfg.py:3006}}
Apr 04 10:33:13.131080 np0000163480 nova-scheduler[107715]: DEBUG cotyledon.oslo_config_glue [-] profiler.es_scroll_size = 10000 {{(pid=107715) log_opt_values /opt/stack/data/venv/lib/python3.12/site-packages/oslo_config/cfg.py:3006}}
Apr 04 10:33:13.131080 np0000163480 nova-scheduler[107715]: DEBUG cotyledon.oslo_config_glue [-] profiler.es_scroll_time = 2m {{(pid=107715) log_opt_values /opt/stack/data/venv/lib/python3.12/site-packages/oslo_config/cfg.py:3006}}
Apr 04 10:33:13.131080 np0000163480 nova-scheduler[107715]: DEBUG cotyledon.oslo_config_glue [-] profiler.filter_error_trace = False {{(pid=107715) log_opt_values /opt/stack/data/venv/lib/python3.12/site-packages/oslo_config/cfg.py:3006}}
Apr 04 10:33:13.131080 np0000163480 nova-scheduler[107715]: DEBUG cotyledon.oslo_config_glue [-] profiler.hmac_keys = **** {{(pid=107715) log_opt_values /opt/stack/data/venv/lib/python3.12/site-packages/oslo_config/cfg.py:3006}}
Apr 04 10:33:13.131080 np0000163480 nova-scheduler[107715]: DEBUG cotyledon.oslo_config_glue [-] profiler.sentinel_service_name = mymaster {{(pid=107715) log_opt_values /opt/stack/data/venv/lib/python3.12/site-packages/oslo_config/cfg.py:3006}}
Apr 04 10:33:13.131080 np0000163480 nova-scheduler[107715]: DEBUG cotyledon.oslo_config_glue [-] profiler.socket_timeout = 0.1 {{(pid=107715) log_opt_values /opt/stack/data/venv/lib/python3.12/site-packages/oslo_config/cfg.py:3006}}
Apr 04 10:33:13.131292 np0000163480 nova-scheduler[107715]: DEBUG cotyledon.oslo_config_glue [-] profiler.trace_requests = False {{(pid=107715) log_opt_values /opt/stack/data/venv/lib/python3.12/site-packages/oslo_config/cfg.py:3006}}
Apr 04 10:33:13.131292 np0000163480 nova-scheduler[107715]: DEBUG cotyledon.oslo_config_glue [-] profiler.trace_sqlalchemy = False {{(pid=107715) log_opt_values /opt/stack/data/venv/lib/python3.12/site-packages/oslo_config/cfg.py:3006}}
Apr 04 10:33:13.131292 np0000163480 nova-scheduler[107715]: DEBUG cotyledon.oslo_config_glue [-] profiler_jaeger.process_tags = {} {{(pid=107715) log_opt_values /opt/stack/data/venv/lib/python3.12/site-packages/oslo_config/cfg.py:3006}}
Apr 04 10:33:13.131292 np0000163480 nova-scheduler[107715]: DEBUG cotyledon.oslo_config_glue [-] profiler_jaeger.service_name_prefix = None {{(pid=107715) log_opt_values /opt/stack/data/venv/lib/python3.12/site-packages/oslo_config/cfg.py:3006}}
Apr 04 10:33:13.131292 np0000163480 nova-scheduler[107715]: DEBUG cotyledon.oslo_config_glue [-] profiler_otlp.service_name_prefix = None {{(pid=107715) log_opt_values /opt/stack/data/venv/lib/python3.12/site-packages/oslo_config/cfg.py:3006}}
Apr 04 10:33:13.131292 np0000163480 nova-scheduler[107715]: DEBUG cotyledon.oslo_config_glue [-] oslo_messaging_rabbit.amqp_auto_delete = False {{(pid=107715) log_opt_values /opt/stack/data/venv/lib/python3.12/site-packages/oslo_config/cfg.py:3006}}
Apr 04 10:33:13.131292 np0000163480 nova-scheduler[107715]: DEBUG cotyledon.oslo_config_glue [-] oslo_messaging_rabbit.amqp_durable_queues = False {{(pid=107715) log_opt_values /opt/stack/data/venv/lib/python3.12/site-packages/oslo_config/cfg.py:3006}}
Apr 04 10:33:13.131292 np0000163480 nova-scheduler[107715]: DEBUG cotyledon.oslo_config_glue [-] oslo_messaging_rabbit.conn_pool_min_size = 2 {{(pid=107715) log_opt_values /opt/stack/data/venv/lib/python3.12/site-packages/oslo_config/cfg.py:3006}}
Apr 04 10:33:13.131292 np0000163480 nova-scheduler[107715]: DEBUG cotyledon.oslo_config_glue [-] oslo_messaging_rabbit.conn_pool_ttl = 1200 {{(pid=107715) log_opt_values /opt/stack/data/venv/lib/python3.12/site-packages/oslo_config/cfg.py:3006}}
Apr 04 10:33:13.131508 np0000163480 nova-scheduler[107715]: DEBUG cotyledon.oslo_config_glue [-] oslo_messaging_rabbit.direct_mandatory_flag = True {{(pid=107715) log_opt_values /opt/stack/data/venv/lib/python3.12/site-packages/oslo_config/cfg.py:3006}}
Apr 04 10:33:13.131508 np0000163480 nova-scheduler[107715]: DEBUG cotyledon.oslo_config_glue [-] oslo_messaging_rabbit.enable_cancel_on_failover = False {{(pid=107715) log_opt_values /opt/stack/data/venv/lib/python3.12/site-packages/oslo_config/cfg.py:3006}}
Apr 04 10:33:13.131508 np0000163480 nova-scheduler[107715]: DEBUG cotyledon.oslo_config_glue [-] oslo_messaging_rabbit.heartbeat_in_pthread = False {{(pid=107715) log_opt_values /opt/stack/data/venv/lib/python3.12/site-packages/oslo_config/cfg.py:3006}}
Apr 04 10:33:13.131508 np0000163480 nova-scheduler[107715]: DEBUG cotyledon.oslo_config_glue [-] oslo_messaging_rabbit.heartbeat_rate = 3 {{(pid=107715) log_opt_values /opt/stack/data/venv/lib/python3.12/site-packages/oslo_config/cfg.py:3006}}
Apr 04 10:33:13.131508 np0000163480 nova-scheduler[107715]: DEBUG cotyledon.oslo_config_glue [-] oslo_messaging_rabbit.heartbeat_timeout_threshold = 60 {{(pid=107715) log_opt_values /opt/stack/data/venv/lib/python3.12/site-packages/oslo_config/cfg.py:3006}}
Apr 04 10:33:13.131508 np0000163480 nova-scheduler[107715]: DEBUG cotyledon.oslo_config_glue [-] oslo_messaging_rabbit.hostname = np0000163480 {{(pid=107715) log_opt_values /opt/stack/data/venv/lib/python3.12/site-packages/oslo_config/cfg.py:3006}}
Apr 04 10:33:13.131508 np0000163480 nova-scheduler[107715]: DEBUG cotyledon.oslo_config_glue [-] oslo_messaging_rabbit.kombu_compression = None {{(pid=107715) log_opt_values /opt/stack/data/venv/lib/python3.12/site-packages/oslo_config/cfg.py:3006}}
Apr 04 10:33:13.131508 np0000163480 nova-scheduler[107715]: DEBUG cotyledon.oslo_config_glue [-] oslo_messaging_rabbit.kombu_failover_strategy = round-robin {{(pid=107715) log_opt_values /opt/stack/data/venv/lib/python3.12/site-packages/oslo_config/cfg.py:3006}}
Apr 04 10:33:13.131698 np0000163480 nova-scheduler[107715]: DEBUG cotyledon.oslo_config_glue [-] oslo_messaging_rabbit.kombu_missing_consumer_retry_timeout = 60 {{(pid=107715) log_opt_values /opt/stack/data/venv/lib/python3.12/site-packages/oslo_config/cfg.py:3006}}
Apr 04 10:33:13.131698 np0000163480 nova-scheduler[107715]: DEBUG cotyledon.oslo_config_glue [-] oslo_messaging_rabbit.kombu_reconnect_delay = 1.0 {{(pid=107715) log_opt_values /opt/stack/data/venv/lib/python3.12/site-packages/oslo_config/cfg.py:3006}}
Apr 04 10:33:13.131698 np0000163480 nova-scheduler[107715]: DEBUG cotyledon.oslo_config_glue [-] oslo_messaging_rabbit.kombu_reconnect_splay = 0.0 {{(pid=107715) log_opt_values /opt/stack/data/venv/lib/python3.12/site-packages/oslo_config/cfg.py:3006}}
Apr 04 10:33:13.131698 np0000163480 nova-scheduler[107715]: DEBUG cotyledon.oslo_config_glue [-] oslo_messaging_rabbit.processname = nova-scheduler {{(pid=107715) log_opt_values /opt/stack/data/venv/lib/python3.12/site-packages/oslo_config/cfg.py:3006}}
Apr 04 10:33:13.131698 np0000163480 nova-scheduler[107715]: DEBUG cotyledon.oslo_config_glue [-] oslo_messaging_rabbit.rabbit_ha_queues = False {{(pid=107715) log_opt_values /opt/stack/data/venv/lib/python3.12/site-packages/oslo_config/cfg.py:3006}}
Apr 04 10:33:13.131698 np0000163480 nova-scheduler[107715]: DEBUG cotyledon.oslo_config_glue [-] oslo_messaging_rabbit.rabbit_interval_max = 30 {{(pid=107715) log_opt_values /opt/stack/data/venv/lib/python3.12/site-packages/oslo_config/cfg.py:3006}}
Apr 04 10:33:13.131698 np0000163480 nova-scheduler[107715]: DEBUG cotyledon.oslo_config_glue [-] oslo_messaging_rabbit.rabbit_login_method = AMQPLAIN {{(pid=107715) log_opt_values /opt/stack/data/venv/lib/python3.12/site-packages/oslo_config/cfg.py:3006}}
Apr 04 10:33:13.131698 np0000163480 nova-scheduler[107715]: DEBUG cotyledon.oslo_config_glue [-] oslo_messaging_rabbit.rabbit_qos_prefetch_count = 0 {{(pid=107715) log_opt_values /opt/stack/data/venv/lib/python3.12/site-packages/oslo_config/cfg.py:3006}}
Apr 04 10:33:13.131882 np0000163480 nova-scheduler[107715]: DEBUG cotyledon.oslo_config_glue [-] oslo_messaging_rabbit.rabbit_quorum_delivery_limit = 0 {{(pid=107715) log_opt_values /opt/stack/data/venv/lib/python3.12/site-packages/oslo_config/cfg.py:3006}}
Apr 04 10:33:13.131882 np0000163480 nova-scheduler[107715]: DEBUG cotyledon.oslo_config_glue [-] oslo_messaging_rabbit.rabbit_quorum_max_memory_bytes = 0 {{(pid=107715) log_opt_values /opt/stack/data/venv/lib/python3.12/site-packages/oslo_config/cfg.py:3006}}
Apr 04 10:33:13.131882 np0000163480 nova-scheduler[107715]: DEBUG cotyledon.oslo_config_glue [-] oslo_messaging_rabbit.rabbit_quorum_max_memory_length = 0 {{(pid=107715) log_opt_values /opt/stack/data/venv/lib/python3.12/site-packages/oslo_config/cfg.py:3006}}
Apr 04 10:33:13.131882 np0000163480 nova-scheduler[107715]: DEBUG cotyledon.oslo_config_glue [-] oslo_messaging_rabbit.rabbit_quorum_queue = False {{(pid=107715) log_opt_values /opt/stack/data/venv/lib/python3.12/site-packages/oslo_config/cfg.py:3006}}
Apr 04 10:33:13.131978 np0000163480 nova-scheduler[107690]: DEBUG nova.service [None req-a4fd78d8-7afe-445e-ba08-75b31c60be6b None None] Creating RPC server for service: nova-scheduler on topic: scheduler {{(pid=107690) start /opt/stack/nova/nova/service.py:195}}
Apr 04 10:33:13.132007 np0000163480 nova-scheduler[107715]: DEBUG cotyledon.oslo_config_glue [-] oslo_messaging_rabbit.rabbit_retry_backoff = 2 {{(pid=107715) log_opt_values /opt/stack/data/venv/lib/python3.12/site-packages/oslo_config/cfg.py:3006}}
Apr 04 10:33:13.132007 np0000163480 nova-scheduler[107715]: DEBUG cotyledon.oslo_config_glue [-] oslo_messaging_rabbit.rabbit_retry_interval = 1 {{(pid=107715) log_opt_values /opt/stack/data/venv/lib/python3.12/site-packages/oslo_config/cfg.py:3006}}
Apr 04 10:33:13.132007 np0000163480 nova-scheduler[107715]: DEBUG cotyledon.oslo_config_glue [-] oslo_messaging_rabbit.rabbit_stream_fanout = False {{(pid=107715) log_opt_values /opt/stack/data/venv/lib/python3.12/site-packages/oslo_config/cfg.py:3006}}
Apr 04 10:33:13.132007 np0000163480 nova-scheduler[107715]: DEBUG cotyledon.oslo_config_glue [-] oslo_messaging_rabbit.rabbit_transient_queues_ttl = 1800 {{(pid=107715) log_opt_values /opt/stack/data/venv/lib/python3.12/site-packages/oslo_config/cfg.py:3006}}
Apr 04 10:33:13.132007 np0000163480 nova-scheduler[107715]: DEBUG cotyledon.oslo_config_glue [-] oslo_messaging_rabbit.rabbit_transient_quorum_queue = False {{(pid=107715) log_opt_values /opt/stack/data/venv/lib/python3.12/site-packages/oslo_config/cfg.py:3006}}
Apr 04 10:33:13.132007 np0000163480 nova-scheduler[107715]: DEBUG cotyledon.oslo_config_glue [-] oslo_messaging_rabbit.rpc_conn_pool_size = 30 {{(pid=107715) log_opt_values /opt/stack/data/venv/lib/python3.12/site-packages/oslo_config/cfg.py:3006}}
Apr 04 10:33:13.132007 np0000163480 nova-scheduler[107715]: DEBUG cotyledon.oslo_config_glue [-] oslo_messaging_rabbit.ssl = False {{(pid=107715) log_opt_values /opt/stack/data/venv/lib/python3.12/site-packages/oslo_config/cfg.py:3006}}
Apr 04 10:33:13.132007 np0000163480 nova-scheduler[107715]: DEBUG cotyledon.oslo_config_glue [-] oslo_messaging_rabbit.ssl_ca_file = {{(pid=107715) log_opt_values /opt/stack/data/venv/lib/python3.12/site-packages/oslo_config/cfg.py:3006}}
Apr 04 10:33:13.132007 np0000163480 nova-scheduler[107715]: DEBUG cotyledon.oslo_config_glue [-] oslo_messaging_rabbit.ssl_cert_file = {{(pid=107715) log_opt_values /opt/stack/data/venv/lib/python3.12/site-packages/oslo_config/cfg.py:3006}}
Apr 04 10:33:13.132215 np0000163480 nova-scheduler[107715]: DEBUG cotyledon.oslo_config_glue [-] oslo_messaging_rabbit.ssl_enforce_fips_mode = False {{(pid=107715) log_opt_values /opt/stack/data/venv/lib/python3.12/site-packages/oslo_config/cfg.py:3006}}
Apr 04 10:33:13.132215 np0000163480 nova-scheduler[107715]: DEBUG cotyledon.oslo_config_glue [-] oslo_messaging_rabbit.ssl_key_file = {{(pid=107715) log_opt_values /opt/stack/data/venv/lib/python3.12/site-packages/oslo_config/cfg.py:3006}}
Apr 04 10:33:13.132215 np0000163480 nova-scheduler[107715]: DEBUG cotyledon.oslo_config_glue [-] oslo_messaging_rabbit.ssl_version = {{(pid=107715) log_opt_values /opt/stack/data/venv/lib/python3.12/site-packages/oslo_config/cfg.py:3006}}
Apr 04 10:33:13.132215 np0000163480 nova-scheduler[107715]: DEBUG cotyledon.oslo_config_glue [-] oslo_messaging_rabbit.use_queue_manager = False {{(pid=107715) log_opt_values /opt/stack/data/venv/lib/python3.12/site-packages/oslo_config/cfg.py:3006}}
Apr 04 10:33:13.132215 np0000163480 nova-scheduler[107715]: DEBUG cotyledon.oslo_config_glue [-] oslo_messaging_notifications.driver = ['messagingv2'] {{(pid=107715) log_opt_values /opt/stack/data/venv/lib/python3.12/site-packages/oslo_config/cfg.py:3006}}
Apr 04 10:33:13.132215 np0000163480 nova-scheduler[107715]: DEBUG cotyledon.oslo_config_glue [-] oslo_messaging_notifications.retry = -1 {{(pid=107715) log_opt_values /opt/stack/data/venv/lib/python3.12/site-packages/oslo_config/cfg.py:3006}}
Apr 04 10:33:13.132215 np0000163480 nova-scheduler[107715]: DEBUG cotyledon.oslo_config_glue [-] oslo_messaging_notifications.topics = ['notifications'] {{(pid=107715) log_opt_values /opt/stack/data/venv/lib/python3.12/site-packages/oslo_config/cfg.py:3006}}
Apr 04 10:33:13.132215 np0000163480 nova-scheduler[107715]: DEBUG cotyledon.oslo_config_glue [-] oslo_messaging_notifications.transport_url = **** {{(pid=107715) log_opt_values /opt/stack/data/venv/lib/python3.12/site-packages/oslo_config/cfg.py:3006}}
Apr 04 10:33:13.132215 np0000163480 nova-scheduler[107715]: DEBUG cotyledon.oslo_config_glue [-] oslo_limit.auth_section = None {{(pid=107715) log_opt_values /opt/stack/data/venv/lib/python3.12/site-packages/oslo_config/cfg.py:3006}}
Apr 04 10:33:13.132500 np0000163480 nova-scheduler[107715]: DEBUG cotyledon.oslo_config_glue [-] oslo_limit.auth_type = None {{(pid=107715) log_opt_values /opt/stack/data/venv/lib/python3.12/site-packages/oslo_config/cfg.py:3006}}
Apr 04 10:33:13.132500 np0000163480 nova-scheduler[107715]: DEBUG cotyledon.oslo_config_glue [-] oslo_limit.cafile = None {{(pid=107715) log_opt_values /opt/stack/data/venv/lib/python3.12/site-packages/oslo_config/cfg.py:3006}}
Apr 04 10:33:13.132500 np0000163480 nova-scheduler[107715]: DEBUG cotyledon.oslo_config_glue [-] oslo_limit.certfile = None {{(pid=107715) log_opt_values /opt/stack/data/venv/lib/python3.12/site-packages/oslo_config/cfg.py:3006}}
Apr 04 10:33:13.132500 np0000163480 nova-scheduler[107715]: DEBUG cotyledon.oslo_config_glue [-] oslo_limit.collect_timing = False {{(pid=107715) log_opt_values /opt/stack/data/venv/lib/python3.12/site-packages/oslo_config/cfg.py:3006}}
Apr 04 10:33:13.132500 np0000163480 nova-scheduler[107715]: DEBUG cotyledon.oslo_config_glue [-] oslo_limit.connect_retries = None {{(pid=107715) log_opt_values /opt/stack/data/venv/lib/python3.12/site-packages/oslo_config/cfg.py:3006}}
Apr 04 10:33:13.132500 np0000163480 nova-scheduler[107715]: DEBUG cotyledon.oslo_config_glue [-] oslo_limit.connect_retry_delay = None {{(pid=107715) log_opt_values /opt/stack/data/venv/lib/python3.12/site-packages/oslo_config/cfg.py:3006}}
Apr 04 10:33:13.132500 np0000163480 nova-scheduler[107715]: DEBUG cotyledon.oslo_config_glue [-] oslo_limit.endpoint_id = None {{(pid=107715) log_opt_values /opt/stack/data/venv/lib/python3.12/site-packages/oslo_config/cfg.py:3006}}
Apr 04 10:33:13.132500 np0000163480 nova-scheduler[107715]: DEBUG cotyledon.oslo_config_glue [-] oslo_limit.endpoint_interface = public {{(pid=107715) log_opt_values /opt/stack/data/venv/lib/python3.12/site-packages/oslo_config/cfg.py:3006}}
Apr 04 10:33:13.132500 np0000163480 nova-scheduler[107715]: DEBUG cotyledon.oslo_config_glue [-] oslo_limit.endpoint_override = None {{(pid=107715) log_opt_values /opt/stack/data/venv/lib/python3.12/site-packages/oslo_config/cfg.py:3006}}
Apr 04 10:33:13.132726 np0000163480 nova-scheduler[107715]: DEBUG cotyledon.oslo_config_glue [-] oslo_limit.endpoint_region_name = None {{(pid=107715) log_opt_values /opt/stack/data/venv/lib/python3.12/site-packages/oslo_config/cfg.py:3006}}
Apr 04 10:33:13.132726 np0000163480 nova-scheduler[107715]: DEBUG cotyledon.oslo_config_glue [-] oslo_limit.endpoint_service_name = None {{(pid=107715) log_opt_values /opt/stack/data/venv/lib/python3.12/site-packages/oslo_config/cfg.py:3006}}
Apr 04 10:33:13.132726 np0000163480 nova-scheduler[107715]: DEBUG cotyledon.oslo_config_glue [-] oslo_limit.endpoint_service_type = None {{(pid=107715) log_opt_values /opt/stack/data/venv/lib/python3.12/site-packages/oslo_config/cfg.py:3006}}
Apr 04 10:33:13.132726 np0000163480 nova-scheduler[107715]: DEBUG cotyledon.oslo_config_glue [-] oslo_limit.insecure = False {{(pid=107715) log_opt_values /opt/stack/data/venv/lib/python3.12/site-packages/oslo_config/cfg.py:3006}}
Apr 04 10:33:13.132726 np0000163480 nova-scheduler[107715]: DEBUG cotyledon.oslo_config_glue [-] oslo_limit.keyfile = None {{(pid=107715) log_opt_values /opt/stack/data/venv/lib/python3.12/site-packages/oslo_config/cfg.py:3006}}
Apr 04 10:33:13.132726 np0000163480 nova-scheduler[107715]: DEBUG cotyledon.oslo_config_glue [-] oslo_limit.max_version = None {{(pid=107715) log_opt_values /opt/stack/data/venv/lib/python3.12/site-packages/oslo_config/cfg.py:3006}}
Apr 04 10:33:13.132726 np0000163480 nova-scheduler[107715]: DEBUG cotyledon.oslo_config_glue [-] oslo_limit.min_version = None {{(pid=107715) log_opt_values /opt/stack/data/venv/lib/python3.12/site-packages/oslo_config/cfg.py:3006}}
Apr 04 10:33:13.132726 np0000163480 nova-scheduler[107715]: DEBUG cotyledon.oslo_config_glue [-] oslo_limit.region_name = None {{(pid=107715) log_opt_values /opt/stack/data/venv/lib/python3.12/site-packages/oslo_config/cfg.py:3006}}
Apr 04 10:33:13.132726 np0000163480 nova-scheduler[107715]: DEBUG cotyledon.oslo_config_glue [-] oslo_limit.retriable_status_codes = None {{(pid=107715) log_opt_values /opt/stack/data/venv/lib/python3.12/site-packages/oslo_config/cfg.py:3006}}
Apr 04 10:33:13.132939 np0000163480 nova-scheduler[107715]: DEBUG cotyledon.oslo_config_glue [-] oslo_limit.service_name = None {{(pid=107715) log_opt_values /opt/stack/data/venv/lib/python3.12/site-packages/oslo_config/cfg.py:3006}}
Apr 04 10:33:13.132939 np0000163480 nova-scheduler[107715]: DEBUG cotyledon.oslo_config_glue [-] oslo_limit.service_type = None {{(pid=107715) log_opt_values /opt/stack/data/venv/lib/python3.12/site-packages/oslo_config/cfg.py:3006}}
Apr 04 10:33:13.132939 np0000163480 nova-scheduler[107715]: DEBUG cotyledon.oslo_config_glue [-] oslo_limit.split_loggers = False {{(pid=107715) log_opt_values /opt/stack/data/venv/lib/python3.12/site-packages/oslo_config/cfg.py:3006}}
Apr 04 10:33:13.132939 np0000163480 nova-scheduler[107715]: DEBUG cotyledon.oslo_config_glue [-] oslo_limit.status_code_retries = None {{(pid=107715) log_opt_values /opt/stack/data/venv/lib/python3.12/site-packages/oslo_config/cfg.py:3006}}
Apr 04 10:33:13.132939 np0000163480 nova-scheduler[107715]: DEBUG cotyledon.oslo_config_glue [-] oslo_limit.status_code_retry_delay = None {{(pid=107715) log_opt_values /opt/stack/data/venv/lib/python3.12/site-packages/oslo_config/cfg.py:3006}}
Apr 04 10:33:13.132939 np0000163480 nova-scheduler[107715]: DEBUG cotyledon.oslo_config_glue [-] oslo_limit.timeout = None {{(pid=107715) log_opt_values /opt/stack/data/venv/lib/python3.12/site-packages/oslo_config/cfg.py:3006}}
Apr 04 10:33:13.132939 np0000163480 nova-scheduler[107715]: DEBUG cotyledon.oslo_config_glue [-] oslo_limit.valid_interfaces = None {{(pid=107715) log_opt_values /opt/stack/data/venv/lib/python3.12/site-packages/oslo_config/cfg.py:3006}}
Apr 04 10:33:13.132939 np0000163480 nova-scheduler[107715]: DEBUG cotyledon.oslo_config_glue [-] oslo_limit.version = None {{(pid=107715) log_opt_values /opt/stack/data/venv/lib/python3.12/site-packages/oslo_config/cfg.py:3006}}
Apr 04 10:33:13.132939 np0000163480 nova-scheduler[107715]: DEBUG cotyledon.oslo_config_glue [-] oslo_reports.file_event_handler = None {{(pid=107715) log_opt_values /opt/stack/data/venv/lib/python3.12/site-packages/oslo_config/cfg.py:3006}}
Apr 04 10:33:13.133142 np0000163480 nova-scheduler[107715]: DEBUG cotyledon.oslo_config_glue [-] oslo_reports.file_event_handler_interval = 1 {{(pid=107715) log_opt_values /opt/stack/data/venv/lib/python3.12/site-packages/oslo_config/cfg.py:3006}}
Apr 04 10:33:13.133142 np0000163480 nova-scheduler[107715]: DEBUG cotyledon.oslo_config_glue [-] oslo_reports.log_dir = None {{(pid=107715) log_opt_values /opt/stack/data/venv/lib/python3.12/site-packages/oslo_config/cfg.py:3006}}
Apr 04 10:33:13.133142 np0000163480 nova-scheduler[107715]: DEBUG cotyledon.oslo_config_glue [-] ******************************************************************************** {{(pid=107715) log_opt_values /opt/stack/data/venv/lib/python3.12/site-packages/oslo_config/cfg.py:3013}}
Apr 04 10:33:13.133142 np0000163480 nova-scheduler[107715]: DEBUG cotyledon._service_worker [-] Run service ServiceWrapper(3) [107715] {{(pid=107715) wait_forever /opt/stack/data/venv/lib/python3.12/site-packages/cotyledon/_service_worker.py:218}}
Apr 04 10:33:13.133142 np0000163480 nova-scheduler[107715]: INFO nova.service [-] Starting scheduler node (version 33.1.0)
Apr 04 10:33:13.133257 np0000163480 nova-scheduler[107703]: DEBUG oslo_db.sqlalchemy.engines [None req-f5cc5824-d890-4feb-9e70-95ddba94362a None None] MySQL server mode set to STRICT_TRANS_TABLES,STRICT_ALL_TABLES,NO_ZERO_IN_DATE,NO_ZERO_DATE,ERROR_FOR_DIVISION_BY_ZERO,TRADITIONAL,NO_ENGINE_SUBSTITUTION {{(pid=107703) _check_effective_sql_mode /opt/stack/data/venv/lib/python3.12/site-packages/oslo_db/sqlalchemy/engines.py:325}}
Apr 04 10:33:13.133302 np0000163480 nova-scheduler[107696]: DEBUG dbcounter [-] [107696] Writer thread running {{(pid=107696) stat_writer /opt/stack/data/venv/lib/python3.12/site-packages/dbcounter.py:102}}
Apr 04 10:33:13.133302 np0000163480 nova-scheduler[107696]: DEBUG nova.service [None req-43c0a7da-3667-4bef-8f74-80ed19052ef1 None None] Creating RPC server for service: nova-scheduler on topic: scheduler {{(pid=107696) start /opt/stack/nova/nova/service.py:195}}
Apr 04 10:33:13.133373 np0000163480 nova-scheduler[107715]: INFO dbcounter [None req-a89ae47b-ea5a-49be-bb7a-df628a90756f None None] Registered counter for database nova_cell0
Apr 04 10:33:13.136798 np0000163480 nova-scheduler[107703]: DEBUG dbcounter [-] [107703] Writer thread running {{(pid=107703) stat_writer /opt/stack/data/venv/lib/python3.12/site-packages/dbcounter.py:102}}
Apr 04 10:33:13.139760 np0000163480 nova-scheduler[107703]: DEBUG nova.service [None req-f5cc5824-d890-4feb-9e70-95ddba94362a None None] Creating RPC server for service: nova-scheduler on topic: scheduler {{(pid=107703) start /opt/stack/nova/nova/service.py:195}}
Apr 04 10:33:13.139988 np0000163480 nova-scheduler[107715]: DEBUG oslo_db.sqlalchemy.engines [None req-a89ae47b-ea5a-49be-bb7a-df628a90756f None None] MySQL server mode set to STRICT_TRANS_TABLES,STRICT_ALL_TABLES,NO_ZERO_IN_DATE,NO_ZERO_DATE,ERROR_FOR_DIVISION_BY_ZERO,TRADITIONAL,NO_ENGINE_SUBSTITUTION {{(pid=107715) _check_effective_sql_mode /opt/stack/data/venv/lib/python3.12/site-packages/oslo_db/sqlalchemy/engines.py:325}}
Apr 04 10:33:13.147515 np0000163480 nova-scheduler[107690]: DEBUG nova.service [None req-a4fd78d8-7afe-445e-ba08-75b31c60be6b None None] Join ServiceGroup membership for this service scheduler {{(pid=107690) start /opt/stack/nova/nova/service.py:221}}
Apr 04 10:33:13.147615 np0000163480 nova-scheduler[107696]: DEBUG nova.service [None req-43c0a7da-3667-4bef-8f74-80ed19052ef1 None None] Join ServiceGroup membership for this service scheduler {{(pid=107696) start /opt/stack/nova/nova/service.py:221}}
Apr 04 10:33:13.147767 np0000163480 nova-scheduler[107690]: DEBUG nova.servicegroup.drivers.db [None req-a4fd78d8-7afe-445e-ba08-75b31c60be6b None None] DB_Driver: join new ServiceGroup member np0000163480 to the scheduler group, service = {{(pid=107690) join /opt/stack/nova/nova/servicegroup/drivers/db.py:44}}
Apr 04 10:33:13.147953 np0000163480 nova-scheduler[107696]: DEBUG nova.servicegroup.drivers.db [None req-43c0a7da-3667-4bef-8f74-80ed19052ef1 None None] DB_Driver: join new ServiceGroup member np0000163480 to the scheduler group, service = {{(pid=107696) join /opt/stack/nova/nova/servicegroup/drivers/db.py:44}}
Apr 04 10:33:13.152155 np0000163480 nova-scheduler[107715]: DEBUG dbcounter [-] [107715] Writer thread running {{(pid=107715) stat_writer /opt/stack/data/venv/lib/python3.12/site-packages/dbcounter.py:102}}
Apr 04 10:33:13.155626 np0000163480 nova-scheduler[107715]: DEBUG nova.service [None req-a89ae47b-ea5a-49be-bb7a-df628a90756f None None] Creating RPC server for service: nova-scheduler on topic: scheduler {{(pid=107715) start /opt/stack/nova/nova/service.py:195}}
Apr 04 10:33:13.159145 np0000163480 nova-scheduler[107703]: DEBUG nova.service [None req-f5cc5824-d890-4feb-9e70-95ddba94362a None None] Join ServiceGroup membership for this service scheduler {{(pid=107703) start /opt/stack/nova/nova/service.py:221}}
Apr 04 10:33:13.159447 np0000163480 nova-scheduler[107703]: DEBUG nova.servicegroup.drivers.db [None req-f5cc5824-d890-4feb-9e70-95ddba94362a None None] DB_Driver: join new ServiceGroup member np0000163480 to the scheduler group, service = {{(pid=107703) join /opt/stack/nova/nova/servicegroup/drivers/db.py:44}}
Apr 04 10:33:13.172220 np0000163480 nova-scheduler[107715]: DEBUG nova.service [None req-a89ae47b-ea5a-49be-bb7a-df628a90756f None None] Join ServiceGroup membership for this service scheduler {{(pid=107715) start /opt/stack/nova/nova/service.py:221}}
Apr 04 10:33:13.172454 np0000163480 nova-scheduler[107715]: DEBUG nova.servicegroup.drivers.db [None req-a89ae47b-ea5a-49be-bb7a-df628a90756f None None] DB_Driver: join new ServiceGroup member np0000163480 to the scheduler group, service = {{(pid=107715) join /opt/stack/nova/nova/servicegroup/drivers/db.py:44}}
Apr 04 10:33:18.171509 np0000163480 nova-scheduler[107690]: DEBUG oslo.service.backend._threading.loopingcall [-] Fixed interval looping call 'nova.servicegroup.drivers.db.DbDriver._report_state' sleeping for 119.98 seconds {{(pid=107690) _run_loop /opt/stack/data/venv/lib/python3.12/site-packages/oslo_service/backend/_threading/loopingcall.py:125}}
Apr 04 10:33:18.172517 np0000163480 nova-scheduler[107696]: DEBUG oslo.service.backend._threading.loopingcall [-] Fixed interval looping call 'nova.servicegroup.drivers.db.DbDriver._report_state' sleeping for 119.98 seconds {{(pid=107696) _run_loop /opt/stack/data/venv/lib/python3.12/site-packages/oslo_service/backend/_threading/loopingcall.py:125}}
Apr 04 10:33:18.174320 np0000163480 nova-scheduler[107703]: DEBUG oslo.service.backend._threading.loopingcall [-] Fixed interval looping call 'nova.servicegroup.drivers.db.DbDriver._report_state' sleeping for 119.99 seconds {{(pid=107703) _run_loop /opt/stack/data/venv/lib/python3.12/site-packages/oslo_service/backend/_threading/loopingcall.py:125}}
Apr 04 10:33:18.184983 np0000163480 nova-scheduler[107715]: DEBUG oslo.service.backend._threading.loopingcall [-] Fixed interval looping call 'nova.servicegroup.drivers.db.DbDriver._report_state' sleeping for 119.99 seconds {{(pid=107715) _run_loop /opt/stack/data/venv/lib/python3.12/site-packages/oslo_service/backend/_threading/loopingcall.py:125}}
Apr 04 10:33:20.151462 np0000163480 nova-scheduler[107690]: DEBUG oslo.service.backend._threading.loopingcall [None req-edf1fd80-d9d0-484b-8a5c-200e62bd25c2 None None] Dynamic interval looping call 'nova.service.Service.periodic_tasks' sleeping for 60.00 seconds {{(pid=107690) _run_loop /opt/stack/data/venv/lib/python3.12/site-packages/oslo_service/backend/_threading/loopingcall.py:125}}
Apr 04 10:33:21.784317 np0000163480 nova-scheduler[106952]: DEBUG dbcounter [-] [106952] Writing DB stats nova_api:SELECT=3 {{(pid=106952) stat_writer /opt/stack/data/venv/lib/python3.12/site-packages/dbcounter.py:115}}
Apr 04 10:33:21.878538 np0000163480 nova-scheduler[106952]: DEBUG dbcounter [-] [106952] Writing DB stats nova_cell0:SELECT=1 {{(pid=106952) stat_writer /opt/stack/data/venv/lib/python3.12/site-packages/dbcounter.py:115}}
Apr 04 10:33:21.883782 np0000163480 nova-scheduler[106952]: DEBUG dbcounter [-] [106952] Writing DB stats nova_cell1:SELECT=1 {{(pid=106952) stat_writer /opt/stack/data/venv/lib/python3.12/site-packages/dbcounter.py:115}}
Apr 04 10:33:28.163624 np0000163480 nova-scheduler[107690]: DEBUG dbcounter [-] [107690] Writing DB stats nova_cell0:SELECT=4,nova_cell0:INSERT=1,nova_cell0:UPDATE=1 {{(pid=107690) stat_writer /opt/stack/data/venv/lib/python3.12/site-packages/dbcounter.py:115}}
Apr 04 10:33:28.164448 np0000163480 nova-scheduler[107696]: DEBUG dbcounter [-] [107696] Writing DB stats nova_cell0:SELECT=3,nova_cell0:UPDATE=1 {{(pid=107696) stat_writer /opt/stack/data/venv/lib/python3.12/site-packages/dbcounter.py:115}}
Apr 04 10:33:28.170644 np0000163480 nova-scheduler[107703]: DEBUG dbcounter [-] [107703] Writing DB stats nova_cell0:SELECT=3 {{(pid=107703) stat_writer /opt/stack/data/venv/lib/python3.12/site-packages/dbcounter.py:115}}
Apr 04 10:33:28.181900 np0000163480 nova-scheduler[107715]: DEBUG dbcounter [-] [107715] Writing DB stats nova_cell0:SELECT=3 {{(pid=107715) stat_writer /opt/stack/data/venv/lib/python3.12/site-packages/dbcounter.py:115}}
Apr 04 10:33:34.174733 np0000163480 nova-scheduler[107715]: DEBUG oslo.service.backend._threading.loopingcall [None req-05eaeeec-ec18-458f-a62a-45014397f55f None None] Dynamic interval looping call 'nova.service.Service.periodic_tasks' sleeping for 60.00 seconds {{(pid=107715) _run_loop /opt/stack/data/venv/lib/python3.12/site-packages/oslo_service/backend/_threading/loopingcall.py:125}}
Apr 04 10:33:47.162212 np0000163480 nova-scheduler[107703]: DEBUG oslo.service.backend._threading.loopingcall [None req-533bdf49-5598-4ee4-9959-d3a93d2c5046 None None] Dynamic interval looping call 'nova.service.Service.periodic_tasks' sleeping for 60.00 seconds {{(pid=107703) _run_loop /opt/stack/data/venv/lib/python3.12/site-packages/oslo_service/backend/_threading/loopingcall.py:125}}
Apr 04 10:34:03.151531 np0000163480 nova-scheduler[107696]: DEBUG oslo.service.backend._threading.loopingcall [None req-908ef343-f5e5-44ca-a5da-7e2af3265e48 None None] Dynamic interval looping call 'nova.service.Service.periodic_tasks' sleeping for 60.00 seconds {{(pid=107696) _run_loop /opt/stack/data/venv/lib/python3.12/site-packages/oslo_service/backend/_threading/loopingcall.py:125}}
Apr 04 10:34:20.152392 np0000163480 nova-scheduler[107690]: DEBUG oslo.service.backend._threading.loopingcall [None req-edf1fd80-d9d0-484b-8a5c-200e62bd25c2 None None] Dynamic interval looping call 'nova.service.Service.periodic_tasks' sleeping for 60.00 seconds {{(pid=107690) _run_loop /opt/stack/data/venv/lib/python3.12/site-packages/oslo_service/backend/_threading/loopingcall.py:125}}
Apr 04 10:34:34.175962 np0000163480 nova-scheduler[107715]: DEBUG oslo.service.backend._threading.loopingcall [None req-05eaeeec-ec18-458f-a62a-45014397f55f None None] Dynamic interval looping call 'nova.service.Service.periodic_tasks' sleeping for 60.00 seconds {{(pid=107715) _run_loop /opt/stack/data/venv/lib/python3.12/site-packages/oslo_service/backend/_threading/loopingcall.py:125}}
Apr 04 10:34:47.163120 np0000163480 nova-scheduler[107703]: DEBUG oslo.service.backend._threading.loopingcall [None req-533bdf49-5598-4ee4-9959-d3a93d2c5046 None None] Dynamic interval looping call 'nova.service.Service.periodic_tasks' sleeping for 60.00 seconds {{(pid=107703) _run_loop /opt/stack/data/venv/lib/python3.12/site-packages/oslo_service/backend/_threading/loopingcall.py:125}}
Apr 04 10:35:03.152317 np0000163480 nova-scheduler[107696]: DEBUG oslo.service.backend._threading.loopingcall [None req-908ef343-f5e5-44ca-a5da-7e2af3265e48 None None] Dynamic interval looping call 'nova.service.Service.periodic_tasks' sleeping for 60.00 seconds {{(pid=107696) _run_loop /opt/stack/data/venv/lib/python3.12/site-packages/oslo_service/backend/_threading/loopingcall.py:125}}
Apr 04 10:35:18.211550 np0000163480 nova-scheduler[107696]: DEBUG oslo.service.backend._threading.loopingcall [-] Fixed interval looping call 'nova.servicegroup.drivers.db.DbDriver._report_state' sleeping for 119.94 seconds {{(pid=107696) _run_loop /opt/stack/data/venv/lib/python3.12/site-packages/oslo_service/backend/_threading/loopingcall.py:125}}
Apr 04 10:35:18.212668 np0000163480 nova-scheduler[107690]: DEBUG oslo.service.backend._threading.loopingcall [-] Fixed interval looping call 'nova.servicegroup.drivers.db.DbDriver._report_state' sleeping for 119.94 seconds {{(pid=107690) _run_loop /opt/stack/data/venv/lib/python3.12/site-packages/oslo_service/backend/_threading/loopingcall.py:125}}
Apr 04 10:35:18.213807 np0000163480 nova-scheduler[107703]: DEBUG oslo.service.backend._threading.loopingcall [-] Fixed interval looping call 'nova.servicegroup.drivers.db.DbDriver._report_state' sleeping for 119.95 seconds {{(pid=107703) _run_loop /opt/stack/data/venv/lib/python3.12/site-packages/oslo_service/backend/_threading/loopingcall.py:125}}
Apr 04 10:35:18.214469 np0000163480 nova-scheduler[107715]: DEBUG oslo.service.backend._threading.loopingcall [-] Fixed interval looping call 'nova.servicegroup.drivers.db.DbDriver._report_state' sleeping for 119.96 seconds {{(pid=107715) _run_loop /opt/stack/data/venv/lib/python3.12/site-packages/oslo_service/backend/_threading/loopingcall.py:125}}
Apr 04 10:35:20.152972 np0000163480 nova-scheduler[107690]: DEBUG oslo.service.backend._threading.loopingcall [None req-edf1fd80-d9d0-484b-8a5c-200e62bd25c2 None None] Dynamic interval looping call 'nova.service.Service.periodic_tasks' sleeping for 60.00 seconds {{(pid=107690) _run_loop /opt/stack/data/venv/lib/python3.12/site-packages/oslo_service/backend/_threading/loopingcall.py:125}}
Apr 04 10:35:28.159394 np0000163480 nova-scheduler[107696]: DEBUG dbcounter [-] [107696] Writing DB stats nova_cell0:SELECT=1,nova_cell0:UPDATE=1 {{(pid=107696) stat_writer /opt/stack/data/venv/lib/python3.12/site-packages/dbcounter.py:115}}
Apr 04 10:35:28.160839 np0000163480 nova-scheduler[107690]: DEBUG dbcounter [-] [107690] Writing DB stats nova_cell0:SELECT=1,nova_cell0:UPDATE=1 {{(pid=107690) stat_writer /opt/stack/data/venv/lib/python3.12/site-packages/dbcounter.py:115}}
Apr 04 10:35:28.176259 np0000163480 nova-scheduler[107703]: DEBUG dbcounter [-] [107703] Writing DB stats nova_cell0:SELECT=1,nova_cell0:UPDATE=1 {{(pid=107703) stat_writer /opt/stack/data/venv/lib/python3.12/site-packages/dbcounter.py:115}}
Apr 04 10:35:28.186118 np0000163480 nova-scheduler[107715]: DEBUG dbcounter [-] [107715] Writing DB stats nova_cell0:SELECT=1,nova_cell0:UPDATE=1 {{(pid=107715) stat_writer /opt/stack/data/venv/lib/python3.12/site-packages/dbcounter.py:115}}
Apr 04 10:35:34.176701 np0000163480 nova-scheduler[107715]: DEBUG oslo.service.backend._threading.loopingcall [None req-05eaeeec-ec18-458f-a62a-45014397f55f None None] Dynamic interval looping call 'nova.service.Service.periodic_tasks' sleeping for 60.00 seconds {{(pid=107715) _run_loop /opt/stack/data/venv/lib/python3.12/site-packages/oslo_service/backend/_threading/loopingcall.py:125}}
Apr 04 10:35:47.164093 np0000163480 nova-scheduler[107703]: DEBUG oslo.service.backend._threading.loopingcall [None req-533bdf49-5598-4ee4-9959-d3a93d2c5046 None None] Dynamic interval looping call 'nova.service.Service.periodic_tasks' sleeping for 60.00 seconds {{(pid=107703) _run_loop /opt/stack/data/venv/lib/python3.12/site-packages/oslo_service/backend/_threading/loopingcall.py:125}}
Apr 04 10:36:03.153597 np0000163480 nova-scheduler[107696]: DEBUG oslo.service.backend._threading.loopingcall [None req-908ef343-f5e5-44ca-a5da-7e2af3265e48 None None] Dynamic interval looping call 'nova.service.Service.periodic_tasks' sleeping for 60.00 seconds {{(pid=107696) _run_loop /opt/stack/data/venv/lib/python3.12/site-packages/oslo_service/backend/_threading/loopingcall.py:125}}
Apr 04 10:36:20.153850 np0000163480 nova-scheduler[107690]: DEBUG oslo.service.backend._threading.loopingcall [None req-edf1fd80-d9d0-484b-8a5c-200e62bd25c2 None None] Dynamic interval looping call 'nova.service.Service.periodic_tasks' sleeping for 60.00 seconds {{(pid=107690) _run_loop /opt/stack/data/venv/lib/python3.12/site-packages/oslo_service/backend/_threading/loopingcall.py:125}}
Apr 04 10:36:34.177530 np0000163480 nova-scheduler[107715]: DEBUG oslo.service.backend._threading.loopingcall [None req-05eaeeec-ec18-458f-a62a-45014397f55f None None] Dynamic interval looping call 'nova.service.Service.periodic_tasks' sleeping for 60.00 seconds {{(pid=107715) _run_loop /opt/stack/data/venv/lib/python3.12/site-packages/oslo_service/backend/_threading/loopingcall.py:125}}
Apr 04 10:36:47.165147 np0000163480 nova-scheduler[107703]: DEBUG oslo.service.backend._threading.loopingcall [None req-533bdf49-5598-4ee4-9959-d3a93d2c5046 None None] Dynamic interval looping call 'nova.service.Service.periodic_tasks' sleeping for 60.00 seconds {{(pid=107703) _run_loop /opt/stack/data/venv/lib/python3.12/site-packages/oslo_service/backend/_threading/loopingcall.py:125}}
Apr 04 10:37:03.154022 np0000163480 nova-scheduler[107696]: DEBUG oslo.service.backend._threading.loopingcall [None req-908ef343-f5e5-44ca-a5da-7e2af3265e48 None None] Dynamic interval looping call 'nova.service.Service.periodic_tasks' sleeping for 60.00 seconds {{(pid=107696) _run_loop /opt/stack/data/venv/lib/python3.12/site-packages/oslo_service/backend/_threading/loopingcall.py:125}}
Apr 04 10:37:18.159408 np0000163480 nova-scheduler[107696]: DEBUG oslo.service.backend._threading.loopingcall [-] Fixed interval looping call 'nova.servicegroup.drivers.db.DbDriver._report_state' sleeping for 119.99 seconds {{(pid=107696) _run_loop /opt/stack/data/venv/lib/python3.12/site-packages/oslo_service/backend/_threading/loopingcall.py:125}}
Apr 04 10:37:18.161117 np0000163480 nova-scheduler[107690]: DEBUG oslo.service.backend._threading.loopingcall [-] Fixed interval looping call 'nova.servicegroup.drivers.db.DbDriver._report_state' sleeping for 119.99 seconds {{(pid=107690) _run_loop /opt/stack/data/venv/lib/python3.12/site-packages/oslo_service/backend/_threading/loopingcall.py:125}}
Apr 04 10:37:18.168891 np0000163480 nova-scheduler[107703]: DEBUG oslo.service.backend._threading.loopingcall [-] Fixed interval looping call 'nova.servicegroup.drivers.db.DbDriver._report_state' sleeping for 120.00 seconds {{(pid=107703) _run_loop /opt/stack/data/venv/lib/python3.12/site-packages/oslo_service/backend/_threading/loopingcall.py:125}}
Apr 04 10:37:18.178460 np0000163480 nova-scheduler[107715]: DEBUG oslo.service.backend._threading.loopingcall [-] Fixed interval looping call 'nova.servicegroup.drivers.db.DbDriver._report_state' sleeping for 120.00 seconds {{(pid=107715) _run_loop /opt/stack/data/venv/lib/python3.12/site-packages/oslo_service/backend/_threading/loopingcall.py:125}}
Apr 04 10:37:20.154581 np0000163480 nova-scheduler[107690]: DEBUG oslo.service.backend._threading.loopingcall [None req-edf1fd80-d9d0-484b-8a5c-200e62bd25c2 None None] Dynamic interval looping call 'nova.service.Service.periodic_tasks' sleeping for 60.00 seconds {{(pid=107690) _run_loop /opt/stack/data/venv/lib/python3.12/site-packages/oslo_service/backend/_threading/loopingcall.py:125}}
Apr 04 10:37:24.061260 np0000163480 nova-scheduler[107690]: DEBUG nova.scheduler.manager [None req-9ab77e82-facd-403f-a71d-b142e1cad78c demo demo] Starting to schedule for instances: ['b3553193-5285-452f-8c42-f7ab5a893180'] {{(pid=107690) select_destinations /opt/stack/nova/nova/scheduler/manager.py:210}}
Apr 04 10:37:24.063203 np0000163480 nova-scheduler[107690]: DEBUG oslo_db.sqlalchemy.engines [None req-9ab77e82-facd-403f-a71d-b142e1cad78c demo demo] Parent process 106952 forked (107690) with an open database connection, which is being discarded and recreated. {{(pid=107690) checkout /opt/stack/data/venv/lib/python3.12/site-packages/oslo_db/sqlalchemy/engines.py:402}}
Apr 04 10:37:24.070610 np0000163480 nova-scheduler[107690]: DEBUG dbcounter [-] [107690] Writer thread running {{(pid=107690) stat_writer /opt/stack/data/venv/lib/python3.12/site-packages/dbcounter.py:102}}
Apr 04 10:37:24.073404 np0000163480 nova-scheduler[107690]: DEBUG nova.scheduler.request_filter [None req-9ab77e82-facd-403f-a71d-b142e1cad78c demo demo] Request filter 'map_az_to_placement_aggregate' took 0.0 seconds {{(pid=107690) wrapper /opt/stack/nova/nova/scheduler/request_filter.py:46}}
