Jun 24 01:01:16.801448 np0000182650 devstack@neutron-api.service[103301]: DEBUG futurist.periodics [-] Submitting periodic callback 'neutron.plugins.ml2.drivers.ovn.mech_driver.ovsdb.maintenance.HashRingHealthCheckPeriodics.touch_hash_ring_node' {{(pid=103301) _process_scheduled /opt/stack/data/venv/lib/python3.12/site-packages/futurist/periodics.py:784}}
Jun 24 01:01:16.802100 np0000182650 devstack@neutron-api.service[103301]: DEBUG neutron.plugins.ml2.drivers.ovn.mech_driver.ovsdb.maintenance [-] Touching Hash Ring node "2d4e40ccc7ab568482bcd55e63acf10a" from periodic health check thread {{(pid=103301) touch_hash_ring_node /opt/stack/neutron/neutron/plugins/ml2/drivers/ovn/mech_driver/ovsdb/maintenance.py:1419}}
Jun 24 01:01:16.896918 np0000182650 devstack@neutron-api.service[103302]: DEBUG futurist.periodics [-] Submitting periodic callback 'neutron.plugins.ml2.drivers.ovn.mech_driver.ovsdb.maintenance.HashRingHealthCheckPeriodics.touch_hash_ring_node' {{(pid=103302) _process_scheduled /opt/stack/data/venv/lib/python3.12/site-packages/futurist/periodics.py:784}}
Jun 24 01:01:16.898196 np0000182650 devstack@neutron-api.service[103302]: DEBUG neutron.plugins.ml2.drivers.ovn.mech_driver.ovsdb.maintenance [-] Touching Hash Ring node "f31c871a75b65112b3e3c75c5fd9df95" from periodic health check thread {{(pid=103302) touch_hash_ring_node /opt/stack/neutron/neutron/plugins/ml2/drivers/ovn/mech_driver/ovsdb/maintenance.py:1419}}
Jun 24 01:01:16.922985 np0000182650 devstack@neutron-api.service[103300]: DEBUG futurist.periodics [-] Submitting periodic callback 'neutron.plugins.ml2.drivers.ovn.mech_driver.ovsdb.maintenance.HashRingHealthCheckPeriodics.touch_hash_ring_node' {{(pid=103300) _process_scheduled /opt/stack/data/venv/lib/python3.12/site-packages/futurist/periodics.py:784}}
Jun 24 01:01:16.923781 np0000182650 devstack@neutron-api.service[103300]: DEBUG neutron.plugins.ml2.drivers.ovn.mech_driver.ovsdb.maintenance [-] Touching Hash Ring node "e4d6f4ff95495185a8e2ea347e21af0c" from periodic health check thread {{(pid=103300) touch_hash_ring_node /opt/stack/neutron/neutron/plugins/ml2/drivers/ovn/mech_driver/ovsdb/maintenance.py:1419}}
Jun 24 01:01:26.180255 np0000182650 devstack@neutron-api.service[103299]: DEBUG dbcounter [-] [103299] Writing DB stats neutron:UPDATE=1,neutron:SELECT=1 {{(pid=103299) stat_writer /opt/stack/data/venv/lib/python3.12/site-packages/dbcounter.py:115}}
Jun 24 01:01:26.813533 np0000182650 devstack@neutron-api.service[103301]: DEBUG dbcounter [-] [103301] Writing DB stats neutron:UPDATE=1,neutron:SELECT=1 {{(pid=103301) stat_writer /opt/stack/data/venv/lib/python3.12/site-packages/dbcounter.py:115}}
Jun 24 01:01:26.911785 np0000182650 devstack@neutron-api.service[103302]: DEBUG dbcounter [-] [103302] Writing DB stats neutron:UPDATE=1,neutron:SELECT=1 {{(pid=103302) stat_writer /opt/stack/data/venv/lib/python3.12/site-packages/dbcounter.py:115}}
Jun 24 01:01:26.934186 np0000182650 devstack@neutron-api.service[103300]: DEBUG dbcounter [-] [103300] Writing DB stats neutron:UPDATE=1,neutron:SELECT=1 {{(pid=103300) stat_writer /opt/stack/data/venv/lib/python3.12/site-packages/dbcounter.py:115}}
Jun 24 01:01:30.943006 np0000182650 devstack@neutron-api.service[103299]: DEBUG futurist.periodics [-] Submitting periodic callback 'neutron.plugins.ml2.drivers.ovn.mech_driver.ovsdb.maintenance.HashRingHealthCheckPeriodics.touch_hash_ring_node' {{(pid=103299) _process_scheduled /opt/stack/data/venv/lib/python3.12/site-packages/futurist/periodics.py:784}}
Jun 24 01:01:30.943860 np0000182650 devstack@neutron-api.service[103299]: DEBUG neutron.plugins.ml2.drivers.ovn.mech_driver.ovsdb.maintenance [-] Touching Hash Ring node "c8e8f15181805d4cb96740220c3a6d93" from periodic health check thread {{(pid=103299) touch_hash_ring_node /opt/stack/neutron/neutron/plugins/ml2/drivers/ovn/mech_driver/ovsdb/maintenance.py:1419}}
Jun 24 01:01:31.802308 np0000182650 devstack@neutron-api.service[103301]: DEBUG futurist.periodics [-] Submitting periodic callback 'neutron.plugins.ml2.drivers.ovn.mech_driver.ovsdb.maintenance.HashRingHealthCheckPeriodics.touch_hash_ring_node' {{(pid=103301) _process_scheduled /opt/stack/data/venv/lib/python3.12/site-packages/futurist/periodics.py:784}}
Jun 24 01:01:31.802964 np0000182650 devstack@neutron-api.service[103301]: DEBUG neutron.plugins.ml2.drivers.ovn.mech_driver.ovsdb.maintenance [-] Touching Hash Ring node "2d4e40ccc7ab568482bcd55e63acf10a" from periodic health check thread {{(pid=103301) touch_hash_ring_node /opt/stack/neutron/neutron/plugins/ml2/drivers/ovn/mech_driver/ovsdb/maintenance.py:1419}}
Jun 24 01:01:31.898284 np0000182650 devstack@neutron-api.service[103302]: DEBUG futurist.periodics [-] Submitting periodic callback 'neutron.plugins.ml2.drivers.ovn.mech_driver.ovsdb.maintenance.HashRingHealthCheckPeriodics.touch_hash_ring_node' {{(pid=103302) _process_scheduled /opt/stack/data/venv/lib/python3.12/site-packages/futurist/periodics.py:784}}
Jun 24 01:01:31.898873 np0000182650 devstack@neutron-api.service[103302]: DEBUG neutron.plugins.ml2.drivers.ovn.mech_driver.ovsdb.maintenance [-] Touching Hash Ring node "f31c871a75b65112b3e3c75c5fd9df95" from periodic health check thread {{(pid=103302) touch_hash_ring_node /opt/stack/neutron/neutron/plugins/ml2/drivers/ovn/mech_driver/ovsdb/maintenance.py:1419}}
Jun 24 01:01:31.923535 np0000182650 devstack@neutron-api.service[103300]: DEBUG futurist.periodics [-] Submitting periodic callback 'neutron.plugins.ml2.drivers.ovn.mech_driver.ovsdb.maintenance.HashRingHealthCheckPeriodics.touch_hash_ring_node' {{(pid=103300) _process_scheduled /opt/stack/data/venv/lib/python3.12/site-packages/futurist/periodics.py:784}}
Jun 24 01:01:31.924152 np0000182650 devstack@neutron-api.service[103300]: DEBUG neutron.plugins.ml2.drivers.ovn.mech_driver.ovsdb.maintenance [-] Touching Hash Ring node "e4d6f4ff95495185a8e2ea347e21af0c" from periodic health check thread {{(pid=103300) touch_hash_ring_node /opt/stack/neutron/neutron/plugins/ml2/drivers/ovn/mech_driver/ovsdb/maintenance.py:1419}}
Jun 24 01:01:40.954633 np0000182650 devstack@neutron-api.service[103299]: DEBUG dbcounter [-] [103299] Writing DB stats neutron:UPDATE=1,neutron:SELECT=1 {{(pid=103299) stat_writer /opt/stack/data/venv/lib/python3.12/site-packages/dbcounter.py:115}}
Jun 24 01:01:41.815223 np0000182650 devstack@neutron-api.service[103301]: DEBUG dbcounter [-] [103301] Writing DB stats neutron:UPDATE=1,neutron:SELECT=1 {{(pid=103301) stat_writer /opt/stack/data/venv/lib/python3.12/site-packages/dbcounter.py:115}}
Jun 24 01:01:41.983597 np0000182650 devstack@neutron-api.service[103302]: DEBUG dbcounter [-] [103302] Writing DB stats neutron:UPDATE=1,neutron:SELECT=1 {{(pid=103302) stat_writer /opt/stack/data/venv/lib/python3.12/site-packages/dbcounter.py:115}}
Jun 24 01:01:42.029820 np0000182650 devstack@neutron-api.service[103300]: DEBUG dbcounter [-] [103300] Writing DB stats neutron:UPDATE=1,neutron:SELECT=1 {{(pid=103300) stat_writer /opt/stack/data/venv/lib/python3.12/site-packages/dbcounter.py:115}}
Jun 24 01:01:42.517091 np0000182650 devstack@neutron-api.service[103301]: INFO neutron.pecan_wsgi.hooks.translation [None req-845c745f-01f0-48b6-bb48-07f5dd34ffed admin admin] GET failed (client error): The resource could not be found.
Jun 24 01:01:42.517935 np0000182650 devstack@neutron-api.service[103301]: [pid: 103301|app: 0|req: 23/91] 199.204.45.22 () {64 vars in 1327 bytes} [Wed Jun 24 01:01:42 2026] GET /networking/v2.0/networks/admin_net => generated 111 bytes in 13 msecs (HTTP/1.1 404) 4 headers in 164 bytes (1 switches on core 0)
Jun 24 01:01:42.554309 np0000182650 devstack@neutron-api.service[103302]: [pid: 103302|app: 0|req: 23/92] 199.204.45.22 () {64 vars in 1339 bytes} [Wed Jun 24 01:01:42 2026] GET /networking/v2.0/networks?name=admin_net => generated 15 bytes in 23 msecs (HTTP/1.1 200) 4 headers in 156 bytes (1 switches on core 0)
Jun 24 01:01:42.803626 np0000182650 devstack@neutron-api.service[103300]: DEBUG neutron.api.v2.base [None req-bdaf5ab3-a305-4675-af7b-895aacf70bab admin admin] Request body: {'network': {'admin_state_up': True, 'project_id': 'a9c0889e472c4398b8c5a2d6756280ab', 'name': 'admin_net'}} {{(pid=103300) prepare_request_body /opt/stack/neutron/neutron/api/v2/base.py:727}}
Jun 24 01:01:42.820383 np0000182650 devstack@neutron-api.service[103300]: DEBUG neutron.pecan_wsgi.hooks.quota_enforcement [None req-bdaf5ab3-a305-4675-af7b-895aacf70bab admin admin] Made reservation on behalf of a9c0889e472c4398b8c5a2d6756280ab for: {'network': 1} {{(pid=103300) before /opt/stack/neutron/neutron/pecan_wsgi/hooks/quota_enforcement.py:66}}
Jun 24 01:01:42.824723 np0000182650 devstack@neutron-api.service[103300]: DEBUG neutron_lib.callbacks.manager [None req-bdaf5ab3-a305-4675-af7b-895aacf70bab admin admin] Publish callbacks ['neutron.plugins.ml2.plugin.SecurityGroupDbMixin._ensure_default_security_group_handler-10495'] for network (None), before_create {{(pid=103300) _notify_loop /opt/stack/data/venv/lib/python3.12/site-packages/neutron_lib/callbacks/manager.py:184}}
Jun 24 01:01:42.830866 np0000182650 devstack@neutron-api.service[103300]: DEBUG neutron_lib.callbacks.manager [None req-bdaf5ab3-a305-4675-af7b-895aacf70bab admin admin] Publish callbacks [] for security_group (None), before_create {{(pid=103300) _notify_loop /opt/stack/data/venv/lib/python3.12/site-packages/neutron_lib/callbacks/manager.py:184}}
Jun 24 01:01:42.911645 np0000182650 devstack@neutron-api.service[103300]: DEBUG neutron_lib.callbacks.manager [None req-bdaf5ab3-a305-4675-af7b-895aacf70bab admin admin] Publish callbacks ['neutron.plugins.ml2.drivers.ovn.mech_driver.mech_driver.OVNMechanismDriver._create_security_group_precommit-33250153'] for security_group (5ffbbaf0-3418-4764-946b-7593df7db568), precommit_create {{(pid=103300) _notify_loop /opt/stack/data/venv/lib/python3.12/site-packages/neutron_lib/callbacks/manager.py:184}}
Jun 24 01:01:42.911867 np0000182650 devstack@neutron-api.service[103300]: DEBUG neutron.db.ovn_revision_numbers_db [None req-bdaf5ab3-a305-4675-af7b-895aacf70bab admin admin] create_initial_revision uuid=5ffbbaf0-3418-4764-946b-7593df7db568, type=security_groups, rev=-1 {{(pid=103300) create_initial_revision /opt/stack/neutron/neutron/db/ovn_revision_numbers_db.py:98}}
Jun 24 01:01:42.913475 np0000182650 devstack@neutron-api.service[103300]: DEBUG neutron.db.ovn_revision_numbers_db [None req-bdaf5ab3-a305-4675-af7b-895aacf70bab admin admin] create_initial_revision uuid=8dc646e5-7f08-470f-8f09-2b325371258a, type=security_group_rules, rev=-1 {{(pid=103300) create_initial_revision /opt/stack/neutron/neutron/db/ovn_revision_numbers_db.py:98}}
Jun 24 01:01:42.914880 np0000182650 devstack@neutron-api.service[103300]: DEBUG neutron.db.ovn_revision_numbers_db [None req-bdaf5ab3-a305-4675-af7b-895aacf70bab admin admin] create_initial_revision uuid=f913cba2-463c-44e9-8e99-505a2979e540, type=security_group_rules, rev=-1 {{(pid=103300) create_initial_revision /opt/stack/neutron/neutron/db/ovn_revision_numbers_db.py:98}}
Jun 24 01:01:42.916188 np0000182650 devstack@neutron-api.service[103300]: DEBUG neutron.db.ovn_revision_numbers_db [None req-bdaf5ab3-a305-4675-af7b-895aacf70bab admin admin] create_initial_revision uuid=f94a1823-5a25-442e-b77a-f14794e9de43, type=security_group_rules, rev=-1 {{(pid=103300) create_initial_revision /opt/stack/neutron/neutron/db/ovn_revision_numbers_db.py:98}}
Jun 24 01:01:42.917327 np0000182650 devstack@neutron-api.service[103300]: DEBUG neutron.db.ovn_revision_numbers_db [None req-bdaf5ab3-a305-4675-af7b-895aacf70bab admin admin] create_initial_revision uuid=f9728fc3-eb2e-466e-86f7-ccda37fb3429, type=security_group_rules, rev=-1 {{(pid=103300) create_initial_revision /opt/stack/neutron/neutron/db/ovn_revision_numbers_db.py:98}}
Jun 24 01:01:42.925269 np0000182650 devstack@neutron-api.service[103300]: DEBUG neutron_lib.callbacks.manager [None req-bdaf5ab3-a305-4675-af7b-895aacf70bab admin admin] Publish callbacks ['neutron.plugins.ml2.drivers.ovn.mech_driver.mech_driver.OVNMechanismDriver._create_security_group-33250131', 'neutron.plugins.ml2.ovo_rpc._ObjectChangeHandler.handle_event-32416664'] for security_group (5ffbbaf0-3418-4764-946b-7593df7db568), after_create {{(pid=103300) _notify_loop /opt/stack/data/venv/lib/python3.12/site-packages/neutron_lib/callbacks/manager.py:184}}
Jun 24 01:01:42.926276 np0000182650 devstack@neutron-api.service[103300]: DEBUG ovsdbapp.backend.ovs_idl.transaction [None req-3d2ab0a9-b6d7-40e1-be72-0474956cd68a None None] Running txn n=1 command(idx=0): PgAddCommand(_result=None, name=pg_5ffbbaf0_3418_4764_946b_7593df7db568, may_exist=False, columns={'acls': [], 'external_ids': {'neutron:security_group_id': '5ffbbaf0-3418-4764-946b-7593df7db568'}}) {{(pid=103300) do_commit /opt/stack/data/venv/lib/python3.12/site-packages/ovsdbapp/backend/ovs_idl/transaction.py:89}}
Jun 24 01:01:42.926870 np0000182650 devstack@neutron-api.service[103300]: DEBUG ovsdbapp.backend.ovs_idl.transaction [None req-3d2ab0a9-b6d7-40e1-be72-0474956cd68a None None] Running txn n=1 command(idx=1): PgAclAddCommand(_result=None, entity=pg_5ffbbaf0_3418_4764_946b_7593df7db568, direction=to-lport, priority=1002, match=outport == @pg_5ffbbaf0_3418_4764_946b_7593df7db568 && ip4 && ip4.src == $pg_5ffbbaf0_3418_4764_946b_7593df7db568_ip4, action=allow-related, log=False, may_exist=True, severity=[], name=[], meter=[], external_ids={'neutron:security_group_rule_id': '8dc646e5-7f08-470f-8f09-2b325371258a'}) {{(pid=103300) do_commit /opt/stack/data/venv/lib/python3.12/site-packages/ovsdbapp/backend/ovs_idl/transaction.py:89}}
Jun 24 01:01:42.927535 np0000182650 devstack@neutron-api.service[103300]: DEBUG ovsdbapp.backend.ovs_idl.transaction [None req-3d2ab0a9-b6d7-40e1-be72-0474956cd68a None None] Running txn n=1 command(idx=2): PgAclAddCommand(_result=None, entity=pg_5ffbbaf0_3418_4764_946b_7593df7db568, direction=to-lport, priority=1002, match=outport == @pg_5ffbbaf0_3418_4764_946b_7593df7db568 && ip6 && ip6.src == $pg_5ffbbaf0_3418_4764_946b_7593df7db568_ip6, action=allow-related, log=False, may_exist=True, severity=[], name=[], meter=[], external_ids={'neutron:security_group_rule_id': 'f913cba2-463c-44e9-8e99-505a2979e540'}) {{(pid=103300) do_commit /opt/stack/data/venv/lib/python3.12/site-packages/ovsdbapp/backend/ovs_idl/transaction.py:89}}
Jun 24 01:01:42.928117 np0000182650 devstack@neutron-api.service[103300]: DEBUG ovsdbapp.backend.ovs_idl.transaction [None req-3d2ab0a9-b6d7-40e1-be72-0474956cd68a None None] Running txn n=1 command(idx=3): PgAclAddCommand(_result=None, entity=pg_5ffbbaf0_3418_4764_946b_7593df7db568, direction=from-lport, priority=1002, match=inport == @pg_5ffbbaf0_3418_4764_946b_7593df7db568 && ip6, action=allow-related, log=False, may_exist=True, severity=[], name=[], meter=[], external_ids={'neutron:security_group_rule_id': 'f94a1823-5a25-442e-b77a-f14794e9de43'}) {{(pid=103300) do_commit /opt/stack/data/venv/lib/python3.12/site-packages/ovsdbapp/backend/ovs_idl/transaction.py:89}}
Jun 24 01:01:42.928647 np0000182650 devstack@neutron-api.service[103300]: DEBUG ovsdbapp.backend.ovs_idl.transaction [None req-3d2ab0a9-b6d7-40e1-be72-0474956cd68a None None] Running txn n=1 command(idx=4): PgAclAddCommand(_result=None, entity=pg_5ffbbaf0_3418_4764_946b_7593df7db568, direction=from-lport, priority=1002, match=inport == @pg_5ffbbaf0_3418_4764_946b_7593df7db568 && ip4, action=allow-related, log=False, may_exist=True, severity=[], name=[], meter=[], external_ids={'neutron:security_group_rule_id': 'f9728fc3-eb2e-466e-86f7-ccda37fb3429'}) {{(pid=103300) do_commit /opt/stack/data/venv/lib/python3.12/site-packages/ovsdbapp/backend/ovs_idl/transaction.py:89}}
Jun 24 01:01:42.945308 np0000182650 devstack@neutron-api.service[103300]: DEBUG neutron.common.ovn.hash_ring_manager [None req-3d2ab0a9-b6d7-40e1-be72-0474956cd68a None None] Hash Ring loaded. 4 active nodes. 0 offline nodes {{(pid=103300) _load_hash_ring /opt/stack/neutron/neutron/common/ovn/hash_ring_manager.py:110}}
Jun 24 01:01:42.945696 np0000182650 devstack@neutron-api.service[103300]: DEBUG neutron.plugins.ml2.drivers.ovn.mech_driver.ovsdb.ovsdb_monitor [None req-3d2ab0a9-b6d7-40e1-be72-0474956cd68a None None] Hash Ring: Node e4d6f4ff95495185a8e2ea347e21af0c (host: np0000182650) handling event "create" for row 26e88ee6-2676-474b-a078-e3a7a16d6141 (table: ACL) {{(pid=103300) notify /opt/stack/neutron/neutron/plugins/ml2/drivers/ovn/mech_driver/ovsdb/ovsdb_monitor.py:1015}}
Jun 24 01:01:42.945696 np0000182650 devstack@neutron-api.service[103300]: DEBUG neutron.plugins.ml2.drivers.ovn.mech_driver.ovsdb.ovsdb_monitor [None req-3d2ab0a9-b6d7-40e1-be72-0474956cd68a None None] Hash Ring: Node e4d6f4ff95495185a8e2ea347e21af0c (host: np0000182650) handling event "create" for row a879e16f-1250-43b1-ae6e-b7fe217bda89 (table: ACL) {{(pid=103300) notify /opt/stack/neutron/neutron/plugins/ml2/drivers/ovn/mech_driver/ovsdb/ovsdb_monitor.py:1015}}
Jun 24 01:01:42.945696 np0000182650 devstack@neutron-api.service[103300]: DEBUG neutron.plugins.ml2.drivers.ovn.mech_driver.ovsdb.ovsdb_monitor [None req-3d2ab0a9-b6d7-40e1-be72-0474956cd68a None None] Hash Ring: Node e4d6f4ff95495185a8e2ea347e21af0c (host: np0000182650) handling event "create" for row 6bd0bb60-93ec-4bea-a71a-1064e7fbc768 (table: Port_Group) {{(pid=103300) notify /opt/stack/neutron/neutron/plugins/ml2/drivers/ovn/mech_driver/ovsdb/ovsdb_monitor.py:1015}}
Jun 24 01:01:42.946082 np0000182650 devstack@neutron-api.service[103299]: DEBUG neutron.common.ovn.hash_ring_manager [None req-7f08e31c-50e4-4848-9a33-1da9753ed350 None None] Hash Ring loaded. 4 active nodes. 0 offline nodes {{(pid=103299) _load_hash_ring /opt/stack/neutron/neutron/common/ovn/hash_ring_manager.py:110}}
Jun 24 01:01:42.946082 np0000182650 devstack@neutron-api.service[103299]: DEBUG neutron.plugins.ml2.drivers.ovn.mech_driver.ovsdb.ovsdb_monitor [None req-7f08e31c-50e4-4848-9a33-1da9753ed350 None None] Hash Ring: Node c8e8f15181805d4cb96740220c3a6d93 (host: np0000182650) handling event "create" for row 00040471-ef4b-4d10-8340-81257747c8e6 (table: ACL) {{(pid=103299) notify /opt/stack/neutron/neutron/plugins/ml2/drivers/ovn/mech_driver/ovsdb/ovsdb_monitor.py:1015}}
Jun 24 01:01:42.951771 np0000182650 devstack@neutron-api.service[103302]: DEBUG neutron.common.ovn.hash_ring_manager [None req-c5e7bbd6-eaf1-471d-b02b-adbb5026e14c None None] Hash Ring loaded. 4 active nodes. 0 offline nodes {{(pid=103302) _load_hash_ring /opt/stack/neutron/neutron/common/ovn/hash_ring_manager.py:110}}
Jun 24 01:01:42.951771 np0000182650 devstack@neutron-api.service[103302]: DEBUG neutron.plugins.ml2.drivers.ovn.mech_driver.ovsdb.ovsdb_monitor [None req-c5e7bbd6-eaf1-471d-b02b-adbb5026e14c None None] Hash Ring: Node f31c871a75b65112b3e3c75c5fd9df95 (host: np0000182650) handling event "create" for row 3c1ae0dc-5d19-4e3f-8fc0-28656d445341 (table: ACL) {{(pid=103302) notify /opt/stack/neutron/neutron/plugins/ml2/drivers/ovn/mech_driver/ovsdb/ovsdb_monitor.py:1015}}
Jun 24 01:01:42.954172 np0000182650 devstack@neutron-api.service[103301]: DEBUG neutron.common.ovn.hash_ring_manager [None req-603cfb30-61a0-4793-9d5b-d13f1a0f07f0 None None] Hash Ring loaded. 4 active nodes. 0 offline nodes {{(pid=103301) _load_hash_ring /opt/stack/neutron/neutron/common/ovn/hash_ring_manager.py:110}}
Jun 24 01:01:42.975005 np0000182650 devstack@neutron-api.service[103300]: INFO neutron.db.ovn_revision_numbers_db [None req-bdaf5ab3-a305-4675-af7b-895aacf70bab admin admin] Successfully bumped revision number for resource 5ffbbaf0-3418-4764-946b-7593df7db568 (type: security_groups) to 1
Jun 24 01:01:42.988518 np0000182650 devstack@neutron-api.service[103300]: INFO neutron.db.ovn_revision_numbers_db [None req-bdaf5ab3-a305-4675-af7b-895aacf70bab admin admin] Successfully bumped revision number for resource 8dc646e5-7f08-470f-8f09-2b325371258a (type: security_group_rules) to 0
Jun 24 01:01:43.001071 np0000182650 devstack@neutron-api.service[103300]: INFO neutron.db.ovn_revision_numbers_db [None req-bdaf5ab3-a305-4675-af7b-895aacf70bab admin admin] Successfully bumped revision number for resource f913cba2-463c-44e9-8e99-505a2979e540 (type: security_group_rules) to 0
Jun 24 01:01:43.015697 np0000182650 devstack@neutron-api.service[103300]: INFO neutron.db.ovn_revision_numbers_db [None req-bdaf5ab3-a305-4675-af7b-895aacf70bab admin admin] Successfully bumped revision number for resource f94a1823-5a25-442e-b77a-f14794e9de43 (type: security_group_rules) to 0
Jun 24 01:01:43.031884 np0000182650 devstack@neutron-api.service[103300]: INFO neutron.db.ovn_revision_numbers_db [None req-bdaf5ab3-a305-4675-af7b-895aacf70bab admin admin] Successfully bumped revision number for resource f9728fc3-eb2e-466e-86f7-ccda37fb3429 (type: security_group_rules) to 0
Jun 24 01:01:43.059338 np0000182650 devstack@neutron-api.service[103300]: DEBUG neutron.api.rpc.handlers.resources_rpc [None req-bdaf5ab3-a305-4675-af7b-895aacf70bab admin admin] Pushing event updated for resources: {'SecurityGroup': ['ID=5ffbbaf0-3418-4764-946b-7593df7db568,revision_number=1']} {{(pid=103300) push /opt/stack/neutron/neutron/api/rpc/handlers/resources_rpc.py:237}}
Jun 24 01:01:43.063978 np0000182650 devstack@neutron-api.service[103300]: DEBUG ovsdbapp.backend.ovs_idl.transaction [None req-3d2ab0a9-b6d7-40e1-be72-0474956cd68a None None] Running txn n=1 command(idx=0): CheckLivenessCommand(_result=None) {{(pid=103300) do_commit /opt/stack/data/venv/lib/python3.12/site-packages/ovsdbapp/backend/ovs_idl/transaction.py:89}}
Jun 24 01:01:43.067831 np0000182650 devstack@neutron-api.service[103300]: DEBUG neutron.api.rpc.callbacks.version_manager [None req-bdaf5ab3-a305-4675-af7b-895aacf70bab admin admin] Tracked resource versions report:
Jun 24 01:01:43.067831 np0000182650 devstack@neutron-api.service[103300]: pushed versions:
Jun 24 01:01:43.067831 np0000182650 devstack@neutron-api.service[103300]: { 'AddressGroup': {'1.2'},
Jun 24 01:01:43.067831 np0000182650 devstack@neutron-api.service[103300]: 'Agent': {'1.1'},
Jun 24 01:01:43.067831 np0000182650 devstack@neutron-api.service[103300]: 'ConntrackHelper': {'1.0'},
Jun 24 01:01:43.067831 np0000182650 devstack@neutron-api.service[103300]: 'LocalIPAssociation': {'1.0'},
Jun 24 01:01:43.067831 np0000182650 devstack@neutron-api.service[103300]: 'Log': {'1.0'},
Jun 24 01:01:43.067831 np0000182650 devstack@neutron-api.service[103300]: 'NDPProxy': {'1.0'},
Jun 24 01:01:43.067831 np0000182650 devstack@neutron-api.service[103300]: 'Network': {'1.3'},
Jun 24 01:01:43.067831 np0000182650 devstack@neutron-api.service[103300]: 'Port': {'1.11'},
Jun 24 01:01:43.067831 np0000182650 devstack@neutron-api.service[103300]: 'PortForwarding': {'1.3'},
Jun 24 01:01:43.067831 np0000182650 devstack@neutron-api.service[103300]: 'QosPolicy': {'1.10'},
Jun 24 01:01:43.067831 np0000182650 devstack@neutron-api.service[103300]: 'SecurityGroup': {'1.6'},
Jun 24 01:01:43.067831 np0000182650 devstack@neutron-api.service[103300]: 'SecurityGroupRule': {'1.3'},
Jun 24 01:01:43.067831 np0000182650 devstack@neutron-api.service[103300]: 'SubPort': {'1.0'},
Jun 24 01:01:43.067831 np0000182650 devstack@neutron-api.service[103300]: 'Subnet': {'1.2'},
Jun 24 01:01:43.067831 np0000182650 devstack@neutron-api.service[103300]: 'Trunk': {'1.1'}}
Jun 24 01:01:43.067831 np0000182650 devstack@neutron-api.service[103300]: consumer versions:
Jun 24 01:01:43.067831 np0000182650 devstack@neutron-api.service[103300]: { OVN Neutron agent@np0000182650: {},
Jun 24 01:01:43.067831 np0000182650 devstack@neutron-api.service[103300]: OVN Controller Gateway agent@np0000182650: {}}
Jun 24 01:01:43.067831 np0000182650 devstack@neutron-api.service[103300]: {{(pid=103300) report /opt/stack/neutron/neutron/api/rpc/callbacks/version_manager.py:183}}
Jun 24 01:01:43.070660 np0000182650 devstack@neutron-api.service[103301]: DEBUG neutron.plugins.ml2.drivers.ovn.mech_driver.ovsdb.ovsdb_monitor [-] ChassisAgentWriteEvent : Matched Chassis_Private, update, None None {{(pid=103301) matches /opt/stack/neutron/neutron/plugins/ml2/drivers/ovn/mech_driver/ovsdb/ovsdb_monitor.py:64}}
Jun 24 01:01:43.070806 np0000182650 devstack@neutron-api.service[103300]: DEBUG neutron.plugins.ml2.drivers.ovn.mech_driver.ovsdb.ovsdb_monitor [None req-11546a53-32c6-4d39-8442-ee9159e99339 None None] ChassisAgentWriteEvent : Matched Chassis_Private, update, None None {{(pid=103300) matches /opt/stack/neutron/neutron/plugins/ml2/drivers/ovn/mech_driver/ovsdb/ovsdb_monitor.py:64}}
Jun 24 01:01:43.071018 np0000182650 devstack@neutron-api.service[103299]: DEBUG neutron.plugins.ml2.drivers.ovn.mech_driver.ovsdb.ovsdb_monitor [None req-41eb798b-d78c-4e12-a410-8e8bd37f8bf7 None None] ChassisAgentWriteEvent : Matched Chassis_Private, update, None None {{(pid=103299) matches /opt/stack/neutron/neutron/plugins/ml2/drivers/ovn/mech_driver/ovsdb/ovsdb_monitor.py:64}}
Jun 24 01:01:43.076360 np0000182650 devstack@neutron-api.service[103302]: DEBUG neutron.plugins.ml2.drivers.ovn.mech_driver.ovsdb.ovsdb_monitor [None req-e4a0c779-2715-4701-bda0-ecd7f29f5c18 None None] ChassisAgentWriteEvent : Matched Chassis_Private, update, None None {{(pid=103302) matches /opt/stack/neutron/neutron/plugins/ml2/drivers/ovn/mech_driver/ovsdb/ovsdb_monitor.py:64}}
Jun 24 01:01:43.077703 np0000182650 devstack@neutron-api.service[103301]: DEBUG neutron.plugins.ml2.drivers.ovn.mech_driver.ovsdb.ovsdb_monitor [None req-603cfb30-61a0-4793-9d5b-d13f1a0f07f0 None None] Hash Ring: Node 2d4e40ccc7ab568482bcd55e63acf10a (host: np0000182650) handling event "update" for row a7e0a304-7b8e-48d8-8e7f-bfe764bf19b0 (table: NB_Global) {{(pid=103301) notify /opt/stack/neutron/neutron/plugins/ml2/drivers/ovn/mech_driver/ovsdb/ovsdb_monitor.py:1015}}
Jun 24 01:01:43.085594 np0000182650 devstack@neutron-api.service[103301]: DEBUG neutron.plugins.ml2.drivers.ovn.mech_driver.ovsdb.ovsdb_monitor [None req-603cfb30-61a0-4793-9d5b-d13f1a0f07f0 None None] Hash Ring: Node 2d4e40ccc7ab568482bcd55e63acf10a (host: np0000182650) handling event "update" for row a7e0a304-7b8e-48d8-8e7f-bfe764bf19b0 (table: NB_Global) {{(pid=103301) notify /opt/stack/neutron/neutron/plugins/ml2/drivers/ovn/mech_driver/ovsdb/ovsdb_monitor.py:1015}}
Jun 24 01:01:43.087609 np0000182650 devstack@neutron-api.service[103299]: DEBUG neutron.common.ovn.hash_ring_manager [None req-41eb798b-d78c-4e12-a410-8e8bd37f8bf7 None None] Hash Ring loaded. 4 active nodes. 0 offline nodes {{(pid=103299) _load_hash_ring /opt/stack/neutron/neutron/common/ovn/hash_ring_manager.py:110}}
Jun 24 01:01:43.088694 np0000182650 devstack@neutron-api.service[103302]: DEBUG neutron.common.ovn.hash_ring_manager [None req-e4a0c779-2715-4701-bda0-ecd7f29f5c18 None None] Hash Ring loaded. 4 active nodes. 0 offline nodes {{(pid=103302) _load_hash_ring /opt/stack/neutron/neutron/common/ovn/hash_ring_manager.py:110}}
Jun 24 01:01:43.088694 np0000182650 devstack@neutron-api.service[103302]: DEBUG neutron.plugins.ml2.drivers.ovn.mech_driver.ovsdb.ovsdb_monitor [None req-e4a0c779-2715-4701-bda0-ecd7f29f5c18 None None] Hash Ring: Node f31c871a75b65112b3e3c75c5fd9df95 (host: np0000182650) handling event "update" for row f9e56d63-d473-4ea5-98e4-f7d7bc39c3dc (table: Chassis_Private) {{(pid=103302) notify /opt/stack/neutron/neutron/plugins/ml2/drivers/ovn/mech_driver/ovsdb/ovsdb_monitor.py:1015}}
Jun 24 01:01:43.088880 np0000182650 devstack@neutron-api.service[103299]: DEBUG neutron.plugins.ml2.drivers.ovn.mech_driver.ovsdb.ovsdb_monitor [None req-41eb798b-d78c-4e12-a410-8e8bd37f8bf7 None None] ChassisOVNAgentWriteEvent : Matched Chassis_Private, update, None None {{(pid=103299) matches /opt/stack/neutron/neutron/plugins/ml2/drivers/ovn/mech_driver/ovsdb/ovsdb_monitor.py:64}}
Jun 24 01:01:43.090385 np0000182650 devstack@neutron-api.service[103301]: DEBUG neutron.common.ovn.hash_ring_manager [-] Hash Ring loaded. 4 active nodes. 0 offline nodes {{(pid=103301) _load_hash_ring /opt/stack/neutron/neutron/common/ovn/hash_ring_manager.py:110}}
Jun 24 01:01:43.091422 np0000182650 devstack@neutron-api.service[103301]: DEBUG neutron.plugins.ml2.drivers.ovn.mech_driver.ovsdb.ovsdb_monitor [-] ChassisOVNAgentWriteEvent : Matched Chassis_Private, update, None None {{(pid=103301) matches /opt/stack/neutron/neutron/plugins/ml2/drivers/ovn/mech_driver/ovsdb/ovsdb_monitor.py:64}}
Jun 24 01:01:43.091511 np0000182650 devstack@neutron-api.service[103302]: DEBUG neutron.plugins.ml2.drivers.ovn.mech_driver.ovsdb.ovsdb_monitor [None req-e4a0c779-2715-4701-bda0-ecd7f29f5c18 None None] ChassisOVNAgentWriteEvent : Matched Chassis_Private, update, None None {{(pid=103302) matches /opt/stack/neutron/neutron/plugins/ml2/drivers/ovn/mech_driver/ovsdb/ovsdb_monitor.py:64}}
Jun 24 01:01:43.092742 np0000182650 devstack@neutron-api.service[103302]: DEBUG neutron.plugins.ml2.drivers.ovn.mech_driver.ovsdb.ovsdb_monitor [None req-e4a0c779-2715-4701-bda0-ecd7f29f5c18 None None] Hash Ring: Node f31c871a75b65112b3e3c75c5fd9df95 (host: np0000182650) handling event "update" for row f9e56d63-d473-4ea5-98e4-f7d7bc39c3dc (table: Chassis_Private) {{(pid=103302) notify /opt/stack/neutron/neutron/plugins/ml2/drivers/ovn/mech_driver/ovsdb/ovsdb_monitor.py:1015}}
Jun 24 01:01:43.096877 np0000182650 devstack@neutron-api.service[103300]: DEBUG neutron.common.ovn.hash_ring_manager [None req-11546a53-32c6-4d39-8442-ee9159e99339 None None] Hash Ring loaded. 4 active nodes. 0 offline nodes {{(pid=103300) _load_hash_ring /opt/stack/neutron/neutron/common/ovn/hash_ring_manager.py:110}}
Jun 24 01:01:43.097884 np0000182650 devstack@neutron-api.service[103300]: DEBUG neutron.plugins.ml2.drivers.ovn.mech_driver.ovsdb.ovsdb_monitor [None req-11546a53-32c6-4d39-8442-ee9159e99339 None None] ChassisOVNAgentWriteEvent : Matched Chassis_Private, update, None None {{(pid=103300) matches /opt/stack/neutron/neutron/plugins/ml2/drivers/ovn/mech_driver/ovsdb/ovsdb_monitor.py:64}}
Jun 24 01:01:43.127737 np0000182650 devstack@neutron-api.service[103300]: DEBUG neutron.plugins.ml2.drivers.helpers [None req-bdaf5ab3-a305-4675-af7b-895aacf70bab admin admin] geneve segment allocate from pool success with {'geneve_vni': 4589} {{(pid=103300) allocate_partially_specified_segment /opt/stack/neutron/neutron/plugins/ml2/drivers/helpers.py:142}}
Jun 24 01:01:43.135718 np0000182650 devstack@neutron-api.service[103300]: DEBUG neutron_lib.callbacks.manager [None req-bdaf5ab3-a305-4675-af7b-895aacf70bab admin admin] Publish callbacks ['neutron.plugins.ml2.plugin.Ml2Plugin._handle_segment_change-33349133'] for segment (23dfb826-a8d1-4016-b8ce-1d72a096605d), precommit_create {{(pid=103300) _notify_loop /opt/stack/data/venv/lib/python3.12/site-packages/neutron_lib/callbacks/manager.py:184}}
Jun 24 01:01:43.135890 np0000182650 devstack@neutron-api.service[103300]: INFO neutron.db.segments_db [None req-bdaf5ab3-a305-4675-af7b-895aacf70bab admin admin] Added segment 23dfb826-a8d1-4016-b8ce-1d72a096605d of type geneve for network 93ab8ef0-cd1f-4e61-922c-6ac79a82715a
Jun 24 01:01:43.154127 np0000182650 devstack@neutron-api.service[103300]: DEBUG neutron_lib.callbacks.manager [None req-bdaf5ab3-a305-4675-af7b-895aacf70bab admin admin] Publish callbacks ['neutron.services.auto_allocate.db._ensure_external_network_default_value_callback-8430365409644'] for network (93ab8ef0-cd1f-4e61-922c-6ac79a82715a), precommit_create {{(pid=103300) _notify_loop /opt/stack/data/venv/lib/python3.12/site-packages/neutron_lib/callbacks/manager.py:184}}
Jun 24 01:01:43.170754 np0000182650 devstack@neutron-api.service[103300]: DEBUG neutron.plugins.ml2.drivers.ovn.mech_driver.mech_driver [None req-bdaf5ab3-a305-4675-af7b-895aacf70bab admin admin] Validating network segment with type geneve, segmentation ID 4589, physical network None {{(pid=103300) _validate_network_segments /opt/stack/neutron/neutron/plugins/ml2/drivers/ovn/mech_driver/mech_driver.py:646}}
Jun 24 01:01:43.170942 np0000182650 devstack@neutron-api.service[103300]: DEBUG neutron.db.ovn_revision_numbers_db [None req-bdaf5ab3-a305-4675-af7b-895aacf70bab admin admin] create_initial_revision uuid=93ab8ef0-cd1f-4e61-922c-6ac79a82715a, type=networks, rev=-1 {{(pid=103300) create_initial_revision /opt/stack/neutron/neutron/db/ovn_revision_numbers_db.py:98}}
Jun 24 01:01:43.180701 np0000182650 devstack@neutron-api.service[103300]: DEBUG neutron_lib.callbacks.manager [None req-bdaf5ab3-a305-4675-af7b-895aacf70bab admin admin] Publish callbacks ['neutron.plugins.ml2.ovo_rpc._ObjectChangeHandler.handle_event-32416661'] for network (93ab8ef0-cd1f-4e61-922c-6ac79a82715a), after_create {{(pid=103300) _notify_loop /opt/stack/data/venv/lib/python3.12/site-packages/neutron_lib/callbacks/manager.py:184}}
Jun 24 01:01:43.196623 np0000182650 devstack@neutron-api.service[103300]: DEBUG neutron.api.rpc.handlers.resources_rpc [None req-bdaf5ab3-a305-4675-af7b-895aacf70bab admin admin] Pushing event updated for resources: {'Network': ['ID=93ab8ef0-cd1f-4e61-922c-6ac79a82715a,revision_number=1']} {{(pid=103300) push /opt/stack/neutron/neutron/api/rpc/handlers/resources_rpc.py:237}}
Jun 24 01:01:43.205833 np0000182650 devstack@neutron-api.service[103300]: DEBUG ovsdbapp.backend.ovs_idl.transaction [None req-3d2ab0a9-b6d7-40e1-be72-0474956cd68a None None] Running txn n=1 command(idx=0): AddNetworkCommand(_result=None, network_uuid=93ab8ef0-cd1f-4e61-922c-6ac79a82715a, may_exist=True, columns={'external_ids': {'neutron:network_name': 'admin_net', 'neutron:mtu': '1372', 'neutron:revision_number': '1', 'neutron:availability_zone_hints': '', 'neutron:provnet-network-type': 'geneve'}, 'other_config': {'mcast_snoop': 'false', 'mcast_flood_unregistered': 'false', 'vlan-passthru': 'false'}}) {{(pid=103300) do_commit /opt/stack/data/venv/lib/python3.12/site-packages/ovsdbapp/backend/ovs_idl/transaction.py:89}}
Jun 24 01:01:43.217230 np0000182650 devstack@neutron-api.service[103301]: DEBUG neutron.plugins.ml2.drivers.ovn.mech_driver.ovsdb.ovsdb_monitor [-] Hash Ring: Node 2d4e40ccc7ab568482bcd55e63acf10a (host: np0000182650) handling event "create" for row e3589c70-adf9-4e7a-922b-0adfc9cecf04 (table: Datapath_Binding) {{(pid=103301) notify /opt/stack/neutron/neutron/plugins/ml2/drivers/ovn/mech_driver/ovsdb/ovsdb_monitor.py:1015}}
Jun 24 01:01:43.220256 np0000182650 devstack@neutron-api.service[103301]: DEBUG neutron.plugins.ml2.drivers.ovn.mech_driver.ovsdb.ovsdb_monitor [None req-603cfb30-61a0-4793-9d5b-d13f1a0f07f0 None None] Hash Ring: Node 2d4e40ccc7ab568482bcd55e63acf10a (host: np0000182650) handling event "create" for row 93ab8ef0-cd1f-4e61-922c-6ac79a82715a (table: Logical_Switch) {{(pid=103301) notify /opt/stack/neutron/neutron/plugins/ml2/drivers/ovn/mech_driver/ovsdb/ovsdb_monitor.py:1015}}
Jun 24 01:01:43.237298 np0000182650 devstack@neutron-api.service[103300]: INFO neutron.db.ovn_revision_numbers_db [None req-bdaf5ab3-a305-4675-af7b-895aacf70bab admin admin] Successfully bumped revision number for resource 93ab8ef0-cd1f-4e61-922c-6ac79a82715a (type: networks) to 1
Jun 24 01:01:43.253691 np0000182650 devstack@neutron-api.service[103300]: DEBUG neutron_lib.callbacks.manager [None req-bdaf5ab3-a305-4675-af7b-895aacf70bab admin admin] Publish callbacks ['neutron.plugins.ml2.plugin.SecurityGroupDbMixin._ensure_default_security_group_handler-10495'] for port (None), before_create {{(pid=103300) _notify_loop /opt/stack/data/venv/lib/python3.12/site-packages/neutron_lib/callbacks/manager.py:184}}
Jun 24 01:01:43.328520 np0000182650 devstack@neutron-api.service[103300]: DEBUG neutron_lib.callbacks.manager [None req-bdaf5ab3-a305-4675-af7b-895aacf70bab admin admin] Publish callbacks ['neutron.plugins.ml2.drivers.ovn.mech_driver.mech_driver.OVNMechanismDriver._validate_allowed_address_pairs-33250273'] for allowed_address_pair (1d82df3e-f95e-47b4-9a86-63ab41d62d34), before_create {{(pid=103300) _notify_loop /opt/stack/data/venv/lib/python3.12/site-packages/neutron_lib/callbacks/manager.py:184}}
Jun 24 01:01:43.329237 np0000182650 devstack@neutron-api.service[103300]: DEBUG neutron_lib.callbacks.manager [None req-bdaf5ab3-a305-4675-af7b-895aacf70bab admin admin] Publish callbacks [] for port (1d82df3e-f95e-47b4-9a86-63ab41d62d34), precommit_create {{(pid=103300) _notify_loop /opt/stack/data/venv/lib/python3.12/site-packages/neutron_lib/callbacks/manager.py:184}}
Jun 24 01:01:43.329607 np0000182650 devstack@neutron-api.service[103300]: DEBUG neutron.plugins.ml2.drivers.ovn.mech_driver.mech_driver [None req-bdaf5ab3-a305-4675-af7b-895aacf70bab admin admin] No provisioning block for port 1d82df3e-f95e-47b4-9a86-63ab41d62d34 since it does not have a host {{(pid=103300) _is_port_provisioning_required /opt/stack/neutron/neutron/plugins/ml2/drivers/ovn/mech_driver/mech_driver.py:899}}
Jun 24 01:01:43.329735 np0000182650 devstack@neutron-api.service[103300]: DEBUG neutron.db.ovn_revision_numbers_db [None req-bdaf5ab3-a305-4675-af7b-895aacf70bab admin admin] create_initial_revision uuid=1d82df3e-f95e-47b4-9a86-63ab41d62d34, type=ports, rev=-1 {{(pid=103300) create_initial_revision /opt/stack/neutron/neutron/db/ovn_revision_numbers_db.py:98}}
Jun 24 01:01:43.362279 np0000182650 devstack@neutron-api.service[103300]: DEBUG neutron_lib.callbacks.manager [None req-bdaf5ab3-a305-4675-af7b-895aacf70bab admin admin] Publish callbacks ['neutron.plugins.ml2.ovo_rpc._ObjectChangeHandler.handle_event-32416356'] for port (1d82df3e-f95e-47b4-9a86-63ab41d62d34), after_create {{(pid=103300) _notify_loop /opt/stack/data/venv/lib/python3.12/site-packages/neutron_lib/callbacks/manager.py:184}}
Jun 24 01:01:43.394788 np0000182650 devstack@neutron-api.service[103300]: DEBUG neutron.api.rpc.handlers.resources_rpc [None req-bdaf5ab3-a305-4675-af7b-895aacf70bab admin admin] Pushing event updated for resources: {'Port': ['ID=1d82df3e-f95e-47b4-9a86-63ab41d62d34,revision_number=1']} {{(pid=103300) push /opt/stack/neutron/neutron/api/rpc/handlers/resources_rpc.py:237}}
Jun 24 01:01:43.402102 np0000182650 devstack@neutron-api.service[103300]: DEBUG neutron.plugins.ml2.drivers.ovn.mech_driver.ovsdb.commands [None req-bdaf5ab3-a305-4675-af7b-895aacf70bab admin admin] Converting tag [] to a tag_request {{(pid=103300) _tag_column_to_tag_request /opt/stack/neutron/neutron/plugins/ml2/drivers/ovn/mech_driver/ovsdb/commands.py:205}}
Jun 24 01:01:43.403153 np0000182650 devstack@neutron-api.service[103300]: DEBUG ovsdbapp.backend.ovs_idl.transaction [None req-3d2ab0a9-b6d7-40e1-be72-0474956cd68a None None] Running txn n=1 command(idx=0): AddLSwitchPortCommand(_result=None, lport=1d82df3e-f95e-47b4-9a86-63ab41d62d34, lswitch=neutron-93ab8ef0-cd1f-4e61-922c-6ac79a82715a, may_exist=True, network_uuid=93ab8ef0-cd1f-4e61-922c-6ac79a82715a, columns={'addresses': ['fa:16:3e:60:ad:fe'], 'external_ids': {'neutron:port_name': '', 'neutron:device_id': 'ovnmeta-93ab8ef0-cd1f-4e61-922c-6ac79a82715a', 'neutron:project_id': 'a9c0889e472c4398b8c5a2d6756280ab', 'neutron:cidrs': '', 'neutron:device_owner': 'network:distributed', 'neutron:subnet_pool_addr_scope4': '', 'neutron:subnet_pool_addr_scope6': '', 'neutron:network_name': 'neutron-93ab8ef0-cd1f-4e61-922c-6ac79a82715a', 'neutron:security_group_ids': '', 'neutron:revision_number': '1', 'neutron:vnic_type': 'normal', 'neutron:port_capabilities': '', 'neutron:mtu': '1372'}, 'parent_name': [], 'enabled': True, 'options': {}, 'type': 'localport', 'port_security': [], 'dhcpv4_options': [], 'dhcpv6_options': [], 'tag_request': []}) {{(pid=103300) do_commit /opt/stack/data/venv/lib/python3.12/site-packages/ovsdbapp/backend/ovs_idl/transaction.py:89}}
Jun 24 01:01:43.404145 np0000182650 devstack@neutron-api.service[103300]: DEBUG ovsdbapp.backend.ovs_idl.transaction [None req-3d2ab0a9-b6d7-40e1-be72-0474956cd68a None None] Running txn n=1 command(idx=1): QoSDelCommand(_result=None, switch=neutron-93ab8ef0-cd1f-4e61-922c-6ac79a82715a, conditions=[('direction', '=', 'to-lport'), ('priority', '=', 2002), ('match', '=', 'outport == "1d82df3e-f95e-47b4-9a86-63ab41d62d34"')], if_exists=True) {{(pid=103300) do_commit /opt/stack/data/venv/lib/python3.12/site-packages/ovsdbapp/backend/ovs_idl/transaction.py:89}}
Jun 24 01:01:43.404594 np0000182650 devstack@neutron-api.service[103300]: DEBUG ovsdbapp.backend.ovs_idl.transaction [None req-3d2ab0a9-b6d7-40e1-be72-0474956cd68a None None] Running txn n=1 command(idx=2): QoSDelCommand(_result=None, switch=neutron-93ab8ef0-cd1f-4e61-922c-6ac79a82715a, conditions=[('direction', '=', 'from-lport'), ('priority', '=', 2002), ('match', '=', 'inport == "1d82df3e-f95e-47b4-9a86-63ab41d62d34"')], if_exists=True) {{(pid=103300) do_commit /opt/stack/data/venv/lib/python3.12/site-packages/ovsdbapp/backend/ovs_idl/transaction.py:89}}
Jun 24 01:01:43.411962 np0000182650 devstack@neutron-api.service[103299]: DEBUG neutron.plugins.ml2.drivers.ovn.mech_driver.ovsdb.ovsdb_monitor [None req-7f08e31c-50e4-4848-9a33-1da9753ed350 None None] Hash Ring: Node c8e8f15181805d4cb96740220c3a6d93 (host: np0000182650) handling event "create" for row 2628b6f1-7bbc-4510-bf84-95bb384955a4 (table: Logical_Switch_Port) {{(pid=103299) notify /opt/stack/neutron/neutron/plugins/ml2/drivers/ovn/mech_driver/ovsdb/ovsdb_monitor.py:1015}}
Jun 24 01:01:43.413674 np0000182650 devstack@neutron-api.service[103299]: DEBUG ovsdbapp.backend.ovs_idl.event [None req-7f08e31c-50e4-4848-9a33-1da9753ed350 None None] Matched CREATE: LogicalSwitchPortCreateEvent(events=('create',), table='Logical_Switch_Port', conditions=[], old_conditions=None), priority=20 to row=Logical_Switch_Port(uuid=2628b6f1-7bbc-4510-bf84-95bb384955a4, addresses=['fa:16:3e:60:ad:fe'], dhcpv4_options=[], dhcpv6_options=[], dynamic_addresses=[], enabled=True, external_ids={'neutron:cidrs': '', 'neutron:device_id': 'ovnmeta-93ab8ef0-cd1f-4e61-922c-6ac79a82715a', 'neutron:device_owner': 'network:distributed', 'neutron:mtu': '1372', 'neutron:network_name': 'neutron-93ab8ef0-cd1f-4e61-922c-6ac79a82715a', 'neutron:port_capabilities': '', 'neutron:port_name': '', 'neutron:project_id': 'a9c0889e472c4398b8c5a2d6756280ab', 'neutron:revision_number': '1', 'neutron:security_group_ids': '', 'neutron:subnet_pool_addr_scope4': '', 'neutron:subnet_pool_addr_scope6': '', 'neutron:vnic_type': 'normal'}, ha_chassis_group=[], mirror_rules=[], name='1d82df3e-f95e-47b4-9a86-63ab41d62d34', options={}, parent_name=[], port_security=[], tag=[], tag_request=[], type='localport', up=[]) old= {{(pid=103299) matches /opt/stack/data/venv/lib/python3.12/site-packages/ovsdbapp/backend/ovs_idl/event.py:55}}
Jun 24 01:01:43.415308 np0000182650 devstack@neutron-api.service[103299]: INFO neutron.plugins.ml2.drivers.ovn.mech_driver.mech_driver [None req-720c475e-f710-4c4e-be23-7157e61675b7 None None] OVN reports status down for port: 1d82df3e-f95e-47b4-9a86-63ab41d62d34
Jun 24 01:01:43.417519 np0000182650 devstack@neutron-api.service[103301]: DEBUG neutron.plugins.ml2.drivers.ovn.mech_driver.ovsdb.ovsdb_monitor [None req-603cfb30-61a0-4793-9d5b-d13f1a0f07f0 None None] Hash Ring: Node 2d4e40ccc7ab568482bcd55e63acf10a (host: np0000182650) handling event "update" for row 93ab8ef0-cd1f-4e61-922c-6ac79a82715a (table: Logical_Switch) {{(pid=103301) notify /opt/stack/neutron/neutron/plugins/ml2/drivers/ovn/mech_driver/ovsdb/ovsdb_monitor.py:1015}}
Jun 24 01:01:43.418865 np0000182650 devstack@neutron-api.service[103299]: DEBUG neutron.plugins.ml2.drivers.ovn.mech_driver.ovsdb.ovsdb_monitor [None req-7f08e31c-50e4-4848-9a33-1da9753ed350 None None] Hash Ring: Node c8e8f15181805d4cb96740220c3a6d93 (host: np0000182650) handling event "update" for row 2628b6f1-7bbc-4510-bf84-95bb384955a4 (table: Logical_Switch_Port) {{(pid=103299) notify /opt/stack/neutron/neutron/plugins/ml2/drivers/ovn/mech_driver/ovsdb/ovsdb_monitor.py:1015}}
Jun 24 01:01:43.420432 np0000182650 devstack@neutron-api.service[103301]: DEBUG neutron.plugins.ml2.drivers.ovn.mech_driver.ovsdb.ovsdb_monitor [-] Hash Ring: Node 2d4e40ccc7ab568482bcd55e63acf10a (host: np0000182650) handling event "create" for row bb78415f-0f98-4928-a53e-a1b7517c0aa2 (table: Port_Binding) {{(pid=103301) notify /opt/stack/neutron/neutron/plugins/ml2/drivers/ovn/mech_driver/ovsdb/ovsdb_monitor.py:1015}}
Jun 24 01:01:43.449029 np0000182650 devstack@neutron-api.service[103299]: DEBUG neutron.db.provisioning_blocks [None req-720c475e-f710-4c4e-be23-7157e61675b7 None None] Transition to ACTIVE for port object 1d82df3e-f95e-47b4-9a86-63ab41d62d34 will not be triggered until provisioned by entity L2. {{(pid=103299) add_provisioning_component /opt/stack/neutron/neutron/db/provisioning_blocks.py:74}}
Jun 24 01:01:43.451671 np0000182650 devstack@neutron-api.service[103300]: INFO neutron.db.ovn_revision_numbers_db [None req-bdaf5ab3-a305-4675-af7b-895aacf70bab admin admin] Successfully bumped revision number for resource 1d82df3e-f95e-47b4-9a86-63ab41d62d34 (type: ports) to 1
Jun 24 01:01:43.465292 np0000182650 devstack@neutron-api.service[103300]: DEBUG neutron.pecan_wsgi.hooks.policy_enforcement [None req-bdaf5ab3-a305-4675-af7b-895aacf70bab admin admin] Attributes excluded by policy engine: ['standard_attr_id'] {{(pid=103300) _exclude_attributes_by_policy /opt/stack/neutron/neutron/pecan_wsgi/hooks/policy_enforcement.py:259}}
Jun 24 01:01:43.465543 np0000182650 devstack@neutron-api.service[103300]: DEBUG neutron_lib.callbacks.manager [None req-bdaf5ab3-a305-4675-af7b-895aacf70bab admin admin] Publish callbacks [] for network (None), before_response {{(pid=103300) _notify_loop /opt/stack/data/venv/lib/python3.12/site-packages/neutron_lib/callbacks/manager.py:184}}
Jun 24 01:01:43.476878 np0000182650 devstack@neutron-api.service[103299]: DEBUG neutron.plugins.ml2.plugin [None req-720c475e-f710-4c4e-be23-7157e61675b7 None None] Current status of the port 1d82df3e-f95e-47b4-9a86-63ab41d62d34 is: DOWN; New status is: DOWN {{(pid=103299) _update_individual_port_db_status /opt/stack/neutron/neutron/plugins/ml2/plugin.py:2473}}
Jun 24 01:01:43.477782 np0000182650 devstack@neutron-api.service[103299]: DEBUG ovsdbapp.backend.ovs_idl.transaction [None req-7f08e31c-50e4-4848-9a33-1da9753ed350 None None] Running txn n=1 command(idx=0): DbRemoveCommand(_result=None, table=Logical_Switch_Port, record=1d82df3e-f95e-47b4-9a86-63ab41d62d34, column=external_ids, values=('neutron:host_id',), keyvalues={}, if_exists=True) {{(pid=103299) do_commit /opt/stack/data/venv/lib/python3.12/site-packages/ovsdbapp/backend/ovs_idl/transaction.py:89}}
Jun 24 01:01:43.479398 np0000182650 devstack@neutron-api.service[103300]: [pid: 103300|app: 0|req: 23/93] 199.204.45.22 () {68 vars in 1351 bytes} [Wed Jun 24 01:01:42 2026] POST /networking/v2.0/networks => generated 682 bytes in 681 msecs (HTTP/1.1 201) 4 headers in 162 bytes (1 switches on core 0)
Jun 24 01:01:43.697137 np0000182650 devstack@neutron-api.service[103299]: INFO neutron.pecan_wsgi.hooks.translation [None req-750de32d-4224-4bed-aeb4-6b6ee3a336c5 admin admin] GET failed (client error): The resource could not be found.
Jun 24 01:01:43.697915 np0000182650 devstack@neutron-api.service[103299]: [pid: 103299|app: 0|req: 25/94] 199.204.45.22 () {64 vars in 1327 bytes} [Wed Jun 24 01:01:43 2026] GET /networking/v2.0/networks/admin_net => generated 111 bytes in 14 msecs (HTTP/1.1 404) 4 headers in 164 bytes (1 switches on core 0)
Jun 24 01:01:43.748874 np0000182650 devstack@neutron-api.service[103301]: DEBUG neutron.pecan_wsgi.hooks.policy_enforcement [None req-0d0b3358-4341-4f74-8370-c92b99f27345 admin admin] Attributes excluded by policy engine: ['standard_attr_id'] {{(pid=103301) _exclude_attributes_by_policy /opt/stack/neutron/neutron/pecan_wsgi/hooks/policy_enforcement.py:259}}
Jun 24 01:01:43.750081 np0000182650 devstack@neutron-api.service[103301]: [pid: 103301|app: 0|req: 24/95] 199.204.45.22 () {64 vars in 1339 bytes} [Wed Jun 24 01:01:43 2026] GET /networking/v2.0/networks?name=admin_net => generated 666 bytes in 39 msecs (HTTP/1.1 200) 4 headers in 157 bytes (1 switches on core 0)
Jun 24 01:01:43.969763 np0000182650 devstack@neutron-api.service[103302]: INFO neutron.pecan_wsgi.hooks.translation [None req-5e6ebce2-524a-4ece-a1ca-437411cd80bd admin admin] GET failed (client error): The resource could not be found.
Jun 24 01:01:43.970351 np0000182650 devstack@neutron-api.service[103302]: [pid: 103302|app: 0|req: 24/96] 199.204.45.22 () {64 vars in 1333 bytes} [Wed Jun 24 01:01:43 2026] GET /networking/v2.0/subnets/admin_subnet => generated 112 bytes in 15 msecs (HTTP/1.1 404) 4 headers in 164 bytes (1 switches on core 0)
Jun 24 01:01:44.004921 np0000182650 devstack@neutron-api.service[103300]: [pid: 103300|app: 0|req: 24/97] 199.204.45.22 () {64 vars in 1342 bytes} [Wed Jun 24 01:01:43 2026] GET /networking/v2.0/subnets?name=admin_subnet => generated 14 bytes in 23 msecs (HTTP/1.1 200) 4 headers in 156 bytes (1 switches on core 0)
Jun 24 01:01:44.270255 np0000182650 devstack@neutron-api.service[103299]: DEBUG neutron.pecan_wsgi.hooks.policy_enforcement [None req-44a81fb2-046b-458b-b442-ca81c64f7dcf admin admin] Attributes excluded by policy engine: ['standard_attr_id'] {{(pid=103299) _exclude_attributes_by_policy /opt/stack/neutron/neutron/pecan_wsgi/hooks/policy_enforcement.py:259}}
Jun 24 01:01:44.271592 np0000182650 devstack@neutron-api.service[103299]: [pid: 103299|app: 0|req: 26/98] 199.204.45.22 () {64 vars in 1408 bytes} [Wed Jun 24 01:01:44 2026] GET /networking/v2.0/networks/93ab8ef0-cd1f-4e61-922c-6ac79a82715a => generated 663 bytes in 28 msecs (HTTP/1.1 200) 4 headers in 157 bytes (1 switches on core 0)
Jun 24 01:01:44.292581 np0000182650 devstack@neutron-api.service[103301]: DEBUG neutron.api.v2.base [None req-5ef0b1ad-1c6a-416d-8fae-4e70809d71cb admin admin] Request body: {'subnet': {'gateway_ip': None, 'project_id': 'a9c0889e472c4398b8c5a2d6756280ab', 'ip_version': 4, 'cidr': '10.2.5.0/24', 'network_id': '93ab8ef0-cd1f-4e61-922c-6ac79a82715a', 'name': 'admin_subnet'}} {{(pid=103301) prepare_request_body /opt/stack/neutron/neutron/api/v2/base.py:727}}
