Feb 16 18:47:45.924054 np0000155657 devstack@neutron-api.service[103932]: DEBUG neutron_lib.callbacks.manager [None req-fa520a1b-4ece-4751-a708-9faf44ed9125 None None] Subscribe: > router_interface after_delete 55550000, False {{(pid=103932) subscribe /opt/stack/data/venv/lib/python3.12/site-packages/neutron_lib/callbacks/manager.py:52}}
Feb 16 18:47:45.924166 np0000155657 devstack@neutron-api.service[103932]: DEBUG neutron_lib.callbacks.manager [None req-fa520a1b-4ece-4751-a708-9faf44ed9125 None None] Subscribe: > router after_create 55550000, False {{(pid=103932) subscribe /opt/stack/data/venv/lib/python3.12/site-packages/neutron_lib/callbacks/manager.py:52}}
Feb 16 18:47:45.924262 np0000155657 devstack@neutron-api.service[103932]: DEBUG neutron_lib.callbacks.manager [None req-fa520a1b-4ece-4751-a708-9faf44ed9125 None None] Subscribe: > router precommit_create 55550000, False {{(pid=103932) subscribe /opt/stack/data/venv/lib/python3.12/site-packages/neutron_lib/callbacks/manager.py:52}}
Feb 16 18:47:45.924374 np0000155657 devstack@neutron-api.service[103932]: DEBUG neutron_lib.callbacks.manager [None req-fa520a1b-4ece-4751-a708-9faf44ed9125 None None] Subscribe: > router after_delete 55550000, False {{(pid=103932) subscribe /opt/stack/data/venv/lib/python3.12/site-packages/neutron_lib/callbacks/manager.py:52}}
Feb 16 18:47:45.924461 np0000155657 devstack@neutron-api.service[103932]: DEBUG neutron_lib.callbacks.manager [None req-fa520a1b-4ece-4751-a708-9faf44ed9125 None None] Subscribe: > router after_update 55550000, False {{(pid=103932) subscribe /opt/stack/data/venv/lib/python3.12/site-packages/neutron_lib/callbacks/manager.py:52}}
Feb 16 18:47:45.924566 np0000155657 devstack@neutron-api.service[103932]: DEBUG neutron.services.service_base [None req-fa520a1b-4ece-4751-a708-9faf44ed9125 None None] Loaded 'neutron.services.ovn_l3.service_providers.ovn.OvnDriver' provider for service L3_ROUTER_NAT {{(pid=103932) load_drivers /opt/stack/neutron/neutron/services/service_base.py:49}}
Feb 16 18:47:45.924684 np0000155657 devstack@neutron-api.service[103932]: DEBUG neutron_lib.callbacks.manager [None req-fa520a1b-4ece-4751-a708-9faf44ed9125 None None] Subscribe: > process after_init 55550001, True {{(pid=103932) subscribe /opt/stack/data/venv/lib/python3.12/site-packages/neutron_lib/callbacks/manager.py:52}}
Feb 16 18:47:45.924849 np0000155657 devstack@neutron-api.service[103932]: DEBUG neutron.manager [None req-fa520a1b-4ece-4751-a708-9faf44ed9125 None None] Successfully loaded L3_ROUTER_NAT plugin. Description: L3 Router Service Plugin for basic L3 forwarding using OVN {{(pid=103932) _create_and_add_service_plugin /opt/stack/neutron/neutron/manager.py:229}}
Feb 16 18:47:45.924919 np0000155657 devstack@neutron-api.service[103932]: INFO neutron.manager [None req-fa520a1b-4ece-4751-a708-9faf44ed9125 None None] Loading Plugin: auto_allocate
Feb 16 18:47:45.925893 np0000155657 devstack@neutron-api.service[103932]: DEBUG neutron_lib.callbacks.manager [None req-fa520a1b-4ece-4751-a708-9faf44ed9125 None None] Subscribe: network precommit_update 55550000, False {{(pid=103932) subscribe /opt/stack/data/venv/lib/python3.12/site-packages/neutron_lib/callbacks/manager.py:52}}
Feb 16 18:47:45.926016 np0000155657 devstack@neutron-api.service[103932]: DEBUG neutron_lib.callbacks.manager [None req-fa520a1b-4ece-4751-a708-9faf44ed9125 None None] Subscribe: network precommit_create 55550000, False {{(pid=103932) subscribe /opt/stack/data/venv/lib/python3.12/site-packages/neutron_lib/callbacks/manager.py:52}}
Feb 16 18:47:45.926191 np0000155657 devstack@neutron-api.service[103932]: DEBUG neutron.manager [None req-fa520a1b-4ece-4751-a708-9faf44ed9125 None None] Successfully loaded auto-allocated-topology plugin. Description: Auto Allocated Topology - aka get me a network. {{(pid=103932) _create_and_add_service_plugin /opt/stack/neutron/neutron/manager.py:229}}
Feb 16 18:47:45.926338 np0000155657 devstack@neutron-api.service[103932]: INFO neutron.manager [None req-fa520a1b-4ece-4751-a708-9faf44ed9125 None None] Loading Plugin: tag
Feb 16 18:47:45.929198 np0000155657 devstack@neutron-api.service[103932]: DEBUG neutron.manager [None req-fa520a1b-4ece-4751-a708-9faf44ed9125 None None] Successfully loaded TAG plugin. Description: Tag support {{(pid=103932) _create_and_add_service_plugin /opt/stack/neutron/neutron/manager.py:229}}
Feb 16 18:47:45.929297 np0000155657 devstack@neutron-api.service[103932]: INFO neutron.manager [None req-fa520a1b-4ece-4751-a708-9faf44ed9125 None None] Loading Plugin: timestamp
Feb 16 18:47:45.930681 np0000155657 devstack@neutron-api.service[103932]: DEBUG neutron.manager [None req-fa520a1b-4ece-4751-a708-9faf44ed9125 None None] Successfully loaded timestamp plugin. Description: Adds timestamps to Neutron resources with standard attributes {{(pid=103932) _create_and_add_service_plugin /opt/stack/neutron/neutron/manager.py:229}}
Feb 16 18:47:45.930787 np0000155657 devstack@neutron-api.service[103932]: INFO neutron.manager [None req-fa520a1b-4ece-4751-a708-9faf44ed9125 None None] Loading Plugin: network_ip_availability
Feb 16 18:47:45.932972 np0000155657 devstack@neutron-api.service[103932]: DEBUG neutron_lib.callbacks.manager [None req-fa520a1b-4ece-4751-a708-9faf44ed9125 None None] Subscribe: > rbac-policy before_create 55550000, False {{(pid=103932) subscribe /opt/stack/data/venv/lib/python3.12/site-packages/neutron_lib/callbacks/manager.py:52}}
Feb 16 18:47:45.933402 np0000155657 devstack@neutron-api.service[103932]: DEBUG neutron_lib.callbacks.manager [None req-fa520a1b-4ece-4751-a708-9faf44ed9125 None None] Subscribe: > rbac-policy before_update 55550000, False {{(pid=103932) subscribe /opt/stack/data/venv/lib/python3.12/site-packages/neutron_lib/callbacks/manager.py:52}}
Feb 16 18:47:45.933402 np0000155657 devstack@neutron-api.service[103932]: DEBUG neutron_lib.callbacks.manager [None req-fa520a1b-4ece-4751-a708-9faf44ed9125 None None] Subscribe: > rbac-policy before_delete 55550000, False {{(pid=103932) subscribe /opt/stack/data/venv/lib/python3.12/site-packages/neutron_lib/callbacks/manager.py:52}}
Feb 16 18:47:45.934138 np0000155657 devstack@neutron-api.service[103932]: DEBUG neutron.manager [None req-fa520a1b-4ece-4751-a708-9faf44ed9125 None None] Successfully loaded network-ip-availability plugin. Description: Provides IP availability data for each network and subnet. {{(pid=103932) _create_and_add_service_plugin /opt/stack/neutron/neutron/manager.py:229}}
Feb 16 18:47:45.934138 np0000155657 devstack@neutron-api.service[103932]: INFO neutron.manager [None req-fa520a1b-4ece-4751-a708-9faf44ed9125 None None] Loading Plugin: flavors
Feb 16 18:47:45.934548 np0000155657 devstack@neutron-api.service[103932]: DEBUG neutron.manager [None req-fa520a1b-4ece-4751-a708-9faf44ed9125 None None] Successfully loaded FLAVORS plugin. Description: Neutron Flavors and Service Profiles manager plugin {{(pid=103932) _create_and_add_service_plugin /opt/stack/neutron/neutron/manager.py:229}}
Feb 16 18:47:45.934630 np0000155657 devstack@neutron-api.service[103932]: INFO neutron.manager [None req-fa520a1b-4ece-4751-a708-9faf44ed9125 None None] Loading Plugin: revisions
Feb 16 18:47:45.935632 np0000155657 devstack@neutron-api.service[103932]: DEBUG neutron.manager [None req-fa520a1b-4ece-4751-a708-9faf44ed9125 None None] Successfully loaded revision_plugin plugin. Description: Adds revision numbers to resources. {{(pid=103932) _create_and_add_service_plugin /opt/stack/neutron/neutron/manager.py:229}}
Feb 16 18:47:45.935844 np0000155657 devstack@neutron-api.service[103932]: DEBUG oslo_concurrency.lockutils [None req-fa520a1b-4ece-4751-a708-9faf44ed9125 None None] Lock "manager" "released" by "neutron.manager.NeutronManager._create_instance" :: held 4.555s {{(pid=103932) inner /opt/stack/data/venv/lib/python3.12/site-packages/oslo_concurrency/lockutils.py:538}}
Feb 16 18:47:45.936022 np0000155657 devstack@neutron-api.service[103932]: DEBUG neutron.api.extensions [None req-fa520a1b-4ece-4751-a708-9faf44ed9125 None None] get_extension_paths = OrderedDict({'/opt/stack/neutron/neutron/extensions': 1}) {{(pid=103932) get_extensions_path /opt/stack/neutron/neutron/api/extensions.py:640}}
Feb 16 18:47:45.936097 np0000155657 devstack@neutron-api.service[103932]: INFO neutron.api.extensions [None req-fa520a1b-4ece-4751-a708-9faf44ed9125 None None] Initializing extension manager.
Feb 16 18:47:45.936389 np0000155657 devstack@neutron-api.service[103932]: DEBUG neutron.api.extensions [None req-fa520a1b-4ece-4751-a708-9faf44ed9125 None None] Loading extension file: __init__.py {{(pid=103932) _load_all_extensions_from_path /opt/stack/neutron/neutron/api/extensions.py:449}}
Feb 16 18:47:45.936465 np0000155657 devstack@neutron-api.service[103932]: DEBUG neutron.api.extensions [None req-fa520a1b-4ece-4751-a708-9faf44ed9125 None None] Loading extension file: __pycache__ {{(pid=103932) _load_all_extensions_from_path /opt/stack/neutron/neutron/api/extensions.py:449}}
Feb 16 18:47:45.936540 np0000155657 devstack@neutron-api.service[103932]: DEBUG neutron.api.extensions [None req-fa520a1b-4ece-4751-a708-9faf44ed9125 None None] Loading extension file: address_group.py {{(pid=103932) _load_all_extensions_from_path /opt/stack/neutron/neutron/api/extensions.py:449}}
Feb 16 18:47:45.936899 np0000155657 devstack@neutron-api.service[103932]: DEBUG neutron.api.extensions [None req-fa520a1b-4ece-4751-a708-9faf44ed9125 None None] Ext name="Address group" alias="address-group" description="Support address group" updated="2020-07-15T10:00:00-00:00" {{(pid=103932) _check_extension /opt/stack/neutron/neutron/api/extensions.py:415}}
Feb 16 18:47:45.937215 np0000155657 devstack@neutron-api.service[103932]: INFO neutron.api.extensions [None req-fa520a1b-4ece-4751-a708-9faf44ed9125 None None] Loaded extension: address-group
Feb 16 18:47:45.937303 np0000155657 devstack@neutron-api.service[103932]: DEBUG neutron.api.extensions [None req-fa520a1b-4ece-4751-a708-9faf44ed9125 None None] Loading extension file: address_scope.py {{(pid=103932) _load_all_extensions_from_path /opt/stack/neutron/neutron/api/extensions.py:449}}
Feb 16 18:47:45.937578 np0000155657 devstack@neutron-api.service[103932]: DEBUG neutron.api.extensions [None req-fa520a1b-4ece-4751-a708-9faf44ed9125 None None] Ext name="Address scope" alias="address-scope" description="Address scopes extension." updated="2015-07-26T10:00:00-00:00" {{(pid=103932) _check_extension /opt/stack/neutron/neutron/api/extensions.py:415}}
Feb 16 18:47:45.937720 np0000155657 devstack@neutron-api.service[103932]: INFO neutron.api.extensions [None req-fa520a1b-4ece-4751-a708-9faf44ed9125 None None] Loaded extension: address-scope
Feb 16 18:47:45.937825 np0000155657 devstack@neutron-api.service[103932]: DEBUG neutron.api.extensions [None req-fa520a1b-4ece-4751-a708-9faf44ed9125 None None] Loading extension file: admin_state_down_before_update.py {{(pid=103932) _load_all_extensions_from_path /opt/stack/neutron/neutron/api/extensions.py:449}}
Feb 16 18:47:45.938058 np0000155657 devstack@neutron-api.service[103932]: DEBUG neutron.api.extensions [None req-fa520a1b-4ece-4751-a708-9faf44ed9125 None None] Ext name="Enforce Router's Admin State Down Before Update Extension" alias="router-admin-state-down-before-update" description="Ensure that the admin state of a router is DOWN (admin_state_up=False) before updating the distributed attribute" updated="2019-07-02T15:56:00" {{(pid=103932) _check_extension /opt/stack/neutron/neutron/api/extensions.py:415}}
Feb 16 18:47:45.938243 np0000155657 devstack@neutron-api.service[103932]: INFO neutron.api.extensions [None req-fa520a1b-4ece-4751-a708-9faf44ed9125 None None] Extension router-admin-state-down-before-update not supported by any of loaded plugins
Feb 16 18:47:45.938363 np0000155657 devstack@neutron-api.service[103932]: DEBUG neutron.api.extensions [None req-fa520a1b-4ece-4751-a708-9faf44ed9125 None None] Loading extension file: agent.py {{(pid=103932) _load_all_extensions_from_path /opt/stack/neutron/neutron/api/extensions.py:449}}
Feb 16 18:47:45.938669 np0000155657 devstack@neutron-api.service[103932]: DEBUG neutron.api.extensions [None req-fa520a1b-4ece-4751-a708-9faf44ed9125 None None] Ext name="agent" alias="agent" description="The agent management extension." updated="2013-02-03T10:00:00-00:00" {{(pid=103932) _check_extension /opt/stack/neutron/neutron/api/extensions.py:415}}
Feb 16 18:47:45.938870 np0000155657 devstack@neutron-api.service[103932]: INFO neutron.api.extensions [None req-fa520a1b-4ece-4751-a708-9faf44ed9125 None None] Loaded extension: agent
Feb 16 18:47:45.938966 np0000155657 devstack@neutron-api.service[103932]: DEBUG neutron.api.extensions [None req-fa520a1b-4ece-4751-a708-9faf44ed9125 None None] Loading extension file: agent_resources_synced.py {{(pid=103932) _load_all_extensions_from_path /opt/stack/neutron/neutron/api/extensions.py:449}}
Feb 16 18:47:45.939205 np0000155657 devstack@neutron-api.service[103932]: DEBUG neutron.api.extensions [None req-fa520a1b-4ece-4751-a708-9faf44ed9125 None None] Ext name="Agent's Resource View Synced to Placement" alias="agent-resources-synced" description="Stores success/failure of last sync to Placement" updated="2018-12-19T00:00:00-00:00" {{(pid=103932) _check_extension /opt/stack/neutron/neutron/api/extensions.py:415}}
Feb 16 18:47:45.939382 np0000155657 devstack@neutron-api.service[103932]: INFO neutron.api.extensions [None req-fa520a1b-4ece-4751-a708-9faf44ed9125 None None] Extension agent-resources-synced not supported by any of loaded plugins
Feb 16 18:47:45.939469 np0000155657 devstack@neutron-api.service[103932]: DEBUG neutron.api.extensions [None req-fa520a1b-4ece-4751-a708-9faf44ed9125 None None] Loading extension file: allowedaddresspairs.py {{(pid=103932) _load_all_extensions_from_path /opt/stack/neutron/neutron/api/extensions.py:449}}
Feb 16 18:47:45.940147 np0000155657 devstack@neutron-api.service[103932]: DEBUG neutron.api.extensions [None req-fa520a1b-4ece-4751-a708-9faf44ed9125 None None] Ext name="Allowed Address Pairs" alias="allowed-address-pairs" description="Provides allowed address pairs" updated="2013-07-23T10:00:00-00:00" {{(pid=103932) _check_extension /opt/stack/neutron/neutron/api/extensions.py:415}}
Feb 16 18:47:45.940332 np0000155657 devstack@neutron-api.service[103932]: INFO neutron.api.extensions [None req-fa520a1b-4ece-4751-a708-9faf44ed9125 None None] Loaded extension: allowed-address-pairs
Feb 16 18:47:45.940426 np0000155657 devstack@neutron-api.service[103932]: DEBUG neutron.api.extensions [None req-fa520a1b-4ece-4751-a708-9faf44ed9125 None None] Loading extension file: auto_allocated_topology.py {{(pid=103932) _load_all_extensions_from_path /opt/stack/neutron/neutron/api/extensions.py:449}}
Feb 16 18:47:45.940689 np0000155657 devstack@neutron-api.service[103932]: DEBUG neutron.api.extensions [None req-fa520a1b-4ece-4751-a708-9faf44ed9125 None None] Ext name="Auto Allocated Topology Services" alias="auto-allocated-topology" description="Auto Allocated Topology Services." updated="2016-01-01T00:00:00-00:00" {{(pid=103932) _check_extension /opt/stack/neutron/neutron/api/extensions.py:415}}
Feb 16 18:47:45.940874 np0000155657 devstack@neutron-api.service[103932]: INFO neutron.api.extensions [None req-fa520a1b-4ece-4751-a708-9faf44ed9125 None None] Loaded extension: auto-allocated-topology
Feb 16 18:47:45.940935 np0000155657 devstack@neutron-api.service[103932]: DEBUG neutron.api.extensions [None req-fa520a1b-4ece-4751-a708-9faf44ed9125 None None] Loading extension file: availability_zone.py {{(pid=103932) _load_all_extensions_from_path /opt/stack/neutron/neutron/api/extensions.py:449}}
Feb 16 18:47:45.941222 np0000155657 devstack@neutron-api.service[103932]: DEBUG neutron.api.extensions [None req-fa520a1b-4ece-4751-a708-9faf44ed9125 None None] Ext name="Availability Zone" alias="availability_zone" description="The availability zone extension." updated="2015-01-01T10:00:00-00:00" {{(pid=103932) _check_extension /opt/stack/neutron/neutron/api/extensions.py:415}}
Feb 16 18:47:45.941381 np0000155657 devstack@neutron-api.service[103932]: INFO neutron.api.extensions [None req-fa520a1b-4ece-4751-a708-9faf44ed9125 None None] Loaded extension: availability_zone
Feb 16 18:47:45.941478 np0000155657 devstack@neutron-api.service[103932]: DEBUG neutron.api.extensions [None req-fa520a1b-4ece-4751-a708-9faf44ed9125 None None] Loading extension file: availability_zone_filter.py {{(pid=103932) _load_all_extensions_from_path /opt/stack/neutron/neutron/api/extensions.py:449}}
Feb 16 18:47:45.942047 np0000155657 devstack@neutron-api.service[103932]: DEBUG neutron.api.extensions [None req-fa520a1b-4ece-4751-a708-9faf44ed9125 None None] Ext name="Availability Zone Filter Extension" alias="availability_zone_filter" description="Add filter parameters to AvailabilityZone resource" updated="2018-06-22T10:00:00-00:00" {{(pid=103932) _check_extension /opt/stack/neutron/neutron/api/extensions.py:415}}
Feb 16 18:47:45.942047 np0000155657 devstack@neutron-api.service[103932]: INFO neutron.api.extensions [None req-fa520a1b-4ece-4751-a708-9faf44ed9125 None None] Extension availability_zone_filter not supported by any of loaded plugins
Feb 16 18:47:45.942047 np0000155657 devstack@neutron-api.service[103932]: DEBUG neutron.api.extensions [None req-fa520a1b-4ece-4751-a708-9faf44ed9125 None None] Loading extension file: data_plane_status.py {{(pid=103932) _load_all_extensions_from_path /opt/stack/neutron/neutron/api/extensions.py:449}}
Feb 16 18:47:45.942209 np0000155657 devstack@neutron-api.service[103932]: DEBUG neutron.api.extensions [None req-fa520a1b-4ece-4751-a708-9faf44ed9125 None None] Ext name="Port data plane status extension" alias="data-plane-status" description="Expose status of underlying data plane" updated="2017-01-24T10:00:00-00:00" {{(pid=103932) _check_extension /opt/stack/neutron/neutron/api/extensions.py:415}}
Feb 16 18:47:45.942380 np0000155657 devstack@neutron-api.service[103932]: INFO neutron.api.extensions [None req-fa520a1b-4ece-4751-a708-9faf44ed9125 None None] Extension data-plane-status not supported by any of loaded plugins
Feb 16 18:47:45.942481 np0000155657 devstack@neutron-api.service[103932]: DEBUG neutron.api.extensions [None req-fa520a1b-4ece-4751-a708-9faf44ed9125 None None] Loading extension file: default_subnetpools.py {{(pid=103932) _load_all_extensions_from_path /opt/stack/neutron/neutron/api/extensions.py:449}}
Feb 16 18:47:45.942772 np0000155657 devstack@neutron-api.service[103932]: DEBUG neutron.api.extensions [None req-fa520a1b-4ece-4751-a708-9faf44ed9125 None None] Ext name="Default Subnetpools" alias="default-subnetpools" description="Provides ability to mark and use a subnetpool as the default." updated="2016-02-18T18:00:00-00:00" {{(pid=103932) _check_extension /opt/stack/neutron/neutron/api/extensions.py:415}}
Feb 16 18:47:45.942906 np0000155657 devstack@neutron-api.service[103932]: INFO neutron.api.extensions [None req-fa520a1b-4ece-4751-a708-9faf44ed9125 None None] Loaded extension: default-subnetpools
Feb 16 18:47:45.943001 np0000155657 devstack@neutron-api.service[103932]: DEBUG neutron.api.extensions [None req-fa520a1b-4ece-4751-a708-9faf44ed9125 None None] Loading extension file: dhcpagentscheduler.py {{(pid=103932) _load_all_extensions_from_path /opt/stack/neutron/neutron/api/extensions.py:449}}
Feb 16 18:47:45.943370 np0000155657 devstack@neutron-api.service[103932]: DEBUG neutron.api.extensions [None req-fa520a1b-4ece-4751-a708-9faf44ed9125 None None] Ext name="DHCP Agent Scheduler" alias="dhcp_agent_scheduler" description="Schedule networks among dhcp agents" updated="2013-02-07T10:00:00-00:00" {{(pid=103932) _check_extension /opt/stack/neutron/neutron/api/extensions.py:415}}
Feb 16 18:47:45.943574 np0000155657 devstack@neutron-api.service[103932]: INFO neutron.api.extensions [None req-fa520a1b-4ece-4751-a708-9faf44ed9125 None None] Loaded extension: dhcp_agent_scheduler
Feb 16 18:47:45.943664 np0000155657 devstack@neutron-api.service[103932]: DEBUG neutron.api.extensions [None req-fa520a1b-4ece-4751-a708-9faf44ed9125 None None] Loading extension file: dns.py {{(pid=103932) _load_all_extensions_from_path /opt/stack/neutron/neutron/api/extensions.py:449}}
Feb 16 18:47:45.943882 np0000155657 devstack@neutron-api.service[103932]: DEBUG neutron.api.extensions [None req-fa520a1b-4ece-4751-a708-9faf44ed9125 None None] Ext name="DNS Integration" alias="dns-integration" description="Provides integration with DNS." updated="2015-08-15T18:00:00-00:00" {{(pid=103932) _check_extension /opt/stack/neutron/neutron/api/extensions.py:415}}
Feb 16 18:47:45.944058 np0000155657 devstack@neutron-api.service[103932]: INFO neutron.api.extensions [None req-fa520a1b-4ece-4751-a708-9faf44ed9125 None None] Loaded extension: dns-integration
Feb 16 18:47:45.944157 np0000155657 devstack@neutron-api.service[103932]: DEBUG neutron.api.extensions [None req-fa520a1b-4ece-4751-a708-9faf44ed9125 None None] Loading extension file: dns_domain_ports.py {{(pid=103932) _load_all_extensions_from_path /opt/stack/neutron/neutron/api/extensions.py:449}}
Feb 16 18:47:45.944402 np0000155657 devstack@neutron-api.service[103932]: DEBUG neutron.api.extensions [None req-fa520a1b-4ece-4751-a708-9faf44ed9125 None None] Ext name="dns_domain for ports" alias="dns-domain-ports" description="Allows the DNS domain to be specified for a network port." updated="2017-04-24T10:00:00-00:00" {{(pid=103932) _check_extension /opt/stack/neutron/neutron/api/extensions.py:415}}
Feb 16 18:47:45.944558 np0000155657 devstack@neutron-api.service[103932]: INFO neutron.api.extensions [None req-fa520a1b-4ece-4751-a708-9faf44ed9125 None None] Loaded extension: dns-domain-ports
Feb 16 18:47:45.944650 np0000155657 devstack@neutron-api.service[103932]: DEBUG neutron.api.extensions [None req-fa520a1b-4ece-4751-a708-9faf44ed9125 None None] Loading extension file: dns_integration_domain_keywords.py {{(pid=103932) _load_all_extensions_from_path /opt/stack/neutron/neutron/api/extensions.py:449}}
Feb 16 18:47:45.944891 np0000155657 devstack@neutron-api.service[103932]: DEBUG neutron.api.extensions [None req-fa520a1b-4ece-4751-a708-9faf44ed9125 None None] Ext name="DNS domain names with keywords allowed" alias="dns-integration-domain-keywords" description="Allows to use keywords like , , and as DNS domain name" updated="2020-06-15T18:00:00-00:00" {{(pid=103932) _check_extension /opt/stack/neutron/neutron/api/extensions.py:415}}
Feb 16 18:47:45.945072 np0000155657 devstack@neutron-api.service[103932]: INFO neutron.api.extensions [None req-fa520a1b-4ece-4751-a708-9faf44ed9125 None None] Loaded extension: dns-integration-domain-keywords
Feb 16 18:47:45.945150 np0000155657 devstack@neutron-api.service[103932]: DEBUG neutron.api.extensions [None req-fa520a1b-4ece-4751-a708-9faf44ed9125 None None] Loading extension file: dvr.py {{(pid=103932) _load_all_extensions_from_path /opt/stack/neutron/neutron/api/extensions.py:449}}
Feb 16 18:47:45.945425 np0000155657 devstack@neutron-api.service[103933]: INFO neutron.plugins.ml2.drivers.type_vlan [None req-a1beb994-5e4e-4796-862e-e2e217cf06e3 None None] VlanTypeDriver initialization complete
Feb 16 18:47:45.945656 np0000155657 devstack@neutron-api.service[103932]: DEBUG neutron.api.extensions [None req-fa520a1b-4ece-4751-a708-9faf44ed9125 None None] Ext name="Distributed Virtual Router" alias="dvr" description="Enables configuration of Distributed Virtual Routers." updated="2014-06-1T10:00:00-00:00" {{(pid=103932) _check_extension /opt/stack/neutron/neutron/api/extensions.py:415}}
Feb 16 18:47:45.945828 np0000155657 devstack@neutron-api.service[103933]: INFO neutron.plugins.ml2.managers [None req-a1beb994-5e4e-4796-862e-e2e217cf06e3 None None] Initializing extension driver 'port_security'
Feb 16 18:47:45.945915 np0000155657 devstack@neutron-api.service[103932]: INFO neutron.api.extensions [None req-fa520a1b-4ece-4751-a708-9faf44ed9125 None None] Extension dvr not supported by any of loaded plugins
Feb 16 18:47:45.945941 np0000155657 devstack@neutron-api.service[103933]: INFO neutron.plugins.ml2.extensions.port_security [None req-a1beb994-5e4e-4796-862e-e2e217cf06e3 None None] PortSecurityExtensionDriver initialization complete
Feb 16 18:47:45.946072 np0000155657 devstack@neutron-api.service[103932]: DEBUG neutron.api.extensions [None req-fa520a1b-4ece-4751-a708-9faf44ed9125 None None] Loading extension file: ecmp_routes.py {{(pid=103932) _load_all_extensions_from_path /opt/stack/neutron/neutron/api/extensions.py:449}}
Feb 16 18:47:45.946108 np0000155657 devstack@neutron-api.service[103933]: INFO neutron.plugins.ml2.managers [None req-a1beb994-5e4e-4796-862e-e2e217cf06e3 None None] Initializing extension driver 'qos'
Feb 16 18:47:45.946108 np0000155657 devstack@neutron-api.service[103933]: DEBUG neutron.plugins.ml2.extensions.qos [None req-a1beb994-5e4e-4796-862e-e2e217cf06e3 None None] QosExtensionDriver initialization complete {{(pid=103933) initialize /opt/stack/neutron/neutron/plugins/ml2/extensions/qos.py:31}}
Feb 16 18:47:45.946217 np0000155657 devstack@neutron-api.service[103932]: DEBUG neutron.api.extensions [None req-fa520a1b-4ece-4751-a708-9faf44ed9125 None None] Ext name="Equal Cost Multipath Routing" alias="ecmp_routes" description="Allows traffic to reach thesame destination via multiple different links " updated="2020-11-26T18:00:00-00:00" {{(pid=103932) _check_extension /opt/stack/neutron/neutron/api/extensions.py:415}}
Feb 16 18:47:45.946283 np0000155657 devstack@neutron-api.service[103933]: INFO neutron.plugins.ml2.managers [None req-a1beb994-5e4e-4796-862e-e2e217cf06e3 None None] Initializing mechanism driver 'ovn'
Feb 16 18:47:45.946283 np0000155657 devstack@neutron-api.service[103933]: INFO neutron.plugins.ml2.drivers.ovn.mech_driver.mech_driver [None req-a1beb994-5e4e-4796-862e-e2e217cf06e3 None None] Starting OVNMechanismDriver
Feb 16 18:47:45.946346 np0000155657 devstack@neutron-api.service[103932]: INFO neutron.api.extensions [None req-fa520a1b-4ece-4751-a708-9faf44ed9125 None None] Extension ecmp_routes not supported by any of loaded plugins
Feb 16 18:47:45.946346 np0000155657 devstack@neutron-api.service[103932]: DEBUG neutron.api.extensions [None req-fa520a1b-4ece-4751-a708-9faf44ed9125 None None] Loading extension file: empty_string_filtering.py {{(pid=103932) _load_all_extensions_from_path /opt/stack/neutron/neutron/api/extensions.py:449}}
Feb 16 18:47:45.946581 np0000155657 devstack@neutron-api.service[103932]: DEBUG neutron.api.extensions [None req-fa520a1b-4ece-4751-a708-9faf44ed9125 None None] Ext name="Empty String Filtering Extension" alias="empty-string-filtering" description="Allow filtering by attributes with empty string value" updated="2018-05-01T10:00:00-00:00" {{(pid=103932) _check_extension /opt/stack/neutron/neutron/api/extensions.py:415}}
Feb 16 18:47:45.946581 np0000155657 devstack@neutron-api.service[103932]: INFO neutron.api.extensions [None req-fa520a1b-4ece-4751-a708-9faf44ed9125 None None] Loaded extension: empty-string-filtering
Feb 16 18:47:45.946692 np0000155657 devstack@neutron-api.service[103932]: DEBUG neutron.api.extensions [None req-fa520a1b-4ece-4751-a708-9faf44ed9125 None None] Loading extension file: expose_l3_conntrack_helper.py {{(pid=103932) _load_all_extensions_from_path /opt/stack/neutron/neutron/api/extensions.py:449}}
Feb 16 18:47:45.946935 np0000155657 devstack@neutron-api.service[103932]: DEBUG neutron.api.extensions [None req-fa520a1b-4ece-4751-a708-9faf44ed9125 None None] Ext name="Expose CT target rules for conntrack helper" alias="expose-l3-conntrack-helper" description="Expose allow adding CT target rules for conntrack helper" updated="2019-04-04T10:00:00-00:00" {{(pid=103932) _check_extension /opt/stack/neutron/neutron/api/extensions.py:415}}
Feb 16 18:47:45.947082 np0000155657 devstack@neutron-api.service[103932]: INFO neutron.api.extensions [None req-fa520a1b-4ece-4751-a708-9faf44ed9125 None None] Extension expose-l3-conntrack-helper not supported by any of loaded plugins
Feb 16 18:47:45.947165 np0000155657 devstack@neutron-api.service[103932]: DEBUG neutron.api.extensions [None req-fa520a1b-4ece-4751-a708-9faf44ed9125 None None] Loading extension file: expose_port_forwarding_in_fip.py {{(pid=103932) _load_all_extensions_from_path /opt/stack/neutron/neutron/api/extensions.py:449}}
Feb 16 18:47:45.947381 np0000155657 devstack@neutron-api.service[103932]: DEBUG neutron.api.extensions [None req-fa520a1b-4ece-4751-a708-9faf44ed9125 None None] Ext name="Expose Floating IP port forwardings" alias="expose-port-forwarding-in-fip" description="Expose port forwarding fields in floating IP response" updated="2018-06-28T16:00:00-00:00" {{(pid=103932) _check_extension /opt/stack/neutron/neutron/api/extensions.py:415}}
Feb 16 18:47:45.947552 np0000155657 devstack@neutron-api.service[103932]: INFO neutron.api.extensions [None req-fa520a1b-4ece-4751-a708-9faf44ed9125 None None] Extension expose-port-forwarding-in-fip not supported by any of loaded plugins
Feb 16 18:47:45.947613 np0000155657 devstack@neutron-api.service[103931]: INFO neutron.plugins.ml2.drivers.type_vlan [None req-4b833b5b-fd26-4267-ac8b-9f59e7b122b1 None None] VlanTypeDriver initialization complete
Feb 16 18:47:45.947816 np0000155657 devstack@neutron-api.service[103932]: DEBUG neutron.api.extensions [None req-fa520a1b-4ece-4751-a708-9faf44ed9125 None None] Loading extension file: external_net.py {{(pid=103932) _load_all_extensions_from_path /opt/stack/neutron/neutron/api/extensions.py:449}}
Feb 16 18:47:45.947945 np0000155657 devstack@neutron-api.service[103933]: DEBUG neutron_lib.callbacks.manager [None req-a1beb994-5e4e-4796-862e-e2e217cf06e3 None None] Subscribe: > process before_spawn 55550000, False {{(pid=103933) subscribe /opt/stack/data/venv/lib/python3.12/site-packages/neutron_lib/callbacks/manager.py:52}}
Feb 16 18:47:45.948049 np0000155657 devstack@neutron-api.service[103931]: INFO neutron.plugins.ml2.managers [None req-4b833b5b-fd26-4267-ac8b-9f59e7b122b1 None None] Initializing extension driver 'port_security'
Feb 16 18:47:45.948111 np0000155657 devstack@neutron-api.service[103933]: DEBUG neutron_lib.callbacks.manager [None req-a1beb994-5e4e-4796-862e-e2e217cf06e3 None None] Subscribe: > process after_init 55550000, True {{(pid=103933) subscribe /opt/stack/data/venv/lib/python3.12/site-packages/neutron_lib/callbacks/manager.py:52}}
Feb 16 18:47:45.948142 np0000155657 devstack@neutron-api.service[103931]: INFO neutron.plugins.ml2.extensions.port_security [None req-4b833b5b-fd26-4267-ac8b-9f59e7b122b1 None None] PortSecurityExtensionDriver initialization complete
Feb 16 18:47:45.948200 np0000155657 devstack@neutron-api.service[103932]: DEBUG neutron.api.extensions [None req-fa520a1b-4ece-4751-a708-9faf44ed9125 None None] Ext name="Neutron external network" alias="external-net" description="Adds external network attribute to network resource." updated="2013-01-14T10:00:00-00:00" {{(pid=103932) _check_extension /opt/stack/neutron/neutron/api/extensions.py:415}}
Feb 16 18:47:45.948269 np0000155657 devstack@neutron-api.service[103931]: INFO neutron.plugins.ml2.managers [None req-4b833b5b-fd26-4267-ac8b-9f59e7b122b1 None None] Initializing extension driver 'qos'
Feb 16 18:47:45.948295 np0000155657 devstack@neutron-api.service[103933]: DEBUG neutron_lib.callbacks.manager [None req-a1beb994-5e4e-4796-862e-e2e217cf06e3 None None] Subscribe: > segment after_create 55550000, False {{(pid=103933) subscribe /opt/stack/data/venv/lib/python3.12/site-packages/neutron_lib/callbacks/manager.py:52}}
Feb 16 18:47:45.948353 np0000155657 devstack@neutron-api.service[103932]: INFO neutron.api.extensions [None req-fa520a1b-4ece-4751-a708-9faf44ed9125 None None] Loaded extension: external-net
Feb 16 18:47:45.948386 np0000155657 devstack@neutron-api.service[103933]: DEBUG neutron_lib.callbacks.manager [None req-a1beb994-5e4e-4796-862e-e2e217cf06e3 None None] Subscribe: > segment after_create 55550000, False {{(pid=103933) subscribe /opt/stack/data/venv/lib/python3.12/site-packages/neutron_lib/callbacks/manager.py:52}}
Feb 16 18:47:45.948451 np0000155657 devstack@neutron-api.service[103931]: DEBUG neutron.plugins.ml2.extensions.qos [None req-4b833b5b-fd26-4267-ac8b-9f59e7b122b1 None None] QosExtensionDriver initialization complete {{(pid=103931) initialize /opt/stack/neutron/neutron/plugins/ml2/extensions/qos.py:31}}
Feb 16 18:47:45.948519 np0000155657 devstack@neutron-api.service[103932]: DEBUG neutron.api.extensions [None req-fa520a1b-4ece-4751-a708-9faf44ed9125 None None] Loading extension file: extra_dhcp_opt.py {{(pid=103932) _load_all_extensions_from_path /opt/stack/neutron/neutron/api/extensions.py:449}}
Feb 16 18:47:45.948579 np0000155657 devstack@neutron-api.service[103933]: DEBUG neutron_lib.callbacks.manager [None req-a1beb994-5e4e-4796-862e-e2e217cf06e3 None None] Subscribe: > segment after_delete 55550000, False {{(pid=103933) subscribe /opt/stack/data/venv/lib/python3.12/site-packages/neutron_lib/callbacks/manager.py:52}}
Feb 16 18:47:45.948611 np0000155657 devstack@neutron-api.service[103931]: INFO neutron.plugins.ml2.managers [None req-4b833b5b-fd26-4267-ac8b-9f59e7b122b1 None None] Initializing mechanism driver 'ovn'
Feb 16 18:47:45.948611 np0000155657 devstack@neutron-api.service[103931]: INFO neutron.plugins.ml2.drivers.ovn.mech_driver.mech_driver [None req-4b833b5b-fd26-4267-ac8b-9f59e7b122b1 None None] Starting OVNMechanismDriver
Feb 16 18:47:45.948724 np0000155657 devstack@neutron-api.service[103933]: DEBUG neutron_lib.callbacks.manager [None req-a1beb994-5e4e-4796-862e-e2e217cf06e3 None None] Subscribe: > allowed_address_pair before_create 55550000, False {{(pid=103933) subscribe /opt/stack/data/venv/lib/python3.12/site-packages/neutron_lib/callbacks/manager.py:52}}
Feb 16 18:47:45.948776 np0000155657 devstack@neutron-api.service[103932]: DEBUG neutron.api.extensions [None req-fa520a1b-4ece-4751-a708-9faf44ed9125 None None] Ext name="Neutron Extra DHCP options" alias="extra_dhcp_opt" description="Extra options configuration for DHCP. For example PXE boot options to DHCP clients can be specified (e.g. tftp-server, server-ip-address, bootfile-name)" updated="2013-03-17T12:00:00-00:00" {{(pid=103932) _check_extension /opt/stack/neutron/neutron/api/extensions.py:415}}
Feb 16 18:47:45.948838 np0000155657 devstack@neutron-api.service[103933]: DEBUG neutron_lib.callbacks.manager [None req-a1beb994-5e4e-4796-862e-e2e217cf06e3 None None] Subscribe: > security_group precommit_create 55550000, False {{(pid=103933) subscribe /opt/stack/data/venv/lib/python3.12/site-packages/neutron_lib/callbacks/manager.py:52}}
Feb 16 18:47:45.948838 np0000155657 devstack@neutron-api.service[103933]: DEBUG neutron_lib.callbacks.manager [None req-a1beb994-5e4e-4796-862e-e2e217cf06e3 None None] Subscribe: > security_group after_update 55550000, False {{(pid=103933) subscribe /opt/stack/data/venv/lib/python3.12/site-packages/neutron_lib/callbacks/manager.py:52}}
Feb 16 18:47:45.948895 np0000155657 devstack@neutron-api.service[103932]: INFO neutron.api.extensions [None req-fa520a1b-4ece-4751-a708-9faf44ed9125 None None] Loaded extension: extra_dhcp_opt
Feb 16 18:47:45.948987 np0000155657 devstack@neutron-api.service[103933]: DEBUG neutron_lib.callbacks.manager [None req-a1beb994-5e4e-4796-862e-e2e217cf06e3 None None] Subscribe: > security_group after_create 55550000, False {{(pid=103933) subscribe /opt/stack/data/venv/lib/python3.12/site-packages/neutron_lib/callbacks/manager.py:52}}
Feb 16 18:47:45.949019 np0000155657 devstack@neutron-api.service[103932]: DEBUG neutron.api.extensions [None req-fa520a1b-4ece-4751-a708-9faf44ed9125 None None] Loading extension file: extraroute.py {{(pid=103932) _load_all_extensions_from_path /opt/stack/neutron/neutron/api/extensions.py:449}}
Feb 16 18:47:45.949079 np0000155657 devstack@neutron-api.service[103933]: DEBUG neutron_lib.callbacks.manager [None req-a1beb994-5e4e-4796-862e-e2e217cf06e3 None None] Subscribe: > security_group precommit_delete 55550000, False {{(pid=103933) subscribe /opt/stack/data/venv/lib/python3.12/site-packages/neutron_lib/callbacks/manager.py:52}}
Feb 16 18:47:45.949079 np0000155657 devstack@neutron-api.service[103933]: DEBUG neutron_lib.callbacks.manager [None req-a1beb994-5e4e-4796-862e-e2e217cf06e3 None None] Subscribe: > security_group after_delete 55550000, False {{(pid=103933) subscribe /opt/stack/data/venv/lib/python3.12/site-packages/neutron_lib/callbacks/manager.py:52}}
Feb 16 18:47:45.949134 np0000155657 devstack@neutron-api.service[103932]: DEBUG neutron.api.extensions [None req-fa520a1b-4ece-4751-a708-9faf44ed9125 None None] Ext name="Neutron Extra Route" alias="extraroute" description="Extra routes configuration for L3 router" updated="2013-02-01T10:00:00-00:00" {{(pid=103932) _check_extension /opt/stack/neutron/neutron/api/extensions.py:415}}
Feb 16 18:47:45.949225 np0000155657 devstack@neutron-api.service[103933]: DEBUG neutron_lib.callbacks.manager [None req-a1beb994-5e4e-4796-862e-e2e217cf06e3 None None] Subscribe: > security_group_rule precommit_create 55550000, False {{(pid=103933) subscribe /opt/stack/data/venv/lib/python3.12/site-packages/neutron_lib/callbacks/manager.py:52}}
Feb 16 18:47:45.949256 np0000155657 devstack@neutron-api.service[103932]: INFO neutron.api.extensions [None req-fa520a1b-4ece-4751-a708-9faf44ed9125 None None] Loaded extension: extraroute
Feb 16 18:47:45.949317 np0000155657 devstack@neutron-api.service[103933]: DEBUG neutron_lib.callbacks.manager [None req-a1beb994-5e4e-4796-862e-e2e217cf06e3 None None] Subscribe: > security_group_rule after_create 55550000, False {{(pid=103933) subscribe /opt/stack/data/venv/lib/python3.12/site-packages/neutron_lib/callbacks/manager.py:52}}
Feb 16 18:47:45.949356 np0000155657 devstack@neutron-api.service[103932]: DEBUG neutron.api.extensions [None req-fa520a1b-4ece-4751-a708-9faf44ed9125 None None] Loading extension file: extraroute_atomic.py {{(pid=103932) _load_all_extensions_from_path /opt/stack/neutron/neutron/api/extensions.py:449}}
Feb 16 18:47:45.949456 np0000155657 devstack@neutron-api.service[103933]: DEBUG neutron_lib.callbacks.manager [None req-a1beb994-5e4e-4796-862e-e2e217cf06e3 None None] Subscribe: > security_group_rule before_delete 55550000, False {{(pid=103933) subscribe /opt/stack/data/venv/lib/python3.12/site-packages/neutron_lib/callbacks/manager.py:52}}
Feb 16 18:47:45.949456 np0000155657 devstack@neutron-api.service[103933]: DEBUG neutron_lib.callbacks.manager [None req-a1beb994-5e4e-4796-862e-e2e217cf06e3 None None] Subscribe: > address_group after_create 55550000, False {{(pid=103933) subscribe /opt/stack/data/venv/lib/python3.12/site-packages/neutron_lib/callbacks/manager.py:52}}
Feb 16 18:47:45.949456 np0000155657 devstack@neutron-api.service[103933]: DEBUG neutron_lib.callbacks.manager [None req-a1beb994-5e4e-4796-862e-e2e217cf06e3 None None] Subscribe: > address_group after_update 55550000, False {{(pid=103933) subscribe /opt/stack/data/venv/lib/python3.12/site-packages/neutron_lib/callbacks/manager.py:52}}
Feb 16 18:47:45.949537 np0000155657 devstack@neutron-api.service[103932]: DEBUG neutron.api.extensions [None req-fa520a1b-4ece-4751-a708-9faf44ed9125 None None] Ext name="Atomically add/remove extra routes" alias="extraroute-atomic" description="Edit extra routes of a router on server side by atomically adding/removing extra routes" updated="2019-07-10T00:00:00+00:00" {{(pid=103932) _check_extension /opt/stack/neutron/neutron/api/extensions.py:415}}
Feb 16 18:47:45.949631 np0000155657 devstack@neutron-api.service[103933]: DEBUG neutron_lib.callbacks.manager [None req-a1beb994-5e4e-4796-862e-e2e217cf06e3 None None] Subscribe: > address_group after_delete 55550000, False {{(pid=103933) subscribe /opt/stack/data/venv/lib/python3.12/site-packages/neutron_lib/callbacks/manager.py:52}}
Feb 16 18:47:45.949662 np0000155657 devstack@neutron-api.service[103932]: INFO neutron.api.extensions [None req-fa520a1b-4ece-4751-a708-9faf44ed9125 None None] Loaded extension: extraroute-atomic
Feb 16 18:47:45.949720 np0000155657 devstack@neutron-api.service[103933]: DEBUG neutron_lib.callbacks.manager [None req-a1beb994-5e4e-4796-862e-e2e217cf06e3 None None] Subscribe: > qos_plugin after_init 55550000, False {{(pid=103933) subscribe /opt/stack/data/venv/lib/python3.12/site-packages/neutron_lib/callbacks/manager.py:52}}
Feb 16 18:47:45.949801 np0000155657 devstack@neutron-api.service[103932]: DEBUG neutron.api.extensions [None req-fa520a1b-4ece-4751-a708-9faf44ed9125 None None] Loading extension file: filter_validation.py {{(pid=103932) _load_all_extensions_from_path /opt/stack/neutron/neutron/api/extensions.py:449}}
Feb 16 18:47:45.949844 np0000155657 devstack@neutron-api.service[103933]: DEBUG neutron_lib.callbacks.manager [None req-a1beb994-5e4e-4796-862e-e2e217cf06e3 None None] Subscribe: > trunk_plugin after_init 55550000, False {{(pid=103933) subscribe /opt/stack/data/venv/lib/python3.12/site-packages/neutron_lib/callbacks/manager.py:52}}
Feb 16 18:47:45.949912 np0000155657 devstack@neutron-api.service[103932]: DEBUG neutron.api.extensions [None req-fa520a1b-4ece-4751-a708-9faf44ed9125 None None] Ext name="Filter parameters validation" alias="filter-validation" description="Provides validation on filter parameters." updated="2018-07-04T10:00:00-00:00" {{(pid=103932) _check_extension /opt/stack/neutron/neutron/api/extensions.py:415}}
Feb 16 18:47:45.950031 np0000155657 devstack@neutron-api.service[103931]: DEBUG neutron_lib.callbacks.manager [None req-4b833b5b-fd26-4267-ac8b-9f59e7b122b1 None None] Subscribe: > process before_spawn 55550000, False {{(pid=103931) subscribe /opt/stack/data/venv/lib/python3.12/site-packages/neutron_lib/callbacks/manager.py:52}}
Feb 16 18:47:45.950072 np0000155657 devstack@neutron-api.service[103932]: INFO neutron.api.extensions [None req-fa520a1b-4ece-4751-a708-9faf44ed9125 None None] Loaded extension: filter-validation
Feb 16 18:47:45.950141 np0000155657 devstack@neutron-api.service[103933]: DEBUG neutron_lib.callbacks.manager [None req-a1beb994-5e4e-4796-862e-e2e217cf06e3 None None] Subscribe: > logging-plugin after_init 55550000, False {{(pid=103933) subscribe /opt/stack/data/venv/lib/python3.12/site-packages/neutron_lib/callbacks/manager.py:52}}
Feb 16 18:47:45.950204 np0000155657 devstack@neutron-api.service[103932]: DEBUG neutron.api.extensions [None req-fa520a1b-4ece-4751-a708-9faf44ed9125 None None] Loading extension file: fip_pf_description.py {{(pid=103932) _load_all_extensions_from_path /opt/stack/neutron/neutron/api/extensions.py:449}}
Feb 16 18:47:45.950265 np0000155657 devstack@neutron-api.service[103931]: DEBUG neutron_lib.callbacks.manager [None req-4b833b5b-fd26-4267-ac8b-9f59e7b122b1 None None] Subscribe: > process after_init 55550000, True {{(pid=103931) subscribe /opt/stack/data/venv/lib/python3.12/site-packages/neutron_lib/callbacks/manager.py:52}}
Feb 16 18:47:45.950265 np0000155657 devstack@neutron-api.service[103931]: DEBUG neutron_lib.callbacks.manager [None req-4b833b5b-fd26-4267-ac8b-9f59e7b122b1 None None] Subscribe: > segment after_create 55550000, False {{(pid=103931) subscribe /opt/stack/data/venv/lib/python3.12/site-packages/neutron_lib/callbacks/manager.py:52}}
Feb 16 18:47:45.950323 np0000155657 devstack@neutron-api.service[103932]: DEBUG neutron.api.extensions [None req-fa520a1b-4ece-4751-a708-9faf44ed9125 None None] Ext name="Floating IP Port Forwarding new attribute description" alias="floating-ip-port-forwarding-description" description="Add a description field to Port Forwarding rules" updated="2019-11-01T10:00:00-00:00" {{(pid=103932) _check_extension /opt/stack/neutron/neutron/api/extensions.py:415}}
Feb 16 18:47:45.950423 np0000155657 devstack@neutron-api.service[103931]: DEBUG neutron_lib.callbacks.manager [None req-4b833b5b-fd26-4267-ac8b-9f59e7b122b1 None None] Subscribe: > segment after_create 55550000, False {{(pid=103931) subscribe /opt/stack/data/venv/lib/python3.12/site-packages/neutron_lib/callbacks/manager.py:52}}
Feb 16 18:47:45.950492 np0000155657 devstack@neutron-api.service[103931]: DEBUG neutron_lib.callbacks.manager [None req-4b833b5b-fd26-4267-ac8b-9f59e7b122b1 None None] Subscribe: > segment after_delete 55550000, False {{(pid=103931) subscribe /opt/stack/data/venv/lib/python3.12/site-packages/neutron_lib/callbacks/manager.py:52}}
Feb 16 18:47:45.950523 np0000155657 devstack@neutron-api.service[103932]: INFO neutron.api.extensions [None req-fa520a1b-4ece-4751-a708-9faf44ed9125 None None] Extension floating-ip-port-forwarding-description not supported by any of loaded plugins
Feb 16 18:47:45.950625 np0000155657 devstack@neutron-api.service[103933]: INFO neutron.services.logapi.drivers.ovn.driver [None req-a1beb994-5e4e-4796-862e-e2e217cf06e3 None None] OVN logging driver registered
Feb 16 18:47:45.950693 np0000155657 devstack@neutron-api.service[103931]: DEBUG neutron_lib.callbacks.manager [None req-4b833b5b-fd26-4267-ac8b-9f59e7b122b1 None None] Subscribe: > allowed_address_pair before_create 55550000, False {{(pid=103931) subscribe /opt/stack/data/venv/lib/python3.12/site-packages/neutron_lib/callbacks/manager.py:52}}
Feb 16 18:47:45.950772 np0000155657 devstack@neutron-api.service[103932]: DEBUG neutron.api.extensions [None req-fa520a1b-4ece-4751-a708-9faf44ed9125 None None] Loading extension file: fip_pf_detail.py {{(pid=103932) _load_all_extensions_from_path /opt/stack/neutron/neutron/api/extensions.py:449}}
Feb 16 18:47:45.950803 np0000155657 devstack@neutron-api.service[103931]: DEBUG neutron_lib.callbacks.manager [None req-4b833b5b-fd26-4267-ac8b-9f59e7b122b1 None None] Subscribe: > security_group precommit_create 55550000, False {{(pid=103931) subscribe /opt/stack/data/venv/lib/python3.12/site-packages/neutron_lib/callbacks/manager.py:52}}
Feb 16 18:47:45.950872 np0000155657 devstack@neutron-api.service[103931]: DEBUG neutron_lib.callbacks.manager [None req-4b833b5b-fd26-4267-ac8b-9f59e7b122b1 None None] Subscribe: > security_group after_update 55550000, False {{(pid=103931) subscribe /opt/stack/data/venv/lib/python3.12/site-packages/neutron_lib/callbacks/manager.py:52}}
Feb 16 18:47:45.950911 np0000155657 devstack@neutron-api.service[103932]: DEBUG neutron.api.extensions [None req-fa520a1b-4ece-4751-a708-9faf44ed9125 None None] Ext name="Floating IP port forwarding detail" alias="floating-ip-port-forwarding-detail" description="Allow list floating ip return more port forwarding data, include'id' and 'internal_port_id'" updated="2022-05-06T10:00:00-00:00" {{(pid=103932) _check_extension /opt/stack/neutron/neutron/api/extensions.py:415}}
Feb 16 18:47:45.950980 np0000155657 devstack@neutron-api.service[103931]: DEBUG neutron_lib.callbacks.manager [None req-4b833b5b-fd26-4267-ac8b-9f59e7b122b1 None None] Subscribe: > security_group after_create 55550000, False {{(pid=103931) subscribe /opt/stack/data/venv/lib/python3.12/site-packages/neutron_lib/callbacks/manager.py:52}}
Feb 16 18:47:45.951071 np0000155657 devstack@neutron-api.service[103932]: INFO neutron.api.extensions [None req-fa520a1b-4ece-4751-a708-9faf44ed9125 None None] Loaded extension: floating-ip-port-forwarding-detail
Feb 16 18:47:45.951100 np0000155657 devstack@neutron-api.service[103931]: DEBUG neutron_lib.callbacks.manager [None req-4b833b5b-fd26-4267-ac8b-9f59e7b122b1 None None] Subscribe: > security_group precommit_delete 55550000, False {{(pid=103931) subscribe /opt/stack/data/venv/lib/python3.12/site-packages/neutron_lib/callbacks/manager.py:52}}
Feb 16 18:47:45.951136 np0000155657 devstack@neutron-api.service[103932]: DEBUG neutron.api.extensions [None req-fa520a1b-4ece-4751-a708-9faf44ed9125 None None] Loading extension file: fip_pf_port_range.py {{(pid=103932) _load_all_extensions_from_path /opt/stack/neutron/neutron/api/extensions.py:449}}
Feb 16 18:47:45.951197 np0000155657 devstack@neutron-api.service[103931]: DEBUG neutron_lib.callbacks.manager [None req-4b833b5b-fd26-4267-ac8b-9f59e7b122b1 None None] Subscribe: > security_group after_delete 55550000, False {{(pid=103931) subscribe /opt/stack/data/venv/lib/python3.12/site-packages/neutron_lib/callbacks/manager.py:52}}
Feb 16 18:47:45.951257 np0000155657 devstack@neutron-api.service[103931]: DEBUG neutron_lib.callbacks.manager [None req-4b833b5b-fd26-4267-ac8b-9f59e7b122b1 None None] Subscribe: > security_group_rule precommit_create 55550000, False {{(pid=103931) subscribe /opt/stack/data/venv/lib/python3.12/site-packages/neutron_lib/callbacks/manager.py:52}}
Feb 16 18:47:45.951347 np0000155657 devstack@neutron-api.service[103932]: DEBUG neutron.api.extensions [None req-fa520a1b-4ece-4751-a708-9faf44ed9125 None None] Ext name="Floating IP Port Forwarding support port ranges" alias="floating-ip-port-forwarding-port-ranges" description="Add support to port ranges" updated="2020-07-01T10:00:00-00:00" {{(pid=103932) _check_extension /opt/stack/neutron/neutron/api/extensions.py:415}}
Feb 16 18:47:45.951387 np0000155657 devstack@neutron-api.service[103931]: DEBUG neutron_lib.callbacks.manager [None req-4b833b5b-fd26-4267-ac8b-9f59e7b122b1 None None] Subscribe: > security_group_rule after_create 55550000, False {{(pid=103931) subscribe /opt/stack/data/venv/lib/python3.12/site-packages/neutron_lib/callbacks/manager.py:52}}
Feb 16 18:47:45.951464 np0000155657 devstack@neutron-api.service[103931]: DEBUG neutron_lib.callbacks.manager [None req-4b833b5b-fd26-4267-ac8b-9f59e7b122b1 None None] Subscribe: > security_group_rule before_delete 55550000, False {{(pid=103931) subscribe /opt/stack/data/venv/lib/python3.12/site-packages/neutron_lib/callbacks/manager.py:52}}
Feb 16 18:47:45.951526 np0000155657 devstack@neutron-api.service[103932]: INFO neutron.api.extensions [None req-fa520a1b-4ece-4751-a708-9faf44ed9125 None None] Extension floating-ip-port-forwarding-port-ranges not supported by any of loaded plugins
