Feb 16 18:11:28.036637 np0000155650 devstack@neutron-api.service[103382]: DEBUG neutron.plugins.ml2.drivers.ovn.mech_driver.ovsdb.ovsdb_monitor [-] Hash Ring: Node b685c6abbc3a5213a091d4b36c3feac2 (host: np0000155650) handling event "create" for row 4ab965dd-a36e-4a45-874e-8072ef4fa81c (table: DHCP_Options) {{(pid=103382) notify /opt/stack/neutron/neutron/plugins/ml2/drivers/ovn/mech_driver/ovsdb/ovsdb_monitor.py:920}}
Feb 16 18:11:28.037071 np0000155650 devstack@neutron-api.service[103382]: DEBUG neutron.plugins.ml2.drivers.ovn.mech_driver.ovsdb.ovsdb_monitor [-] Hash Ring: Node b685c6abbc3a5213a091d4b36c3feac2 (host: np0000155650) handling event "update" for row 0426ac18-256b-435f-87a4-22e93d9b05bc (table: Logical_Switch_Port) {{(pid=103382) notify /opt/stack/neutron/neutron/plugins/ml2/drivers/ovn/mech_driver/ovsdb/ovsdb_monitor.py:920}}
Feb 16 18:11:28.038687 np0000155650 devstack@neutron-api.service[103385]: DEBUG neutron.plugins.ml2.drivers.ovn.mech_driver.ovsdb.ovsdb_monitor [-] Hash Ring: Node 3f0a0e2e2b3353bf9276ba47747da4e1 (host: np0000155650) handling event "update" for row 1875557b-bd83-44f0-a91b-b09a0ba44026 (table: Port_Binding) {{(pid=103385) notify /opt/stack/neutron/neutron/plugins/ml2/drivers/ovn/mech_driver/ovsdb/ovsdb_monitor.py:920}}
Feb 16 18:11:28.039340 np0000155650 devstack@neutron-api.service[103382]: DEBUG neutron.plugins.ml2.drivers.ovn.mech_driver.ovsdb.ovsdb_monitor [-] Hash Ring: Node b685c6abbc3a5213a091d4b36c3feac2 (host: np0000155650) handling event "update" for row 1875557b-bd83-44f0-a91b-b09a0ba44026 (table: Port_Binding) {{(pid=103382) notify /opt/stack/neutron/neutron/plugins/ml2/drivers/ovn/mech_driver/ovsdb/ovsdb_monitor.py:920}}
Feb 16 18:11:28.073205 np0000155650 devstack@neutron-api.service[103384]: INFO neutron.db.ovn_revision_numbers_db [None req-b9ad1a2a-818b-4f8f-b954-9b0ea039ad31 admin admin] Successfully bumped revision number for resource 36a90a4c-a394-4078-85ce-9183059d0d7b (type: ports) to 2
Feb 16 18:11:28.085360 np0000155650 devstack@neutron-api.service[103384]: DEBUG neutron.plugins.ml2.plugin [None req-b9ad1a2a-818b-4f8f-b954-9b0ea039ad31 admin admin] In _notify_port_updated(), no bound segment for port 36a90a4c-a394-4078-85ce-9183059d0d7b on network 1d78d76e-3d7b-4188-bfbf-fa2d2b840e68 {{(pid=103384) _notify_port_updated /opt/stack/neutron/neutron/plugins/ml2/plugin.py:1036}}
Feb 16 18:11:28.115262 np0000155650 devstack@neutron-api.service[103384]: INFO neutron.db.ovn_revision_numbers_db [None req-b9ad1a2a-818b-4f8f-b954-9b0ea039ad31 admin admin] Successfully bumped revision number for resource 3526bad7-3860-4663-a5c2-a097b09d415a (type: subnets) to 0
Feb 16 18:11:28.116693 np0000155650 devstack@neutron-api.service[103384]: DEBUG neutron.pecan_wsgi.hooks.policy_enforcement [None req-b9ad1a2a-818b-4f8f-b954-9b0ea039ad31 admin admin] Attributes excluded by policy engine: ['standard_attr_id', 'shared', 'network'] {{(pid=103384) _exclude_attributes_by_policy /opt/stack/neutron/neutron/pecan_wsgi/hooks/policy_enforcement.py:258}}
Feb 16 18:11:28.117068 np0000155650 devstack@neutron-api.service[103384]: DEBUG neutron_lib.callbacks.manager [None req-b9ad1a2a-818b-4f8f-b954-9b0ea039ad31 admin admin] Publish callbacks [] for subnet (None), before_response {{(pid=103384) _notify_loop /opt/stack/data/venv/lib/python3.12/site-packages/neutron_lib/callbacks/manager.py:184}}
Feb 16 18:11:28.129003 np0000155650 devstack@neutron-api.service[103384]: [pid: 103384|app: 0|req: 2/8] 199.204.45.242 () {68 vars in 1354 bytes} [Mon Feb 16 18:11:27 2026] POST /networking/v2.0/subnets => generated 666 bytes in 1081 msecs (HTTP/1.1 201) 4 headers in 162 bytes (1 switches on core 0)
Feb 16 18:11:28.623565 np0000155650 devstack@neutron-api.service[103385]: DEBUG neutron.pecan_wsgi.hooks.policy_enforcement [None req-f85c2a32-2c50-4074-87e3-e11c51e8b3a2 admin admin] Attributes excluded by policy engine: ['standard_attr_id'] {{(pid=103385) _exclude_attributes_by_policy /opt/stack/neutron/neutron/pecan_wsgi/hooks/policy_enforcement.py:258}}
Feb 16 18:11:28.624467 np0000155650 devstack@neutron-api.service[103385]: [pid: 103385|app: 0|req: 2/9] 199.204.45.242 () {64 vars in 1414 bytes} [Mon Feb 16 18:11:28 2026] GET /networking/v2.0/networks/1d78d76e-3d7b-4188-bfbf-fa2d2b840e68 => generated 700 bytes in 51 msecs (HTTP/1.1 200) 4 headers in 157 bytes (1 switches on core 0)
Feb 16 18:11:28.639940 np0000155650 devstack@neutron-api.service[103382]: DEBUG neutron.api.wsgi [None req-e8f24858-1f89-4277-b925-506f49459bc1 admin admin] Missing Content-Type {{(pid=103382) get_content_type /opt/stack/neutron/neutron/api/wsgi.py:85}}
Feb 16 18:11:28.654674 np0000155650 devstack@neutron-api.service[103382]: [pid: 103382|app: 0|req: 4/10] 199.204.45.242 () {64 vars in 1423 bytes} [Mon Feb 16 18:11:28 2026] GET /networking/v2.0/subnetpools/fd248ac6-36cd-49f8-b454-e142777e9c65 => generated 531 bytes in 18 msecs (HTTP/1.1 200) 4 headers in 157 bytes (1 switches on core 0)
Feb 16 18:11:28.668868 np0000155650 devstack@neutron-api.service[103383]: DEBUG neutron.api.v2.base [None req-12ea2672-1ec8-44cb-902c-aa98ec552f8d admin admin] Request body: {'subnet': {'ipv6_ra_mode': 'slaac', 'network_id': '1d78d76e-3d7b-4188-bfbf-fa2d2b840e68', 'ip_version': 6, 'subnetpool_id': 'fd248ac6-36cd-49f8-b454-e142777e9c65', 'ipv6_address_mode': 'slaac', 'name': 'ipv6-private-subnet'}} {{(pid=103383) prepare_request_body /opt/stack/neutron/neutron/api/v2/base.py:729}}
Feb 16 18:11:28.691052 np0000155650 devstack@neutron-api.service[103383]: DEBUG neutron.pecan_wsgi.hooks.quota_enforcement [None req-12ea2672-1ec8-44cb-902c-aa98ec552f8d admin admin] Made reservation on behalf of b4a7a138ff634d3691214965a5356b39 for: {'subnet': 1} {{(pid=103383) before /opt/stack/neutron/neutron/pecan_wsgi/hooks/quota_enforcement.py:66}}
Feb 16 18:11:28.695322 np0000155650 devstack@neutron-api.service[103383]: DEBUG neutron_lib.callbacks.manager [None req-12ea2672-1ec8-44cb-902c-aa98ec552f8d admin admin] Publish callbacks [] for subnet (None), before_create {{(pid=103383) _notify_loop /opt/stack/data/venv/lib/python3.12/site-packages/neutron_lib/callbacks/manager.py:184}}
Feb 16 18:11:28.895551 np0000155650 devstack@neutron-api.service[103383]: DEBUG neutron.db.ovn_revision_numbers_db [None req-12ea2672-1ec8-44cb-902c-aa98ec552f8d admin admin] create_initial_revision uuid=9b3233a9-bf05-4590-bc07-75518ace55af, type=subnets, rev=-1 {{(pid=103383) create_initial_revision /opt/stack/neutron/neutron/db/ovn_revision_numbers_db.py:98}}
Feb 16 18:11:29.009963 np0000155650 devstack@neutron-api.service[103383]: DEBUG neutron.objects.ports [None req-12ea2672-1ec8-44cb-902c-aa98ec552f8d admin admin] Time-cost: Fetching 1 ports in 0 security groups {{(pid=103383) get_objects /opt/stack/neutron/neutron/objects/ports.py:499}}
Feb 16 18:11:29.363927 np0000155650 devstack@neutron-api.service[103383]: DEBUG neutron_lib.callbacks.manager [None req-12ea2672-1ec8-44cb-902c-aa98ec552f8d admin admin] Publish callbacks ['neutron.plugins.ml2.plugin.SecurityGroupDbMixin._ensure_default_security_group_handler-89865', 'neutron.services.ovn_l3.plugin.OVNL3RouterPlugin._port_update-8180790199136', 'neutron.db.l3_db.L3_NAT_dbonly_mixin._prevent_internal_ip_change_for_fip-8180791731090'] for port (36a90a4c-a394-4078-85ce-9183059d0d7b), before_update {{(pid=103383) _notify_loop /opt/stack/data/venv/lib/python3.12/site-packages/neutron_lib/callbacks/manager.py:184}}
Feb 16 18:11:29.555987 np0000155650 devstack@neutron-api.service[103383]: DEBUG neutron_lib.callbacks.manager [None req-12ea2672-1ec8-44cb-902c-aa98ec552f8d admin admin] Publish callbacks [] for port (36a90a4c-a394-4078-85ce-9183059d0d7b), precommit_update {{(pid=103383) _notify_loop /opt/stack/data/venv/lib/python3.12/site-packages/neutron_lib/callbacks/manager.py:184}}
Feb 16 18:11:29.556225 np0000155650 devstack@neutron-api.service[103383]: DEBUG neutron.plugins.ml2.drivers.ovn.mech_driver.mech_driver [None req-12ea2672-1ec8-44cb-902c-aa98ec552f8d admin admin] No provisioning block for port 36a90a4c-a394-4078-85ce-9183059d0d7b since it does not have a host {{(pid=103383) _is_port_provisioning_required /opt/stack/neutron/neutron/plugins/ml2/drivers/ovn/mech_driver/mech_driver.py:883}}
Feb 16 18:11:29.557392 np0000155650 devstack@neutron-api.service[103383]: DEBUG neutron_lib.callbacks.manager [None req-12ea2672-1ec8-44cb-902c-aa98ec552f8d admin admin] Publish callbacks ['neutron.plugins.ml2.ovo_rpc._ObjectChangeHandler.handle_event-3663298', 'neutron.db.l3_db.L3RpcNotifierMixin._notify_gateway_port_ip_changed-8180791738318', 'neutron.services.ovn_l3.plugin.OVNL3RouterPlugin._port_update-8180790199136'] for port (36a90a4c-a394-4078-85ce-9183059d0d7b), after_update {{(pid=103383) _notify_loop /opt/stack/data/venv/lib/python3.12/site-packages/neutron_lib/callbacks/manager.py:184}}
Feb 16 18:11:29.606980 np0000155650 devstack@neutron-api.service[103383]: DEBUG neutron.api.rpc.handlers.resources_rpc [None req-12ea2672-1ec8-44cb-902c-aa98ec552f8d admin admin] Pushing event updated for resources: {'Port': ['ID=36a90a4c-a394-4078-85ce-9183059d0d7b,revision_number=3']} {{(pid=103383) push /opt/stack/neutron/neutron/api/rpc/handlers/resources_rpc.py:237}}
Feb 16 18:11:29.612871 np0000155650 devstack@neutron-api.service[103383]: DEBUG neutron.api.rpc.callbacks.version_manager [None req-12ea2672-1ec8-44cb-902c-aa98ec552f8d admin admin] Tracked resource versions report:
Feb 16 18:11:29.612871 np0000155650 devstack@neutron-api.service[103383]: pushed versions:
Feb 16 18:11:29.612871 np0000155650 devstack@neutron-api.service[103383]: { 'AddressGroup': {'1.2'},
Feb 16 18:11:29.612871 np0000155650 devstack@neutron-api.service[103383]: 'Agent': {'1.1'},
Feb 16 18:11:29.612871 np0000155650 devstack@neutron-api.service[103383]: 'ConntrackHelper': {'1.0'},
Feb 16 18:11:29.612871 np0000155650 devstack@neutron-api.service[103383]: 'LocalIPAssociation': {'1.0'},
Feb 16 18:11:29.612871 np0000155650 devstack@neutron-api.service[103383]: 'Log': {'1.0'},
Feb 16 18:11:29.612871 np0000155650 devstack@neutron-api.service[103383]: 'NDPProxy': {'1.0'},
Feb 16 18:11:29.612871 np0000155650 devstack@neutron-api.service[103383]: 'Network': {'1.2'},
Feb 16 18:11:29.612871 np0000155650 devstack@neutron-api.service[103383]: 'Port': {'1.10'},
Feb 16 18:11:29.612871 np0000155650 devstack@neutron-api.service[103383]: 'PortForwarding': {'1.3'},
Feb 16 18:11:29.612871 np0000155650 devstack@neutron-api.service[103383]: 'QosPolicy': {'1.10'},
Feb 16 18:11:29.612871 np0000155650 devstack@neutron-api.service[103383]: 'SecurityGroup': {'1.6'},
Feb 16 18:11:29.612871 np0000155650 devstack@neutron-api.service[103383]: 'SecurityGroupRule': {'1.3'},
Feb 16 18:11:29.612871 np0000155650 devstack@neutron-api.service[103383]: 'SubPort': {'1.0'},
Feb 16 18:11:29.612871 np0000155650 devstack@neutron-api.service[103383]: 'Subnet': {'1.2'},
Feb 16 18:11:29.612871 np0000155650 devstack@neutron-api.service[103383]: 'Trunk': {'1.1'}}
Feb 16 18:11:29.612871 np0000155650 devstack@neutron-api.service[103383]: consumer versions:
Feb 16 18:11:29.612871 np0000155650 devstack@neutron-api.service[103383]: { OVN Controller Gateway agent@np0000155650: {},
Feb 16 18:11:29.612871 np0000155650 devstack@neutron-api.service[103383]: OVN Neutron agent@np0000155650: {}}
Feb 16 18:11:29.612871 np0000155650 devstack@neutron-api.service[103383]: {{(pid=103383) report /opt/stack/neutron/neutron/api/rpc/callbacks/version_manager.py:183}}
Feb 16 18:11:29.627230 np0000155650 devstack@neutron-api.service[103383]: INFO neutron.plugins.ml2.drivers.ovn.mech_driver.ovsdb.extensions.qos [None req-12ea2672-1ec8-44cb-902c-aa98ec552f8d admin admin] Starting OVNClientQosExtension
Feb 16 18:11:29.627474 np0000155650 devstack@neutron-api.service[103383]: INFO neutron.plugins.ml2.drivers.ovn.mech_driver.ovsdb.extensions.placement [None req-12ea2672-1ec8-44cb-902c-aa98ec552f8d admin admin] Starting OVNClientPlacementExtension
Feb 16 18:11:29.827882 np0000155650 devstack@neutron-api.service[103383]: DEBUG ovsdbapp.backend.ovs_idl.transaction [-] Running txn n=1 command(idx=0): CheckRevisionNumberCommand(_result=None, name=36a90a4c-a394-4078-85ce-9183059d0d7b, resource={'id': '36a90a4c-a394-4078-85ce-9183059d0d7b', 'name': '', 'network_id': '1d78d76e-3d7b-4188-bfbf-fa2d2b840e68', 'project_id': 'b4a7a138ff634d3691214965a5356b39', 'mac_address': 'fa:16:3e:11:78:29', 'admin_state_up': True, 'status': 'DOWN', 'device_id': 'ovnmeta-1d78d76e-3d7b-4188-bfbf-fa2d2b840e68', 'device_owner': 'network:distributed', 'standard_attr_id': 14, 'fixed_ips': [{'subnet_id': '3526bad7-3860-4663-a5c2-a097b09d415a', 'ip_address': '10.1.0.2'}, {'subnet_id': '9b3233a9-bf05-4590-bc07-75518ace55af', 'ip_address': 'fd::f816:3eff:fe11:7829'}], 'allowed_address_pairs': [], 'extra_dhcp_opts': [], 'security_groups': [], 'description': '', 'binding:vnic_type': 'normal', 'binding:profile': {}, 'binding:host_id': '', 'binding:vif_type': 'unbound', 'binding:vif_details': {}, 'port_security_enabled': False, 'tags': [], 'created_at': '2026-02-16T18:11:25Z', 'updated_at': '2026-02-16T18:11:29Z', 'revision_number': 3, 'tenant_id': 'b4a7a138ff634d3691214965a5356b39', 'network': {'id': '1d78d76e-3d7b-4188-bfbf-fa2d2b840e68', 'name': 'private', 'tenant_id': 'b4a7a138ff634d3691214965a5356b39', 'project_id': 'b4a7a138ff634d3691214965a5356b39', 'admin_state_up': True, 'mtu': 1372, 'status': 'ACTIVE', 'subnets': ['3526bad7-3860-4663-a5c2-a097b09d415a', '9b3233a9-bf05-4590-bc07-75518ace55af'], 'standard_attr_id': 12, 'shared': False, 'availability_zone_hints': [], 'availability_zones': [], 'ipv4_address_scope': None, 'ipv6_address_scope': None, 'router:external': False, 'qinq': False, 'vlan_transparent': False, 'description': '', 'port_security_enabled': True, 'tags': [], 'created_at': '2026-02-16T18:11:25Z', 'updated_at': '2026-02-16T18:11:28Z', 'revision_number': 3, 'provider:network_type': 'geneve', 'provider:physical_network': None, 'provider:segmentation_id': 14569}}, resource_type=ports, if_exists=True) {{(pid=103383) do_commit /opt/stack/data/venv/lib/python3.12/site-packages/ovsdbapp/backend/ovs_idl/transaction.py:89}}
Feb 16 18:11:29.829380 np0000155650 devstack@neutron-api.service[103383]: DEBUG ovsdbapp.backend.ovs_idl.transaction [-] Running txn n=1 command(idx=1): SetLSwitchPortCommand(_result=None, lport=36a90a4c-a394-4078-85ce-9183059d0d7b, external_ids_update=None, columns={'external_ids': {'neutron:port_name': '', 'neutron:device_id': 'ovnmeta-1d78d76e-3d7b-4188-bfbf-fa2d2b840e68', 'neutron:project_id': 'b4a7a138ff634d3691214965a5356b39', 'neutron:cidrs': '10.1.0.2/26 fd::f816:3eff:fe11:7829/64', 'neutron:device_owner': 'network:distributed', 'neutron:subnet_pool_addr_scope4': '', 'neutron:subnet_pool_addr_scope6': '', 'neutron:network_name': 'neutron-1d78d76e-3d7b-4188-bfbf-fa2d2b840e68', 'neutron:security_group_ids': '', 'neutron:revision_number': '3', 'neutron:vnic_type': 'normal', 'neutron:port_capabilities': '', 'neutron:mtu': ''}, 'parent_name': [], 'tag': [], 'options': {}, 'enabled': True, 'port_security': [], 'dhcpv4_options': [], 'dhcpv6_options': [], 'type': 'localport', 'addresses': ['fa:16:3e:11:78:29 10.1.0.2 fd::f816:3eff:fe11:7829'], 'ha_chassis_group': []}, if_exists=False) {{(pid=103383) do_commit /opt/stack/data/venv/lib/python3.12/site-packages/ovsdbapp/backend/ovs_idl/transaction.py:89}}
Feb 16 18:11:29.831355 np0000155650 devstack@neutron-api.service[103383]: DEBUG ovsdbapp.backend.ovs_idl.transaction [-] Running txn n=1 command(idx=2): PgDelPortCommand(_result=None, port_group=neutron_pg_drop, lsp=['36a90a4c-a394-4078-85ce-9183059d0d7b'], if_exists=False) {{(pid=103383) do_commit /opt/stack/data/venv/lib/python3.12/site-packages/ovsdbapp/backend/ovs_idl/transaction.py:89}}
Feb 16 18:11:29.835383 np0000155650 devstack@neutron-api.service[103385]: DEBUG neutron.plugins.ml2.drivers.ovn.mech_driver.ovsdb.ovsdb_monitor [-] Hash Ring: Node 3f0a0e2e2b3353bf9276ba47747da4e1 (host: np0000155650) handling event "update" for row 0426ac18-256b-435f-87a4-22e93d9b05bc (table: Logical_Switch_Port) {{(pid=103385) notify /opt/stack/neutron/neutron/plugins/ml2/drivers/ovn/mech_driver/ovsdb/ovsdb_monitor.py:920}}
Feb 16 18:11:29.837047 np0000155650 devstack@neutron-api.service[103385]: DEBUG neutron.plugins.ml2.drivers.ovn.mech_driver.ovsdb.ovsdb_monitor [-] Hash Ring: Node 3f0a0e2e2b3353bf9276ba47747da4e1 (host: np0000155650) handling event "update" for row 1875557b-bd83-44f0-a91b-b09a0ba44026 (table: Port_Binding) {{(pid=103385) notify /opt/stack/neutron/neutron/plugins/ml2/drivers/ovn/mech_driver/ovsdb/ovsdb_monitor.py:920}}
Feb 16 18:11:29.837213 np0000155650 devstack@neutron-api.service[103382]: DEBUG neutron.plugins.ml2.drivers.ovn.mech_driver.ovsdb.ovsdb_monitor [-] Hash Ring: Node b685c6abbc3a5213a091d4b36c3feac2 (host: np0000155650) handling event "update" for row 0426ac18-256b-435f-87a4-22e93d9b05bc (table: Logical_Switch_Port) {{(pid=103382) notify /opt/stack/neutron/neutron/plugins/ml2/drivers/ovn/mech_driver/ovsdb/ovsdb_monitor.py:920}}
Feb 16 18:11:29.838507 np0000155650 devstack@neutron-api.service[103382]: DEBUG neutron.plugins.ml2.drivers.ovn.mech_driver.ovsdb.ovsdb_monitor [-] Hash Ring: Node b685c6abbc3a5213a091d4b36c3feac2 (host: np0000155650) handling event "update" for row 1875557b-bd83-44f0-a91b-b09a0ba44026 (table: Port_Binding) {{(pid=103382) notify /opt/stack/neutron/neutron/plugins/ml2/drivers/ovn/mech_driver/ovsdb/ovsdb_monitor.py:920}}
Feb 16 18:11:29.872411 np0000155650 devstack@neutron-api.service[103383]: INFO neutron.db.ovn_revision_numbers_db [None req-12ea2672-1ec8-44cb-902c-aa98ec552f8d admin admin] Successfully bumped revision number for resource 36a90a4c-a394-4078-85ce-9183059d0d7b (type: ports) to 3
Feb 16 18:11:29.889286 np0000155650 devstack@neutron-api.service[103383]: DEBUG neutron_lib.callbacks.manager [None req-12ea2672-1ec8-44cb-902c-aa98ec552f8d admin admin] Publish callbacks ['neutron.plugins.ml2.ovo_rpc._ObjectChangeHandler.handle_event-3663142'] for subnet (9b3233a9-bf05-4590-bc07-75518ace55af), after_create {{(pid=103383) _notify_loop /opt/stack/data/venv/lib/python3.12/site-packages/neutron_lib/callbacks/manager.py:184}}
Feb 16 18:11:29.904712 np0000155650 devstack@neutron-api.service[103383]: DEBUG neutron.api.rpc.handlers.resources_rpc [None req-12ea2672-1ec8-44cb-902c-aa98ec552f8d admin admin] Pushing event updated for resources: {'Subnet': ['ID=9b3233a9-bf05-4590-bc07-75518ace55af,revision_number=0']} {{(pid=103383) push /opt/stack/neutron/neutron/api/rpc/handlers/resources_rpc.py:237}}
Feb 16 18:11:29.938204 np0000155650 devstack@neutron-api.service[103383]: INFO neutron.db.ovn_revision_numbers_db [None req-12ea2672-1ec8-44cb-902c-aa98ec552f8d admin admin] Successfully bumped revision number for resource 9b3233a9-bf05-4590-bc07-75518ace55af (type: subnets) to 0
Feb 16 18:11:29.939831 np0000155650 devstack@neutron-api.service[103383]: DEBUG neutron.pecan_wsgi.hooks.policy_enforcement [None req-12ea2672-1ec8-44cb-902c-aa98ec552f8d admin admin] Attributes excluded by policy engine: ['standard_attr_id', 'shared', 'network'] {{(pid=103383) _exclude_attributes_by_policy /opt/stack/neutron/neutron/pecan_wsgi/hooks/policy_enforcement.py:258}}
Feb 16 18:11:29.940231 np0000155650 devstack@neutron-api.service[103383]: DEBUG neutron_lib.callbacks.manager [None req-12ea2672-1ec8-44cb-902c-aa98ec552f8d admin admin] Publish callbacks [] for subnet (None), before_response {{(pid=103383) _notify_loop /opt/stack/data/venv/lib/python3.12/site-packages/neutron_lib/callbacks/manager.py:184}}
Feb 16 18:11:29.953853 np0000155650 devstack@neutron-api.service[103383]: [pid: 103383|app: 0|req: 3/11] 199.204.45.242 () {68 vars in 1354 bytes} [Mon Feb 16 18:11:28 2026] POST /networking/v2.0/subnets => generated 681 bytes in 1290 msecs (HTTP/1.1 201) 4 headers in 162 bytes (1 switches on core 0)
Feb 16 18:11:30.302879 np0000155650 devstack@neutron-api.service[103384]: DEBUG neutron.api.wsgi [None req-b50297b0-b6b9-4b2e-bac6-19f49fded44c admin admin] Missing Content-Type {{(pid=103384) get_content_type /opt/stack/neutron/neutron/api/wsgi.py:85}}
Feb 16 18:11:30.304814 np0000155650 devstack@neutron-api.service[103384]: DEBUG neutron.api.wsgi [None req-b50297b0-b6b9-4b2e-bac6-19f49fded44c admin admin] https://199.204.45.242/networking/v2.0/extensions returned with HTTP 200 {{(pid=103384) __call__ /opt/stack/neutron/neutron/api/wsgi.py:545}}
Feb 16 18:11:30.305632 np0000155650 devstack@neutron-api.service[103384]: [pid: 103384|app: 0|req: 3/12] 199.204.45.242 () {64 vars in 1322 bytes} [Mon Feb 16 18:11:30 2026] GET /networking/v2.0/extensions => generated 15208 bytes in 8 msecs (HTTP/1.1 200) 4 headers in 159 bytes (1 switches on core 0)
Feb 16 18:11:30.604372 np0000155650 devstack@neutron-api.service[103385]: DEBUG neutron.api.wsgi [None req-d8206729-7a44-4694-a37f-ebfae7220572 admin admin] Missing Content-Type {{(pid=103385) get_content_type /opt/stack/neutron/neutron/api/wsgi.py:85}}
Feb 16 18:11:30.604888 np0000155650 devstack@neutron-api.service[103385]: DEBUG neutron.api.wsgi [None req-d8206729-7a44-4694-a37f-ebfae7220572 admin admin] https://199.204.45.242/networking/v2.0/extensions returned with HTTP 200 {{(pid=103385) __call__ /opt/stack/neutron/neutron/api/wsgi.py:545}}
Feb 16 18:11:30.605367 np0000155650 devstack@neutron-api.service[103385]: [pid: 103385|app: 0|req: 3/13] 199.204.45.242 () {64 vars in 1322 bytes} [Mon Feb 16 18:11:30 2026] GET /networking/v2.0/extensions => generated 15208 bytes in 7 msecs (HTTP/1.1 200) 4 headers in 159 bytes (1 switches on core 0)
Feb 16 18:11:30.878361 np0000155650 devstack@neutron-api.service[103382]: DEBUG neutron.api.v2.base [None req-2aced3bd-c198-4d9e-a156-39a86e5995e9 admin admin] Request body: {'router': {'admin_state_up': True, 'name': 'router1'}} {{(pid=103382) prepare_request_body /opt/stack/neutron/neutron/api/v2/base.py:729}}
Feb 16 18:11:30.903572 np0000155650 devstack@neutron-api.service[103382]: DEBUG neutron_lib.callbacks.manager [None req-2aced3bd-c198-4d9e-a156-39a86e5995e9 admin admin] Publish callbacks ['neutron.services.ovn_l3.service_providers.driver_controller.DriverController._check_router_request-3622994'] for router (148eea25-6084-4479-8add-b9b54cd75304), before_create {{(pid=103382) _notify_loop /opt/stack/data/venv/lib/python3.12/site-packages/neutron_lib/callbacks/manager.py:184}}
Feb 16 18:11:30.904498 np0000155650 devstack@neutron-api.service[103382]: DEBUG neutron_lib.callbacks.manager [None req-2aced3bd-c198-4d9e-a156-39a86e5995e9 admin admin] Publish callbacks ['neutron.services.ovn_l3.service_providers.ovn.OVN_L3_HA_db_mixin._precommit_router_create-32530', 'neutron.services.ovn_l3.plugin.RouterAvailabilityZoneMixin._process_az_request-1076949', 'neutron.services.ovn_l3.plugin.ExtraGatewaysDbOnlyMixin._process_bfd_ecmp_create-3623751', 'neutron.services.ovn_l3.service_providers.ovn.OvnDriver._process_router_create_precommit-32076', 'neutron.services.ovn_l3.service_providers.driver_controller.DriverController._set_router_provider-3622934'] for router (148eea25-6084-4479-8add-b9b54cd75304), precommit_create {{(pid=103382) _notify_loop /opt/stack/data/venv/lib/python3.12/site-packages/neutron_lib/callbacks/manager.py:184}}
Feb 16 18:11:30.921464 np0000155650 devstack@neutron-api.service[103382]: DEBUG neutron.db.ovn_revision_numbers_db [None req-2aced3bd-c198-4d9e-a156-39a86e5995e9 admin admin] create_initial_revision uuid=148eea25-6084-4479-8add-b9b54cd75304, type=routers, rev=-1 {{(pid=103382) create_initial_revision /opt/stack/neutron/neutron/db/ovn_revision_numbers_db.py:98}}
Feb 16 18:11:30.946089 np0000155650 devstack@neutron-api.service[103382]: DEBUG futurist.periodics [-] Submitting periodic callback 'neutron.plugins.ml2.drivers.ovn.mech_driver.ovsdb.maintenance.HashRingHealthCheckPeriodics.touch_hash_ring_node' {{(pid=103382) _process_scheduled /opt/stack/data/venv/lib/python3.12/site-packages/futurist/periodics.py:638}}
Feb 16 18:11:30.961602 np0000155650 devstack@neutron-api.service[103382]: DEBUG neutron.plugins.ml2.drivers.ovn.mech_driver.ovsdb.maintenance [-] Touching Hash Ring node "b685c6abbc3a5213a091d4b36c3feac2" from periodic health check thread {{(pid=103382) touch_hash_ring_node /opt/stack/neutron/neutron/plugins/ml2/drivers/ovn/mech_driver/ovsdb/maintenance.py:1135}}
Feb 16 18:11:31.024164 np0000155650 devstack@neutron-api.service[103382]: DEBUG neutron_lib.callbacks.manager [None req-2aced3bd-c198-4d9e-a156-39a86e5995e9 admin admin] Publish callbacks [] for router_controller (148eea25-6084-4479-8add-b9b54cd75304), precommit_add_association {{(pid=103382) _notify_loop /opt/stack/data/venv/lib/python3.12/site-packages/neutron_lib/callbacks/manager.py:184}}
Feb 16 18:11:31.030090 np0000155650 devstack@neutron-api.service[103382]: DEBUG neutron_lib.callbacks.manager [None req-2aced3bd-c198-4d9e-a156-39a86e5995e9 admin admin] Publish callbacks ['neutron.services.ovn_l3.service_providers.ovn.OvnDriver._process_router_create-108876'] for router (148eea25-6084-4479-8add-b9b54cd75304), after_create {{(pid=103382) _notify_loop /opt/stack/data/venv/lib/python3.12/site-packages/neutron_lib/callbacks/manager.py:184}}
Feb 16 18:11:31.030260 np0000155650 devstack@neutron-api.service[103382]: INFO neutron.plugins.ml2.drivers.ovn.mech_driver.ovsdb.extensions.qos [None req-2aced3bd-c198-4d9e-a156-39a86e5995e9 admin admin] Starting OVNClientQosExtension
Feb 16 18:11:31.030667 np0000155650 devstack@neutron-api.service[103382]: DEBUG neutron.plugins.ml2.drivers.ovn.mech_driver.ovsdb.extensions.qos [None req-2aced3bd-c198-4d9e-a156-39a86e5995e9 admin admin] Router 148eea25-6084-4479-8add-b9b54cd75304 does not have ID or gateway assigned {{(pid=103382) update_router /opt/stack/neutron/neutron/plugins/ml2/drivers/ovn/mech_driver/ovsdb/extensions/qos.py:529}}
Feb 16 18:11:31.031577 np0000155650 devstack@neutron-api.service[103382]: DEBUG ovsdbapp.backend.ovs_idl.transaction [-] Running txn n=1 command(idx=0): LrAddCommand(_result=None, router=neutron-148eea25-6084-4479-8add-b9b54cd75304, may_exist=True, columns={'external_ids': {'neutron:router_name': 'router1', 'neutron:revision_number': '1', 'neutron:availability_zone_hints': ''}, 'enabled': True, 'options': {'always_learn_from_arp_request': 'false', 'dynamic_neigh_routers': 'true', 'mac_binding_age_threshold': '0'}}) {{(pid=103382) do_commit /opt/stack/data/venv/lib/python3.12/site-packages/ovsdbapp/backend/ovs_idl/transaction.py:89}}
Feb 16 18:11:31.037799 np0000155650 devstack@neutron-api.service[103382]: DEBUG neutron.plugins.ml2.drivers.ovn.mech_driver.ovsdb.ovsdb_monitor [None req-caecd7fe-a6c4-45b5-aea3-c54f33eb9f1f None None] Touching Hash Ring node "b685c6abbc3a5213a091d4b36c3feac2" from IDL notify handler {{(pid=103382) notify /opt/stack/neutron/neutron/plugins/ml2/drivers/ovn/mech_driver/ovsdb/ovsdb_monitor.py:912}}
Feb 16 18:11:31.042382 np0000155650 devstack@neutron-api.service[103382]: DEBUG neutron.plugins.ml2.drivers.ovn.mech_driver.ovsdb.ovsdb_monitor [None req-caecd7fe-a6c4-45b5-aea3-c54f33eb9f1f None None] Hash Ring: Node b685c6abbc3a5213a091d4b36c3feac2 (host: np0000155650) handling event "create" for row 702231e1-a86a-47a4-b720-1b56f88bc0f4 (table: Logical_Router) {{(pid=103382) notify /opt/stack/neutron/neutron/plugins/ml2/drivers/ovn/mech_driver/ovsdb/ovsdb_monitor.py:920}}
Feb 16 18:11:31.044840 np0000155650 devstack@neutron-api.service[103383]: DEBUG neutron.plugins.ml2.drivers.ovn.mech_driver.ovsdb.ovsdb_monitor [-] Hash Ring: Node 8b1b8316970f53388e06184c4a6f238c (host: np0000155650) handling event "create" for row 6d0d2927-73d3-46c6-813c-3c97704a890d (table: Datapath_Binding) {{(pid=103383) notify /opt/stack/neutron/neutron/plugins/ml2/drivers/ovn/mech_driver/ovsdb/ovsdb_monitor.py:920}}
Feb 16 18:11:31.075212 np0000155650 devstack@neutron-api.service[103382]: DEBUG neutron.plugins.ml2.drivers.ovn.mech_driver.ovsdb.ovsdb_monitor [None req-24781b07-e0cb-4bf1-a565-58b62d37e8c7 None None] Touching Hash Ring node "b685c6abbc3a5213a091d4b36c3feac2" from IDL notify handler {{(pid=103382) notify /opt/stack/neutron/neutron/plugins/ml2/drivers/ovn/mech_driver/ovsdb/ovsdb_monitor.py:912}}
Feb 16 18:11:31.104856 np0000155650 devstack@neutron-api.service[103382]: DEBUG neutron.plugins.ml2.drivers.ovn.mech_driver.ovsdb.ovsdb_monitor [None req-24781b07-e0cb-4bf1-a565-58b62d37e8c7 None None] Hash Ring: Node b685c6abbc3a5213a091d4b36c3feac2 (host: np0000155650) handling event "create" for row 6d0d2927-73d3-46c6-813c-3c97704a890d (table: Datapath_Binding) {{(pid=103382) notify /opt/stack/neutron/neutron/plugins/ml2/drivers/ovn/mech_driver/ovsdb/ovsdb_monitor.py:920}}
Feb 16 18:11:31.159650 np0000155650 devstack@neutron-api.service[103382]: INFO neutron.db.ovn_revision_numbers_db [None req-2aced3bd-c198-4d9e-a156-39a86e5995e9 admin admin] Successfully bumped revision number for resource 148eea25-6084-4479-8add-b9b54cd75304 (type: routers) to 1
Feb 16 18:11:31.179205 np0000155650 devstack@neutron-api.service[103382]: DEBUG neutron_lib.callbacks.manager [None req-2aced3bd-c198-4d9e-a156-39a86e5995e9 admin admin] Publish callbacks [] for router (None), before_response {{(pid=103382) _notify_loop /opt/stack/data/venv/lib/python3.12/site-packages/neutron_lib/callbacks/manager.py:184}}
Feb 16 18:11:31.179844 np0000155650 devstack@neutron-api.service[103382]: [pid: 103382|app: 0|req: 5/14] 199.204.45.242 () {68 vars in 1353 bytes} [Mon Feb 16 18:11:30 2026] POST /networking/v2.0/routers => generated 599 bytes in 306 msecs (HTTP/1.1 201) 4 headers in 162 bytes (1 switches on core 0)
Feb 16 18:11:31.449941 np0000155650 devstack@neutron-api.service[103383]: DEBUG neutron.api.wsgi [None req-91e38fb4-6cca-4834-9b30-a430134e2d81 admin admin] Missing Content-Type {{(pid=103383) get_content_type /opt/stack/neutron/neutron/api/wsgi.py:85}}
Feb 16 18:11:31.450950 np0000155650 devstack@neutron-api.service[103383]: DEBUG neutron.api.wsgi [None req-91e38fb4-6cca-4834-9b30-a430134e2d81 admin admin] https://199.204.45.242/networking/v2.0/extensions returned with HTTP 200 {{(pid=103383) __call__ /opt/stack/neutron/neutron/api/wsgi.py:545}}
Feb 16 18:11:31.451639 np0000155650 devstack@neutron-api.service[103383]: [pid: 103383|app: 0|req: 4/15] 199.204.45.242 () {64 vars in 1322 bytes} [Mon Feb 16 18:11:31 2026] GET /networking/v2.0/extensions => generated 15208 bytes in 7 msecs (HTTP/1.1 200) 4 headers in 159 bytes (1 switches on core 0)
Feb 16 18:11:31.746882 np0000155650 devstack@neutron-api.service[103384]: DEBUG neutron.api.v2.base [None req-14b3272c-66e6-4e65-8e2f-284fe8a623ad admin admin] Request body: {'network': {'provider:physical_network': 'public', 'router:external': True, 'provider:network_type': 'flat', 'admin_state_up': True, 'is_default': True, 'name': 'public'}} {{(pid=103384) prepare_request_body /opt/stack/neutron/neutron/api/v2/base.py:729}}
Feb 16 18:11:31.749592 np0000155650 devstack@neutron-api.service[103385]: DEBUG futurist.periodics [-] Submitting periodic callback 'neutron.plugins.ml2.drivers.ovn.mech_driver.ovsdb.maintenance.HashRingHealthCheckPeriodics.touch_hash_ring_node' {{(pid=103385) _process_scheduled /opt/stack/data/venv/lib/python3.12/site-packages/futurist/periodics.py:638}}
Feb 16 18:11:31.750685 np0000155650 devstack@neutron-api.service[103385]: DEBUG neutron.plugins.ml2.drivers.ovn.mech_driver.ovsdb.maintenance [-] Touching Hash Ring node "3f0a0e2e2b3353bf9276ba47747da4e1" from periodic health check thread {{(pid=103385) touch_hash_ring_node /opt/stack/neutron/neutron/plugins/ml2/drivers/ovn/mech_driver/ovsdb/maintenance.py:1135}}
Feb 16 18:11:31.764077 np0000155650 devstack@neutron-api.service[103384]: DEBUG neutron.pecan_wsgi.hooks.quota_enforcement [None req-14b3272c-66e6-4e65-8e2f-284fe8a623ad admin admin] Made reservation on behalf of b4a7a138ff634d3691214965a5356b39 for: {'network': 1} {{(pid=103384) before /opt/stack/neutron/neutron/pecan_wsgi/hooks/quota_enforcement.py:66}}
Feb 16 18:11:31.767213 np0000155650 devstack@neutron-api.service[103384]: DEBUG neutron_lib.callbacks.manager [None req-14b3272c-66e6-4e65-8e2f-284fe8a623ad admin admin] Publish callbacks ['neutron.plugins.ml2.plugin.SecurityGroupDbMixin._ensure_default_security_group_handler-2085693'] for network (None), before_create {{(pid=103384) _notify_loop /opt/stack/data/venv/lib/python3.12/site-packages/neutron_lib/callbacks/manager.py:184}}
Feb 16 18:11:31.781812 np0000155650 devstack@neutron-api.service[103384]: DEBUG neutron.plugins.ml2.drivers.type_flat [None req-14b3272c-66e6-4e65-8e2f-284fe8a623ad admin admin] Reserving flat network on physical network public {{(pid=103384) reserve_provider_segment /opt/stack/neutron/neutron/plugins/ml2/drivers/type_flat.py:100}}
Feb 16 18:11:31.790407 np0000155650 devstack@neutron-api.service[103384]: DEBUG neutron_lib.callbacks.manager [None req-14b3272c-66e6-4e65-8e2f-284fe8a623ad admin admin] Publish callbacks ['neutron.services.segments.db._add_segment_host_mapping_for_segment-8180791860908', 'neutron.plugins.ml2.plugin.Ml2Plugin._handle_segment_change-259433'] for segment (f787532c-7b08-4d26-a88f-882e0c5ded68), precommit_create {{(pid=103384) _notify_loop /opt/stack/data/venv/lib/python3.12/site-packages/neutron_lib/callbacks/manager.py:184}}
Feb 16 18:11:31.790553 np0000155650 devstack@neutron-api.service[103384]: DEBUG neutron_lib.callbacks.manager [None req-14b3272c-66e6-4e65-8e2f-284fe8a623ad admin admin] Unsubscribe: segment precommit_create {{(pid=103384) unsubscribe /opt/stack/data/venv/lib/python3.12/site-packages/neutron_lib/callbacks/manager.py:90}}
Feb 16 18:11:31.790780 np0000155650 devstack@neutron-api.service[103384]: INFO neutron.db.segments_db [None req-14b3272c-66e6-4e65-8e2f-284fe8a623ad admin admin] Added segment f787532c-7b08-4d26-a88f-882e0c5ded68 of type flat for network 1fe0fa22-bc07-4e56-a93a-f81ceba9dc73
Feb 16 18:11:31.812223 np0000155650 devstack@neutron-api.service[103384]: DEBUG neutron_lib.callbacks.manager [None req-14b3272c-66e6-4e65-8e2f-284fe8a623ad admin admin] Publish callbacks ['neutron.services.auto_allocate.db._ensure_external_network_default_value_callback-8180790670680'] for network (1fe0fa22-bc07-4e56-a93a-f81ceba9dc73), precommit_create {{(pid=103384) _notify_loop /opt/stack/data/venv/lib/python3.12/site-packages/neutron_lib/callbacks/manager.py:184}}
Feb 16 18:11:31.826410 np0000155650 devstack@neutron-api.service[103384]: DEBUG neutron.plugins.ml2.drivers.ovn.mech_driver.mech_driver [None req-14b3272c-66e6-4e65-8e2f-284fe8a623ad admin admin] Validating network segment with type flat, segmentation ID None, physical network public {{(pid=103384) _validate_network_segments /opt/stack/neutron/neutron/plugins/ml2/drivers/ovn/mech_driver/mech_driver.py:630}}
Feb 16 18:11:31.826565 np0000155650 devstack@neutron-api.service[103384]: DEBUG neutron.db.ovn_revision_numbers_db [None req-14b3272c-66e6-4e65-8e2f-284fe8a623ad admin admin] create_initial_revision uuid=1fe0fa22-bc07-4e56-a93a-f81ceba9dc73, type=networks, rev=-1 {{(pid=103384) create_initial_revision /opt/stack/neutron/neutron/db/ovn_revision_numbers_db.py:98}}
Feb 16 18:11:31.837142 np0000155650 devstack@neutron-api.service[103383]: DEBUG futurist.periodics [-] Submitting periodic callback 'neutron.plugins.ml2.drivers.ovn.mech_driver.ovsdb.maintenance.HashRingHealthCheckPeriodics.touch_hash_ring_node' {{(pid=103383) _process_scheduled /opt/stack/data/venv/lib/python3.12/site-packages/futurist/periodics.py:638}}
Feb 16 18:11:31.838285 np0000155650 devstack@neutron-api.service[103383]: DEBUG neutron.plugins.ml2.drivers.ovn.mech_driver.ovsdb.maintenance [-] Touching Hash Ring node "8b1b8316970f53388e06184c4a6f238c" from periodic health check thread {{(pid=103383) touch_hash_ring_node /opt/stack/neutron/neutron/plugins/ml2/drivers/ovn/mech_driver/ovsdb/maintenance.py:1135}}
Feb 16 18:11:31.838451 np0000155650 devstack@neutron-api.service[103384]: DEBUG neutron_lib.callbacks.manager [None req-14b3272c-66e6-4e65-8e2f-284fe8a623ad admin admin] Publish callbacks ['neutron.plugins.ml2.ovo_rpc._ObjectChangeHandler.handle_event-3184906'] for network (1fe0fa22-bc07-4e56-a93a-f81ceba9dc73), after_create {{(pid=103384) _notify_loop /opt/stack/data/venv/lib/python3.12/site-packages/neutron_lib/callbacks/manager.py:184}}
Feb 16 18:11:31.853054 np0000155650 devstack@neutron-api.service[103384]: DEBUG futurist.periodics [-] Submitting periodic callback 'neutron.plugins.ml2.drivers.ovn.mech_driver.ovsdb.maintenance.HashRingHealthCheckPeriodics.touch_hash_ring_node' {{(pid=103384) _process_scheduled /opt/stack/data/venv/lib/python3.12/site-packages/futurist/periodics.py:638}}
Feb 16 18:11:31.857792 np0000155650 devstack@neutron-api.service[103384]: DEBUG neutron.plugins.ml2.drivers.ovn.mech_driver.ovsdb.maintenance [-] Touching Hash Ring node "fb9e91bbf4a759df9c60c4b72cddc76d" from periodic health check thread {{(pid=103384) touch_hash_ring_node /opt/stack/neutron/neutron/plugins/ml2/drivers/ovn/mech_driver/ovsdb/maintenance.py:1135}}
Feb 16 18:11:31.871657 np0000155650 devstack@neutron-api.service[103384]: DEBUG neutron.api.rpc.handlers.resources_rpc [None req-14b3272c-66e6-4e65-8e2f-284fe8a623ad admin admin] Pushing event updated for resources: {'Network': ['ID=1fe0fa22-bc07-4e56-a93a-f81ceba9dc73,revision_number=1']} {{(pid=103384) push /opt/stack/neutron/neutron/api/rpc/handlers/resources_rpc.py:237}}
Feb 16 18:11:31.886113 np0000155650 devstack@neutron-api.service[103384]: DEBUG ovsdbapp.backend.ovs_idl.transaction [-] Running txn n=1 command(idx=0): AddNetworkCommand(_result=None, network_uuid=1fe0fa22-bc07-4e56-a93a-f81ceba9dc73, may_exist=True, columns={'external_ids': {'neutron:network_name': 'public', 'neutron:mtu': '1430', 'neutron:revision_number': '1', 'neutron:availability_zone_hints': '', 'neutron:provnet-network-type': 'flat', 'neutron:provnet-physical-network': 'public'}, 'other_config': {'mcast_snoop': 'false', 'mcast_flood_unregistered': 'false', 'vlan-passthru': 'false', 'fdb_age_threshold': '0', 'broadcast-arps-to-all-routers': 'true'}}) {{(pid=103384) do_commit /opt/stack/data/venv/lib/python3.12/site-packages/ovsdbapp/backend/ovs_idl/transaction.py:89}}
Feb 16 18:11:31.886343 np0000155650 devstack@neutron-api.service[103384]: DEBUG neutron.common.ovn.utils [-] OVS persist_uuid supported=True {{(pid=103384) ovs_persist_uuid_supported /opt/stack/neutron/neutron/common/ovn/utils.py:1504}}
Feb 16 18:11:31.887008 np0000155650 devstack@neutron-api.service[103384]: DEBUG ovsdbapp.backend.ovs_idl.transaction [-] Running txn n=1 command(idx=1): AddLSwitchPortCommand(_result=None, lport=provnet-f787532c-7b08-4d26-a88f-882e0c5ded68, lswitch=neutron-1fe0fa22-bc07-4e56-a93a-f81ceba9dc73, may_exist=True, network_uuid=1fe0fa22-bc07-4e56-a93a-f81ceba9dc73, columns={'addresses': ['unknown'], 'external_ids': {}, 'type': 'localnet', 'tag': None, 'options': {'network_name': 'public', 'mcast_flood_reports': 'true', 'mcast_flood': 'false', 'localnet_learn_fdb': 'false'}}) {{(pid=103384) do_commit /opt/stack/data/venv/lib/python3.12/site-packages/ovsdbapp/backend/ovs_idl/transaction.py:89}}
Feb 16 18:11:31.892965 np0000155650 devstack@neutron-api.service[103385]: DEBUG neutron.plugins.ml2.drivers.ovn.mech_driver.ovsdb.ovsdb_monitor [-] Hash Ring: Node 3f0a0e2e2b3353bf9276ba47747da4e1 (host: np0000155650) handling event "create" for row e3a91e07-58f1-4f44-9a7d-0392344e9494 (table: Logical_Switch_Port) {{(pid=103385) notify /opt/stack/neutron/neutron/plugins/ml2/drivers/ovn/mech_driver/ovsdb/ovsdb_monitor.py:920}}
Feb 16 18:11:31.893935 np0000155650 devstack@neutron-api.service[103385]: DEBUG ovsdbapp.backend.ovs_idl.event [-] Matched CREATE: LogicalSwitchPortCreateEvent(events=('create',), table='Logical_Switch_Port', conditions=[], old_conditions=None), priority=20 to row=Logical_Switch_Port(name=provnet-f787532c-7b08-4d26-a88f-882e0c5ded68, ha_chassis_group=[], options={'localnet_learn_fdb': 'false', 'mcast_flood': 'false', 'mcast_flood_reports': 'true', 'network_name': 'public'}, parent_name=[], enabled=[], type=localnet, dhcpv6_options=[], addresses=['unknown'], tag=[], up=[], external_ids={}, tag_request=[], port_security=[], dynamic_addresses=[], dhcpv4_options=[], mirror_rules=[]) old= {{(pid=103385) matches /opt/stack/data/venv/lib/python3.12/site-packages/ovsdbapp/backend/ovs_idl/event.py:55}}
Feb 16 18:11:31.894551 np0000155650 devstack@neutron-api.service[103385]: DEBUG neutron.plugins.ml2.drivers.ovn.mech_driver.ovsdb.ovsdb_monitor [-] Hash Ring: Node 3f0a0e2e2b3353bf9276ba47747da4e1 (host: np0000155650) handling event "update" for row e3a91e07-58f1-4f44-9a7d-0392344e9494 (table: Logical_Switch_Port) {{(pid=103385) notify /opt/stack/neutron/neutron/plugins/ml2/drivers/ovn/mech_driver/ovsdb/ovsdb_monitor.py:920}}
Feb 16 18:11:31.894934 np0000155650 devstack@neutron-api.service[103382]: DEBUG neutron.plugins.ml2.drivers.ovn.mech_driver.ovsdb.ovsdb_monitor [None req-caecd7fe-a6c4-45b5-aea3-c54f33eb9f1f None None] Touching Hash Ring node "b685c6abbc3a5213a091d4b36c3feac2" from IDL notify handler {{(pid=103382) notify /opt/stack/neutron/neutron/plugins/ml2/drivers/ovn/mech_driver/ovsdb/ovsdb_monitor.py:912}}
Feb 16 18:11:31.895511 np0000155650 devstack@neutron-api.service[103385]: INFO neutron.plugins.ml2.drivers.ovn.mech_driver.mech_driver [None req-26b64359-822f-4268-8827-06ee5ab71445 None None] OVN reports status down for port: provnet-f787532c-7b08-4d26-a88f-882e0c5ded68
Feb 16 18:11:31.902565 np0000155650 devstack@neutron-api.service[103383]: DEBUG neutron.plugins.ml2.drivers.ovn.mech_driver.ovsdb.ovsdb_monitor [-] Hash Ring: Node 8b1b8316970f53388e06184c4a6f238c (host: np0000155650) handling event "create" for row 8476e0d6-83f7-4875-bf45-a08aa90b57ca (table: Datapath_Binding) {{(pid=103383) notify /opt/stack/neutron/neutron/plugins/ml2/drivers/ovn/mech_driver/ovsdb/ovsdb_monitor.py:920}}
Feb 16 18:11:31.902808 np0000155650 devstack@neutron-api.service[103383]: DEBUG neutron.plugins.ml2.drivers.ovn.mech_driver.ovsdb.ovsdb_monitor [-] Hash Ring: Node 8b1b8316970f53388e06184c4a6f238c (host: np0000155650) handling event "create" for row 23ccdb45-3282-4833-aaca-685cc127e9e7 (table: Port_Binding) {{(pid=103383) notify /opt/stack/neutron/neutron/plugins/ml2/drivers/ovn/mech_driver/ovsdb/ovsdb_monitor.py:920}}
Feb 16 18:11:31.903160 np0000155650 devstack@neutron-api.service[103382]: DEBUG neutron.plugins.ml2.drivers.ovn.mech_driver.ovsdb.ovsdb_monitor [None req-24781b07-e0cb-4bf1-a565-58b62d37e8c7 None None] Touching Hash Ring node "b685c6abbc3a5213a091d4b36c3feac2" from IDL notify handler {{(pid=103382) notify /opt/stack/neutron/neutron/plugins/ml2/drivers/ovn/mech_driver/ovsdb/ovsdb_monitor.py:912}}
Feb 16 18:11:31.906062 np0000155650 devstack@neutron-api.service[103382]: DEBUG neutron.plugins.ml2.drivers.ovn.mech_driver.ovsdb.ovsdb_monitor [None req-caecd7fe-a6c4-45b5-aea3-c54f33eb9f1f None None] Hash Ring: Node b685c6abbc3a5213a091d4b36c3feac2 (host: np0000155650) handling event "create" for row 1fe0fa22-bc07-4e56-a93a-f81ceba9dc73 (table: Logical_Switch) {{(pid=103382) notify /opt/stack/neutron/neutron/plugins/ml2/drivers/ovn/mech_driver/ovsdb/ovsdb_monitor.py:920}}
Feb 16 18:11:31.907783 np0000155650 devstack@neutron-api.service[103382]: DEBUG neutron.plugins.ml2.drivers.ovn.mech_driver.ovsdb.ovsdb_monitor [None req-caecd7fe-a6c4-45b5-aea3-c54f33eb9f1f None None] Touching Hash Ring node "b685c6abbc3a5213a091d4b36c3feac2" from IDL notify handler {{(pid=103382) notify /opt/stack/neutron/neutron/plugins/ml2/drivers/ovn/mech_driver/ovsdb/ovsdb_monitor.py:912}}
Feb 16 18:11:31.909479 np0000155650 devstack@neutron-api.service[103382]: DEBUG neutron.plugins.ml2.drivers.ovn.mech_driver.ovsdb.ovsdb_monitor [None req-24781b07-e0cb-4bf1-a565-58b62d37e8c7 None None] Hash Ring: Node b685c6abbc3a5213a091d4b36c3feac2 (host: np0000155650) handling event "create" for row 8476e0d6-83f7-4875-bf45-a08aa90b57ca (table: Datapath_Binding) {{(pid=103382) notify /opt/stack/neutron/neutron/plugins/ml2/drivers/ovn/mech_driver/ovsdb/ovsdb_monitor.py:920}}
Feb 16 18:11:31.911559 np0000155650 devstack@neutron-api.service[103382]: DEBUG neutron.plugins.ml2.drivers.ovn.mech_driver.ovsdb.ovsdb_monitor [None req-24781b07-e0cb-4bf1-a565-58b62d37e8c7 None None] Touching Hash Ring node "b685c6abbc3a5213a091d4b36c3feac2" from IDL notify handler {{(pid=103382) notify /opt/stack/neutron/neutron/plugins/ml2/drivers/ovn/mech_driver/ovsdb/ovsdb_monitor.py:912}}
Feb 16 18:11:31.913535 np0000155650 devstack@neutron-api.service[103382]: DEBUG neutron.plugins.ml2.drivers.ovn.mech_driver.ovsdb.ovsdb_monitor [None req-caecd7fe-a6c4-45b5-aea3-c54f33eb9f1f None None] Hash Ring: Node b685c6abbc3a5213a091d4b36c3feac2 (host: np0000155650) handling event "create" for row e3a91e07-58f1-4f44-9a7d-0392344e9494 (table: Logical_Switch_Port) {{(pid=103382) notify /opt/stack/neutron/neutron/plugins/ml2/drivers/ovn/mech_driver/ovsdb/ovsdb_monitor.py:920}}
Feb 16 18:11:31.914316 np0000155650 devstack@neutron-api.service[103382]: DEBUG ovsdbapp.backend.ovs_idl.event [None req-caecd7fe-a6c4-45b5-aea3-c54f33eb9f1f None None] Matched CREATE: LogicalSwitchPortCreateEvent(events=('create',), table='Logical_Switch_Port', conditions=[], old_conditions=None), priority=20 to row=Logical_Switch_Port(name=provnet-f787532c-7b08-4d26-a88f-882e0c5ded68, ha_chassis_group=[], options={'localnet_learn_fdb': 'false', 'mcast_flood': 'false', 'mcast_flood_reports': 'true', 'network_name': 'public'}, parent_name=[], enabled=[], type=localnet, dhcpv6_options=[], addresses=['unknown'], tag=[], up=[], external_ids={}, tag_request=[], port_security=[], dynamic_addresses=[], dhcpv4_options=[], mirror_rules=[]) old= {{(pid=103382) matches /opt/stack/data/venv/lib/python3.12/site-packages/ovsdbapp/backend/ovs_idl/event.py:55}}
Feb 16 18:11:31.916937 np0000155650 devstack@neutron-api.service[103382]: INFO neutron.plugins.ml2.drivers.ovn.mech_driver.mech_driver [None req-65b9ba66-7fe7-45df-8f06-ab36f3f406b3 None None] OVN reports status down for port: provnet-f787532c-7b08-4d26-a88f-882e0c5ded68
Feb 16 18:11:31.918281 np0000155650 devstack@neutron-api.service[103382]: DEBUG neutron.plugins.ml2.drivers.ovn.mech_driver.ovsdb.ovsdb_monitor [None req-24781b07-e0cb-4bf1-a565-58b62d37e8c7 None None] Hash Ring: Node b685c6abbc3a5213a091d4b36c3feac2 (host: np0000155650) handling event "create" for row 23ccdb45-3282-4833-aaca-685cc127e9e7 (table: Port_Binding) {{(pid=103382) notify /opt/stack/neutron/neutron/plugins/ml2/drivers/ovn/mech_driver/ovsdb/ovsdb_monitor.py:920}}
Feb 16 18:11:31.918878 np0000155650 devstack@neutron-api.service[103382]: DEBUG neutron.plugins.ml2.drivers.ovn.mech_driver.ovsdb.ovsdb_monitor [None req-caecd7fe-a6c4-45b5-aea3-c54f33eb9f1f None None] Touching Hash Ring node "b685c6abbc3a5213a091d4b36c3feac2" from IDL notify handler {{(pid=103382) notify /opt/stack/neutron/neutron/plugins/ml2/drivers/ovn/mech_driver/ovsdb/ovsdb_monitor.py:912}}
Feb 16 18:11:31.919529 np0000155650 devstack@neutron-api.service[103384]: INFO neutron.db.ovn_revision_numbers_db [None req-14b3272c-66e6-4e65-8e2f-284fe8a623ad admin admin] Successfully bumped revision number for resource 1fe0fa22-bc07-4e56-a93a-f81ceba9dc73 (type: networks) to 1
Feb 16 18:11:31.921511 np0000155650 devstack@neutron-api.service[103382]: DEBUG neutron.plugins.ml2.drivers.ovn.mech_driver.ovsdb.ovsdb_monitor [None req-caecd7fe-a6c4-45b5-aea3-c54f33eb9f1f None None] Hash Ring: Node b685c6abbc3a5213a091d4b36c3feac2 (host: np0000155650) handling event "update" for row e3a91e07-58f1-4f44-9a7d-0392344e9494 (table: Logical_Switch_Port) {{(pid=103382) notify /opt/stack/neutron/neutron/plugins/ml2/drivers/ovn/mech_driver/ovsdb/ovsdb_monitor.py:920}}
Feb 16 18:11:31.942680 np0000155650 devstack@neutron-api.service[103384]: DEBUG neutron_lib.callbacks.manager [None req-14b3272c-66e6-4e65-8e2f-284fe8a623ad admin admin] Publish callbacks ['neutron.plugins.ml2.plugin.SecurityGroupDbMixin._ensure_default_security_group_handler-2085693'] for port (None), before_create {{(pid=103384) _notify_loop /opt/stack/data/venv/lib/python3.12/site-packages/neutron_lib/callbacks/manager.py:184}}
Feb 16 18:11:32.012365 np0000155650 devstack@neutron-api.service[103384]: DEBUG neutron_lib.callbacks.manager [None req-14b3272c-66e6-4e65-8e2f-284fe8a623ad admin admin] Publish callbacks ['neutron.plugins.ml2.drivers.ovn.mech_driver.mech_driver.OVNMechanismDriver._validate_allowed_address_pairs-325167'] for allowed_address_pair (09e58e0d-91e2-4806-afe8-e6329a939569), before_create {{(pid=103384) _notify_loop /opt/stack/data/venv/lib/python3.12/site-packages/neutron_lib/callbacks/manager.py:184}}
Feb 16 18:11:32.012778 np0000155650 devstack@neutron-api.service[103384]: DEBUG neutron_lib.callbacks.manager [None req-14b3272c-66e6-4e65-8e2f-284fe8a623ad admin admin] Publish callbacks [] for port (09e58e0d-91e2-4806-afe8-e6329a939569), precommit_create {{(pid=103384) _notify_loop /opt/stack/data/venv/lib/python3.12/site-packages/neutron_lib/callbacks/manager.py:184}}
Feb 16 18:11:32.012937 np0000155650 devstack@neutron-api.service[103384]: DEBUG neutron.plugins.ml2.drivers.ovn.mech_driver.mech_driver [None req-14b3272c-66e6-4e65-8e2f-284fe8a623ad admin admin] No provisioning block for port 09e58e0d-91e2-4806-afe8-e6329a939569 since it does not have a host {{(pid=103384) _is_port_provisioning_required /opt/stack/neutron/neutron/plugins/ml2/drivers/ovn/mech_driver/mech_driver.py:883}}
Feb 16 18:11:32.013048 np0000155650 devstack@neutron-api.service[103384]: DEBUG neutron.db.ovn_revision_numbers_db [None req-14b3272c-66e6-4e65-8e2f-284fe8a623ad admin admin] create_initial_revision uuid=09e58e0d-91e2-4806-afe8-e6329a939569, type=ports, rev=-1 {{(pid=103384) create_initial_revision /opt/stack/neutron/neutron/db/ovn_revision_numbers_db.py:98}}
