2026-06-27 06:55:12.165 9 WARNING neutron.api.rpc.agentnotifiers.dhcp_rpc_agent_api [None req-c224f506-d1c9-4f1e-928e-3831f2484374 9bb907ff9c054deca956a36613e0b8c7 8ba7c4e325104d7187cb3a3bb806ea57 - - default default] Unable to schedule network 8185f7fc-45ae-40f3-abf1-9a9ecc4e18de: no agents available; will retry on subsequent port and subnet creation events.
2026-06-27 06:55:12.171 9 INFO neutron.db.ovn_revision_numbers_db [req-271d306e-979c-4e2b-ba5b-c33f05e393f7 req-e9d317dd-1423-4c5c-9c06-9f1a2009610e 89d21f65aec047779c8b4ab1922b2dde 538d804709fe4e798867af11a07ce20e - - default default] Successfully bumped revision number for resource f7faeb7b-cad2-4feb-ab9e-f0f97976db8d (type: ports) to 1
2026-06-27 06:55:12.244 9 INFO neutron.wsgi [req-271d306e-979c-4e2b-ba5b-c33f05e393f7 req-e9d317dd-1423-4c5c-9c06-9f1a2009610e 89d21f65aec047779c8b4ab1922b2dde 538d804709fe4e798867af11a07ce20e - - default default] 199.204.45.72 "POST /v2.0/ports HTTP/1.1" status: 201 len: 1158 time: 1.1112072 /var/lib/openstack/lib/python3.10/site-packages/pycadf/identifier.py:71: UserWarning: Invalid uuid: neutron. To ensure interoperability, identifiers should be a valid uuid. warnings.warn(('Invalid uuid: %s. To ensure interoperability, '
2026-06-27 06:55:12.436 10 INFO neutron.wsgi [req-8a969313-72db-4fd3-a708-cc0be2a78e82 req-3bda1bc9-4004-4d44-8666-17287abe36f5 89d21f65aec047779c8b4ab1922b2dde 538d804709fe4e798867af11a07ce20e - - default default] 10.0.0.139 "GET /v2.0/ports?device_id=9d6d8cd8-4297-4b03-9665-f2c199c66f66 HTTP/1.1" status: 200 len: 1156 time: 0.0412681
2026-06-27 06:55:12.539 10 INFO neutron.wsgi [None req-4461a9a3-af21-4ebd-b66a-1f8e55b04dd4 747ff5e0439b4ccc9c1a7272c756d760 9df833ed5b48448aa31d39190560de01 - - default default] 10.0.0.164 "GET /v2.0/security-groups?tenant_id=8c7b57191eeb4931912d2ef9a80aff1f&name=default HTTP/1.1" status: 200 len: 2996 time: 0.1983275
2026-06-27 06:55:12.543 10 INFO neutron.wsgi [req-8a969313-72db-4fd3-a708-cc0be2a78e82 req-90ebb227-75b9-4e57-a1dd-25d6825e9497 89d21f65aec047779c8b4ab1922b2dde 538d804709fe4e798867af11a07ce20e - - default default] 10.0.0.139 "GET /v2.0/security-groups?id=57494b8c-5a1b-41b9-8a76-10b33f8bfbb7&fields=id&fields=name HTTP/1.1" status: 200 len: 286 time: 0.0986049
2026-06-27 06:55:12.670 9 WARNING neutron.plugins.ml2.drivers.ovn.mech_driver.ovsdb.ovn_client [None req-43cf081a-e68c-492c-ba2c-929a03a46d77 - - - - - -] No hosting information found for port 59e93d0c-2c26-4854-b621-f28b9951a202: RuntimeError: No hosting information found for port 59e93d0c-2c26-4854-b621-f28b9951a202
2026-06-27 06:55:12.670 9 INFO neutron.plugins.ml2.drivers.ovn.mech_driver.mech_driver [None req-43cf081a-e68c-492c-ba2c-929a03a46d77 - - - - - -] OVN reports status up for port: cc921d10-3fbc-4d65-9d11-7c34f4ce9ba3
2026-06-27 06:55:12.709 9 INFO neutron.plugins.ml2.plugin [None req-43cf081a-e68c-492c-ba2c-929a03a46d77 - - - - - -] Attempt 1 to provision port cc921d10-3fbc-4d65-9d11-7c34f4ce9ba3
2026-06-27 06:55:12.842 10 INFO neutron.wsgi [None req-c1408621-d32f-42f8-bcba-e55e13726955 747ff5e0439b4ccc9c1a7272c756d760 9df833ed5b48448aa31d39190560de01 - - default default] 10.0.0.164 "DELETE /v2.0/security-groups/602e68a7-20ad-470c-adec-a90814139b0b HTTP/1.1" status: 204 len: 168 time: 0.2904665
2026-06-27 06:55:12.932 9 INFO neutron.db.ovn_revision_numbers_db [None req-c224f506-d1c9-4f1e-928e-3831f2484374 9bb907ff9c054deca956a36613e0b8c7 8ba7c4e325104d7187cb3a3bb806ea57 - - default default] Successfully bumped revision number for resource cc921d10-3fbc-4d65-9d11-7c34f4ce9ba3 (type: router_ports) to 2
2026-06-27 06:55:12.935 9 INFO neutron.wsgi [None req-c224f506-d1c9-4f1e-928e-3831f2484374 9bb907ff9c054deca956a36613e0b8c7 8ba7c4e325104d7187cb3a3bb806ea57 - - default default] 10.0.0.164 "PUT /v2.0/routers/2bba6909-2ee4-49ce-8f6b-e47e340ccc4b/add_router_interface HTTP/1.1" status: 200 len: 503 time: 3.3052275
2026-06-27 06:55:12.987 10 INFO neutron.wsgi [None req-933bdb34-da08-43a1-a918-2daeab70aee7 9bb907ff9c054deca956a36613e0b8c7 8ba7c4e325104d7187cb3a3bb806ea57 - - default default] 10.0.0.164 "GET /v2.0/ports/cc921d10-3fbc-4d65-9d11-7c34f4ce9ba3 HTTP/1.1" status: 200 len: 1214 time: 0.0444293
2026-06-27 06:55:13.251 10 INFO neutron.plugins.ml2.drivers.ovn.mech_driver.mech_driver [None req-cb51d884-b8cc-45bf-b765-1914a56a47a0 - - - - - -] OVN reports status up for port: 7352aeb2-876a-432d-8670-6cb936e6870b
2026-06-27 06:55:13.270 10 INFO neutron.plugins.ml2.plugin [None req-cb51d884-b8cc-45bf-b765-1914a56a47a0 - - - - - -] Attempt 1 to provision port 7352aeb2-876a-432d-8670-6cb936e6870b
2026-06-27 06:55:13.291 9 INFO neutron.plugins.ml2.drivers.ovn.mech_driver.ovsdb.ovsdb_monitor [None req-87a27d6d-9356-43bd-939e-ccb3ca569978 - - - - - -] Router 16daa2ab-59e9-4e57-984e-0b2e177201a4 is bound to host instance
2026-06-27 06:55:13.355 9 INFO neutron.db.ovn_revision_numbers_db [None req-3ab91a94-6965-4841-a56d-0d149175b875 747ff5e0439b4ccc9c1a7272c756d760 9df833ed5b48448aa31d39190560de01 - - default default] Successfully bumped revision number for resource 7352aeb2-876a-432d-8670-6cb936e6870b (type: router_ports) to 1
2026-06-27 06:55:13.430 9 INFO neutron.db.ovn_revision_numbers_db [None req-43cf081a-e68c-492c-ba2c-929a03a46d77 - - - - - -] Successfully bumped revision number for resource cc921d10-3fbc-4d65-9d11-7c34f4ce9ba3 (type: ports) to 3
2026-06-27 06:55:13.604 9 INFO neutron.db.ovn_revision_numbers_db [None req-3ab91a94-6965-4841-a56d-0d149175b875 747ff5e0439b4ccc9c1a7272c756d760 9df833ed5b48448aa31d39190560de01 - - default default] Successfully bumped revision number for resource 16daa2ab-59e9-4e57-984e-0b2e177201a4 (type: routers) to 2 /var/lib/openstack/lib/python3.10/site-packages/pycadf/identifier.py:71: UserWarning: Invalid uuid: neutron. To ensure interoperability, identifiers should be a valid uuid. warnings.warn(('Invalid uuid: %s. To ensure interoperability, '
2026-06-27 06:55:13.679 9 INFO neutron.wsgi [None req-3ab91a94-6965-4841-a56d-0d149175b875 747ff5e0439b4ccc9c1a7272c756d760 9df833ed5b48448aa31d39190560de01 - - default default] 10.0.0.164 "POST /v2.0/routers HTTP/1.1" status: 201 len: 879 time: 3.4889801 /var/lib/openstack/lib/python3.10/site-packages/pycadf/identifier.py:71: UserWarning: Invalid uuid: neutron. To ensure interoperability, identifiers should be a valid uuid. warnings.warn(('Invalid uuid: %s. To ensure interoperability, '
2026-06-27 06:55:13.698 9 INFO neutron.db.ovn_revision_numbers_db [req-271d306e-979c-4e2b-ba5b-c33f05e393f7 req-1b0baa9b-c6f1-4264-9f94-7dbb010be3e8 6eee5e0b8360401d9a5b53c79e199d24 81c8187c5ad14f30afa22e1247fda87b - - 48318d4459b543d2ac08e3beed1d1d57 48318d4459b543d2ac08e3beed1d1d57] Successfully bumped revision number for resource f7faeb7b-cad2-4feb-ab9e-f0f97976db8d (type: ports) to 2
2026-06-27 06:55:13.701 10 INFO neutron.wsgi [req-4e8528f3-dc5d-4ec5-aec2-cf700c74b5f6 req-e5f94bb3-2b81-4cdf-a1bb-979565cadb9d 89d21f65aec047779c8b4ab1922b2dde 538d804709fe4e798867af11a07ce20e - - default default] 10.0.0.139 "GET /v2.0/ports?device_id=9d6d8cd8-4297-4b03-9665-f2c199c66f66 HTTP/1.1" status: 200 len: 1168 time: 0.0677693
2026-06-27 06:55:13.778 10 INFO neutron.wsgi [req-4e8528f3-dc5d-4ec5-aec2-cf700c74b5f6 req-deeaa226-fbfb-4131-ab1c-f68862173599 89d21f65aec047779c8b4ab1922b2dde 538d804709fe4e798867af11a07ce20e - - default default] 10.0.0.139 "GET /v2.0/security-groups?id=57494b8c-5a1b-41b9-8a76-10b33f8bfbb7&fields=id&fields=name HTTP/1.1" status: 200 len: 286 time: 0.0699050
2026-06-27 06:55:13.827 9 ERROR neutron_lib.callbacks.manager [None req-43cf081a-e68c-492c-ba2c-929a03a46d77 - - - - - -] Error during notification for neutron.services.ovn_l3.plugin.OVNL3RouterPlugin._port_update-8756693849686 port, after_update: neutron.db.ovn_revision_numbers_db.StandardAttributeIDNotFound: Standard attribute ID not found for cc921d10-3fbc-4d65-9d11-7c34f4ce9ba3
2026-06-27 06:55:13.827 9 ERROR neutron_lib.callbacks.manager
Traceback (most recent call last):
2026-06-27 06:55:13.827 9 ERROR neutron_lib.callbacks.manager
File "/var/lib/openstack/lib/python3.10/site-packages/neutron/db/ovn_revision_numbers_db.py", line 100, in _get_standard_attr_id
2026-06-27 06:55:13.827 9 ERROR neutron_lib.callbacks.manager id=resource_uuid).one()
2026-06-27 06:55:13.827 9 ERROR neutron_lib.callbacks.manager
File "/var/lib/openstack/lib/python3.10/site-packages/sqlalchemy/orm/query.py", line 2869, in one
2026-06-27 06:55:13.827 9 ERROR neutron_lib.callbacks.manager return self._iter().one()
2026-06-27 06:55:13.827 9 ERROR neutron_lib.callbacks.manager
File "/var/lib/openstack/lib/python3.10/site-packages/sqlalchemy/engine/result.py", line 1476, in one
2026-06-27 06:55:13.827 9 ERROR neutron_lib.callbacks.manager return self._only_one_row(
2026-06-27 06:55:13.827 9 ERROR neutron_lib.callbacks.manager
File "/var/lib/openstack/lib/python3.10/site-packages/sqlalchemy/engine/result.py", line 562, in _only_one_row
2026-06-27 06:55:13.827 9 ERROR neutron_lib.callbacks.manager raise exc.NoResultFound(
2026-06-27 06:55:13.827 9 ERROR neutron_lib.callbacks.manager sqlalchemy.exc.NoResultFound: No row was found when one was required
2026-06-27 06:55:13.827 9 ERROR neutron_lib.callbacks.manager
2026-06-27 06:55:13.827 9 ERROR neutron_lib.callbacks.manager During handling of the above exception, another exception occurred:
2026-06-27 06:55:13.827 9 ERROR neutron_lib.callbacks.manager
2026-06-27 06:55:13.827 9 ERROR neutron_lib.callbacks.manager
Traceback (most recent call last):
2026-06-27 06:55:13.827 9 ERROR neutron_lib.callbacks.manager
File "/var/lib/openstack/lib/python3.10/site-packages/neutron_lib/callbacks/manager.py", line 189, in _notify_loop
2026-06-27 06:55:13.827 9 ERROR neutron_lib.callbacks.manager callback.method(resource, event, trigger, payload=payload)
2026-06-27 06:55:13.827 9 ERROR neutron_lib.callbacks.manager
File "/var/lib/openstack/lib/python3.10/site-packages/neutron/services/ovn_l3/plugin.py", line 533, in _port_update
2026-06-27 06:55:13.827 9 ERROR neutron_lib.callbacks.manager l3plugin._ovn_client.update_router_port(context,
2026-06-27 06:55:13.827 9 ERROR neutron_lib.callbacks.manager
File "/var/lib/openstack/lib/python3.10/site-packages/neutron/plugins/ml2/drivers/ovn/mech_driver/ovsdb/ovn_client.py", line 1796, in update_router_port
2026-06-27 06:55:13.827 9 ERROR neutron_lib.callbacks.manager db_rev.bump_revision(
2026-06-27 06:55:13.827 9 ERROR neutron_lib.callbacks.manager
File "/var/lib/openstack/lib/python3.10/site-packages/neutron_lib/db/api.py", line 226, in wrapped
2026-06-27 06:55:13.827 9 ERROR neutron_lib.callbacks.manager return f_with_retry(*args, **kwargs,
2026-06-27 06:55:13.827 9 ERROR neutron_lib.callbacks.manager
File "/var/lib/openstack/lib/python3.10/site-packages/neutron_lib/db/api.py", line 140, in wrapped
2026-06-27 06:55:13.827 9 ERROR neutron_lib.callbacks.manager with excutils.save_and_reraise_exception():
2026-06-27 06:55:13.827 9 ERROR neutron_lib.callbacks.manager
File "/var/lib/openstack/lib/python3.10/site-packages/oslo_utils/excutils.py", line 227, in __exit__
2026-06-27 06:55:13.827 9 ERROR neutron_lib.callbacks.manager self.force_reraise()
2026-06-27 06:55:13.827 9 ERROR neutron_lib.callbacks.manager
File "/var/lib/openstack/lib/python3.10/site-packages/oslo_utils/excutils.py", line 200, in force_reraise
2026-06-27 06:55:13.827 9 ERROR neutron_lib.callbacks.manager raise self.value
2026-06-27 06:55:13.827 9 ERROR neutron_lib.callbacks.manager
File "/var/lib/openstack/lib/python3.10/site-packages/neutron_lib/db/api.py", line 138, in wrapped
2026-06-27 06:55:13.827 9 ERROR neutron_lib.callbacks.manager return f(*args, **kwargs)
2026-06-27 06:55:13.827 9 ERROR neutron_lib.callbacks.manager
File "/var/lib/openstack/lib/python3.10/site-packages/oslo_db/api.py", line 144, in wrapper
2026-06-27 06:55:13.827 9 ERROR neutron_lib.callbacks.manager with excutils.save_and_reraise_exception() as ectxt:
2026-06-27 06:55:13.827 9 ERROR neutron_lib.callbacks.manager
File "/var/lib/openstack/lib/python3.10/site-packages/oslo_utils/excutils.py", line 227, in __exit__
2026-06-27 06:55:13.827 9 ERROR neutron_lib.callbacks.manager self.force_reraise()
2026-06-27 06:55:13.827 9 ERROR neutron_lib.callbacks.manager
File "/var/lib/openstack/lib/python3.10/site-packages/oslo_utils/excutils.py", line 200, in force_reraise
2026-06-27 06:55:13.827 9 ERROR neutron_lib.callbacks.manager raise self.value
2026-06-27 06:55:13.827 9 ERROR neutron_lib.callbacks.manager
File "/var/lib/openstack/lib/python3.10/site-packages/oslo_db/api.py", line 142, in wrapper
2026-06-27 06:55:13.827 9 ERROR neutron_lib.callbacks.manager return f(*args, **kwargs)
2026-06-27 06:55:13.827 9 ERROR neutron_lib.callbacks.manager
File "/var/lib/openstack/lib/python3.10/site-packages/neutron_lib/db/api.py", line 186, in wrapped
2026-06-27 06:55:13.827 9 ERROR neutron_lib.callbacks.manager with excutils.save_and_reraise_exception():
2026-06-27 06:55:13.827 9 ERROR neutron_lib.callbacks.manager
File "/var/lib/openstack/lib/python3.10/site-packages/oslo_utils/excutils.py", line 227, in __exit__
2026-06-27 06:55:13.827 9 ERROR neutron_lib.callbacks.manager self.force_reraise()
2026-06-27 06:55:13.827 9 ERROR neutron_lib.callbacks.manager
File "/var/lib/openstack/lib/python3.10/site-packages/oslo_utils/excutils.py", line 200, in force_reraise
2026-06-27 06:55:13.827 9 ERROR neutron_lib.callbacks.manager raise self.value
2026-06-27 06:55:13.827 9 ERROR neutron_lib.callbacks.manager
File "/var/lib/openstack/lib/python3.10/site-packages/neutron_lib/db/api.py", line 184, in wrapped
2026-06-27 06:55:13.827 9 ERROR neutron_lib.callbacks.manager return f(*dup_args, **dup_kwargs)
2026-06-27 06:55:13.827 9 ERROR neutron_lib.callbacks.manager
File "/var/lib/openstack/lib/python3.10/site-packages/neutron/db/ovn_revision_numbers_db.py", line 186, in bump_revision
2026-06-27 06:55:13.827 9 ERROR neutron_lib.callbacks.manager std_attr_id = _get_standard_attr_id(context, resource['id'],
2026-06-27 06:55:13.827 9 ERROR neutron_lib.callbacks.manager
File "/var/lib/openstack/lib/python3.10/site-packages/neutron/db/ovn_revision_numbers_db.py", line 103, in _get_standard_attr_id
2026-06-27 06:55:13.827 9 ERROR neutron_lib.callbacks.manager raise StandardAttributeIDNotFound(resource_uuid=resource_uuid)
2026-06-27 06:55:13.827 9 ERROR neutron_lib.callbacks.manager neutron.db.ovn_revision_numbers_db.StandardAttributeIDNotFound: Standard attribute ID not found for cc921d10-3fbc-4d65-9d11-7c34f4ce9ba3
2026-06-27 06:55:13.827 9 ERROR neutron_lib.callbacks.manager 
2026-06-27 06:55:13.834 9 ERROR ovsdbapp.backend.ovs_idl.command [None req-43cf081a-e68c-492c-ba2c-929a03a46d77 - - - - - -] Error executing command (LspGetUpCommand): ovsdbapp.backend.ovs_idl.idlutils.RowNotFound: Cannot find Logical_Switch_Port with name=cc921d10-3fbc-4d65-9d11-7c34f4ce9ba3
2026-06-27 06:55:13.834 9 ERROR ovsdbapp.backend.ovs_idl.command
Traceback (most recent call last):
2026-06-27 06:55:13.834 9 ERROR ovsdbapp.backend.ovs_idl.command
File "/var/lib/openstack/lib/python3.10/site-packages/ovsdbapp/backend/ovs_idl/command.py", line 47, in execute
2026-06-27 06:55:13.834 9 ERROR ovsdbapp.backend.ovs_idl.command self.run_idl(None)
2026-06-27 06:55:13.834 9 ERROR ovsdbapp.backend.ovs_idl.command
File "/var/lib/openstack/lib/python3.10/site-packages/ovsdbapp/schema/ovn_northbound/commands.py", line 650, in run_idl
2026-06-27 06:55:13.834 9 ERROR ovsdbapp.backend.ovs_idl.command lsp = self.api.lookup('Logical_Switch_Port', self.port)
2026-06-27 06:55:13.834 9 ERROR ovsdbapp.backend.ovs_idl.command
File "/var/lib/openstack/lib/python3.10/site-packages/ovsdbapp/backend/ovs_idl/__init__.py", line 183, in lookup
2026-06-27 06:55:13.834 9 ERROR ovsdbapp.backend.ovs_idl.command return self._lookup(table, record)
2026-06-27 06:55:13.834 9 ERROR ovsdbapp.backend.ovs_idl.command
File "/var/lib/openstack/lib/python3.10/site-packages/ovsdbapp/backend/ovs_idl/__init__.py", line 234, in _lookup
2026-06-27 06:55:13.834 9 ERROR ovsdbapp.backend.ovs_idl.command row = idlutils.row_by_value(self, rl.table, rl.column, record)
2026-06-27 06:55:13.834 9 ERROR ovsdbapp.backend.ovs_idl.command
File "/var/lib/openstack/lib/python3.10/site-packages/ovsdbapp/backend/ovs_idl/idlutils.py", line 114, in row_by_value
2026-06-27 06:55:13.834 9 ERROR ovsdbapp.backend.ovs_idl.command raise RowNotFound(table=table, col=column, match=match)
2026-06-27 06:55:13.834 9 ERROR ovsdbapp.backend.ovs_idl.command ovsdbapp.backend.ovs_idl.idlutils.RowNotFound: Cannot find Logical_Switch_Port with name=cc921d10-3fbc-4d65-9d11-7c34f4ce9ba3
2026-06-27 06:55:13.834 9 ERROR ovsdbapp.backend.ovs_idl.command 
2026-06-27 06:55:13.839 9 ERROR ovsdbapp.event [None req-43cf081a-e68c-492c-ba2c-929a03a46d77 - - - - - -] Unexpected exception in notify_loop: ovsdbapp.backend.ovs_idl.idlutils.RowNotFound: Cannot find Logical_Switch_Port with name=cc921d10-3fbc-4d65-9d11-7c34f4ce9ba3
2026-06-27 06:55:13.839 9 ERROR ovsdbapp.event
Traceback (most recent call last):
2026-06-27 06:55:13.839 9 ERROR ovsdbapp.event
File "/var/lib/openstack/lib/python3.10/site-packages/ovsdbapp/event.py", line 177, in notify_loop
2026-06-27 06:55:13.839 9 ERROR ovsdbapp.event match.run(event, row, updates)
2026-06-27 06:55:13.839 9 ERROR ovsdbapp.event
File "/var/lib/openstack/lib/python3.10/site-packages/neutron/plugins/ml2/drivers/ovn/mech_driver/ovsdb/ovsdb_monitor.py", line 512, in run
2026-06-27 06:55:13.839 9 ERROR ovsdbapp.event self.driver.set_port_status_up(row.name)
2026-06-27 06:55:13.839 9 ERROR ovsdbapp.event
File "/var/lib/openstack/lib/python3.10/site-packages/neutron/plugins/ml2/drivers/ovn/mech_driver/mech_driver.py", line 1185, in set_port_status_up
2026-06-27 06:55:13.839 9 ERROR ovsdbapp.event self._ovn_client.update_lsp_host_info(admin_context, db_port)
2026-06-27 06:55:13.839 9 ERROR ovsdbapp.event
File "/var/lib/openstack/lib/python3.10/site-packages/neutron/plugins/ml2/drivers/ovn/mech_driver/ovsdb/ovn_client.py", line 297, in update_lsp_host_info
2026-06-27 06:55:13.839 9 ERROR ovsdbapp.event port_up = self._nb_idl.lsp_get_up(db_port.id).execute(
2026-06-27 06:55:13.839 9 ERROR ovsdbapp.event
File "/var/lib/openstack/lib/python3.10/site-packages/ovsdbapp/backend/ovs_idl/command.py", line 47, in execute
2026-06-27 06:55:13.839 9 ERROR ovsdbapp.event self.run_idl(None)
2026-06-27 06:55:13.839 9 ERROR ovsdbapp.event
File "/var/lib/openstack/lib/python3.10/site-packages/ovsdbapp/schema/ovn_northbound/commands.py", line 650, in run_idl
2026-06-27 06:55:13.839 9 ERROR ovsdbapp.event lsp = self.api.lookup('Logical_Switch_Port', self.port)
2026-06-27 06:55:13.839 9 ERROR ovsdbapp.event
File "/var/lib/openstack/lib/python3.10/site-packages/ovsdbapp/backend/ovs_idl/__init__.py", line 183, in lookup
2026-06-27 06:55:13.839 9 ERROR ovsdbapp.event return self._lookup(table, record)
2026-06-27 06:55:13.839 9 ERROR ovsdbapp.event
File "/var/lib/openstack/lib/python3.10/site-packages/ovsdbapp/backend/ovs_idl/__init__.py", line 234, in _lookup
2026-06-27 06:55:13.839 9 ERROR ovsdbapp.event row = idlutils.row_by_value(self, rl.table, rl.column, record)
2026-06-27 06:55:13.839 9 ERROR ovsdbapp.event
File "/var/lib/openstack/lib/python3.10/site-packages/ovsdbapp/backend/ovs_idl/idlutils.py", line 114, in row_by_value
2026-06-27 06:55:13.839 9 ERROR ovsdbapp.event raise RowNotFound(table=table, col=column, match=match)
2026-06-27 06:55:13.839 9 ERROR ovsdbapp.event ovsdbapp.backend.ovs_idl.idlutils.RowNotFound: Cannot find Logical_Switch_Port with name=cc921d10-3fbc-4d65-9d11-7c34f4ce9ba3
2026-06-27 06:55:13.839 9 ERROR ovsdbapp.event 
2026-06-27 06:55:13.836 10 INFO neutron.wsgi [None req-f172d605-9676-471d-bbdd-8a4cb95ecd4a 9bb907ff9c054deca956a36613e0b8c7 8ba7c4e325104d7187cb3a3bb806ea57 - - default default] 10.0.0.164 "PUT /v2.0/routers/2bba6909-2ee4-49ce-8f6b-e47e340ccc4b/remove_router_interface HTTP/1.1" status: 200 len: 503 time: 0.8446069
2026-06-27 06:55:13.841 9 INFO neutron.plugins.ml2.drivers.ovn.mech_driver.mech_driver [None req-43cf081a-e68c-492c-ba2c-929a03a46d77 - - - - - -] OVN reports status down for port: 71dbb08a-c49d-4c80-a6b9-243b1071bd50 /var/lib/openstack/lib/python3.10/site-packages/pycadf/identifier.py:71: UserWarning: Invalid uuid: neutron. To ensure interoperability, identifiers should be a valid uuid. warnings.warn(('Invalid uuid: %s. To ensure interoperability, '
2026-06-27 06:55:14.218 10 INFO neutron.api.v2.resource [None req-e35dccee-9604-45f7-ad7d-1cfe2e427f85 9bb907ff9c054deca956a36613e0b8c7 8ba7c4e325104d7187cb3a3bb806ea57 - - default default] remove_router_interface failed (client error): The resource could not be found.
2026-06-27 06:55:14.219 10 INFO neutron.wsgi [None req-e35dccee-9604-45f7-ad7d-1cfe2e427f85 9bb907ff9c054deca956a36613e0b8c7 8ba7c4e325104d7187cb3a3bb806ea57 - - default default] 10.0.0.164 "PUT /v2.0/routers/2bba6909-2ee4-49ce-8f6b-e47e340ccc4b/remove_router_interface HTTP/1.1" status: 404 len: 398 time: 0.3756580
2026-06-27 06:55:14.254 10 INFO neutron.wsgi [None req-cc33e06b-1293-4f62-b21c-8c56fdb86847 9bb907ff9c054deca956a36613e0b8c7 8ba7c4e325104d7187cb3a3bb806ea57 - - default default] 10.0.0.164 "GET /v2.0/ports?device_id=2bba6909-2ee4-49ce-8f6b-e47e340ccc4b HTTP/1.1" status: 200 len: 205 time: 0.0264738
2026-06-27 06:55:14.538 10 INFO neutron.wsgi [None req-040b1cbe-1c93-49ab-a91b-6d75e4414036 9bb907ff9c054deca956a36613e0b8c7 8ba7c4e325104d7187cb3a3bb806ea57 - - default default] 10.0.0.164 "DELETE /v2.0/routers/2bba6909-2ee4-49ce-8f6b-e47e340ccc4b HTTP/1.1" status: 204 len: 168 time: 0.2776077
2026-06-27 06:55:14.598 9 INFO neutron.db.ovn_revision_numbers_db [req-271d306e-979c-4e2b-ba5b-c33f05e393f7 req-1b0baa9b-c6f1-4264-9f94-7dbb010be3e8 6eee5e0b8360401d9a5b53c79e199d24 81c8187c5ad14f30afa22e1247fda87b - - 48318d4459b543d2ac08e3beed1d1d57 48318d4459b543d2ac08e3beed1d1d57] Successfully bumped revision number for resource f7faeb7b-cad2-4feb-ab9e-f0f97976db8d (type: ports) to 2
2026-06-27 06:55:14.646 9 INFO neutron.wsgi [req-271d306e-979c-4e2b-ba5b-c33f05e393f7 req-1b0baa9b-c6f1-4264-9f94-7dbb010be3e8 6eee5e0b8360401d9a5b53c79e199d24 81c8187c5ad14f30afa22e1247fda87b - - 48318d4459b543d2ac08e3beed1d1d57 48318d4459b543d2ac08e3beed1d1d57] 199.204.45.72 "PUT /v2.0/ports/f7faeb7b-cad2-4feb-ab9e-f0f97976db8d HTTP/1.1" status: 200 len: 1376 time: 2.3858285
2026-06-27 06:55:14.718 9 INFO neutron.notifiers.nova [-] Nova event matching ['req-3bc0c158-9c94-434f-b2ac-bbf01ee49cb4'] response: {'name': 'network-changed', 'server_uuid': '9d6d8cd8-4297-4b03-9665-f2c199c66f66', 'tag': 'f7faeb7b-cad2-4feb-ab9e-f0f97976db8d', 'status': 'completed', 'code': 200} /var/lib/openstack/lib/python3.10/site-packages/pycadf/identifier.py:71: UserWarning: Invalid uuid: neutron. To ensure interoperability, identifiers should be a valid uuid. warnings.warn(('Invalid uuid: %s. To ensure interoperability, '
2026-06-27 06:55:14.773 10 INFO neutron.wsgi [None req-33b2fdfa-7546-44ae-b276-30d991eb8acd 9bb907ff9c054deca956a36613e0b8c7 8ba7c4e325104d7187cb3a3bb806ea57 - - default default] 10.0.0.164 "DELETE /v2.0/subnets/223076f5-d2d0-4c1b-8ff1-b0910c75842c HTTP/1.1" status: 204 len: 168 time: 0.2283435
2026-06-27 06:55:14.773 9 INFO neutron.wsgi [req-271d306e-979c-4e2b-ba5b-c33f05e393f7 req-fa34c929-50d7-48b9-94fb-f636fe0e759e 6eee5e0b8360401d9a5b53c79e199d24 81c8187c5ad14f30afa22e1247fda87b - - 48318d4459b543d2ac08e3beed1d1d57 48318d4459b543d2ac08e3beed1d1d57] 199.204.45.72 "GET /v2.0/ports?tenant_id=538d804709fe4e798867af11a07ce20e&device_id=9d6d8cd8-4297-4b03-9665-f2c199c66f66 HTTP/1.1" status: 200 len: 1407 time: 0.0669851
2026-06-27 06:55:14.829 9 INFO neutron.wsgi [req-271d306e-979c-4e2b-ba5b-c33f05e393f7 req-3d03ed2e-b821-4ae7-bd58-e96f033e3428 6eee5e0b8360401d9a5b53c79e199d24 81c8187c5ad14f30afa22e1247fda87b - - 48318d4459b543d2ac08e3beed1d1d57 48318d4459b543d2ac08e3beed1d1d57] 199.204.45.72 "GET /v2.0/floatingips?fixed_ip_address=10.100.0.8&port_id=f7faeb7b-cad2-4feb-ab9e-f0f97976db8d HTTP/1.1" status: 200 len: 217 time: 0.0415750
2026-06-27 06:55:14.909 9 INFO neutron.wsgi [req-271d306e-979c-4e2b-ba5b-c33f05e393f7 req-2c3cb590-01a5-4efd-8406-f7566c7975bb 6eee5e0b8360401d9a5b53c79e199d24 81c8187c5ad14f30afa22e1247fda87b - - 48318d4459b543d2ac08e3beed1d1d57 48318d4459b543d2ac08e3beed1d1d57] 199.204.45.72 "GET /v2.0/subnets?id=2822a9c9-fbec-4047-833e-7888bf6ab456 HTTP/1.1" status: 200 len: 865 time: 0.0744777
2026-06-27 06:55:14.947 9 INFO neutron.wsgi [req-271d306e-979c-4e2b-ba5b-c33f05e393f7 req-a3a0db5b-36fd-461c-8395-ff2ad8039a88 6eee5e0b8360401d9a5b53c79e199d24 81c8187c5ad14f30afa22e1247fda87b - - 48318d4459b543d2ac08e3beed1d1d57 48318d4459b543d2ac08e3beed1d1d57] 199.204.45.72 "GET /v2.0/ports?network_id=38892e1c-d0bf-45d3-b814-480b3b5d2dcc&device_owner=network%3Adhcp HTTP/1.1" status: 200 len: 210 time: 0.0316331
2026-06-27 06:55:14.950 9 INFO neutron.db.ovn_revision_numbers_db [None req-87a27d6d-9356-43bd-939e-ccb3ca569978 - - - - - -] Successfully bumped revision number for resource 7352aeb2-876a-432d-8670-6cb936e6870b (type: ports) to 1
2026-06-27 06:55:14.979 9 WARNING neutron.scheduler.dhcp_agent_scheduler [None req-752e3c98-e68c-4255-b94e-276f2caa4622 747ff5e0439b4ccc9c1a7272c756d760 9df833ed5b48448aa31d39190560de01 - - default default] No more DHCP agents
2026-06-27 06:55:14.984 9 WARNING neutron.api.rpc.agentnotifiers.dhcp_rpc_agent_api [None req-752e3c98-e68c-4255-b94e-276f2caa4622 747ff5e0439b4ccc9c1a7272c756d760 9df833ed5b48448aa31d39190560de01 - - default default] Unable to schedule network 55924c32-d14a-415b-ae81-ee5fc75bdb71: no agents available; will retry on subsequent port and subnet creation events.
2026-06-27 06:55:15.014 10 INFO neutron.wsgi [req-e8c2e7f8-92a4-4478-bcb6-f7a8d9912b14 req-c22ef305-39d7-4b2e-9802-c1a82ca5164e 89d21f65aec047779c8b4ab1922b2dde 538d804709fe4e798867af11a07ce20e - - default default] 10.0.0.139 "GET /v2.0/ports?device_id=9d6d8cd8-4297-4b03-9665-f2c199c66f66 HTTP/1.1" status: 200 len: 1168 time: 0.1563501
2026-06-27 06:55:15.064 9 INFO neutron.wsgi [req-271d306e-979c-4e2b-ba5b-c33f05e393f7 req-3cc26132-dcb2-4a8e-84c4-2603ca0a8606 6eee5e0b8360401d9a5b53c79e199d24 81c8187c5ad14f30afa22e1247fda87b - - 48318d4459b543d2ac08e3beed1d1d57 48318d4459b543d2ac08e3beed1d1d57] 199.204.45.72 "GET /v2.0/networks/38892e1c-d0bf-45d3-b814-480b3b5d2dcc?fields=segments HTTP/1.1" status: 200 len: 212 time: 0.1062117
2026-06-27 06:55:15.079 10 INFO neutron.wsgi [req-e8c2e7f8-92a4-4478-bcb6-f7a8d9912b14 req-b4fec3f4-2b68-4a9e-a2eb-120d9e333aac 89d21f65aec047779c8b4ab1922b2dde 538d804709fe4e798867af11a07ce20e - - default default] 10.0.0.139 "GET /v2.0/security-groups?id=57494b8c-5a1b-41b9-8a76-10b33f8bfbb7&fields=id&fields=name HTTP/1.1" status: 200 len: 286 time: 0.0560818
2026-06-27 06:55:15.216 9 INFO neutron.wsgi [req-271d306e-979c-4e2b-ba5b-c33f05e393f7 req-f0cafb59-b3ce-4833-85fa-62c6e530bd42 6eee5e0b8360401d9a5b53c79e199d24 81c8187c5ad14f30afa22e1247fda87b - - 48318d4459b543d2ac08e3beed1d1d57 48318d4459b543d2ac08e3beed1d1d57] 199.204.45.72 "GET /v2.0/networks/38892e1c-d0bf-45d3-b814-480b3b5d2dcc?fields=provider%3Aphysical_network&fields=provider%3Anetwork_type HTTP/1.1" status: 200 len: 277 time: 0.1405706
2026-06-27 06:55:15.266 10 INFO neutron.db.ovn_revision_numbers_db [None req-bf20e396-2121-4e60-9de9-fd27c040b3dd 605038c52e9541c2bad9048158457de4 33ba3de76662479c89e6fbbc304c27b1 - - default default] Successfully bumped revision number for resource 91adf933-38ae-4191-abdc-134686ea29f8 (type: security_groups) to 1
2026-06-27 06:55:15.306 10 INFO neutron.services.segments.plugin [-] Segment c79b13d6-21f8-439a-b6e4-9946a95f2c7f resource provider aggregate not found
2026-06-27 06:55:15.311 9 INFO neutron.wsgi [req-01f579d8-1d95-4e45-b921-6b0fb85bcef3 req-67a43aaa-1cc2-4a50-a7a8-6266251ff990 6eee5e0b8360401d9a5b53c79e199d24 81c8187c5ad14f30afa22e1247fda87b - - 48318d4459b543d2ac08e3beed1d1d57 48318d4459b543d2ac08e3beed1d1d57] 199.204.45.72 "GET /v2.0/ports?tenant_id=538d804709fe4e798867af11a07ce20e&device_id=9d6d8cd8-4297-4b03-9665-f2c199c66f66 HTTP/1.1" status: 200 len: 1407 time: 0.0526989
2026-06-27 06:55:15.312 10 INFO neutron.services.segments.plugin [-] Segment c79b13d6-21f8-439a-b6e4-9946a95f2c7f resource provider aggregate not found
2026-06-27 06:55:15.325 10 INFO neutron.db.ovn_revision_numbers_db [None req-bf20e396-2121-4e60-9de9-fd27c040b3dd 605038c52e9541c2bad9048158457de4 33ba3de76662479c89e6fbbc304c27b1 - - default default] Successfully bumped revision number for resource 09f9cd3c-0907-41ba-bfd6-0229bfd17fb5 (type: security_group_rules) to 0
2026-06-27 06:55:15.329 10 INFO neutron.services.segments.plugin [-] Segment c79b13d6-21f8-439a-b6e4-9946a95f2c7f resource provider not found; error: Placement Client Error (4xx): {"errors": [{"status": 404, "title": "Not Found", "detail": "The resource could not be found.\n\n No resource provider with uuid c79b13d6-21f8-439a-b6e4-9946a95f2c7f found for delete ", "request_id": "req-70336726-379d-419a-812d-4dc769691b2c"}]}
2026-06-27 06:55:15.332 10 INFO neutron.services.segments.plugin [-] Segment c79b13d6-21f8-439a-b6e4-9946a95f2c7f resource provider not found; error: Placement Client Error (4xx): {"errors": [{"status": 404, "title": "Not Found", "detail": "The resource could not be found.\n\n No resource provider with uuid c79b13d6-21f8-439a-b6e4-9946a95f2c7f found for delete ", "request_id": "req-f399c9c0-4a45-44e0-a89a-6da76bfc05f6"}]}
2026-06-27 06:55:15.337 9 INFO neutron.db.ovn_revision_numbers_db [None req-752e3c98-e68c-4255-b94e-276f2caa4622 747ff5e0439b4ccc9c1a7272c756d760 9df833ed5b48448aa31d39190560de01 - - default default] Successfully bumped revision number for resource 453b8801-517a-47f9-93ec-846f704eabcc (type: ports) to 1
2026-06-27 06:55:15.347 10 INFO neutron.db.ovn_revision_numbers_db [None req-bf20e396-2121-4e60-9de9-fd27c040b3dd 605038c52e9541c2bad9048158457de4 33ba3de76662479c89e6fbbc304c27b1 - - default default] Successfully bumped revision number for resource 0de10a6c-0fa3-4146-b008-fe6ca7d251d2 (type: security_group_rules) to 0
2026-06-27 06:55:15.364 10 INFO neutron.wsgi [None req-a5451ea4-cb49-4f03-88a1-869d2865fc0c 9bb907ff9c054deca956a36613e0b8c7 8ba7c4e325104d7187cb3a3bb806ea57 - - default default] 10.0.0.164 "DELETE /v2.0/networks/8185f7fc-45ae-40f3-abf1-9a9ecc4e18de HTTP/1.1" status: 204 len: 168 time: 0.5850837
2026-06-27 06:55:15.406 10 INFO neutron.db.ovn_revision_numbers_db [None req-bf20e396-2121-4e60-9de9-fd27c040b3dd 605038c52e9541c2bad9048158457de4 33ba3de76662479c89e6fbbc304c27b1 - - default default] Successfully bumped revision number for resource 1f50c259-de4f-4b41-988f-8ca968f384d5 (type: security_group_rules) to 0
2026-06-27 06:55:15.438 9 INFO neutron.plugins.ml2.drivers.ovn.mech_driver.mech_driver [None req-43cf081a-e68c-492c-ba2c-929a03a46d77 - - - - - -] OVN reports status up for port: f7faeb7b-cad2-4feb-ab9e-f0f97976db8d
2026-06-27 06:55:15.467 10 INFO neutron.db.ovn_revision_numbers_db [None req-bf20e396-2121-4e60-9de9-fd27c040b3dd 605038c52e9541c2bad9048158457de4 33ba3de76662479c89e6fbbc304c27b1 - - default default] Successfully bumped revision number for resource 83e2da23-5b49-4464-9ea5-f9e04a6db866 (type: security_group_rules) to 0
2026-06-27 06:55:15.470 9 INFO neutron.wsgi [req-01f579d8-1d95-4e45-b921-6b0fb85bcef3 req-29211e94-1ee2-4f56-b385-bf5f6c5870b5 6eee5e0b8360401d9a5b53c79e199d24 81c8187c5ad14f30afa22e1247fda87b - - 48318d4459b543d2ac08e3beed1d1d57 48318d4459b543d2ac08e3beed1d1d57] 199.204.45.72 "GET /v2.0/networks?id=38892e1c-d0bf-45d3-b814-480b3b5d2dcc HTTP/1.1" status: 200 len: 970 time: 0.1520772
2026-06-27 06:55:15.488 9 INFO neutron.plugins.ml2.plugin [None req-43cf081a-e68c-492c-ba2c-929a03a46d77 - - - - - -] Attempt 1 to provision port f7faeb7b-cad2-4feb-ab9e-f0f97976db8d
2026-06-27 06:55:15.522 9 INFO neutron.wsgi [req-01f579d8-1d95-4e45-b921-6b0fb85bcef3 req-85df98b5-331f-4f83-a9e6-4c4a94fc403f 6eee5e0b8360401d9a5b53c79e199d24 81c8187c5ad14f30afa22e1247fda87b - - 48318d4459b543d2ac08e3beed1d1d57 48318d4459b543d2ac08e3beed1d1d57] 199.204.45.72 "GET /v2.0/floatingips?fixed_ip_address=10.100.0.8&port_id=f7faeb7b-cad2-4feb-ab9e-f0f97976db8d HTTP/1.1" status: 200 len: 217 time: 0.0433037
2026-06-27 06:55:15.569 10 INFO neutron.db.segments_db [None req-6cc3af85-7158-428e-894d-f0c6f551f160 9bb907ff9c054deca956a36613e0b8c7 8ba7c4e325104d7187cb3a3bb806ea57 - - default default] Added segment ac74ee75-547c-4297-99c8-ca1bf63c7426 of type geneve for network ea79e79c-dc17-43b6-8b1b-9441e6b4613d
2026-06-27 06:55:15.572 9 INFO neutron.db.ovn_revision_numbers_db [None req-87a27d6d-9356-43bd-939e-ccb3ca569978 - - - - - -] Successfully bumped revision number for resource 7352aeb2-876a-432d-8670-6cb936e6870b (type: router_ports) to 3
2026-06-27 06:55:15.586 10 INFO neutron.db.ovn_revision_numbers_db [None req-bf20e396-2121-4e60-9de9-fd27c040b3dd 605038c52e9541c2bad9048158457de4 33ba3de76662479c89e6fbbc304c27b1 - - default default] Successfully bumped revision number for resource c74be93b-c058-49c2-89cb-bb8488a798db (type: security_groups) to 1
2026-06-27 06:55:15.610 9 INFO neutron.wsgi [req-01f579d8-1d95-4e45-b921-6b0fb85bcef3 req-4ca519b1-9a0b-445e-a3de-7e54bbed5d42 6eee5e0b8360401d9a5b53c79e199d24 81c8187c5ad14f30afa22e1247fda87b - - 48318d4459b543d2ac08e3beed1d1d57 48318d4459b543d2ac08e3beed1d1d57] 199.204.45.72 "GET /v2.0/subnets?id=2822a9c9-fbec-4047-833e-7888bf6ab456 HTTP/1.1" status: 200 len: 865 time: 0.0782127
2026-06-27 06:55:15.613 10 INFO neutron.db.ovn_revision_numbers_db [None req-bf20e396-2121-4e60-9de9-fd27c040b3dd 605038c52e9541c2bad9048158457de4 33ba3de76662479c89e6fbbc304c27b1 - - default default] Successfully bumped revision number for resource 6d96bb46-9bc1-495b-b4ba-37ea15efda48 (type: security_group_rules) to 0
2026-06-27 06:55:15.672 10 INFO neutron.db.ovn_revision_numbers_db [None req-bf20e396-2121-4e60-9de9-fd27c040b3dd 605038c52e9541c2bad9048158457de4 33ba3de76662479c89e6fbbc304c27b1 - - default default] Successfully bumped revision number for resource a757972a-19ab-41d6-8589-48f04719c62d (type: security_group_rules) to 0
2026-06-27 06:55:15.676 9 INFO neutron.wsgi [req-01f579d8-1d95-4e45-b921-6b0fb85bcef3 req-67387878-5427-4ccb-90c6-b8fb5119f1a6 6eee5e0b8360401d9a5b53c79e199d24 81c8187c5ad14f30afa22e1247fda87b - - 48318d4459b543d2ac08e3beed1d1d57 48318d4459b543d2ac08e3beed1d1d57] 199.204.45.72 "GET /v2.0/ports?network_id=38892e1c-d0bf-45d3-b814-480b3b5d2dcc&device_owner=network%3Adhcp HTTP/1.1" status: 200 len: 210 time: 0.0563645
2026-06-27 06:55:15.717 10 INFO neutron.wsgi [None req-bf20e396-2121-4e60-9de9-fd27c040b3dd 605038c52e9541c2bad9048158457de4 33ba3de76662479c89e6fbbc304c27b1 - - default default] 10.0.0.164 "POST /v2.0/security-groups HTTP/1.1" status: 201 len: 1761 time: 0.9206462
2026-06-27 06:55:15.829 10 INFO neutron.wsgi [None req-eb7c690e-c1c6-4807-b0a9-9c99e5aa5a88 605038c52e9541c2bad9048158457de4 33ba3de76662479c89e6fbbc304c27b1 - - default default] 10.0.0.164 "GET /v2.0/security-groups HTTP/1.1" status: 200 len: 4539 time: 0.1009886
2026-06-27 06:55:15.858 10 INFO neutron.db.ovn_revision_numbers_db [None req-6cc3af85-7158-428e-894d-f0c6f551f160 9bb907ff9c054deca956a36613e0b8c7 8ba7c4e325104d7187cb3a3bb806ea57 - - default default] Successfully bumped revision number for resource ea79e79c-dc17-43b6-8b1b-9441e6b4613d (type: networks) to 1
2026-06-27 06:55:15.865 9 INFO neutron.wsgi [req-01f579d8-1d95-4e45-b921-6b0fb85bcef3 req-4b0656cc-2b27-42aa-b819-bdf467dbb584 6eee5e0b8360401d9a5b53c79e199d24 81c8187c5ad14f30afa22e1247fda87b - - 48318d4459b543d2ac08e3beed1d1d57 48318d4459b543d2ac08e3beed1d1d57] 199.204.45.72 "GET /v2.0/networks/38892e1c-d0bf-45d3-b814-480b3b5d2dcc?fields=segments HTTP/1.1" status: 200 len: 212 time: 0.1829717
2026-06-27 06:55:15.980 10 INFO neutron.db.ovn_revision_numbers_db [None req-d7effe47-45a2-4643-97c4-539e86b69f13 605038c52e9541c2bad9048158457de4 33ba3de76662479c89e6fbbc304c27b1 - - default default] Successfully bumped revision number for resource c74be93b-c058-49c2-89cb-bb8488a798db (type: security_groups) to 2
2026-06-27 06:55:15.980 9 INFO neutron.db.ovn_revision_numbers_db [None req-87a27d6d-9356-43bd-939e-ccb3ca569978 - - - - - -] Successfully bumped revision number for resource 7352aeb2-876a-432d-8670-6cb936e6870b (type: ports) to 2
2026-06-27 06:55:15.983 10 INFO neutron.wsgi [None req-d7effe47-45a2-4643-97c4-539e86b69f13 605038c52e9541c2bad9048158457de4 33ba3de76662479c89e6fbbc304c27b1 - - default default] 10.0.0.164 "PUT /v2.0/security-groups/c74be93b-c058-49c2-89cb-bb8488a798db HTTP/1.1" status: 200 len: 1793 time: 0.1485782
2026-06-27 06:55:16.004 9 INFO neutron.wsgi [req-01f579d8-1d95-4e45-b921-6b0fb85bcef3 req-d70ea50c-7a50-442f-ac2d-2d10f1a34b03 6eee5e0b8360401d9a5b53c79e199d24 81c8187c5ad14f30afa22e1247fda87b - - 48318d4459b543d2ac08e3beed1d1d57 48318d4459b543d2ac08e3beed1d1d57] 199.204.45.72 "GET /v2.0/networks/38892e1c-d0bf-45d3-b814-480b3b5d2dcc?fields=provider%3Aphysical_network&fields=provider%3Anetwork_type HTTP/1.1" status: 200 len: 277 time: 0.1223881
2026-06-27 06:55:16.043 10 INFO neutron.wsgi [None req-92a6d558-98eb-4f7f-91ca-715adad18a23 605038c52e9541c2bad9048158457de4 33ba3de76662479c89e6fbbc304c27b1 - - default default] 10.0.0.164 "GET /v2.0/security-groups/c74be93b-c058-49c2-89cb-bb8488a798db HTTP/1.1" status: 200 len: 1793 time: 0.0527897
2026-06-27 06:55:16.084 10 WARNING neutron.scheduler.dhcp_agent_scheduler [None req-6cc3af85-7158-428e-894d-f0c6f551f160 9bb907ff9c054deca956a36613e0b8c7 8ba7c4e325104d7187cb3a3bb806ea57 - - default default] No more DHCP agents
2026-06-27 06:55:16.088 10 WARNING neutron.api.rpc.agentnotifiers.dhcp_rpc_agent_api [None req-6cc3af85-7158-428e-894d-f0c6f551f160 9bb907ff9c054deca956a36613e0b8c7 8ba7c4e325104d7187cb3a3bb806ea57 - - default default] Unable to schedule network ea79e79c-dc17-43b6-8b1b-9441e6b4613d: no agents available; will retry on subsequent port and subnet creation events.
2026-06-27 06:55:16.197 10 INFO neutron.wsgi [req-b524426f-5652-4177-924e-63c812d015da req-cd737739-43d5-4e57-ae92-5c393d75d52a 89d21f65aec047779c8b4ab1922b2dde 538d804709fe4e798867af11a07ce20e - - default default] 10.0.0.139 "GET /v2.0/ports?device_id=9d6d8cd8-4297-4b03-9665-f2c199c66f66 HTTP/1.1" status: 200 len: 1170 time: 0.0538456
2026-06-27 06:55:16.202 9 INFO neutron.db.ovn_revision_numbers_db [None req-43cf081a-e68c-492c-ba2c-929a03a46d77 - - - - - -] Successfully bumped revision number for resource f7faeb7b-cad2-4feb-ab9e-f0f97976db8d (type: ports) to 4
2026-06-27 06:55:16.213 10 INFO neutron.db.ovn_revision_numbers_db [None req-6cc3af85-7158-428e-894d-f0c6f551f160 9bb907ff9c054deca956a36613e0b8c7 8ba7c4e325104d7187cb3a3bb806ea57 - - default default] Successfully bumped revision number for resource 5326c981-e928-435e-8f2e-8699d5495f4a (type: ports) to 1
2026-06-27 06:55:16.245 10 INFO neutron.wsgi [None req-6cc3af85-7158-428e-894d-f0c6f551f160 9bb907ff9c054deca956a36613e0b8c7 8ba7c4e325104d7187cb3a3bb806ea57 - - default default] 10.0.0.164 "POST /v2.0/networks HTTP/1.1" status: 201 len: 833 time: 0.8745115
2026-06-27 06:55:16.248 10 INFO neutron.wsgi [req-b524426f-5652-4177-924e-63c812d015da req-07e960d1-7045-41d9-a10b-69595a1692c7 89d21f65aec047779c8b4ab1922b2dde 538d804709fe4e798867af11a07ce20e - - default default] 10.0.0.139 "GET /v2.0/security-groups?id=57494b8c-5a1b-41b9-8a76-10b33f8bfbb7&fields=id&fields=name HTTP/1.1" status: 200 len: 286 time: 0.0454435
2026-06-27 06:55:16.297 10 INFO neutron.wsgi [None req-aae33684-b30c-4ab4-89dc-2e20011f8868 605038c52e9541c2bad9048158457de4 33ba3de76662479c89e6fbbc304c27b1 - - default default] 10.0.0.164 "DELETE /v2.0/security-groups/c74be93b-c058-49c2-89cb-bb8488a798db HTTP/1.1" status: 204 len: 168 time: 0.2458556
2026-06-27 06:55:16.308 10 INFO neutron.plugins.ml2.drivers.ovn.mech_driver.mech_driver [None req-cb51d884-b8cc-45bf-b765-1914a56a47a0 - - - - - -] OVN reports status up for port: 453b8801-517a-47f9-93ec-846f704eabcc
2026-06-27 06:55:16.328 10 INFO neutron.plugins.ml2.plugin [None req-cb51d884-b8cc-45bf-b765-1914a56a47a0 - - - - - -] Attempt 1 to provision port 453b8801-517a-47f9-93ec-846f704eabcc
2026-06-27 06:55:16.369 10 INFO neutron.wsgi [None req-d215fcf5-e189-403b-a39f-0402ba26892b 605038c52e9541c2bad9048158457de4 33ba3de76662479c89e6fbbc304c27b1 - - default default] 10.0.0.164 "GET /v2.0/security-groups HTTP/1.1" status: 200 len: 2996 time: 0.0585952
2026-06-27 06:55:16.406 10 INFO neutron.api.v2.resource [None req-00356f60-1253-4215-8c86-0bcc584ff2bc 605038c52e9541c2bad9048158457de4 33ba3de76662479c89e6fbbc304c27b1 - - default default] delete failed (client error): The resource could not be found.
2026-06-27 06:55:16.407 10 INFO neutron.wsgi [None req-00356f60-1253-4215-8c86-0bcc584ff2bc 605038c52e9541c2bad9048158457de4 33ba3de76662479c89e6fbbc304c27b1 - - default default] 10.0.0.164 "DELETE /v2.0/security-groups/c74be93b-c058-49c2-89cb-bb8488a798db HTTP/1.1" status: 404 len: 347 time: 0.0285501
2026-06-27 06:55:16.601 9 INFO neutron.db.ovn_revision_numbers_db [None req-752e3c98-e68c-4255-b94e-276f2caa4622 747ff5e0439b4ccc9c1a7272c756d760 9df833ed5b48448aa31d39190560de01 - - default default] Successfully bumped revision number for resource 453b8801-517a-47f9-93ec-846f704eabcc (type: router_ports) to 1
2026-06-27 06:55:16.637 10 INFO neutron.db.ovn_revision_numbers_db [None req-6904f620-e142-4b78-8a8e-d93f8f8df849 605038c52e9541c2bad9048158457de4 33ba3de76662479c89e6fbbc304c27b1 - - default default] Successfully bumped revision number for resource e1976cf8-ed98-455b-810e-bef57f13a71b (type: security_groups) to 1
2026-06-27 06:55:16.666 10 WARNING neutron.scheduler.dhcp_agent_scheduler [None req-a983b765-7d2d-4f33-b274-8a7ec0e3c3b9 9bb907ff9c054deca956a36613e0b8c7 8ba7c4e325104d7187cb3a3bb806ea57 - - default default] No more DHCP agents
2026-06-27 06:55:16.667 10 INFO neutron.db.ovn_revision_numbers_db [None req-6904f620-e142-4b78-8a8e-d93f8f8df849 605038c52e9541c2bad9048158457de4 33ba3de76662479c89e6fbbc304c27b1 - - default default] Successfully bumped revision number for resource 931ee25e-6c48-4dd7-9492-e88c2a74e51d (type: security_group_rules) to 0
2026-06-27 06:55:16.667 9 INFO neutron.db.ovn_revision_numbers_db [None req-87a27d6d-9356-43bd-939e-ccb3ca569978 - - - - - -] Successfully bumped revision number for resource 7352aeb2-876a-432d-8670-6cb936e6870b (type: ports) to 4
2026-06-27 06:55:16.671 10 WARNING neutron.api.rpc.agentnotifiers.dhcp_rpc_agent_api [None req-a983b765-7d2d-4f33-b274-8a7ec0e3c3b9 9bb907ff9c054deca956a36613e0b8c7 8ba7c4e325104d7187cb3a3bb806ea57 - - default default] Unable to schedule network ea79e79c-dc17-43b6-8b1b-9441e6b4613d: no agents available; will retry on subsequent port and subnet creation events.
2026-06-27 06:55:16.706 10 INFO neutron.db.ovn_revision_numbers_db [None req-6904f620-e142-4b78-8a8e-d93f8f8df849 605038c52e9541c2bad9048158457de4 33ba3de76662479c89e6fbbc304c27b1 - - default default] Successfully bumped revision number for resource e9d56a16-7bff-41f5-8521-96f161bc9982 (type: security_group_rules) to 0
2026-06-27 06:55:16.733 10 INFO neutron.db.ovn_revision_numbers_db [None req-a983b765-7d2d-4f33-b274-8a7ec0e3c3b9 9bb907ff9c054deca956a36613e0b8c7 8ba7c4e325104d7187cb3a3bb806ea57 - - default default] Successfully bumped revision number for resource 916fe981-a77b-433b-b02b-c60a2a0960aa (type: subnets) to 0
2026-06-27 06:55:16.745 10 INFO neutron.wsgi [None req-6904f620-e142-4b78-8a8e-d93f8f8df849 605038c52e9541c2bad9048158457de4 33ba3de76662479c89e6fbbc304c27b1 - - default default] 10.0.0.164 "POST /v2.0/security-groups HTTP/1.1" status: 201 len: 1761 time: 0.3265247 /var/lib/openstack/lib/python3.10/site-packages/pycadf/identifier.py:71: UserWarning: Invalid uuid: neutron. To ensure interoperability, identifiers should be a valid uuid. warnings.warn(('Invalid uuid: %s. To ensure interoperability, '
2026-06-27 06:55:16.760 10 INFO neutron.wsgi [None req-a983b765-7d2d-4f33-b274-8a7ec0e3c3b9 9bb907ff9c054deca956a36613e0b8c7 8ba7c4e325104d7187cb3a3bb806ea57 - - default default] 10.0.0.164 "POST /v2.0/subnets HTTP/1.1" status: 201 len: 821 time: 0.5079744
2026-06-27 06:55:16.775 9 INFO neutron.notifiers.nova [-] Nova event matching ['req-11b7d3e9-d421-4e0a-9a19-d0ea3d3571f5'] response: {'server_uuid': '9d6d8cd8-4297-4b03-9665-f2c199c66f66', 'name': 'network-vif-plugged', 'status': 'completed', 'tag': 'f7faeb7b-cad2-4feb-ab9e-f0f97976db8d', 'code': 200}
2026-06-27 06:55:16.775 9 INFO neutron.notifiers.nova [-] Nova event matching ['req-11b7d3e9-d421-4e0a-9a19-d0ea3d3571f5'] response: {'server_uuid': '9d6d8cd8-4297-4b03-9665-f2c199c66f66', 'name': 'network-vif-plugged', 'status': 'completed', 'tag': 'f7faeb7b-cad2-4feb-ab9e-f0f97976db8d', 'code': 200}
2026-06-27 06:55:16.804 9 ERROR ovsdbapp.backend.ovs_idl.transaction [None req-752e3c98-e68c-4255-b94e-276f2caa4622 747ff5e0439b4ccc9c1a7272c756d760 9df833ed5b48448aa31d39190560de01 - - default default]
Traceback (most recent call last): File "/var/lib/openstack/lib/python3.10/site-packages/ovsdbapp/backend/ovs_idl/connection.py", line 118, in run txn.results.put(txn.do_commit())
File "/var/lib/openstack/lib/python3.10/site-packages/ovsdbapp/backend/ovs_idl/transaction.py", line 92, in do_commit command.run_idl(txn)
File "/var/lib/openstack/lib/python3.10/site-packages/neutron/plugins/ml2/drivers/ovn/mech_driver/ovsdb/commands.py", line 825, in run_idl raise ovn_exc.RevisionConflict( neutron.common.ovn.exceptions.RevisionConflict: OVN revision number for 453b8801-517a-47f9-93ec-846f704eabcc (type: ports) is higher than the given resource. Skipping update 
2026-06-27 06:55:16.805 9 INFO neutron.plugins.ml2.drivers.ovn.mech_driver.ovsdb.impl_idl_ovn [None req-752e3c98-e68c-4255-b94e-276f2caa4622 747ff5e0439b4ccc9c1a7272c756d760 9df833ed5b48448aa31d39190560de01 - - default default] Transaction aborted. Reason: OVN revision number for 453b8801-517a-47f9-93ec-846f704eabcc (type: ports) is higher than the given resource. Skipping update
2026-06-27 06:55:16.807 10 INFO neutron.db.ovn_revision_numbers_db [None req-cb51d884-b8cc-45bf-b765-1914a56a47a0 - - - - - -] Successfully bumped revision number for resource 453b8801-517a-47f9-93ec-846f704eabcc (type: ports) to 2
2026-06-27 06:55:16.933 9 WARNING neutron.scheduler.dhcp_agent_scheduler [None req-752e3c98-e68c-4255-b94e-276f2caa4622 747ff5e0439b4ccc9c1a7272c756d760 9df833ed5b48448aa31d39190560de01 - - default default] No more DHCP agents
2026-06-27 06:55:16.934 9 WARNING neutron.api.rpc.agentnotifiers.dhcp_rpc_agent_api [None req-752e3c98-e68c-4255-b94e-276f2caa4622 747ff5e0439b4ccc9c1a7272c756d760 9df833ed5b48448aa31d39190560de01 - - default default] Unable to schedule network 55924c32-d14a-415b-ae81-ee5fc75bdb71: no agents available; will retry on subsequent port and subnet creation events.
2026-06-27 06:55:17.020 10 INFO neutron.db.ovn_revision_numbers_db [None req-f3beac62-13e1-4cd7-b4c7-88dcdd7e2571 9bb907ff9c054deca956a36613e0b8c7 8ba7c4e325104d7187cb3a3bb806ea57 - - default default] Successfully bumped revision number for resource b6069966-32bb-458d-9e57-db59dcbe936e (type: routers) to 1
2026-06-27 06:55:17.027 9 INFO neutron.db.ovn_revision_numbers_db [None req-29c82bf9-56c3-45fd-8bc4-782354cc822d 605038c52e9541c2bad9048158457de4 33ba3de76662479c89e6fbbc304c27b1 - - default default] Successfully bumped revision number for resource 611a88da-1e44-4beb-abb3-6105feb830e3 (type: security_group_rules) to 0
2026-06-27 06:55:17.040 10 INFO neutron.db.ovn_revision_numbers_db [None req-cb51d884-b8cc-45bf-b765-1914a56a47a0 - - - - - -] Successfully bumped revision number for resource 453b8801-517a-47f9-93ec-846f704eabcc (type: router_ports) to 2
2026-06-27 06:55:17.047 10 INFO neutron.wsgi [None req-f3beac62-13e1-4cd7-b4c7-88dcdd7e2571 9bb907ff9c054deca956a36613e0b8c7 8ba7c4e325104d7187cb3a3bb806ea57 - - default default] 10.0.0.164 "POST /v2.0/routers HTTP/1.1" status: 201 len: 690 time: 0.2721841
2026-06-27 06:55:17.068 9 INFO neutron.wsgi [None req-29c82bf9-56c3-45fd-8bc4-782354cc822d 605038c52e9541c2bad9048158457de4 33ba3de76662479c89e6fbbc304c27b1 - - default default] 10.0.0.164 "POST /v2.0/security-group-rules HTTP/1.1" status: 201 len: 768 time: 0.3162899
2026-06-27 06:55:17.078 9 INFO neutron.db.ovn_revision_numbers_db [None req-87a27d6d-9356-43bd-939e-ccb3ca569978 - - - - - -] Successfully bumped revision number for resource 7352aeb2-876a-432d-8670-6cb936e6870b (type: router_ports) to 4
2026-06-27 06:55:17.111 10 INFO neutron.wsgi [None req-715665de-d9d3-47c1-a035-84e6a6f37393 605038c52e9541c2bad9048158457de4 33ba3de76662479c89e6fbbc304c27b1 - - default default] 10.0.0.164 "GET /v2.0/security-group-rules/611a88da-1e44-4beb-abb3-6105feb830e3 HTTP/1.1" status: 200 len: 763 time: 0.0318685
2026-06-27 06:55:17.202 9 INFO neutron.wsgi [None req-5e6fc4be-bc07-4071-9a57-6204b30dc6cb 605038c52e9541c2bad9048158457de4 33ba3de76662479c89e6fbbc304c27b1 - - default default] 10.0.0.164 "GET /v2.0/security-group-rules HTTP/1.1" status: 200 len: 4113 time: 0.0648336
2026-06-27 06:55:17.362 10 INFO neutron.wsgi [req-62866869-0833-4ca4-955b-709a3e78ddb0 req-ede29fcb-241e-43cf-8ad5-bf26ab3de703 89d21f65aec047779c8b4ab1922b2dde 538d804709fe4e798867af11a07ce20e - - default default] 10.0.0.139 "GET /v2.0/ports?device_id=9d6d8cd8-4297-4b03-9665-f2c199c66f66 HTTP/1.1" status: 200 len: 1170 time: 0.0420740
2026-06-27 06:55:17.404 9 INFO neutron.wsgi [None req-5b41ee08-6b2b-4758-9f29-7c8913841ebd 605038c52e9541c2bad9048158457de4 33ba3de76662479c89e6fbbc304c27b1 - - default default] 10.0.0.164 "DELETE /v2.0/security-group-rules/611a88da-1e44-4beb-abb3-6105feb830e3 HTTP/1.1" status: 204 len: 168 time: 0.1954775
2026-06-27 06:55:17.436 10 INFO neutron.wsgi [req-62866869-0833-4ca4-955b-709a3e78ddb0 req-d8aacfae-8b93-4e83-8efc-9bee02c4355c 89d21f65aec047779c8b4ab1922b2dde 538d804709fe4e798867af11a07ce20e - - default default] 10.0.0.139 "GET /v2.0/security-groups?id=57494b8c-5a1b-41b9-8a76-10b33f8bfbb7&fields=id&fields=name HTTP/1.1" status: 200 len: 286 time: 0.0640061
