2026-06-27 06:55:40.351 9 INFO neutron.db.ovn_revision_numbers_db [None req-43cf081a-e68c-492c-ba2c-929a03a46d77 - - - - - -] Successfully bumped revision number for resource eb52afe2-053e-4b8b-b99d-08c8fd048426 (type: router_ports) to 2
2026-06-27 06:55:40.386 10 INFO neutron.db.ovn_revision_numbers_db [None req-f88b46f4-a449-4b67-9ebc-b3e2221eab0c 7f213f56f0414a68b73e21fc68fc4e49 59673e1d71004512b1237a0d2816fb9c - - default default] Successfully bumped revision number for resource eb52afe2-053e-4b8b-b99d-08c8fd048426 (type: router_ports) to 2
2026-06-27 06:55:40.389 10 INFO neutron.wsgi [None req-f88b46f4-a449-4b67-9ebc-b3e2221eab0c 7f213f56f0414a68b73e21fc68fc4e49 59673e1d71004512b1237a0d2816fb9c - - default default] 10.0.0.164 "PUT /v2.0/routers/2e926f38-da5d-4692-ab18-4e8f7c33f560/add_router_interface HTTP/1.1" status: 200 len: 503 time: 1.8146927
2026-06-27 06:55:40.446 9 INFO neutron.wsgi [None req-a79bbbaf-cdeb-4578-ac5f-0e5b4019b98b 747ff5e0439b4ccc9c1a7272c756d760 9df833ed5b48448aa31d39190560de01 - - default default] 10.0.0.164 "DELETE /v2.0/security-groups/922b7dc8-eead-43d0-895f-42e9826ce157 HTTP/1.1" status: 204 len: 168 time: 0.2857726
2026-06-27 06:55:40.499 10 INFO neutron.wsgi [None req-55cab957-fd85-4702-8a7c-ea3215787da1 7f213f56f0414a68b73e21fc68fc4e49 59673e1d71004512b1237a0d2816fb9c - - default default] 10.0.0.164 "GET /v2.0/ports/eb52afe2-053e-4b8b-b99d-08c8fd048426 HTTP/1.1" status: 200 len: 1137 time: 0.1041915
2026-06-27 06:55:40.513 10 INFO neutron.db.ovn_revision_numbers_db [None req-aee524e4-072d-4d47-94ad-48124245de82 747ff5e0439b4ccc9c1a7272c756d760 9df833ed5b48448aa31d39190560de01 - - default default] Successfully bumped revision number for resource b662bcc2-1fdc-4320-8095-5b40fd909df7 (type: security_groups) to 1
2026-06-27 06:55:40.553 10 INFO neutron.db.ovn_revision_numbers_db [None req-aee524e4-072d-4d47-94ad-48124245de82 747ff5e0439b4ccc9c1a7272c756d760 9df833ed5b48448aa31d39190560de01 - - default default] Successfully bumped revision number for resource 0571a690-6ca4-4200-affa-3fbd2e84a2bb (type: security_group_rules) to 0
2026-06-27 06:55:40.558 10 INFO neutron.wsgi [None req-79edbd27-d164-4117-a9ea-a1527032e719 7f213f56f0414a68b73e21fc68fc4e49 59673e1d71004512b1237a0d2816fb9c - - default default] 10.0.0.164 "GET /v2.0/ports/eb52afe2-053e-4b8b-b99d-08c8fd048426 HTTP/1.1" status: 200 len: 1137 time: 0.0532858
2026-06-27 06:55:40.579 10 INFO neutron.db.ovn_revision_numbers_db [None req-aee524e4-072d-4d47-94ad-48124245de82 747ff5e0439b4ccc9c1a7272c756d760 9df833ed5b48448aa31d39190560de01 - - default default] Successfully bumped revision number for resource 16397d44-fa95-445e-9430-4748d24f5d9e (type: security_group_rules) to 0
2026-06-27 06:55:40.598 10 INFO neutron.db.ovn_revision_numbers_db [None req-aee524e4-072d-4d47-94ad-48124245de82 747ff5e0439b4ccc9c1a7272c756d760 9df833ed5b48448aa31d39190560de01 - - default default] Successfully bumped revision number for resource 4dddf320-8f38-4eea-a5b6-90be77ee5505 (type: security_group_rules) to 0
2026-06-27 06:55:40.620 10 INFO neutron.db.ovn_revision_numbers_db [None req-aee524e4-072d-4d47-94ad-48124245de82 747ff5e0439b4ccc9c1a7272c756d760 9df833ed5b48448aa31d39190560de01 - - default default] Successfully bumped revision number for resource a9b1eac1-2084-451a-ac48-a497b3cb0827 (type: security_group_rules) to 0
2026-06-27 06:55:40.645 10 INFO neutron.wsgi [None req-aee524e4-072d-4d47-94ad-48124245de82 747ff5e0439b4ccc9c1a7272c756d760 9df833ed5b48448aa31d39190560de01 - - default default] 10.0.0.164 "GET /v2.0/security-groups?tenant_id=93b856bdc89e425fa14ce53c1eda10b4&name=default HTTP/1.1" status: 200 len: 2996 time: 0.3997738
2026-06-27 06:55:40.753 9 INFO neutron.db.ovn_revision_numbers_db [None req-8097bc9a-933a-4bec-913d-735d23c8e8ab 747ff5e0439b4ccc9c1a7272c756d760 9df833ed5b48448aa31d39190560de01 - - default default] Successfully bumped revision number for resource af5940be-5db7-4fcd-8815-d6ae50ffe113 (type: security_groups) to 1
2026-06-27 06:55:40.771 9 INFO neutron.db.ovn_revision_numbers_db [None req-8097bc9a-933a-4bec-913d-735d23c8e8ab 747ff5e0439b4ccc9c1a7272c756d760 9df833ed5b48448aa31d39190560de01 - - default default] Successfully bumped revision number for resource 480ff444-69e1-4fb6-b53b-c07a275c60fb (type: security_group_rules) to 0
2026-06-27 06:55:40.783 9 INFO neutron.db.ovn_revision_numbers_db [None req-8097bc9a-933a-4bec-913d-735d23c8e8ab 747ff5e0439b4ccc9c1a7272c756d760 9df833ed5b48448aa31d39190560de01 - - default default] Successfully bumped revision number for resource cd901694-4c55-41bd-8f69-bac178b3bbcf (type: security_group_rules) to 0
2026-06-27 06:55:40.807 9 INFO neutron.db.ovn_revision_numbers_db [None req-8097bc9a-933a-4bec-913d-735d23c8e8ab 747ff5e0439b4ccc9c1a7272c756d760 9df833ed5b48448aa31d39190560de01 - - default default] Successfully bumped revision number for resource cf4dd2de-4022-4256-a3f3-35db42f32b01 (type: security_group_rules) to 0
2026-06-27 06:55:40.830 9 INFO neutron.db.ovn_revision_numbers_db [None req-8097bc9a-933a-4bec-913d-735d23c8e8ab 747ff5e0439b4ccc9c1a7272c756d760 9df833ed5b48448aa31d39190560de01 - - default default] Successfully bumped revision number for resource d57249c1-7aca-4949-bcc3-54b71aef139d (type: security_group_rules) to 0
2026-06-27 06:55:40.854 9 INFO neutron.wsgi [None req-8097bc9a-933a-4bec-913d-735d23c8e8ab 747ff5e0439b4ccc9c1a7272c756d760 9df833ed5b48448aa31d39190560de01 - - default default] 10.0.0.164 "GET /v2.0/security-groups?tenant_id=c022a965af314d5ca7dc67d2a38d3388&name=default HTTP/1.1" status: 200 len: 2996 time: 0.2610953
2026-06-27 06:55:40.928 10 INFO neutron.wsgi [None req-23d27e5c-b24e-488f-b75c-a2b4b6823510 747ff5e0439b4ccc9c1a7272c756d760 9df833ed5b48448aa31d39190560de01 - - default default] 10.0.0.164 "DELETE /v2.0/security-groups/b662bcc2-1fdc-4320-8095-5b40fd909df7 HTTP/1.1" status: 204 len: 168 time: 0.2764189
2026-06-27 06:55:41.091 10 INFO neutron.wsgi [None req-cb149e21-dd8c-4d75-8ae9-42c77f513c65 747ff5e0439b4ccc9c1a7272c756d760 9df833ed5b48448aa31d39190560de01 - - default default] 10.0.0.164 "DELETE /v2.0/security-groups/af5940be-5db7-4fcd-8815-d6ae50ffe113 HTTP/1.1" status: 204 len: 168 time: 0.2311399
2026-06-27 06:55:41.387 9 INFO neutron.wsgi [None req-cc36f7ef-d86f-45be-9114-02fc030d1c8d 7f213f56f0414a68b73e21fc68fc4e49 59673e1d71004512b1237a0d2816fb9c - - default default] 10.0.0.164 "PUT /v2.0/routers/2e926f38-da5d-4692-ab18-4e8f7c33f560/remove_router_interface HTTP/1.1" status: 200 len: 503 time: 0.8220882 /var/lib/openstack/lib/python3.10/site-packages/pycadf/identifier.py:71: UserWarning: Invalid uuid: neutron. To ensure interoperability, identifiers should be a valid uuid. warnings.warn(('Invalid uuid: %s. To ensure interoperability, '
2026-06-27 06:55:41.436 9 INFO neutron.wsgi [None req-b5a205aa-fb50-4204-8789-195aa592dd02 7f213f56f0414a68b73e21fc68fc4e49 59673e1d71004512b1237a0d2816fb9c - - default default] 10.0.0.164 "GET /v2.0/ports/6a4800ed-17df-4db0-a70a-d9615e9ff02a HTTP/1.1" status: 200 len: 1137 time: 0.0431571
2026-06-27 06:55:42.364 9 INFO neutron.wsgi [None req-bfe533bf-24f3-4bd8-bd02-fbe8de7adc68 7f213f56f0414a68b73e21fc68fc4e49 59673e1d71004512b1237a0d2816fb9c - - default default] 10.0.0.164 "PUT /v2.0/routers/2e926f38-da5d-4692-ab18-4e8f7c33f560/remove_router_interface HTTP/1.1" status: 200 len: 503 time: 0.9230227 /var/lib/openstack/lib/python3.10/site-packages/pycadf/identifier.py:71: UserWarning: Invalid uuid: neutron. To ensure interoperability, identifiers should be a valid uuid. warnings.warn(('Invalid uuid: %s. To ensure interoperability, '
2026-06-27 06:55:42.399 9 INFO neutron.wsgi [None req-84e8f029-ce9a-44cd-96f6-838d08d10bc4 7f213f56f0414a68b73e21fc68fc4e49 59673e1d71004512b1237a0d2816fb9c - - default default] 10.0.0.164 "GET /v2.0/ports?device_id=2e926f38-da5d-4692-ab18-4e8f7c33f560 HTTP/1.1" status: 200 len: 205 time: 0.0257125
2026-06-27 06:55:42.672 9 INFO neutron.wsgi [None req-58dc0fe4-6e39-4a33-8efc-4faeca34c1cb 7f213f56f0414a68b73e21fc68fc4e49 59673e1d71004512b1237a0d2816fb9c - - default default] 10.0.0.164 "DELETE /v2.0/routers/2e926f38-da5d-4692-ab18-4e8f7c33f560 HTTP/1.1" status: 204 len: 168 time: 0.2666161
2026-06-27 06:55:42.925 9 INFO neutron.wsgi [None req-68d5f421-3718-4472-9a4b-61355840fd56 7f213f56f0414a68b73e21fc68fc4e49 59673e1d71004512b1237a0d2816fb9c - - default default] 10.0.0.164 "DELETE /v2.0/subnets/5a33171d-6d1d-4518-8623-76bddd8f00b6 HTTP/1.1" status: 204 len: 168 time: 0.2356732
2026-06-27 06:55:43.030 10 WARNING neutron.plugins.ml2.drivers.ovn.mech_driver.ovsdb.ovn_client [None req-cb51d884-b8cc-45bf-b765-1914a56a47a0 - - - - - -] No port found with ID 6a4800ed-17df-4db0-a70a-d9615e9ff02a: RuntimeError: No port found with ID 6a4800ed-17df-4db0-a70a-d9615e9ff02a
2026-06-27 06:55:43.103 10 INFO neutron.db.ovn_revision_numbers_db [None req-6bd77377-b840-41cf-bbed-0458cfbb0cfb 747ff5e0439b4ccc9c1a7272c756d760 9df833ed5b48448aa31d39190560de01 - - default default] Successfully bumped revision number for resource 0853aa33-e1a0-4e12-b8e2-c8525092852c (type: security_groups) to 1
2026-06-27 06:55:43.128 10 INFO neutron.db.ovn_revision_numbers_db [None req-6bd77377-b840-41cf-bbed-0458cfbb0cfb 747ff5e0439b4ccc9c1a7272c756d760 9df833ed5b48448aa31d39190560de01 - - default default] Successfully bumped revision number for resource 7da905d0-749a-485a-a736-e62a3a74ed59 (type: security_group_rules) to 0
2026-06-27 06:55:43.148 10 INFO neutron.db.ovn_revision_numbers_db [None req-6bd77377-b840-41cf-bbed-0458cfbb0cfb 747ff5e0439b4ccc9c1a7272c756d760 9df833ed5b48448aa31d39190560de01 - - default default] Successfully bumped revision number for resource dd20cb67-afac-4e06-a820-dce8a3060897 (type: security_group_rules) to 0
2026-06-27 06:55:43.162 10 INFO neutron.db.ovn_revision_numbers_db [None req-6bd77377-b840-41cf-bbed-0458cfbb0cfb 747ff5e0439b4ccc9c1a7272c756d760 9df833ed5b48448aa31d39190560de01 - - default default] Successfully bumped revision number for resource e9bdb6f1-06af-489a-983f-ff38d2296701 (type: security_group_rules) to 0
2026-06-27 06:55:43.181 10 INFO neutron.wsgi [None req-92d88a0b-71db-473d-93d4-43b2422af69e 7f213f56f0414a68b73e21fc68fc4e49 59673e1d71004512b1237a0d2816fb9c - - default default] 10.0.0.164 "DELETE /v2.0/subnets/f1388532-78b8-4205-95ab-8602e4943910 HTTP/1.1" status: 204 len: 168 time: 0.2501884
2026-06-27 06:55:43.182 10 INFO neutron.db.ovn_revision_numbers_db [None req-6bd77377-b840-41cf-bbed-0458cfbb0cfb 747ff5e0439b4ccc9c1a7272c756d760 9df833ed5b48448aa31d39190560de01 - - default default] Successfully bumped revision number for resource fee1faf3-ccc1-429e-9570-4ebfc672d63c (type: security_group_rules) to 0
2026-06-27 06:55:43.230 10 INFO neutron.db.segments_db [None req-6bd77377-b840-41cf-bbed-0458cfbb0cfb 747ff5e0439b4ccc9c1a7272c756d760 9df833ed5b48448aa31d39190560de01 - - default default] Added segment 3a1ba1f1-ae6d-412a-8434-09da3ba30b55 of type geneve for network 963dea6a-e74a-4b16-bc0d-9474cd708707
2026-06-27 06:55:43.374 10 INFO neutron.db.ovn_revision_numbers_db [None req-6bd77377-b840-41cf-bbed-0458cfbb0cfb 747ff5e0439b4ccc9c1a7272c756d760 9df833ed5b48448aa31d39190560de01 - - default default] Successfully bumped revision number for resource 963dea6a-e74a-4b16-bc0d-9474cd708707 (type: networks) to 1
2026-06-27 06:55:43.570 10 WARNING neutron.scheduler.dhcp_agent_scheduler [None req-6bd77377-b840-41cf-bbed-0458cfbb0cfb 747ff5e0439b4ccc9c1a7272c756d760 9df833ed5b48448aa31d39190560de01 - - default default] No more DHCP agents
2026-06-27 06:55:43.574 10 WARNING neutron.api.rpc.agentnotifiers.dhcp_rpc_agent_api [None req-6bd77377-b840-41cf-bbed-0458cfbb0cfb 747ff5e0439b4ccc9c1a7272c756d760 9df833ed5b48448aa31d39190560de01 - - default default] Unable to schedule network 963dea6a-e74a-4b16-bc0d-9474cd708707: no agents available; will retry on subsequent port and subnet creation events.
2026-06-27 06:55:43.588 9 INFO neutron.services.segments.plugin [-] Segment c1377338-dbb4-47a9-bbef-e73e6db9f42f resource provider aggregate not found
2026-06-27 06:55:43.605 9 INFO neutron.services.segments.plugin [-] Segment c1377338-dbb4-47a9-bbef-e73e6db9f42f resource provider aggregate not found
2026-06-27 06:55:43.611 9 INFO neutron.services.segments.plugin [-] Segment c1377338-dbb4-47a9-bbef-e73e6db9f42f resource provider not found; error: Placement Client Error (4xx): {"errors": [{"status": 404, "title": "Not Found", "detail": "The resource could not be found.\n\n No resource provider with uuid c1377338-dbb4-47a9-bbef-e73e6db9f42f found for delete ", "request_id": "req-60c03f82-ec05-4647-99ba-1a1ea627797c"}]}
2026-06-27 06:55:43.625 9 INFO neutron.services.segments.plugin [-] Segment c1377338-dbb4-47a9-bbef-e73e6db9f42f resource provider not found; error: Placement Client Error (4xx): {"errors": [{"status": 404, "title": "Not Found", "detail": "The resource could not be found.\n\n No resource provider with uuid c1377338-dbb4-47a9-bbef-e73e6db9f42f found for delete ", "request_id": "req-986fe620-3f6f-453b-bdd6-5474fca6368b"}]}
2026-06-27 06:55:43.660 10 INFO neutron.db.ovn_revision_numbers_db [None req-6bd77377-b840-41cf-bbed-0458cfbb0cfb 747ff5e0439b4ccc9c1a7272c756d760 9df833ed5b48448aa31d39190560de01 - - default default] Successfully bumped revision number for resource aa1045b6-643a-41e3-b4d1-d91691c0cd43 (type: ports) to 1
2026-06-27 06:55:43.680 9 INFO neutron.wsgi [None req-297f4cbe-5960-410e-bd82-a4615cad71aa 7f213f56f0414a68b73e21fc68fc4e49 59673e1d71004512b1237a0d2816fb9c - - default default] 10.0.0.164 "DELETE /v2.0/networks/21d2107f-0f86-425e-a91f-68856861a676 HTTP/1.1" status: 204 len: 168 time: 0.4915745
2026-06-27 06:55:43.682 10 INFO neutron.wsgi [None req-6bd77377-b840-41cf-bbed-0458cfbb0cfb 747ff5e0439b4ccc9c1a7272c756d760 9df833ed5b48448aa31d39190560de01 - - default default] 10.0.0.164 "POST /v2.0/networks HTTP/1.1" status: 201 len: 942 time: 0.9265387
2026-06-27 06:55:43.798 9 INFO neutron.db.ovn_revision_numbers_db [None req-8aa6042a-efe6-472a-afb3-6997ed0bd281 747ff5e0439b4ccc9c1a7272c756d760 9df833ed5b48448aa31d39190560de01 - - default default] Successfully bumped revision number for resource 6403ee1f-317b-4df7-99f9-19f857212482 (type: security_groups) to 1
2026-06-27 06:55:43.811 9 INFO neutron.db.ovn_revision_numbers_db [None req-8aa6042a-efe6-472a-afb3-6997ed0bd281 747ff5e0439b4ccc9c1a7272c756d760 9df833ed5b48448aa31d39190560de01 - - default default] Successfully bumped revision number for resource 63b8e1e7-5413-4367-b15d-79a94d4e02e3 (type: security_group_rules) to 0
2026-06-27 06:55:43.827 9 INFO neutron.db.ovn_revision_numbers_db [None req-8aa6042a-efe6-472a-afb3-6997ed0bd281 747ff5e0439b4ccc9c1a7272c756d760 9df833ed5b48448aa31d39190560de01 - - default default] Successfully bumped revision number for resource 7cdba463-d2e8-40f4-8edc-2af53590c80e (type: security_group_rules) to 0
2026-06-27 06:55:43.844 9 INFO neutron.db.ovn_revision_numbers_db [None req-8aa6042a-efe6-472a-afb3-6997ed0bd281 747ff5e0439b4ccc9c1a7272c756d760 9df833ed5b48448aa31d39190560de01 - - default default] Successfully bumped revision number for resource b35eb3f2-fd80-46f7-a121-cf43621aec45 (type: security_group_rules) to 0
2026-06-27 06:55:43.859 9 INFO neutron.db.ovn_revision_numbers_db [None req-8aa6042a-efe6-472a-afb3-6997ed0bd281 747ff5e0439b4ccc9c1a7272c756d760 9df833ed5b48448aa31d39190560de01 - - default default] Successfully bumped revision number for resource b8c978a8-b24d-4c76-a178-8760496ae472 (type: security_group_rules) to 0
2026-06-27 06:55:43.884 9 INFO neutron.wsgi [None req-8aa6042a-efe6-472a-afb3-6997ed0bd281 747ff5e0439b4ccc9c1a7272c756d760 9df833ed5b48448aa31d39190560de01 - - default default] 10.0.0.164 "GET /v2.0/security-groups?tenant_id=504758831a5a47b7919d6f223b5e6130&name=default HTTP/1.1" status: 200 len: 2996 time: 0.3882415
2026-06-27 06:55:43.922 10 WARNING neutron.scheduler.dhcp_agent_scheduler [None req-fccd226d-1921-44a3-b7f3-6a69352b2f48 747ff5e0439b4ccc9c1a7272c756d760 9df833ed5b48448aa31d39190560de01 - - default default] No more DHCP agents
2026-06-27 06:55:43.925 10 WARNING neutron.api.rpc.agentnotifiers.dhcp_rpc_agent_api [None req-fccd226d-1921-44a3-b7f3-6a69352b2f48 747ff5e0439b4ccc9c1a7272c756d760 9df833ed5b48448aa31d39190560de01 - - default default] Unable to schedule network 963dea6a-e74a-4b16-bc0d-9474cd708707: no agents available; will retry on subsequent port and subnet creation events.
2026-06-27 06:55:44.098 9 INFO neutron.wsgi [None req-571dc986-1924-4969-a608-5192e97f992c 747ff5e0439b4ccc9c1a7272c756d760 9df833ed5b48448aa31d39190560de01 - - default default] 10.0.0.164 "DELETE /v2.0/security-groups/6403ee1f-317b-4df7-99f9-19f857212482 HTTP/1.1" status: 204 len: 168 time: 0.2074597
2026-06-27 06:55:44.222 10 INFO neutron.services.segments.plugin [-] Segment 55d7b68c-7112-491b-b91c-d12dbaa5c4ff resource provider aggregate not found
2026-06-27 06:55:44.234 10 INFO neutron.services.segments.plugin [-] Segment 55d7b68c-7112-491b-b91c-d12dbaa5c4ff resource provider aggregate not found
2026-06-27 06:55:44.257 10 INFO neutron.services.segments.plugin [-] Segment 55d7b68c-7112-491b-b91c-d12dbaa5c4ff resource provider not found; error: Placement Client Error (4xx): {"errors": [{"status": 404, "title": "Not Found", "detail": "The resource could not be found.\n\n No resource provider with uuid 55d7b68c-7112-491b-b91c-d12dbaa5c4ff found for delete ", "request_id": "req-d7a85487-d5ab-4fde-a12b-39a69a5769c3"}]}
2026-06-27 06:55:44.262 10 INFO neutron.services.segments.plugin [-] Segment 55d7b68c-7112-491b-b91c-d12dbaa5c4ff resource provider not found; error: Placement Client Error (4xx): {"errors": [{"status": 404, "title": "Not Found", "detail": "The resource could not be found.\n\n No resource provider with uuid 55d7b68c-7112-491b-b91c-d12dbaa5c4ff found for delete ", "request_id": "req-45e236d6-03dc-470f-957a-994d1f05c179"}]}
2026-06-27 06:55:44.296 10 INFO neutron.wsgi [None req-2f545466-4954-49f1-bb1e-ce331a43463a 7f213f56f0414a68b73e21fc68fc4e49 59673e1d71004512b1237a0d2816fb9c - - default default] 10.0.0.164 "DELETE /v2.0/networks/bfb7e7d7-1501-4586-9384-3505f870ca1d HTTP/1.1" status: 204 len: 168 time: 0.6083331
2026-06-27 06:55:44.437 9 INFO neutron.db.segments_db [None req-453b766b-3589-47dc-a4a0-52fe73dc7e02 7f213f56f0414a68b73e21fc68fc4e49 59673e1d71004512b1237a0d2816fb9c - - default default] Added segment 61553c73-e3ba-4bf6-87aa-428f5caf973f of type geneve for network bc58ed09-39bf-4f1f-ba0f-6fde3480157c
2026-06-27 06:55:44.599 9 INFO neutron.db.ovn_revision_numbers_db [None req-e72b5f4f-0efe-4a22-98b7-91c0241a9ec4 055b980b513345988371afcefac63d50 13a7635585a64366ad56862569c55151 - - default default] Successfully bumped revision number for resource 72db8269-bc57-4ace-af2e-d7713deea87e (type: routers) to 1
2026-06-27 06:55:44.633 9 INFO neutron.wsgi [None req-e72b5f4f-0efe-4a22-98b7-91c0241a9ec4 055b980b513345988371afcefac63d50 13a7635585a64366ad56862569c55151 - - default default] 10.0.0.164 "POST /v2.0/routers HTTP/1.1" status: 201 len: 654 time: 0.4909160
2026-06-27 06:55:44.676 9 INFO neutron.db.ovn_revision_numbers_db [None req-453b766b-3589-47dc-a4a0-52fe73dc7e02 7f213f56f0414a68b73e21fc68fc4e49 59673e1d71004512b1237a0d2816fb9c - - default default] Successfully bumped revision number for resource bc58ed09-39bf-4f1f-ba0f-6fde3480157c (type: networks) to 1
2026-06-27 06:55:44.889 9 INFO neutron.db.ovn_revision_numbers_db [None req-f3f36a16-fc19-4f47-bf10-b38c57f6d295 055b980b513345988371afcefac63d50 13a7635585a64366ad56862569c55151 - - default default] Successfully bumped revision number for resource e18a9f2e-af5d-4d1b-b2d1-b52c4c76e0e0 (type: routers) to 1
2026-06-27 06:55:44.909 9 INFO neutron.wsgi [None req-f3f36a16-fc19-4f47-bf10-b38c57f6d295 055b980b513345988371afcefac63d50 13a7635585a64366ad56862569c55151 - - default default] 10.0.0.164 "POST /v2.0/routers HTTP/1.1" status: 201 len: 654 time: 0.2582574
2026-06-27 06:55:44.992 9 WARNING neutron.scheduler.dhcp_agent_scheduler [None req-453b766b-3589-47dc-a4a0-52fe73dc7e02 7f213f56f0414a68b73e21fc68fc4e49 59673e1d71004512b1237a0d2816fb9c - - default default] No more DHCP agents
2026-06-27 06:55:44.994 9 WARNING neutron.api.rpc.agentnotifiers.dhcp_rpc_agent_api [None req-453b766b-3589-47dc-a4a0-52fe73dc7e02 7f213f56f0414a68b73e21fc68fc4e49 59673e1d71004512b1237a0d2816fb9c - - default default] Unable to schedule network bc58ed09-39bf-4f1f-ba0f-6fde3480157c: no agents available; will retry on subsequent port and subnet creation events.
2026-06-27 06:55:45.009 10 INFO neutron.db.ovn_revision_numbers_db [None req-fccd226d-1921-44a3-b7f3-6a69352b2f48 747ff5e0439b4ccc9c1a7272c756d760 9df833ed5b48448aa31d39190560de01 - - default default] Successfully bumped revision number for resource aa1045b6-643a-41e3-b4d1-d91691c0cd43 (type: ports) to 2
2026-06-27 06:55:45.083 9 INFO neutron.db.ovn_revision_numbers_db [None req-453b766b-3589-47dc-a4a0-52fe73dc7e02 7f213f56f0414a68b73e21fc68fc4e49 59673e1d71004512b1237a0d2816fb9c - - default default] Successfully bumped revision number for resource e7d675f2-90ce-4b47-92e8-f02ab4acd164 (type: ports) to 1
2026-06-27 06:55:45.087 10 INFO neutron.db.ovn_revision_numbers_db [None req-fccd226d-1921-44a3-b7f3-6a69352b2f48 747ff5e0439b4ccc9c1a7272c756d760 9df833ed5b48448aa31d39190560de01 - - default default] Successfully bumped revision number for resource e4545778-a7f5-48ea-86ff-d564f794cd46 (type: subnets) to 0
2026-06-27 06:55:45.108 9 INFO neutron.wsgi [None req-453b766b-3589-47dc-a4a0-52fe73dc7e02 7f213f56f0414a68b73e21fc68fc4e49 59673e1d71004512b1237a0d2816fb9c - - default default] 10.0.0.164 "POST /v2.0/networks HTTP/1.1" status: 201 len: 829 time: 0.8005524
2026-06-27 06:55:45.110 10 INFO neutron.wsgi [None req-fccd226d-1921-44a3-b7f3-6a69352b2f48 747ff5e0439b4ccc9c1a7272c756d760 9df833ed5b48448aa31d39190560de01 - - default default] 10.0.0.164 "POST /v2.0/subnets HTTP/1.1" status: 201 len: 862 time: 1.4234123
2026-06-27 06:55:45.116 10 INFO neutron.db.ovn_revision_numbers_db [None req-654e8cee-c2d3-480b-ae87-735534aec087 055b980b513345988371afcefac63d50 13a7635585a64366ad56862569c55151 - - default default] Successfully bumped revision number for resource cae7640a-56c0-4896-ab23-c6bfd307aafb (type: routers) to 1
2026-06-27 06:55:45.129 10 INFO neutron.wsgi [None req-654e8cee-c2d3-480b-ae87-735534aec087 055b980b513345988371afcefac63d50 13a7635585a64366ad56862569c55151 - - default default] 10.0.0.164 "POST /v2.0/routers HTTP/1.1" status: 201 len: 654 time: 0.2156315
2026-06-27 06:55:45.325 10 INFO neutron.db.ovn_revision_numbers_db [None req-dfa3d7ff-c8c0-4e72-9ac5-2b12ede93f98 055b980b513345988371afcefac63d50 13a7635585a64366ad56862569c55151 - - default default] Successfully bumped revision number for resource cdf76416-b723-443b-aca7-5b2079e985dd (type: routers) to 1
2026-06-27 06:55:45.342 10 INFO neutron.wsgi [None req-dfa3d7ff-c8c0-4e72-9ac5-2b12ede93f98 055b980b513345988371afcefac63d50 13a7635585a64366ad56862569c55151 - - default default] 10.0.0.164 "POST /v2.0/routers HTTP/1.1" status: 201 len: 654 time: 0.2016499
2026-06-27 06:55:45.397 9 WARNING neutron.plugins.ml2.drivers.ovn.mech_driver.ovsdb.ovn_client [None req-43cf081a-e68c-492c-ba2c-929a03a46d77 - - - - - -] No port found with ID eb52afe2-053e-4b8b-b99d-08c8fd048426: RuntimeError: No port found with ID eb52afe2-053e-4b8b-b99d-08c8fd048426
2026-06-27 06:55:45.598 9 WARNING neutron.scheduler.dhcp_agent_scheduler [None req-391a3fda-97d4-4171-af2b-964c218bcfd3 7f213f56f0414a68b73e21fc68fc4e49 59673e1d71004512b1237a0d2816fb9c - - default default] No more DHCP agents
2026-06-27 06:55:45.604 9 WARNING neutron.api.rpc.agentnotifiers.dhcp_rpc_agent_api [None req-391a3fda-97d4-4171-af2b-964c218bcfd3 7f213f56f0414a68b73e21fc68fc4e49 59673e1d71004512b1237a0d2816fb9c - - default default] Unable to schedule network bc58ed09-39bf-4f1f-ba0f-6fde3480157c: no agents available; will retry on subsequent port and subnet creation events.
2026-06-27 06:55:45.679 9 INFO neutron.db.ovn_revision_numbers_db [None req-927877b4-072a-4d04-a55a-08d29ab741f2 055b980b513345988371afcefac63d50 13a7635585a64366ad56862569c55151 - - default default] Successfully bumped revision number for resource 4f050885-09ba-4d47-82fc-014149cfeb96 (type: routers) to 1
2026-06-27 06:55:45.703 9 INFO neutron.wsgi [None req-927877b4-072a-4d04-a55a-08d29ab741f2 055b980b513345988371afcefac63d50 13a7635585a64366ad56862569c55151 - - default default] 10.0.0.164 "POST /v2.0/routers HTTP/1.1" status: 201 len: 654 time: 0.3519022
2026-06-27 06:55:45.772 10 INFO neutron.wsgi [None req-3ee5c604-16d4-4b02-99a1-934c2cc89eaf 055b980b513345988371afcefac63d50 13a7635585a64366ad56862569c55151 - - default default] 10.0.0.164 "PUT /v2.0/routers/72db8269-bc57-4ace-af2e-d7713deea87e/tags HTTP/1.1" status: 200 len: 210 time: 0.0615897
2026-06-27 06:55:45.841 10 INFO neutron.wsgi [None req-bb354411-7390-42c3-aafb-819ee938723c 055b980b513345988371afcefac63d50 13a7635585a64366ad56862569c55151 - - default default] 10.0.0.164 "PUT /v2.0/routers/e18a9f2e-af5d-4d1b-b2d1-b52c4c76e0e0/tags HTTP/1.1" status: 200 len: 218 time: 0.0633221
2026-06-27 06:55:45.911 10 INFO neutron.wsgi [None req-336744e6-333a-4c3a-93fc-4e62af11539b 055b980b513345988371afcefac63d50 13a7635585a64366ad56862569c55151 - - default default] 10.0.0.164 "PUT /v2.0/routers/cae7640a-56c0-4896-ab23-c6bfd307aafb/tags HTTP/1.1" status: 200 len: 227 time: 0.0629504
2026-06-27 06:55:45.930 9 WARNING neutron.scheduler.dhcp_agent_scheduler [None req-fbedbd07-6c7f-4425-b675-a48c436dc24b 747ff5e0439b4ccc9c1a7272c756d760 9df833ed5b48448aa31d39190560de01 - - default default] No more DHCP agents
2026-06-27 06:55:45.934 9 WARNING neutron.api.rpc.agentnotifiers.dhcp_rpc_agent_api [None req-fbedbd07-6c7f-4425-b675-a48c436dc24b 747ff5e0439b4ccc9c1a7272c756d760 9df833ed5b48448aa31d39190560de01 - - default default] Unable to schedule network 3273cced-3b54-431f-b5c2-2dcb744d786d: no agents available; will retry on subsequent port and subnet creation events.
2026-06-27 06:55:45.967 10 INFO neutron.wsgi [None req-34090836-3c53-49d0-aad1-d87b3478b52a 055b980b513345988371afcefac63d50 13a7635585a64366ad56862569c55151 - - default default] 10.0.0.164 "PUT /v2.0/routers/cdf76416-b723-443b-aca7-5b2079e985dd/tags HTTP/1.1" status: 200 len: 212 time: 0.0506532
2026-06-27 06:55:46.045 10 INFO neutron.wsgi [None req-198e2b8d-e0df-447c-a622-c99e33b2402a 055b980b513345988371afcefac63d50 13a7635585a64366ad56862569c55151 - - default default] 10.0.0.164 "GET /v2.0/routers?tags=red HTTP/1.1" status: 200 len: 1601 time: 0.0724525
2026-06-27 06:55:46.118 10 INFO neutron.wsgi [None req-e13e5bcb-4401-4e1d-92b5-dc466fb85116 055b980b513345988371afcefac63d50 13a7635585a64366ad56862569c55151 - - default default] 10.0.0.164 "GET /v2.0/routers?tags=red%2Cblue HTTP/1.1" status: 200 len: 1144 time: 0.0671155
2026-06-27 06:55:46.190 10 INFO neutron.wsgi [None req-4918dfe7-ff8d-413a-bd69-9dac6884c190 055b980b513345988371afcefac63d50 13a7635585a64366ad56862569c55151 - - default default] 10.0.0.164 "GET /v2.0/routers?tags-any=blue HTTP/1.1" status: 200 len: 1144 time: 0.0677383
2026-06-27 06:55:46.248 10 INFO neutron.wsgi [None req-d27c9567-c606-4d38-aca3-30608cfbcef7 055b980b513345988371afcefac63d50 13a7635585a64366ad56862569c55151 - - default default] 10.0.0.164 "GET /v2.0/routers?tags-any=red%2Cblue HTTP/1.1" status: 200 len: 1601 time: 0.0523386
2026-06-27 06:55:46.330 10 INFO neutron.wsgi [None req-f863a349-de6b-4213-896a-3bbf185f8268 055b980b513345988371afcefac63d50 13a7635585a64366ad56862569c55151 - - default default] 10.0.0.164 "GET /v2.0/routers?not-tags=red HTTP/1.1" status: 200 len: 1116 time: 0.0731628
2026-06-27 06:55:46.432 10 INFO neutron.wsgi [None req-acf464d1-9426-43c3-9ecf-6e8a007edf66 055b980b513345988371afcefac63d50 13a7635585a64366ad56862569c55151 - - default default] 10.0.0.164 "GET /v2.0/routers?not-tags=red%2Cblue HTTP/1.1" status: 200 len: 1573 time: 0.0969532
2026-06-27 06:55:46.485 9 INFO neutron.db.ovn_revision_numbers_db [None req-fbedbd07-6c7f-4425-b675-a48c436dc24b 747ff5e0439b4ccc9c1a7272c756d760 9df833ed5b48448aa31d39190560de01 - - default default] Successfully bumped revision number for resource 0f0fd46c-a0a6-4a26-9c4a-ea94bbc1f967 (type: ports) to 1
2026-06-27 06:55:46.551 10 INFO neutron.wsgi [None req-2efedec2-e76b-4bb6-9c16-436f76ea303f 055b980b513345988371afcefac63d50 13a7635585a64366ad56862569c55151 - - default default] 10.0.0.164 "GET /v2.0/routers?not-tags-any=blue HTTP/1.1" status: 200 len: 1573 time: 0.1072712
2026-06-27 06:55:46.611 10 INFO neutron.wsgi [None req-588284bc-ade3-44df-bea8-7ea31226b670 055b980b513345988371afcefac63d50 13a7635585a64366ad56862569c55151 - - default default] 10.0.0.164 "GET /v2.0/routers?not-tags-any=red%2Cblue HTTP/1.1" status: 200 len: 1116 time: 0.0540733
2026-06-27 06:55:46.666 10 INFO neutron.wsgi [None req-6894254a-7af8-43e9-8f78-af3257ac2cfa 055b980b513345988371afcefac63d50 13a7635585a64366ad56862569c55151 - - default default] 10.0.0.164 "GET /v2.0/routers/72db8269-bc57-4ace-af2e-d7713deea87e HTTP/1.1" status: 200 len: 660 time: 0.0489068
2026-06-27 06:55:46.677 9 INFO neutron.db.ovn_revision_numbers_db [None req-391a3fda-97d4-4171-af2b-964c218bcfd3 7f213f56f0414a68b73e21fc68fc4e49 59673e1d71004512b1237a0d2816fb9c - - default default] Successfully bumped revision number for resource e7d675f2-90ce-4b47-92e8-f02ab4acd164 (type: ports) to 2
2026-06-27 06:55:46.727 9 INFO neutron.db.ovn_revision_numbers_db [None req-391a3fda-97d4-4171-af2b-964c218bcfd3 7f213f56f0414a68b73e21fc68fc4e49 59673e1d71004512b1237a0d2816fb9c - - default default] Successfully bumped revision number for resource d4924dc8-8a0a-4716-bedc-71b9409f266f (type: subnets) to 0
2026-06-27 06:55:46.758 9 INFO neutron.wsgi [None req-391a3fda-97d4-4171-af2b-964c218bcfd3 7f213f56f0414a68b73e21fc68fc4e49 59673e1d71004512b1237a0d2816fb9c - - default default] 10.0.0.164 "POST /v2.0/subnets HTTP/1.1" status: 201 len: 801 time: 1.6429751
2026-06-27 06:55:46.957 9 INFO neutron.db.ovn_revision_numbers_db [None req-b01c39d5-2177-4c02-be3d-f1deddbc03b2 7f213f56f0414a68b73e21fc68fc4e49 59673e1d71004512b1237a0d2816fb9c - - default default] Successfully bumped revision number for resource e4f93e78-4931-4e04-a4d6-4f8dbc3f67a8 (type: routers) to 1
2026-06-27 06:55:46.976 9 INFO neutron.wsgi [None req-b01c39d5-2177-4c02-be3d-f1deddbc03b2 7f213f56f0414a68b73e21fc68fc4e49 59673e1d71004512b1237a0d2816fb9c - - default default] 10.0.0.164 "POST /v2.0/routers HTTP/1.1" status: 201 len: 687 time: 0.2127523
2026-06-27 06:55:47.226 9 INFO neutron.plugins.ml2.drivers.ovn.mech_driver.mech_driver [None req-43cf081a-e68c-492c-ba2c-929a03a46d77 - - - - - -] OVN reports status up for port: 0f0fd46c-a0a6-4a26-9c4a-ea94bbc1f967
2026-06-27 06:55:47.248 9 INFO neutron.plugins.ml2.plugin [None req-43cf081a-e68c-492c-ba2c-929a03a46d77 - - - - - -] Attempt 1 to provision port 0f0fd46c-a0a6-4a26-9c4a-ea94bbc1f967
2026-06-27 06:55:47.293 9 INFO neutron.db.ovn_revision_numbers_db [None req-fbedbd07-6c7f-4425-b675-a48c436dc24b 747ff5e0439b4ccc9c1a7272c756d760 9df833ed5b48448aa31d39190560de01 - - default default] Successfully bumped revision number for resource 0f0fd46c-a0a6-4a26-9c4a-ea94bbc1f967 (type: router_ports) to 1
2026-06-27 06:55:47.400 9 INFO neutron.db.ovn_revision_numbers_db [None req-fbedbd07-6c7f-4425-b675-a48c436dc24b 747ff5e0439b4ccc9c1a7272c756d760 9df833ed5b48448aa31d39190560de01 - - default default] Successfully bumped revision number for resource a25bda66-5e15-49fe-8cee-a35ee15b2d30 (type: routers) to 2
2026-06-27 06:55:47.420 9 INFO neutron.wsgi [None req-fbedbd07-6c7f-4425-b675-a48c436dc24b 747ff5e0439b4ccc9c1a7272c756d760 9df833ed5b48448aa31d39190560de01 - - default default] 10.0.0.164 "POST /v2.0/routers HTTP/1.1" status: 201 len: 873 time: 2.3059177 /var/lib/openstack/lib/python3.10/site-packages/pycadf/identifier.py:71: UserWarning: Invalid uuid: neutron. To ensure interoperability, identifiers should be a valid uuid. warnings.warn(('Invalid uuid: %s. To ensure interoperability, '
2026-06-27 06:55:47.464 9 WARNING neutron.scheduler.dhcp_agent_scheduler [None req-20af58bc-dc34-44fd-a3f6-2fbb6cdf6f87 7f213f56f0414a68b73e21fc68fc4e49 59673e1d71004512b1237a0d2816fb9c - - default default] No more DHCP agents
2026-06-27 06:55:47.468 9 WARNING neutron.api.rpc.agentnotifiers.dhcp_rpc_agent_api [None req-20af58bc-dc34-44fd-a3f6-2fbb6cdf6f87 7f213f56f0414a68b73e21fc68fc4e49 59673e1d71004512b1237a0d2816fb9c - - default default] Unable to schedule network bc58ed09-39bf-4f1f-ba0f-6fde3480157c: no agents available; will retry on subsequent port and subnet creation events.
2026-06-27 06:55:47.519 10 INFO neutron.plugins.ml2.drivers.ovn.mech_driver.ovsdb.ovsdb_monitor [None req-5bdcbb57-6e31-4f31-9617-2049e8961655 - - - - - -] Router a25bda66-5e15-49fe-8cee-a35ee15b2d30 is bound to host instance
2026-06-27 06:55:47.594 10 INFO neutron.db.ovn_revision_numbers_db [None req-f1a80f95-9c79-4df2-ad2c-9c1a26afbd3b 055b980b513345988371afcefac63d50 13a7635585a64366ad56862569c55151 - - default default] Successfully bumped revision number for resource 72db8269-bc57-4ace-af2e-d7713deea87e (type: routers) to 2
2026-06-27 06:55:47.598 10 INFO neutron.wsgi [None req-f1a80f95-9c79-4df2-ad2c-9c1a26afbd3b 055b980b513345988371afcefac63d50 13a7635585a64366ad56862569c55151 - - default default] 10.0.0.164 "PUT /v2.0/routers/72db8269-bc57-4ace-af2e-d7713deea87e HTTP/1.1" status: 200 len: 660 time: 0.9277487
2026-06-27 06:55:47.639 10 INFO neutron.wsgi [None req-95239825-eb21-407e-8ce9-b8a7b1d44142 055b980b513345988371afcefac63d50 13a7635585a64366ad56862569c55151 - - default default] 10.0.0.164 "GET /v2.0/ports?device_id=72db8269-bc57-4ace-af2e-d7713deea87e HTTP/1.1" status: 200 len: 205 time: 0.0311561
2026-06-27 06:55:47.694 9 INFO neutron.db.ovn_revision_numbers_db [None req-20af58bc-dc34-44fd-a3f6-2fbb6cdf6f87 7f213f56f0414a68b73e21fc68fc4e49 59673e1d71004512b1237a0d2816fb9c - - default default] Successfully bumped revision number for resource e78965d2-b9b3-4798-9934-b5191d8d6e3b (type: ports) to 1
2026-06-27 06:55:47.741 9 INFO neutron.wsgi [None req-20af58bc-dc34-44fd-a3f6-2fbb6cdf6f87 7f213f56f0414a68b73e21fc68fc4e49 59673e1d71004512b1237a0d2816fb9c - - default default] 10.0.0.164 "POST /v2.0/ports HTTP/1.1" status: 201 len: 1150 time: 0.7596905 /var/lib/openstack/lib/python3.10/site-packages/pycadf/identifier.py:71: UserWarning: Invalid uuid: neutron. To ensure interoperability, identifiers should be a valid uuid. warnings.warn(('Invalid uuid: %s. To ensure interoperability, '
2026-06-27 06:55:47.962 10 INFO neutron.wsgi [None req-1d6a5868-6a54-4d83-809a-c7ab7419e96f 055b980b513345988371afcefac63d50 13a7635585a64366ad56862569c55151 - - default default] 10.0.0.164 "DELETE /v2.0/routers/72db8269-bc57-4ace-af2e-d7713deea87e HTTP/1.1" status: 204 len: 168 time: 0.3164210
2026-06-27 06:55:48.275 9 INFO neutron.wsgi [None req-a9eecaf8-7561-4692-a2ff-f0dfff652eb6 055b980b513345988371afcefac63d50 13a7635585a64366ad56862569c55151 - - default default] 10.0.0.164 "GET /v2.0/routers/e18a9f2e-af5d-4d1b-b2d1-b52c4c76e0e0 HTTP/1.1" status: 200 len: 668 time: 0.3058448
2026-06-27 06:55:48.348 10 INFO neutron.db.ovn_revision_numbers_db [None req-5bdcbb57-6e31-4f31-9617-2049e8961655 - - - - - -] Successfully bumped revision number for resource 0f0fd46c-a0a6-4a26-9c4a-ea94bbc1f967 (type: ports) to 1
2026-06-27 06:55:48.396 9 WARNING neutron.scheduler.dhcp_agent_scheduler [None req-93c6d412-9ef2-45f3-997f-ed2534346f4a 747ff5e0439b4ccc9c1a7272c756d760 9df833ed5b48448aa31d39190560de01 - - default default] No more DHCP agents
2026-06-27 06:55:48.412 9 WARNING neutron.api.rpc.agentnotifiers.dhcp_rpc_agent_api [None req-93c6d412-9ef2-45f3-997f-ed2534346f4a 747ff5e0439b4ccc9c1a7272c756d760 9df833ed5b48448aa31d39190560de01 - - default default] Unable to schedule network 963dea6a-e74a-4b16-bc0d-9474cd708707: no agents available; will retry on subsequent port and subnet creation events.
2026-06-27 06:55:48.661 10 INFO neutron.db.ovn_revision_numbers_db [None req-5bdcbb57-6e31-4f31-9617-2049e8961655 - - - - - -] Successfully bumped revision number for resource 0f0fd46c-a0a6-4a26-9c4a-ea94bbc1f967 (type: router_ports) to 3
2026-06-27 06:55:48.863 10 INFO neutron.db.ovn_revision_numbers_db [None req-5bdcbb57-6e31-4f31-9617-2049e8961655 - - - - - -] Successfully bumped revision number for resource 0f0fd46c-a0a6-4a26-9c4a-ea94bbc1f967 (type: ports) to 2
2026-06-27 06:55:48.892 9 INFO neutron.db.ovn_revision_numbers_db [None req-93c6d412-9ef2-45f3-997f-ed2534346f4a 747ff5e0439b4ccc9c1a7272c756d760 9df833ed5b48448aa31d39190560de01 - - default default] Successfully bumped revision number for resource 1010cf8f-d719-4fac-8fea-e266320a51b5 (type: ports) to 1
2026-06-27 06:55:48.939 9 INFO neutron.db.ovn_revision_numbers_db [None req-b219f99a-cf09-4b77-bb7b-3f6eb8cee664 7f213f56f0414a68b73e21fc68fc4e49 59673e1d71004512b1237a0d2816fb9c - - default default] Successfully bumped revision number for resource e78965d2-b9b3-4798-9934-b5191d8d6e3b (type: router_ports) to 2
2026-06-27 06:55:49.045 9 INFO neutron.db.ovn_revision_numbers_db [None req-ef8901f9-9c74-47d3-8467-2016f339f696 055b980b513345988371afcefac63d50 13a7635585a64366ad56862569c55151 - - default default] Successfully bumped revision number for resource e18a9f2e-af5d-4d1b-b2d1-b52c4c76e0e0 (type: routers) to 2
2026-06-27 06:55:49.048 9 INFO neutron.wsgi [None req-ef8901f9-9c74-47d3-8467-2016f339f696 055b980b513345988371afcefac63d50 13a7635585a64366ad56862569c55151 - - default default] 10.0.0.164 "PUT /v2.0/routers/e18a9f2e-af5d-4d1b-b2d1-b52c4c76e0e0 HTTP/1.1" status: 200 len: 668 time: 0.7675674 /var/lib/openstack/lib/python3.10/site-packages/pycadf/identifier.py:71: UserWarning: Invalid uuid: neutron. To ensure interoperability, identifiers should be a valid uuid. warnings.warn(('Invalid uuid: %s. To ensure interoperability, '
2026-06-27 06:55:49.084 9 INFO neutron.wsgi [None req-e0507f24-c397-472d-bff9-31658991bde7 055b980b513345988371afcefac63d50 13a7635585a64366ad56862569c55151 - - default default] 10.0.0.164 "GET /v2.0/ports?device_id=e18a9f2e-af5d-4d1b-b2d1-b52c4c76e0e0 HTTP/1.1" status: 200 len: 205 time: 0.0256102
2026-06-27 06:55:49.126 10 INFO neutron.db.ovn_revision_numbers_db [None req-5bdcbb57-6e31-4f31-9617-2049e8961655 - - - - - -] Successfully bumped revision number for resource 0f0fd46c-a0a6-4a26-9c4a-ea94bbc1f967 (type: ports) to 4
2026-06-27 06:55:49.382 9 INFO neutron.db.ovn_revision_numbers_db [None req-b219f99a-cf09-4b77-bb7b-3f6eb8cee664 7f213f56f0414a68b73e21fc68fc4e49 59673e1d71004512b1237a0d2816fb9c - - default default] Successfully bumped revision number for resource e78965d2-b9b3-4798-9934-b5191d8d6e3b (type: ports) to 2
2026-06-27 06:55:49.392 9 INFO neutron.wsgi [None req-7f3c0158-701f-4b68-8f3f-49a8f6dd2750 055b980b513345988371afcefac63d50 13a7635585a64366ad56862569c55151 - - default default] 10.0.0.164 "DELETE /v2.0/routers/e18a9f2e-af5d-4d1b-b2d1-b52c4c76e0e0 HTTP/1.1" status: 204 len: 168 time: 0.3016837
2026-06-27 06:55:49.435 10 INFO neutron.db.ovn_revision_numbers_db [None req-5bdcbb57-6e31-4f31-9617-2049e8961655 - - - - - -] Successfully bumped revision number for resource 0f0fd46c-a0a6-4a26-9c4a-ea94bbc1f967 (type: router_ports) to 4
2026-06-27 06:55:49.545 10 INFO neutron.db.ovn_revision_numbers_db [None req-b05452f1-cfa3-411f-ac76-8745a9a1380c 747ff5e0439b4ccc9c1a7272c756d760 9df833ed5b48448aa31d39190560de01 - - default default] Successfully bumped revision number for resource 324e6712-650e-4711-a1c9-a18db6f34977 (type: security_groups) to 1
2026-06-27 06:55:49.561 10 INFO neutron.db.ovn_revision_numbers_db [None req-b05452f1-cfa3-411f-ac76-8745a9a1380c 747ff5e0439b4ccc9c1a7272c756d760 9df833ed5b48448aa31d39190560de01 - - default default] Successfully bumped revision number for resource 30a47611-93b9-448b-9739-94ff1afcc65b (type: security_group_rules) to 0
2026-06-27 06:55:49.579 10 INFO neutron.db.ovn_revision_numbers_db [None req-b05452f1-cfa3-411f-ac76-8745a9a1380c 747ff5e0439b4ccc9c1a7272c756d760 9df833ed5b48448aa31d39190560de01 - - default default] Successfully bumped revision number for resource 45fd19aa-4b49-47eb-b9c8-3b83c7751b93 (type: security_group_rules) to 0
2026-06-27 06:55:49.599 10 INFO neutron.db.ovn_revision_numbers_db [None req-b05452f1-cfa3-411f-ac76-8745a9a1380c 747ff5e0439b4ccc9c1a7272c756d760 9df833ed5b48448aa31d39190560de01 - - default default] Successfully bumped revision number for resource 9132c393-1125-43c9-beff-77de59c4457f (type: security_group_rules) to 0
2026-06-27 06:55:49.623 10 INFO neutron.db.ovn_revision_numbers_db [None req-b05452f1-cfa3-411f-ac76-8745a9a1380c 747ff5e0439b4ccc9c1a7272c756d760 9df833ed5b48448aa31d39190560de01 - - default default] Successfully bumped revision number for resource 91688de8-1b40-4dc0-91b1-709a8245572b (type: security_group_rules) to 0
2026-06-27 06:55:49.656 10 INFO neutron.wsgi [None req-b05452f1-cfa3-411f-ac76-8745a9a1380c 747ff5e0439b4ccc9c1a7272c756d760 9df833ed5b48448aa31d39190560de01 - - default default] 10.0.0.164 "GET /v2.0/security-groups?tenant_id=081fbe197a3c4ad9951e5286d8522ad7&name=default HTTP/1.1" status: 200 len: 2996 time: 0.4553845
2026-06-27 06:55:49.741 9 INFO neutron.wsgi [None req-71cf0a84-9e30-4d11-9e51-7ffbcc4f207d 055b980b513345988371afcefac63d50 13a7635585a64366ad56862569c55151 - - default default] 10.0.0.164 "GET /v2.0/routers/cae7640a-56c0-4896-ab23-c6bfd307aafb HTTP/1.1" status: 200 len: 677 time: 0.3330784
2026-06-27 06:55:49.954 10 INFO neutron.plugins.ml2.drivers.ovn.mech_driver.mech_driver [None req-cb51d884-b8cc-45bf-b765-1914a56a47a0 - - - - - -] OVN reports status up for port: 1010cf8f-d719-4fac-8fea-e266320a51b5
2026-06-27 06:55:50.004 9 INFO neutron.db.ovn_revision_numbers_db [None req-93c6d412-9ef2-45f3-997f-ed2534346f4a 747ff5e0439b4ccc9c1a7272c756d760 9df833ed5b48448aa31d39190560de01 - - default default] Successfully bumped revision number for resource 1010cf8f-d719-4fac-8fea-e266320a51b5 (type: router_ports) to 1
2026-06-27 06:55:50.168 10 INFO neutron.plugins.ml2.plugin [None req-cb51d884-b8cc-45bf-b765-1914a56a47a0 - - - - - -] Attempt 1 to provision port 1010cf8f-d719-4fac-8fea-e266320a51b5
2026-06-27 06:55:50.224 9 INFO neutron.db.ovn_revision_numbers_db [None req-93c6d412-9ef2-45f3-997f-ed2534346f4a 747ff5e0439b4ccc9c1a7272c756d760 9df833ed5b48448aa31d39190560de01 - - default default] Successfully bumped revision number for resource 1010cf8f-d719-4fac-8fea-e266320a51b5 (type: ports) to 1
2026-06-27 06:55:50.287 9 INFO neutron.db.ovn_revision_numbers_db [None req-b219f99a-cf09-4b77-bb7b-3f6eb8cee664 7f213f56f0414a68b73e21fc68fc4e49 59673e1d71004512b1237a0d2816fb9c - - default default] Successfully bumped revision number for resource e78965d2-b9b3-4798-9934-b5191d8d6e3b (type: router_ports) to 2
2026-06-27 06:55:50.288 10 INFO neutron.wsgi [None req-9a0d11d7-a755-41b5-8d90-33ffc839d499 747ff5e0439b4ccc9c1a7272c756d760 9df833ed5b48448aa31d39190560de01 - - default default] 10.0.0.164 "DELETE /v2.0/security-groups/324e6712-650e-4711-a1c9-a18db6f34977 HTTP/1.1" status: 204 len: 168 time: 0.6287158
2026-06-27 06:55:50.310 9 INFO neutron.plugins.ml2.drivers.ovn.mech_driver.mech_driver [None req-43cf081a-e68c-492c-ba2c-929a03a46d77 - - - - - -] OVN reports status up for port: e78965d2-b9b3-4798-9934-b5191d8d6e3b
2026-06-27 06:55:50.326 9 INFO neutron.plugins.ml2.plugin [None req-43cf081a-e68c-492c-ba2c-929a03a46d77 - - - - - -] Attempt 1 to provision port e78965d2-b9b3-4798-9934-b5191d8d6e3b
2026-06-27 06:55:50.351 9 WARNING neutron.scheduler.dhcp_agent_scheduler [None req-93c6d412-9ef2-45f3-997f-ed2534346f4a 747ff5e0439b4ccc9c1a7272c756d760 9df833ed5b48448aa31d39190560de01 - - default default] No more DHCP agents
2026-06-27 06:55:50.354 9 WARNING neutron.api.rpc.agentnotifiers.dhcp_rpc_agent_api [None req-93c6d412-9ef2-45f3-997f-ed2534346f4a 747ff5e0439b4ccc9c1a7272c756d760 9df833ed5b48448aa31d39190560de01 - - default default] Unable to schedule network 963dea6a-e74a-4b16-bc0d-9474cd708707: no agents available; will retry on subsequent port and subnet creation events.
2026-06-27 06:55:50.464 10 INFO neutron.db.ovn_revision_numbers_db [None req-ec91211e-cc6e-4475-b3e3-ada6e57dbcf5 055b980b513345988371afcefac63d50 13a7635585a64366ad56862569c55151 - - default default] Successfully bumped revision number for resource cae7640a-56c0-4896-ab23-c6bfd307aafb (type: routers) to 2
2026-06-27 06:55:50.468 10 INFO neutron.wsgi [None req-ec91211e-cc6e-4475-b3e3-ada6e57dbcf5 055b980b513345988371afcefac63d50 13a7635585a64366ad56862569c55151 - - default default] 10.0.0.164 "PUT /v2.0/routers/cae7640a-56c0-4896-ab23-c6bfd307aafb HTTP/1.1" status: 200 len: 677 time: 0.7207038 /var/lib/openstack/lib/python3.10/site-packages/pycadf/identifier.py:71: UserWarning: Invalid uuid: neutron. To ensure interoperability, identifiers should be a valid uuid. warnings.warn(('Invalid uuid: %s. To ensure interoperability, '
2026-06-27 06:55:50.512 9 INFO neutron.wsgi [None req-17ab580f-c276-4049-ac83-457778a7ce1b 055b980b513345988371afcefac63d50 13a7635585a64366ad56862569c55151 - - default default] 10.0.0.164 "GET /v2.0/ports?device_id=cae7640a-56c0-4896-ab23-c6bfd307aafb HTTP/1.1" status: 200 len: 205 time: 0.0375950
2026-06-27 06:55:50.626 9 INFO neutron.db.ovn_revision_numbers_db [None req-b219f99a-cf09-4b77-bb7b-3f6eb8cee664 7f213f56f0414a68b73e21fc68fc4e49 59673e1d71004512b1237a0d2816fb9c - - default default] Successfully bumped revision number for resource e78965d2-b9b3-4798-9934-b5191d8d6e3b (type: ports) to 2
2026-06-27 06:55:50.736 10 INFO neutron.db.ovn_revision_numbers_db [None req-cb51d884-b8cc-45bf-b765-1914a56a47a0 - - - - - -] Successfully bumped revision number for resource 1010cf8f-d719-4fac-8fea-e266320a51b5 (type: ports) to 2
2026-06-27 06:55:50.791 9 WARNING neutron.scheduler.dhcp_agent_scheduler [None req-b219f99a-cf09-4b77-bb7b-3f6eb8cee664 7f213f56f0414a68b73e21fc68fc4e49 59673e1d71004512b1237a0d2816fb9c - - default default] No more DHCP agents
2026-06-27 06:55:50.796 10 INFO neutron.wsgi [None req-ee679494-d46b-450a-8b2b-7aa20036e858 055b980b513345988371afcefac63d50 13a7635585a64366ad56862569c55151 - - default default] 10.0.0.164 "DELETE /v2.0/routers/cae7640a-56c0-4896-ab23-c6bfd307aafb HTTP/1.1" status: 204 len: 168 time: 0.2742298
2026-06-27 06:55:50.804 9 WARNING neutron.api.rpc.agentnotifiers.dhcp_rpc_agent_api [None req-b219f99a-cf09-4b77-bb7b-3f6eb8cee664 7f213f56f0414a68b73e21fc68fc4e49 59673e1d71004512b1237a0d2816fb9c - - default default] Unable to schedule network bc58ed09-39bf-4f1f-ba0f-6fde3480157c: no agents available; will retry on subsequent port and subnet creation events.
2026-06-27 06:55:50.852 10 INFO neutron.wsgi [None req-9e8f2d96-f04e-497d-895f-9aa6bb4f9974 055b980b513345988371afcefac63d50 13a7635585a64366ad56862569c55151 - - default default] 10.0.0.164 "GET /v2.0/routers/cdf76416-b723-443b-aca7-5b2079e985dd HTTP/1.1" status: 200 len: 662 time: 0.0506282
2026-06-27 06:55:50.946 10 INFO neutron.db.ovn_revision_numbers_db [None req-cb51d884-b8cc-45bf-b765-1914a56a47a0 - - - - - -] Successfully bumped revision number for resource 1010cf8f-d719-4fac-8fea-e266320a51b5 (type: router_ports) to 2
2026-06-27 06:55:50.951 9 INFO neutron.db.ovn_revision_numbers_db [None req-43cf081a-e68c-492c-ba2c-929a03a46d77 - - - - - -] Successfully bumped revision number for resource e78965d2-b9b3-4798-9934-b5191d8d6e3b (type: ports) to 3
2026-06-27 06:55:51.159 9 INFO neutron.db.ovn_revision_numbers_db [None req-93c6d412-9ef2-45f3-997f-ed2534346f4a 747ff5e0439b4ccc9c1a7272c756d760 9df833ed5b48448aa31d39190560de01 - - default default] Successfully bumped revision number for resource 1010cf8f-d719-4fac-8fea-e266320a51b5 (type: router_ports) to 2
2026-06-27 06:55:51.162 9 INFO neutron.wsgi [None req-93c6d412-9ef2-45f3-997f-ed2534346f4a 747ff5e0439b4ccc9c1a7272c756d760 9df833ed5b48448aa31d39190560de01 - - default default] 10.0.0.164 "PUT /v2.0/routers/a25bda66-5e15-49fe-8cee-a35ee15b2d30/add_router_interface HTTP/1.1" status: 200 len: 503 time: 3.7312176
2026-06-27 06:55:51.166 9 INFO neutron.db.ovn_revision_numbers_db [None req-b219f99a-cf09-4b77-bb7b-3f6eb8cee664 7f213f56f0414a68b73e21fc68fc4e49 59673e1d71004512b1237a0d2816fb9c - - default default] Successfully bumped revision number for resource e78965d2-b9b3-4798-9934-b5191d8d6e3b (type: router_ports) to 3
2026-06-27 06:55:51.170 9 INFO neutron.wsgi [None req-b219f99a-cf09-4b77-bb7b-3f6eb8cee664 7f213f56f0414a68b73e21fc68fc4e49 59673e1d71004512b1237a0d2816fb9c - - default default] 10.0.0.164 "PUT /v2.0/routers/e4f93e78-4931-4e04-a4d6-4f8dbc3f67a8/add_router_interface HTTP/1.1" status: 200 len: 503 time: 3.4226100 /var/lib/openstack/lib/python3.10/site-packages/pycadf/identifier.py:71: UserWarning: Invalid uuid: neutron. To ensure interoperability, identifiers should be a valid uuid. warnings.warn(('Invalid uuid: %s. To ensure interoperability, '
2026-06-27 06:55:51.279 9 INFO neutron.wsgi [None req-d785cc15-b3c5-4195-9da0-c2d3ae23d32b 7f213f56f0414a68b73e21fc68fc4e49 59673e1d71004512b1237a0d2816fb9c - - default default] 10.0.0.164 "GET /v2.0/ports/e78965d2-b9b3-4798-9934-b5191d8d6e3b HTTP/1.1" status: 200 len: 1208 time: 0.1009228
2026-06-27 06:55:51.316 10 INFO neutron.db.ovn_revision_numbers_db [None req-4b1e1b71-3954-4bdd-b5c3-9ba69f7fe2c0 055b980b513345988371afcefac63d50 13a7635585a64366ad56862569c55151 - - default default] Successfully bumped revision number for resource cdf76416-b723-443b-aca7-5b2079e985dd (type: routers) to 2
2026-06-27 06:55:51.320 10 INFO neutron.wsgi [None req-4b1e1b71-3954-4bdd-b5c3-9ba69f7fe2c0 055b980b513345988371afcefac63d50 13a7635585a64366ad56862569c55151 - - default default] 10.0.0.164 "PUT /v2.0/routers/cdf76416-b723-443b-aca7-5b2079e985dd HTTP/1.1" status: 200 len: 662 time: 0.4621677
