2026-06-27 06:20:09.670 10 INFO neutron.wsgi [-] 10.0.0.23 "GET / HTTP/1.1" status: 200 len: 246 time: 0.0018027
2026-06-27 06:20:09.672 10 INFO neutron.wsgi [-] 10.0.0.23 "GET / HTTP/1.1" status: 200 len: 246 time: 0.0012579
2026-06-27 06:20:24.672 9 INFO neutron.wsgi [-] 10.0.0.23 "GET / HTTP/1.1" status: 200 len: 246 time: 0.0045340
2026-06-27 06:20:24.673 10 INFO neutron.wsgi [-] 10.0.0.23 "GET / HTTP/1.1" status: 200 len: 246 time: 0.0048969
2026-06-27 06:20:39.670 9 INFO neutron.wsgi [-] 10.0.0.23 "GET / HTTP/1.1" status: 200 len: 246 time: 0.0035880
2026-06-27 06:20:39.670 10 INFO neutron.wsgi [-] 10.0.0.23 "GET / HTTP/1.1" status: 200 len: 246 time: 0.0035503
2026-06-27 06:20:54.670 9 INFO neutron.wsgi [-] 10.0.0.23 "GET / HTTP/1.1" status: 200 len: 246 time: 0.0020351
2026-06-27 06:20:54.672 9 INFO neutron.wsgi [-] 10.0.0.23 "GET / HTTP/1.1" status: 200 len: 246 time: 0.0013773
2026-06-27 06:21:09.670 10 INFO neutron.wsgi [-] 10.0.0.23 "GET / HTTP/1.1" status: 200 len: 246 time: 0.0025709
2026-06-27 06:21:09.672 9 INFO neutron.wsgi [-] 10.0.0.23 "GET / HTTP/1.1" status: 200 len: 246 time: 0.0045969
2026-06-27 06:21:24.669 9 INFO neutron.wsgi [-] 10.0.0.23 "GET / HTTP/1.1" status: 200 len: 246 time: 0.0022497
2026-06-27 06:21:24.670 10 INFO neutron.wsgi [-] 10.0.0.23 "GET / HTTP/1.1" status: 200 len: 246 time: 0.0034349
2026-06-27 06:21:39.669 9 INFO neutron.wsgi [-] 10.0.0.23 "GET / HTTP/1.1" status: 200 len: 246 time: 0.0025156
2026-06-27 06:21:39.670 10 INFO neutron.wsgi [-] 10.0.0.23 "GET / HTTP/1.1" status: 200 len: 246 time: 0.0030444
2026-06-27 06:21:54.672 9 INFO neutron.wsgi [-] 10.0.0.23 "GET / HTTP/1.1" status: 200 len: 246 time: 0.0048137
2026-06-27 06:21:54.674 9 INFO neutron.wsgi [-] 10.0.0.23 "GET / HTTP/1.1" status: 200 len: 246 time: 0.0014081
2026-06-27 06:22:09.671 9 INFO neutron.wsgi [-] 10.0.0.23 "GET / HTTP/1.1" status: 200 len: 246 time: 0.0028808
2026-06-27 06:22:09.674 10 INFO neutron.wsgi [-] 10.0.0.23 "GET / HTTP/1.1" status: 200 len: 246 time: 0.0025856
2026-06-27 06:22:24.670 9 INFO neutron.wsgi [-] 10.0.0.23 "GET / HTTP/1.1" status: 200 len: 246 time: 0.0029054
2026-06-27 06:22:24.673 10 INFO neutron.wsgi [-] 10.0.0.23 "GET / HTTP/1.1" status: 200 len: 246 time: 0.0041814
2026-06-27 06:22:39.670 10 INFO neutron.wsgi [-] 10.0.0.23 "GET / HTTP/1.1" status: 200 len: 246 time: 0.0025752
2026-06-27 06:22:39.671 9 INFO neutron.wsgi [-] 10.0.0.23 "GET / HTTP/1.1" status: 200 len: 246 time: 0.0031667
2026-06-27 06:22:43.338 15 INFO neutron.db.ovn_revision_numbers_db [None req-bada2ae5-d5e0-4f33-b430-a56cc5ff5441 - - - - - -] Successfully bumped revision number for resource 3273cced-3b54-431f-b5c2-2dcb744d786d (type: networks) to 2
2026-06-27 06:22:43.338 15 INFO neutron.plugins.ml2.drivers.ovn.mech_driver.ovsdb.maintenance [None req-bada2ae5-d5e0-4f33-b430-a56cc5ff5441 - - - - - -] Maintenance task: Synchronization finished (took 0.15 seconds)
2026-06-27 06:22:54.668 9 INFO neutron.wsgi [-] 10.0.0.23 "GET / HTTP/1.1" status: 200 len: 246 time: 0.0017583
2026-06-27 06:22:54.671 10 INFO neutron.wsgi [-] 10.0.0.23 "GET / HTTP/1.1" status: 200 len: 246 time: 0.0041659
2026-06-27 06:23:09.670 9 INFO neutron.wsgi [-] 10.0.0.23 "GET / HTTP/1.1" status: 200 len: 246 time: 0.0027328
2026-06-27 06:23:09.671 10 INFO neutron.wsgi [-] 10.0.0.23 "GET / HTTP/1.1" status: 200 len: 246 time: 0.0036681
2026-06-27 06:23:24.670 10 INFO neutron.wsgi [-] 10.0.0.23 "GET / HTTP/1.1" status: 200 len: 246 time: 0.0027511
2026-06-27 06:23:24.672 9 INFO neutron.wsgi [-] 10.0.0.23 "GET / HTTP/1.1" status: 200 len: 246 time: 0.0034983
2026-06-27 06:23:39.670 10 INFO neutron.wsgi [-] 10.0.0.23 "GET / HTTP/1.1" status: 200 len: 246 time: 0.0020845
2026-06-27 06:23:39.670 9 INFO neutron.wsgi [-] 10.0.0.23 "GET / HTTP/1.1" status: 200 len: 246 time: 0.0024734
2026-06-27 06:23:54.669 9 INFO neutron.wsgi [-] 10.0.0.23 "GET / HTTP/1.1" status: 200 len: 246 time: 0.0015359
2026-06-27 06:23:54.672 10 INFO neutron.wsgi [-] 10.0.0.23 "GET / HTTP/1.1" status: 200 len: 246 time: 0.0027893
2026-06-27 06:24:09.669 10 INFO neutron.wsgi [-] 10.0.0.23 "GET / HTTP/1.1" status: 200 len: 246 time: 0.0023601
2026-06-27 06:24:09.670 9 INFO neutron.wsgi [-] 10.0.0.23 "GET / HTTP/1.1" status: 200 len: 246 time: 0.0032899
2026-06-27 06:24:24.671 10 INFO neutron.wsgi [-] 10.0.0.23 "GET / HTTP/1.1" status: 200 len: 246 time: 0.0031438
2026-06-27 06:24:24.671 9 INFO neutron.wsgi [-] 10.0.0.23 "GET / HTTP/1.1" status: 200 len: 246 time: 0.0032642
2026-06-27 06:24:38.191 10 INFO neutron.wsgi [None req-86870167-8357-4759-8488-815d9a9405a7 747ff5e0439b4ccc9c1a7272c756d760 9df833ed5b48448aa31d39190560de01 - - default default] 199.204.45.72,10.0.0.23 "GET /v2.0/networks HTTP/1.1" status: 200 len: 928 time: 0.1743245
2026-06-27 06:24:38.278 10 INFO neutron.db.segments_db [None req-67e6b251-57ef-421f-b457-54a7a36e5326 747ff5e0439b4ccc9c1a7272c756d760 9df833ed5b48448aa31d39190560de01 - - default default] Added segment fe69b254-bc54-41da-ae14-7174db96a45a of type geneve for network 00fc542e-96a6-49a1-a1d4-5b163dac89fa
2026-06-27 06:24:38.428 10 INFO neutron.db.ovn_revision_numbers_db [None req-67e6b251-57ef-421f-b457-54a7a36e5326 747ff5e0439b4ccc9c1a7272c756d760 9df833ed5b48448aa31d39190560de01 - - default default] Successfully bumped revision number for resource 00fc542e-96a6-49a1-a1d4-5b163dac89fa (type: networks) to 1
2026-06-27 06:24:38.627 10 WARNING neutron.scheduler.dhcp_agent_scheduler [None req-67e6b251-57ef-421f-b457-54a7a36e5326 747ff5e0439b4ccc9c1a7272c756d760 9df833ed5b48448aa31d39190560de01 - - default default] No more DHCP agents
2026-06-27 06:24:38.630 10 WARNING neutron.api.rpc.agentnotifiers.dhcp_rpc_agent_api [None req-67e6b251-57ef-421f-b457-54a7a36e5326 747ff5e0439b4ccc9c1a7272c756d760 9df833ed5b48448aa31d39190560de01 - - default default] Unable to schedule network 00fc542e-96a6-49a1-a1d4-5b163dac89fa: no agents available; will retry on subsequent port and subnet creation events.
2026-06-27 06:24:38.703 10 INFO neutron.db.ovn_revision_numbers_db [None req-67e6b251-57ef-421f-b457-54a7a36e5326 747ff5e0439b4ccc9c1a7272c756d760 9df833ed5b48448aa31d39190560de01 - - default default] Successfully bumped revision number for resource 39c0ee95-6567-4df5-892f-ce65bed24872 (type: ports) to 1
2026-06-27 06:24:38.721 10 INFO neutron.wsgi [None req-67e6b251-57ef-421f-b457-54a7a36e5326 747ff5e0439b4ccc9c1a7272c756d760 9df833ed5b48448aa31d39190560de01 - - default default] 199.204.45.72,10.0.0.23 "POST /v2.0/networks HTTP/1.1" status: 201 len: 890 time: 0.5258224
2026-06-27 06:24:39.655 10 INFO neutron.wsgi [None req-cb17d137-14e0-4a6c-9829-aa81881d3757 747ff5e0439b4ccc9c1a7272c756d760 9df833ed5b48448aa31d39190560de01 - - default default] 199.204.45.72,10.0.0.23 "GET /v2.0/subnets HTTP/1.1" status: 200 len: 819 time: 0.0753121
2026-06-27 06:24:39.671 9 INFO neutron.wsgi [-] 10.0.0.23 "GET / HTTP/1.1" status: 200 len: 246 time: 0.0033922
2026-06-27 06:24:39.673 9 INFO neutron.wsgi [-] 10.0.0.23 "GET / HTTP/1.1" status: 200 len: 246 time: 0.0012522
2026-06-27 06:24:39.721 10 INFO neutron.wsgi [None req-d1d481cc-17bc-4f9a-9022-1c249e5d3604 747ff5e0439b4ccc9c1a7272c756d760 9df833ed5b48448aa31d39190560de01 - - default default] 199.204.45.72,10.0.0.23 "GET /v2.0/networks HTTP/1.1" status: 200 len: 1615 time: 0.0590985
2026-06-27 06:24:39.880 10 WARNING neutron.scheduler.dhcp_agent_scheduler [None req-12f888de-cc48-4e07-88af-65c48b04874f 747ff5e0439b4ccc9c1a7272c756d760 9df833ed5b48448aa31d39190560de01 - - default default] No more DHCP agents
2026-06-27 06:24:39.881 10 WARNING neutron.api.rpc.agentnotifiers.dhcp_rpc_agent_api [None req-12f888de-cc48-4e07-88af-65c48b04874f 747ff5e0439b4ccc9c1a7272c756d760 9df833ed5b48448aa31d39190560de01 - - default default] Unable to schedule network 00fc542e-96a6-49a1-a1d4-5b163dac89fa: no agents available; will retry on subsequent port and subnet creation events.
2026-06-27 06:24:40.489 10 INFO neutron.db.ovn_revision_numbers_db [None req-12f888de-cc48-4e07-88af-65c48b04874f 747ff5e0439b4ccc9c1a7272c756d760 9df833ed5b48448aa31d39190560de01 - - default default] Successfully bumped revision number for resource 39c0ee95-6567-4df5-892f-ce65bed24872 (type: ports) to 2
2026-06-27 06:24:40.523 10 INFO neutron.db.ovn_revision_numbers_db [None req-12f888de-cc48-4e07-88af-65c48b04874f 747ff5e0439b4ccc9c1a7272c756d760 9df833ed5b48448aa31d39190560de01 - - default default] Successfully bumped revision number for resource c551fdf8-98cd-4ab5-bf42-096f7acfc1eb (type: subnets) to 0
2026-06-27 06:24:40.541 10 INFO neutron.wsgi [None req-12f888de-cc48-4e07-88af-65c48b04874f 747ff5e0439b4ccc9c1a7272c756d760 9df833ed5b48448aa31d39190560de01 - - default default] 199.204.45.72,10.0.0.23 "POST /v2.0/subnets HTTP/1.1" status: 201 len: 807 time: 0.8156250
2026-06-27 06:24:41.811 10 INFO neutron.wsgi [None req-70b49c22-7d19-4e86-a2b6-49b38bb728a3 747ff5e0439b4ccc9c1a7272c756d760 9df833ed5b48448aa31d39190560de01 - - default default] 199.204.45.72,10.0.0.23 "GET /v2.0/security-groups?tenant_id=9df833ed5b48448aa31d39190560de01 HTTP/1.1" status: 200 len: 2969 time: 0.0831053
2026-06-27 06:24:41.929 10 INFO neutron.db.ovn_revision_numbers_db [None req-c2b070a1-1775-4207-8644-95419dd463b8 747ff5e0439b4ccc9c1a7272c756d760 9df833ed5b48448aa31d39190560de01 - - default default] Successfully bumped revision number for resource 0dad964f-821b-440f-8f35-2e4379834e04 (type: security_groups) to 1
2026-06-27 06:24:41.947 10 INFO neutron.db.ovn_revision_numbers_db [None req-c2b070a1-1775-4207-8644-95419dd463b8 747ff5e0439b4ccc9c1a7272c756d760 9df833ed5b48448aa31d39190560de01 - - default default] Successfully bumped revision number for resource 4e6f4702-f81c-42ee-b925-f1ccb23a72b2 (type: security_group_rules) to 0
2026-06-27 06:24:41.964 10 INFO neutron.db.ovn_revision_numbers_db [None req-c2b070a1-1775-4207-8644-95419dd463b8 747ff5e0439b4ccc9c1a7272c756d760 9df833ed5b48448aa31d39190560de01 - - default default] Successfully bumped revision number for resource 95f36aeb-b51a-4fe1-b7da-c56c760a5bdb (type: security_group_rules) to 0
2026-06-27 06:24:41.984 10 INFO neutron.wsgi [None req-c2b070a1-1775-4207-8644-95419dd463b8 747ff5e0439b4ccc9c1a7272c756d760 9df833ed5b48448aa31d39190560de01 - - default default] 199.204.45.72,10.0.0.23 "POST /v2.0/security-groups HTTP/1.1" status: 201 len: 1733 time: 0.1657107
2026-06-27 06:24:43.154 10 INFO neutron.wsgi [None req-a1d72716-cd8d-4b05-b03d-a0bc1a4df4a6 747ff5e0439b4ccc9c1a7272c756d760 9df833ed5b48448aa31d39190560de01 - - default default] 199.204.45.72,10.0.0.23 "GET /v2.0/security-groups?tenant_id=9df833ed5b48448aa31d39190560de01 HTTP/1.1" status: 200 len: 4503 time: 0.0711021
2026-06-27 06:24:43.207 10 INFO neutron.wsgi [None req-d887fe05-391b-4fff-9f5a-d2b341f6fe3d 747ff5e0439b4ccc9c1a7272c756d760 9df833ed5b48448aa31d39190560de01 - - default default] 199.204.45.72,10.0.0.23 "GET /v2.0/security-groups HTTP/1.1" status: 200 len: 4503 time: 0.0430021
2026-06-27 06:24:43.338 10 INFO neutron.db.ovn_revision_numbers_db [None req-faffef48-262e-486f-949b-739dc05be6a0 747ff5e0439b4ccc9c1a7272c756d760 9df833ed5b48448aa31d39190560de01 - - default default] Successfully bumped revision number for resource f5768611-6f8e-4994-9b72-5b87607e593b (type: security_group_rules) to 0
2026-06-27 06:24:43.368 10 INFO neutron.wsgi [None req-faffef48-262e-486f-949b-739dc05be6a0 747ff5e0439b4ccc9c1a7272c756d760 9df833ed5b48448aa31d39190560de01 - - default default] 199.204.45.72,10.0.0.23 "POST /v2.0/security-group-rules HTTP/1.1" status: 201 len: 749 time: 0.1509311 /var/lib/openstack/lib/python3.10/site-packages/memcache.py:1303: SyntaxWarning: "is" with a literal. Did you mean "=="? if key is '': /var/lib/openstack/lib/python3.10/site-packages/memcache.py:1304: SyntaxWarning: "is" with a literal. Did you mean "=="? if key_extra_len is 0: /var/lib/openstack/lib/python3.10/site-packages/pycadf/identifier.py:71: UserWarning: Invalid uuid: unknown. To ensure interoperability, identifiers should be a valid uuid. warnings.warn(('Invalid uuid: %s. To ensure interoperability, '
2026-06-27 06:24:44.679 9 WARNING oslo_policy.policy [None req-46d6d036-fbef-48f6-bbae-a827d3fc9b29 747ff5e0439b4ccc9c1a7272c756d760 9df833ed5b48448aa31d39190560de01 - - default default] Policies ['delete_port', 'update_port:allowed_address_pairs', 'update_port:allowed_address_pairs:ip_address', 'update_port:allowed_address_pairs:mac_address', 'update_port:fixed_ips', 'update_port:mac_address'] reference a rule that is not defined.
2026-06-27 06:24:44.962 9 INFO neutron.wsgi [None req-46d6d036-fbef-48f6-bbae-a827d3fc9b29 747ff5e0439b4ccc9c1a7272c756d760 9df833ed5b48448aa31d39190560de01 - - default default] 199.204.45.72,10.0.0.23 "GET /v2.0/security-groups?tenant_id=9df833ed5b48448aa31d39190560de01 HTTP/1.1" status: 200 len: 5085 time: 0.7473731
2026-06-27 06:24:45.016 9 INFO neutron.wsgi [None req-485ac0a4-0f2f-4d18-9388-864195b485c9 747ff5e0439b4ccc9c1a7272c756d760 9df833ed5b48448aa31d39190560de01 - - default default] 199.204.45.72,10.0.0.23 "GET /v2.0/security-groups HTTP/1.1" status: 200 len: 5085 time: 0.0428674
2026-06-27 06:24:45.127 9 INFO neutron.plugins.ml2.drivers.ovn.mech_driver.ovsdb.extensions.qos [None req-72970a94-32ad-4bf0-9ca1-a8a68efdd0ca 747ff5e0439b4ccc9c1a7272c756d760 9df833ed5b48448aa31d39190560de01 - - default default] Starting OVNClientQosExtension
2026-06-27 06:24:45.128 9 INFO neutron.plugins.ml2.drivers.ovn.mech_driver.ovsdb.extensions.placement [None req-72970a94-32ad-4bf0-9ca1-a8a68efdd0ca 747ff5e0439b4ccc9c1a7272c756d760 9df833ed5b48448aa31d39190560de01 - - default default] Starting OVNClientPlacementExtension
2026-06-27 06:24:45.179 9 INFO neutron.db.ovn_revision_numbers_db [None req-72970a94-32ad-4bf0-9ca1-a8a68efdd0ca 747ff5e0439b4ccc9c1a7272c756d760 9df833ed5b48448aa31d39190560de01 - - default default] Successfully bumped revision number for resource 8f08111d-c741-4d38-a234-d883055df350 (type: security_group_rules) to 0
2026-06-27 06:24:45.239 9 INFO neutron.wsgi [None req-72970a94-32ad-4bf0-9ca1-a8a68efdd0ca 747ff5e0439b4ccc9c1a7272c756d760 9df833ed5b48448aa31d39190560de01 - - default default] 199.204.45.72,10.0.0.23 "POST /v2.0/security-group-rules HTTP/1.1" status: 201 len: 751 time: 0.2119610
2026-06-27 06:24:46.076 10 INFO neutron.wsgi [None req-d788fe05-6dcd-476b-a896-6fc0748fdf4e 747ff5e0439b4ccc9c1a7272c756d760 9df833ed5b48448aa31d39190560de01 - - default default] 199.204.45.72,10.0.0.23 "GET /v2.0/security-groups?tenant_id=9df833ed5b48448aa31d39190560de01 HTTP/1.1" status: 200 len: 5669 time: 0.0741858
2026-06-27 06:24:46.122 10 INFO neutron.wsgi [None req-d5d94632-c63b-4d13-b876-267c76a973ac 747ff5e0439b4ccc9c1a7272c756d760 9df833ed5b48448aa31d39190560de01 - - default default] 199.204.45.72,10.0.0.23 "GET /v2.0/security-groups HTTP/1.1" status: 200 len: 5669 time: 0.0384715
2026-06-27 06:24:46.273 10 INFO neutron.db.ovn_revision_numbers_db [None req-84b540e8-54fd-4340-8709-7fabca8a0a6f 747ff5e0439b4ccc9c1a7272c756d760 9df833ed5b48448aa31d39190560de01 - - default default] Successfully bumped revision number for resource 0aaa9e33-da46-4540-b7a6-04d5c1b57183 (type: security_group_rules) to 0
2026-06-27 06:24:46.301 10 INFO neutron.wsgi [None req-84b540e8-54fd-4340-8709-7fabca8a0a6f 747ff5e0439b4ccc9c1a7272c756d760 9df833ed5b48448aa31d39190560de01 - - default default] 199.204.45.72,10.0.0.23 "POST /v2.0/security-group-rules HTTP/1.1" status: 201 len: 751 time: 0.1693501
2026-06-27 06:24:47.174 10 INFO neutron.wsgi [None req-73cb409d-2c5b-49c8-b100-e502cede5a54 747ff5e0439b4ccc9c1a7272c756d760 9df833ed5b48448aa31d39190560de01 - - default default] 199.204.45.72,10.0.0.23 "GET /v2.0/security-groups?tenant_id=9df833ed5b48448aa31d39190560de01 HTTP/1.1" status: 200 len: 6253 time: 0.0763838
2026-06-27 06:24:47.226 10 INFO neutron.wsgi [None req-853e259b-db1b-4754-9310-4845dcb830cc 747ff5e0439b4ccc9c1a7272c756d760 9df833ed5b48448aa31d39190560de01 - - default default] 199.204.45.72,10.0.0.23 "GET /v2.0/security-groups HTTP/1.1" status: 200 len: 6253 time: 0.0418169
2026-06-27 06:24:47.361 10 INFO neutron.db.ovn_revision_numbers_db [None req-077ce05c-e923-4b2d-b142-b50ecae81aa1 747ff5e0439b4ccc9c1a7272c756d760 9df833ed5b48448aa31d39190560de01 - - default default] Successfully bumped revision number for resource f2232bef-8d2a-4412-b667-dbd11eac578c (type: security_group_rules) to 0
2026-06-27 06:24:47.385 10 INFO neutron.wsgi [None req-077ce05c-e923-4b2d-b142-b50ecae81aa1 747ff5e0439b4ccc9c1a7272c756d760 9df833ed5b48448aa31d39190560de01 - - default default] 199.204.45.72,10.0.0.23 "POST /v2.0/security-group-rules HTTP/1.1" status: 201 len: 751 time: 0.1506820
2026-06-27 06:24:48.249 10 INFO neutron.wsgi [None req-2843b543-1355-47b1-8d9c-2374cac62624 747ff5e0439b4ccc9c1a7272c756d760 9df833ed5b48448aa31d39190560de01 - - default default] 199.204.45.72,10.0.0.23 "GET /v2.0/security-groups?tenant_id=9df833ed5b48448aa31d39190560de01 HTTP/1.1" status: 200 len: 6837 time: 0.0941348
2026-06-27 06:24:48.296 10 INFO neutron.wsgi [None req-f79962b6-9442-44f1-9326-aa0c4d5083e4 747ff5e0439b4ccc9c1a7272c756d760 9df833ed5b48448aa31d39190560de01 - - default default] 199.204.45.72,10.0.0.23 "GET /v2.0/security-groups HTTP/1.1" status: 200 len: 6837 time: 0.0380754
2026-06-27 06:24:48.442 10 INFO neutron.db.ovn_revision_numbers_db [None req-db6330a8-af76-489e-aa79-13bb2bb17f2b 747ff5e0439b4ccc9c1a7272c756d760 9df833ed5b48448aa31d39190560de01 - - default default] Successfully bumped revision number for resource 41d79a39-911b-4aa2-b226-80bc3fbbff13 (type: security_group_rules) to 0
2026-06-27 06:24:48.466 10 INFO neutron.wsgi [None req-db6330a8-af76-489e-aa79-13bb2bb17f2b 747ff5e0439b4ccc9c1a7272c756d760 9df833ed5b48448aa31d39190560de01 - - default default] 199.204.45.72,10.0.0.23 "POST /v2.0/security-group-rules HTTP/1.1" status: 201 len: 751 time: 0.1593287
2026-06-27 06:24:49.691 9 INFO neutron.wsgi [None req-c969a62c-e10b-4579-8e7b-28a3179cda7c 747ff5e0439b4ccc9c1a7272c756d760 9df833ed5b48448aa31d39190560de01 - - default default] 199.204.45.72,10.0.0.23 "GET /v2.0/security-groups HTTP/1.1" status: 200 len: 7421 time: 0.0743651
2026-06-27 06:24:49.769 9 INFO neutron.wsgi [None req-f6da6298-c680-4490-81c4-72715a23c2a1 747ff5e0439b4ccc9c1a7272c756d760 9df833ed5b48448aa31d39190560de01 - - default default] 199.204.45.72,10.0.0.23 "GET /v2.0/ports HTTP/1.1" status: 200 len: 2301 time: 0.0702372
2026-06-27 06:24:49.913 9 INFO neutron.wsgi [None req-06e7c19e-f9e8-48ec-9ec9-0b8e921979ac 747ff5e0439b4ccc9c1a7272c756d760 9df833ed5b48448aa31d39190560de01 - - default default] 199.204.45.72,10.0.0.23 "GET /v2.0/networks HTTP/1.1" status: 200 len: 1653 time: 0.1343546
2026-06-27 06:24:50.282 9 WARNING neutron.scheduler.dhcp_agent_scheduler [None req-24e60286-e796-4e2e-8e56-7e99a59cdd6b 747ff5e0439b4ccc9c1a7272c756d760 9df833ed5b48448aa31d39190560de01 - - default default] No more DHCP agents
2026-06-27 06:24:50.287 9 WARNING neutron.api.rpc.agentnotifiers.dhcp_rpc_agent_api [None req-24e60286-e796-4e2e-8e56-7e99a59cdd6b 747ff5e0439b4ccc9c1a7272c756d760 9df833ed5b48448aa31d39190560de01 - - default default] Unable to schedule network 00fc542e-96a6-49a1-a1d4-5b163dac89fa: no agents available; will retry on subsequent port and subnet creation events.
2026-06-27 06:24:50.478 9 INFO neutron.db.ovn_revision_numbers_db [None req-24e60286-e796-4e2e-8e56-7e99a59cdd6b 747ff5e0439b4ccc9c1a7272c756d760 9df833ed5b48448aa31d39190560de01 - - default default] Successfully bumped revision number for resource 323eb2f7-9e81-4123-b16d-e6b032157b42 (type: ports) to 1
2026-06-27 06:24:50.500 9 INFO neutron.wsgi [None req-24e60286-e796-4e2e-8e56-7e99a59cdd6b 747ff5e0439b4ccc9c1a7272c756d760 9df833ed5b48448aa31d39190560de01 - - default default] 199.204.45.72,10.0.0.23 "POST /v2.0/ports HTTP/1.1" status: 201 len: 1281 time: 0.5805187
2026-06-27 06:24:54.668 10 INFO neutron.wsgi [-] 10.0.0.23 "GET / HTTP/1.1" status: 200 len: 246 time: 0.0014820
2026-06-27 06:24:54.669 10 INFO neutron.wsgi [-] 10.0.0.23 "GET / HTTP/1.1" status: 200 len: 246 time: 0.0008771
2026-06-27 06:24:56.902 10 INFO neutron.pecan_wsgi.hooks.translation [None req-384ed967-26c4-4f8c-8cbf-d988d6771f53 747ff5e0439b4ccc9c1a7272c756d760 9df833ed5b48448aa31d39190560de01 - - default default] GET failed (client error): The resource could not be found.
2026-06-27 06:24:56.905 10 INFO neutron.wsgi [None req-384ed967-26c4-4f8c-8cbf-d988d6771f53 747ff5e0439b4ccc9c1a7272c756d760 9df833ed5b48448aa31d39190560de01 - - default default] 199.204.45.72,10.0.0.23 "GET /v2.0/ports/octavia-health-manager-port-instance HTTP/1.1" status: 404 len: 314 time: 0.0723667
2026-06-27 06:24:56.960 10 INFO neutron.wsgi [None req-fc363412-cfda-49dd-8ed4-36854192a3c7 747ff5e0439b4ccc9c1a7272c756d760 9df833ed5b48448aa31d39190560de01 - - default default] 199.204.45.72,10.0.0.23 "GET /v2.0/ports?name=octavia-health-manager-port-instance HTTP/1.1" status: 200 len: 1279 time: 0.0498874
2026-06-27 06:24:57.376 10 INFO neutron.db.ovn_revision_numbers_db [None req-58ee57ce-ba54-445c-bfbc-48a0c96e850e 747ff5e0439b4ccc9c1a7272c756d760 9df833ed5b48448aa31d39190560de01 - - default default] Successfully bumped revision number for resource 323eb2f7-9e81-4123-b16d-e6b032157b42 (type: ports) to 1
2026-06-27 06:24:57.748 10 INFO neutron.db.ovn_revision_numbers_db [None req-58ee57ce-ba54-445c-bfbc-48a0c96e850e 747ff5e0439b4ccc9c1a7272c756d760 9df833ed5b48448aa31d39190560de01 - - default default] Successfully bumped revision number for resource 323eb2f7-9e81-4123-b16d-e6b032157b42 (type: ports) to 2
2026-06-27 06:24:57.766 10 INFO neutron.wsgi [None req-58ee57ce-ba54-445c-bfbc-48a0c96e850e 747ff5e0439b4ccc9c1a7272c756d760 9df833ed5b48448aa31d39190560de01 - - default default] 199.204.45.72,10.0.0.23 "PUT /v2.0/ports/323eb2f7-9e81-4123-b16d-e6b032157b42 HTTP/1.1" status: 200 len: 1366 time: 0.7979317 /var/lib/openstack/lib/python3.10/site-packages/pycadf/identifier.py:71: UserWarning: Invalid uuid: unknown. To ensure interoperability, identifiers should be a valid uuid. warnings.warn(('Invalid uuid: %s. To ensure interoperability, '
2026-06-27 06:24:59.300 9 INFO neutron.wsgi [None req-323d8e1c-3b25-4ef3-8c7a-ea24853d5e03 747ff5e0439b4ccc9c1a7272c756d760 9df833ed5b48448aa31d39190560de01 - - default default] 199.204.45.72,10.0.0.23 "GET /v2.0/ports HTTP/1.1" status: 200 len: 3511 time: 0.0880256 /var/lib/openstack/lib/python3.10/site-packages/pycadf/identifier.py:71: UserWarning: Invalid uuid: unknown. To ensure interoperability, identifiers should be a valid uuid. warnings.warn(('Invalid uuid: %s. To ensure interoperability, '
2026-06-27 06:25:00.295 10 INFO neutron.wsgi [None req-8fe11052-ae51-45cd-8091-afc49f0b071e 747ff5e0439b4ccc9c1a7272c756d760 9df833ed5b48448aa31d39190560de01 - - default default] 199.204.45.72,10.0.0.23 "GET /v2.0/security-groups?tenant_id=9df833ed5b48448aa31d39190560de01 HTTP/1.1" status: 200 len: 7421 time: 0.0784454
2026-06-27 06:25:00.420 10 INFO neutron.db.ovn_revision_numbers_db [None req-9d811c67-aa2f-432a-97bf-44642352d7a4 747ff5e0439b4ccc9c1a7272c756d760 9df833ed5b48448aa31d39190560de01 - - default default] Successfully bumped revision number for resource e8e3dc28-c89c-45ce-9785-8eb81d7fa959 (type: security_groups) to 1
2026-06-27 06:25:00.435 10 INFO neutron.db.ovn_revision_numbers_db [None req-9d811c67-aa2f-432a-97bf-44642352d7a4 747ff5e0439b4ccc9c1a7272c756d760 9df833ed5b48448aa31d39190560de01 - - default default] Successfully bumped revision number for resource 5b3ddeb0-8c88-4499-95f9-1b9084a2392e (type: security_group_rules) to 0
2026-06-27 06:25:00.452 10 INFO neutron.db.ovn_revision_numbers_db [None req-9d811c67-aa2f-432a-97bf-44642352d7a4 747ff5e0439b4ccc9c1a7272c756d760 9df833ed5b48448aa31d39190560de01 - - default default] Successfully bumped revision number for resource 63410f9e-bca1-431a-a6d1-2467c62877b1 (type: security_group_rules) to 0
2026-06-27 06:25:00.475 10 INFO neutron.wsgi [None req-9d811c67-aa2f-432a-97bf-44642352d7a4 747ff5e0439b4ccc9c1a7272c756d760 9df833ed5b48448aa31d39190560de01 - - default default] 199.204.45.72,10.0.0.23 "POST /v2.0/security-groups HTTP/1.1" status: 201 len: 1727 time: 0.1727047
2026-06-27 06:25:01.482 9 INFO neutron.wsgi [None req-bb521407-199a-423a-a466-358186640c4a 747ff5e0439b4ccc9c1a7272c756d760 9df833ed5b48448aa31d39190560de01 - - default default] 199.204.45.72,10.0.0.23 "GET /v2.0/security-groups?tenant_id=9df833ed5b48448aa31d39190560de01 HTTP/1.1" status: 200 len: 8949 time: 0.0810730
2026-06-27 06:25:01.543 9 INFO neutron.wsgi [None req-5b711bd6-38f1-4771-abb0-c71cbc2e8a1c 747ff5e0439b4ccc9c1a7272c756d760 9df833ed5b48448aa31d39190560de01 - - default default] 199.204.45.72,10.0.0.23 "GET /v2.0/security-groups HTTP/1.1" status: 200 len: 8949 time: 0.0517898
2026-06-27 06:25:01.711 9 INFO neutron.db.ovn_revision_numbers_db [None req-a1b520f8-443a-4dc4-90f6-b70c98dee160 747ff5e0439b4ccc9c1a7272c756d760 9df833ed5b48448aa31d39190560de01 - - default default] Successfully bumped revision number for resource e169cc33-b4a5-46b5-8429-93342290da7f (type: security_group_rules) to 0
2026-06-27 06:25:01.735 9 INFO neutron.wsgi [None req-a1b520f8-443a-4dc4-90f6-b70c98dee160 747ff5e0439b4ccc9c1a7272c756d760 9df833ed5b48448aa31d39190560de01 - - default default] 199.204.45.72,10.0.0.23 "POST /v2.0/security-group-rules HTTP/1.1" status: 201 len: 771 time: 0.1813307
2026-06-27 06:25:02.631 9 INFO neutron.wsgi [None req-9f173336-1aa7-4a15-94d5-e0e7e0fd10e2 747ff5e0439b4ccc9c1a7272c756d760 9df833ed5b48448aa31d39190560de01 - - default default] 199.204.45.72,10.0.0.23 "GET /v2.0/security-groups?tenant_id=9df833ed5b48448aa31d39190560de01 HTTP/1.1" status: 200 len: 9553 time: 0.0852861
2026-06-27 06:25:02.685 9 INFO neutron.wsgi [None req-222847fd-d8a4-4522-8b78-27754b863cdf 747ff5e0439b4ccc9c1a7272c756d760 9df833ed5b48448aa31d39190560de01 - - default default] 199.204.45.72,10.0.0.23 "GET /v2.0/security-groups HTTP/1.1" status: 200 len: 9553 time: 0.0434825
2026-06-27 06:25:02.824 9 INFO neutron.db.ovn_revision_numbers_db [None req-c2a691c9-3d0d-4e7a-8417-fd73feae9727 747ff5e0439b4ccc9c1a7272c756d760 9df833ed5b48448aa31d39190560de01 - - default default] Successfully bumped revision number for resource 76eaebc0-1270-43e6-bfe8-da42b8f24b41 (type: security_group_rules) to 0
2026-06-27 06:25:02.850 9 INFO neutron.wsgi [None req-c2a691c9-3d0d-4e7a-8417-fd73feae9727 747ff5e0439b4ccc9c1a7272c756d760 9df833ed5b48448aa31d39190560de01 - - default default] 199.204.45.72,10.0.0.23 "POST /v2.0/security-group-rules HTTP/1.1" status: 201 len: 775 time: 0.1537788
2026-06-27 06:25:09.670 10 INFO neutron.wsgi [-] 10.0.0.23 "GET / HTTP/1.1" status: 200 len: 246 time: 0.0027301
2026-06-27 06:25:09.670 9 INFO neutron.wsgi [-] 10.0.0.23 "GET / HTTP/1.1" status: 200 len: 246 time: 0.0027132
2026-06-27 06:25:24.669 9 INFO neutron.wsgi [-] 10.0.0.23 "GET / HTTP/1.1" status: 200 len: 246 time: 0.0019219
2026-06-27 06:25:24.670 10 INFO neutron.wsgi [-] 10.0.0.23 "GET / HTTP/1.1" status: 200 len: 246 time: 0.0028205
2026-06-27 06:25:39.669 10 INFO neutron.wsgi [-] 10.0.0.23 "GET / HTTP/1.1" status: 200 len: 246 time: 0.0024071
2026-06-27 06:25:39.671 9 INFO neutron.wsgi [-] 10.0.0.23 "GET / HTTP/1.1" status: 200 len: 246 time: 0.0040555
2026-06-27 06:25:54.669 10 INFO neutron.wsgi [-] 10.0.0.23 "GET / HTTP/1.1" status: 200 len: 246 time: 0.0021539
2026-06-27 06:25:54.671 9 INFO neutron.wsgi [-] 10.0.0.23 "GET / HTTP/1.1" status: 200 len: 246 time: 0.0034425
2026-06-27 06:26:09.164 9 INFO neutron.wsgi [None req-1effbf9e-8b89-45c5-8a4f-6003f852d8ed 747ff5e0439b4ccc9c1a7272c756d760 9df833ed5b48448aa31d39190560de01 - - default default] 199.204.45.72,10.0.0.23 "GET /v2.0/quotas/9df833ed5b48448aa31d39190560de01 HTTP/1.1" status: 200 len: 362 time: 0.0157392 /var/lib/openstack/lib/python3.10/site-packages/neutron/extensions/quotasv2.py:140: UserWarning: Neutron quota engine will require "--force" parameter to set a quota limit without checking the resource usage. warnings.warn('Neutron quota engine will require "--force" '
2026-06-27 06:26:09.559 9 INFO neutron.wsgi [None req-121280c2-c843-42f6-afb4-da5a8120c06d 747ff5e0439b4ccc9c1a7272c756d760 9df833ed5b48448aa31d39190560de01 - - default default] 199.204.45.72,10.0.0.23 "PUT /v2.0/quotas/9df833ed5b48448aa31d39190560de01 HTTP/1.1" status: 200 len: 361 time: 0.0601909
2026-06-27 06:26:09.670 10 INFO neutron.wsgi [-] 10.0.0.23 "GET / HTTP/1.1" status: 200 len: 246 time: 0.0027032
2026-06-27 06:26:09.671 9 INFO neutron.wsgi [-] 10.0.0.23 "GET / HTTP/1.1" status: 200 len: 246 time: 0.0033000
2026-06-27 06:26:09.877 9 INFO neutron.wsgi [None req-ec3efa34-3c07-4748-b802-09ffc8fe77d7 747ff5e0439b4ccc9c1a7272c756d760 9df833ed5b48448aa31d39190560de01 - - default default] 199.204.45.72,10.0.0.23 "GET /v2.0/quotas/9df833ed5b48448aa31d39190560de01 HTTP/1.1" status: 200 len: 361 time: 0.0096674
2026-06-27 06:26:24.670 9 INFO neutron.wsgi [-] 10.0.0.23 "GET / HTTP/1.1" status: 200 len: 246 time: 0.0025647
2026-06-27 06:26:24.670 10 INFO neutron.wsgi [-] 10.0.0.23 "GET / HTTP/1.1" status: 200 len: 246 time: 0.0025446
2026-06-27 06:26:39.671 9 INFO neutron.wsgi [-] 10.0.0.23 "GET / HTTP/1.1" status: 200 len: 246 time: 0.0035591
2026-06-27 06:26:39.671 10 INFO neutron.wsgi [-] 10.0.0.23 "GET / HTTP/1.1" status: 200 len: 246 time: 0.0037189
2026-06-27 06:26:54.669 10 INFO neutron.wsgi [-] 10.0.0.23 "GET / HTTP/1.1" status: 200 len: 246 time: 0.0019004
2026-06-27 06:26:54.669 9 INFO neutron.wsgi [-] 10.0.0.23 "GET / HTTP/1.1" status: 200 len: 246 time: 0.0019972
2026-06-27 06:27:09.670 10 INFO neutron.wsgi [-] 10.0.0.23 "GET / HTTP/1.1" status: 200 len: 246 time: 0.0020916
2026-06-27 06:27:09.672 10 INFO neutron.wsgi [-] 10.0.0.23 "GET / HTTP/1.1" status: 200 len: 246 time: 0.0018737
2026-06-27 06:27:24.671 9 INFO neutron.wsgi [-] 10.0.0.23 "GET / HTTP/1.1" status: 200 len: 246 time: 0.0035191
2026-06-27 06:27:24.671 10 INFO neutron.wsgi [-] 10.0.0.23 "GET / HTTP/1.1" status: 200 len: 246 time: 0.0043447
2026-06-27 06:27:39.670 9 INFO neutron.wsgi [-] 10.0.0.23 "GET / HTTP/1.1" status: 200 len: 246 time: 0.0026319
2026-06-27 06:27:39.673 9 INFO neutron.wsgi [-] 10.0.0.23 "GET / HTTP/1.1" status: 200 len: 246 time: 0.0021033
2026-06-27 06:27:43.352 15 INFO neutron.db.ovn_revision_numbers_db [None req-bada2ae5-d5e0-4f33-b430-a56cc5ff5441 - - - - - -] Successfully bumped revision number for resource 00fc542e-96a6-49a1-a1d4-5b163dac89fa (type: networks) to 2
2026-06-27 06:27:43.400 15 INFO neutron.db.ovn_revision_numbers_db [None req-bada2ae5-d5e0-4f33-b430-a56cc5ff5441 - - - - - -] Successfully bumped revision number for resource 0dad964f-821b-440f-8f35-2e4379834e04 (type: security_groups) to 6
2026-06-27 06:27:43.440 15 INFO neutron.db.ovn_revision_numbers_db [None req-bada2ae5-d5e0-4f33-b430-a56cc5ff5441 - - - - - -] Successfully bumped revision number for resource e8e3dc28-c89c-45ce-9785-8eb81d7fa959 (type: security_groups) to 3
2026-06-27 06:27:43.663 15 INFO neutron.db.ovn_revision_numbers_db [None req-bada2ae5-d5e0-4f33-b430-a56cc5ff5441 - - - - - -] Successfully bumped revision number for resource 323eb2f7-9e81-4123-b16d-e6b032157b42 (type: ports) to 3
2026-06-27 06:27:43.664 15 INFO neutron.plugins.ml2.drivers.ovn.mech_driver.ovsdb.maintenance [None req-bada2ae5-d5e0-4f33-b430-a56cc5ff5441 - - - - - -] Maintenance task: Synchronization finished (took 0.43 seconds)
2026-06-27 06:27:54.669 10 INFO neutron.wsgi [-] 10.0.0.23 "GET / HTTP/1.1" status: 200 len: 246 time: 0.0020039
2026-06-27 06:27:54.671 9 INFO neutron.wsgi [-] 10.0.0.23 "GET / HTTP/1.1" status: 200 len: 246 time: 0.0040979
2026-06-27 06:28:09.669 10 INFO neutron.wsgi [-] 10.0.0.23 "GET / HTTP/1.1" status: 200 len: 246 time: 0.0019083
2026-06-27 06:28:09.671 10 INFO neutron.wsgi [-] 10.0.0.23 "GET / HTTP/1.1" status: 200 len: 246 time: 0.0013080 /var/lib/openstack/lib/python3.10/site-packages/pycadf/identifier.py:71: UserWarning: Invalid uuid: neutron. To ensure interoperability, identifiers should be a valid uuid. warnings.warn(('Invalid uuid: %s. To ensure interoperability, '
2026-06-27 06:28:18.985 10 INFO neutron.pecan_wsgi.hooks.translation [None req-84f9d8af-5489-4d6c-954a-b34820e4b3b9 747ff5e0439b4ccc9c1a7272c756d760 9df833ed5b48448aa31d39190560de01 - - default default] GET failed (client error): The resource could not be found.
2026-06-27 06:28:18.988 10 INFO neutron.wsgi [None req-84f9d8af-5489-4d6c-954a-b34820e4b3b9 747ff5e0439b4ccc9c1a7272c756d760 9df833ed5b48448aa31d39190560de01 - - default default] 199.204.45.72 "GET /v2.0/ports/octavia-health-manager-port-instance HTTP/1.1" status: 404 len: 338 time: 0.1646290
2026-06-27 06:28:19.027 10 INFO neutron.wsgi [None req-963dd9a4-ed45-4c01-a242-f2b5633756f9 747ff5e0439b4ccc9c1a7272c756d760 9df833ed5b48448aa31d39190560de01 - - default default] 199.204.45.72 "GET /v2.0/ports?name=octavia-health-manager-port-instance HTTP/1.1" status: 200 len: 1421 time: 0.0326972
2026-06-27 06:28:21.015 10 INFO neutron.pecan_wsgi.hooks.translation [None req-3f3d0eae-f182-4da1-afca-beb0a852b191 747ff5e0439b4ccc9c1a7272c756d760 9df833ed5b48448aa31d39190560de01 - - default default] GET failed (client error): The resource could not be found.
2026-06-27 06:28:21.017 10 INFO neutron.wsgi [None req-3f3d0eae-f182-4da1-afca-beb0a852b191 747ff5e0439b4ccc9c1a7272c756d760 9df833ed5b48448aa31d39190560de01 - - default default] 199.204.45.72 "GET /v2.0/ports/octavia-health-manager-port-instance HTTP/1.1" status: 404 len: 338 time: 0.1125948
2026-06-27 06:28:21.098 10 INFO neutron.wsgi [None req-0221d0f4-738a-49ca-89ce-59f62be4123e 747ff5e0439b4ccc9c1a7272c756d760 9df833ed5b48448aa31d39190560de01 - - default default] 199.204.45.72 "GET /v2.0/ports?name=octavia-health-manager-port-instance HTTP/1.1" status: 200 len: 1421 time: 0.0738952
2026-06-27 06:28:22.772 10 INFO neutron.plugins.ml2.drivers.ovn.mech_driver.mech_driver [-] OVN reports status up for port: 323eb2f7-9e81-4123-b16d-e6b032157b42
2026-06-27 06:28:22.785 10 INFO neutron.plugins.ml2.plugin [None req-cb51d884-b8cc-45bf-b765-1914a56a47a0 - - - - - -] Attempt 1 to provision port 323eb2f7-9e81-4123-b16d-e6b032157b42
2026-06-27 06:28:23.073 10 INFO neutron.db.ovn_revision_numbers_db [None req-cb51d884-b8cc-45bf-b765-1914a56a47a0 - - - - - -] Successfully bumped revision number for resource 323eb2f7-9e81-4123-b16d-e6b032157b42 (type: ports) to 4
2026-06-27 06:28:24.669 9 INFO neutron.wsgi [-] 10.0.0.23 "GET / HTTP/1.1" status: 200 len: 246 time: 0.0019181
2026-06-27 06:28:24.669 10 INFO neutron.wsgi [-] 10.0.0.23 "GET / HTTP/1.1" status: 200 len: 246 time: 0.0020037
2026-06-27 06:28:39.670 9 INFO neutron.wsgi [-] 10.0.0.23 "GET / HTTP/1.1" status: 200 len: 246 time: 0.0023978
2026-06-27 06:28:39.670 10 INFO neutron.wsgi [-] 10.0.0.23 "GET / HTTP/1.1" status: 200 len: 246 time: 0.0021317
2026-06-27 06:28:54.669 10 INFO neutron.wsgi [-] 10.0.0.23 "GET / HTTP/1.1" status: 200 len: 246 time: 0.0020351
2026-06-27 06:28:54.670 9 INFO neutron.wsgi [-] 10.0.0.23 "GET / HTTP/1.1" status: 200 len: 246 time: 0.0025079
2026-06-27 06:29:09.670 9 INFO neutron.wsgi [-] 10.0.0.23 "GET / HTTP/1.1" status: 200 len: 246 time: 0.0019643
2026-06-27 06:29:09.672 10 INFO neutron.wsgi [-] 10.0.0.23 "GET / HTTP/1.1" status: 200 len: 246 time: 0.0025780
2026-06-27 06:29:24.669 9 INFO neutron.wsgi [-] 10.0.0.23 "GET / HTTP/1.1" status: 200 len: 246 time: 0.0024605
2026-06-27 06:29:24.669 10 INFO neutron.wsgi [-] 10.0.0.23 "GET / HTTP/1.1" status: 200 len: 246 time: 0.0023184
2026-06-27 06:29:39.670 10 INFO neutron.wsgi [-] 10.0.0.23 "GET / HTTP/1.1" status: 200 len: 246 time: 0.0025983
2026-06-27 06:29:39.670 9 INFO neutron.wsgi [-] 10.0.0.23 "GET / HTTP/1.1" status: 200 len: 246 time: 0.0028470
2026-06-27 06:29:54.670 9 INFO neutron.wsgi [-] 10.0.0.23 "GET / HTTP/1.1" status: 200 len: 246 time: 0.0027843
2026-06-27 06:29:54.670 10 INFO neutron.wsgi [-] 10.0.0.23 "GET / HTTP/1.1" status: 200 len: 246 time: 0.0031297
2026-06-27 06:30:09.669 10 INFO neutron.wsgi [-] 10.0.0.23 "GET / HTTP/1.1" status: 200 len: 246 time: 0.0027204
2026-06-27 06:30:09.669 9 INFO neutron.wsgi [-] 10.0.0.23 "GET / HTTP/1.1" status: 200 len: 246 time: 0.0028267
2026-06-27 06:30:24.670 9 INFO neutron.wsgi [-] 10.0.0.23 "GET / HTTP/1.1" status: 200 len: 246 time: 0.0025723
2026-06-27 06:30:24.670 10 INFO neutron.wsgi [-] 10.0.0.23 "GET / HTTP/1.1" status: 200 len: 246 time: 0.0028095
2026-06-27 06:30:39.670 9 INFO neutron.wsgi [-] 10.0.0.23 "GET / HTTP/1.1" status: 200 len: 246 time: 0.0024874
2026-06-27 06:30:39.671 10 INFO neutron.wsgi [-] 10.0.0.23 "GET / HTTP/1.1" status: 200 len: 246 time: 0.0034857
2026-06-27 06:30:54.671 10 INFO neutron.wsgi [-] 10.0.0.23 "GET / HTTP/1.1" status: 200 len: 246 time: 0.0029354
2026-06-27 06:30:54.674 10 INFO neutron.wsgi [-] 10.0.0.23 "GET / HTTP/1.1" status: 200 len: 246 time: 0.0025945
2026-06-27 06:31:09.670 9 INFO neutron.wsgi [-] 10.0.0.23 "GET / HTTP/1.1" status: 200 len: 246 time: 0.0027266
2026-06-27 06:31:09.670 10 INFO neutron.wsgi [-] 10.0.0.23 "GET / HTTP/1.1" status: 200 len: 246 time: 0.0033753
2026-06-27 06:31:24.669 9 INFO neutron.wsgi [-] 10.0.0.23 "GET / HTTP/1.1" status: 200 len: 246 time: 0.0020046
2026-06-27 06:31:24.670 10 INFO neutron.wsgi [-] 10.0.0.23 "GET / HTTP/1.1" status: 200 len: 246 time: 0.0026526
2026-06-27 06:31:39.670 9 INFO neutron.wsgi [-] 10.0.0.23 "GET / HTTP/1.1" status: 200 len: 246 time: 0.0032470
2026-06-27 06:31:39.670 10 INFO neutron.wsgi [-] 10.0.0.23 "GET / HTTP/1.1" status: 200 len: 246 time: 0.0030599
2026-06-27 06:31:54.671 9 INFO neutron.wsgi [-] 10.0.0.23 "GET / HTTP/1.1" status: 200 len: 246 time: 0.0028877
2026-06-27 06:31:54.672 10 INFO neutron.wsgi [-] 10.0.0.23 "GET / HTTP/1.1" status: 200 len: 246 time: 0.0047219
2026-06-27 06:32:09.670 9 INFO neutron.wsgi [-] 10.0.0.23 "GET / HTTP/1.1" status: 200 len: 246 time: 0.0028925
2026-06-27 06:32:09.670 10 INFO neutron.wsgi [-] 10.0.0.23 "GET / HTTP/1.1" status: 200 len: 246 time: 0.0030684
2026-06-27 06:32:24.671 10 INFO neutron.wsgi [-] 10.0.0.23 "GET / HTTP/1.1" status: 200 len: 246 time: 0.0029790
2026-06-27 06:32:24.671 9 INFO neutron.wsgi [-] 10.0.0.23 "GET / HTTP/1.1" status: 200 len: 246 time: 0.0033417
2026-06-27 06:32:39.669 10 INFO neutron.wsgi [-] 10.0.0.23 "GET / HTTP/1.1" status: 200 len: 246 time: 0.0020902
2026-06-27 06:32:39.673 9 INFO neutron.wsgi [-] 10.0.0.23 "GET / HTTP/1.1" status: 200 len: 246 time: 0.0064988
2026-06-27 06:32:54.670 10 INFO neutron.wsgi [-] 10.0.0.23 "GET / HTTP/1.1" status: 200 len: 246 time: 0.0027311
2026-06-27 06:32:54.671 9 INFO neutron.wsgi [-] 10.0.0.23 "GET / HTTP/1.1" status: 200 len: 246 time: 0.0037053
2026-06-27 06:33:09.670 9 INFO neutron.wsgi [-] 10.0.0.23 "GET / HTTP/1.1" status: 200 len: 246 time: 0.0027273
2026-06-27 06:33:09.670 10 INFO neutron.wsgi [-] 10.0.0.23 "GET / HTTP/1.1" status: 200 len: 246 time: 0.0027320
2026-06-27 06:33:24.671 9 INFO neutron.wsgi [-] 10.0.0.23 "GET / HTTP/1.1" status: 200 len: 246 time: 0.0031977
2026-06-27 06:33:24.679 9 INFO neutron.wsgi [-] 10.0.0.23 "GET / HTTP/1.1" status: 200 len: 246 time: 0.0057354
2026-06-27 06:33:39.668 9 INFO neutron.wsgi [-] 10.0.0.23 "GET / HTTP/1.1" status: 200 len: 246 time: 0.0014999
2026-06-27 06:33:39.671 10 INFO neutron.wsgi [-] 10.0.0.23 "GET / HTTP/1.1" status: 200 len: 246 time: 0.0041096
2026-06-27 06:33:54.670 10 INFO neutron.wsgi [-] 10.0.0.23 "GET / HTTP/1.1" status: 200 len: 246 time: 0.0026801
2026-06-27 06:33:54.670 9 INFO neutron.wsgi [-] 10.0.0.23 "GET / HTTP/1.1" status: 200 len: 246 time: 0.0032706
2026-06-27 06:34:09.719 10 INFO neutron.wsgi [-] 10.0.0.23 "GET / HTTP/1.1" status: 200 len: 246 time: 0.0030432
2026-06-27 06:34:09.723 10 INFO neutron.wsgi [-] 10.0.0.23 "GET / HTTP/1.1" status: 200 len: 246 time: 0.0027187
2026-06-27 06:34:24.668 9 INFO neutron.wsgi [-] 10.0.0.23 "GET / HTTP/1.1" status: 200 len: 246 time: 0.0019054
2026-06-27 06:34:24.670 10 INFO neutron.wsgi [-] 10.0.0.23 "GET / HTTP/1.1" status: 200 len: 246 time: 0.0029094
2026-06-27 06:34:39.669 10 INFO neutron.wsgi [-] 10.0.0.23 "GET / HTTP/1.1" status: 200 len: 246 time: 0.0020289
2026-06-27 06:34:39.671 9 INFO neutron.wsgi [-] 10.0.0.23 "GET / HTTP/1.1" status: 200 len: 246 time: 0.0039032
2026-06-27 06:34:43.658 9 INFO neutron.db.ovn_revision_numbers_db [None req-5e173886-c99a-4658-9129-a299dff67ef6 747ff5e0439b4ccc9c1a7272c756d760 9df833ed5b48448aa31d39190560de01 - - default default] Successfully bumped revision number for resource ed20b858-9052-49f2-9509-1a0fcacf9b2d (type: security_groups) to 1
2026-06-27 06:34:43.671 9 INFO neutron.db.ovn_revision_numbers_db [None req-5e173886-c99a-4658-9129-a299dff67ef6 747ff5e0439b4ccc9c1a7272c756d760 9df833ed5b48448aa31d39190560de01 - - default default] Successfully bumped revision number for resource 1827925c-e74f-4ed0-96ee-6fb17157e8a5 (type: security_group_rules) to 0
2026-06-27 06:34:43.687 9 INFO neutron.db.ovn_revision_numbers_db [None req-5e173886-c99a-4658-9129-a299dff67ef6 747ff5e0439b4ccc9c1a7272c756d760 9df833ed5b48448aa31d39190560de01 - - default default] Successfully bumped revision number for resource 61ea17dc-92cf-4a3b-83af-cd56b56bed8d (type: security_group_rules) to 0
2026-06-27 06:34:43.699 9 INFO neutron.db.ovn_revision_numbers_db [None req-5e173886-c99a-4658-9129-a299dff67ef6 747ff5e0439b4ccc9c1a7272c756d760 9df833ed5b48448aa31d39190560de01 - - default default] Successfully bumped revision number for resource 76df821a-5de8-4e15-978c-cd08ac24eb99 (type: security_group_rules) to 0
2026-06-27 06:34:43.711 9 INFO neutron.db.ovn_revision_numbers_db [None req-5e173886-c99a-4658-9129-a299dff67ef6 747ff5e0439b4ccc9c1a7272c756d760 9df833ed5b48448aa31d39190560de01 - - default default] Successfully bumped revision number for resource d68c7e2f-5f4b-453d-b01e-aecccf3ea07e (type: security_group_rules) to 0
2026-06-27 06:34:43.731 9 INFO neutron.wsgi [None req-5e173886-c99a-4658-9129-a299dff67ef6 747ff5e0439b4ccc9c1a7272c756d760 9df833ed5b48448aa31d39190560de01 - - default default] 199.204.45.72,10.0.0.23 "GET /v2.0/security-groups?tenant_id=81c8187c5ad14f30afa22e1247fda87b HTTP/1.1" status: 200 len: 2973 time: 0.4060819
2026-06-27 06:34:43.863 9 INFO neutron.db.ovn_revision_numbers_db [None req-9b2b73a8-6507-4c66-a8e8-e55ff0ea3168 747ff5e0439b4ccc9c1a7272c756d760 9df833ed5b48448aa31d39190560de01 - - default default] Successfully bumped revision number for resource 8c0a0c26-ddfb-412c-b299-5c3987a75976 (type: security_groups) to 1
2026-06-27 06:34:43.878 9 INFO neutron.db.ovn_revision_numbers_db [None req-9b2b73a8-6507-4c66-a8e8-e55ff0ea3168 747ff5e0439b4ccc9c1a7272c756d760 9df833ed5b48448aa31d39190560de01 - - default default] Successfully bumped revision number for resource 091c6626-2fb8-49b5-97a5-ebd527f9709d (type: security_group_rules) to 0
2026-06-27 06:34:43.890 9 INFO neutron.db.ovn_revision_numbers_db [None req-9b2b73a8-6507-4c66-a8e8-e55ff0ea3168 747ff5e0439b4ccc9c1a7272c756d760 9df833ed5b48448aa31d39190560de01 - - default default] Successfully bumped revision number for resource 1b0b9deb-cbc0-4e81-838a-cca65ed35e9e (type: security_group_rules) to 0
2026-06-27 06:34:43.908 9 INFO neutron.wsgi [None req-9b2b73a8-6507-4c66-a8e8-e55ff0ea3168 747ff5e0439b4ccc9c1a7272c756d760 9df833ed5b48448aa31d39190560de01 - - default default] 199.204.45.72,10.0.0.23 "POST /v2.0/security-groups HTTP/1.1" status: 201 len: 1741 time: 0.1698077
2026-06-27 06:34:44.838 9 INFO neutron.wsgi [None req-f87ac81d-300c-4a6c-9128-c150056d4334 747ff5e0439b4ccc9c1a7272c756d760 9df833ed5b48448aa31d39190560de01 - - default default] 199.204.45.72,10.0.0.23 "GET /v2.0/security-groups?tenant_id=81c8187c5ad14f30afa22e1247fda87b HTTP/1.1" status: 200 len: 4515 time: 0.0696242
2026-06-27 06:34:44.901 9 INFO neutron.wsgi [None req-8fae9145-094f-4ca5-8bed-a73fac2b3755 747ff5e0439b4ccc9c1a7272c756d760 9df833ed5b48448aa31d39190560de01 - - default default] 199.204.45.72,10.0.0.23 "GET /v2.0/security-groups HTTP/1.1" status: 200 len: 14480 time: 0.0523796
2026-06-27 06:34:45.019 9 INFO neutron.db.ovn_revision_numbers_db [None req-371e6e80-d65d-4987-abe3-fc2b6ea4f4f7 747ff5e0439b4ccc9c1a7272c756d760 9df833ed5b48448aa31d39190560de01 - - default default] Successfully bumped revision number for resource c07a2771-572a-4742-bf89-056b3253598e (type: security_group_rules) to 0
2026-06-27 06:34:45.042 9 INFO neutron.wsgi [None req-371e6e80-d65d-4987-abe3-fc2b6ea4f4f7 747ff5e0439b4ccc9c1a7272c756d760 9df833ed5b48448aa31d39190560de01 - - default default] 199.204.45.72,10.0.0.23 "POST /v2.0/security-group-rules HTTP/1.1" status: 201 len: 745 time: 0.1306005
2026-06-27 06:34:45.914 9 INFO neutron.wsgi [None req-3135969e-68d8-4511-9639-a94564f4261b 747ff5e0439b4ccc9c1a7272c756d760 9df833ed5b48448aa31d39190560de01 - - default default] 199.204.45.72,10.0.0.23 "GET /v2.0/security-groups?tenant_id=81c8187c5ad14f30afa22e1247fda87b HTTP/1.1" status: 200 len: 5093 time: 0.0766816
2026-06-27 06:34:45.966 9 INFO neutron.wsgi [None req-9dfaf19c-e468-45f0-823a-5253956db9d8 747ff5e0439b4ccc9c1a7272c756d760 9df833ed5b48448aa31d39190560de01 - - default default] 199.204.45.72,10.0.0.23 "GET /v2.0/security-groups HTTP/1.1" status: 200 len: 15058 time: 0.0464034
2026-06-27 06:34:46.087 9 INFO neutron.db.ovn_revision_numbers_db [None req-d546941a-cdd6-4d1a-a80e-237418751363 747ff5e0439b4ccc9c1a7272c756d760 9df833ed5b48448aa31d39190560de01 - - default default] Successfully bumped revision number for resource 692d095b-bd12-4df7-867b-5dd6ce4d0d8d (type: security_group_rules) to 0
2026-06-27 06:34:46.108 9 INFO neutron.wsgi [None req-d546941a-cdd6-4d1a-a80e-237418751363 747ff5e0439b4ccc9c1a7272c756d760 9df833ed5b48448aa31d39190560de01 - - default default] 199.204.45.72,10.0.0.23 "POST /v2.0/security-group-rules HTTP/1.1" status: 201 len: 747 time: 0.1325846
2026-06-27 06:34:46.981 9 INFO neutron.wsgi [None req-191c7464-2c85-469c-bee6-a0e99bf4e4bc 747ff5e0439b4ccc9c1a7272c756d760 9df833ed5b48448aa31d39190560de01 - - default default] 199.204.45.72,10.0.0.23 "GET /v2.0/security-groups?tenant_id=81c8187c5ad14f30afa22e1247fda87b HTTP/1.1" status: 200 len: 5673 time: 0.0691755
2026-06-27 06:34:47.039 9 INFO neutron.wsgi [None req-1a0cd961-c00a-41c8-b9ce-e95633c61d77 747ff5e0439b4ccc9c1a7272c756d760 9df833ed5b48448aa31d39190560de01 - - default default] 199.204.45.72,10.0.0.23 "GET /v2.0/security-groups HTTP/1.1" status: 200 len: 15638 time: 0.0485754
2026-06-27 06:34:47.192 9 INFO neutron.db.ovn_revision_numbers_db [None req-dc7b5c27-5886-4b8f-87d2-11c205d50617 747ff5e0439b4ccc9c1a7272c756d760 9df833ed5b48448aa31d39190560de01 - - default default] Successfully bumped revision number for resource 94b135d9-1713-4251-9137-d40ad7af073c (type: security_group_rules) to 0
2026-06-27 06:34:47.217 9 INFO neutron.wsgi [None req-dc7b5c27-5886-4b8f-87d2-11c205d50617 747ff5e0439b4ccc9c1a7272c756d760 9df833ed5b48448aa31d39190560de01 - - default default] 199.204.45.72,10.0.0.23 "POST /v2.0/security-group-rules HTTP/1.1" status: 201 len: 749 time: 0.1672242
2026-06-27 06:34:48.207 9 INFO neutron.wsgi [None req-abf651ec-cb0a-4e5f-9eb7-52d928ceea52 747ff5e0439b4ccc9c1a7272c756d760 9df833ed5b48448aa31d39190560de01 - - default default] 199.204.45.72,10.0.0.23 "GET /v2.0/security-groups?tenant_id=81c8187c5ad14f30afa22e1247fda87b HTTP/1.1" status: 200 len: 6255 time: 0.0853608
2026-06-27 06:34:48.265 9 INFO neutron.wsgi [None req-8cadde9e-ad33-42e1-8447-7112f63e03cd 747ff5e0439b4ccc9c1a7272c756d760 9df833ed5b48448aa31d39190560de01 - - default default] 199.204.45.72,10.0.0.23 "GET /v2.0/security-groups HTTP/1.1" status: 200 len: 16220 time: 0.0479426
2026-06-27 06:34:48.399 9 INFO neutron.db.ovn_revision_numbers_db [None req-2a0224ac-107b-4f29-acc4-997cdb41e006 747ff5e0439b4ccc9c1a7272c756d760 9df833ed5b48448aa31d39190560de01 - - default default] Successfully bumped revision number for resource ab74ea74-b0fa-41c2-8f93-2a30917b9e8d (type: security_group_rules) to 0
2026-06-27 06:34:48.421 9 INFO neutron.wsgi [None req-2a0224ac-107b-4f29-acc4-997cdb41e006 747ff5e0439b4ccc9c1a7272c756d760 9df833ed5b48448aa31d39190560de01 - - default default] 199.204.45.72,10.0.0.23 "POST /v2.0/security-group-rules HTTP/1.1" status: 201 len: 750 time: 0.1474314
2026-06-27 06:34:54.670 9 INFO neutron.wsgi [-] 10.0.0.23 "GET / HTTP/1.1" status: 200 len: 246 time: 0.0025949
2026-06-27 06:34:54.671 10 INFO neutron.wsgi [-] 10.0.0.23 "GET / HTTP/1.1" status: 200 len: 246 time: 0.0033631
2026-06-27 06:35:09.670 9 INFO neutron.wsgi [-] 10.0.0.23 "GET / HTTP/1.1" status: 200 len: 246 time: 0.0026557
2026-06-27 06:35:09.672 10 INFO neutron.wsgi [-] 10.0.0.23 "GET / HTTP/1.1" status: 200 len: 246 time: 0.0037875
2026-06-27 06:35:24.671 10 INFO neutron.wsgi [-] 10.0.0.23 "GET / HTTP/1.1" status: 200 len: 246 time: 0.0032766
2026-06-27 06:35:24.671 9 INFO neutron.wsgi [-] 10.0.0.23 "GET / HTTP/1.1" status: 200 len: 246 time: 0.0036268
2026-06-27 06:35:39.669 9 INFO neutron.wsgi [-] 10.0.0.23 "GET / HTTP/1.1" status: 200 len: 246 time: 0.0018237
2026-06-27 06:35:39.670 10 INFO neutron.wsgi [-] 10.0.0.23 "GET / HTTP/1.1" status: 200 len: 246 time: 0.0028787
2026-06-27 06:35:54.671 9 INFO neutron.wsgi [-] 10.0.0.23 "GET / HTTP/1.1" status: 200 len: 246 time: 0.0033908
2026-06-27 06:35:54.671 10 INFO neutron.wsgi [-] 10.0.0.23 "GET / HTTP/1.1" status: 200 len: 246 time: 0.0037286
2026-06-27 06:36:09.669 10 INFO neutron.wsgi [-] 10.0.0.23 "GET / HTTP/1.1" status: 200 len: 246 time: 0.0018342
2026-06-27 06:36:09.670 9 INFO neutron.wsgi [-] 10.0.0.23 "GET / HTTP/1.1" status: 200 len: 246 time: 0.0031242
2026-06-27 06:36:24.670 9 INFO neutron.wsgi [-] 10.0.0.23 "GET / HTTP/1.1" status: 200 len: 246 time: 0.0029094
2026-06-27 06:36:24.674 10 INFO neutron.wsgi [-] 10.0.0.23 "GET / HTTP/1.1" status: 200 len: 246 time: 0.0045867
2026-06-27 06:36:39.669 9 INFO neutron.wsgi [-] 10.0.0.23 "GET / HTTP/1.1" status: 200 len: 246 time: 0.0020726
2026-06-27 06:36:39.670 10 INFO neutron.wsgi [-] 10.0.0.23 "GET / HTTP/1.1" status: 200 len: 246 time: 0.0029001
