2026-06-27 06:57:25.143 10 INFO neutron.wsgi [None req-71422b49-9b6b-4003-a88e-953034221894 3946885cf9d84eb7ad74c20cc206e0be f123998a846e46a8ab8acd0bcd066219 - - default default] 10.0.0.164 "PUT /v2.0/policies/c7fb7b4a-e0c4-46b6-9daa-b7241d1eb880/tags/black.or.white HTTP/1.1" status: 201 len: 201 time: 0.0362968 /var/lib/openstack/lib/python3.10/site-packages/pycadf/identifier.py:71: UserWarning: Invalid uuid: neutron. To ensure interoperability, identifiers should be a valid uuid. warnings.warn(('Invalid uuid: %s. To ensure interoperability, '
2026-06-27 06:57:25.168 10 INFO neutron.wsgi [None req-358b7e05-159c-42fa-849d-fd3cbebf404b 3946885cf9d84eb7ad74c20cc206e0be f123998a846e46a8ab8acd0bcd066219 - - default default] 10.0.0.164 "GET /v2.0/policies/c7fb7b4a-e0c4-46b6-9daa-b7241d1eb880/tags HTTP/1.1" status: 200 len: 245 time: 0.0201495
2026-06-27 06:57:25.216 9 INFO neutron.wsgi [None req-a26233e0-8ca7-4522-9f40-76d6a004bc27 3946885cf9d84eb7ad74c20cc206e0be f123998a846e46a8ab8acd0bcd066219 - - default default] 10.0.0.164 "PUT /v2.0/policies/c7fb7b4a-e0c4-46b6-9daa-b7241d1eb880/tags HTTP/1.1" status: 200 len: 230 time: 0.0427961
2026-06-27 06:57:25.240 10 INFO neutron.wsgi [None req-ea0b355c-69a8-48cf-b6e6-74c6abd91bf4 3946885cf9d84eb7ad74c20cc206e0be f123998a846e46a8ab8acd0bcd066219 - - default default] 10.0.0.164 "GET /v2.0/policies/c7fb7b4a-e0c4-46b6-9daa-b7241d1eb880/tags HTTP/1.1" status: 200 len: 230 time: 0.0155578
2026-06-27 06:57:25.260 10 INFO neutron.wsgi [None req-a09a97ac-3b15-4ed8-bafc-602b9f71b95f 3946885cf9d84eb7ad74c20cc206e0be f123998a846e46a8ab8acd0bcd066219 - - default default] 10.0.0.164 "GET /v2.0/policies/c7fb7b4a-e0c4-46b6-9daa-b7241d1eb880/tags/red HTTP/1.1" status: 204 len: 168 time: 0.0141616
2026-06-27 06:57:25.287 10 INFO neutron.api.v2.resource [None req-399b09fc-5f22-4784-a527-fc337caa82bb 3946885cf9d84eb7ad74c20cc206e0be f123998a846e46a8ab8acd0bcd066219 - - default default] show failed (client error): The resource could not be found.
2026-06-27 06:57:25.289 10 INFO neutron.wsgi [None req-399b09fc-5f22-4784-a527-fc337caa82bb 3946885cf9d84eb7ad74c20cc206e0be f123998a846e46a8ab8acd0bcd066219 - - default default] 10.0.0.164 "GET /v2.0/policies/c7fb7b4a-e0c4-46b6-9daa-b7241d1eb880/tags/green HTTP/1.1" status: 404 len: 299 time: 0.0234313
2026-06-27 06:57:25.312 9 INFO neutron.wsgi [None req-646d244e-cc31-487a-a79d-64a09b0c7b5b 7ca6ebed472643d88c66bc393d780af0 47e1cdca6b3e48adbf8e71482fa89845 - - default default] 10.0.0.164 "DELETE /v2.0/security-groups/9fc67523-ee8c-4efc-aa75-5db88e5bafce HTTP/1.1" status: 204 len: 168 time: 0.1691236
2026-06-27 06:57:25.338 10 INFO neutron.wsgi [None req-44715585-63c6-41d2-b9f0-5f1bcef56288 3946885cf9d84eb7ad74c20cc206e0be f123998a846e46a8ab8acd0bcd066219 - - default default] 10.0.0.164 "DELETE /v2.0/policies/c7fb7b4a-e0c4-46b6-9daa-b7241d1eb880/tags/red HTTP/1.1" status: 204 len: 168 time: 0.0383706
2026-06-27 06:57:25.359 9 INFO neutron.wsgi [None req-85368558-8cd8-42c0-9fd8-c77064e7bc83 3946885cf9d84eb7ad74c20cc206e0be f123998a846e46a8ab8acd0bcd066219 - - default default] 10.0.0.164 "GET /v2.0/policies/c7fb7b4a-e0c4-46b6-9daa-b7241d1eb880/tags HTTP/1.1" status: 200 len: 223 time: 0.0140238
2026-06-27 06:57:25.381 9 INFO neutron.api.v2.resource [None req-ba1475b0-3196-458c-a45f-5a954d37f689 3946885cf9d84eb7ad74c20cc206e0be f123998a846e46a8ab8acd0bcd066219 - - default default] delete failed (client error): The resource could not be found.
2026-06-27 06:57:25.382 9 INFO neutron.wsgi [None req-ba1475b0-3196-458c-a45f-5a954d37f689 3946885cf9d84eb7ad74c20cc206e0be f123998a846e46a8ab8acd0bcd066219 - - default default] 10.0.0.164 "DELETE /v2.0/policies/c7fb7b4a-e0c4-46b6-9daa-b7241d1eb880/tags/green HTTP/1.1" status: 404 len: 299 time: 0.0178950
2026-06-27 06:57:25.417 9 INFO neutron.wsgi [None req-343f190c-b028-4dbf-b222-67c6dd6c20a5 3946885cf9d84eb7ad74c20cc206e0be f123998a846e46a8ab8acd0bcd066219 - - default default] 10.0.0.164 "DELETE /v2.0/policies/c7fb7b4a-e0c4-46b6-9daa-b7241d1eb880/tags HTTP/1.1" status: 204 len: 168 time: 0.0281901
2026-06-27 06:57:25.440 10 INFO neutron.wsgi [None req-3efa8389-9514-4fb4-aeb9-f35d87f7392d 3946885cf9d84eb7ad74c20cc206e0be f123998a846e46a8ab8acd0bcd066219 - - default default] 10.0.0.164 "GET /v2.0/policies/c7fb7b4a-e0c4-46b6-9daa-b7241d1eb880/tags HTTP/1.1" status: 200 len: 205 time: 0.0166888
2026-06-27 06:57:25.544 9 INFO neutron.wsgi [None req-43182605-d37a-4861-a2ec-32dea0ab3641 3946885cf9d84eb7ad74c20cc206e0be f123998a846e46a8ab8acd0bcd066219 - - default default] 10.0.0.164 "DELETE /v2.0/qos/policies/c7fb7b4a-e0c4-46b6-9daa-b7241d1eb880 HTTP/1.1" status: 204 len: 168 time: 0.0922432
2026-06-27 06:57:25.758 10 INFO neutron.wsgi [None req-7beaabf3-a76f-436d-b1c6-ce3f3c0864bb 7ca6ebed472643d88c66bc393d780af0 47e1cdca6b3e48adbf8e71482fa89845 - - default default] 10.0.0.164 "DELETE /v2.0/floatingips/e8f5dae1-8102-4f42-a58d-9af45a6bbc03 HTTP/1.1" status: 204 len: 168 time: 0.4121637
2026-06-27 06:57:25.966 10 INFO neutron.plugins.ml2.drivers.ovn.mech_driver.mech_driver [None req-cb51d884-b8cc-45bf-b765-1914a56a47a0 - - - - - -] OVN reports status down for port: a438aeaf-dede-46e8-9b49-799a7bbdd681
2026-06-27 06:57:25.976 10 INFO neutron.wsgi [req-8102c486-021c-432a-a7eb-5a2f9e4241f2 req-6823d746-aa56-49ae-a3a3-5fd57c5e5888 7ca6ebed472643d88c66bc393d780af0 47e1cdca6b3e48adbf8e71482fa89845 - - default default] 10.0.0.139 "GET /v2.0/ports?device_id=200716cb-ee57-494b-ac7f-394f878ee629 HTTP/1.1" status: 200 len: 1170 time: 0.0558622
2026-06-27 06:57:26.047 10 INFO neutron.wsgi [req-8102c486-021c-432a-a7eb-5a2f9e4241f2 req-89a6ceeb-1dfa-4bdc-9cf3-432b7e7b9d78 7ca6ebed472643d88c66bc393d780af0 47e1cdca6b3e48adbf8e71482fa89845 - - default default] 10.0.0.139 "GET /v2.0/security-groups?id=dddf5df4-3a3e-4f47-a159-fc13cd28d635&fields=id&fields=name HTTP/1.1" status: 200 len: 313 time: 0.0558090
2026-06-27 06:57:26.175 10 INFO neutron.notifiers.nova [-] Nova event matching ['req-b82b25f0-d588-4618-aa0e-0c3d492ae352'] response: {'server_uuid': '200716cb-ee57-494b-ac7f-394f878ee629', 'name': 'network-vif-unplugged', 'status': 'completed', 'tag': 'a438aeaf-dede-46e8-9b49-799a7bbdd681', 'code': 200}
2026-06-27 06:57:26.300 10 INFO neutron.wsgi [None req-3ad8179a-ba78-4922-9931-c9b1209c548f 747ff5e0439b4ccc9c1a7272c756d760 9df833ed5b48448aa31d39190560de01 - - default default] 199.204.45.72 "GET /v2.0/extensions/security-group HTTP/1.1" status: 200 len: 369 time: 0.1280453
2026-06-27 06:57:26.314 10 INFO neutron.wsgi [None req-bc35ec8f-0b75-4e53-8da7-63a8d1a70663 747ff5e0439b4ccc9c1a7272c756d760 9df833ed5b48448aa31d39190560de01 - - default default] 199.204.45.72 "GET /v2.0/extensions/dns-integration HTTP/1.1" status: 200 len: 371 time: 0.0076830
2026-06-27 06:57:26.315 9 INFO neutron.wsgi [req-a8841208-a03a-45bb-8f93-14a923dc7da9 req-0671894c-ce64-4e1b-8b13-12bb38b1621a 7ca6ebed472643d88c66bc393d780af0 47e1cdca6b3e48adbf8e71482fa89845 - - default default] 199.204.45.72 "GET /v2.0/ports?device_id=200716cb-ee57-494b-ac7f-394f878ee629 HTTP/1.1" status: 200 len: 1168 time: 0.0611320
2026-06-27 06:57:26.327 10 INFO neutron.wsgi [None req-0f2528a0-64bc-4d2f-9c56-ba0d25503aba 747ff5e0439b4ccc9c1a7272c756d760 9df833ed5b48448aa31d39190560de01 - - default default] 199.204.45.72 "GET /v2.0/extensions/qos HTTP/1.1" status: 200 len: 365 time: 0.0071127
2026-06-27 06:57:26.338 10 INFO neutron.wsgi [None req-1538aaf6-938f-4ccf-9e16-273c45a37bdd 747ff5e0439b4ccc9c1a7272c756d760 9df833ed5b48448aa31d39190560de01 - - default default] 199.204.45.72 "GET /v2.0/extensions/allowed-address-pairs HTTP/1.1" status: 200 len: 383 time: 0.0036240
2026-06-27 06:57:26.383 10 INFO neutron.wsgi [None req-4953afc2-2603-4e3b-8e10-92bd9c35b3b7 747ff5e0439b4ccc9c1a7272c756d760 9df833ed5b48448aa31d39190560de01 - - default default] 199.204.45.72 "GET /v2.0/ports/09ca7d60-dbc5-43d2-980a-819e191f4c21 HTTP/1.1" status: 200 len: 1328 time: 0.0358508
2026-06-27 06:57:26.392 10 INFO neutron.db.ovn_revision_numbers_db [None req-cb51d884-b8cc-45bf-b765-1914a56a47a0 - - - - - -] Successfully bumped revision number for resource a438aeaf-dede-46e8-9b49-799a7bbdd681 (type: ports) to 5 /var/lib/openstack/lib/python3.10/site-packages/pycadf/identifier.py:71: UserWarning: Invalid uuid: neutron. To ensure interoperability, identifiers should be a valid uuid. warnings.warn(('Invalid uuid: %s. To ensure interoperability, '
2026-06-27 06:57:26.527 10 INFO neutron.wsgi [None req-6aad90f6-2534-4960-a812-40ef557009a0 747ff5e0439b4ccc9c1a7272c756d760 9df833ed5b48448aa31d39190560de01 - - default default] 199.204.45.72 "GET /v2.0/extensions/security-group HTTP/1.1" status: 200 len: 369 time: 0.0114398
2026-06-27 06:57:26.542 10 INFO neutron.wsgi [None req-be0974eb-0db5-4d36-bc75-4875d88b0a2d 747ff5e0439b4ccc9c1a7272c756d760 9df833ed5b48448aa31d39190560de01 - - default default] 199.204.45.72 "GET /v2.0/extensions/dns-integration HTTP/1.1" status: 200 len: 371 time: 0.0082784
2026-06-27 06:57:26.556 10 INFO neutron.wsgi [None req-1c1982db-9728-4f41-9a22-87b8160e4387 747ff5e0439b4ccc9c1a7272c756d760 9df833ed5b48448aa31d39190560de01 - - default default] 199.204.45.72 "GET /v2.0/extensions/qos HTTP/1.1" status: 200 len: 365 time: 0.0071566
2026-06-27 06:57:26.557 9 INFO neutron.db.ovn_revision_numbers_db [None req-6fb5a7d0-479f-4d7d-b4fe-e6a5b8b7a6df 747ff5e0439b4ccc9c1a7272c756d760 9df833ed5b48448aa31d39190560de01 - - default default] Successfully bumped revision number for resource 1640bf6f-2abe-49d0-a7ea-c6e91e9f52c9 (type: security_groups) to 1
2026-06-27 06:57:26.576 9 INFO neutron.db.ovn_revision_numbers_db [None req-6fb5a7d0-479f-4d7d-b4fe-e6a5b8b7a6df 747ff5e0439b4ccc9c1a7272c756d760 9df833ed5b48448aa31d39190560de01 - - default default] Successfully bumped revision number for resource 2fb1d1fa-a0fd-42f8-87f9-2b90053995fa (type: security_group_rules) to 0
2026-06-27 06:57:26.583 10 INFO neutron.wsgi [None req-dc5c6bf8-6019-4ab9-ab1b-a32e5909dee9 747ff5e0439b4ccc9c1a7272c756d760 9df833ed5b48448aa31d39190560de01 - - default default] 199.204.45.72 "GET /v2.0/extensions/allowed-address-pairs HTTP/1.1" status: 200 len: 383 time: 0.0157111
2026-06-27 06:57:26.593 9 INFO neutron.db.ovn_revision_numbers_db [None req-6fb5a7d0-479f-4d7d-b4fe-e6a5b8b7a6df 747ff5e0439b4ccc9c1a7272c756d760 9df833ed5b48448aa31d39190560de01 - - default default] Successfully bumped revision number for resource 51395305-6519-4a12-8d3e-9f99d7a3d643 (type: security_group_rules) to 0
2026-06-27 06:57:26.619 9 INFO neutron.db.ovn_revision_numbers_db [None req-6fb5a7d0-479f-4d7d-b4fe-e6a5b8b7a6df 747ff5e0439b4ccc9c1a7272c756d760 9df833ed5b48448aa31d39190560de01 - - default default] Successfully bumped revision number for resource 69f375ad-d50c-4087-866c-9d9ee12e9983 (type: security_group_rules) to 0
2026-06-27 06:57:26.635 10 INFO neutron.wsgi [None req-e0216ab2-8390-4b98-bb27-0acfa957a7f5 747ff5e0439b4ccc9c1a7272c756d760 9df833ed5b48448aa31d39190560de01 - - default default] 199.204.45.72 "GET /v2.0/security-groups?name=lb-01af751c-ad81-450d-92a6-1e78623130f9 HTTP/1.1" status: 200 len: 221 time: 0.0443618
2026-06-27 06:57:26.640 9 INFO neutron.db.ovn_revision_numbers_db [None req-6fb5a7d0-479f-4d7d-b4fe-e6a5b8b7a6df 747ff5e0439b4ccc9c1a7272c756d760 9df833ed5b48448aa31d39190560de01 - - default default] Successfully bumped revision number for resource d4a78b8e-cfd1-43eb-98c0-29ab20833d3d (type: security_group_rules) to 0
2026-06-27 06:57:26.668 9 INFO neutron.wsgi [None req-6fb5a7d0-479f-4d7d-b4fe-e6a5b8b7a6df 747ff5e0439b4ccc9c1a7272c756d760 9df833ed5b48448aa31d39190560de01 - - default default] 10.0.0.164 "GET /v2.0/security-groups?tenant_id=0ddbc135567a416b90b72fdd8e541ca8&name=default HTTP/1.1" status: 200 len: 2996 time: 0.4318104
2026-06-27 06:57:26.687 9 INFO neutron.wsgi [req-a8841208-a03a-45bb-8f93-14a923dc7da9 req-d5c08a1e-ee2c-499b-9aa4-8090b4f7ae99 7ca6ebed472643d88c66bc393d780af0 47e1cdca6b3e48adbf8e71482fa89845 - - default default] 199.204.45.72 "DELETE /v2.0/ports/a438aeaf-dede-46e8-9b49-799a7bbdd681 HTTP/1.1" status: 204 len: 173 time: 0.3661880
2026-06-27 06:57:26.758 10 INFO neutron.db.ovn_revision_numbers_db [None req-3d1ab7c8-5853-4338-9571-8ea71fc54652 747ff5e0439b4ccc9c1a7272c756d760 9df833ed5b48448aa31d39190560de01 - - default default] Successfully bumped revision number for resource c6977a35-c4d5-4089-a05f-786db5f16bc4 (type: security_groups) to 1
2026-06-27 06:57:26.772 10 INFO neutron.db.ovn_revision_numbers_db [None req-3d1ab7c8-5853-4338-9571-8ea71fc54652 747ff5e0439b4ccc9c1a7272c756d760 9df833ed5b48448aa31d39190560de01 - - default default] Successfully bumped revision number for resource 1f139fce-dbb5-44b5-8795-e03906602d0a (type: security_group_rules) to 0
2026-06-27 06:57:26.789 10 INFO neutron.db.ovn_revision_numbers_db [None req-3d1ab7c8-5853-4338-9571-8ea71fc54652 747ff5e0439b4ccc9c1a7272c756d760 9df833ed5b48448aa31d39190560de01 - - default default] Successfully bumped revision number for resource 92191d0b-4fea-4efe-903f-93370aa464e9 (type: security_group_rules) to 0
2026-06-27 06:57:26.810 10 INFO neutron.wsgi [None req-3d1ab7c8-5853-4338-9571-8ea71fc54652 747ff5e0439b4ccc9c1a7272c756d760 9df833ed5b48448aa31d39190560de01 - - default default] 199.204.45.72 "POST /v2.0/security-groups HTTP/1.1" status: 201 len: 1777 time: 0.1682429
2026-06-27 06:57:26.852 10 INFO neutron.wsgi [None req-85b63a9e-92b7-40ae-beee-19dfa7718f7d 747ff5e0439b4ccc9c1a7272c756d760 9df833ed5b48448aa31d39190560de01 - - default default] 199.204.45.72 "GET /v2.0/security-group-rules?security_group_id=c6977a35-c4d5-4089-a05f-786db5f16bc4 HTTP/1.1" status: 200 len: 1318 time: 0.0340190
2026-06-27 06:57:26.902 9 INFO neutron.wsgi [None req-3fcb6a2d-cdba-44c7-870e-27fe890c2e99 747ff5e0439b4ccc9c1a7272c756d760 9df833ed5b48448aa31d39190560de01 - - default default] 10.0.0.164 "DELETE /v2.0/security-groups/1640bf6f-2abe-49d0-a7ea-c6e91e9f52c9 HTTP/1.1" status: 204 len: 168 time: 0.2280777
2026-06-27 06:57:27.042 9 INFO neutron.notifiers.nova [-] Nova event matching ['req-d6da6854-4242-4b52-999b-7aa2559db4f0'] response: {'server_uuid': '200716cb-ee57-494b-ac7f-394f878ee629', 'name': 'network-vif-deleted', 'tag': 'a438aeaf-dede-46e8-9b49-799a7bbdd681', 'status': 'completed', 'code': 200}
2026-06-27 06:57:27.149 9 INFO neutron.db.ovn_revision_numbers_db [None req-94f15c9e-501c-46bd-b7ee-15e79957c1bc 747ff5e0439b4ccc9c1a7272c756d760 9df833ed5b48448aa31d39190560de01 - - default default] Successfully bumped revision number for resource e934575a-c894-4735-9cff-de356031e13c (type: security_groups) to 1
2026-06-27 06:57:27.172 9 INFO neutron.db.ovn_revision_numbers_db [None req-94f15c9e-501c-46bd-b7ee-15e79957c1bc 747ff5e0439b4ccc9c1a7272c756d760 9df833ed5b48448aa31d39190560de01 - - default default] Successfully bumped revision number for resource 0d7da289-b14e-4c36-96a8-7fc331fdc033 (type: security_group_rules) to 0
2026-06-27 06:57:27.194 9 INFO neutron.db.ovn_revision_numbers_db [None req-94f15c9e-501c-46bd-b7ee-15e79957c1bc 747ff5e0439b4ccc9c1a7272c756d760 9df833ed5b48448aa31d39190560de01 - - default default] Successfully bumped revision number for resource 1362e92f-95cb-4d30-a1f3-dbc86a360602 (type: security_group_rules) to 0
2026-06-27 06:57:27.215 9 INFO neutron.db.ovn_revision_numbers_db [None req-94f15c9e-501c-46bd-b7ee-15e79957c1bc 747ff5e0439b4ccc9c1a7272c756d760 9df833ed5b48448aa31d39190560de01 - - default default] Successfully bumped revision number for resource 362e9f09-41e3-440f-a9c4-526a419c678c (type: security_group_rules) to 0
2026-06-27 06:57:27.236 9 INFO neutron.db.ovn_revision_numbers_db [None req-94f15c9e-501c-46bd-b7ee-15e79957c1bc 747ff5e0439b4ccc9c1a7272c756d760 9df833ed5b48448aa31d39190560de01 - - default default] Successfully bumped revision number for resource 832bc126-4bb2-4b75-9148-2f8729289f36 (type: security_group_rules) to 0
2026-06-27 06:57:27.256 9 INFO neutron.wsgi [None req-94f15c9e-501c-46bd-b7ee-15e79957c1bc 747ff5e0439b4ccc9c1a7272c756d760 9df833ed5b48448aa31d39190560de01 - - default default] 10.0.0.164 "GET /v2.0/security-groups?tenant_id=f123998a846e46a8ab8acd0bcd066219&name=default HTTP/1.1" status: 200 len: 2996 time: 0.2490540
2026-06-27 06:57:27.321 9 INFO neutron.wsgi [None req-e006f957-d223-49a4-b828-6a56ec9ceb4e 7ca6ebed472643d88c66bc393d780af0 47e1cdca6b3e48adbf8e71482fa89845 - - default default] 10.0.0.164 "DELETE /v2.0/security-groups/dddf5df4-3a3e-4f47-a159-fc13cd28d635 HTTP/1.1" status: 204 len: 168 time: 0.1800373 /var/lib/openstack/lib/python3.10/site-packages/pycadf/identifier.py:71: UserWarning: Invalid uuid: neutron. To ensure interoperability, identifiers should be a valid uuid. warnings.warn(('Invalid uuid: %s. To ensure interoperability, '
2026-06-27 06:57:27.499 9 INFO neutron.wsgi [None req-d42499d9-59c2-4cb8-a153-949ef216468f 747ff5e0439b4ccc9c1a7272c756d760 9df833ed5b48448aa31d39190560de01 - - default default] 10.0.0.164 "DELETE /v2.0/security-groups/e934575a-c894-4735-9cff-de356031e13c HTTP/1.1" status: 204 len: 168 time: 0.2353239
2026-06-27 06:57:27.547 10 INFO neutron.db.ovn_revision_numbers_db [None req-23e57777-a190-493a-9179-5d7ef44ed586 747ff5e0439b4ccc9c1a7272c756d760 9df833ed5b48448aa31d39190560de01 - - default default] Successfully bumped revision number for resource 09ca7d60-dbc5-43d2-980a-819e191f4c21 (type: ports) to 2
2026-06-27 06:57:27.567 10 INFO neutron.wsgi [None req-23e57777-a190-493a-9179-5d7ef44ed586 747ff5e0439b4ccc9c1a7272c756d760 9df833ed5b48448aa31d39190560de01 - - default default] 199.204.45.72 "PUT /v2.0/ports/09ca7d60-dbc5-43d2-980a-819e191f4c21 HTTP/1.1" status: 200 len: 1328 time: 0.7081108
2026-06-27 06:57:27.588 10 INFO neutron.wsgi [None req-c60cab32-b5c7-495a-84b7-b6ee091de1c8 747ff5e0439b4ccc9c1a7272c756d760 9df833ed5b48448aa31d39190560de01 - - default default] 199.204.45.72 "GET /v2.0/extensions/security-group HTTP/1.1" status: 200 len: 369 time: 0.0058298
2026-06-27 06:57:27.613 10 INFO neutron.wsgi [None req-8e1483aa-3f02-41aa-928f-43556341efef 747ff5e0439b4ccc9c1a7272c756d760 9df833ed5b48448aa31d39190560de01 - - default default] 199.204.45.72 "GET /v2.0/extensions/dns-integration HTTP/1.1" status: 200 len: 371 time: 0.0214834
2026-06-27 06:57:27.633 10 INFO neutron.wsgi [None req-e5e73862-a404-4dc4-8635-5828b31dff3a 747ff5e0439b4ccc9c1a7272c756d760 9df833ed5b48448aa31d39190560de01 - - default default] 199.204.45.72 "GET /v2.0/extensions/qos HTTP/1.1" status: 200 len: 365 time: 0.0064266
2026-06-27 06:57:27.642 10 INFO neutron.wsgi [None req-daca0d57-59b1-491b-bde6-afb171343364 747ff5e0439b4ccc9c1a7272c756d760 9df833ed5b48448aa31d39190560de01 - - default default] 199.204.45.72 "GET /v2.0/extensions/allowed-address-pairs HTTP/1.1" status: 200 len: 383 time: 0.0039203
2026-06-27 06:57:27.717 10 INFO neutron.wsgi [None req-5f6ac7d7-7b9c-456a-9392-71300aaa1c08 747ff5e0439b4ccc9c1a7272c756d760 9df833ed5b48448aa31d39190560de01 - - default default] 199.204.45.72 "GET /v2.0/subnets/21db9e04-e028-4938-ad03-4694ff0ddeef HTTP/1.1" status: 200 len: 851 time: 0.0678711
2026-06-27 06:57:28.217 10 INFO neutron.notifiers.nova [-] Nova event matching ['req-32230e95-a995-43ba-9753-35576a6113d3'] response: {'server_uuid': '200716cb-ee57-494b-ac7f-394f878ee629', 'name': 'network-vif-plugged', 'status': 'completed', 'tag': 'a438aeaf-dede-46e8-9b49-799a7bbdd681', 'code': 200}
2026-06-27 06:57:28.487 10 INFO neutron.wsgi [None req-b7164587-f719-45eb-b395-00bea2ce9625 7ca6ebed472643d88c66bc393d780af0 47e1cdca6b3e48adbf8e71482fa89845 - - default default] 10.0.0.164 "PUT /v2.0/routers/b10ab5b5-619b-4d5e-83b2-c8697a821c68/remove_router_interface HTTP/1.1" status: 200 len: 503 time: 1.1293261
2026-06-27 06:57:28.746 9 INFO neutron.wsgi [None req-2031661b-1c93-4ebb-864d-a492fdbefc1d 7ca6ebed472643d88c66bc393d780af0 47e1cdca6b3e48adbf8e71482fa89845 - - default default] 10.0.0.164 "DELETE /v2.0/subnets/fb8f1a22-2741-4c64-961b-53a89d2079f3 HTTP/1.1" status: 204 len: 168 time: 0.2507596
2026-06-27 06:57:29.703 9 INFO neutron.wsgi [None req-592c746e-3fa1-4ed5-a875-3e5cca9997c7 7ca6ebed472643d88c66bc393d780af0 47e1cdca6b3e48adbf8e71482fa89845 - - default default] 10.0.0.164 "DELETE /v2.0/routers/b10ab5b5-619b-4d5e-83b2-c8697a821c68 HTTP/1.1" status: 204 len: 168 time: 0.9521403 /var/lib/openstack/lib/python3.10/site-packages/pycadf/identifier.py:71: UserWarning: Invalid uuid: neutron. To ensure interoperability, identifiers should be a valid uuid. warnings.warn(('Invalid uuid: %s. To ensure interoperability, '
2026-06-27 06:57:30.117 10 INFO neutron.services.segments.plugin [-] Segment bde5646c-dd22-499f-a001-0ad872dc6e8e resource provider aggregate not found
2026-06-27 06:57:30.123 10 INFO neutron.services.segments.plugin [-] Segment bde5646c-dd22-499f-a001-0ad872dc6e8e resource provider aggregate not found
2026-06-27 06:57:30.132 10 INFO neutron.services.segments.plugin [-] Segment bde5646c-dd22-499f-a001-0ad872dc6e8e resource provider not found; error: Placement Client Error (4xx): {"errors": [{"status": 404, "title": "Not Found", "detail": "The resource could not be found.\n\n No resource provider with uuid bde5646c-dd22-499f-a001-0ad872dc6e8e found for delete ", "request_id": "req-acbcd946-4f06-432e-b541-f75b781767ba"}]}
2026-06-27 06:57:30.142 10 INFO neutron.services.segments.plugin [-] Segment bde5646c-dd22-499f-a001-0ad872dc6e8e resource provider not found; error: Placement Client Error (4xx): {"errors": [{"status": 404, "title": "Not Found", "detail": "The resource could not be found.\n\n No resource provider with uuid bde5646c-dd22-499f-a001-0ad872dc6e8e found for delete ", "request_id": "req-0d0b3904-3446-4736-8fad-2ae1a2a45446"}]}
2026-06-27 06:57:30.164 10 INFO neutron.wsgi [None req-ef1682f7-7125-400e-820e-4f8e823ec43f 7ca6ebed472643d88c66bc393d780af0 47e1cdca6b3e48adbf8e71482fa89845 - - default default] 10.0.0.164 "DELETE /v2.0/networks/8413c7ff-90d9-4b92-a574-5891f2bbf65c HTTP/1.1" status: 204 len: 168 time: 0.4557993
2026-06-27 06:57:31.107 10 INFO neutron.wsgi [None req-7533c2e1-35bc-407b-a484-37cbc8aefccd 747ff5e0439b4ccc9c1a7272c756d760 9df833ed5b48448aa31d39190560de01 - - default default] 10.0.0.164 "GET /v2.0/security-groups?tenant_id=47e1cdca6b3e48adbf8e71482fa89845&name=default HTTP/1.1" status: 200 len: 2996 time: 0.2345204
2026-06-27 06:57:31.241 9 INFO neutron.db.ovn_revision_numbers_db [None req-d3215a33-53c1-47bf-8f61-5ba71a115675 747ff5e0439b4ccc9c1a7272c756d760 9df833ed5b48448aa31d39190560de01 - - default default] Successfully bumped revision number for resource 936693f2-3ca9-4155-ad9d-164effc634ca (type: security_groups) to 1
2026-06-27 06:57:31.258 9 INFO neutron.db.ovn_revision_numbers_db [None req-d3215a33-53c1-47bf-8f61-5ba71a115675 747ff5e0439b4ccc9c1a7272c756d760 9df833ed5b48448aa31d39190560de01 - - default default] Successfully bumped revision number for resource 0fe88a67-fdc4-4441-ab88-174dfc5312c2 (type: security_group_rules) to 0
2026-06-27 06:57:31.281 9 INFO neutron.db.ovn_revision_numbers_db [None req-d3215a33-53c1-47bf-8f61-5ba71a115675 747ff5e0439b4ccc9c1a7272c756d760 9df833ed5b48448aa31d39190560de01 - - default default] Successfully bumped revision number for resource 70dc6e0a-eded-4966-b7b8-57ee3c027747 (type: security_group_rules) to 0
2026-06-27 06:57:31.300 9 INFO neutron.db.ovn_revision_numbers_db [None req-d3215a33-53c1-47bf-8f61-5ba71a115675 747ff5e0439b4ccc9c1a7272c756d760 9df833ed5b48448aa31d39190560de01 - - default default] Successfully bumped revision number for resource 8889cac7-e9e1-4b8c-a93a-f6ad3b785b1c (type: security_group_rules) to 0
2026-06-27 06:57:31.313 10 INFO neutron.wsgi [None req-683a569b-1879-437d-b57f-336f91ad5d4a 747ff5e0439b4ccc9c1a7272c756d760 9df833ed5b48448aa31d39190560de01 - - default default] 10.0.0.164 "DELETE /v2.0/security-groups/18a62314-b35d-4b07-a8d2-80662584f322 HTTP/1.1" status: 204 len: 168 time: 0.1995077
2026-06-27 06:57:31.316 9 INFO neutron.db.ovn_revision_numbers_db [None req-d3215a33-53c1-47bf-8f61-5ba71a115675 747ff5e0439b4ccc9c1a7272c756d760 9df833ed5b48448aa31d39190560de01 - - default default] Successfully bumped revision number for resource f9c27f25-e133-42ea-9901-ef1ab5ed5dfa (type: security_group_rules) to 0
2026-06-27 06:57:31.344 9 INFO neutron.wsgi [None req-d3215a33-53c1-47bf-8f61-5ba71a115675 747ff5e0439b4ccc9c1a7272c756d760 9df833ed5b48448aa31d39190560de01 - - default default] 10.0.0.164 "GET /v2.0/security-groups?tenant_id=1bfffc28b8884a70a44e04a4f3452dde&name=default HTTP/1.1" status: 200 len: 2996 time: 0.2871978
2026-06-27 06:57:31.592 10 INFO neutron.db.ovn_revision_numbers_db [None req-343b3f9a-5257-4646-8503-6edd19963074 747ff5e0439b4ccc9c1a7272c756d760 9df833ed5b48448aa31d39190560de01 - - default default] Successfully bumped revision number for resource 3681effb-adf8-42fe-85c9-d672866339dc (type: security_groups) to 1
2026-06-27 06:57:31.603 9 INFO neutron.wsgi [None req-e4a2450e-e4ea-4a3b-93a7-d7780a55fefc 747ff5e0439b4ccc9c1a7272c756d760 9df833ed5b48448aa31d39190560de01 - - default default] 10.0.0.164 "DELETE /v2.0/security-groups/936693f2-3ca9-4155-ad9d-164effc634ca HTTP/1.1" status: 204 len: 168 time: 0.2528055
2026-06-27 06:57:31.616 10 INFO neutron.db.ovn_revision_numbers_db [None req-343b3f9a-5257-4646-8503-6edd19963074 747ff5e0439b4ccc9c1a7272c756d760 9df833ed5b48448aa31d39190560de01 - - default default] Successfully bumped revision number for resource 601d6bdb-e64f-466b-b32a-140dfffdac22 (type: security_group_rules) to 0
2026-06-27 06:57:31.633 10 INFO neutron.db.ovn_revision_numbers_db [None req-343b3f9a-5257-4646-8503-6edd19963074 747ff5e0439b4ccc9c1a7272c756d760 9df833ed5b48448aa31d39190560de01 - - default default] Successfully bumped revision number for resource 65ee19d2-0961-4b06-8b6f-b72921e58e8a (type: security_group_rules) to 0
2026-06-27 06:57:31.649 10 INFO neutron.db.ovn_revision_numbers_db [None req-343b3f9a-5257-4646-8503-6edd19963074 747ff5e0439b4ccc9c1a7272c756d760 9df833ed5b48448aa31d39190560de01 - - default default] Successfully bumped revision number for resource 8d7a8d0b-6864-404c-bb81-b23762e06cf9 (type: security_group_rules) to 0
2026-06-27 06:57:31.668 10 INFO neutron.db.ovn_revision_numbers_db [None req-343b3f9a-5257-4646-8503-6edd19963074 747ff5e0439b4ccc9c1a7272c756d760 9df833ed5b48448aa31d39190560de01 - - default default] Successfully bumped revision number for resource e02a2ecd-cc41-49ca-aa1b-7b9dc927fc0e (type: security_group_rules) to 0
2026-06-27 06:57:31.698 10 INFO neutron.wsgi [None req-343b3f9a-5257-4646-8503-6edd19963074 747ff5e0439b4ccc9c1a7272c756d760 9df833ed5b48448aa31d39190560de01 - - default default] 10.0.0.164 "GET /v2.0/security-groups?tenant_id=46920df9db8a4d22b229664b04f74ccc&name=default HTTP/1.1" status: 200 len: 2996 time: 0.2521305
2026-06-27 06:57:31.891 10 INFO neutron.db.ovn_revision_numbers_db [None req-23c3a3ad-d59f-4e3b-a879-3068090ab303 747ff5e0439b4ccc9c1a7272c756d760 9df833ed5b48448aa31d39190560de01 - - default default] Successfully bumped revision number for resource 24c1368f-b155-49ac-a047-84e5f72e44e0 (type: security_groups) to 1
2026-06-27 06:57:31.907 10 INFO neutron.db.ovn_revision_numbers_db [None req-23c3a3ad-d59f-4e3b-a879-3068090ab303 747ff5e0439b4ccc9c1a7272c756d760 9df833ed5b48448aa31d39190560de01 - - default default] Successfully bumped revision number for resource 45cf6626-efc1-4930-ba5d-8d2e84e13219 (type: security_group_rules) to 0
2026-06-27 06:57:31.918 10 INFO neutron.db.ovn_revision_numbers_db [None req-23c3a3ad-d59f-4e3b-a879-3068090ab303 747ff5e0439b4ccc9c1a7272c756d760 9df833ed5b48448aa31d39190560de01 - - default default] Successfully bumped revision number for resource 49e97c3d-7603-43d0-845c-9a7718aecf7c (type: security_group_rules) to 0
2026-06-27 06:57:31.942 10 INFO neutron.db.ovn_revision_numbers_db [None req-23c3a3ad-d59f-4e3b-a879-3068090ab303 747ff5e0439b4ccc9c1a7272c756d760 9df833ed5b48448aa31d39190560de01 - - default default] Successfully bumped revision number for resource b1fbdd47-e04c-4631-9603-b3cee8ad98ed (type: security_group_rules) to 0
2026-06-27 06:57:31.951 10 INFO neutron.wsgi [None req-216d9df8-1e6f-41ba-9cf7-cdab9b6dee10 747ff5e0439b4ccc9c1a7272c756d760 9df833ed5b48448aa31d39190560de01 - - default default] 10.0.0.164 "DELETE /v2.0/security-groups/3681effb-adf8-42fe-85c9-d672866339dc HTTP/1.1" status: 204 len: 168 time: 0.2487245
2026-06-27 06:57:31.961 10 INFO neutron.db.ovn_revision_numbers_db [None req-23c3a3ad-d59f-4e3b-a879-3068090ab303 747ff5e0439b4ccc9c1a7272c756d760 9df833ed5b48448aa31d39190560de01 - - default default] Successfully bumped revision number for resource c862fa84-01c1-494e-8251-c77afad6be09 (type: security_group_rules) to 0
2026-06-27 06:57:31.984 10 INFO neutron.wsgi [None req-23c3a3ad-d59f-4e3b-a879-3068090ab303 747ff5e0439b4ccc9c1a7272c756d760 9df833ed5b48448aa31d39190560de01 - - default default] 10.0.0.164 "GET /v2.0/security-groups?tenant_id=2e1f8b5aada647d783a4ff437e427796&name=default HTTP/1.1" status: 200 len: 2996 time: 0.2386174
2026-06-27 06:57:32.170 10 INFO neutron.wsgi [None req-930583df-3a45-4587-9b23-10abbe1c55c4 747ff5e0439b4ccc9c1a7272c756d760 9df833ed5b48448aa31d39190560de01 - - default default] 10.0.0.164 "DELETE /v2.0/security-groups/24c1368f-b155-49ac-a047-84e5f72e44e0 HTTP/1.1" status: 204 len: 168 time: 0.1797647
2026-06-27 06:57:35.444 10 INFO neutron.wsgi [req-7d478150-cb4d-4ecb-9ec5-1335c88e56a7 req-ee928002-18a1-442f-b3d1-05029c5cfd57 747ff5e0439b4ccc9c1a7272c756d760 9df833ed5b48448aa31d39190560de01 - - default default] 10.0.0.139 "GET /v2.0/security-groups?id=e8e3dc28-c89c-45ce-9785-8eb81d7fa959&fields=id HTTP/1.1" status: 200 len: 267 time: 0.0382378
2026-06-27 06:57:35.523 10 INFO neutron.wsgi [req-7d478150-cb4d-4ecb-9ec5-1335c88e56a7 req-c05b7246-af62-49ab-8759-5ba35e5d05b3 747ff5e0439b4ccc9c1a7272c756d760 9df833ed5b48448aa31d39190560de01 - - default default] 10.0.0.139 "GET /v2.0/networks?id=00fc542e-96a6-49a1-a1d4-5b163dac89fa HTTP/1.1" status: 200 len: 937 time: 0.0699215
2026-06-27 06:57:35.542 10 INFO neutron.wsgi [req-7d478150-cb4d-4ecb-9ec5-1335c88e56a7 req-270dd553-6f89-47d4-a4ab-e82e5253c6a7 747ff5e0439b4ccc9c1a7272c756d760 9df833ed5b48448aa31d39190560de01 - - default default] 10.0.0.139 "GET /v2.0/quotas/9df833ed5b48448aa31d39190560de01 HTTP/1.1" status: 200 len: 385 time: 0.0107424
2026-06-27 06:57:35.600 10 INFO neutron.wsgi [req-7d478150-cb4d-4ecb-9ec5-1335c88e56a7 req-32cccc6d-2411-4695-bf4a-5ae1363ccfea 747ff5e0439b4ccc9c1a7272c756d760 9df833ed5b48448aa31d39190560de01 - - default default] 10.0.0.139 "GET /v2.0/ports?tenant_id=9df833ed5b48448aa31d39190560de01&fields=id HTTP/1.1" status: 200 len: 348 time: 0.0493176
2026-06-27 06:57:35.676 10 INFO neutron.wsgi [req-7d478150-cb4d-4ecb-9ec5-1335c88e56a7 req-0e30bcff-49fc-470a-b058-7221be011e46 6eee5e0b8360401d9a5b53c79e199d24 81c8187c5ad14f30afa22e1247fda87b - - 48318d4459b543d2ac08e3beed1d1d57 48318d4459b543d2ac08e3beed1d1d57] 10.0.0.139 "GET /v2.0/networks/00fc542e-96a6-49a1-a1d4-5b163dac89fa?fields=segments HTTP/1.1" status: 200 len: 212 time: 0.0609541
2026-06-27 06:57:35.760 10 INFO neutron.wsgi [req-7d478150-cb4d-4ecb-9ec5-1335c88e56a7 req-4e7010d5-7391-4d0b-ad6e-f38c9dde55b4 6eee5e0b8360401d9a5b53c79e199d24 81c8187c5ad14f30afa22e1247fda87b - - 48318d4459b543d2ac08e3beed1d1d57 48318d4459b543d2ac08e3beed1d1d57] 10.0.0.139 "GET /v2.0/networks/00fc542e-96a6-49a1-a1d4-5b163dac89fa?fields=provider%3Aphysical_network&fields=provider%3Anetwork_type HTTP/1.1" status: 200 len: 277 time: 0.0746481
2026-06-27 06:57:36.136 10 INFO neutron.wsgi [req-b78b1c3f-af11-4419-82bb-a5c2df20e1da req-c1de3a85-34b6-49a5-a50c-7d61cf7b460c 747ff5e0439b4ccc9c1a7272c756d760 9df833ed5b48448aa31d39190560de01 - - default default] 10.0.0.139 "GET /v2.0/ports?device_id=003701b3-5e19-4c3d-b79e-67c043b7d46f HTTP/1.1" status: 200 len: 210 time: 0.0394986
2026-06-27 06:57:36.187 9 INFO neutron.wsgi [None req-b5686d91-2d4a-46b7-afad-9996744a2b38 b3acbe9ffa664e748a5696dc638c178c 936cad9b2c1d4e0b8095dcdca6c6f199 - - default default] 10.0.0.164 "POST /v2.0/qos/policies HTTP/1.1" status: 201 len: 558 time: 0.1476665
2026-06-27 06:57:36.236 9 INFO neutron.wsgi [None req-24463fc9-9897-42df-89cc-0b9c996e5b74 b3acbe9ffa664e748a5696dc638c178c 936cad9b2c1d4e0b8095dcdca6c6f199 - - default default] 10.0.0.164 "POST /v2.0/qos/policies HTTP/1.1" status: 201 len: 558 time: 0.0413587
2026-06-27 06:57:36.286 9 INFO neutron.wsgi [None req-e620bbc6-a565-4bc5-a407-cc998b4e76eb b3acbe9ffa664e748a5696dc638c178c 936cad9b2c1d4e0b8095dcdca6c6f199 - - default default] 10.0.0.164 "POST /v2.0/qos/policies HTTP/1.1" status: 201 len: 558 time: 0.0437374
2026-06-27 06:57:36.336 9 INFO neutron.wsgi [None req-046671eb-5090-41e4-a7d4-035966c26700 b3acbe9ffa664e748a5696dc638c178c 936cad9b2c1d4e0b8095dcdca6c6f199 - - default default] 10.0.0.164 "POST /v2.0/qos/policies HTTP/1.1" status: 201 len: 558 time: 0.0444930
2026-06-27 06:57:36.382 9 INFO neutron.wsgi [None req-1e1cbc02-f237-46e7-be41-946d618787ec b3acbe9ffa664e748a5696dc638c178c 936cad9b2c1d4e0b8095dcdca6c6f199 - - default default] 10.0.0.164 "POST /v2.0/qos/policies HTTP/1.1" status: 201 len: 558 time: 0.0412576
2026-06-27 06:57:36.414 9 INFO neutron.wsgi [None req-6dfa303a-73f6-42fc-bf33-6b6aae64959e b3acbe9ffa664e748a5696dc638c178c 936cad9b2c1d4e0b8095dcdca6c6f199 - - default default] 10.0.0.164 "PUT /v2.0/policies/5a0f4150-74f6-4d61-b43b-4e197a944b6d/tags HTTP/1.1" status: 200 len: 210 time: 0.0260026
2026-06-27 06:57:36.443 10 INFO neutron.wsgi [req-a024cfab-b807-4469-b8d9-964ef0a36706 req-3372a3dd-b34a-4ed3-933a-dc6a41c9ab2e 747ff5e0439b4ccc9c1a7272c756d760 9df833ed5b48448aa31d39190560de01 - - default default] 10.0.0.139 "GET /v2.0/ports?device_id=003701b3-5e19-4c3d-b79e-67c043b7d46f HTTP/1.1" status: 200 len: 210 time: 0.2510984
2026-06-27 06:57:36.445 9 INFO neutron.wsgi [None req-a64a2e9f-a89c-4ef0-be7c-2085e0e9a8d3 b3acbe9ffa664e748a5696dc638c178c 936cad9b2c1d4e0b8095dcdca6c6f199 - - default default] 10.0.0.164 "PUT /v2.0/policies/0786ebe5-41eb-44b8-9ef2-c415cdd54785/tags HTTP/1.1" status: 200 len: 218 time: 0.0268526
2026-06-27 06:57:36.483 10 INFO neutron.wsgi [None req-2874ee6a-e0e4-4bb0-8036-e51c18f944fd b3acbe9ffa664e748a5696dc638c178c 936cad9b2c1d4e0b8095dcdca6c6f199 - - default default] 10.0.0.164 "PUT /v2.0/policies/2a654601-68f9-491c-aa37-1fc32ace4222/tags HTTP/1.1" status: 200 len: 227 time: 0.0321596
2026-06-27 06:57:36.512 10 INFO neutron.wsgi [None req-5cd6129a-bb94-4551-ad4e-f830bf59050b b3acbe9ffa664e748a5696dc638c178c 936cad9b2c1d4e0b8095dcdca6c6f199 - - default default] 10.0.0.164 "PUT /v2.0/policies/1af5cadb-3ce6-4fbd-a88f-f0f22b20f0d3/tags HTTP/1.1" status: 200 len: 212 time: 0.0224464
2026-06-27 06:57:36.909 10 INFO neutron.wsgi [None req-46bdbdf0-1776-451e-a9f2-5c5b3713bdde 747ff5e0439b4ccc9c1a7272c756d760 9df833ed5b48448aa31d39190560de01 - - default default] 10.0.0.65 "GET /v2.0/routers HTTP/1.1" status: 200 len: 849 time: 0.1998138
2026-06-27 06:57:36.923 10 INFO neutron.wsgi [None req-d0eb23e1-29d0-4c7b-b623-cc6b45fa7dce 747ff5e0439b4ccc9c1a7272c756d760 9df833ed5b48448aa31d39190560de01 - - default default] 10.0.0.65 "GET /v2.0/agents?binary=ovn-controller HTTP/1.1" status: 200 len: 591 time: 0.0131757
2026-06-27 06:57:36.950 10 INFO neutron.wsgi [None req-f3fdae96-2dec-456a-9080-e430d2db7b3b 747ff5e0439b4ccc9c1a7272c756d760 9df833ed5b48448aa31d39190560de01 - - default default] 10.0.0.65 "GET /v2.0/agents HTTP/1.1" status: 200 len: 997 time: 0.0248299
2026-06-27 06:57:36.977 10 INFO neutron.wsgi [None req-c852e6f5-2839-4f63-815d-c0732bff7319 747ff5e0439b4ccc9c1a7272c756d760 9df833ed5b48448aa31d39190560de01 - - default default] 10.0.0.65 "GET /v2.0/network-ip-availabilities HTTP/1.1" status: 200 len: 3362 time: 0.0230768
2026-06-27 06:57:37.001 9 INFO neutron.wsgi [req-7d478150-cb4d-4ecb-9ec5-1335c88e56a7 req-d5c2b324-aa22-4c87-b10f-a28f8a254d0b 747ff5e0439b4ccc9c1a7272c756d760 9df833ed5b48448aa31d39190560de01 - - default default] 199.204.45.72 "GET /v2.0/networks?id=00fc542e-96a6-49a1-a1d4-5b163dac89fa HTTP/1.1" status: 200 len: 937 time: 0.0823715
2026-06-27 06:57:37.044 10 INFO neutron.wsgi [None req-7fe9e7a4-df5b-4d03-99b2-91b04c90f2c7 747ff5e0439b4ccc9c1a7272c756d760 9df833ed5b48448aa31d39190560de01 - - default default] 10.0.0.65 "GET /v2.0/floatingips HTTP/1.1" status: 200 len: 1878 time: 0.0659487
2026-06-27 06:57:37.088 9 INFO neutron.wsgi [req-7d478150-cb4d-4ecb-9ec5-1335c88e56a7 req-fc620b9f-cd94-4166-8fd6-d335d3d6da20 747ff5e0439b4ccc9c1a7272c756d760 9df833ed5b48448aa31d39190560de01 - - default default] 199.204.45.72 "GET /v2.0/security-groups?fields=id&fields=name&tenant_id=9df833ed5b48448aa31d39190560de01 HTTP/1.1" status: 200 len: 542 time: 0.0733855
2026-06-27 06:57:37.119 9 INFO neutron.wsgi [None req-468a1db2-cfc9-4239-8666-99e1a5a8a193 e10b0cef8e1c4b2d8c778836992ff676 59d36a09af064299b30973dd58fadfe7 - - default default] 10.0.0.164 "GET /v2.0/qos/policies?tags=red HTTP/1.1" status: 200 len: 1296 time: 0.2092798
2026-06-27 06:57:37.139 10 INFO neutron.wsgi [None req-a93dd36e-3593-4ee1-890d-041a70754a4b 747ff5e0439b4ccc9c1a7272c756d760 9df833ed5b48448aa31d39190560de01 - - default default] 10.0.0.65 "GET /v2.0/networks HTTP/1.1" status: 200 len: 4721 time: 0.0940425
2026-06-27 06:57:37.229 10 INFO neutron.wsgi [None req-d1fb954a-9768-46b1-a2ae-05ca84a8b0e8 747ff5e0439b4ccc9c1a7272c756d760 9df833ed5b48448aa31d39190560de01 - - default default] 10.0.0.65 "GET /v2.0/security-groups HTTP/1.1" status: 200 len: 29068 time: 0.0860696
2026-06-27 06:57:37.234 9 INFO neutron.wsgi [None req-5ee8ab2e-bdab-4125-b0e0-cd4724e72608 e10b0cef8e1c4b2d8c778836992ff676 59d36a09af064299b30973dd58fadfe7 - - default default] 10.0.0.164 "GET /v2.0/qos/policies?tags=red%2Cblue HTTP/1.1" status: 200 len: 941 time: 0.1109893
2026-06-27 06:57:37.298 10 INFO neutron.wsgi [None req-afcbc817-65ff-46d1-b8a0-29fc8a82b5fc 747ff5e0439b4ccc9c1a7272c756d760 9df833ed5b48448aa31d39190560de01 - - default default] 10.0.0.65 "GET /v2.0/subnets HTTP/1.1" status: 200 len: 5495 time: 0.0489488
2026-06-27 06:57:37.351 10 INFO neutron.wsgi [None req-c964e429-5283-4dcb-b19b-0eaf16b06583 747ff5e0439b4ccc9c1a7272c756d760 9df833ed5b48448aa31d39190560de01 - - default default] 10.0.0.65 "GET /v2.0/ports HTTP/1.1" status: 200 len: 18699 time: 0.0513794
2026-06-27 06:57:37.383 10 INFO neutron.wsgi [None req-aa835f49-f948-4e75-831c-eb13687120f8 e10b0cef8e1c4b2d8c778836992ff676 59d36a09af064299b30973dd58fadfe7 - - default default] 10.0.0.164 "GET /v2.0/qos/policies?tags-any=blue HTTP/1.1" status: 200 len: 941 time: 0.1415620
2026-06-27 06:57:37.418 10 INFO neutron.wsgi [None req-a094bb1e-049b-4c39-8fe2-075817862516 747ff5e0439b4ccc9c1a7272c756d760 9df833ed5b48448aa31d39190560de01 - - default default] 10.0.0.65 "GET /v2.0/subnets HTTP/1.1" status: 200 len: 5495 time: 0.0559068
2026-06-27 06:57:37.419 9 WARNING neutron.scheduler.dhcp_agent_scheduler [req-7d478150-cb4d-4ecb-9ec5-1335c88e56a7 req-b6f89563-81d7-43c5-b8b1-0e8e61ffda47 747ff5e0439b4ccc9c1a7272c756d760 9df833ed5b48448aa31d39190560de01 - - default default] No more DHCP agents
2026-06-27 06:57:37.421 9 WARNING neutron.api.rpc.agentnotifiers.dhcp_rpc_agent_api [req-7d478150-cb4d-4ecb-9ec5-1335c88e56a7 req-b6f89563-81d7-43c5-b8b1-0e8e61ffda47 747ff5e0439b4ccc9c1a7272c756d760 9df833ed5b48448aa31d39190560de01 - - default default] Unable to schedule network 00fc542e-96a6-49a1-a1d4-5b163dac89fa: no agents available; will retry on subsequent port and subnet creation events.
2026-06-27 06:57:37.433 10 INFO neutron.wsgi [None req-fc61be97-f093-42d2-ad6d-e76b17e26a38 747ff5e0439b4ccc9c1a7272c756d760 9df833ed5b48448aa31d39190560de01 - - default default] 10.0.0.65 "GET /v2.0/subnetpools HTTP/1.1" status: 200 len: 193 time: 0.0125008
2026-06-27 06:57:37.476 10 INFO neutron.wsgi [None req-82c6e9fa-f524-4cac-88c6-94d77892b29b e10b0cef8e1c4b2d8c778836992ff676 59d36a09af064299b30973dd58fadfe7 - - default default] 10.0.0.164 "GET /v2.0/qos/policies?tags-any=red%2Cblue HTTP/1.1" status: 200 len: 1296 time: 0.0842681
2026-06-27 06:57:37.564 10 INFO neutron.wsgi [None req-f4d8df59-9e2f-4ac6-accd-b7bf836a1edb e10b0cef8e1c4b2d8c778836992ff676 59d36a09af064299b30973dd58fadfe7 - - default default] 10.0.0.164 "GET /v2.0/qos/policies?not-tags=red HTTP/1.1" status: 200 len: 913 time: 0.0791783
2026-06-27 06:57:37.656 9 INFO neutron.db.ovn_revision_numbers_db [req-7d478150-cb4d-4ecb-9ec5-1335c88e56a7 req-b6f89563-81d7-43c5-b8b1-0e8e61ffda47 747ff5e0439b4ccc9c1a7272c756d760 9df833ed5b48448aa31d39190560de01 - - default default] Successfully bumped revision number for resource d9dbf3f0-6886-405a-9584-5dade0b2e38c (type: ports) to 1
2026-06-27 06:57:37.672 10 INFO neutron.wsgi [None req-e5281a1a-b806-4401-945e-980e6871cb74 e10b0cef8e1c4b2d8c778836992ff676 59d36a09af064299b30973dd58fadfe7 - - default default] 10.0.0.164 "GET /v2.0/qos/policies?not-tags=red%2Cblue HTTP/1.1" status: 200 len: 1268 time: 0.0983419
2026-06-27 06:57:37.679 9 INFO neutron.wsgi [req-7d478150-cb4d-4ecb-9ec5-1335c88e56a7 req-b6f89563-81d7-43c5-b8b1-0e8e61ffda47 747ff5e0439b4ccc9c1a7272c756d760 9df833ed5b48448aa31d39190560de01 - - default default] 199.204.45.72 "POST /v2.0/ports HTTP/1.1" status: 201 len: 1287 time: 0.5860286 /var/lib/openstack/lib/python3.10/site-packages/pycadf/identifier.py:71: UserWarning: Invalid uuid: neutron. To ensure interoperability, identifiers should be a valid uuid. warnings.warn(('Invalid uuid: %s. To ensure interoperability, '
2026-06-27 06:57:37.819 9 INFO neutron.wsgi [None req-6f70a8e1-e2c0-4492-a8de-aae3100a71a0 e10b0cef8e1c4b2d8c778836992ff676 59d36a09af064299b30973dd58fadfe7 - - default default] 10.0.0.164 "GET /v2.0/qos/policies?not-tags-any=blue HTTP/1.1" status: 200 len: 1268 time: 0.1431830
2026-06-27 06:57:37.937 9 INFO neutron.wsgi [None req-1c17cfcf-6319-4f25-92cd-9bd81c79765c e10b0cef8e1c4b2d8c778836992ff676 59d36a09af064299b30973dd58fadfe7 - - default default] 10.0.0.164 "GET /v2.0/qos/policies?not-tags-any=red%2Cblue HTTP/1.1" status: 200 len: 913 time: 0.1133530
2026-06-27 06:57:38.053 9 INFO neutron.wsgi [None req-01ab4c0d-f098-45d7-ab05-8e8c07f47cf6 b3acbe9ffa664e748a5696dc638c178c 936cad9b2c1d4e0b8095dcdca6c6f199 - - default default] 10.0.0.164 "DELETE /v2.0/qos/policies/5a0f4150-74f6-4d61-b43b-4e197a944b6d HTTP/1.1" status: 204 len: 168 time: 0.1093731
2026-06-27 06:57:38.120 10 INFO neutron.wsgi [None req-e9b6d25b-403d-46af-acf7-49070f85a0bf b3acbe9ffa664e748a5696dc638c178c 936cad9b2c1d4e0b8095dcdca6c6f199 - - default default] 10.0.0.164 "DELETE /v2.0/qos/policies/0786ebe5-41eb-44b8-9ef2-c415cdd54785 HTTP/1.1" status: 204 len: 168 time: 0.0610886
2026-06-27 06:57:38.189 9 INFO neutron.db.ovn_revision_numbers_db [req-7d478150-cb4d-4ecb-9ec5-1335c88e56a7 req-8baaab0e-e11d-4777-bd47-e067ecf864c9 6eee5e0b8360401d9a5b53c79e199d24 81c8187c5ad14f30afa22e1247fda87b - - 48318d4459b543d2ac08e3beed1d1d57 48318d4459b543d2ac08e3beed1d1d57] Successfully bumped revision number for resource d9dbf3f0-6886-405a-9584-5dade0b2e38c (type: ports) to 2
2026-06-27 06:57:38.195 10 INFO neutron.wsgi [None req-5629128e-92bd-4514-a914-8f8ce7b395c4 b3acbe9ffa664e748a5696dc638c178c 936cad9b2c1d4e0b8095dcdca6c6f199 - - default default] 10.0.0.164 "DELETE /v2.0/qos/policies/2a654601-68f9-491c-aa37-1fc32ace4222 HTTP/1.1" status: 204 len: 168 time: 0.0684648
2026-06-27 06:57:38.254 10 INFO neutron.wsgi [None req-d567b6e3-efaa-4252-8919-932d5e3f1e5c b3acbe9ffa664e748a5696dc638c178c 936cad9b2c1d4e0b8095dcdca6c6f199 - - default default] 10.0.0.164 "DELETE /v2.0/qos/policies/1af5cadb-3ce6-4fbd-a88f-f0f22b20f0d3 HTTP/1.1" status: 204 len: 168 time: 0.0542605 /var/lib/openstack/lib/python3.10/site-packages/pycadf/identifier.py:71: UserWarning: Invalid uuid: neutron. To ensure interoperability, identifiers should be a valid uuid. warnings.warn(('Invalid uuid: %s. To ensure interoperability, '
2026-06-27 06:57:38.360 9 INFO neutron.wsgi [None req-1b40ee54-624e-4d5a-9c68-3b88eb48593b b3acbe9ffa664e748a5696dc638c178c 936cad9b2c1d4e0b8095dcdca6c6f199 - - default default] 10.0.0.164 "DELETE /v2.0/qos/policies/daa34c77-fa88-446a-9ffa-86c094aea42e HTTP/1.1" status: 204 len: 168 time: 0.1012924
2026-06-27 06:57:38.441 9 INFO neutron.db.ovn_revision_numbers_db [req-7d478150-cb4d-4ecb-9ec5-1335c88e56a7 req-8baaab0e-e11d-4777-bd47-e067ecf864c9 6eee5e0b8360401d9a5b53c79e199d24 81c8187c5ad14f30afa22e1247fda87b - - 48318d4459b543d2ac08e3beed1d1d57 48318d4459b543d2ac08e3beed1d1d57] Successfully bumped revision number for resource d9dbf3f0-6886-405a-9584-5dade0b2e38c (type: ports) to 2
2026-06-27 06:57:38.461 9 INFO neutron.wsgi [req-7d478150-cb4d-4ecb-9ec5-1335c88e56a7 req-8baaab0e-e11d-4777-bd47-e067ecf864c9 6eee5e0b8360401d9a5b53c79e199d24 81c8187c5ad14f30afa22e1247fda87b - - 48318d4459b543d2ac08e3beed1d1d57 48318d4459b543d2ac08e3beed1d1d57] 199.204.45.72 "PUT /v2.0/ports/d9dbf3f0-6886-405a-9584-5dade0b2e38c HTTP/1.1" status: 200 len: 1384 time: 0.7701430
2026-06-27 06:57:38.507 9 INFO neutron.notifiers.nova [-] Nova event matching ['req-c9361117-60aa-4b04-943d-08b6150024aa'] response: {'name': 'network-changed', 'server_uuid': '003701b3-5e19-4c3d-b79e-67c043b7d46f', 'tag': 'd9dbf3f0-6886-405a-9584-5dade0b2e38c', 'status': 'completed', 'code': 200} /var/lib/openstack/lib/python3.10/site-packages/pycadf/identifier.py:71: UserWarning: Invalid uuid: neutron. To ensure interoperability, identifiers should be a valid uuid. warnings.warn(('Invalid uuid: %s. To ensure interoperability, '
2026-06-27 06:57:38.569 9 INFO neutron.wsgi [req-7d478150-cb4d-4ecb-9ec5-1335c88e56a7 req-ca5d1af6-d1b6-4f95-93e5-6cdd6f98f90d 6eee5e0b8360401d9a5b53c79e199d24 81c8187c5ad14f30afa22e1247fda87b - - 48318d4459b543d2ac08e3beed1d1d57 48318d4459b543d2ac08e3beed1d1d57] 199.204.45.72 "GET /v2.0/ports?tenant_id=9df833ed5b48448aa31d39190560de01&device_id=003701b3-5e19-4c3d-b79e-67c043b7d46f HTTP/1.1" status: 200 len: 1415 time: 0.0576870
2026-06-27 06:57:38.620 9 INFO neutron.wsgi [req-7d478150-cb4d-4ecb-9ec5-1335c88e56a7 req-1032c808-6ce9-437b-9f5e-7d5cb91a2818 6eee5e0b8360401d9a5b53c79e199d24 81c8187c5ad14f30afa22e1247fda87b - - 48318d4459b543d2ac08e3beed1d1d57 48318d4459b543d2ac08e3beed1d1d57] 199.204.45.72 "GET /v2.0/floatingips?fixed_ip_address=172.24.2.148&port_id=d9dbf3f0-6886-405a-9584-5dade0b2e38c HTTP/1.1" status: 200 len: 217 time: 0.0384531
2026-06-27 06:57:38.665 9 INFO neutron.wsgi [req-7d478150-cb4d-4ecb-9ec5-1335c88e56a7 req-22fa2132-6303-44e9-ad70-78017517e2ae 6eee5e0b8360401d9a5b53c79e199d24 81c8187c5ad14f30afa22e1247fda87b - - 48318d4459b543d2ac08e3beed1d1d57 48318d4459b543d2ac08e3beed1d1d57] 199.204.45.72 "GET /v2.0/subnets?id=c551fdf8-98cd-4ab5-bf42-096f7acfc1eb HTTP/1.1" status: 200 len: 829 time: 0.0359020
2026-06-27 06:57:38.693 9 INFO neutron.wsgi [req-7d478150-cb4d-4ecb-9ec5-1335c88e56a7 req-3a7a291d-d6c0-4808-84ef-9b77c4d4e154 6eee5e0b8360401d9a5b53c79e199d24 81c8187c5ad14f30afa22e1247fda87b - - 48318d4459b543d2ac08e3beed1d1d57 48318d4459b543d2ac08e3beed1d1d57] 199.204.45.72 "GET /v2.0/ports?network_id=00fc542e-96a6-49a1-a1d4-5b163dac89fa&device_owner=network%3Adhcp HTTP/1.1" status: 200 len: 210 time: 0.0213299
2026-06-27 06:57:38.735 10 INFO neutron.wsgi [req-ab7614e9-c05b-4f4d-b4c4-653ff102c076 req-f57dd58b-3d33-4fb2-a446-52b4bbc11d61 747ff5e0439b4ccc9c1a7272c756d760 9df833ed5b48448aa31d39190560de01 - - default default] 10.0.0.139 "GET /v2.0/ports?device_id=003701b3-5e19-4c3d-b79e-67c043b7d46f HTTP/1.1" status: 200 len: 1415 time: 0.0405428
2026-06-27 06:57:38.770 9 INFO neutron.wsgi [req-7d478150-cb4d-4ecb-9ec5-1335c88e56a7 req-b0a89f56-2d6c-4708-92dd-149e1a58fd27 6eee5e0b8360401d9a5b53c79e199d24 81c8187c5ad14f30afa22e1247fda87b - - 48318d4459b543d2ac08e3beed1d1d57 48318d4459b543d2ac08e3beed1d1d57] 199.204.45.72 "GET /v2.0/networks/00fc542e-96a6-49a1-a1d4-5b163dac89fa?fields=segments HTTP/1.1" status: 200 len: 212 time: 0.0674083
2026-06-27 06:57:38.783 10 INFO neutron.wsgi [req-ab7614e9-c05b-4f4d-b4c4-653ff102c076 req-9a624742-acaf-4e69-b08d-b3f52b69836a 747ff5e0439b4ccc9c1a7272c756d760 9df833ed5b48448aa31d39190560de01 - - default default] 10.0.0.139 "GET /v2.0/security-groups?id=e8e3dc28-c89c-45ce-9785-8eb81d7fa959&fields=id&fields=name HTTP/1.1" status: 200 len: 294 time: 0.0403492
2026-06-27 06:57:38.834 9 INFO neutron.wsgi [req-7d478150-cb4d-4ecb-9ec5-1335c88e56a7 req-0c97d6df-4f9f-4a71-9e6a-f2f4608e1d8c 6eee5e0b8360401d9a5b53c79e199d24 81c8187c5ad14f30afa22e1247fda87b - - 48318d4459b543d2ac08e3beed1d1d57 48318d4459b543d2ac08e3beed1d1d57] 199.204.45.72 "GET /v2.0/networks/00fc542e-96a6-49a1-a1d4-5b163dac89fa?fields=provider%3Aphysical_network&fields=provider%3Anetwork_type HTTP/1.1" status: 200 len: 277 time: 0.0570893
2026-06-27 06:57:38.905 10 INFO neutron.wsgi [req-920b5392-aad8-49f1-9825-d4397daa5952 req-904b6116-b889-4b9a-8581-db6dce77e4e1 747ff5e0439b4ccc9c1a7272c756d760 9df833ed5b48448aa31d39190560de01 - - default default] 10.0.0.139 "GET /v2.0/ports?device_id=003701b3-5e19-4c3d-b79e-67c043b7d46f HTTP/1.1" status: 200 len: 1415 time: 0.0379977
2026-06-27 06:57:38.915 9 INFO neutron.wsgi [req-f3641b37-5fee-44ae-a174-bbf9ad1dc12d req-d09eb9a6-760e-491e-a98b-9a9e74130785 6eee5e0b8360401d9a5b53c79e199d24 81c8187c5ad14f30afa22e1247fda87b - - 48318d4459b543d2ac08e3beed1d1d57 48318d4459b543d2ac08e3beed1d1d57] 199.204.45.72 "GET /v2.0/ports?tenant_id=9df833ed5b48448aa31d39190560de01&device_id=003701b3-5e19-4c3d-b79e-67c043b7d46f HTTP/1.1" status: 200 len: 1415 time: 0.0354557
2026-06-27 06:57:38.993 9 INFO neutron.wsgi [req-f3641b37-5fee-44ae-a174-bbf9ad1dc12d req-e7c92187-d3aa-4df5-830d-2b9f784fa82b 6eee5e0b8360401d9a5b53c79e199d24 81c8187c5ad14f30afa22e1247fda87b - - 48318d4459b543d2ac08e3beed1d1d57 48318d4459b543d2ac08e3beed1d1d57] 199.204.45.72 "GET /v2.0/networks?id=00fc542e-96a6-49a1-a1d4-5b163dac89fa HTTP/1.1" status: 200 len: 937 time: 0.0721817
