2026-06-27 06:53:34.858 9 INFO neutron.db.ovn_revision_numbers_db [None req-fb1f891b-2a5e-4bdf-bdd2-f041f8e55d1a 747ff5e0439b4ccc9c1a7272c756d760 9df833ed5b48448aa31d39190560de01 - - default default] Successfully bumped revision number for resource bdd22179-25ed-423f-8728-4e47c3e90c2a (type: ports) to 2
2026-06-27 06:53:34.872 9 INFO neutron.wsgi [req-9bad11a0-662f-48e6-a69d-3ac84a7a6c45 req-6e72f380-abe9-47e9-9d60-c49eabc705bc 6eee5e0b8360401d9a5b53c79e199d24 81c8187c5ad14f30afa22e1247fda87b - - 48318d4459b543d2ac08e3beed1d1d57 48318d4459b543d2ac08e3beed1d1d57] 199.204.45.72 "GET /v2.0/networks/a25397ba-2af6-4681-8c71-81a9488c3180?fields=segments HTTP/1.1" status: 200 len: 212 time: 0.0722504
2026-06-27 06:53:34.917 10 INFO neutron.plugins.ml2.drivers.ovn.mech_driver.mech_driver [None req-cb51d884-b8cc-45bf-b765-1914a56a47a0 - - - - - -] OVN reports status up for port: 4ead48e9-6082-4510-90f5-f43f15f1ba8a
2026-06-27 06:53:34.921 9 INFO neutron.db.ovn_revision_numbers_db [None req-fb1f891b-2a5e-4bdf-bdd2-f041f8e55d1a 747ff5e0439b4ccc9c1a7272c756d760 9df833ed5b48448aa31d39190560de01 - - default default] Successfully bumped revision number for resource 9a370731-c659-4d2a-ad44-f621d3306224 (type: subnets) to 0
2026-06-27 06:53:34.949 9 INFO neutron.wsgi [None req-fb1f891b-2a5e-4bdf-bdd2-f041f8e55d1a 747ff5e0439b4ccc9c1a7272c756d760 9df833ed5b48448aa31d39190560de01 - - default default] 10.0.0.164 "POST /v2.0/subnets HTTP/1.1" status: 201 len: 873 time: 1.2220731
2026-06-27 06:53:34.951 9 INFO neutron.wsgi [req-9bad11a0-662f-48e6-a69d-3ac84a7a6c45 req-34f1afcb-ad4b-4e7f-9244-24885de1b7a3 6eee5e0b8360401d9a5b53c79e199d24 81c8187c5ad14f30afa22e1247fda87b - - 48318d4459b543d2ac08e3beed1d1d57 48318d4459b543d2ac08e3beed1d1d57] 199.204.45.72 "GET /v2.0/networks/a25397ba-2af6-4681-8c71-81a9488c3180?fields=provider%3Aphysical_network&fields=provider%3Anetwork_type HTTP/1.1" status: 200 len: 277 time: 0.0694358
2026-06-27 06:53:34.951 10 INFO neutron.wsgi [req-9e7be3de-9bb2-44c3-ac66-156de54dfd79 req-2b3b72c9-93e0-40e7-b1c4-a74616a4f370 f991a238af3645acab98e431c36142f7 8b4af1404c72415197af988762b8400c - - default default] 10.0.0.139 "GET /v2.0/ports?device_id=24c0abf3-116e-4642-8dbc-a7f74e6128cd HTTP/1.1" status: 200 len: 1172 time: 0.0744536
2026-06-27 06:53:34.952 10 INFO neutron.plugins.ml2.plugin [None req-cb51d884-b8cc-45bf-b765-1914a56a47a0 - - - - - -] Attempt 1 to provision port 4ead48e9-6082-4510-90f5-f43f15f1ba8a
2026-06-27 06:53:34.958 10 INFO neutron.wsgi [req-90377dc2-fc51-4e22-bded-de01ac0f553a req-29cde162-122a-49b1-a3c0-b2f44fd72512 ee0de2d4b4934a4ab9165617664dec93 ebd8b1ca04a34cc5a77103787707c564 - - default default] 10.0.0.139 "GET /v2.0/ports?device_id=e6ff2451-9f0a-498f-8b1a-f95707381c5c HTTP/1.1" status: 200 len: 1168 time: 0.0831230
2026-06-27 06:53:35.015 10 WARNING neutron.scheduler.dhcp_agent_scheduler [None req-b8b96931-f423-4b55-a7cf-ffa6a42cfada 747ff5e0439b4ccc9c1a7272c756d760 9df833ed5b48448aa31d39190560de01 - - default default] No more DHCP agents
2026-06-27 06:53:35.025 10 WARNING neutron.api.rpc.agentnotifiers.dhcp_rpc_agent_api [None req-b8b96931-f423-4b55-a7cf-ffa6a42cfada 747ff5e0439b4ccc9c1a7272c756d760 9df833ed5b48448aa31d39190560de01 - - default default] Unable to schedule network 3273cced-3b54-431f-b5c2-2dcb744d786d: no agents available; will retry on subsequent port and subnet creation events.
2026-06-27 06:53:35.045 10 INFO neutron.wsgi [req-90377dc2-fc51-4e22-bded-de01ac0f553a req-f6c35862-41a2-4c2b-bfca-906efb153fc1 ee0de2d4b4934a4ab9165617664dec93 ebd8b1ca04a34cc5a77103787707c564 - - default default] 10.0.0.139 "GET /v2.0/security-groups?id=4408e2ec-746a-414a-bb97-fea4af41bc98&fields=id&fields=name HTTP/1.1" status: 200 len: 311 time: 0.0802670
2026-06-27 06:53:35.052 10 INFO neutron.wsgi [req-9e7be3de-9bb2-44c3-ac66-156de54dfd79 req-3abe950d-4c56-4fa3-b8b9-bdb1eaa3f6d8 f991a238af3645acab98e431c36142f7 8b4af1404c72415197af988762b8400c - - default default] 10.0.0.139 "GET /v2.0/security-groups?id=8fac5d6e-bb87-4bce-947f-39d3e3a6cacc&fields=id&fields=name HTTP/1.1" status: 200 len: 312 time: 0.0877583
2026-06-27 06:53:35.284 10 INFO neutron.db.ovn_revision_numbers_db [None req-b8b96931-f423-4b55-a7cf-ffa6a42cfada 747ff5e0439b4ccc9c1a7272c756d760 9df833ed5b48448aa31d39190560de01 - - default default] Successfully bumped revision number for resource 85fd2995-c985-43bc-905c-c14e527b8378 (type: ports) to 1
2026-06-27 06:53:35.429 10 INFO neutron.db.ovn_revision_numbers_db [None req-cb51d884-b8cc-45bf-b765-1914a56a47a0 - - - - - -] Successfully bumped revision number for resource 4ead48e9-6082-4510-90f5-f43f15f1ba8a (type: ports) to 4
2026-06-27 06:53:35.452 9 WARNING neutron.scheduler.dhcp_agent_scheduler [None req-3d62d73d-4e6b-472a-b107-89cdafe31273 747ff5e0439b4ccc9c1a7272c756d760 9df833ed5b48448aa31d39190560de01 - - default default] No more DHCP agents
2026-06-27 06:53:35.454 9 WARNING neutron.api.rpc.agentnotifiers.dhcp_rpc_agent_api [None req-3d62d73d-4e6b-472a-b107-89cdafe31273 747ff5e0439b4ccc9c1a7272c756d760 9df833ed5b48448aa31d39190560de01 - - default default] Unable to schedule network 3273cced-3b54-431f-b5c2-2dcb744d786d: no agents available; will retry on subsequent port and subnet creation events.
2026-06-27 06:53:35.492 10 INFO neutron.plugins.ml2.drivers.ovn.mech_driver.mech_driver [None req-cb51d884-b8cc-45bf-b765-1914a56a47a0 - - - - - -] OVN reports status up for port: 1282fb51-514b-4b2a-a949-d75b1f2d6662
2026-06-27 06:53:35.526 10 INFO neutron.plugins.ml2.plugin [None req-cb51d884-b8cc-45bf-b765-1914a56a47a0 - - - - - -] Attempt 1 to provision port 1282fb51-514b-4b2a-a949-d75b1f2d6662
2026-06-27 06:53:35.654 9 INFO neutron.db.ovn_revision_numbers_db [None req-3d62d73d-4e6b-472a-b107-89cdafe31273 747ff5e0439b4ccc9c1a7272c756d760 9df833ed5b48448aa31d39190560de01 - - default default] Successfully bumped revision number for resource e06acf94-97d9-40c8-ab4d-da41900268ca (type: ports) to 1
2026-06-27 06:53:35.730 10 INFO neutron.notifiers.nova [-] Nova event matching ['req-10a4e7f0-25d4-4aac-b374-f9d33ea6dd29'] response: {'server_uuid': 'e6ff2451-9f0a-498f-8b1a-f95707381c5c', 'name': 'network-vif-plugged', 'status': 'completed', 'tag': '4ead48e9-6082-4510-90f5-f43f15f1ba8a', 'code': 200}
2026-06-27 06:53:35.964 10 INFO neutron.db.ovn_revision_numbers_db [None req-cb51d884-b8cc-45bf-b765-1914a56a47a0 - - - - - -] Successfully bumped revision number for resource 1282fb51-514b-4b2a-a949-d75b1f2d6662 (type: ports) to 4
2026-06-27 06:53:36.113 10 INFO neutron.plugins.ml2.drivers.ovn.mech_driver.mech_driver [None req-cb51d884-b8cc-45bf-b765-1914a56a47a0 - - - - - -] OVN reports status up for port: 85fd2995-c985-43bc-905c-c14e527b8378 /var/lib/openstack/lib/python3.10/site-packages/pycadf/identifier.py:71: UserWarning: Invalid uuid: neutron. To ensure interoperability, identifiers should be a valid uuid. warnings.warn(('Invalid uuid: %s. To ensure interoperability, '
2026-06-27 06:53:36.141 10 INFO neutron.plugins.ml2.drivers.ovn.mech_driver.ovsdb.ovsdb_monitor [None req-5bdcbb57-6e31-4f31-9617-2049e8961655 - - - - - -] Router e56031ba-4c58-45e0-b779-b4c842ff990f is bound to host instance
2026-06-27 06:53:36.151 10 INFO neutron.plugins.ml2.plugin [None req-cb51d884-b8cc-45bf-b765-1914a56a47a0 - - - - - -] Attempt 1 to provision port 85fd2995-c985-43bc-905c-c14e527b8378
2026-06-27 06:53:36.345 10 INFO neutron.db.ovn_revision_numbers_db [None req-b8b96931-f423-4b55-a7cf-ffa6a42cfada 747ff5e0439b4ccc9c1a7272c756d760 9df833ed5b48448aa31d39190560de01 - - default default] Successfully bumped revision number for resource 85fd2995-c985-43bc-905c-c14e527b8378 (type: router_ports) to 1
2026-06-27 06:53:36.350 10 INFO neutron.wsgi [req-4fe52204-2e67-414b-91cd-8d776af0a4f4 req-97d2c04d-80fc-49f9-a55c-44352c94778a ee0de2d4b4934a4ab9165617664dec93 ebd8b1ca04a34cc5a77103787707c564 - - default default] 10.0.0.139 "GET /v2.0/ports?device_id=e6ff2451-9f0a-498f-8b1a-f95707381c5c HTTP/1.1" status: 200 len: 1170 time: 0.2247267
2026-06-27 06:53:36.439 9 INFO neutron.plugins.ml2.drivers.ovn.mech_driver.mech_driver [None req-43cf081a-e68c-492c-ba2c-929a03a46d77 - - - - - -] OVN reports status up for port: e06acf94-97d9-40c8-ab4d-da41900268ca
2026-06-27 06:53:36.468 9 INFO neutron.plugins.ml2.plugin [None req-43cf081a-e68c-492c-ba2c-929a03a46d77 - - - - - -] Attempt 1 to provision port e06acf94-97d9-40c8-ab4d-da41900268ca
2026-06-27 06:53:36.492 9 INFO neutron.db.ovn_revision_numbers_db [None req-3d62d73d-4e6b-472a-b107-89cdafe31273 747ff5e0439b4ccc9c1a7272c756d760 9df833ed5b48448aa31d39190560de01 - - default default] Successfully bumped revision number for resource e06acf94-97d9-40c8-ab4d-da41900268ca (type: router_ports) to 1
2026-06-27 06:53:36.497 10 INFO neutron.wsgi [req-4fe52204-2e67-414b-91cd-8d776af0a4f4 req-40ea2c17-028b-47bf-b629-535d966f4a11 ee0de2d4b4934a4ab9165617664dec93 ebd8b1ca04a34cc5a77103787707c564 - - default default] 10.0.0.139 "GET /v2.0/security-groups?id=4408e2ec-746a-414a-bb97-fea4af41bc98&fields=id&fields=name HTTP/1.1" status: 200 len: 311 time: 0.1287966
2026-06-27 06:53:36.544 10 INFO neutron.db.ovn_revision_numbers_db [None req-b8b96931-f423-4b55-a7cf-ffa6a42cfada 747ff5e0439b4ccc9c1a7272c756d760 9df833ed5b48448aa31d39190560de01 - - default default] Successfully bumped revision number for resource e56031ba-4c58-45e0-b779-b4c842ff990f (type: routers) to 2
2026-06-27 06:53:36.575 10 INFO neutron.wsgi [req-fc976d45-5d49-41c3-969a-32fdebcde282 req-2d805936-631e-4ab7-badd-04309050fe34 f991a238af3645acab98e431c36142f7 8b4af1404c72415197af988762b8400c - - default default] 10.0.0.139 "GET /v2.0/ports?device_id=24c0abf3-116e-4642-8dbc-a7f74e6128cd HTTP/1.1" status: 200 len: 1174 time: 0.4324281
2026-06-27 06:53:36.578 10 INFO neutron.wsgi [None req-b8b96931-f423-4b55-a7cf-ffa6a42cfada 747ff5e0439b4ccc9c1a7272c756d760 9df833ed5b48448aa31d39190560de01 - - default default] 10.0.0.164 "POST /v2.0/routers HTTP/1.1" status: 201 len: 880 time: 2.3373485
2026-06-27 06:53:36.628 9 INFO neutron.db.ovn_revision_numbers_db [None req-3d62d73d-4e6b-472a-b107-89cdafe31273 747ff5e0439b4ccc9c1a7272c756d760 9df833ed5b48448aa31d39190560de01 - - default default] Successfully bumped revision number for resource e50ef6e0-4fb1-47ff-87d3-e3196dd930af (type: routers) to 2
2026-06-27 06:53:36.650 9 INFO neutron.wsgi [None req-3d62d73d-4e6b-472a-b107-89cdafe31273 747ff5e0439b4ccc9c1a7272c756d760 9df833ed5b48448aa31d39190560de01 - - default default] 10.0.0.164 "POST /v2.0/routers HTTP/1.1" status: 201 len: 884 time: 1.6948450
2026-06-27 06:53:36.689 10 INFO neutron.wsgi [req-c80c38ea-fe14-4966-ab77-c09998f62071 req-d7753e03-b803-4315-af05-012b4e92bf73 ee0de2d4b4934a4ab9165617664dec93 ebd8b1ca04a34cc5a77103787707c564 - - default default] 10.0.0.139 "GET /v2.0/ports?device_id=e6ff2451-9f0a-498f-8b1a-f95707381c5c HTTP/1.1" status: 200 len: 1170 time: 0.0722647
2026-06-27 06:53:36.710 10 INFO neutron.wsgi [req-fc976d45-5d49-41c3-969a-32fdebcde282 req-cdafb9d4-0fa0-4f8c-adc6-7c7f346428cf f991a238af3645acab98e431c36142f7 8b4af1404c72415197af988762b8400c - - default default] 10.0.0.139 "GET /v2.0/security-groups?id=8fac5d6e-bb87-4bce-947f-39d3e3a6cacc&fields=id&fields=name HTTP/1.1" status: 200 len: 312 time: 0.1276743
2026-06-27 06:53:36.757 10 INFO neutron.wsgi [None req-916f1009-100b-4737-a9da-cdf8fd623397 747ff5e0439b4ccc9c1a7272c756d760 9df833ed5b48448aa31d39190560de01 - - default default] 10.0.0.65 "GET /v2.0/networks HTTP/1.1" status: 200 len: 5396 time: 0.2395544
2026-06-27 06:53:36.839 10 INFO neutron.wsgi [None req-ca50fbb4-3000-40b9-abb8-5f2a7bbc4f46 747ff5e0439b4ccc9c1a7272c756d760 9df833ed5b48448aa31d39190560de01 - - default default] 10.0.0.65 "GET /v2.0/subnets HTTP/1.1" status: 200 len: 4067 time: 0.0760734
2026-06-27 06:53:37.060 10 INFO neutron.wsgi [None req-a4507a19-b6b5-46ef-ac22-bae1d62ecbc7 747ff5e0439b4ccc9c1a7272c756d760 9df833ed5b48448aa31d39190560de01 - - default default] 10.0.0.65 "GET /v2.0/routers HTTP/1.1" status: 200 len: 2887 time: 0.2052653
2026-06-27 06:53:37.118 9 WARNING neutron.scheduler.dhcp_agent_scheduler [None req-dbc75cf9-1611-4bf6-a42c-8a279cf5a13b 747ff5e0439b4ccc9c1a7272c756d760 9df833ed5b48448aa31d39190560de01 - - default default] No more DHCP agents
2026-06-27 06:53:37.123 9 WARNING neutron.api.rpc.agentnotifiers.dhcp_rpc_agent_api [None req-dbc75cf9-1611-4bf6-a42c-8a279cf5a13b 747ff5e0439b4ccc9c1a7272c756d760 9df833ed5b48448aa31d39190560de01 - - default default] Unable to schedule network 1913d2c9-3c11-477a-885b-ae7ddfc5b6cd: no agents available; will retry on subsequent port and subnet creation events.
2026-06-27 06:53:37.125 10 INFO neutron.wsgi [None req-bfaed257-98c6-42e7-bf99-abc82099ea7a 747ff5e0439b4ccc9c1a7272c756d760 9df833ed5b48448aa31d39190560de01 - - default default] 10.0.0.65 "GET /v2.0/agents?binary=ovn-controller HTTP/1.1" status: 200 len: 591 time: 0.0441463
2026-06-27 06:53:37.230 9 WARNING neutron.scheduler.dhcp_agent_scheduler [None req-0209af2d-f3fe-4e68-9589-cc1ba9f18307 747ff5e0439b4ccc9c1a7272c756d760 9df833ed5b48448aa31d39190560de01 - - default default] No more DHCP agents
2026-06-27 06:53:37.235 9 WARNING neutron.api.rpc.agentnotifiers.dhcp_rpc_agent_api [None req-0209af2d-f3fe-4e68-9589-cc1ba9f18307 747ff5e0439b4ccc9c1a7272c756d760 9df833ed5b48448aa31d39190560de01 - - default default] Unable to schedule network 4cf6d88f-d02c-4750-9e87-d17e730e5eed: no agents available; will retry on subsequent port and subnet creation events.
2026-06-27 06:53:37.357 9 INFO neutron.db.ovn_revision_numbers_db [None req-dbc75cf9-1611-4bf6-a42c-8a279cf5a13b 747ff5e0439b4ccc9c1a7272c756d760 9df833ed5b48448aa31d39190560de01 - - default default] Successfully bumped revision number for resource 7183f256-95d2-4dc6-a5c6-859e372a06bf (type: ports) to 1
2026-06-27 06:53:37.447 10 INFO neutron.wsgi [None req-708a6615-0e16-4f94-8603-5d96fbfad522 747ff5e0439b4ccc9c1a7272c756d760 9df833ed5b48448aa31d39190560de01 - - default default] 10.0.0.65 "GET /v2.0/subnets HTTP/1.1" status: 200 len: 4067 time: 0.3188670
2026-06-27 06:53:37.454 9 INFO neutron.db.ovn_revision_numbers_db [None req-0209af2d-f3fe-4e68-9589-cc1ba9f18307 747ff5e0439b4ccc9c1a7272c756d760 9df833ed5b48448aa31d39190560de01 - - default default] Successfully bumped revision number for resource ca153c69-634e-4173-b317-7638f0d00c01 (type: ports) to 1
2026-06-27 06:53:37.476 10 INFO neutron.wsgi [None req-1b2c9c6c-c0d9-49cb-a0e2-d76499597b5b 747ff5e0439b4ccc9c1a7272c756d760 9df833ed5b48448aa31d39190560de01 - - default default] 10.0.0.65 "GET /v2.0/subnetpools HTTP/1.1" status: 200 len: 193 time: 0.0203772
2026-06-27 06:53:37.509 10 INFO neutron.wsgi [None req-d3da43eb-8f6d-431d-8f33-b988f5539f79 747ff5e0439b4ccc9c1a7272c756d760 9df833ed5b48448aa31d39190560de01 - - default default] 10.0.0.65 "GET /v2.0/agents HTTP/1.1" status: 200 len: 997 time: 0.0304756
2026-06-27 06:53:37.512 10 INFO neutron.db.l3_db [None req-72f84a28-4d42-4d92-b392-d487fc8ce0df ee0de2d4b4934a4ab9165617664dec93 ebd8b1ca04a34cc5a77103787707c564 - - default default] Floating IP 23ce833a-b9c7-4025-a6aa-2c93aab4ab26 associated. External IP: 10.96.250.205, port: 4ead48e9-6082-4510-90f5-f43f15f1ba8a.
2026-06-27 06:53:37.615 10 INFO neutron.wsgi [None req-6c3075a3-ec4d-4647-aa6f-d2a69991d5af 747ff5e0439b4ccc9c1a7272c756d760 9df833ed5b48448aa31d39190560de01 - - default default] 10.0.0.65 "GET /v2.0/ports HTTP/1.1" status: 200 len: 22404 time: 0.1040661
2026-06-27 06:53:37.760 10 INFO neutron.wsgi [None req-6ec9ff88-9b0d-4674-8252-cf6e1cc48ad1 747ff5e0439b4ccc9c1a7272c756d760 9df833ed5b48448aa31d39190560de01 - - default default] 10.0.0.65 "GET /v2.0/security-groups HTTP/1.1" status: 200 len: 33395 time: 0.1289241
2026-06-27 06:53:37.783 10 INFO neutron.notifiers.nova [-] Nova event matching ['req-99afd880-6a51-4a98-b4b7-363a4a31c9b8'] response: {'server_uuid': 'e6ff2451-9f0a-498f-8b1a-f95707381c5c', 'name': 'network-vif-plugged', 'status': 'completed', 'tag': '4ead48e9-6082-4510-90f5-f43f15f1ba8a', 'code': 200}
2026-06-27 06:53:37.783 10 INFO neutron.notifiers.nova [-] Nova event matching ['req-99afd880-6a51-4a98-b4b7-363a4a31c9b8'] response: {'server_uuid': '24c0abf3-116e-4642-8dbc-a7f74e6128cd', 'name': 'network-vif-plugged', 'status': 'completed', 'tag': '1282fb51-514b-4b2a-a949-d75b1f2d6662', 'code': 200}
2026-06-27 06:53:37.783 10 INFO neutron.notifiers.nova [-] Nova event matching ['req-99afd880-6a51-4a98-b4b7-363a4a31c9b8'] response: {'server_uuid': '24c0abf3-116e-4642-8dbc-a7f74e6128cd', 'name': 'network-vif-plugged', 'status': 'completed', 'tag': '1282fb51-514b-4b2a-a949-d75b1f2d6662', 'code': 200}
2026-06-27 06:53:37.882 10 INFO neutron.wsgi [req-385f48ab-1bf8-4a75-87ea-7bffa3351d6c req-17574474-78e3-4399-ad0c-a135b67247f4 f991a238af3645acab98e431c36142f7 8b4af1404c72415197af988762b8400c - - default default] 10.0.0.139 "GET /v2.0/ports?device_id=24c0abf3-116e-4642-8dbc-a7f74e6128cd HTTP/1.1" status: 200 len: 1174 time: 0.1020699
2026-06-27 06:53:37.889 10 INFO neutron.wsgi [None req-687e69c7-0d5e-4a8f-8b35-dc91acbb0fd8 747ff5e0439b4ccc9c1a7272c756d760 9df833ed5b48448aa31d39190560de01 - - default default] 10.0.0.65 "GET /v2.0/floatingips HTTP/1.1" status: 200 len: 1572 time: 0.1194065
2026-06-27 06:53:37.942 10 INFO neutron.wsgi [None req-4c6827d7-0ced-480f-92c0-91a87bf9cc6d 747ff5e0439b4ccc9c1a7272c756d760 9df833ed5b48448aa31d39190560de01 - - default default] 10.0.0.65 "GET /v2.0/network-ip-availabilities HTTP/1.1" status: 200 len: 3196 time: 0.0491920
2026-06-27 06:53:37.964 10 INFO neutron.db.ovn_revision_numbers_db [None req-72f84a28-4d42-4d92-b392-d487fc8ce0df ee0de2d4b4934a4ab9165617664dec93 ebd8b1ca04a34cc5a77103787707c564 - - default default] Successfully bumped revision number for resource 23ce833a-b9c7-4025-a6aa-2c93aab4ab26 (type: floatingips) to 1
2026-06-27 06:53:38.015 10 INFO neutron.wsgi [req-385f48ab-1bf8-4a75-87ea-7bffa3351d6c req-cdd35f43-da7b-4baa-8a34-ec24a1398766 f991a238af3645acab98e431c36142f7 8b4af1404c72415197af988762b8400c - - default default] 10.0.0.139 "GET /v2.0/security-groups?id=8fac5d6e-bb87-4bce-947f-39d3e3a6cacc&fields=id&fields=name HTTP/1.1" status: 200 len: 312 time: 0.1237884
2026-06-27 06:53:38.085 10 INFO neutron.db.ovn_revision_numbers_db [None req-5bdcbb57-6e31-4f31-9617-2049e8961655 - - - - - -] Successfully bumped revision number for resource 85fd2995-c985-43bc-905c-c14e527b8378 (type: ports) to 1
2026-06-27 06:53:38.104 9 INFO neutron.db.ovn_revision_numbers_db [None req-dbc75cf9-1611-4bf6-a42c-8a279cf5a13b 747ff5e0439b4ccc9c1a7272c756d760 9df833ed5b48448aa31d39190560de01 - - default default] Successfully bumped revision number for resource 7183f256-95d2-4dc6-a5c6-859e372a06bf (type: router_ports) to 1
2026-06-27 06:53:38.142 10 INFO neutron.db.ovn_revision_numbers_db [None req-72f84a28-4d42-4d92-b392-d487fc8ce0df ee0de2d4b4934a4ab9165617664dec93 ebd8b1ca04a34cc5a77103787707c564 - - default default] Successfully bumped revision number for resource 23ce833a-b9c7-4025-a6aa-2c93aab4ab26 (type: floatingips) to 2
2026-06-27 06:53:38.181 10 INFO neutron.wsgi [None req-72f84a28-4d42-4d92-b392-d487fc8ce0df ee0de2d4b4934a4ab9165617664dec93 ebd8b1ca04a34cc5a77103787707c564 - - default default] 10.0.0.164 "PUT /v2.0/floatingips/23ce833a-b9c7-4025-a6aa-2c93aab4ab26 HTTP/1.1" status: 200 len: 1049 time: 1.4749191
2026-06-27 06:53:38.226 9 INFO neutron.db.ovn_revision_numbers_db [None req-0209af2d-f3fe-4e68-9589-cc1ba9f18307 747ff5e0439b4ccc9c1a7272c756d760 9df833ed5b48448aa31d39190560de01 - - default default] Successfully bumped revision number for resource ca153c69-634e-4173-b317-7638f0d00c01 (type: router_ports) to 1
2026-06-27 06:53:38.324 9 INFO neutron.db.ovn_revision_numbers_db [None req-dbc75cf9-1611-4bf6-a42c-8a279cf5a13b 747ff5e0439b4ccc9c1a7272c756d760 9df833ed5b48448aa31d39190560de01 - - default default] Successfully bumped revision number for resource 7183f256-95d2-4dc6-a5c6-859e372a06bf (type: ports) to 1
2026-06-27 06:53:38.352 10 INFO neutron.wsgi [req-4653038e-2577-4d59-8339-d839da5f57ab req-df486710-40fc-40e2-abec-1a3b9d0fb8a9 ee0de2d4b4934a4ab9165617664dec93 ebd8b1ca04a34cc5a77103787707c564 - - default default] 10.0.0.139 "GET /v2.0/ports?device_id=e6ff2451-9f0a-498f-8b1a-f95707381c5c HTTP/1.1" status: 200 len: 1170 time: 0.1182468
2026-06-27 06:53:38.400 9 INFO neutron.db.ovn_revision_numbers_db [None req-0209af2d-f3fe-4e68-9589-cc1ba9f18307 747ff5e0439b4ccc9c1a7272c756d760 9df833ed5b48448aa31d39190560de01 - - default default] Successfully bumped revision number for resource ca153c69-634e-4173-b317-7638f0d00c01 (type: ports) to 1
2026-06-27 06:53:38.407 9 WARNING neutron.scheduler.dhcp_agent_scheduler [None req-dbc75cf9-1611-4bf6-a42c-8a279cf5a13b 747ff5e0439b4ccc9c1a7272c756d760 9df833ed5b48448aa31d39190560de01 - - default default] No more DHCP agents
2026-06-27 06:53:38.408 9 WARNING neutron.api.rpc.agentnotifiers.dhcp_rpc_agent_api [None req-dbc75cf9-1611-4bf6-a42c-8a279cf5a13b 747ff5e0439b4ccc9c1a7272c756d760 9df833ed5b48448aa31d39190560de01 - - default default] Unable to schedule network 1913d2c9-3c11-477a-885b-ae7ddfc5b6cd: no agents available; will retry on subsequent port and subnet creation events.
2026-06-27 06:53:38.492 9 WARNING neutron.scheduler.dhcp_agent_scheduler [None req-0209af2d-f3fe-4e68-9589-cc1ba9f18307 747ff5e0439b4ccc9c1a7272c756d760 9df833ed5b48448aa31d39190560de01 - - default default] No more DHCP agents
2026-06-27 06:53:38.494 9 WARNING neutron.api.rpc.agentnotifiers.dhcp_rpc_agent_api [None req-0209af2d-f3fe-4e68-9589-cc1ba9f18307 747ff5e0439b4ccc9c1a7272c756d760 9df833ed5b48448aa31d39190560de01 - - default default] Unable to schedule network 4cf6d88f-d02c-4750-9e87-d17e730e5eed: no agents available; will retry on subsequent port and subnet creation events.
2026-06-27 06:53:38.636 10 INFO neutron.wsgi [req-4653038e-2577-4d59-8339-d839da5f57ab req-1073a8b8-4e55-4534-a9cd-d26377afbde0 ee0de2d4b4934a4ab9165617664dec93 ebd8b1ca04a34cc5a77103787707c564 - - default default] 10.0.0.139 "GET /v2.0/security-groups?id=4408e2ec-746a-414a-bb97-fea4af41bc98&fields=id&fields=name HTTP/1.1" status: 200 len: 311 time: 0.2742209
2026-06-27 06:53:38.727 10 INFO neutron.db.ovn_revision_numbers_db [None req-5bdcbb57-6e31-4f31-9617-2049e8961655 - - - - - -] Successfully bumped revision number for resource 85fd2995-c985-43bc-905c-c14e527b8378 (type: router_ports) to 3
2026-06-27 06:53:38.911 10 INFO neutron.db.ovn_revision_numbers_db [None req-5bdcbb57-6e31-4f31-9617-2049e8961655 - - - - - -] Successfully bumped revision number for resource 85fd2995-c985-43bc-905c-c14e527b8378 (type: ports) to 2
2026-06-27 06:53:39.051 10 INFO neutron.wsgi [req-596e3f20-dc79-44dd-9fee-4470f428a214 req-5d175eb3-1f1c-4bf2-8348-5862186e6320 ee0de2d4b4934a4ab9165617664dec93 ebd8b1ca04a34cc5a77103787707c564 - - default default] 10.0.0.139 "GET /v2.0/ports?device_id=e6ff2451-9f0a-498f-8b1a-f95707381c5c HTTP/1.1" status: 200 len: 1170 time: 0.0997686
2026-06-27 06:53:39.052 10 INFO neutron.plugins.ml2.drivers.ovn.mech_driver.mech_driver [None req-cb51d884-b8cc-45bf-b765-1914a56a47a0 - - - - - -] OVN reports status up for port: 7183f256-95d2-4dc6-a5c6-859e372a06bf /var/lib/openstack/lib/python3.10/site-packages/pycadf/identifier.py:71: UserWarning: Invalid uuid: neutron. To ensure interoperability, identifiers should be a valid uuid. warnings.warn(('Invalid uuid: %s. To ensure interoperability, '
2026-06-27 06:53:39.078 10 INFO neutron.plugins.ml2.plugin [None req-cb51d884-b8cc-45bf-b765-1914a56a47a0 - - - - - -] Attempt 1 to provision port 7183f256-95d2-4dc6-a5c6-859e372a06bf
2026-06-27 06:53:39.168 10 INFO neutron.wsgi [req-a257b483-a323-4e13-be3b-de46a0559f1f req-f3434278-92cd-467b-8c12-83a4afcc6270 f991a238af3645acab98e431c36142f7 8b4af1404c72415197af988762b8400c - - default default] 10.0.0.139 "GET /v2.0/ports?device_id=24c0abf3-116e-4642-8dbc-a7f74e6128cd HTTP/1.1" status: 200 len: 1174 time: 0.0699513
2026-06-27 06:53:39.171 10 INFO neutron.wsgi [req-596e3f20-dc79-44dd-9fee-4470f428a214 req-b0e9135c-6af0-405d-a123-d7dfb4dee353 ee0de2d4b4934a4ab9165617664dec93 ebd8b1ca04a34cc5a77103787707c564 - - default default] 10.0.0.139 "GET /v2.0/security-groups?id=4408e2ec-746a-414a-bb97-fea4af41bc98&fields=id&fields=name HTTP/1.1" status: 200 len: 311 time: 0.1086156
2026-06-27 06:53:39.237 10 INFO neutron.wsgi [req-a257b483-a323-4e13-be3b-de46a0559f1f req-7e9d7130-2475-42dc-b8dd-c38f51c0f3d8 f991a238af3645acab98e431c36142f7 8b4af1404c72415197af988762b8400c - - default default] 10.0.0.139 "GET /v2.0/security-groups?id=8fac5d6e-bb87-4bce-947f-39d3e3a6cacc&fields=id&fields=name HTTP/1.1" status: 200 len: 312 time: 0.0594594
2026-06-27 06:53:39.368 10 INFO neutron.wsgi [req-084cf1ab-f81f-4b96-8665-001f9aba6d6d req-fe69445b-20ab-4f7a-9f6b-fb39639e5a19 f991a238af3645acab98e431c36142f7 8b4af1404c72415197af988762b8400c - - default default] 10.0.0.139 "GET /v2.0/ports?device_id=24c0abf3-116e-4642-8dbc-a7f74e6128cd HTTP/1.1" status: 200 len: 1174 time: 0.0552397
2026-06-27 06:53:39.377 10 INFO neutron.db.ovn_revision_numbers_db [None req-5bdcbb57-6e31-4f31-9617-2049e8961655 - - - - - -] Successfully bumped revision number for resource 85fd2995-c985-43bc-905c-c14e527b8378 (type: ports) to 4
2026-06-27 06:53:39.484 9 INFO neutron.wsgi [req-02b38768-ae71-4bbb-aa04-cc4d3a469125 req-144f5218-21c8-4fdc-a503-5a295e3c996f ee0de2d4b4934a4ab9165617664dec93 ebd8b1ca04a34cc5a77103787707c564 - - default default] 199.204.45.72 "GET /v2.0/ports?device_id=e6ff2451-9f0a-498f-8b1a-f95707381c5c HTTP/1.1" status: 200 len: 1170 time: 0.1850371
2026-06-27 06:53:39.677 9 INFO neutron.wsgi [-] 10.0.0.23 "GET / HTTP/1.1" status: 200 len: 246 time: 0.0017977
2026-06-27 06:53:39.678 10 INFO neutron.wsgi [-] 10.0.0.23 "GET / HTTP/1.1" status: 200 len: 246 time: 0.0017297
2026-06-27 06:53:39.725 10 INFO neutron.db.ovn_revision_numbers_db [None req-cb51d884-b8cc-45bf-b765-1914a56a47a0 - - - - - -] Successfully bumped revision number for resource 7183f256-95d2-4dc6-a5c6-859e372a06bf (type: ports) to 2
2026-06-27 06:53:39.822 10 INFO neutron.notifiers.nova [-] Nova event matching ['req-1bb5a07d-3298-460b-91eb-0c260eea04e2'] response: {'name': 'network-changed', 'server_uuid': 'e6ff2451-9f0a-498f-8b1a-f95707381c5c', 'tag': '4ead48e9-6082-4510-90f5-f43f15f1ba8a', 'status': 'completed', 'code': 200}
2026-06-27 06:53:39.825 10 INFO neutron.db.l3_db [None req-9c6f651e-b4ef-4e87-9b9e-57d944ee7f5e f991a238af3645acab98e431c36142f7 8b4af1404c72415197af988762b8400c - - default default] Floating IP 0f34473c-e18b-4f05-896a-e8883bbc6a84 associated. External IP: 10.96.250.217, port: 1282fb51-514b-4b2a-a949-d75b1f2d6662.
2026-06-27 06:53:39.958 10 INFO neutron.db.ovn_revision_numbers_db [None req-cb51d884-b8cc-45bf-b765-1914a56a47a0 - - - - - -] Successfully bumped revision number for resource 7183f256-95d2-4dc6-a5c6-859e372a06bf (type: router_ports) to 2
2026-06-27 06:53:39.960 10 INFO neutron.db.ovn_revision_numbers_db [None req-5bdcbb57-6e31-4f31-9617-2049e8961655 - - - - - -] Successfully bumped revision number for resource 85fd2995-c985-43bc-905c-c14e527b8378 (type: router_ports) to 4
2026-06-27 06:53:40.032 10 INFO neutron.plugins.ml2.drivers.ovn.mech_driver.ovsdb.ovsdb_monitor [None req-5bdcbb57-6e31-4f31-9617-2049e8961655 - - - - - -] Router e50ef6e0-4fb1-47ff-87d3-e3196dd930af is bound to host instance
2026-06-27 06:53:40.081 9 INFO neutron.wsgi [req-0d39ccc6-8a3a-4571-905a-804423cc0943 req-7ad6cbb4-04d8-4e18-a573-b3e1aca63839 6eee5e0b8360401d9a5b53c79e199d24 81c8187c5ad14f30afa22e1247fda87b - - 48318d4459b543d2ac08e3beed1d1d57 48318d4459b543d2ac08e3beed1d1d57] 199.204.45.72 "GET /v2.0/ports?tenant_id=ebd8b1ca04a34cc5a77103787707c564&device_id=e6ff2451-9f0a-498f-8b1a-f95707381c5c HTTP/1.1" status: 200 len: 1409 time: 0.2294796
2026-06-27 06:53:40.133 10 INFO neutron.db.ovn_revision_numbers_db [None req-9c6f651e-b4ef-4e87-9b9e-57d944ee7f5e f991a238af3645acab98e431c36142f7 8b4af1404c72415197af988762b8400c - - default default] Successfully bumped revision number for resource 0f34473c-e18b-4f05-896a-e8883bbc6a84 (type: floatingips) to 1
2026-06-27 06:53:40.164 9 INFO neutron.wsgi [None req-dbc75cf9-1611-4bf6-a42c-8a279cf5a13b 747ff5e0439b4ccc9c1a7272c756d760 9df833ed5b48448aa31d39190560de01 - - default default] 10.0.0.164 "PUT /v2.0/routers/e56031ba-4c58-45e0-b779-b4c842ff990f/add_router_interface HTTP/1.1" status: 200 len: 503 time: 3.5783963
2026-06-27 06:53:40.188 9 INFO neutron.db.ovn_revision_numbers_db [None req-0209af2d-f3fe-4e68-9589-cc1ba9f18307 747ff5e0439b4ccc9c1a7272c756d760 9df833ed5b48448aa31d39190560de01 - - default default] Successfully bumped revision number for resource ca153c69-634e-4173-b317-7638f0d00c01 (type: router_ports) to 1
2026-06-27 06:53:40.190 9 INFO neutron.wsgi [None req-0209af2d-f3fe-4e68-9589-cc1ba9f18307 747ff5e0439b4ccc9c1a7272c756d760 9df833ed5b48448aa31d39190560de01 - - default default] 10.0.0.164 "PUT /v2.0/routers/e50ef6e0-4fb1-47ff-87d3-e3196dd930af/add_router_interface HTTP/1.1" status: 200 len: 503 time: 3.5357361
2026-06-27 06:53:40.204 9 INFO neutron.wsgi [req-0d39ccc6-8a3a-4571-905a-804423cc0943 req-66beff1e-7c78-4526-bdd9-71773ac0eae5 6eee5e0b8360401d9a5b53c79e199d24 81c8187c5ad14f30afa22e1247fda87b - - 48318d4459b543d2ac08e3beed1d1d57 48318d4459b543d2ac08e3beed1d1d57] 199.204.45.72 "GET /v2.0/networks?id=6247cd7b-9680-48fd-8cab-80cc14707fa3 HTTP/1.1" status: 200 len: 967 time: 0.1156912
2026-06-27 06:53:40.277 9 INFO neutron.db.l3_db [req-02b38768-ae71-4bbb-aa04-cc4d3a469125 req-6057c9d7-2a5e-47e6-ad15-61dcbfa5d2dd ee0de2d4b4934a4ab9165617664dec93 ebd8b1ca04a34cc5a77103787707c564 - - default default] Floating IP 23ce833a-b9c7-4025-a6aa-2c93aab4ab26 disassociated. External IP: 10.96.250.205, port: 4ead48e9-6082-4510-90f5-f43f15f1ba8a.
2026-06-27 06:53:40.280 9 INFO neutron.wsgi [req-0d39ccc6-8a3a-4571-905a-804423cc0943 req-60d65309-726d-45c9-b39a-7cfc54137d90 6eee5e0b8360401d9a5b53c79e199d24 81c8187c5ad14f30afa22e1247fda87b - - 48318d4459b543d2ac08e3beed1d1d57 48318d4459b543d2ac08e3beed1d1d57] 199.204.45.72 "GET /v2.0/floatingips?fixed_ip_address=10.100.0.9&port_id=4ead48e9-6082-4510-90f5-f43f15f1ba8a HTTP/1.1" status: 200 len: 1059 time: 0.0648458
2026-06-27 06:53:40.334 9 INFO neutron.wsgi [req-0d39ccc6-8a3a-4571-905a-804423cc0943 req-d2c9902b-ea5b-4e97-87ec-06beba34292a 6eee5e0b8360401d9a5b53c79e199d24 81c8187c5ad14f30afa22e1247fda87b - - 48318d4459b543d2ac08e3beed1d1d57 48318d4459b543d2ac08e3beed1d1d57] 199.204.45.72 "GET /v2.0/subnets?id=65841d13-e8fd-4fda-b677-61d211f52337 HTTP/1.1" status: 200 len: 862 time: 0.0415800
2026-06-27 06:53:40.367 9 INFO neutron.wsgi [req-0d39ccc6-8a3a-4571-905a-804423cc0943 req-b25545be-ebd5-4043-abfb-482fc590975a 6eee5e0b8360401d9a5b53c79e199d24 81c8187c5ad14f30afa22e1247fda87b - - 48318d4459b543d2ac08e3beed1d1d57 48318d4459b543d2ac08e3beed1d1d57] 199.204.45.72 "GET /v2.0/ports?network_id=6247cd7b-9680-48fd-8cab-80cc14707fa3&device_owner=network%3Adhcp HTTP/1.1" status: 200 len: 210 time: 0.0186779
2026-06-27 06:53:40.440 9 INFO neutron.wsgi [req-0d39ccc6-8a3a-4571-905a-804423cc0943 req-25fec3f1-e049-4129-9e26-b42e29048051 6eee5e0b8360401d9a5b53c79e199d24 81c8187c5ad14f30afa22e1247fda87b - - 48318d4459b543d2ac08e3beed1d1d57 48318d4459b543d2ac08e3beed1d1d57] 199.204.45.72 "GET /v2.0/networks/6247cd7b-9680-48fd-8cab-80cc14707fa3?fields=segments HTTP/1.1" status: 200 len: 212 time: 0.0633597
2026-06-27 06:53:40.453 10 INFO neutron.wsgi [req-fa6a16b0-5d32-4ba0-89fe-b2469c164384 req-54655b46-a514-447f-87b2-fcfb7fcdbf29 ee0de2d4b4934a4ab9165617664dec93 ebd8b1ca04a34cc5a77103787707c564 - - default default] 10.0.0.139 "GET /v2.0/ports?device_id=e6ff2451-9f0a-498f-8b1a-f95707381c5c HTTP/1.1" status: 200 len: 1170 time: 0.0530255
2026-06-27 06:53:40.486 9 INFO neutron.wsgi [req-02b38768-ae71-4bbb-aa04-cc4d3a469125 req-6057c9d7-2a5e-47e6-ad15-61dcbfa5d2dd ee0de2d4b4934a4ab9165617664dec93 ebd8b1ca04a34cc5a77103787707c564 - - default default] 199.204.45.72 "DELETE /v2.0/ports/4ead48e9-6082-4510-90f5-f43f15f1ba8a HTTP/1.1" status: 204 len: 173 time: 0.9963245
2026-06-27 06:53:40.533 9 INFO neutron.wsgi [req-0d39ccc6-8a3a-4571-905a-804423cc0943 req-979ca38a-a953-4902-a0e6-1215548fbed3 6eee5e0b8360401d9a5b53c79e199d24 81c8187c5ad14f30afa22e1247fda87b - - 48318d4459b543d2ac08e3beed1d1d57 48318d4459b543d2ac08e3beed1d1d57] 199.204.45.72 "GET /v2.0/networks/6247cd7b-9680-48fd-8cab-80cc14707fa3?fields=provider%3Aphysical_network&fields=provider%3Anetwork_type HTTP/1.1" status: 200 len: 277 time: 0.0852056
2026-06-27 06:53:40.538 10 INFO neutron.db.ovn_revision_numbers_db [None req-9c6f651e-b4ef-4e87-9b9e-57d944ee7f5e f991a238af3645acab98e431c36142f7 8b4af1404c72415197af988762b8400c - - default default] Successfully bumped revision number for resource 0f34473c-e18b-4f05-896a-e8883bbc6a84 (type: floatingips) to 2
2026-06-27 06:53:40.541 9 INFO neutron.notifiers.nova [-] Nova event matching ['req-5744c2c5-6458-40d8-b948-ab5f460efb3f'] response: {'server_uuid': 'e6ff2451-9f0a-498f-8b1a-f95707381c5c', 'name': 'network-vif-deleted', 'tag': '4ead48e9-6082-4510-90f5-f43f15f1ba8a', 'status': 'completed', 'code': 200}
2026-06-27 06:53:40.563 10 INFO neutron.wsgi [req-fa6a16b0-5d32-4ba0-89fe-b2469c164384 req-04f3608f-94b6-4a75-b0cb-f70f84edc01a ee0de2d4b4934a4ab9165617664dec93 ebd8b1ca04a34cc5a77103787707c564 - - default default] 10.0.0.139 "GET /v2.0/security-groups?id=4408e2ec-746a-414a-bb97-fea4af41bc98&fields=id&fields=name HTTP/1.1" status: 200 len: 311 time: 0.0947812
2026-06-27 06:53:40.576 10 INFO neutron.wsgi [None req-9c6f651e-b4ef-4e87-9b9e-57d944ee7f5e f991a238af3645acab98e431c36142f7 8b4af1404c72415197af988762b8400c - - default default] 10.0.0.164 "PUT /v2.0/floatingips/0f34473c-e18b-4f05-896a-e8883bbc6a84 HTTP/1.1" status: 200 len: 1050 time: 1.1959572
2026-06-27 06:53:40.689 10 INFO neutron.wsgi [req-6830f311-c3da-4204-8a93-e537f52f6bbc req-59c9226d-2a63-487e-9b47-1f3b08f95851 f991a238af3645acab98e431c36142f7 8b4af1404c72415197af988762b8400c - - default default] 10.0.0.139 "GET /v2.0/ports?device_id=24c0abf3-116e-4642-8dbc-a7f74e6128cd HTTP/1.1" status: 200 len: 1174 time: 0.0608852
2026-06-27 06:53:40.781 10 INFO neutron.wsgi [req-6830f311-c3da-4204-8a93-e537f52f6bbc req-17652f6b-832c-42ff-a41b-21bd953ddd56 f991a238af3645acab98e431c36142f7 8b4af1404c72415197af988762b8400c - - default default] 10.0.0.139 "GET /v2.0/security-groups?id=8fac5d6e-bb87-4bce-947f-39d3e3a6cacc&fields=id&fields=name HTTP/1.1" status: 200 len: 312 time: 0.0758791
2026-06-27 06:53:40.998 10 INFO neutron.db.ovn_revision_numbers_db [None req-6042f3ec-6ff8-4701-9e4e-0e319525fbd5 29f1ff051da94f28a5c13af91d08d1a8 a4d619de1b8d435d876797ca034caf72 - - default default] Successfully bumped revision number for resource 062c0db1-f3fa-478b-8998-f3b696e66c36 (type: security_groups) to 1
2026-06-27 06:53:41.029 10 INFO neutron.db.ovn_revision_numbers_db [None req-6042f3ec-6ff8-4701-9e4e-0e319525fbd5 29f1ff051da94f28a5c13af91d08d1a8 a4d619de1b8d435d876797ca034caf72 - - default default] Successfully bumped revision number for resource 68bb8255-575b-49f2-8232-b85f20206cb7 (type: security_group_rules) to 0
2026-06-27 06:53:41.056 10 INFO neutron.db.ovn_revision_numbers_db [None req-cb496823-9bb2-4d60-bcd9-71e4323a4f6a bf3d4068d7d2464680b2bc353b31c171 d1f634d202ae4278ab993a3732c968c6 - - default default] Successfully bumped revision number for resource 5644cb2c-2b05-40a1-928d-c27285f76375 (type: security_groups) to 1
2026-06-27 06:53:41.060 10 INFO neutron.db.ovn_revision_numbers_db [None req-6042f3ec-6ff8-4701-9e4e-0e319525fbd5 29f1ff051da94f28a5c13af91d08d1a8 a4d619de1b8d435d876797ca034caf72 - - default default] Successfully bumped revision number for resource f6c44e5b-b28b-4226-b122-b662de0f4be7 (type: security_group_rules) to 0
2026-06-27 06:53:41.109 10 INFO neutron.wsgi [None req-6042f3ec-6ff8-4701-9e4e-0e319525fbd5 29f1ff051da94f28a5c13af91d08d1a8 a4d619de1b8d435d876797ca034caf72 - - default default] 10.0.0.164 "POST /v2.0/security-groups HTTP/1.1" status: 201 len: 1796 time: 0.3831480
2026-06-27 06:53:41.114 10 INFO neutron.db.ovn_revision_numbers_db [None req-cb496823-9bb2-4d60-bcd9-71e4323a4f6a bf3d4068d7d2464680b2bc353b31c171 d1f634d202ae4278ab993a3732c968c6 - - default default] Successfully bumped revision number for resource 037b62a7-a5ed-4403-9c80-4f02ef2b3c45 (type: security_group_rules) to 0
2026-06-27 06:53:41.117 10 INFO neutron.db.ovn_revision_numbers_db [None req-5bdcbb57-6e31-4f31-9617-2049e8961655 - - - - - -] Successfully bumped revision number for resource e06acf94-97d9-40c8-ab4d-da41900268ca (type: ports) to 1
2026-06-27 06:53:41.153 10 INFO neutron.db.ovn_revision_numbers_db [None req-cb496823-9bb2-4d60-bcd9-71e4323a4f6a bf3d4068d7d2464680b2bc353b31c171 d1f634d202ae4278ab993a3732c968c6 - - default default] Successfully bumped revision number for resource b252d273-48b2-4b76-bf9d-60e39b4f0bbc (type: security_group_rules) to 0
2026-06-27 06:53:41.160 10 INFO neutron.wsgi [req-bf6690da-feef-4b7d-b80e-5e4b7b6e8054 req-757c1826-ebf3-42e8-a2ea-fc1f7188e52a f991a238af3645acab98e431c36142f7 8b4af1404c72415197af988762b8400c - - default default] 10.0.0.139 "GET /v2.0/ports?device_id=24c0abf3-116e-4642-8dbc-a7f74e6128cd HTTP/1.1" status: 200 len: 1174 time: 0.0461919
2026-06-27 06:53:41.189 10 INFO neutron.wsgi [None req-cb496823-9bb2-4d60-bcd9-71e4323a4f6a bf3d4068d7d2464680b2bc353b31c171 d1f634d202ae4278ab993a3732c968c6 - - default default] 10.0.0.164 "POST /v2.0/security-groups HTTP/1.1" status: 201 len: 1795 time: 0.3449795
2026-06-27 06:53:41.240 10 INFO neutron.wsgi [req-bf6690da-feef-4b7d-b80e-5e4b7b6e8054 req-d5b87423-bdf5-466d-b365-761fcdd9b82f f991a238af3645acab98e431c36142f7 8b4af1404c72415197af988762b8400c - - default default] 10.0.0.139 "GET /v2.0/security-groups?id=8fac5d6e-bb87-4bce-947f-39d3e3a6cacc&fields=id&fields=name HTTP/1.1" status: 200 len: 312 time: 0.0737865
2026-06-27 06:53:41.282 9 INFO neutron.db.ovn_revision_numbers_db [None req-3ead37c7-6843-41e9-9ba6-d8926a7bdfd0 29f1ff051da94f28a5c13af91d08d1a8 a4d619de1b8d435d876797ca034caf72 - - default default] Successfully bumped revision number for resource 78e2baeb-e6ba-40c8-9685-707c47de8cb5 (type: security_group_rules) to 0
2026-06-27 06:53:41.330 9 INFO neutron.wsgi [None req-3ead37c7-6843-41e9-9ba6-d8926a7bdfd0 29f1ff051da94f28a5c13af91d08d1a8 a4d619de1b8d435d876797ca034caf72 - - default default] 10.0.0.164 "POST /v2.0/security-group-rules HTTP/1.1" status: 201 len: 764 time: 0.2149870
2026-06-27 06:53:41.390 9 INFO neutron.db.ovn_revision_numbers_db [None req-7f074b13-9470-4934-857a-f1452537f35d bf3d4068d7d2464680b2bc353b31c171 d1f634d202ae4278ab993a3732c968c6 - - default default] Successfully bumped revision number for resource 25d65805-27fc-4392-846f-e7f159bd1430 (type: security_group_rules) to 0
2026-06-27 06:53:41.426 9 INFO neutron.wsgi [None req-7f074b13-9470-4934-857a-f1452537f35d bf3d4068d7d2464680b2bc353b31c171 d1f634d202ae4278ab993a3732c968c6 - - default default] 10.0.0.164 "POST /v2.0/security-group-rules HTTP/1.1" status: 201 len: 764 time: 0.2274716
2026-06-27 06:53:41.527 9 INFO neutron.db.ovn_revision_numbers_db [None req-0b8bb81e-0cd4-4eff-915c-e7aaa35ff68f 29f1ff051da94f28a5c13af91d08d1a8 a4d619de1b8d435d876797ca034caf72 - - default default] Successfully bumped revision number for resource 95f68a9e-7dab-4ae5-89eb-fdb8b9389067 (type: security_group_rules) to 0
2026-06-27 06:53:41.589 9 INFO neutron.wsgi [None req-0b8bb81e-0cd4-4eff-915c-e7aaa35ff68f 29f1ff051da94f28a5c13af91d08d1a8 a4d619de1b8d435d876797ca034caf72 - - default default] 10.0.0.164 "POST /v2.0/security-group-rules HTTP/1.1" status: 201 len: 769 time: 0.2542346
2026-06-27 06:53:41.599 10 INFO neutron.db.ovn_revision_numbers_db [None req-5bdcbb57-6e31-4f31-9617-2049e8961655 - - - - - -] Successfully bumped revision number for resource e06acf94-97d9-40c8-ab4d-da41900268ca (type: router_ports) to 3
2026-06-27 06:53:41.615 9 INFO neutron.wsgi [req-65c9025a-83ec-4d8f-a978-902e3e02740b req-ead80ee2-6cdc-42ff-b99b-0edb632426e8 f991a238af3645acab98e431c36142f7 8b4af1404c72415197af988762b8400c - - default default] 199.204.45.72 "GET /v2.0/ports?device_id=24c0abf3-116e-4642-8dbc-a7f74e6128cd HTTP/1.1" status: 200 len: 1174 time: 0.1655226
2026-06-27 06:53:41.737 9 INFO neutron.db.ovn_revision_numbers_db [None req-16f5f57b-6f82-40e6-9c43-b183650d188a bf3d4068d7d2464680b2bc353b31c171 d1f634d202ae4278ab993a3732c968c6 - - default default] Successfully bumped revision number for resource 4652b435-be2f-4756-931a-e15beb1b750b (type: security_group_rules) to 0
2026-06-27 06:53:41.786 9 INFO neutron.wsgi [None req-16f5f57b-6f82-40e6-9c43-b183650d188a bf3d4068d7d2464680b2bc353b31c171 d1f634d202ae4278ab993a3732c968c6 - - default default] 10.0.0.164 "POST /v2.0/security-group-rules HTTP/1.1" status: 201 len: 769 time: 0.3529541
2026-06-27 06:53:41.830 10 INFO neutron.db.ovn_revision_numbers_db [None req-5bdcbb57-6e31-4f31-9617-2049e8961655 - - - - - -] Successfully bumped revision number for resource e06acf94-97d9-40c8-ab4d-da41900268ca (type: ports) to 2
2026-06-27 06:53:41.864 10 INFO neutron.notifiers.nova [-] Nova event matching ['req-bba27f79-4d2d-4b6b-9527-196a9dab7307'] response: {'name': 'network-changed', 'server_uuid': '24c0abf3-116e-4642-8dbc-a7f74e6128cd', 'tag': '1282fb51-514b-4b2a-a949-d75b1f2d6662', 'status': 'completed', 'code': 200}
2026-06-27 06:53:41.881 10 INFO neutron.wsgi [None req-39cfa575-841c-4db1-af5c-50a3e56d5dfd ee0de2d4b4934a4ab9165617664dec93 ebd8b1ca04a34cc5a77103787707c564 - - default default] 10.0.0.164 "DELETE /v2.0/security-groups/4408e2ec-746a-414a-bb97-fea4af41bc98 HTTP/1.1" status: 204 len: 168 time: 0.2119219
2026-06-27 06:53:41.904 10 INFO neutron.api.v2.resource [None req-717ccc7d-3a82-490e-8a80-ea4f249b3010 ee0de2d4b4934a4ab9165617664dec93 ebd8b1ca04a34cc5a77103787707c564 - - default default] show failed (client error): The resource could not be found.
2026-06-27 06:53:41.905 10 INFO neutron.wsgi [None req-717ccc7d-3a82-490e-8a80-ea4f249b3010 ee0de2d4b4934a4ab9165617664dec93 ebd8b1ca04a34cc5a77103787707c564 - - default default] 10.0.0.164 "GET /v2.0/security-groups/4408e2ec-746a-414a-bb97-fea4af41bc98 HTTP/1.1" status: 404 len: 347 time: 0.0140123
2026-06-27 06:53:41.973 9 INFO neutron.wsgi [req-04bdb689-5909-4ae1-bfac-90a2765c339b req-0b04bb47-9e35-4573-855f-64d5393e7ad9 6eee5e0b8360401d9a5b53c79e199d24 81c8187c5ad14f30afa22e1247fda87b - - 48318d4459b543d2ac08e3beed1d1d57 48318d4459b543d2ac08e3beed1d1d57] 199.204.45.72 "GET /v2.0/ports?tenant_id=8b4af1404c72415197af988762b8400c&device_id=24c0abf3-116e-4642-8dbc-a7f74e6128cd HTTP/1.1" status: 200 len: 1413 time: 0.0823505
2026-06-27 06:53:42.147 10 WARNING neutron.scheduler.dhcp_agent_scheduler [None req-f819d81c-c64f-480a-b278-a4e989748b56 bf3d4068d7d2464680b2bc353b31c171 d1f634d202ae4278ab993a3732c968c6 - - default default] No more DHCP agents
2026-06-27 06:53:42.151 9 INFO neutron.wsgi [req-04bdb689-5909-4ae1-bfac-90a2765c339b req-66901efe-5c10-4675-9934-cc6f9a650631 6eee5e0b8360401d9a5b53c79e199d24 81c8187c5ad14f30afa22e1247fda87b - - 48318d4459b543d2ac08e3beed1d1d57 48318d4459b543d2ac08e3beed1d1d57] 199.204.45.72 "GET /v2.0/networks?id=a25397ba-2af6-4681-8c71-81a9488c3180 HTTP/1.1" status: 200 len: 973 time: 0.1679840
2026-06-27 06:53:42.155 10 WARNING neutron.api.rpc.agentnotifiers.dhcp_rpc_agent_api [None req-f819d81c-c64f-480a-b278-a4e989748b56 bf3d4068d7d2464680b2bc353b31c171 d1f634d202ae4278ab993a3732c968c6 - - default default] Unable to schedule network 3273cced-3b54-431f-b5c2-2dcb744d786d: no agents available; will retry on subsequent port and subnet creation events.
2026-06-27 06:53:42.184 10 INFO neutron.db.ovn_revision_numbers_db [None req-5bdcbb57-6e31-4f31-9617-2049e8961655 - - - - - -] Successfully bumped revision number for resource e06acf94-97d9-40c8-ab4d-da41900268ca (type: ports) to 4
2026-06-27 06:53:42.407 9 WARNING neutron.scheduler.dhcp_agent_scheduler [None req-c77fc1b1-4b64-4baf-b8d3-d524a482ef66 29f1ff051da94f28a5c13af91d08d1a8 a4d619de1b8d435d876797ca034caf72 - - default default] No more DHCP agents
2026-06-27 06:53:42.419 9 WARNING neutron.api.rpc.agentnotifiers.dhcp_rpc_agent_api [None req-c77fc1b1-4b64-4baf-b8d3-d524a482ef66 29f1ff051da94f28a5c13af91d08d1a8 a4d619de1b8d435d876797ca034caf72 - - default default] Unable to schedule network 3273cced-3b54-431f-b5c2-2dcb744d786d: no agents available; will retry on subsequent port and subnet creation events.
2026-06-27 06:53:42.455 9 INFO neutron.db.l3_db [req-65c9025a-83ec-4d8f-a978-902e3e02740b req-4b0be014-8a07-4cff-8e16-b36f3c58779e f991a238af3645acab98e431c36142f7 8b4af1404c72415197af988762b8400c - - default default] Floating IP 0f34473c-e18b-4f05-896a-e8883bbc6a84 disassociated. External IP: 10.96.250.217, port: 1282fb51-514b-4b2a-a949-d75b1f2d6662.
2026-06-27 06:53:42.457 10 INFO neutron.wsgi [req-62b3b41a-94a3-4776-9f30-69373dd13f90 req-127d21ad-18ca-4fce-b268-6a0e618e58d9 f991a238af3645acab98e431c36142f7 8b4af1404c72415197af988762b8400c - - default default] 10.0.0.139 "GET /v2.0/ports?device_id=24c0abf3-116e-4642-8dbc-a7f74e6128cd HTTP/1.1" status: 200 len: 1174 time: 0.1484830
2026-06-27 06:53:42.458 9 INFO neutron.wsgi [req-04bdb689-5909-4ae1-bfac-90a2765c339b req-e7c24668-447c-426e-aaab-0ba41a0f1bad 6eee5e0b8360401d9a5b53c79e199d24 81c8187c5ad14f30afa22e1247fda87b - - 48318d4459b543d2ac08e3beed1d1d57 48318d4459b543d2ac08e3beed1d1d57] 199.204.45.72 "GET /v2.0/floatingips?fixed_ip_address=10.100.0.14&port_id=1282fb51-514b-4b2a-a949-d75b1f2d6662 HTTP/1.1" status: 200 len: 1060 time: 0.2949243
2026-06-27 06:53:42.493 9 INFO neutron.plugins.ml2.drivers.ovn.mech_driver.mech_driver [None req-43cf081a-e68c-492c-ba2c-929a03a46d77 - - - - - -] OVN reports status up for port: ca153c69-634e-4173-b317-7638f0d00c01
2026-06-27 06:53:42.560 10 INFO neutron.wsgi [req-62b3b41a-94a3-4776-9f30-69373dd13f90 req-1f8e034c-b583-406f-b4d5-8f585087c8be f991a238af3645acab98e431c36142f7 8b4af1404c72415197af988762b8400c - - default default] 10.0.0.139 "GET /v2.0/security-groups?id=8fac5d6e-bb87-4bce-947f-39d3e3a6cacc&fields=id&fields=name HTTP/1.1" status: 200 len: 312 time: 0.0869422
2026-06-27 06:53:42.561 9 INFO neutron.plugins.ml2.plugin [None req-43cf081a-e68c-492c-ba2c-929a03a46d77 - - - - - -] Attempt 1 to provision port ca153c69-634e-4173-b317-7638f0d00c01
2026-06-27 06:53:42.606 9 INFO neutron.wsgi [req-04bdb689-5909-4ae1-bfac-90a2765c339b req-0d5be453-939f-4cd6-bb39-93cc542ba621 6eee5e0b8360401d9a5b53c79e199d24 81c8187c5ad14f30afa22e1247fda87b - - 48318d4459b543d2ac08e3beed1d1d57 48318d4459b543d2ac08e3beed1d1d57] 199.204.45.72 "GET /v2.0/subnets?id=538ecba3-6ddf-4037-bf33-a373b0b677a7 HTTP/1.1" status: 200 len: 868 time: 0.1337638
2026-06-27 06:53:42.716 9 INFO neutron.wsgi [req-04bdb689-5909-4ae1-bfac-90a2765c339b req-2e880260-b118-424e-a292-2d0376d9d07a 6eee5e0b8360401d9a5b53c79e199d24 81c8187c5ad14f30afa22e1247fda87b - - 48318d4459b543d2ac08e3beed1d1d57 48318d4459b543d2ac08e3beed1d1d57] 199.204.45.72 "GET /v2.0/ports?network_id=a25397ba-2af6-4681-8c71-81a9488c3180&device_owner=network%3Adhcp HTTP/1.1" status: 200 len: 210 time: 0.0673010
2026-06-27 06:53:42.718 10 INFO neutron.db.ovn_revision_numbers_db [None req-5bdcbb57-6e31-4f31-9617-2049e8961655 - - - - - -] Successfully bumped revision number for resource e06acf94-97d9-40c8-ab4d-da41900268ca (type: router_ports) to 4
2026-06-27 06:53:42.803 10 INFO neutron.db.ovn_revision_numbers_db [None req-f819d81c-c64f-480a-b278-a4e989748b56 bf3d4068d7d2464680b2bc353b31c171 d1f634d202ae4278ab993a3732c968c6 - - default default] Successfully bumped revision number for resource 08321934-a1d6-4e26-93cb-e7af92b0ddce (type: floatingips) to 0
2026-06-27 06:53:42.816 10 INFO neutron.wsgi [None req-f819d81c-c64f-480a-b278-a4e989748b56 bf3d4068d7d2464680b2bc353b31c171 d1f634d202ae4278ab993a3732c968c6 - - default default] 10.0.0.164 "POST /v2.0/floatingips HTTP/1.1" status: 201 len: 751 time: 1.0228727
2026-06-27 06:53:42.889 9 INFO neutron.wsgi [req-04bdb689-5909-4ae1-bfac-90a2765c339b req-4b3737ef-477d-47a6-8164-528b8373aa04 6eee5e0b8360401d9a5b53c79e199d24 81c8187c5ad14f30afa22e1247fda87b - - 48318d4459b543d2ac08e3beed1d1d57 48318d4459b543d2ac08e3beed1d1d57] 199.204.45.72 "GET /v2.0/networks/a25397ba-2af6-4681-8c71-81a9488c3180?fields=segments HTTP/1.1" status: 200 len: 212 time: 0.1620162
2026-06-27 06:53:43.067 9 INFO neutron.wsgi [req-65c9025a-83ec-4d8f-a978-902e3e02740b req-4b0be014-8a07-4cff-8e16-b36f3c58779e f991a238af3645acab98e431c36142f7 8b4af1404c72415197af988762b8400c - - default default] 199.204.45.72 "DELETE /v2.0/ports/1282fb51-514b-4b2a-a949-d75b1f2d6662 HTTP/1.1" status: 204 len: 173 time: 1.4459994
2026-06-27 06:53:43.084 9 INFO neutron.wsgi [req-04bdb689-5909-4ae1-bfac-90a2765c339b req-14a403ba-76d0-4c70-b867-da1b898feeef 6eee5e0b8360401d9a5b53c79e199d24 81c8187c5ad14f30afa22e1247fda87b - - 48318d4459b543d2ac08e3beed1d1d57 48318d4459b543d2ac08e3beed1d1d57] 199.204.45.72 "GET /v2.0/networks/a25397ba-2af6-4681-8c71-81a9488c3180?fields=provider%3Aphysical_network&fields=provider%3Anetwork_type HTTP/1.1" status: 200 len: 277 time: 0.1858680
2026-06-27 06:53:43.119 9 INFO neutron.notifiers.nova [-] Nova event matching ['req-7702f04a-1a74-433e-862d-408366315e88'] response: {'server_uuid': '24c0abf3-116e-4642-8dbc-a7f74e6128cd', 'name': 'network-vif-deleted', 'tag': '1282fb51-514b-4b2a-a949-d75b1f2d6662', 'status': 'completed', 'code': 200}
2026-06-27 06:53:43.176 9 INFO neutron.wsgi [None req-b38880ca-6236-4b1c-86e8-28236bbe2cbc ee0de2d4b4934a4ab9165617664dec93 ebd8b1ca04a34cc5a77103787707c564 - - default default] 10.0.0.164 "DELETE /v2.0/floatingips/23ce833a-b9c7-4025-a6aa-2c93aab4ab26 HTTP/1.1" status: 204 len: 168 time: 1.2627399
2026-06-27 06:53:43.287 9 INFO neutron.db.ovn_revision_numbers_db [None req-c77fc1b1-4b64-4baf-b8d3-d524a482ef66 29f1ff051da94f28a5c13af91d08d1a8 a4d619de1b8d435d876797ca034caf72 - - default default] Successfully bumped revision number for resource 1e2fa347-50ba-499d-9641-80c632201342 (type: floatingips) to 0
