2026-06-27 06:54:39.306 9 INFO neutron.wsgi [req-992557fe-8654-479b-8f2c-d2f8e4559bfb req-055388c0-93c4-4516-85d8-a3f818e6d6f5 6eee5e0b8360401d9a5b53c79e199d24 81c8187c5ad14f30afa22e1247fda87b - - 48318d4459b543d2ac08e3beed1d1d57 48318d4459b543d2ac08e3beed1d1d57] 199.204.45.72 "GET /v2.0/ports?network_id=d7bf97a3-fb93-4558-9175-a48cf30951bc&device_owner=network%3Adhcp HTTP/1.1" status: 200 len: 210 time: 0.0264513
2026-06-27 06:54:39.418 9 INFO neutron.wsgi [req-992557fe-8654-479b-8f2c-d2f8e4559bfb req-4225ef9b-cd29-40b6-bdc5-2501a69a4066 6eee5e0b8360401d9a5b53c79e199d24 81c8187c5ad14f30afa22e1247fda87b - - 48318d4459b543d2ac08e3beed1d1d57 48318d4459b543d2ac08e3beed1d1d57] 199.204.45.72 "GET /v2.0/networks/d7bf97a3-fb93-4558-9175-a48cf30951bc?fields=segments HTTP/1.1" status: 200 len: 212 time: 0.1022644
2026-06-27 06:54:39.503 9 INFO neutron.wsgi [None req-2f94fadf-9535-445e-9915-bc3d61a36b3f 747ff5e0439b4ccc9c1a7272c756d760 9df833ed5b48448aa31d39190560de01 - - default default] 10.0.0.164 "DELETE /v2.0/security-groups/2bbaf37a-fcfb-42e4-8443-bcf2ddacff63 HTTP/1.1" status: 204 len: 168 time: 0.7549317
2026-06-27 06:54:39.530 9 INFO neutron.wsgi [req-992557fe-8654-479b-8f2c-d2f8e4559bfb req-0fc58722-7414-4703-a931-7ded2dce12ec 6eee5e0b8360401d9a5b53c79e199d24 81c8187c5ad14f30afa22e1247fda87b - - 48318d4459b543d2ac08e3beed1d1d57 48318d4459b543d2ac08e3beed1d1d57] 199.204.45.72 "GET /v2.0/networks/d7bf97a3-fb93-4558-9175-a48cf30951bc?fields=provider%3Aphysical_network&fields=provider%3Anetwork_type HTTP/1.1" status: 200 len: 277 time: 0.1037009
2026-06-27 06:54:39.542 9 WARNING neutron.scheduler.dhcp_agent_scheduler [None req-ba7d717a-4262-4ef3-b58b-3dc8301a58ba 37e43ec97a804a3595aada5abe4e8cdd 0626422c3489465f999fc81870e27da5 - - default default] No more DHCP agents
2026-06-27 06:54:39.548 9 WARNING neutron.api.rpc.agentnotifiers.dhcp_rpc_agent_api [None req-ba7d717a-4262-4ef3-b58b-3dc8301a58ba 37e43ec97a804a3595aada5abe4e8cdd 0626422c3489465f999fc81870e27da5 - - default default] Unable to schedule network 956d1c40-9eb9-4743-9386-f11155e8c21a: no agents available; will retry on subsequent port and subnet creation events.
2026-06-27 06:54:39.643 9 INFO neutron.db.ovn_revision_numbers_db [None req-ba7d717a-4262-4ef3-b58b-3dc8301a58ba 37e43ec97a804a3595aada5abe4e8cdd 0626422c3489465f999fc81870e27da5 - - default default] Successfully bumped revision number for resource 974a5b15-70d3-4b2a-8290-b2202bc7128d (type: ports) to 1
2026-06-27 06:54:39.669 10 INFO neutron.wsgi [-] 10.0.0.23 "GET / HTTP/1.1" status: 200 len: 246 time: 0.0019937
2026-06-27 06:54:39.669 9 INFO neutron.wsgi [-] 10.0.0.23 "GET / HTTP/1.1" status: 200 len: 246 time: 0.0014064
2026-06-27 06:54:39.672 9 INFO neutron.wsgi [None req-ba7d717a-4262-4ef3-b58b-3dc8301a58ba 37e43ec97a804a3595aada5abe4e8cdd 0626422c3489465f999fc81870e27da5 - - default default] 10.0.0.164 "POST /v2.0/networks HTTP/1.1" status: 201 len: 849 time: 1.5891705
2026-06-27 06:54:39.699 9 INFO neutron.wsgi [None req-94cf710f-045b-483b-bf69-920a6f6948a8 747ff5e0439b4ccc9c1a7272c756d760 9df833ed5b48448aa31d39190560de01 - - default default] 10.0.0.164 "GET /v2.0/security-groups?tenant_id=14e36b1bb0d5405f904811df8d3696eb&name=default HTTP/1.1" status: 200 len: 2996 time: 0.1674230
2026-06-27 06:54:39.747 9 INFO neutron.plugins.ml2.drivers.ovn.mech_driver.mech_driver [None req-43cf081a-e68c-492c-ba2c-929a03a46d77 - - - - - -] OVN reports status down for port: b64bec00-54ea-412a-9406-92a97f507c2b
2026-06-27 06:54:39.892 9 INFO neutron.notifiers.nova [-] Nova event matching ['req-a91e6389-1ea4-4f65-8244-880e1f18169b'] response: {'server_uuid': 'e0b28c39-c7cb-443e-92d0-edeed66c0ae0', 'name': 'network-vif-unplugged', 'status': 'completed', 'tag': 'b64bec00-54ea-412a-9406-92a97f507c2b', 'code': 200}
2026-06-27 06:54:39.955 10 INFO neutron.wsgi [req-00af5bfb-499b-4dda-946d-7e39ec0ee02d req-42fd00f3-8d32-4401-9db0-f0f43b8998ca 2905deb73bac46489f69afb79532cb86 645b11ec394d42f9b791de26e8be449a - - default default] 10.0.0.139 "GET /v2.0/ports?device_id=e0b28c39-c7cb-443e-92d0-edeed66c0ae0 HTTP/1.1" status: 200 len: 1168 time: 0.0680678
2026-06-27 06:54:40.008 9 INFO neutron.wsgi [None req-edc0d319-495b-480d-9840-c01328fba963 747ff5e0439b4ccc9c1a7272c756d760 9df833ed5b48448aa31d39190560de01 - - default default] 10.0.0.164 "DELETE /v2.0/security-groups/d2bb4349-e21f-4b02-b4ac-8d1e77123114 HTTP/1.1" status: 204 len: 168 time: 0.3032956
2026-06-27 06:54:40.025 10 INFO neutron.wsgi [req-00af5bfb-499b-4dda-946d-7e39ec0ee02d req-f31de792-4044-44a3-ac30-9847d5fc22ea 2905deb73bac46489f69afb79532cb86 645b11ec394d42f9b791de26e8be449a - - default default] 10.0.0.139 "GET /v2.0/security-groups?id=2d084db0-375a-4707-a558-255ad5a0d277&fields=id&fields=name HTTP/1.1" status: 200 len: 311 time: 0.0623960
2026-06-27 06:54:40.058 10 WARNING neutron.scheduler.dhcp_agent_scheduler [None req-94d919a7-9e93-4be8-8ab1-4f86bd2dc7cf 37e43ec97a804a3595aada5abe4e8cdd 0626422c3489465f999fc81870e27da5 - - default default] No more DHCP agents
2026-06-27 06:54:40.060 9 INFO neutron.db.ovn_revision_numbers_db [None req-43cf081a-e68c-492c-ba2c-929a03a46d77 - - - - - -] Successfully bumped revision number for resource b64bec00-54ea-412a-9406-92a97f507c2b (type: ports) to 5
2026-06-27 06:54:40.066 10 WARNING neutron.api.rpc.agentnotifiers.dhcp_rpc_agent_api [None req-94d919a7-9e93-4be8-8ab1-4f86bd2dc7cf 37e43ec97a804a3595aada5abe4e8cdd 0626422c3489465f999fc81870e27da5 - - default default] Unable to schedule network 956d1c40-9eb9-4743-9386-f11155e8c21a: no agents available; will retry on subsequent port and subnet creation events.
2026-06-27 06:54:40.365 10 INFO neutron.services.segments.plugin [-] Segment 3c7ef576-4505-448e-8564-170fdd054d67 resource provider aggregate not found
2026-06-27 06:54:40.375 9 INFO neutron.plugins.ml2.drivers.ovn.mech_driver.mech_driver [None req-43cf081a-e68c-492c-ba2c-929a03a46d77 - - - - - -] OVN reports status up for port: b64bec00-54ea-412a-9406-92a97f507c2b
2026-06-27 06:54:40.380 10 INFO neutron.services.segments.plugin [-] Segment 3c7ef576-4505-448e-8564-170fdd054d67 resource provider aggregate not found
2026-06-27 06:54:40.400 10 INFO neutron.db.ovn_revision_numbers_db [None req-94d919a7-9e93-4be8-8ab1-4f86bd2dc7cf 37e43ec97a804a3595aada5abe4e8cdd 0626422c3489465f999fc81870e27da5 - - default default] Successfully bumped revision number for resource 671b17fa-cd32-4b0a-8eb9-ab6a77300677 (type: subnets) to 0
2026-06-27 06:54:40.406 10 INFO neutron.services.segments.plugin [-] Segment 3c7ef576-4505-448e-8564-170fdd054d67 resource provider not found; error: Placement Client Error (4xx): {"errors": [{"status": 404, "title": "Not Found", "detail": "The resource could not be found.\n\n No resource provider with uuid 3c7ef576-4505-448e-8564-170fdd054d67 found for delete ", "request_id": "req-ed5111f3-47e3-4953-8080-3bbb6e90d2de"}]}
2026-06-27 06:54:40.409 10 INFO neutron.services.segments.plugin [-] Segment 3c7ef576-4505-448e-8564-170fdd054d67 resource provider not found; error: Placement Client Error (4xx): {"errors": [{"status": 404, "title": "Not Found", "detail": "The resource could not be found.\n\n No resource provider with uuid 3c7ef576-4505-448e-8564-170fdd054d67 found for delete ", "request_id": "req-bd888c6d-d8e8-4280-8aa0-2dd55b67dce4"}]}
2026-06-27 06:54:40.412 9 INFO neutron.plugins.ml2.plugin [None req-43cf081a-e68c-492c-ba2c-929a03a46d77 - - - - - -] Attempt 1 to provision port b64bec00-54ea-412a-9406-92a97f507c2b
2026-06-27 06:54:40.427 10 INFO neutron.wsgi [None req-94d919a7-9e93-4be8-8ab1-4f86bd2dc7cf 37e43ec97a804a3595aada5abe4e8cdd 0626422c3489465f999fc81870e27da5 - - default default] 10.0.0.164 "POST /v2.0/subnets HTTP/1.1" status: 201 len: 802 time: 0.7478585
2026-06-27 06:54:40.749 9 INFO neutron.db.ovn_revision_numbers_db [None req-43cf081a-e68c-492c-ba2c-929a03a46d77 - - - - - -] Successfully bumped revision number for resource b64bec00-54ea-412a-9406-92a97f507c2b (type: ports) to 6
2026-06-27 06:54:41.014 10 WARNING neutron.scheduler.dhcp_agent_scheduler [None req-d81869dc-3e84-47d7-ae9f-f9842227ecba 37e43ec97a804a3595aada5abe4e8cdd 0626422c3489465f999fc81870e27da5 - - default default] No more DHCP agents
2026-06-27 06:54:41.017 10 WARNING neutron.api.rpc.agentnotifiers.dhcp_rpc_agent_api [None req-d81869dc-3e84-47d7-ae9f-f9842227ecba 37e43ec97a804a3595aada5abe4e8cdd 0626422c3489465f999fc81870e27da5 - - default default] Unable to schedule network 3273cced-3b54-431f-b5c2-2dcb744d786d: no agents available; will retry on subsequent port and subnet creation events.
2026-06-27 06:54:41.153 10 INFO neutron.wsgi [req-5b2797de-a5f3-48df-b9dc-bb5677bcfda3 req-809fb05a-9dfc-4107-8495-4502103ff1e5 2905deb73bac46489f69afb79532cb86 645b11ec394d42f9b791de26e8be449a - - default default] 10.0.0.139 "GET /v2.0/ports?device_id=e0b28c39-c7cb-443e-92d0-edeed66c0ae0 HTTP/1.1" status: 200 len: 1170 time: 0.0434887
2026-06-27 06:54:41.233 10 INFO neutron.wsgi [req-5b2797de-a5f3-48df-b9dc-bb5677bcfda3 req-b5ffb3fa-c785-4442-bbff-98ed566cf46c 2905deb73bac46489f69afb79532cb86 645b11ec394d42f9b791de26e8be449a - - default default] 10.0.0.139 "GET /v2.0/security-groups?id=2d084db0-375a-4707-a558-255ad5a0d277&fields=id&fields=name HTTP/1.1" status: 200 len: 311 time: 0.0727456
2026-06-27 06:54:41.278 10 INFO neutron.db.ovn_revision_numbers_db [None req-d81869dc-3e84-47d7-ae9f-f9842227ecba 37e43ec97a804a3595aada5abe4e8cdd 0626422c3489465f999fc81870e27da5 - - default default] Successfully bumped revision number for resource d575abdb-4d46-41b8-95c3-5bf4262a4964 (type: ports) to 1 /var/lib/openstack/lib/python3.10/site-packages/pycadf/identifier.py:71: UserWarning: Invalid uuid: neutron. To ensure interoperability, identifiers should be a valid uuid. warnings.warn(('Invalid uuid: %s. To ensure interoperability, '
2026-06-27 06:54:41.928 9 INFO neutron.plugins.ml2.drivers.ovn.mech_driver.mech_driver [None req-43cf081a-e68c-492c-ba2c-929a03a46d77 - - - - - -] OVN reports status up for port: d575abdb-4d46-41b8-95c3-5bf4262a4964
2026-06-27 06:54:41.948 9 INFO neutron.plugins.ml2.plugin [None req-43cf081a-e68c-492c-ba2c-929a03a46d77 - - - - - -] Attempt 1 to provision port d575abdb-4d46-41b8-95c3-5bf4262a4964
2026-06-27 06:54:41.950 9 INFO neutron.notifiers.nova [-] Nova event matching ['req-96d678e8-6774-4f82-9d40-d6a92d6b0397'] response: {'server_uuid': 'e0b28c39-c7cb-443e-92d0-edeed66c0ae0', 'name': 'network-vif-plugged', 'status': 'completed', 'tag': 'b64bec00-54ea-412a-9406-92a97f507c2b', 'code': 200}
2026-06-27 06:54:41.950 9 INFO neutron.notifiers.nova [-] Nova event matching ['req-96d678e8-6774-4f82-9d40-d6a92d6b0397'] response: {'server_uuid': 'e0b28c39-c7cb-443e-92d0-edeed66c0ae0', 'name': 'network-vif-plugged', 'status': 'completed', 'tag': 'b64bec00-54ea-412a-9406-92a97f507c2b', 'code': 200}
2026-06-27 06:54:41.950 9 INFO neutron.notifiers.nova [-] Nova event matching ['req-96d678e8-6774-4f82-9d40-d6a92d6b0397'] response: {'server_uuid': 'e0b28c39-c7cb-443e-92d0-edeed66c0ae0', 'name': 'network-vif-plugged', 'status': 'completed', 'tag': 'b64bec00-54ea-412a-9406-92a97f507c2b', 'code': 200}
2026-06-27 06:54:41.958 10 INFO neutron.db.ovn_revision_numbers_db [None req-d81869dc-3e84-47d7-ae9f-f9842227ecba 37e43ec97a804a3595aada5abe4e8cdd 0626422c3489465f999fc81870e27da5 - - default default] Successfully bumped revision number for resource d575abdb-4d46-41b8-95c3-5bf4262a4964 (type: router_ports) to 1
2026-06-27 06:54:41.968 9 INFO neutron.db.ovn_revision_numbers_db [None req-b75d0d83-6cd9-4be0-bf67-0a126140613c 4ce50816d08740e498442854a514e082 a2a5d4d474a243e49c6e975b3b11b40d - - default default] Successfully bumped revision number for resource 5ed1f662-aa07-45b0-b351-e35c6787368f (type: security_groups) to 1
2026-06-27 06:54:41.990 9 INFO neutron.db.ovn_revision_numbers_db [None req-b75d0d83-6cd9-4be0-bf67-0a126140613c 4ce50816d08740e498442854a514e082 a2a5d4d474a243e49c6e975b3b11b40d - - default default] Successfully bumped revision number for resource 453e231c-9881-450e-86d4-8a8b5f7228f1 (type: security_group_rules) to 0
2026-06-27 06:54:42.011 9 INFO neutron.db.ovn_revision_numbers_db [None req-b75d0d83-6cd9-4be0-bf67-0a126140613c 4ce50816d08740e498442854a514e082 a2a5d4d474a243e49c6e975b3b11b40d - - default default] Successfully bumped revision number for resource 8b5ec407-8ec4-42c1-96f1-5b91c3d7e73a (type: security_group_rules) to 0
2026-06-27 06:54:42.024 10 INFO neutron.db.ovn_revision_numbers_db [None req-d81869dc-3e84-47d7-ae9f-f9842227ecba 37e43ec97a804a3595aada5abe4e8cdd 0626422c3489465f999fc81870e27da5 - - default default] Successfully bumped revision number for resource 1f70bba6-373e-41fd-a082-b9859d997b24 (type: routers) to 2
2026-06-27 06:54:42.028 9 INFO neutron.db.ovn_revision_numbers_db [None req-b75d0d83-6cd9-4be0-bf67-0a126140613c 4ce50816d08740e498442854a514e082 a2a5d4d474a243e49c6e975b3b11b40d - - default default] Successfully bumped revision number for resource e0699c23-e875-4a74-bfdf-e04b4955c41d (type: security_group_rules) to 0
2026-06-27 06:54:42.040 9 INFO neutron.db.ovn_revision_numbers_db [None req-b75d0d83-6cd9-4be0-bf67-0a126140613c 4ce50816d08740e498442854a514e082 a2a5d4d474a243e49c6e975b3b11b40d - - default default] Successfully bumped revision number for resource e1e9d378-3feb-4098-8e3b-81a4d5d7b0af (type: security_group_rules) to 0
2026-06-27 06:54:42.043 10 INFO neutron.wsgi [None req-d81869dc-3e84-47d7-ae9f-f9842227ecba 37e43ec97a804a3595aada5abe4e8cdd 0626422c3489465f999fc81870e27da5 - - default default] 10.0.0.164 "POST /v2.0/routers HTTP/1.1" status: 201 len: 873 time: 1.6105788
2026-06-27 06:54:42.083 9 INFO neutron.db.segments_db [None req-b75d0d83-6cd9-4be0-bf67-0a126140613c 4ce50816d08740e498442854a514e082 a2a5d4d474a243e49c6e975b3b11b40d - - default default] Added segment 8ba04599-c0c6-4f0d-9e3a-9e04b3f8c20f of type geneve for network edb9924b-4404-43cc-87db-7e312abbdf48
2026-06-27 06:54:42.221 9 INFO neutron.db.ovn_revision_numbers_db [None req-b75d0d83-6cd9-4be0-bf67-0a126140613c 4ce50816d08740e498442854a514e082 a2a5d4d474a243e49c6e975b3b11b40d - - default default] Successfully bumped revision number for resource edb9924b-4404-43cc-87db-7e312abbdf48 (type: networks) to 1
2026-06-27 06:54:42.355 10 INFO neutron.wsgi [req-b88eb44d-7bdf-4541-809f-6e4af5c1e589 req-7902b331-56cd-48af-891c-95b3f3cbb290 2905deb73bac46489f69afb79532cb86 645b11ec394d42f9b791de26e8be449a - - default default] 10.0.0.139 "GET /v2.0/ports?device_id=e0b28c39-c7cb-443e-92d0-edeed66c0ae0 HTTP/1.1" status: 200 len: 1170 time: 0.0521502
2026-06-27 06:54:42.402 9 WARNING neutron.scheduler.dhcp_agent_scheduler [None req-b75d0d83-6cd9-4be0-bf67-0a126140613c 4ce50816d08740e498442854a514e082 a2a5d4d474a243e49c6e975b3b11b40d - - default default] No more DHCP agents
2026-06-27 06:54:42.405 9 WARNING neutron.api.rpc.agentnotifiers.dhcp_rpc_agent_api [None req-b75d0d83-6cd9-4be0-bf67-0a126140613c 4ce50816d08740e498442854a514e082 a2a5d4d474a243e49c6e975b3b11b40d - - default default] Unable to schedule network edb9924b-4404-43cc-87db-7e312abbdf48: no agents available; will retry on subsequent port and subnet creation events.
2026-06-27 06:54:42.442 10 INFO neutron.wsgi [req-b88eb44d-7bdf-4541-809f-6e4af5c1e589 req-4d979820-036d-476e-8d17-aa4e35d33aa6 2905deb73bac46489f69afb79532cb86 645b11ec394d42f9b791de26e8be449a - - default default] 10.0.0.139 "GET /v2.0/security-groups?id=2d084db0-375a-4707-a558-255ad5a0d277&fields=id&fields=name HTTP/1.1" status: 200 len: 311 time: 0.0785756
2026-06-27 06:54:42.521 9 INFO neutron.db.ovn_revision_numbers_db [None req-b75d0d83-6cd9-4be0-bf67-0a126140613c 4ce50816d08740e498442854a514e082 a2a5d4d474a243e49c6e975b3b11b40d - - default default] Successfully bumped revision number for resource 5a24966d-b8f2-4fba-8151-c1a53e9ca53f (type: ports) to 1
2026-06-27 06:54:42.553 9 INFO neutron.wsgi [None req-b75d0d83-6cd9-4be0-bf67-0a126140613c 4ce50816d08740e498442854a514e082 a2a5d4d474a243e49c6e975b3b11b40d - - default default] 10.0.0.164 "POST /v2.0/networks HTTP/1.1" status: 201 len: 842 time: 0.9934711
2026-06-27 06:54:42.748 10 WARNING neutron.scheduler.dhcp_agent_scheduler [None req-4475cadc-8c89-4be9-bce6-71022a4016e8 37e43ec97a804a3595aada5abe4e8cdd 0626422c3489465f999fc81870e27da5 - - default default] No more DHCP agents
2026-06-27 06:54:42.751 10 WARNING neutron.api.rpc.agentnotifiers.dhcp_rpc_agent_api [None req-4475cadc-8c89-4be9-bce6-71022a4016e8 37e43ec97a804a3595aada5abe4e8cdd 0626422c3489465f999fc81870e27da5 - - default default] Unable to schedule network 956d1c40-9eb9-4743-9386-f11155e8c21a: no agents available; will retry on subsequent port and subnet creation events.
2026-06-27 06:54:42.871 9 WARNING neutron.scheduler.dhcp_agent_scheduler [None req-6c642f73-3073-4845-bfae-1f85719fd830 4ce50816d08740e498442854a514e082 a2a5d4d474a243e49c6e975b3b11b40d - - default default] No more DHCP agents
2026-06-27 06:54:42.874 9 WARNING neutron.api.rpc.agentnotifiers.dhcp_rpc_agent_api [None req-6c642f73-3073-4845-bfae-1f85719fd830 4ce50816d08740e498442854a514e082 a2a5d4d474a243e49c6e975b3b11b40d - - default default] Unable to schedule network edb9924b-4404-43cc-87db-7e312abbdf48: no agents available; will retry on subsequent port and subnet creation events.
2026-06-27 06:54:42.949 10 INFO neutron.db.ovn_revision_numbers_db [None req-4475cadc-8c89-4be9-bce6-71022a4016e8 37e43ec97a804a3595aada5abe4e8cdd 0626422c3489465f999fc81870e27da5 - - default default] Successfully bumped revision number for resource 2fb0495c-be89-4ed1-9acd-fc81681496e8 (type: ports) to 1
2026-06-27 06:54:43.409 9 INFO neutron.db.ovn_revision_numbers_db [None req-6c642f73-3073-4845-bfae-1f85719fd830 4ce50816d08740e498442854a514e082 a2a5d4d474a243e49c6e975b3b11b40d - - default default] Successfully bumped revision number for resource 5a24966d-b8f2-4fba-8151-c1a53e9ca53f (type: ports) to 2
2026-06-27 06:54:43.446 9 INFO neutron.db.ovn_revision_numbers_db [None req-6c642f73-3073-4845-bfae-1f85719fd830 4ce50816d08740e498442854a514e082 a2a5d4d474a243e49c6e975b3b11b40d - - default default] Successfully bumped revision number for resource 9d34b7b4-e130-476a-a92a-07db1bb9d61e (type: subnets) to 0
2026-06-27 06:54:43.463 9 INFO neutron.wsgi [None req-6c642f73-3073-4845-bfae-1f85719fd830 4ce50816d08740e498442854a514e082 a2a5d4d474a243e49c6e975b3b11b40d - - default default] 10.0.0.164 "POST /v2.0/subnets HTTP/1.1" status: 201 len: 816 time: 0.8733399
2026-06-27 06:54:43.529 10 INFO neutron.plugins.ml2.drivers.ovn.mech_driver.mech_driver [None req-cb51d884-b8cc-45bf-b765-1914a56a47a0 - - - - - -] OVN reports status up for port: 2fb0495c-be89-4ed1-9acd-fc81681496e8
2026-06-27 06:54:43.553 10 INFO neutron.plugins.ml2.plugin [None req-cb51d884-b8cc-45bf-b765-1914a56a47a0 - - - - - -] Attempt 1 to provision port 2fb0495c-be89-4ed1-9acd-fc81681496e8
2026-06-27 06:54:43.582 10 INFO neutron.db.ovn_revision_numbers_db [None req-4475cadc-8c89-4be9-bce6-71022a4016e8 37e43ec97a804a3595aada5abe4e8cdd 0626422c3489465f999fc81870e27da5 - - default default] Successfully bumped revision number for resource 2fb0495c-be89-4ed1-9acd-fc81681496e8 (type: router_ports) to 1
2026-06-27 06:54:43.603 9 INFO neutron.db.segments_db [None req-19c30485-06c0-4e12-90a3-4121fa76f45e 4ce50816d08740e498442854a514e082 a2a5d4d474a243e49c6e975b3b11b40d - - default default] Added segment 788bafdc-00cf-43c3-b676-d0f89d3e41e8 of type geneve for network 366b7ae8-b71c-4c8b-845c-9b37fd5319bb
2026-06-27 06:54:43.767 9 INFO neutron.db.ovn_revision_numbers_db [None req-19c30485-06c0-4e12-90a3-4121fa76f45e 4ce50816d08740e498442854a514e082 a2a5d4d474a243e49c6e975b3b11b40d - - default default] Successfully bumped revision number for resource 366b7ae8-b71c-4c8b-845c-9b37fd5319bb (type: networks) to 1
2026-06-27 06:54:43.807 10 INFO neutron.db.ovn_revision_numbers_db [None req-4475cadc-8c89-4be9-bce6-71022a4016e8 37e43ec97a804a3595aada5abe4e8cdd 0626422c3489465f999fc81870e27da5 - - default default] Successfully bumped revision number for resource 2fb0495c-be89-4ed1-9acd-fc81681496e8 (type: ports) to 1
2026-06-27 06:54:43.962 9 WARNING neutron.scheduler.dhcp_agent_scheduler [None req-19c30485-06c0-4e12-90a3-4121fa76f45e 4ce50816d08740e498442854a514e082 a2a5d4d474a243e49c6e975b3b11b40d - - default default] No more DHCP agents
2026-06-27 06:54:43.964 9 WARNING neutron.api.rpc.agentnotifiers.dhcp_rpc_agent_api [None req-19c30485-06c0-4e12-90a3-4121fa76f45e 4ce50816d08740e498442854a514e082 a2a5d4d474a243e49c6e975b3b11b40d - - default default] Unable to schedule network 366b7ae8-b71c-4c8b-845c-9b37fd5319bb: no agents available; will retry on subsequent port and subnet creation events.
2026-06-27 06:54:44.057 9 INFO neutron.db.ovn_revision_numbers_db [None req-19c30485-06c0-4e12-90a3-4121fa76f45e 4ce50816d08740e498442854a514e082 a2a5d4d474a243e49c6e975b3b11b40d - - default default] Successfully bumped revision number for resource 42945fcd-f88b-4cdb-9b3c-245ea725f4e8 (type: ports) to 1
2026-06-27 06:54:44.079 9 INFO neutron.wsgi [None req-19c30485-06c0-4e12-90a3-4121fa76f45e 4ce50816d08740e498442854a514e082 a2a5d4d474a243e49c6e975b3b11b40d - - default default] 10.0.0.164 "POST /v2.0/networks HTTP/1.1" status: 201 len: 842 time: 0.6082993
2026-06-27 06:54:44.167 10 WARNING neutron.scheduler.dhcp_agent_scheduler [None req-4475cadc-8c89-4be9-bce6-71022a4016e8 37e43ec97a804a3595aada5abe4e8cdd 0626422c3489465f999fc81870e27da5 - - default default] No more DHCP agents
2026-06-27 06:54:44.170 10 WARNING neutron.api.rpc.agentnotifiers.dhcp_rpc_agent_api [None req-4475cadc-8c89-4be9-bce6-71022a4016e8 37e43ec97a804a3595aada5abe4e8cdd 0626422c3489465f999fc81870e27da5 - - default default] Unable to schedule network 956d1c40-9eb9-4743-9386-f11155e8c21a: no agents available; will retry on subsequent port and subnet creation events.
2026-06-27 06:54:44.192 10 INFO neutron.db.ovn_revision_numbers_db [None req-cb51d884-b8cc-45bf-b765-1914a56a47a0 - - - - - -] Successfully bumped revision number for resource 2fb0495c-be89-4ed1-9acd-fc81681496e8 (type: ports) to 2
2026-06-27 06:54:44.289 9 INFO neutron.db.ovn_revision_numbers_db [None req-2f072002-1f2d-414c-97de-71dcb5829c6f 4ce50816d08740e498442854a514e082 a2a5d4d474a243e49c6e975b3b11b40d - - default default] Successfully bumped revision number for resource 366b7ae8-b71c-4c8b-845c-9b37fd5319bb (type: networks) to 2
2026-06-27 06:54:44.293 9 INFO neutron.wsgi [None req-2f072002-1f2d-414c-97de-71dcb5829c6f 4ce50816d08740e498442854a514e082 a2a5d4d474a243e49c6e975b3b11b40d - - default default] 10.0.0.164 "PUT /v2.0/networks/366b7ae8-b71c-4c8b-845c-9b37fd5319bb HTTP/1.1" status: 200 len: 792 time: 0.2072070
2026-06-27 06:54:44.381 10 INFO neutron.db.ovn_revision_numbers_db [None req-cb51d884-b8cc-45bf-b765-1914a56a47a0 - - - - - -] Successfully bumped revision number for resource 2fb0495c-be89-4ed1-9acd-fc81681496e8 (type: router_ports) to 2
2026-06-27 06:54:44.633 9 WARNING neutron.scheduler.dhcp_agent_scheduler [None req-56106e7c-de2e-473d-81e9-67cc340f3da4 4ce50816d08740e498442854a514e082 a2a5d4d474a243e49c6e975b3b11b40d - - default default] No more DHCP agents
2026-06-27 06:54:44.639 9 WARNING neutron.api.rpc.agentnotifiers.dhcp_rpc_agent_api [None req-56106e7c-de2e-473d-81e9-67cc340f3da4 4ce50816d08740e498442854a514e082 a2a5d4d474a243e49c6e975b3b11b40d - - default default] Unable to schedule network 366b7ae8-b71c-4c8b-845c-9b37fd5319bb: no agents available; will retry on subsequent port and subnet creation events.
2026-06-27 06:54:44.665 10 INFO neutron.db.ovn_revision_numbers_db [None req-4475cadc-8c89-4be9-bce6-71022a4016e8 37e43ec97a804a3595aada5abe4e8cdd 0626422c3489465f999fc81870e27da5 - - default default] Successfully bumped revision number for resource 2fb0495c-be89-4ed1-9acd-fc81681496e8 (type: router_ports) to 2
2026-06-27 06:54:44.667 10 INFO neutron.wsgi [None req-4475cadc-8c89-4be9-bce6-71022a4016e8 37e43ec97a804a3595aada5abe4e8cdd 0626422c3489465f999fc81870e27da5 - - default default] 10.0.0.164 "PUT /v2.0/routers/1f70bba6-373e-41fd-a082-b9859d997b24/add_router_interface HTTP/1.1" status: 200 len: 503 time: 2.6165659
2026-06-27 06:54:45.122 9 WARNING neutron.scheduler.dhcp_agent_scheduler [None req-29800ef5-a47d-480b-ad2c-d6b2ae60d8cc 37e43ec97a804a3595aada5abe4e8cdd 0626422c3489465f999fc81870e27da5 - - default default] No more DHCP agents
2026-06-27 06:54:45.133 9 WARNING neutron.api.rpc.agentnotifiers.dhcp_rpc_agent_api [None req-29800ef5-a47d-480b-ad2c-d6b2ae60d8cc 37e43ec97a804a3595aada5abe4e8cdd 0626422c3489465f999fc81870e27da5 - - default default] Unable to schedule network 956d1c40-9eb9-4743-9386-f11155e8c21a: no agents available; will retry on subsequent port and subnet creation events.
2026-06-27 06:54:45.282 9 INFO neutron.db.ovn_revision_numbers_db [None req-56106e7c-de2e-473d-81e9-67cc340f3da4 4ce50816d08740e498442854a514e082 a2a5d4d474a243e49c6e975b3b11b40d - - default default] Successfully bumped revision number for resource 42945fcd-f88b-4cdb-9b3c-245ea725f4e8 (type: ports) to 2
2026-06-27 06:54:45.333 9 INFO neutron.db.ovn_revision_numbers_db [None req-56106e7c-de2e-473d-81e9-67cc340f3da4 4ce50816d08740e498442854a514e082 a2a5d4d474a243e49c6e975b3b11b40d - - default default] Successfully bumped revision number for resource 28bab9e6-ee48-4275-9c83-71b96466690b (type: subnets) to 0
2026-06-27 06:54:45.336 9 INFO neutron.db.ovn_revision_numbers_db [None req-29800ef5-a47d-480b-ad2c-d6b2ae60d8cc 37e43ec97a804a3595aada5abe4e8cdd 0626422c3489465f999fc81870e27da5 - - default default] Successfully bumped revision number for resource f81e2c65-f76e-47ab-9f9c-606ae6861b28 (type: ports) to 1
2026-06-27 06:54:45.350 9 INFO neutron.wsgi [None req-56106e7c-de2e-473d-81e9-67cc340f3da4 4ce50816d08740e498442854a514e082 a2a5d4d474a243e49c6e975b3b11b40d - - default default] 10.0.0.164 "POST /v2.0/subnets HTTP/1.1" status: 201 len: 801 time: 1.0526114 /var/lib/openstack/lib/python3.10/site-packages/pycadf/identifier.py:71: UserWarning: Invalid uuid: neutron. To ensure interoperability, identifiers should be a valid uuid. warnings.warn(('Invalid uuid: %s. To ensure interoperability, '
2026-06-27 06:54:45.366 9 INFO neutron.wsgi [None req-29800ef5-a47d-480b-ad2c-d6b2ae60d8cc 37e43ec97a804a3595aada5abe4e8cdd 0626422c3489465f999fc81870e27da5 - - default default] 10.0.0.164 "POST /v2.0/ports HTTP/1.1" status: 201 len: 1156 time: 0.6936281
2026-06-27 06:54:45.721 9 INFO neutron.db.ovn_revision_numbers_db [None req-33e5abe8-020a-407e-bcc3-7be1bf3aec22 4ce50816d08740e498442854a514e082 a2a5d4d474a243e49c6e975b3b11b40d - - default default] Successfully bumped revision number for resource 28bab9e6-ee48-4275-9c83-71b96466690b (type: subnets) to 1
2026-06-27 06:54:45.725 9 INFO neutron.wsgi [None req-33e5abe8-020a-407e-bcc3-7be1bf3aec22 4ce50816d08740e498442854a514e082 a2a5d4d474a243e49c6e975b3b11b40d - - default default] 10.0.0.164 "PUT /v2.0/subnets/28bab9e6-ee48-4275-9c83-71b96466690b HTTP/1.1" status: 200 len: 806 time: 0.3693771
2026-06-27 06:54:45.809 10 WARNING neutron.scheduler.dhcp_agent_scheduler [None req-b7c3ea34-76bc-44b1-a13d-39c732bc87ee 37e43ec97a804a3595aada5abe4e8cdd 0626422c3489465f999fc81870e27da5 - - default default] No more DHCP agents
2026-06-27 06:54:45.811 10 WARNING neutron.api.rpc.agentnotifiers.dhcp_rpc_agent_api [None req-b7c3ea34-76bc-44b1-a13d-39c732bc87ee 37e43ec97a804a3595aada5abe4e8cdd 0626422c3489465f999fc81870e27da5 - - default default] Unable to schedule network 956d1c40-9eb9-4743-9386-f11155e8c21a: no agents available; will retry on subsequent port and subnet creation events.
2026-06-27 06:54:45.981 10 INFO neutron.db.ovn_revision_numbers_db [None req-b7c3ea34-76bc-44b1-a13d-39c732bc87ee 37e43ec97a804a3595aada5abe4e8cdd 0626422c3489465f999fc81870e27da5 - - default default] Successfully bumped revision number for resource 0c250d10-4805-4cf9-822d-a2b7909a9990 (type: ports) to 1
2026-06-27 06:54:46.012 10 INFO neutron.wsgi [None req-b7c3ea34-76bc-44b1-a13d-39c732bc87ee 37e43ec97a804a3595aada5abe4e8cdd 0626422c3489465f999fc81870e27da5 - - default default] 10.0.0.164 "POST /v2.0/ports HTTP/1.1" status: 201 len: 1154 time: 0.6403370 /var/lib/openstack/lib/python3.10/site-packages/pycadf/identifier.py:71: UserWarning: Invalid uuid: neutron. To ensure interoperability, identifiers should be a valid uuid. warnings.warn(('Invalid uuid: %s. To ensure interoperability, '
2026-06-27 06:54:46.314 10 WARNING neutron.scheduler.dhcp_agent_scheduler [None req-05f3b200-db21-446d-8c46-8c90cc14089a 37e43ec97a804a3595aada5abe4e8cdd 0626422c3489465f999fc81870e27da5 - - default default] No more DHCP agents
2026-06-27 06:54:46.318 10 WARNING neutron.api.rpc.agentnotifiers.dhcp_rpc_agent_api [None req-05f3b200-db21-446d-8c46-8c90cc14089a 37e43ec97a804a3595aada5abe4e8cdd 0626422c3489465f999fc81870e27da5 - - default default] Unable to schedule network 3273cced-3b54-431f-b5c2-2dcb744d786d: no agents available; will retry on subsequent port and subnet creation events.
2026-06-27 06:54:46.544 9 INFO neutron.services.segments.plugin [-] Segment 788bafdc-00cf-43c3-b676-d0f89d3e41e8 resource provider aggregate not found
2026-06-27 06:54:46.550 9 INFO neutron.services.segments.plugin [-] Segment 788bafdc-00cf-43c3-b676-d0f89d3e41e8 resource provider aggregate not found
2026-06-27 06:54:46.566 9 INFO neutron.services.segments.plugin [-] Segment 788bafdc-00cf-43c3-b676-d0f89d3e41e8 resource provider not found; error: Placement Client Error (4xx): {"errors": [{"status": 404, "title": "Not Found", "detail": "The resource could not be found.\n\n No resource provider with uuid 788bafdc-00cf-43c3-b676-d0f89d3e41e8 found for delete ", "request_id": "req-ae27bc9a-ec3f-49c8-ac8d-c9004dce480d"}]}
2026-06-27 06:54:46.579 9 INFO neutron.services.segments.plugin [-] Segment 788bafdc-00cf-43c3-b676-d0f89d3e41e8 resource provider not found; error: Placement Client Error (4xx): {"errors": [{"status": 404, "title": "Not Found", "detail": "The resource could not be found.\n\n No resource provider with uuid 788bafdc-00cf-43c3-b676-d0f89d3e41e8 found for delete ", "request_id": "req-5ccb4f23-223f-4d45-a231-e44d4bbbefa5"}]}
2026-06-27 06:54:46.609 9 INFO neutron.wsgi [None req-c536765b-4db4-4b0b-970c-7e29e9d78ab6 4ce50816d08740e498442854a514e082 a2a5d4d474a243e49c6e975b3b11b40d - - default default] 10.0.0.164 "DELETE /v2.0/networks/366b7ae8-b71c-4c8b-845c-9b37fd5319bb HTTP/1.1" status: 204 len: 168 time: 0.8785124
2026-06-27 06:54:46.642 10 INFO neutron.pecan_wsgi.hooks.translation [None req-fecaf618-8c69-41f4-86f8-03887257e26f 4ce50816d08740e498442854a514e082 a2a5d4d474a243e49c6e975b3b11b40d - - default default] DELETE failed (client error): The resource could not be found.
2026-06-27 06:54:46.644 10 INFO neutron.wsgi [None req-fecaf618-8c69-41f4-86f8-03887257e26f 4ce50816d08740e498442854a514e082 a2a5d4d474a243e49c6e975b3b11b40d - - default default] 10.0.0.164 "DELETE /v2.0/networks/366b7ae8-b71c-4c8b-845c-9b37fd5319bb HTTP/1.1" status: 404 len: 339 time: 0.0256727
2026-06-27 06:54:46.734 10 INFO neutron.db.ovn_revision_numbers_db [None req-01c6b461-8cda-4778-9367-0e92393bd0f4 747ff5e0439b4ccc9c1a7272c756d760 9df833ed5b48448aa31d39190560de01 - - default default] Successfully bumped revision number for resource a1566266-00c2-4cac-9e0a-1e05b8f44473 (type: security_groups) to 1
2026-06-27 06:54:46.763 10 INFO neutron.db.ovn_revision_numbers_db [None req-01c6b461-8cda-4778-9367-0e92393bd0f4 747ff5e0439b4ccc9c1a7272c756d760 9df833ed5b48448aa31d39190560de01 - - default default] Successfully bumped revision number for resource 074b4f3e-9be5-4cb3-b704-118d73fc253a (type: security_group_rules) to 0
2026-06-27 06:54:46.766 9 INFO neutron.wsgi [req-5b51d67a-de36-4054-9c11-6cda673b4a1f req-d363d54f-9adc-4e84-93d0-1dd6019667cf 6eee5e0b8360401d9a5b53c79e199d24 81c8187c5ad14f30afa22e1247fda87b - - 48318d4459b543d2ac08e3beed1d1d57 48318d4459b543d2ac08e3beed1d1d57] 199.204.45.72 "GET /v2.0/ports?device_id=e0b28c39-c7cb-443e-92d0-edeed66c0ae0&fields=binding%3Ahost_id&fields=binding%3Avif_type HTTP/1.1" status: 200 len: 265 time: 0.0506406
2026-06-27 06:54:46.778 9 INFO neutron.wsgi [None req-e769195c-c002-4fde-bf2d-6212e2499a73 4ce50816d08740e498442854a514e082 a2a5d4d474a243e49c6e975b3b11b40d - - default default] 10.0.0.164 "GET /v2.0/networks?router%3Aexternal=True HTTP/1.1" status: 200 len: 845 time: 0.1241114
2026-06-27 06:54:46.786 10 INFO neutron.db.ovn_revision_numbers_db [None req-01c6b461-8cda-4778-9367-0e92393bd0f4 747ff5e0439b4ccc9c1a7272c756d760 9df833ed5b48448aa31d39190560de01 - - default default] Successfully bumped revision number for resource 0d351e04-cfdc-47a8-9b42-ce5943e4f263 (type: security_group_rules) to 0
2026-06-27 06:54:46.809 10 INFO neutron.db.ovn_revision_numbers_db [None req-01c6b461-8cda-4778-9367-0e92393bd0f4 747ff5e0439b4ccc9c1a7272c756d760 9df833ed5b48448aa31d39190560de01 - - default default] Successfully bumped revision number for resource 5e92c146-c41f-4df6-84bc-863c61ba101c (type: security_group_rules) to 0
2026-06-27 06:54:46.833 10 INFO neutron.db.ovn_revision_numbers_db [None req-01c6b461-8cda-4778-9367-0e92393bd0f4 747ff5e0439b4ccc9c1a7272c756d760 9df833ed5b48448aa31d39190560de01 - - default default] Successfully bumped revision number for resource 729a77ef-83f1-438d-aacd-584ca3e836fa (type: security_group_rules) to 0
2026-06-27 06:54:46.845 9 INFO neutron.wsgi [None req-1109a9a0-b9af-49fe-9109-a4331e6f10e1 4ce50816d08740e498442854a514e082 a2a5d4d474a243e49c6e975b3b11b40d - - default default] 10.0.0.164 "GET /v2.0/subnets?network_id=3273cced-3b54-431f-b5c2-2dcb744d786d HTTP/1.1" status: 200 len: 820 time: 0.0609860
2026-06-27 06:54:46.861 9 INFO neutron.wsgi [None req-89e65470-bfc7-4aa9-b521-b1e23010f86c 4ce50816d08740e498442854a514e082 a2a5d4d474a243e49c6e975b3b11b40d - - default default] 10.0.0.164 "GET /v2.0/extensions HTTP/1.1" status: 200 len: 16520 time: 0.0069413
2026-06-27 06:54:46.865 9 INFO neutron.wsgi [req-5b51d67a-de36-4054-9c11-6cda673b4a1f req-15a523d7-0869-437c-a665-62742c05f506 6eee5e0b8360401d9a5b53c79e199d24 81c8187c5ad14f30afa22e1247fda87b - - 48318d4459b543d2ac08e3beed1d1d57 48318d4459b543d2ac08e3beed1d1d57] 199.204.45.72 "GET /v2.0/ports?tenant_id=645b11ec394d42f9b791de26e8be449a&device_id=e0b28c39-c7cb-443e-92d0-edeed66c0ae0 HTTP/1.1" status: 200 len: 1409 time: 0.0513458
2026-06-27 06:54:46.881 10 INFO neutron.wsgi [None req-01c6b461-8cda-4778-9367-0e92393bd0f4 747ff5e0439b4ccc9c1a7272c756d760 9df833ed5b48448aa31d39190560de01 - - default default] 10.0.0.164 "GET /v2.0/security-groups?tenant_id=efb7e4e3c9d94d37b3e5c224a1b22ce2&name=default HTTP/1.1" status: 200 len: 2996 time: 0.6076677
2026-06-27 06:54:46.934 10 INFO neutron.db.l3_db [None req-05f3b200-db21-446d-8c46-8c90cc14089a 37e43ec97a804a3595aada5abe4e8cdd 0626422c3489465f999fc81870e27da5 - - default default] Floating IP 826ec55e-6929-49e3-a57c-d3f23922664c associated. External IP: 10.96.250.214, port: 0c250d10-4805-4cf9-822d-a2b7909a9990.
2026-06-27 06:54:46.983 9 INFO neutron.wsgi [None req-b5aba0cd-29a2-4c79-847e-87abd56665bf 4ce50816d08740e498442854a514e082 a2a5d4d474a243e49c6e975b3b11b40d - - default default] 10.0.0.164 "GET /v2.0/networks HTTP/1.1" status: 200 len: 1503 time: 0.1131685
2026-06-27 06:54:47.013 9 INFO neutron.wsgi [req-5b51d67a-de36-4054-9c11-6cda673b4a1f req-a3dc95b3-b3dd-4e4d-9e45-b51cf88d4946 6eee5e0b8360401d9a5b53c79e199d24 81c8187c5ad14f30afa22e1247fda87b - - 48318d4459b543d2ac08e3beed1d1d57 48318d4459b543d2ac08e3beed1d1d57] 199.204.45.72 "GET /v2.0/networks?id=d7bf97a3-fb93-4558-9175-a48cf30951bc HTTP/1.1" status: 200 len: 973 time: 0.1267426
2026-06-27 06:54:47.055 9 INFO neutron.wsgi [None req-4e4d0bde-7263-4bdf-94af-8c66eba14df9 4ce50816d08740e498442854a514e082 a2a5d4d474a243e49c6e975b3b11b40d - - default default] 10.0.0.164 "GET /v2.0/subnets HTTP/1.1" status: 200 len: 1428 time: 0.0624065
2026-06-27 06:54:47.096 9 INFO neutron.wsgi [req-5b51d67a-de36-4054-9c11-6cda673b4a1f req-529569d4-ef6b-4e93-be6a-0a9019ccfab6 6eee5e0b8360401d9a5b53c79e199d24 81c8187c5ad14f30afa22e1247fda87b - - 48318d4459b543d2ac08e3beed1d1d57 48318d4459b543d2ac08e3beed1d1d57] 199.204.45.72 "GET /v2.0/floatingips?fixed_ip_address=10.100.0.8&port_id=b64bec00-54ea-412a-9406-92a97f507c2b HTTP/1.1" status: 200 len: 1059 time: 0.0725031
2026-06-27 06:54:47.142 10 INFO neutron.db.ovn_revision_numbers_db [None req-05f3b200-db21-446d-8c46-8c90cc14089a 37e43ec97a804a3595aada5abe4e8cdd 0626422c3489465f999fc81870e27da5 - - default default] Successfully bumped revision number for resource 826ec55e-6929-49e3-a57c-d3f23922664c (type: floatingips) to 0
2026-06-27 06:54:47.171 9 WARNING neutron.plugins.ml2.drivers.ovn.mech_driver.ovsdb.ovn_client [None req-43cf081a-e68c-492c-ba2c-929a03a46d77 - - - - - -] No hosting information found for port d575abdb-4d46-41b8-95c3-5bf4262a4964: RuntimeError: No hosting information found for port d575abdb-4d46-41b8-95c3-5bf4262a4964
2026-06-27 06:54:47.215 9 INFO neutron.wsgi [None req-04075572-4645-4301-84b4-48a294f135a9 4ce50816d08740e498442854a514e082 a2a5d4d474a243e49c6e975b3b11b40d - - default default] 10.0.0.164 "GET /v2.0/networks/edb9924b-4404-43cc-87db-7e312abbdf48 HTTP/1.1" status: 200 len: 862 time: 0.1501665
2026-06-27 06:54:47.226 9 INFO neutron.wsgi [req-5b51d67a-de36-4054-9c11-6cda673b4a1f req-f115706a-4115-4ebb-9bd0-c152492fa13b 6eee5e0b8360401d9a5b53c79e199d24 81c8187c5ad14f30afa22e1247fda87b - - 48318d4459b543d2ac08e3beed1d1d57 48318d4459b543d2ac08e3beed1d1d57] 199.204.45.72 "GET /v2.0/subnets?id=4f2567be-1169-4eb9-ad73-143d6a5a7af0 HTTP/1.1" status: 200 len: 868 time: 0.1128144 /var/lib/openstack/lib/python3.10/site-packages/pycadf/identifier.py:71: UserWarning: Invalid uuid: neutron. To ensure interoperability, identifiers should be a valid uuid. warnings.warn(('Invalid uuid: %s. To ensure interoperability, '
2026-06-27 06:54:47.270 9 INFO neutron.wsgi [req-5b51d67a-de36-4054-9c11-6cda673b4a1f req-02d0aa14-c621-47f7-bdf5-38de547e0317 6eee5e0b8360401d9a5b53c79e199d24 81c8187c5ad14f30afa22e1247fda87b - - 48318d4459b543d2ac08e3beed1d1d57 48318d4459b543d2ac08e3beed1d1d57] 199.204.45.72 "GET /v2.0/ports?network_id=d7bf97a3-fb93-4558-9175-a48cf30951bc&device_owner=network%3Adhcp HTTP/1.1" status: 200 len: 210 time: 0.0347414
2026-06-27 06:54:47.305 10 INFO neutron.wsgi [None req-5e4e864c-fbc2-4efe-ae70-b6ea5c960685 4ce50816d08740e498442854a514e082 a2a5d4d474a243e49c6e975b3b11b40d - - default default] 10.0.0.164 "GET /v2.0/subnets/9d34b7b4-e130-476a-a92a-07db1bb9d61e HTTP/1.1" status: 200 len: 811 time: 0.0831740
2026-06-27 06:54:47.332 10 INFO neutron.pecan_wsgi.hooks.translation [None req-b8c14091-b7c8-4cf7-9b99-f85b43f8950d 4ce50816d08740e498442854a514e082 a2a5d4d474a243e49c6e975b3b11b40d - - default default] DELETE failed (client error): The resource could not be found.
2026-06-27 06:54:47.335 10 INFO neutron.wsgi [None req-b8c14091-b7c8-4cf7-9b99-f85b43f8950d 4ce50816d08740e498442854a514e082 a2a5d4d474a243e49c6e975b3b11b40d - - default default] 10.0.0.164 "DELETE /v2.0/subnets/28bab9e6-ee48-4275-9c83-71b96466690b HTTP/1.1" status: 404 len: 337 time: 0.0223060
2026-06-27 06:54:47.353 10 INFO neutron.db.ovn_revision_numbers_db [None req-05f3b200-db21-446d-8c46-8c90cc14089a 37e43ec97a804a3595aada5abe4e8cdd 0626422c3489465f999fc81870e27da5 - - default default] Successfully bumped revision number for resource 826ec55e-6929-49e3-a57c-d3f23922664c (type: floatingips) to 1
2026-06-27 06:54:47.355 10 INFO neutron.pecan_wsgi.hooks.translation [None req-eb7193f8-e129-4feb-a613-177a9e26fdc7 4ce50816d08740e498442854a514e082 a2a5d4d474a243e49c6e975b3b11b40d - - default default] DELETE failed (client error): The resource could not be found.
2026-06-27 06:54:47.357 10 INFO neutron.wsgi [None req-eb7193f8-e129-4feb-a613-177a9e26fdc7 4ce50816d08740e498442854a514e082 a2a5d4d474a243e49c6e975b3b11b40d - - default default] 10.0.0.164 "DELETE /v2.0/networks/366b7ae8-b71c-4c8b-845c-9b37fd5319bb HTTP/1.1" status: 404 len: 339 time: 0.0173728
2026-06-27 06:54:47.362 9 INFO neutron.wsgi [req-5b51d67a-de36-4054-9c11-6cda673b4a1f req-8728c2c4-3774-4a7e-9b82-48758e5b3af0 6eee5e0b8360401d9a5b53c79e199d24 81c8187c5ad14f30afa22e1247fda87b - - 48318d4459b543d2ac08e3beed1d1d57 48318d4459b543d2ac08e3beed1d1d57] 199.204.45.72 "GET /v2.0/networks/d7bf97a3-fb93-4558-9175-a48cf30951bc?fields=segments HTTP/1.1" status: 200 len: 212 time: 0.0820100
2026-06-27 06:54:47.395 10 INFO neutron.wsgi [None req-05f3b200-db21-446d-8c46-8c90cc14089a 37e43ec97a804a3595aada5abe4e8cdd 0626422c3489465f999fc81870e27da5 - - default default] 10.0.0.164 "POST /v2.0/floatingips HTTP/1.1" status: 201 len: 1041 time: 1.3756742
2026-06-27 06:54:47.433 9 INFO neutron.wsgi [None req-2a937282-d45a-461b-84a9-2c1306b7ef5d 747ff5e0439b4ccc9c1a7272c756d760 9df833ed5b48448aa31d39190560de01 - - default default] 10.0.0.164 "DELETE /v2.0/security-groups/a1566266-00c2-4cac-9e0a-1e05b8f44473 HTTP/1.1" status: 204 len: 168 time: 0.5451138
2026-06-27 06:54:47.476 9 INFO neutron.wsgi [req-5b51d67a-de36-4054-9c11-6cda673b4a1f req-0db47c4c-100c-460d-abcc-d13a3c4d50a3 6eee5e0b8360401d9a5b53c79e199d24 81c8187c5ad14f30afa22e1247fda87b - - 48318d4459b543d2ac08e3beed1d1d57 48318d4459b543d2ac08e3beed1d1d57] 199.204.45.72 "GET /v2.0/networks/d7bf97a3-fb93-4558-9175-a48cf30951bc?fields=provider%3Aphysical_network&fields=provider%3Anetwork_type HTTP/1.1" status: 200 len: 277 time: 0.1040454
2026-06-27 06:54:47.578 10 INFO neutron.db.l3_db [None req-a7b7b6cd-1d52-43cc-bf84-f152ecd6e9cd 37e43ec97a804a3595aada5abe4e8cdd 0626422c3489465f999fc81870e27da5 - - default default] Floating IP 826ec55e-6929-49e3-a57c-d3f23922664c disassociated. External IP: 10.96.250.214, port: 0c250d10-4805-4cf9-822d-a2b7909a9990.
2026-06-27 06:54:47.616 10 INFO neutron.db.ovn_revision_numbers_db [None req-a7b7b6cd-1d52-43cc-bf84-f152ecd6e9cd 37e43ec97a804a3595aada5abe4e8cdd 0626422c3489465f999fc81870e27da5 - - default default] Successfully bumped revision number for resource 826ec55e-6929-49e3-a57c-d3f23922664c (type: floatingips) to 2
2026-06-27 06:54:47.676 9 INFO neutron.wsgi [None req-5eae798a-eb0a-4d86-9c56-1cf3c3da5301 4ce50816d08740e498442854a514e082 a2a5d4d474a243e49c6e975b3b11b40d - - default default] 10.0.0.164 "DELETE /v2.0/subnets/9d34b7b4-e130-476a-a92a-07db1bb9d61e HTTP/1.1" status: 204 len: 168 time: 0.3116939 /var/lib/openstack/lib/python3.10/site-packages/pycadf/identifier.py:71: UserWarning: Invalid uuid: neutron. To ensure interoperability, identifiers should be a valid uuid. warnings.warn(('Invalid uuid: %s. To ensure interoperability, '
2026-06-27 06:54:47.692 10 INFO neutron.wsgi [None req-a7b7b6cd-1d52-43cc-bf84-f152ecd6e9cd 37e43ec97a804a3595aada5abe4e8cdd 0626422c3489465f999fc81870e27da5 - - default default] 10.0.0.164 "PUT /v2.0/floatingips/826ec55e-6929-49e3-a57c-d3f23922664c HTTP/1.1" status: 200 len: 748 time: 0.2898390
2026-06-27 06:54:47.743 10 INFO neutron.db.ovn_revision_numbers_db [None req-fb9f57fc-0014-470f-a596-10861fce63e9 747ff5e0439b4ccc9c1a7272c756d760 9df833ed5b48448aa31d39190560de01 - - default default] Successfully bumped revision number for resource 4aa83ad8-6181-480d-be4f-b5cca1c9b86a (type: security_groups) to 1
2026-06-27 06:54:47.756 10 INFO neutron.db.ovn_revision_numbers_db [None req-fb9f57fc-0014-470f-a596-10861fce63e9 747ff5e0439b4ccc9c1a7272c756d760 9df833ed5b48448aa31d39190560de01 - - default default] Successfully bumped revision number for resource 3108f300-a290-4e4d-b20b-d2fc5e5732a0 (type: security_group_rules) to 0
2026-06-27 06:54:47.770 10 INFO neutron.db.ovn_revision_numbers_db [None req-fb9f57fc-0014-470f-a596-10861fce63e9 747ff5e0439b4ccc9c1a7272c756d760 9df833ed5b48448aa31d39190560de01 - - default default] Successfully bumped revision number for resource 507a593e-5947-4564-8133-8699a89d7c34 (type: security_group_rules) to 0
2026-06-27 06:54:47.784 10 INFO neutron.db.ovn_revision_numbers_db [None req-fb9f57fc-0014-470f-a596-10861fce63e9 747ff5e0439b4ccc9c1a7272c756d760 9df833ed5b48448aa31d39190560de01 - - default default] Successfully bumped revision number for resource 791d8646-0ff8-43b5-8a5c-1d884bf2ab1e (type: security_group_rules) to 0
2026-06-27 06:54:47.800 10 INFO neutron.db.ovn_revision_numbers_db [None req-fb9f57fc-0014-470f-a596-10861fce63e9 747ff5e0439b4ccc9c1a7272c756d760 9df833ed5b48448aa31d39190560de01 - - default default] Successfully bumped revision number for resource b7015398-b60c-402c-9529-a795014445ad (type: security_group_rules) to 0
2026-06-27 06:54:47.821 10 INFO neutron.wsgi [None req-fb9f57fc-0014-470f-a596-10861fce63e9 747ff5e0439b4ccc9c1a7272c756d760 9df833ed5b48448aa31d39190560de01 - - default default] 10.0.0.164 "GET /v2.0/security-groups?tenant_id=5b6df834e7c3461da3889bbf32d2f1bb&name=default HTTP/1.1" status: 200 len: 2996 time: 0.2487774
2026-06-27 06:54:48.020 10 INFO neutron.wsgi [None req-1cc767fe-cc9d-433e-91e3-7cfd2ce0b8b9 747ff5e0439b4ccc9c1a7272c756d760 9df833ed5b48448aa31d39190560de01 - - default default] 10.0.0.164 "DELETE /v2.0/security-groups/4aa83ad8-6181-480d-be4f-b5cca1c9b86a HTTP/1.1" status: 204 len: 168 time: 0.1941049
2026-06-27 06:54:48.213 9 INFO neutron.wsgi [None req-02c19805-d291-4a49-8c63-67fd0a816762 37e43ec97a804a3595aada5abe4e8cdd 0626422c3489465f999fc81870e27da5 - - default default] 10.0.0.164 "DELETE /v2.0/floatingips/826ec55e-6929-49e3-a57c-d3f23922664c HTTP/1.1" status: 204 len: 168 time: 0.5163534
2026-06-27 06:54:48.231 9 INFO neutron.wsgi [None req-a59833d5-58d9-40e0-8d53-39a28e183e6a 4ce50816d08740e498442854a514e082 a2a5d4d474a243e49c6e975b3b11b40d - - default default] 10.0.0.164 "DELETE /v2.0/networks/edb9924b-4404-43cc-87db-7e312abbdf48 HTTP/1.1" status: 204 len: 168 time: 0.5506022
2026-06-27 06:54:48.489 10 WARNING neutron.scheduler.dhcp_agent_scheduler [None req-d06d2bea-db26-4ccf-9fb0-89d895819947 37e43ec97a804a3595aada5abe4e8cdd 0626422c3489465f999fc81870e27da5 - - default default] No more DHCP agents
2026-06-27 06:54:48.491 10 WARNING neutron.api.rpc.agentnotifiers.dhcp_rpc_agent_api [None req-d06d2bea-db26-4ccf-9fb0-89d895819947 37e43ec97a804a3595aada5abe4e8cdd 0626422c3489465f999fc81870e27da5 - - default default] Unable to schedule network 3273cced-3b54-431f-b5c2-2dcb744d786d: no agents available; will retry on subsequent port and subnet creation events.
2026-06-27 06:54:48.599 9 INFO neutron.services.segments.plugin [-] Segment 8ba04599-c0c6-4f0d-9e3a-9e04b3f8c20f resource provider aggregate not found
2026-06-27 06:54:48.610 9 INFO neutron.services.segments.plugin [-] Segment 8ba04599-c0c6-4f0d-9e3a-9e04b3f8c20f resource provider aggregate not found
2026-06-27 06:54:48.620 9 INFO neutron.services.segments.plugin [-] Segment 8ba04599-c0c6-4f0d-9e3a-9e04b3f8c20f resource provider not found; error: Placement Client Error (4xx): {"errors": [{"status": 404, "title": "Not Found", "detail": "The resource could not be found.\n\n No resource provider with uuid 8ba04599-c0c6-4f0d-9e3a-9e04b3f8c20f found for delete ", "request_id": "req-e6e34625-a118-4ef6-833e-76d3b7559cfa"}]}
2026-06-27 06:54:48.629 9 INFO neutron.services.segments.plugin [-] Segment 8ba04599-c0c6-4f0d-9e3a-9e04b3f8c20f resource provider not found; error: Placement Client Error (4xx): {"errors": [{"status": 404, "title": "Not Found", "detail": "The resource could not be found.\n\n No resource provider with uuid 8ba04599-c0c6-4f0d-9e3a-9e04b3f8c20f found for delete ", "request_id": "req-0bfc682d-4cfc-48e7-8cb6-c4c32966a5be"}]}
2026-06-27 06:54:48.865 10 INFO neutron.wsgi [None req-0ebc6b89-d495-4176-ae79-76a0127a39a3 747ff5e0439b4ccc9c1a7272c756d760 9df833ed5b48448aa31d39190560de01 - - default default] 10.0.0.164 "GET /v2.0/security-groups?tenant_id=a2a5d4d474a243e49c6e975b3b11b40d&name=default HTTP/1.1" status: 200 len: 2996 time: 0.1557209
2026-06-27 06:54:48.981 10 INFO neutron.db.l3_db [None req-d06d2bea-db26-4ccf-9fb0-89d895819947 37e43ec97a804a3595aada5abe4e8cdd 0626422c3489465f999fc81870e27da5 - - default default] Floating IP d67c8b45-541c-48af-8b1c-440eda29836d associated. External IP: 10.96.250.205, port: f81e2c65-f76e-47ab-9f9c-606ae6861b28.
2026-06-27 06:54:49.150 10 INFO neutron.wsgi [None req-4bdd3e54-58ab-42da-a0dc-6f9be1e41014 747ff5e0439b4ccc9c1a7272c756d760 9df833ed5b48448aa31d39190560de01 - - default default] 10.0.0.164 "DELETE /v2.0/security-groups/5ed1f662-aa07-45b0-b351-e35c6787368f HTTP/1.1" status: 204 len: 168 time: 0.2791798
2026-06-27 06:54:49.195 10 INFO neutron.db.ovn_revision_numbers_db [None req-d06d2bea-db26-4ccf-9fb0-89d895819947 37e43ec97a804a3595aada5abe4e8cdd 0626422c3489465f999fc81870e27da5 - - default default] Successfully bumped revision number for resource d67c8b45-541c-48af-8b1c-440eda29836d (type: floatingips) to 0
2026-06-27 06:54:49.341 10 INFO neutron.db.ovn_revision_numbers_db [None req-d06d2bea-db26-4ccf-9fb0-89d895819947 37e43ec97a804a3595aada5abe4e8cdd 0626422c3489465f999fc81870e27da5 - - default default] Successfully bumped revision number for resource d67c8b45-541c-48af-8b1c-440eda29836d (type: floatingips) to 1
2026-06-27 06:54:49.389 10 INFO neutron.wsgi [None req-d06d2bea-db26-4ccf-9fb0-89d895819947 37e43ec97a804a3595aada5abe4e8cdd 0626422c3489465f999fc81870e27da5 - - default default] 10.0.0.164 "POST /v2.0/floatingips HTTP/1.1" status: 201 len: 1040 time: 1.1676111
2026-06-27 06:54:49.431 10 INFO neutron.wsgi [None req-f3e27a48-7544-459d-9e74-14d8c29e6329 37e43ec97a804a3595aada5abe4e8cdd 0626422c3489465f999fc81870e27da5 - - default default] 10.0.0.164 "GET /v2.0/floatingips/d67c8b45-541c-48af-8b1c-440eda29836d HTTP/1.1" status: 200 len: 1037 time: 0.0372410 /var/lib/openstack/lib/python3.10/site-packages/pycadf/identifier.py:71: UserWarning: Invalid uuid: neutron. To ensure interoperability, identifiers should be a valid uuid. warnings.warn(('Invalid uuid: %s. To ensure interoperability, '
2026-06-27 06:54:49.463 10 WARNING neutron.plugins.ml2.drivers.ovn.mech_driver.ovsdb.ovn_client [None req-cb51d884-b8cc-45bf-b765-1914a56a47a0 - - - - - -] No hosting information found for port 2fb0495c-be89-4ed1-9acd-fc81681496e8: RuntimeError: No hosting information found for port 2fb0495c-be89-4ed1-9acd-fc81681496e8
