2026-06-27 06:53:54.159 9 INFO neutron.db.ovn_revision_numbers_db [None req-775c64a1-02c5-490d-9585-2fe0e2b7002c 747ff5e0439b4ccc9c1a7272c756d760 9df833ed5b48448aa31d39190560de01 - - default default] Successfully bumped revision number for resource 5c971ce3-fefc-4de3-9765-cc563860aadb (type: security_group_rules) to 0
2026-06-27 06:53:54.183 9 INFO neutron.db.ovn_revision_numbers_db [None req-775c64a1-02c5-490d-9585-2fe0e2b7002c 747ff5e0439b4ccc9c1a7272c756d760 9df833ed5b48448aa31d39190560de01 - - default default] Successfully bumped revision number for resource 77fa90e8-5051-4995-a9e6-07e670353081 (type: security_group_rules) to 0
2026-06-27 06:53:54.202 9 INFO neutron.db.ovn_revision_numbers_db [None req-775c64a1-02c5-490d-9585-2fe0e2b7002c 747ff5e0439b4ccc9c1a7272c756d760 9df833ed5b48448aa31d39190560de01 - - default default] Successfully bumped revision number for resource a5582581-5366-4e6d-a23b-3fc097725e42 (type: security_group_rules) to 0
2026-06-27 06:53:54.231 9 INFO neutron.wsgi [None req-775c64a1-02c5-490d-9585-2fe0e2b7002c 747ff5e0439b4ccc9c1a7272c756d760 9df833ed5b48448aa31d39190560de01 - - default default] 10.0.0.164 "GET /v2.0/security-groups?tenant_id=63ccad6caa7740cea3120dd8fafaac08&name=default HTTP/1.1" status: 200 len: 2996 time: 0.2280421
2026-06-27 06:53:54.451 9 INFO neutron.wsgi [None req-1c721f99-1034-44c6-957d-c8b77f7d5d0d 747ff5e0439b4ccc9c1a7272c756d760 9df833ed5b48448aa31d39190560de01 - - default default] 10.0.0.164 "DELETE /v2.0/security-groups/3199b53f-ff28-4f26-abc8-6ea9062dd475 HTTP/1.1" status: 204 len: 168 time: 0.2158058
2026-06-27 06:53:54.670 9 INFO neutron.wsgi [-] 10.0.0.23 "GET / HTTP/1.1" status: 200 len: 246 time: 0.0019979
2026-06-27 06:53:54.671 10 INFO neutron.wsgi [-] 10.0.0.23 "GET / HTTP/1.1" status: 200 len: 246 time: 0.0031829 /var/lib/openstack/lib/python3.10/site-packages/pycadf/identifier.py:71: UserWarning: Invalid uuid: neutron. To ensure interoperability, identifiers should be a valid uuid. warnings.warn(('Invalid uuid: %s. To ensure interoperability, '
2026-06-27 06:53:54.941 10 INFO neutron.wsgi [req-ff857e4b-a1f9-42c7-ae04-5f0a3c38a4ee req-0cd7fcd9-f5f0-42d8-a457-8bb3a491681f 29f1ff051da94f28a5c13af91d08d1a8 a4d619de1b8d435d876797ca034caf72 - - default default] 10.0.0.139 "GET /v2.0/ports?device_id=6b00c7c9-9243-4ce7-a3ae-995233f964b1 HTTP/1.1" status: 200 len: 1170 time: 0.0537143
2026-06-27 06:53:54.997 10 INFO neutron.wsgi [req-ff857e4b-a1f9-42c7-ae04-5f0a3c38a4ee req-82e25864-664d-4251-a9fe-1196587e1308 29f1ff051da94f28a5c13af91d08d1a8 a4d619de1b8d435d876797ca034caf72 - - default default] 10.0.0.139 "GET /v2.0/security-groups?id=062c0db1-f3fa-478b-8998-f3b696e66c36&fields=id&fields=name HTTP/1.1" status: 200 len: 312 time: 0.0474265
2026-06-27 06:53:55.130 10 INFO neutron.wsgi [req-16dd2692-a64e-4832-b9e1-f9c518ff1c66 req-5ac1973b-0489-4dce-a171-7831f9ed5ff8 29f1ff051da94f28a5c13af91d08d1a8 a4d619de1b8d435d876797ca034caf72 - - default default] 10.0.0.139 "GET /v2.0/ports?device_id=6b00c7c9-9243-4ce7-a3ae-995233f964b1 HTTP/1.1" status: 200 len: 1170 time: 0.0606551
2026-06-27 06:53:55.423 10 INFO neutron.db.l3_db [None req-ef5e758f-d6e1-439c-b6e3-99254556232b 29f1ff051da94f28a5c13af91d08d1a8 a4d619de1b8d435d876797ca034caf72 - - default default] Floating IP 1e2fa347-50ba-499d-9641-80c632201342 associated. External IP: 10.96.250.214, port: afb1f894-fefc-402a-b114-e380be392128.
2026-06-27 06:53:55.693 10 INFO neutron.db.ovn_revision_numbers_db [None req-ef5e758f-d6e1-439c-b6e3-99254556232b 29f1ff051da94f28a5c13af91d08d1a8 a4d619de1b8d435d876797ca034caf72 - - default default] Successfully bumped revision number for resource 1e2fa347-50ba-499d-9641-80c632201342 (type: floatingips) to 1
2026-06-27 06:53:55.713 10 INFO neutron.notifiers.nova [-] Nova event matching ['req-91ad9197-676d-4887-a974-c76eb019e3c7'] response: {'server_uuid': '6b00c7c9-9243-4ce7-a3ae-995233f964b1', 'name': 'network-vif-plugged', 'status': 'completed', 'tag': 'afb1f894-fefc-402a-b114-e380be392128', 'code': 200}
2026-06-27 06:53:55.812 10 INFO neutron.db.ovn_revision_numbers_db [None req-ef5e758f-d6e1-439c-b6e3-99254556232b 29f1ff051da94f28a5c13af91d08d1a8 a4d619de1b8d435d876797ca034caf72 - - default default] Successfully bumped revision number for resource 1e2fa347-50ba-499d-9641-80c632201342 (type: floatingips) to 2
2026-06-27 06:53:55.840 10 INFO neutron.wsgi [None req-ef5e758f-d6e1-439c-b6e3-99254556232b 29f1ff051da94f28a5c13af91d08d1a8 a4d619de1b8d435d876797ca034caf72 - - default default] 10.0.0.164 "PUT /v2.0/floatingips/1e2fa347-50ba-499d-9641-80c632201342 HTTP/1.1" status: 200 len: 1049 time: 0.6945171
2026-06-27 06:53:55.945 10 INFO neutron.wsgi [req-e85ef3ae-b18c-4fda-b2ab-ec3117944e93 req-25c8038f-112b-4738-9e53-d2ab90038ff5 29f1ff051da94f28a5c13af91d08d1a8 a4d619de1b8d435d876797ca034caf72 - - default default] 10.0.0.139 "GET /v2.0/ports?device_id=6b00c7c9-9243-4ce7-a3ae-995233f964b1 HTTP/1.1" status: 200 len: 1170 time: 0.0611000
2026-06-27 06:53:56.014 10 INFO neutron.wsgi [req-e85ef3ae-b18c-4fda-b2ab-ec3117944e93 req-7aa6062d-ba04-4eb6-8c4f-1bd8b1a0f7ae 29f1ff051da94f28a5c13af91d08d1a8 a4d619de1b8d435d876797ca034caf72 - - default default] 10.0.0.139 "GET /v2.0/security-groups?id=062c0db1-f3fa-478b-8998-f3b696e66c36&fields=id&fields=name HTTP/1.1" status: 200 len: 312 time: 0.0562506 /var/lib/openstack/lib/python3.10/site-packages/pycadf/identifier.py:71: UserWarning: Invalid uuid: neutron. To ensure interoperability, identifiers should be a valid uuid. warnings.warn(('Invalid uuid: %s. To ensure interoperability, '
2026-06-27 06:53:56.370 9 INFO neutron.db.ovn_revision_numbers_db [None req-0ad41518-76bb-4601-953a-464f375c8c03 747ff5e0439b4ccc9c1a7272c756d760 9df833ed5b48448aa31d39190560de01 - - default default] Successfully bumped revision number for resource 5f50356c-9ae0-4669-a646-1fa877dc81b6 (type: security_groups) to 1
2026-06-27 06:53:56.387 10 INFO neutron.plugins.ml2.drivers.ovn.mech_driver.mech_driver [None req-cb51d884-b8cc-45bf-b765-1914a56a47a0 - - - - - -] OVN reports status down for port: afb1f894-fefc-402a-b114-e380be392128
2026-06-27 06:53:56.396 9 INFO neutron.db.ovn_revision_numbers_db [None req-0ad41518-76bb-4601-953a-464f375c8c03 747ff5e0439b4ccc9c1a7272c756d760 9df833ed5b48448aa31d39190560de01 - - default default] Successfully bumped revision number for resource 963dbcc0-1e4f-438e-bd51-d5243acbd0bd (type: security_group_rules) to 0
2026-06-27 06:53:56.397 10 INFO neutron.wsgi [req-68a74fba-f772-4cdf-a687-0f55caea9cc2 req-bf296f16-5094-4f92-b2df-86fbde04b1af 29f1ff051da94f28a5c13af91d08d1a8 a4d619de1b8d435d876797ca034caf72 - - default default] 10.0.0.139 "GET /v2.0/ports?device_id=6b00c7c9-9243-4ce7-a3ae-995233f964b1 HTTP/1.1" status: 200 len: 1170 time: 0.0655329
2026-06-27 06:53:56.410 9 INFO neutron.db.ovn_revision_numbers_db [None req-0ad41518-76bb-4601-953a-464f375c8c03 747ff5e0439b4ccc9c1a7272c756d760 9df833ed5b48448aa31d39190560de01 - - default default] Successfully bumped revision number for resource 9808fcf7-fe67-45d9-99d8-327d6d9a047f (type: security_group_rules) to 0
2026-06-27 06:53:56.423 9 INFO neutron.db.ovn_revision_numbers_db [None req-0ad41518-76bb-4601-953a-464f375c8c03 747ff5e0439b4ccc9c1a7272c756d760 9df833ed5b48448aa31d39190560de01 - - default default] Successfully bumped revision number for resource a2ddcfdb-5dc2-4877-aa61-480265839f8e (type: security_group_rules) to 0
2026-06-27 06:53:56.436 9 INFO neutron.db.ovn_revision_numbers_db [None req-0ad41518-76bb-4601-953a-464f375c8c03 747ff5e0439b4ccc9c1a7272c756d760 9df833ed5b48448aa31d39190560de01 - - default default] Successfully bumped revision number for resource d707328a-2124-4700-a455-d357ac2b0d9b (type: security_group_rules) to 0
2026-06-27 06:53:56.462 9 INFO neutron.wsgi [None req-0ad41518-76bb-4601-953a-464f375c8c03 747ff5e0439b4ccc9c1a7272c756d760 9df833ed5b48448aa31d39190560de01 - - default default] 10.0.0.164 "GET /v2.0/security-groups?tenant_id=91619c0fb99642f69b468a5480ac2f30&name=default HTTP/1.1" status: 200 len: 2996 time: 0.5176566
2026-06-27 06:53:56.492 10 INFO neutron.wsgi [req-68a74fba-f772-4cdf-a687-0f55caea9cc2 req-813b3cbb-1811-42fc-8ee5-07998bf90467 29f1ff051da94f28a5c13af91d08d1a8 a4d619de1b8d435d876797ca034caf72 - - default default] 10.0.0.139 "GET /v2.0/security-groups?id=062c0db1-f3fa-478b-8998-f3b696e66c36&fields=id&fields=name HTTP/1.1" status: 200 len: 312 time: 0.0821273
2026-06-27 06:53:56.743 10 INFO neutron.db.ovn_revision_numbers_db [None req-cb51d884-b8cc-45bf-b765-1914a56a47a0 - - - - - -] Successfully bumped revision number for resource afb1f894-fefc-402a-b114-e380be392128 (type: ports) to 5
2026-06-27 06:53:56.759 9 INFO neutron.wsgi [None req-d3d59550-a272-4d5e-ac68-352d84f4c1c4 747ff5e0439b4ccc9c1a7272c756d760 9df833ed5b48448aa31d39190560de01 - - default default] 10.0.0.164 "DELETE /v2.0/security-groups/5f50356c-9ae0-4669-a646-1fa877dc81b6 HTTP/1.1" status: 204 len: 168 time: 0.2917395
2026-06-27 06:53:56.786 9 INFO neutron.wsgi [req-dd36801b-ec54-4a50-8e54-ea43d4e7ea17 req-fe6d40b6-82f0-486f-8213-fbec9240295a 29f1ff051da94f28a5c13af91d08d1a8 a4d619de1b8d435d876797ca034caf72 - - default default] 199.204.45.72 "GET /v2.0/ports?device_id=6b00c7c9-9243-4ce7-a3ae-995233f964b1 HTTP/1.1" status: 200 len: 1168 time: 0.1033149 /var/lib/openstack/lib/python3.10/site-packages/pycadf/identifier.py:71: UserWarning: Invalid uuid: neutron. To ensure interoperability, identifiers should be a valid uuid. warnings.warn(('Invalid uuid: %s. To ensure interoperability, '
2026-06-27 06:53:57.036 10 INFO neutron.db.ovn_revision_numbers_db [None req-4f4b66db-6818-4a1e-9449-7d2bb014faf9 747ff5e0439b4ccc9c1a7272c756d760 9df833ed5b48448aa31d39190560de01 - - default default] Successfully bumped revision number for resource 117741c5-ab7c-41b6-b8e3-4639adc9073c (type: security_groups) to 1
2026-06-27 06:53:57.052 10 INFO neutron.db.ovn_revision_numbers_db [None req-4f4b66db-6818-4a1e-9449-7d2bb014faf9 747ff5e0439b4ccc9c1a7272c756d760 9df833ed5b48448aa31d39190560de01 - - default default] Successfully bumped revision number for resource 051ae842-940c-4494-ac74-f2806ee54d5a (type: security_group_rules) to 0
2026-06-27 06:53:57.065 10 INFO neutron.db.ovn_revision_numbers_db [None req-4f4b66db-6818-4a1e-9449-7d2bb014faf9 747ff5e0439b4ccc9c1a7272c756d760 9df833ed5b48448aa31d39190560de01 - - default default] Successfully bumped revision number for resource 475c75e2-8ae7-4702-8c45-4db0c7461726 (type: security_group_rules) to 0
2026-06-27 06:53:57.080 10 INFO neutron.db.ovn_revision_numbers_db [None req-4f4b66db-6818-4a1e-9449-7d2bb014faf9 747ff5e0439b4ccc9c1a7272c756d760 9df833ed5b48448aa31d39190560de01 - - default default] Successfully bumped revision number for resource 9951a0ac-7637-4e4c-89c8-2d7db03c4841 (type: security_group_rules) to 0
2026-06-27 06:53:57.094 10 INFO neutron.db.ovn_revision_numbers_db [None req-4f4b66db-6818-4a1e-9449-7d2bb014faf9 747ff5e0439b4ccc9c1a7272c756d760 9df833ed5b48448aa31d39190560de01 - - default default] Successfully bumped revision number for resource dcb3c653-1dbd-46d8-b875-fdeccc0e1a8b (type: security_group_rules) to 0
2026-06-27 06:53:57.108 9 INFO neutron.db.l3_db [req-dd36801b-ec54-4a50-8e54-ea43d4e7ea17 req-0db7547f-f95f-40dd-a65f-20f3ecaa69d4 29f1ff051da94f28a5c13af91d08d1a8 a4d619de1b8d435d876797ca034caf72 - - default default] Floating IP 1e2fa347-50ba-499d-9641-80c632201342 disassociated. External IP: 10.96.250.214, port: afb1f894-fefc-402a-b114-e380be392128.
2026-06-27 06:53:57.124 10 INFO neutron.wsgi [None req-4f4b66db-6818-4a1e-9449-7d2bb014faf9 747ff5e0439b4ccc9c1a7272c756d760 9df833ed5b48448aa31d39190560de01 - - default default] 10.0.0.164 "GET /v2.0/security-groups?tenant_id=0dbd43934a28492c958c10b38f28fdfc&name=default HTTP/1.1" status: 200 len: 2996 time: 0.2058611
2026-06-27 06:53:57.326 9 INFO neutron.wsgi [req-dd36801b-ec54-4a50-8e54-ea43d4e7ea17 req-0db7547f-f95f-40dd-a65f-20f3ecaa69d4 29f1ff051da94f28a5c13af91d08d1a8 a4d619de1b8d435d876797ca034caf72 - - default default] 199.204.45.72 "DELETE /v2.0/ports/afb1f894-fefc-402a-b114-e380be392128 HTTP/1.1" status: 204 len: 173 time: 0.5341773
2026-06-27 06:53:57.371 9 INFO neutron.notifiers.nova [-] Nova event matching ['req-c9b614c1-9a0a-47bc-bc27-1193a4648937'] response: {'server_uuid': '6b00c7c9-9243-4ce7-a3ae-995233f964b1', 'name': 'network-vif-deleted', 'tag': 'afb1f894-fefc-402a-b114-e380be392128', 'status': 'completed', 'code': 200}
2026-06-27 06:53:57.397 10 INFO neutron.wsgi [None req-f4b2ab81-6c0c-41bc-971f-19602b6b46d8 747ff5e0439b4ccc9c1a7272c756d760 9df833ed5b48448aa31d39190560de01 - - default default] 10.0.0.164 "DELETE /v2.0/security-groups/117741c5-ab7c-41b6-b8e3-4639adc9073c HTTP/1.1" status: 204 len: 168 time: 0.2683697
2026-06-27 06:53:57.625 10 INFO neutron.wsgi [req-a426a6c0-bc76-4241-9512-2d7f8c5ff960 req-8174ca99-f169-47cd-b024-dbbf8e17a3a1 29f1ff051da94f28a5c13af91d08d1a8 a4d619de1b8d435d876797ca034caf72 - - default default] 10.0.0.139 "GET /v2.0/ports?device_id=6b00c7c9-9243-4ce7-a3ae-995233f964b1 HTTP/1.1" status: 200 len: 210 time: 0.0339973
2026-06-27 06:53:57.762 10 INFO neutron.notifiers.nova [-] Nova event matching ['req-0113045a-5ec1-4fb7-ba89-5b3c6c77ebf2'] response: {'name': 'network-changed', 'server_uuid': '6b00c7c9-9243-4ce7-a3ae-995233f964b1', 'tag': 'afb1f894-fefc-402a-b114-e380be392128', 'status': 'completed', 'code': 200}
2026-06-27 06:53:57.762 10 INFO neutron.notifiers.nova [-] Nova event matching ['req-0113045a-5ec1-4fb7-ba89-5b3c6c77ebf2'] response: {'server_uuid': '6b00c7c9-9243-4ce7-a3ae-995233f964b1', 'name': 'network-vif-unplugged', 'status': 'completed', 'tag': 'afb1f894-fefc-402a-b114-e380be392128', 'code': 200}
2026-06-27 06:53:57.763 10 INFO neutron.notifiers.nova [-] Nova event matching ['req-0113045a-5ec1-4fb7-ba89-5b3c6c77ebf2'] response: {'server_uuid': '6b00c7c9-9243-4ce7-a3ae-995233f964b1', 'name': 'network-vif-plugged', 'status': 'completed', 'tag': 'afb1f894-fefc-402a-b114-e380be392128', 'code': 200} /var/lib/openstack/lib/python3.10/site-packages/pycadf/identifier.py:71: UserWarning: Invalid uuid: neutron. To ensure interoperability, identifiers should be a valid uuid. warnings.warn(('Invalid uuid: %s. To ensure interoperability, '
2026-06-27 06:53:57.816 9 INFO neutron.wsgi [req-521da487-6832-4b85-9658-97a593f27ed2 req-494d362b-7278-4e81-a6a2-f5987cf897f7 6eee5e0b8360401d9a5b53c79e199d24 81c8187c5ad14f30afa22e1247fda87b - - 48318d4459b543d2ac08e3beed1d1d57 48318d4459b543d2ac08e3beed1d1d57] 199.204.45.72 "GET /v2.0/ports?tenant_id=a4d619de1b8d435d876797ca034caf72&device_id=6b00c7c9-9243-4ce7-a3ae-995233f964b1 HTTP/1.1" status: 200 len: 210 time: 0.0319545
2026-06-27 06:53:57.921 9 INFO neutron.wsgi [req-521da487-6832-4b85-9658-97a593f27ed2 req-ac89d99a-8c2b-4ad1-ab10-3520a8077ac9 6eee5e0b8360401d9a5b53c79e199d24 81c8187c5ad14f30afa22e1247fda87b - - 48318d4459b543d2ac08e3beed1d1d57 48318d4459b543d2ac08e3beed1d1d57] 199.204.45.72 "GET /v2.0/networks?tenant_id=a4d619de1b8d435d876797ca034caf72&shared=False HTTP/1.1" status: 200 len: 977 time: 0.0962744
2026-06-27 06:53:58.011 9 INFO neutron.wsgi [req-521da487-6832-4b85-9658-97a593f27ed2 req-3b32fdc5-f30f-476d-beeb-ee44df11521d 6eee5e0b8360401d9a5b53c79e199d24 81c8187c5ad14f30afa22e1247fda87b - - 48318d4459b543d2ac08e3beed1d1d57 48318d4459b543d2ac08e3beed1d1d57] 199.204.45.72 "GET /v2.0/networks?shared=True HTTP/1.1" status: 200 len: 952 time: 0.0850582
2026-06-27 06:53:58.855 10 INFO neutron.wsgi [None req-2dd4f266-2cb9-4e1c-8e17-a83f2f6b5993 29f1ff051da94f28a5c13af91d08d1a8 a4d619de1b8d435d876797ca034caf72 - - default default] 10.0.0.164 "DELETE /v2.0/security-groups/062c0db1-f3fa-478b-8998-f3b696e66c36 HTTP/1.1" status: 204 len: 168 time: 0.1333559
2026-06-27 06:53:58.871 10 INFO neutron.api.v2.resource [None req-897f798b-7b71-494b-938c-fe6c8a612fbf 29f1ff051da94f28a5c13af91d08d1a8 a4d619de1b8d435d876797ca034caf72 - - default default] show failed (client error): The resource could not be found.
2026-06-27 06:53:58.873 10 INFO neutron.wsgi [None req-897f798b-7b71-494b-938c-fe6c8a612fbf 29f1ff051da94f28a5c13af91d08d1a8 a4d619de1b8d435d876797ca034caf72 - - default default] 10.0.0.164 "GET /v2.0/security-groups/062c0db1-f3fa-478b-8998-f3b696e66c36 HTTP/1.1" status: 404 len: 347 time: 0.0119877
2026-06-27 06:53:59.228 10 INFO neutron.wsgi [None req-446c8163-1f4b-4c88-a2a0-809be3327e6b 29f1ff051da94f28a5c13af91d08d1a8 a4d619de1b8d435d876797ca034caf72 - - default default] 10.0.0.164 "DELETE /v2.0/floatingips/1e2fa347-50ba-499d-9641-80c632201342 HTTP/1.1" status: 204 len: 168 time: 0.3502939
2026-06-27 06:54:00.324 10 INFO neutron.wsgi [None req-5d6db737-a5c5-4728-8a44-5988a23db0dd 747ff5e0439b4ccc9c1a7272c756d760 9df833ed5b48448aa31d39190560de01 - - default default] 10.0.0.164 "PUT /v2.0/routers/e56031ba-4c58-45e0-b779-b4c842ff990f/remove_router_interface HTTP/1.1" status: 200 len: 503 time: 1.0898705
2026-06-27 06:54:00.343 10 INFO neutron.db.ovn_revision_numbers_db [None req-efc71557-ee0e-4f7b-8f51-b7025efd5a57 747ff5e0439b4ccc9c1a7272c756d760 9df833ed5b48448aa31d39190560de01 - - default default] Successfully bumped revision number for resource f2211c29-889d-4251-acb9-d78fd95ed6cb (type: security_groups) to 1
2026-06-27 06:54:00.357 10 INFO neutron.db.ovn_revision_numbers_db [None req-efc71557-ee0e-4f7b-8f51-b7025efd5a57 747ff5e0439b4ccc9c1a7272c756d760 9df833ed5b48448aa31d39190560de01 - - default default] Successfully bumped revision number for resource 76ad7ef6-1d5c-43ac-8695-8640d06b7baa (type: security_group_rules) to 0
2026-06-27 06:54:00.373 10 INFO neutron.db.ovn_revision_numbers_db [None req-efc71557-ee0e-4f7b-8f51-b7025efd5a57 747ff5e0439b4ccc9c1a7272c756d760 9df833ed5b48448aa31d39190560de01 - - default default] Successfully bumped revision number for resource 9569c301-69ee-4802-95f4-656516dbdd12 (type: security_group_rules) to 0
2026-06-27 06:54:00.391 10 INFO neutron.db.ovn_revision_numbers_db [None req-efc71557-ee0e-4f7b-8f51-b7025efd5a57 747ff5e0439b4ccc9c1a7272c756d760 9df833ed5b48448aa31d39190560de01 - - default default] Successfully bumped revision number for resource a6d36543-20c5-4d2f-ae26-d9167550c6dd (type: security_group_rules) to 0
2026-06-27 06:54:00.407 10 INFO neutron.db.ovn_revision_numbers_db [None req-efc71557-ee0e-4f7b-8f51-b7025efd5a57 747ff5e0439b4ccc9c1a7272c756d760 9df833ed5b48448aa31d39190560de01 - - default default] Successfully bumped revision number for resource efadd80a-a5a4-4dce-af8a-d3c1ee9c82ff (type: security_group_rules) to 0
2026-06-27 06:54:00.430 10 INFO neutron.wsgi [None req-efc71557-ee0e-4f7b-8f51-b7025efd5a57 747ff5e0439b4ccc9c1a7272c756d760 9df833ed5b48448aa31d39190560de01 - - default default] 10.0.0.164 "GET /v2.0/security-groups?tenant_id=c26c33a74c8041cc96c1add08846ff2e&name=default HTTP/1.1" status: 200 len: 2996 time: 0.4242616 /var/lib/openstack/lib/python3.10/site-packages/pycadf/identifier.py:71: UserWarning: Invalid uuid: neutron. To ensure interoperability, identifiers should be a valid uuid. warnings.warn(('Invalid uuid: %s. To ensure interoperability, '
2026-06-27 06:54:00.682 10 INFO neutron.wsgi [None req-af8a8c33-539e-4a3b-8806-a1d0634e8abc 747ff5e0439b4ccc9c1a7272c756d760 9df833ed5b48448aa31d39190560de01 - - default default] 10.0.0.164 "DELETE /v2.0/security-groups/f2211c29-889d-4251-acb9-d78fd95ed6cb HTTP/1.1" status: 204 len: 168 time: 0.2464664
2026-06-27 06:54:01.011 10 INFO neutron.db.ovn_revision_numbers_db [None req-eaced222-2d7d-4686-ab1b-5baaf4bfe37f 747ff5e0439b4ccc9c1a7272c756d760 9df833ed5b48448aa31d39190560de01 - - default default] Successfully bumped revision number for resource 0cf8476c-13ea-4ef0-90d2-540930bc9dc3 (type: security_groups) to 1
2026-06-27 06:54:01.027 10 INFO neutron.db.ovn_revision_numbers_db [None req-eaced222-2d7d-4686-ab1b-5baaf4bfe37f 747ff5e0439b4ccc9c1a7272c756d760 9df833ed5b48448aa31d39190560de01 - - default default] Successfully bumped revision number for resource 45055daf-6197-48de-9209-032c22084286 (type: security_group_rules) to 0
2026-06-27 06:54:01.042 10 INFO neutron.db.ovn_revision_numbers_db [None req-eaced222-2d7d-4686-ab1b-5baaf4bfe37f 747ff5e0439b4ccc9c1a7272c756d760 9df833ed5b48448aa31d39190560de01 - - default default] Successfully bumped revision number for resource cfffbca2-6126-4807-bde6-81abe267bf49 (type: security_group_rules) to 0
2026-06-27 06:54:01.060 10 INFO neutron.db.ovn_revision_numbers_db [None req-eaced222-2d7d-4686-ab1b-5baaf4bfe37f 747ff5e0439b4ccc9c1a7272c756d760 9df833ed5b48448aa31d39190560de01 - - default default] Successfully bumped revision number for resource f88afa3d-a958-438b-8af3-9b44296f97ba (type: security_group_rules) to 0
2026-06-27 06:54:01.080 10 INFO neutron.db.ovn_revision_numbers_db [None req-eaced222-2d7d-4686-ab1b-5baaf4bfe37f 747ff5e0439b4ccc9c1a7272c756d760 9df833ed5b48448aa31d39190560de01 - - default default] Successfully bumped revision number for resource fd867d5d-6219-483b-a932-7dab25cd9739 (type: security_group_rules) to 0
2026-06-27 06:54:01.116 10 INFO neutron.wsgi [None req-eaced222-2d7d-4686-ab1b-5baaf4bfe37f 747ff5e0439b4ccc9c1a7272c756d760 9df833ed5b48448aa31d39190560de01 - - default default] 10.0.0.164 "GET /v2.0/security-groups?tenant_id=16c6969d74f744499ce65c40e26bb52e&name=default HTTP/1.1" status: 200 len: 2996 time: 0.2446651
2026-06-27 06:54:01.165 9 INFO neutron.wsgi [None req-b7e0ec83-997f-4791-b0fb-9a4ca434b8d1 747ff5e0439b4ccc9c1a7272c756d760 9df833ed5b48448aa31d39190560de01 - - default default] 10.0.0.164 "DELETE /v2.0/routers/e56031ba-4c58-45e0-b779-b4c842ff990f HTTP/1.1" status: 204 len: 168 time: 0.8350873
2026-06-27 06:54:01.269 10 INFO neutron.wsgi [req-8be8a847-ba59-4b9f-9943-7b0603b9dabb req-40cf1f52-2012-49fb-b5ad-9209726c67b3 6eee5e0b8360401d9a5b53c79e199d24 81c8187c5ad14f30afa22e1247fda87b - - 48318d4459b543d2ac08e3beed1d1d57 48318d4459b543d2ac08e3beed1d1d57] 10.0.0.210 "GET /v2.0/ports?device_id=e7f4c1e5-757e-4d8d-86cf-2b2e40240b21 HTTP/1.1" status: 200 len: 1413 time: 0.3688440
2026-06-27 06:54:01.318 10 INFO neutron.wsgi [req-8be8a847-ba59-4b9f-9943-7b0603b9dabb req-5a38e4c2-6ef0-4af3-b000-a2e8bbf2d84d 6eee5e0b8360401d9a5b53c79e199d24 81c8187c5ad14f30afa22e1247fda87b - - 48318d4459b543d2ac08e3beed1d1d57 48318d4459b543d2ac08e3beed1d1d57] 10.0.0.210 "GET /v2.0/security-groups?id=5644cb2c-2b05-40a1-928d-c27285f76375&fields=id&fields=name HTTP/1.1" status: 200 len: 312 time: 0.0435619
2026-06-27 06:54:01.377 9 INFO neutron.wsgi [None req-079ed506-078a-4de6-a17d-8a1f83d82153 747ff5e0439b4ccc9c1a7272c756d760 9df833ed5b48448aa31d39190560de01 - - default default] 10.0.0.164 "DELETE /v2.0/subnets/c9304186-a5bc-4825-a929-71afd2a55a38 HTTP/1.1" status: 204 len: 168 time: 0.2066841
2026-06-27 06:54:01.398 10 INFO neutron.wsgi [None req-5f1600eb-d0ef-47ff-a7b7-efa5ab348217 747ff5e0439b4ccc9c1a7272c756d760 9df833ed5b48448aa31d39190560de01 - - default default] 10.0.0.164 "DELETE /v2.0/security-groups/0cf8476c-13ea-4ef0-90d2-540930bc9dc3 HTTP/1.1" status: 204 len: 168 time: 0.2765257
2026-06-27 06:54:01.898 9 INFO neutron.db.ovn_revision_numbers_db [None req-2d941762-da28-4ab7-ad50-142c23882586 747ff5e0439b4ccc9c1a7272c756d760 9df833ed5b48448aa31d39190560de01 - - default default] Successfully bumped revision number for resource 83a59cea-e8b9-43f9-bf36-e27fc208652d (type: security_groups) to 1
2026-06-27 06:54:01.920 9 INFO neutron.db.ovn_revision_numbers_db [None req-2d941762-da28-4ab7-ad50-142c23882586 747ff5e0439b4ccc9c1a7272c756d760 9df833ed5b48448aa31d39190560de01 - - default default] Successfully bumped revision number for resource 09a5551e-58b7-4a23-9a52-7f09be076db9 (type: security_group_rules) to 0
2026-06-27 06:54:01.936 9 INFO neutron.db.ovn_revision_numbers_db [None req-2d941762-da28-4ab7-ad50-142c23882586 747ff5e0439b4ccc9c1a7272c756d760 9df833ed5b48448aa31d39190560de01 - - default default] Successfully bumped revision number for resource 377267fd-5c63-4862-b830-a341c67dc309 (type: security_group_rules) to 0
2026-06-27 06:54:01.960 9 INFO neutron.db.ovn_revision_numbers_db [None req-2d941762-da28-4ab7-ad50-142c23882586 747ff5e0439b4ccc9c1a7272c756d760 9df833ed5b48448aa31d39190560de01 - - default default] Successfully bumped revision number for resource 4a444237-80fb-4f07-91d8-d97a98eb1714 (type: security_group_rules) to 0
2026-06-27 06:54:01.973 9 INFO neutron.db.ovn_revision_numbers_db [None req-2d941762-da28-4ab7-ad50-142c23882586 747ff5e0439b4ccc9c1a7272c756d760 9df833ed5b48448aa31d39190560de01 - - default default] Successfully bumped revision number for resource 66d9f0c1-1ea4-4d72-990c-e69165d57066 (type: security_group_rules) to 0
2026-06-27 06:54:01.996 9 INFO neutron.wsgi [None req-2d941762-da28-4ab7-ad50-142c23882586 747ff5e0439b4ccc9c1a7272c756d760 9df833ed5b48448aa31d39190560de01 - - default default] 10.0.0.164 "GET /v2.0/security-groups?tenant_id=28b1e13204984255b0f2edcd671bc3ba&name=default HTTP/1.1" status: 200 len: 2996 time: 0.3503635
2026-06-27 06:54:02.018 10 INFO neutron.services.segments.plugin [-] Segment 8eb85c90-5f71-46c7-96cd-fee6b58f5839 resource provider aggregate not found
2026-06-27 06:54:02.024 10 INFO neutron.services.segments.plugin [-] Segment 8eb85c90-5f71-46c7-96cd-fee6b58f5839 resource provider aggregate not found
2026-06-27 06:54:02.042 10 INFO neutron.services.segments.plugin [-] Segment 8eb85c90-5f71-46c7-96cd-fee6b58f5839 resource provider not found; error: Placement Client Error (4xx): {"errors": [{"status": 404, "title": "Not Found", "detail": "The resource could not be found.\n\n No resource provider with uuid 8eb85c90-5f71-46c7-96cd-fee6b58f5839 found for delete ", "request_id": "req-90d769fe-45ba-4a17-b3d3-e9a048ec2efe"}]}
2026-06-27 06:54:02.047 10 INFO neutron.services.segments.plugin [-] Segment 8eb85c90-5f71-46c7-96cd-fee6b58f5839 resource provider not found; error: Placement Client Error (4xx): {"errors": [{"status": 404, "title": "Not Found", "detail": "The resource could not be found.\n\n No resource provider with uuid 8eb85c90-5f71-46c7-96cd-fee6b58f5839 found for delete ", "request_id": "req-44397dee-db43-4d58-8004-d95ff494076d"}]}
2026-06-27 06:54:02.063 10 INFO neutron.wsgi [None req-034d93f8-79a2-4519-a860-eda048fdd650 747ff5e0439b4ccc9c1a7272c756d760 9df833ed5b48448aa31d39190560de01 - - default default] 10.0.0.164 "DELETE /v2.0/networks/1913d2c9-3c11-477a-885b-ae7ddfc5b6cd HTTP/1.1" status: 204 len: 168 time: 0.6798546
2026-06-27 06:54:02.196 9 INFO neutron.wsgi [None req-928386c8-2cac-45b3-986d-2059d01cfcdb 747ff5e0439b4ccc9c1a7272c756d760 9df833ed5b48448aa31d39190560de01 - - default default] 10.0.0.164 "DELETE /v2.0/security-groups/83a59cea-e8b9-43f9-bf36-e27fc208652d HTTP/1.1" status: 204 len: 168 time: 0.1954794
2026-06-27 06:54:02.247 9 INFO neutron.wsgi [None req-fdd81225-6f0e-4678-8527-27726c82f32e 747ff5e0439b4ccc9c1a7272c756d760 9df833ed5b48448aa31d39190560de01 - - default default] 10.0.0.164 "GET /v2.0/security-groups?tenant_id=a4d619de1b8d435d876797ca034caf72&name=default HTTP/1.1" status: 200 len: 2996 time: 0.0563509
2026-06-27 06:54:02.483 9 INFO neutron.wsgi [None req-4a6a3f6f-a93a-4b76-a36d-bf1441b1cf75 747ff5e0439b4ccc9c1a7272c756d760 9df833ed5b48448aa31d39190560de01 - - default default] 10.0.0.164 "DELETE /v2.0/security-groups/139f1573-fcc4-48b2-a785-bd99206f3cd9 HTTP/1.1" status: 204 len: 168 time: 0.2281711
2026-06-27 06:54:02.504 10 INFO neutron.db.ovn_revision_numbers_db [None req-fe7170b6-022f-4e96-9ecb-9d2ac2e9beea 747ff5e0439b4ccc9c1a7272c756d760 9df833ed5b48448aa31d39190560de01 - - default default] Successfully bumped revision number for resource f42d68e1-15ee-42cb-96a3-f08aa9aef3c1 (type: security_groups) to 1
2026-06-27 06:54:02.520 10 INFO neutron.db.ovn_revision_numbers_db [None req-fe7170b6-022f-4e96-9ecb-9d2ac2e9beea 747ff5e0439b4ccc9c1a7272c756d760 9df833ed5b48448aa31d39190560de01 - - default default] Successfully bumped revision number for resource 3a527e91-bfda-45eb-9eb9-e7f9e3fbb2e9 (type: security_group_rules) to 0
2026-06-27 06:54:02.534 10 INFO neutron.db.ovn_revision_numbers_db [None req-fe7170b6-022f-4e96-9ecb-9d2ac2e9beea 747ff5e0439b4ccc9c1a7272c756d760 9df833ed5b48448aa31d39190560de01 - - default default] Successfully bumped revision number for resource 3fdfac0d-4a1a-442d-8baa-b6e3ace23323 (type: security_group_rules) to 0
2026-06-27 06:54:02.553 10 INFO neutron.db.ovn_revision_numbers_db [None req-fe7170b6-022f-4e96-9ecb-9d2ac2e9beea 747ff5e0439b4ccc9c1a7272c756d760 9df833ed5b48448aa31d39190560de01 - - default default] Successfully bumped revision number for resource 769e42d8-6da1-4439-b823-eb7f9bc394f2 (type: security_group_rules) to 0
2026-06-27 06:54:02.573 10 INFO neutron.db.ovn_revision_numbers_db [None req-fe7170b6-022f-4e96-9ecb-9d2ac2e9beea 747ff5e0439b4ccc9c1a7272c756d760 9df833ed5b48448aa31d39190560de01 - - default default] Successfully bumped revision number for resource be316e54-039f-4cf6-b2cf-69d8faeccc3c (type: security_group_rules) to 0
2026-06-27 06:54:02.604 10 INFO neutron.wsgi [None req-fe7170b6-022f-4e96-9ecb-9d2ac2e9beea 747ff5e0439b4ccc9c1a7272c756d760 9df833ed5b48448aa31d39190560de01 - - default default] 10.0.0.164 "GET /v2.0/security-groups?tenant_id=4b27b9a935b443968616b4152f57bacd&name=default HTTP/1.1" status: 200 len: 2996 time: 0.2290766
2026-06-27 06:54:02.831 10 INFO neutron.wsgi [None req-80f88748-3dee-48e4-9524-774ea2960ad6 747ff5e0439b4ccc9c1a7272c756d760 9df833ed5b48448aa31d39190560de01 - - default default] 10.0.0.164 "DELETE /v2.0/security-groups/f42d68e1-15ee-42cb-96a3-f08aa9aef3c1 HTTP/1.1" status: 204 len: 168 time: 0.2209291
2026-06-27 06:54:03.768 9 INFO neutron.db.ovn_revision_numbers_db [None req-539bb05c-c6c1-4b82-afd0-c2c5e4680bca 7d40680063f4488aa5b3bb3fcec5dee5 66ddcafa84ad4a41b4f23db0bb3b3f3d - - default default] Successfully bumped revision number for resource d52cac60-2c23-42ef-ba70-7c8cf89330e5 (type: security_groups) to 1
2026-06-27 06:54:03.784 9 INFO neutron.db.ovn_revision_numbers_db [None req-539bb05c-c6c1-4b82-afd0-c2c5e4680bca 7d40680063f4488aa5b3bb3fcec5dee5 66ddcafa84ad4a41b4f23db0bb3b3f3d - - default default] Successfully bumped revision number for resource 31aa6e79-e93a-4ca0-b85c-e38f8ce80167 (type: security_group_rules) to 0
2026-06-27 06:54:03.798 9 INFO neutron.db.ovn_revision_numbers_db [None req-539bb05c-c6c1-4b82-afd0-c2c5e4680bca 7d40680063f4488aa5b3bb3fcec5dee5 66ddcafa84ad4a41b4f23db0bb3b3f3d - - default default] Successfully bumped revision number for resource 89fd9d55-9398-4e1f-9499-cdc4b193ba09 (type: security_group_rules) to 0
2026-06-27 06:54:03.812 9 INFO neutron.db.ovn_revision_numbers_db [None req-539bb05c-c6c1-4b82-afd0-c2c5e4680bca 7d40680063f4488aa5b3bb3fcec5dee5 66ddcafa84ad4a41b4f23db0bb3b3f3d - - default default] Successfully bumped revision number for resource b555cc84-5270-445a-9a03-27161478decb (type: security_group_rules) to 0
2026-06-27 06:54:03.827 9 INFO neutron.db.ovn_revision_numbers_db [None req-539bb05c-c6c1-4b82-afd0-c2c5e4680bca 7d40680063f4488aa5b3bb3fcec5dee5 66ddcafa84ad4a41b4f23db0bb3b3f3d - - default default] Successfully bumped revision number for resource ec882973-ec78-4183-9945-11af068f372c (type: security_group_rules) to 0
2026-06-27 06:54:03.902 9 INFO neutron.db.segments_db [None req-539bb05c-c6c1-4b82-afd0-c2c5e4680bca 7d40680063f4488aa5b3bb3fcec5dee5 66ddcafa84ad4a41b4f23db0bb3b3f3d - - default default] Added segment d4309834-441b-4034-8ac8-673b90c0ec24 of type geneve for network 32b219f7-0da7-4100-9ea2-98cb441f7b42
2026-06-27 06:54:04.057 9 INFO neutron.db.segments_db [None req-539bb05c-c6c1-4b82-afd0-c2c5e4680bca 7d40680063f4488aa5b3bb3fcec5dee5 66ddcafa84ad4a41b4f23db0bb3b3f3d - - default default] Added segment 591ecace-df68-4b67-a0bf-cb3439667cd6 of type geneve for network 964b0362-7755-4e84-89b5-0c8d89b7167c
2026-06-27 06:54:04.218 9 INFO neutron.db.ovn_revision_numbers_db [None req-539bb05c-c6c1-4b82-afd0-c2c5e4680bca 7d40680063f4488aa5b3bb3fcec5dee5 66ddcafa84ad4a41b4f23db0bb3b3f3d - - default default] Successfully bumped revision number for resource 32b219f7-0da7-4100-9ea2-98cb441f7b42 (type: networks) to 1
2026-06-27 06:54:04.435 9 WARNING neutron.scheduler.dhcp_agent_scheduler [None req-539bb05c-c6c1-4b82-afd0-c2c5e4680bca 7d40680063f4488aa5b3bb3fcec5dee5 66ddcafa84ad4a41b4f23db0bb3b3f3d - - default default] No more DHCP agents
2026-06-27 06:54:04.439 9 WARNING neutron.api.rpc.agentnotifiers.dhcp_rpc_agent_api [None req-539bb05c-c6c1-4b82-afd0-c2c5e4680bca 7d40680063f4488aa5b3bb3fcec5dee5 66ddcafa84ad4a41b4f23db0bb3b3f3d - - default default] Unable to schedule network 32b219f7-0da7-4100-9ea2-98cb441f7b42: no agents available; will retry on subsequent port and subnet creation events.
2026-06-27 06:54:04.543 9 INFO neutron.db.ovn_revision_numbers_db [None req-539bb05c-c6c1-4b82-afd0-c2c5e4680bca 7d40680063f4488aa5b3bb3fcec5dee5 66ddcafa84ad4a41b4f23db0bb3b3f3d - - default default] Successfully bumped revision number for resource e99071b8-ae5c-4b2b-9c85-e019c41c66bb (type: ports) to 1
2026-06-27 06:54:04.582 10 INFO neutron.db.ovn_revision_numbers_db [None req-98523ca9-db16-4126-b58f-2b54b5275426 747ff5e0439b4ccc9c1a7272c756d760 9df833ed5b48448aa31d39190560de01 - - default default] Successfully bumped revision number for resource ea494bd2-0170-4409-a081-f2b1e073f838 (type: security_groups) to 1
2026-06-27 06:54:04.605 10 INFO neutron.db.ovn_revision_numbers_db [None req-98523ca9-db16-4126-b58f-2b54b5275426 747ff5e0439b4ccc9c1a7272c756d760 9df833ed5b48448aa31d39190560de01 - - default default] Successfully bumped revision number for resource 299b07d2-7a38-4211-800e-0641ea1853e4 (type: security_group_rules) to 0
2026-06-27 06:54:04.622 10 INFO neutron.db.ovn_revision_numbers_db [None req-98523ca9-db16-4126-b58f-2b54b5275426 747ff5e0439b4ccc9c1a7272c756d760 9df833ed5b48448aa31d39190560de01 - - default default] Successfully bumped revision number for resource 773addec-5d69-48de-931c-2352b3b87de4 (type: security_group_rules) to 0
2026-06-27 06:54:04.638 10 INFO neutron.db.ovn_revision_numbers_db [None req-98523ca9-db16-4126-b58f-2b54b5275426 747ff5e0439b4ccc9c1a7272c756d760 9df833ed5b48448aa31d39190560de01 - - default default] Successfully bumped revision number for resource c43e6d50-7ac6-4fa2-b5f8-c116cff1af8a (type: security_group_rules) to 0
2026-06-27 06:54:04.639 9 INFO neutron.db.ovn_revision_numbers_db [None req-539bb05c-c6c1-4b82-afd0-c2c5e4680bca 7d40680063f4488aa5b3bb3fcec5dee5 66ddcafa84ad4a41b4f23db0bb3b3f3d - - default default] Successfully bumped revision number for resource 964b0362-7755-4e84-89b5-0c8d89b7167c (type: networks) to 1
2026-06-27 06:54:04.654 10 INFO neutron.db.ovn_revision_numbers_db [None req-98523ca9-db16-4126-b58f-2b54b5275426 747ff5e0439b4ccc9c1a7272c756d760 9df833ed5b48448aa31d39190560de01 - - default default] Successfully bumped revision number for resource fead8109-6cdb-475c-be3c-8304517ff81c (type: security_group_rules) to 0
2026-06-27 06:54:04.708 10 INFO neutron.db.segments_db [None req-98523ca9-db16-4126-b58f-2b54b5275426 747ff5e0439b4ccc9c1a7272c756d760 9df833ed5b48448aa31d39190560de01 - - default default] Added segment 1c128b4b-be51-4f16-8d13-03db554793a3 of type geneve for network d7bf97a3-fb93-4558-9175-a48cf30951bc
2026-06-27 06:54:04.829 9 WARNING neutron.scheduler.dhcp_agent_scheduler [None req-539bb05c-c6c1-4b82-afd0-c2c5e4680bca 7d40680063f4488aa5b3bb3fcec5dee5 66ddcafa84ad4a41b4f23db0bb3b3f3d - - default default] No more DHCP agents
2026-06-27 06:54:04.831 9 WARNING neutron.api.rpc.agentnotifiers.dhcp_rpc_agent_api [None req-539bb05c-c6c1-4b82-afd0-c2c5e4680bca 7d40680063f4488aa5b3bb3fcec5dee5 66ddcafa84ad4a41b4f23db0bb3b3f3d - - default default] Unable to schedule network 964b0362-7755-4e84-89b5-0c8d89b7167c: no agents available; will retry on subsequent port and subnet creation events.
2026-06-27 06:54:04.842 10 INFO neutron.db.ovn_revision_numbers_db [None req-98523ca9-db16-4126-b58f-2b54b5275426 747ff5e0439b4ccc9c1a7272c756d760 9df833ed5b48448aa31d39190560de01 - - default default] Successfully bumped revision number for resource d7bf97a3-fb93-4558-9175-a48cf30951bc (type: networks) to 1
2026-06-27 06:54:04.903 9 INFO neutron.db.ovn_revision_numbers_db [None req-539bb05c-c6c1-4b82-afd0-c2c5e4680bca 7d40680063f4488aa5b3bb3fcec5dee5 66ddcafa84ad4a41b4f23db0bb3b3f3d - - default default] Successfully bumped revision number for resource 5fda77db-0012-4c42-b34e-9fa8281e4f72 (type: ports) to 1
2026-06-27 06:54:04.932 9 INFO neutron.wsgi [None req-539bb05c-c6c1-4b82-afd0-c2c5e4680bca 7d40680063f4488aa5b3bb3fcec5dee5 66ddcafa84ad4a41b4f23db0bb3b3f3d - - default default] 10.0.0.164 "POST /v2.0/networks HTTP/1.1" status: 201 len: 1443 time: 1.5284495
2026-06-27 06:54:05.059 10 INFO neutron.wsgi [None req-ed608b72-d90d-45fe-b0b7-dc3dffe42c36 7d40680063f4488aa5b3bb3fcec5dee5 66ddcafa84ad4a41b4f23db0bb3b3f3d - - default default] 10.0.0.164 "GET /v2.0/networks HTTP/1.1" status: 200 len: 2049 time: 0.1203880
2026-06-27 06:54:05.093 10 WARNING neutron.scheduler.dhcp_agent_scheduler [None req-98523ca9-db16-4126-b58f-2b54b5275426 747ff5e0439b4ccc9c1a7272c756d760 9df833ed5b48448aa31d39190560de01 - - default default] No more DHCP agents
2026-06-27 06:54:05.096 10 WARNING neutron.api.rpc.agentnotifiers.dhcp_rpc_agent_api [None req-98523ca9-db16-4126-b58f-2b54b5275426 747ff5e0439b4ccc9c1a7272c756d760 9df833ed5b48448aa31d39190560de01 - - default default] Unable to schedule network d7bf97a3-fb93-4558-9175-a48cf30951bc: no agents available; will retry on subsequent port and subnet creation events.
2026-06-27 06:54:05.174 10 INFO neutron.db.ovn_revision_numbers_db [None req-98523ca9-db16-4126-b58f-2b54b5275426 747ff5e0439b4ccc9c1a7272c756d760 9df833ed5b48448aa31d39190560de01 - - default default] Successfully bumped revision number for resource 474ad6f5-b410-4a4f-9c9a-74ab15522699 (type: ports) to 1
2026-06-27 06:54:05.194 10 INFO neutron.wsgi [None req-98523ca9-db16-4126-b58f-2b54b5275426 747ff5e0439b4ccc9c1a7272c756d760 9df833ed5b48448aa31d39190560de01 - - default default] 10.0.0.164 "POST /v2.0/networks HTTP/1.1" status: 201 len: 945 time: 0.9013932
2026-06-27 06:54:05.349 10 WARNING neutron.scheduler.dhcp_agent_scheduler [None req-afc3b61f-7276-4766-b9a1-2e312916df1c 747ff5e0439b4ccc9c1a7272c756d760 9df833ed5b48448aa31d39190560de01 - - default default] No more DHCP agents
2026-06-27 06:54:05.352 10 WARNING neutron.api.rpc.agentnotifiers.dhcp_rpc_agent_api [None req-afc3b61f-7276-4766-b9a1-2e312916df1c 747ff5e0439b4ccc9c1a7272c756d760 9df833ed5b48448aa31d39190560de01 - - default default] Unable to schedule network d7bf97a3-fb93-4558-9175-a48cf30951bc: no agents available; will retry on subsequent port and subnet creation events.
2026-06-27 06:54:05.445 9 INFO neutron.services.segments.plugin [-] Segment d4309834-441b-4034-8ac8-673b90c0ec24 resource provider aggregate not found
2026-06-27 06:54:05.450 9 INFO neutron.services.segments.plugin [-] Segment d4309834-441b-4034-8ac8-673b90c0ec24 resource provider aggregate not found
2026-06-27 06:54:05.468 9 INFO neutron.services.segments.plugin [-] Segment d4309834-441b-4034-8ac8-673b90c0ec24 resource provider not found; error: Placement Client Error (4xx): {"errors": [{"status": 404, "title": "Not Found", "detail": "The resource could not be found.\n\n No resource provider with uuid d4309834-441b-4034-8ac8-673b90c0ec24 found for delete ", "request_id": "req-2fe2ea23-1fb4-4614-9b98-5b23167e4bbc"}]}
2026-06-27 06:54:05.469 9 INFO neutron.services.segments.plugin [-] Segment d4309834-441b-4034-8ac8-673b90c0ec24 resource provider not found; error: Placement Client Error (4xx): {"errors": [{"status": 404, "title": "Not Found", "detail": "The resource could not be found.\n\n No resource provider with uuid d4309834-441b-4034-8ac8-673b90c0ec24 found for delete ", "request_id": "req-27809e6e-4468-4c8d-bd86-254f166ffbcf"}]}
2026-06-27 06:54:05.496 9 INFO neutron.wsgi [None req-64f12798-f21d-4c69-985b-fb53c21dad8f 7d40680063f4488aa5b3bb3fcec5dee5 66ddcafa84ad4a41b4f23db0bb3b3f3d - - default default] 10.0.0.164 "DELETE /v2.0/networks/32b219f7-0da7-4100-9ea2-98cb441f7b42 HTTP/1.1" status: 204 len: 168 time: 0.4313607
2026-06-27 06:54:05.860 10 INFO neutron.db.ovn_revision_numbers_db [None req-afc3b61f-7276-4766-b9a1-2e312916df1c 747ff5e0439b4ccc9c1a7272c756d760 9df833ed5b48448aa31d39190560de01 - - default default] Successfully bumped revision number for resource 474ad6f5-b410-4a4f-9c9a-74ab15522699 (type: ports) to 2
2026-06-27 06:54:05.905 10 INFO neutron.db.ovn_revision_numbers_db [None req-afc3b61f-7276-4766-b9a1-2e312916df1c 747ff5e0439b4ccc9c1a7272c756d760 9df833ed5b48448aa31d39190560de01 - - default default] Successfully bumped revision number for resource 4f2567be-1169-4eb9-ad73-143d6a5a7af0 (type: subnets) to 0
2026-06-27 06:54:05.921 10 INFO neutron.wsgi [None req-afc3b61f-7276-4766-b9a1-2e312916df1c 747ff5e0439b4ccc9c1a7272c756d760 9df833ed5b48448aa31d39190560de01 - - default default] 10.0.0.164 "POST /v2.0/subnets HTTP/1.1" status: 201 len: 865 time: 0.7208772
2026-06-27 06:54:05.945 9 INFO neutron.wsgi [None req-0b504727-3439-4892-8ac4-42f939c91e1a 7d40680063f4488aa5b3bb3fcec5dee5 66ddcafa84ad4a41b4f23db0bb3b3f3d - - default default] 10.0.0.164 "DELETE /v2.0/networks/964b0362-7755-4e84-89b5-0c8d89b7167c HTTP/1.1" status: 204 len: 168 time: 0.4455338
2026-06-27 06:54:06.049 10 INFO neutron.wsgi [None req-1df03db9-fd72-4915-a034-a41d2a08c8d8 7d40680063f4488aa5b3bb3fcec5dee5 66ddcafa84ad4a41b4f23db0bb3b3f3d - - default default] 10.0.0.164 "GET /v2.0/networks HTTP/1.1" status: 200 len: 845 time: 0.0993099
2026-06-27 06:54:06.149 9 INFO neutron.db.segments_db [None req-075931aa-ca8f-4aea-817e-00370c7f6a18 7d40680063f4488aa5b3bb3fcec5dee5 66ddcafa84ad4a41b4f23db0bb3b3f3d - - default default] Added segment f425c7f2-52f4-44f7-b05b-0b6e9d47162c of type geneve for network 4d177f95-f668-47ab-b702-62b9fe8f550b
2026-06-27 06:54:06.332 9 INFO neutron.db.ovn_revision_numbers_db [None req-075931aa-ca8f-4aea-817e-00370c7f6a18 7d40680063f4488aa5b3bb3fcec5dee5 66ddcafa84ad4a41b4f23db0bb3b3f3d - - default default] Successfully bumped revision number for resource 4d177f95-f668-47ab-b702-62b9fe8f550b (type: networks) to 1
2026-06-27 06:54:06.487 10 WARNING neutron.scheduler.dhcp_agent_scheduler [None req-18f69481-9308-4aa7-b5ee-740a2b384fa9 747ff5e0439b4ccc9c1a7272c756d760 9df833ed5b48448aa31d39190560de01 - - default default] No more DHCP agents
2026-06-27 06:54:06.491 10 WARNING neutron.api.rpc.agentnotifiers.dhcp_rpc_agent_api [None req-18f69481-9308-4aa7-b5ee-740a2b384fa9 747ff5e0439b4ccc9c1a7272c756d760 9df833ed5b48448aa31d39190560de01 - - default default] Unable to schedule network 3273cced-3b54-431f-b5c2-2dcb744d786d: no agents available; will retry on subsequent port and subnet creation events.
2026-06-27 06:54:06.528 9 WARNING neutron.scheduler.dhcp_agent_scheduler [None req-075931aa-ca8f-4aea-817e-00370c7f6a18 7d40680063f4488aa5b3bb3fcec5dee5 66ddcafa84ad4a41b4f23db0bb3b3f3d - - default default] No more DHCP agents
2026-06-27 06:54:06.532 9 WARNING neutron.api.rpc.agentnotifiers.dhcp_rpc_agent_api [None req-075931aa-ca8f-4aea-817e-00370c7f6a18 7d40680063f4488aa5b3bb3fcec5dee5 66ddcafa84ad4a41b4f23db0bb3b3f3d - - default default] Unable to schedule network 4d177f95-f668-47ab-b702-62b9fe8f550b: no agents available; will retry on subsequent port and subnet creation events.
2026-06-27 06:54:06.629 9 INFO neutron.db.ovn_revision_numbers_db [None req-075931aa-ca8f-4aea-817e-00370c7f6a18 7d40680063f4488aa5b3bb3fcec5dee5 66ddcafa84ad4a41b4f23db0bb3b3f3d - - default default] Successfully bumped revision number for resource f1267e3c-38e2-49a1-900e-b4e07a9f241a (type: ports) to 1
2026-06-27 06:54:06.653 9 INFO neutron.wsgi [None req-075931aa-ca8f-4aea-817e-00370c7f6a18 7d40680063f4488aa5b3bb3fcec5dee5 66ddcafa84ad4a41b4f23db0bb3b3f3d - - default default] 10.0.0.164 "POST /v2.0/networks HTTP/1.1" status: 201 len: 853 time: 0.5963156
2026-06-27 06:54:06.675 10 INFO neutron.db.ovn_revision_numbers_db [None req-18f69481-9308-4aa7-b5ee-740a2b384fa9 747ff5e0439b4ccc9c1a7272c756d760 9df833ed5b48448aa31d39190560de01 - - default default] Successfully bumped revision number for resource 4cc2204e-6597-48a1-9dad-38e52d0c8f4a (type: ports) to 1
2026-06-27 06:54:06.745 9 INFO neutron.db.segments_db [None req-515c9cab-b6a6-49f2-a485-440f1441fbb8 7d40680063f4488aa5b3bb3fcec5dee5 66ddcafa84ad4a41b4f23db0bb3b3f3d - - default default] Added segment 4316c5df-6d36-4516-aff2-42307873e2bd of type geneve for network ede2aa73-e6fa-4042-b4dd-efc5d0726278
2026-06-27 06:54:06.896 9 INFO neutron.db.ovn_revision_numbers_db [None req-515c9cab-b6a6-49f2-a485-440f1441fbb8 7d40680063f4488aa5b3bb3fcec5dee5 66ddcafa84ad4a41b4f23db0bb3b3f3d - - default default] Successfully bumped revision number for resource ede2aa73-e6fa-4042-b4dd-efc5d0726278 (type: networks) to 1
2026-06-27 06:54:07.083 9 WARNING neutron.scheduler.dhcp_agent_scheduler [None req-515c9cab-b6a6-49f2-a485-440f1441fbb8 7d40680063f4488aa5b3bb3fcec5dee5 66ddcafa84ad4a41b4f23db0bb3b3f3d - - default default] No more DHCP agents
2026-06-27 06:54:07.086 9 WARNING neutron.api.rpc.agentnotifiers.dhcp_rpc_agent_api [None req-515c9cab-b6a6-49f2-a485-440f1441fbb8 7d40680063f4488aa5b3bb3fcec5dee5 66ddcafa84ad4a41b4f23db0bb3b3f3d - - default default] Unable to schedule network ede2aa73-e6fa-4042-b4dd-efc5d0726278: no agents available; will retry on subsequent port and subnet creation events.
2026-06-27 06:54:07.178 9 INFO neutron.db.ovn_revision_numbers_db [None req-515c9cab-b6a6-49f2-a485-440f1441fbb8 7d40680063f4488aa5b3bb3fcec5dee5 66ddcafa84ad4a41b4f23db0bb3b3f3d - - default default] Successfully bumped revision number for resource 24357764-9356-4fe0-8841-5688639b67f1 (type: ports) to 1
2026-06-27 06:54:07.212 9 INFO neutron.wsgi [None req-515c9cab-b6a6-49f2-a485-440f1441fbb8 7d40680063f4488aa5b3bb3fcec5dee5 66ddcafa84ad4a41b4f23db0bb3b3f3d - - default default] 10.0.0.164 "POST /v2.0/networks HTTP/1.1" status: 201 len: 853 time: 0.5539033
2026-06-27 06:54:07.236 10 INFO neutron.db.ovn_revision_numbers_db [None req-0fec5058-e19d-451b-887c-e219daff6f92 747ff5e0439b4ccc9c1a7272c756d760 9df833ed5b48448aa31d39190560de01 - - default default] Successfully bumped revision number for resource 7fb0e068-89ce-460d-a89f-0f71f751c173 (type: security_groups) to 1
2026-06-27 06:54:07.263 10 INFO neutron.db.ovn_revision_numbers_db [None req-0fec5058-e19d-451b-887c-e219daff6f92 747ff5e0439b4ccc9c1a7272c756d760 9df833ed5b48448aa31d39190560de01 - - default default] Successfully bumped revision number for resource 49f4c164-b398-4e4b-9dac-8c91877f6288 (type: security_group_rules) to 0
2026-06-27 06:54:07.298 10 INFO neutron.db.ovn_revision_numbers_db [None req-0fec5058-e19d-451b-887c-e219daff6f92 747ff5e0439b4ccc9c1a7272c756d760 9df833ed5b48448aa31d39190560de01 - - default default] Successfully bumped revision number for resource b680c7d0-e92e-4104-85c5-7a41c43fcdd0 (type: security_group_rules) to 0
2026-06-27 06:54:07.324 10 INFO neutron.db.ovn_revision_numbers_db [None req-0fec5058-e19d-451b-887c-e219daff6f92 747ff5e0439b4ccc9c1a7272c756d760 9df833ed5b48448aa31d39190560de01 - - default default] Successfully bumped revision number for resource c54e8863-76d2-4269-9df0-4965ea42ea4f (type: security_group_rules) to 0
2026-06-27 06:54:07.347 10 INFO neutron.wsgi [req-9ab2c41f-5ff0-4129-a0d2-9cb601182c59 req-5095ea3b-5887-45fb-9e58-aab2f5890ae5 bf3d4068d7d2464680b2bc353b31c171 d1f634d202ae4278ab993a3732c968c6 - - default default] 10.0.0.139 "GET /v2.0/ports?device_id=e7f4c1e5-757e-4d8d-86cf-2b2e40240b21 HTTP/1.1" status: 200 len: 1174 time: 0.1415739
2026-06-27 06:54:07.359 10 INFO neutron.db.ovn_revision_numbers_db [None req-0fec5058-e19d-451b-887c-e219daff6f92 747ff5e0439b4ccc9c1a7272c756d760 9df833ed5b48448aa31d39190560de01 - - default default] Successfully bumped revision number for resource d8b28b9e-2232-42b0-8647-ee1a0c7dd39c (type: security_group_rules) to 0
2026-06-27 06:54:07.413 10 INFO neutron.wsgi [None req-0fec5058-e19d-451b-887c-e219daff6f92 747ff5e0439b4ccc9c1a7272c756d760 9df833ed5b48448aa31d39190560de01 - - default default] 10.0.0.164 "GET /v2.0/security-groups?tenant_id=bb608b4d4f964521b649b5475ce03a18&name=default HTTP/1.1" status: 200 len: 2996 time: 0.7467463
2026-06-27 06:54:07.454 10 INFO neutron.wsgi [req-795388c2-9d5c-456a-a6a9-278d526ed7c4 req-c25b0266-8571-4448-86dd-9aca6175912b bf3d4068d7d2464680b2bc353b31c171 d1f634d202ae4278ab993a3732c968c6 - - default default] 10.0.0.139 "GET /v2.0/ports/85d42c57-6e21-466d-b7e5-fcdac52c0e61 HTTP/1.1" status: 200 len: 1171 time: 0.0548711
2026-06-27 06:54:07.502 9 INFO neutron.services.segments.plugin [-] Segment 591ecace-df68-4b67-a0bf-cb3439667cd6 resource provider aggregate not found
2026-06-27 06:54:07.511 9 INFO neutron.services.segments.plugin [-] Segment 591ecace-df68-4b67-a0bf-cb3439667cd6 resource provider aggregate not found
2026-06-27 06:54:07.528 9 INFO neutron.services.segments.plugin [-] Segment 591ecace-df68-4b67-a0bf-cb3439667cd6 resource provider not found; error: Placement Client Error (4xx): {"errors": [{"status": 404, "title": "Not Found", "detail": "The resource could not be found.\n\n No resource provider with uuid 591ecace-df68-4b67-a0bf-cb3439667cd6 found for delete ", "request_id": "req-857b6928-1590-4dfc-bd9f-f1744090f934"}]}
2026-06-27 06:54:07.534 9 INFO neutron.services.segments.plugin [-] Segment 591ecace-df68-4b67-a0bf-cb3439667cd6 resource provider not found; error: Placement Client Error (4xx): {"errors": [{"status": 404, "title": "Not Found", "detail": "The resource could not be found.\n\n No resource provider with uuid 591ecace-df68-4b67-a0bf-cb3439667cd6 found for delete ", "request_id": "req-e9942908-6a18-4983-b372-a9085b8c0125"}]}
2026-06-27 06:54:07.615 9 INFO neutron.plugins.ml2.drivers.ovn.mech_driver.mech_driver [None req-43cf081a-e68c-492c-ba2c-929a03a46d77 - - - - - -] OVN reports status up for port: 4cc2204e-6597-48a1-9dad-38e52d0c8f4a
