2026-06-27 06:56:35.110 9 INFO neutron.db.ovn_revision_numbers_db [None req-4a482444-2230-4e44-8d3d-4e31d7601591 d4bd96381e94490186846460503549f8 a9f736eb6b5142778abdc32cd0fc5d2f - - default default] Successfully bumped revision number for resource e3956826-9008-4c87-baa5-8d0550e57a10 (type: security_groups) to 1
2026-06-27 06:56:35.121 10 INFO neutron.db.securitygroups_db [None req-3602bcd9-e451-4615-bb5f-253e3bcaee17 7ca6ebed472643d88c66bc393d780af0 47e1cdca6b3e48adbf8e71482fa89845 - - default default] Project 47e1cdca6b3e48adbf8e71482fa89845 added a security group rule with legacy IPv6 ICMP protocol name icmp, ipv6-icmp should be used instead. It was automatically converted.
2026-06-27 06:56:35.153 9 INFO neutron.db.ovn_revision_numbers_db [None req-4a482444-2230-4e44-8d3d-4e31d7601591 d4bd96381e94490186846460503549f8 a9f736eb6b5142778abdc32cd0fc5d2f - - default default] Successfully bumped revision number for resource 56c760df-55fd-4b86-a288-8f8c3eccb4e8 (type: security_group_rules) to 0
2026-06-27 06:56:35.185 9 INFO neutron.db.ovn_revision_numbers_db [None req-4a482444-2230-4e44-8d3d-4e31d7601591 d4bd96381e94490186846460503549f8 a9f736eb6b5142778abdc32cd0fc5d2f - - default default] Successfully bumped revision number for resource e0296af3-4c2c-4543-a3b2-f3a1947bbea2 (type: security_group_rules) to 0
2026-06-27 06:56:35.211 9 INFO neutron.db.ovn_revision_numbers_db [None req-4a482444-2230-4e44-8d3d-4e31d7601591 d4bd96381e94490186846460503549f8 a9f736eb6b5142778abdc32cd0fc5d2f - - default default] Successfully bumped revision number for resource ec59421c-2434-498d-b94c-8d63a497e643 (type: security_group_rules) to 0
2026-06-27 06:56:35.246 10 INFO neutron.db.ovn_revision_numbers_db [None req-3602bcd9-e451-4615-bb5f-253e3bcaee17 7ca6ebed472643d88c66bc393d780af0 47e1cdca6b3e48adbf8e71482fa89845 - - default default] Successfully bumped revision number for resource 0aecb86c-d52d-4213-99c4-d4e24cd3b73c (type: security_group_rules) to 0
2026-06-27 06:56:35.270 9 WARNING neutron.scheduler.dhcp_agent_scheduler [None req-c6a4523c-4947-4ae2-b64b-d7e7bfa5fad2 b781446aa26f4cb3bcd3686e4830c7ca 4ed6deb469ad49b2956dd142abc2f70f - - default default] No more DHCP agents
2026-06-27 06:56:35.270 9 INFO neutron.db.ovn_revision_numbers_db [None req-4a482444-2230-4e44-8d3d-4e31d7601591 d4bd96381e94490186846460503549f8 a9f736eb6b5142778abdc32cd0fc5d2f - - default default] Successfully bumped revision number for resource f61be481-a1e8-4bd5-86fa-a9beaab424f2 (type: security_group_rules) to 0
2026-06-27 06:56:35.280 9 WARNING neutron.api.rpc.agentnotifiers.dhcp_rpc_agent_api [None req-c6a4523c-4947-4ae2-b64b-d7e7bfa5fad2 b781446aa26f4cb3bcd3686e4830c7ca 4ed6deb469ad49b2956dd142abc2f70f - - default default] Unable to schedule network bc245df9-0f8d-4308-b0ee-44bbf3442596: no agents available; will retry on subsequent port and subnet creation events.
2026-06-27 06:56:35.281 10 INFO neutron.wsgi [None req-3602bcd9-e451-4615-bb5f-253e3bcaee17 7ca6ebed472643d88c66bc393d780af0 47e1cdca6b3e48adbf8e71482fa89845 - - default default] 10.0.0.164 "POST /v2.0/security-group-rules HTTP/1.1" status: 201 len: 773 time: 0.1880124
2026-06-27 06:56:35.375 9 INFO neutron.wsgi [None req-73db38cc-85c9-4677-a36f-7925d13ddc51 747ff5e0439b4ccc9c1a7272c756d760 9df833ed5b48448aa31d39190560de01 - - default default] 10.0.0.164 "DELETE /v2.0/routers/a25bda66-5e15-49fe-8cee-a35ee15b2d30 HTTP/1.1" status: 204 len: 168 time: 1.0129089
2026-06-27 06:56:35.451 9 INFO neutron.db.ovn_revision_numbers_db [None req-c6a4523c-4947-4ae2-b64b-d7e7bfa5fad2 b781446aa26f4cb3bcd3686e4830c7ca 4ed6deb469ad49b2956dd142abc2f70f - - default default] Successfully bumped revision number for resource 4c5ba6ed-fbb4-4bfe-8c10-c0b2b096be6c (type: ports) to 1
2026-06-27 06:56:35.468 9 INFO neutron.db.ovn_revision_numbers_db [None req-4a482444-2230-4e44-8d3d-4e31d7601591 d4bd96381e94490186846460503549f8 a9f736eb6b5142778abdc32cd0fc5d2f - - default default] Successfully bumped revision number for resource 231d2324-b9ac-4dc4-a52e-33eb21b78c52 (type: security_groups) to 1
2026-06-27 06:56:35.491 9 INFO neutron.wsgi [None req-c6a4523c-4947-4ae2-b64b-d7e7bfa5fad2 b781446aa26f4cb3bcd3686e4830c7ca 4ed6deb469ad49b2956dd142abc2f70f - - default default] 10.0.0.164 "POST /v2.0/networks HTTP/1.1" status: 201 len: 837 time: 0.9501193
2026-06-27 06:56:35.511 9 INFO neutron.db.ovn_revision_numbers_db [None req-4a482444-2230-4e44-8d3d-4e31d7601591 d4bd96381e94490186846460503549f8 a9f736eb6b5142778abdc32cd0fc5d2f - - default default] Successfully bumped revision number for resource 2b0c1cdb-eaed-427a-80e1-d49335081906 (type: security_group_rules) to 0
2026-06-27 06:56:35.541 9 INFO neutron.db.ovn_revision_numbers_db [None req-4a482444-2230-4e44-8d3d-4e31d7601591 d4bd96381e94490186846460503549f8 a9f736eb6b5142778abdc32cd0fc5d2f - - default default] Successfully bumped revision number for resource 91f5546f-b7ae-4c30-bbd7-0cb24a98f1db (type: security_group_rules) to 0
2026-06-27 06:56:35.580 9 INFO neutron.wsgi [None req-4a482444-2230-4e44-8d3d-4e31d7601591 d4bd96381e94490186846460503549f8 a9f736eb6b5142778abdc32cd0fc5d2f - - default default] 10.0.0.164 "POST /v2.0/security-groups HTTP/1.1" status: 201 len: 1737 time: 1.0219717
2026-06-27 06:56:35.635 10 INFO neutron.wsgi [None req-29a127ae-ac55-4607-8628-75ae3ae69a1b d4bd96381e94490186846460503549f8 a9f736eb6b5142778abdc32cd0fc5d2f - - default default] 10.0.0.164 "PUT /v2.0/security-groups/231d2324-b9ac-4dc4-a52e-33eb21b78c52/tags HTTP/1.1" status: 200 len: 218 time: 0.0461094
2026-06-27 06:56:35.663 10 INFO neutron.wsgi [None req-09c77ab5-0ee4-48bd-a980-6a173077d414 d4bd96381e94490186846460503549f8 a9f736eb6b5142778abdc32cd0fc5d2f - - default default] 10.0.0.164 "GET /v2.0/security-groups/231d2324-b9ac-4dc4-a52e-33eb21b78c52/tags HTTP/1.1" status: 200 len: 218 time: 0.0217097
2026-06-27 06:56:35.712 10 INFO neutron.wsgi [None req-08ae03a5-612f-42fe-bf7d-c7aa46680921 d4bd96381e94490186846460503549f8 a9f736eb6b5142778abdc32cd0fc5d2f - - default default] 10.0.0.164 "PUT /v2.0/security-groups/231d2324-b9ac-4dc4-a52e-33eb21b78c52/tags/green HTTP/1.1" status: 201 len: 201 time: 0.0374064
2026-06-27 06:56:35.771 10 INFO neutron.wsgi [None req-051cc3c4-48e7-4dc2-a242-ee0ca0ce6f46 d4bd96381e94490186846460503549f8 a9f736eb6b5142778abdc32cd0fc5d2f - - default default] 10.0.0.164 "GET /v2.0/security-groups/231d2324-b9ac-4dc4-a52e-33eb21b78c52/tags HTTP/1.1" status: 200 len: 227 time: 0.0542302
2026-06-27 06:56:35.943 9 INFO neutron.wsgi [None req-6dffc695-ddaa-42ac-8671-6234bc214ebc 747ff5e0439b4ccc9c1a7272c756d760 9df833ed5b48448aa31d39190560de01 - - default default] 10.0.0.164 "DELETE /v2.0/subnets/e4545778-a7f5-48ea-86ff-d564f794cd46 HTTP/1.1" status: 204 len: 168 time: 0.5536029
2026-06-27 06:56:36.079 9 WARNING neutron.scheduler.dhcp_agent_scheduler [None req-afab3e88-dea9-43d1-b586-d956c5cab676 b781446aa26f4cb3bcd3686e4830c7ca 4ed6deb469ad49b2956dd142abc2f70f - - default default] No more DHCP agents
2026-06-27 06:56:36.082 9 WARNING neutron.api.rpc.agentnotifiers.dhcp_rpc_agent_api [None req-afab3e88-dea9-43d1-b586-d956c5cab676 b781446aa26f4cb3bcd3686e4830c7ca 4ed6deb469ad49b2956dd142abc2f70f - - default default] Unable to schedule network bc245df9-0f8d-4308-b0ee-44bbf3442596: no agents available; will retry on subsequent port and subnet creation events.
2026-06-27 06:56:36.130 10 INFO neutron.wsgi [None req-79142841-08ab-4c5c-99e5-2537b53f35da d4bd96381e94490186846460503549f8 a9f736eb6b5142778abdc32cd0fc5d2f - - default default] 10.0.0.164 "PUT /v2.0/security-groups/231d2324-b9ac-4dc4-a52e-33eb21b78c52/tags/red HTTP/1.1" status: 201 len: 201 time: 0.3491251
2026-06-27 06:56:36.169 10 INFO neutron.wsgi [None req-ad9571d1-9cdf-4c68-b3e4-da7af05c4a92 7ca6ebed472643d88c66bc393d780af0 47e1cdca6b3e48adbf8e71482fa89845 - - default default] 10.0.0.164 "GET /v2.0/networks HTTP/1.1" status: 200 len: 1491 time: 0.4825442
2026-06-27 06:56:36.171 10 INFO neutron.wsgi [None req-8cf6cefb-a1c9-4eff-9c30-380ad1e59d0c d4bd96381e94490186846460503549f8 a9f736eb6b5142778abdc32cd0fc5d2f - - default default] 10.0.0.164 "GET /v2.0/security-groups/231d2324-b9ac-4dc4-a52e-33eb21b78c52/tags HTTP/1.1" status: 200 len: 227 time: 0.0318878
2026-06-27 06:56:36.206 10 INFO neutron.wsgi [None req-31ec6edb-a04f-4169-a569-a27b81e08439 d4bd96381e94490186846460503549f8 a9f736eb6b5142778abdc32cd0fc5d2f - - default default] 10.0.0.164 "PUT /v2.0/security-groups/231d2324-b9ac-4dc4-a52e-33eb21b78c52/tags/black.or.white HTTP/1.1" status: 201 len: 201 time: 0.0296733
2026-06-27 06:56:36.228 10 INFO neutron.wsgi [None req-ea904fef-d4fb-49ba-989c-8b6c7ed9b2ee d4bd96381e94490186846460503549f8 a9f736eb6b5142778abdc32cd0fc5d2f - - default default] 10.0.0.164 "GET /v2.0/security-groups/231d2324-b9ac-4dc4-a52e-33eb21b78c52/tags HTTP/1.1" status: 200 len: 245 time: 0.0174046
2026-06-27 06:56:36.296 10 INFO neutron.wsgi [req-2f19df3c-5ecc-4c73-b8b4-d6678e28b767 req-5d84a9e0-146b-4f29-94a7-506cf4d9336b 7ca6ebed472643d88c66bc393d780af0 47e1cdca6b3e48adbf8e71482fa89845 - - default default] 10.0.0.139 "GET /v2.0/security-groups?name=tempest-secgroup-smoke-1650230799&fields=id&tenant_id=47e1cdca6b3e48adbf8e71482fa89845 HTTP/1.1" status: 200 len: 267 time: 0.0503066
2026-06-27 06:56:36.301 9 INFO neutron.wsgi [None req-78e2d8be-ecbc-42dd-aa51-5c56d32d8ee2 d4bd96381e94490186846460503549f8 a9f736eb6b5142778abdc32cd0fc5d2f - - default default] 10.0.0.164 "PUT /v2.0/security-groups/231d2324-b9ac-4dc4-a52e-33eb21b78c52/tags HTTP/1.1" status: 200 len: 230 time: 0.0685430
2026-06-27 06:56:36.355 9 INFO neutron.wsgi [None req-8f683b9e-68c5-45fe-92f4-4c012ec3076b d4bd96381e94490186846460503549f8 a9f736eb6b5142778abdc32cd0fc5d2f - - default default] 10.0.0.164 "GET /v2.0/security-groups/231d2324-b9ac-4dc4-a52e-33eb21b78c52/tags HTTP/1.1" status: 200 len: 230 time: 0.0409117
2026-06-27 06:56:36.374 10 INFO neutron.wsgi [req-2f19df3c-5ecc-4c73-b8b4-d6678e28b767 req-3572ec72-8ffc-44f0-8bac-f9619f782db1 7ca6ebed472643d88c66bc393d780af0 47e1cdca6b3e48adbf8e71482fa89845 - - default default] 10.0.0.139 "GET /v2.0/networks?id=8413c7ff-90d9-4b92-a574-5891f2bbf65c HTTP/1.1" status: 200 len: 858 time: 0.0718327
2026-06-27 06:56:36.395 10 INFO neutron.wsgi [req-2f19df3c-5ecc-4c73-b8b4-d6678e28b767 req-b7b8bfe3-4e21-420f-97f0-197f75ccb216 7ca6ebed472643d88c66bc393d780af0 47e1cdca6b3e48adbf8e71482fa89845 - - default default] 10.0.0.139 "GET /v2.0/quotas/47e1cdca6b3e48adbf8e71482fa89845 HTTP/1.1" status: 200 len: 386 time: 0.0127988
2026-06-27 06:56:36.414 9 INFO neutron.wsgi [None req-25f3fe5c-c70b-468b-afd6-f3bf62f030b3 d4bd96381e94490186846460503549f8 a9f736eb6b5142778abdc32cd0fc5d2f - - default default] 10.0.0.164 "GET /v2.0/security-groups/231d2324-b9ac-4dc4-a52e-33eb21b78c52/tags/red HTTP/1.1" status: 204 len: 168 time: 0.0536795
2026-06-27 06:56:36.453 9 INFO neutron.api.v2.resource [None req-963f0e7d-b368-4041-8598-31b49b4e44fa d4bd96381e94490186846460503549f8 a9f736eb6b5142778abdc32cd0fc5d2f - - default default] show failed (client error): The resource could not be found.
2026-06-27 06:56:36.455 9 INFO neutron.wsgi [None req-963f0e7d-b368-4041-8598-31b49b4e44fa d4bd96381e94490186846460503549f8 a9f736eb6b5142778abdc32cd0fc5d2f - - default default] 10.0.0.164 "GET /v2.0/security-groups/231d2324-b9ac-4dc4-a52e-33eb21b78c52/tags/green HTTP/1.1" status: 404 len: 299 time: 0.0354888
2026-06-27 06:56:36.508 9 INFO neutron.services.segments.plugin [-] Segment 3a1ba1f1-ae6d-412a-8434-09da3ba30b55 resource provider aggregate not found
2026-06-27 06:56:36.509 10 INFO neutron.wsgi [req-2f19df3c-5ecc-4c73-b8b4-d6678e28b767 req-8509e6c7-7712-4973-a9dd-b19fc12095fa 7ca6ebed472643d88c66bc393d780af0 47e1cdca6b3e48adbf8e71482fa89845 - - default default] 10.0.0.139 "GET /v2.0/ports?tenant_id=47e1cdca6b3e48adbf8e71482fa89845&fields=id HTTP/1.1" status: 200 len: 302 time: 0.1074779
2026-06-27 06:56:36.513 10 INFO neutron.wsgi [None req-3c6c0c5e-dc07-4f6b-8676-f408ddf4e6e6 d4bd96381e94490186846460503549f8 a9f736eb6b5142778abdc32cd0fc5d2f - - default default] 10.0.0.164 "DELETE /v2.0/security-groups/231d2324-b9ac-4dc4-a52e-33eb21b78c52/tags/red HTTP/1.1" status: 204 len: 168 time: 0.0522008
2026-06-27 06:56:36.516 9 INFO neutron.services.segments.plugin [-] Segment 3a1ba1f1-ae6d-412a-8434-09da3ba30b55 resource provider aggregate not found
2026-06-27 06:56:36.548 9 INFO neutron.services.segments.plugin [-] Segment 3a1ba1f1-ae6d-412a-8434-09da3ba30b55 resource provider not found; error: Placement Client Error (4xx): {"errors": [{"status": 404, "title": "Not Found", "detail": "The resource could not be found.\n\n No resource provider with uuid 3a1ba1f1-ae6d-412a-8434-09da3ba30b55 found for delete ", "request_id": "req-c3aca9b5-aacd-4c66-b70b-e6e1f32a9ba8"}]}
2026-06-27 06:56:36.548 10 INFO neutron.wsgi [None req-76a3a77d-d705-4bdc-8568-73498b744566 d4bd96381e94490186846460503549f8 a9f736eb6b5142778abdc32cd0fc5d2f - - default default] 10.0.0.164 "GET /v2.0/security-groups/231d2324-b9ac-4dc4-a52e-33eb21b78c52/tags HTTP/1.1" status: 200 len: 223 time: 0.0308142
2026-06-27 06:56:36.549 9 INFO neutron.services.segments.plugin [-] Segment 3a1ba1f1-ae6d-412a-8434-09da3ba30b55 resource provider not found; error: Placement Client Error (4xx): {"errors": [{"status": 404, "title": "Not Found", "detail": "The resource could not be found.\n\n No resource provider with uuid 3a1ba1f1-ae6d-412a-8434-09da3ba30b55 found for delete ", "request_id": "req-8a6e2043-d2f2-484f-aafc-d15f92a5b83e"}]}
2026-06-27 06:56:36.600 10 INFO neutron.api.v2.resource [None req-fb4f9a03-adfa-4238-80cb-03689e1fd062 d4bd96381e94490186846460503549f8 a9f736eb6b5142778abdc32cd0fc5d2f - - default default] delete failed (client error): The resource could not be found.
2026-06-27 06:56:36.601 10 INFO neutron.wsgi [None req-fb4f9a03-adfa-4238-80cb-03689e1fd062 d4bd96381e94490186846460503549f8 a9f736eb6b5142778abdc32cd0fc5d2f - - default default] 10.0.0.164 "DELETE /v2.0/security-groups/231d2324-b9ac-4dc4-a52e-33eb21b78c52/tags/green HTTP/1.1" status: 404 len: 299 time: 0.0438814
2026-06-27 06:56:36.603 10 INFO neutron.wsgi [req-2f19df3c-5ecc-4c73-b8b4-d6678e28b767 req-5cc2d181-b6bc-41f7-9fbb-e0f4d2cbbb0a 6eee5e0b8360401d9a5b53c79e199d24 81c8187c5ad14f30afa22e1247fda87b - - 48318d4459b543d2ac08e3beed1d1d57 48318d4459b543d2ac08e3beed1d1d57] 10.0.0.139 "GET /v2.0/networks/8413c7ff-90d9-4b92-a574-5891f2bbf65c?fields=segments HTTP/1.1" status: 200 len: 212 time: 0.0800736
2026-06-27 06:56:36.613 9 INFO neutron.wsgi [None req-c5b5c7b2-2f60-4e63-96e3-9419c37af978 747ff5e0439b4ccc9c1a7272c756d760 9df833ed5b48448aa31d39190560de01 - - default default] 10.0.0.164 "DELETE /v2.0/networks/963dea6a-e74a-4b16-bc0d-9474cd708707 HTTP/1.1" status: 204 len: 168 time: 0.6616566
2026-06-27 06:56:36.676 10 INFO neutron.wsgi [None req-2b8f6df4-9f49-49b4-a90d-1dbfc14a7641 747ff5e0439b4ccc9c1a7272c756d760 9df833ed5b48448aa31d39190560de01 - - default default] 10.0.0.65 "GET /v2.0/floatingips HTTP/1.1" status: 200 len: 193 time: 0.0961771
2026-06-27 06:56:36.730 10 INFO neutron.wsgi [None req-9bda3544-d794-44c1-b642-e9675c33af59 d4bd96381e94490186846460503549f8 a9f736eb6b5142778abdc32cd0fc5d2f - - default default] 10.0.0.164 "DELETE /v2.0/security-groups/231d2324-b9ac-4dc4-a52e-33eb21b78c52/tags HTTP/1.1" status: 204 len: 168 time: 0.1234848
2026-06-27 06:56:36.770 10 INFO neutron.wsgi [req-2f19df3c-5ecc-4c73-b8b4-d6678e28b767 req-410892fb-b0df-4f3e-ab24-2489fc35c232 6eee5e0b8360401d9a5b53c79e199d24 81c8187c5ad14f30afa22e1247fda87b - - 48318d4459b543d2ac08e3beed1d1d57 48318d4459b543d2ac08e3beed1d1d57] 10.0.0.139 "GET /v2.0/networks/8413c7ff-90d9-4b92-a574-5891f2bbf65c?fields=provider%3Aphysical_network&fields=provider%3Anetwork_type HTTP/1.1" status: 200 len: 277 time: 0.1560278
2026-06-27 06:56:36.777 10 INFO neutron.wsgi [None req-9387f1c6-88d6-4a51-9360-fa5442d34848 747ff5e0439b4ccc9c1a7272c756d760 9df833ed5b48448aa31d39190560de01 - - default default] 10.0.0.65 "GET /v2.0/subnets HTTP/1.1" status: 200 len: 6077 time: 0.0805035
2026-06-27 06:56:36.789 10 INFO neutron.wsgi [None req-9a4889b5-9fa9-4b5b-ba1c-94f06469a038 d4bd96381e94490186846460503549f8 a9f736eb6b5142778abdc32cd0fc5d2f - - default default] 10.0.0.164 "GET /v2.0/security-groups/231d2324-b9ac-4dc4-a52e-33eb21b78c52/tags HTTP/1.1" status: 200 len: 205 time: 0.0510409
2026-06-27 06:56:36.839 10 INFO neutron.wsgi [None req-f47a014b-b84c-428e-8c4e-0082291ad5d3 747ff5e0439b4ccc9c1a7272c756d760 9df833ed5b48448aa31d39190560de01 - - default default] 10.0.0.65 "GET /v2.0/subnets HTTP/1.1" status: 200 len: 6077 time: 0.0576560
2026-06-27 06:56:36.862 10 INFO neutron.wsgi [None req-d77f289d-3a14-4bd7-af9e-02aa17710efe 747ff5e0439b4ccc9c1a7272c756d760 9df833ed5b48448aa31d39190560de01 - - default default] 10.0.0.65 "GET /v2.0/subnetpools HTTP/1.1" status: 200 len: 193 time: 0.0141780
2026-06-27 06:56:36.874 9 INFO neutron.db.ovn_revision_numbers_db [None req-afab3e88-dea9-43d1-b586-d956c5cab676 b781446aa26f4cb3bcd3686e4830c7ca 4ed6deb469ad49b2956dd142abc2f70f - - default default] Successfully bumped revision number for resource 4c5ba6ed-fbb4-4bfe-8c10-c0b2b096be6c (type: ports) to 2
2026-06-27 06:56:36.934 9 INFO neutron.db.ovn_revision_numbers_db [None req-afab3e88-dea9-43d1-b586-d956c5cab676 b781446aa26f4cb3bcd3686e4830c7ca 4ed6deb469ad49b2956dd142abc2f70f - - default default] Successfully bumped revision number for resource 6c7ab5e5-6a8c-4951-8fc7-a41602f39cda (type: subnets) to 0
2026-06-27 06:56:36.949 10 INFO neutron.wsgi [req-12277c49-fb77-4bed-9daf-a6be5b94183e req-0eb50ccb-c06a-4328-b97e-092db5aaa179 7ca6ebed472643d88c66bc393d780af0 47e1cdca6b3e48adbf8e71482fa89845 - - default default] 10.0.0.139 "GET /v2.0/ports?device_id=200716cb-ee57-494b-ac7f-394f878ee629 HTTP/1.1" status: 200 len: 210 time: 0.0458395
2026-06-27 06:56:36.956 9 INFO neutron.wsgi [None req-afab3e88-dea9-43d1-b586-d956c5cab676 b781446aa26f4cb3bcd3686e4830c7ca 4ed6deb469ad49b2956dd142abc2f70f - - default default] 10.0.0.164 "POST /v2.0/subnets HTTP/1.1" status: 201 len: 830 time: 1.4590845
2026-06-27 06:56:36.975 10 INFO neutron.wsgi [None req-9f569fb0-165c-4a7e-be60-ebca6886ee82 747ff5e0439b4ccc9c1a7272c756d760 9df833ed5b48448aa31d39190560de01 - - default default] 10.0.0.65 "GET /v2.0/routers HTTP/1.1" status: 200 len: 1531 time: 0.1109655
2026-06-27 06:56:36.983 9 INFO neutron.wsgi [None req-ac7ead0f-4fb7-4beb-bb45-f404378a14b7 d4bd96381e94490186846460503549f8 a9f736eb6b5142778abdc32cd0fc5d2f - - default default] 10.0.0.164 "DELETE /v2.0/security-groups/231d2324-b9ac-4dc4-a52e-33eb21b78c52 HTTP/1.1" status: 204 len: 168 time: 0.1814640
2026-06-27 06:56:36.987 10 INFO neutron.wsgi [None req-79069f9a-537e-417e-b657-7d0786edc160 747ff5e0439b4ccc9c1a7272c756d760 9df833ed5b48448aa31d39190560de01 - - default default] 10.0.0.65 "GET /v2.0/agents?binary=ovn-controller HTTP/1.1" status: 200 len: 591 time: 0.0100162
2026-06-27 06:56:37.004 10 INFO neutron.wsgi [None req-4eaeac0c-e1f2-45ff-bcf5-2fb7511e71c0 747ff5e0439b4ccc9c1a7272c756d760 9df833ed5b48448aa31d39190560de01 - - default default] 10.0.0.65 "GET /v2.0/agents HTTP/1.1" status: 200 len: 997 time: 0.0156381
2026-06-27 06:56:37.085 10 INFO neutron.wsgi [None req-81abcdf5-6f1e-4eb6-b39a-e808e793ac09 747ff5e0439b4ccc9c1a7272c756d760 9df833ed5b48448aa31d39190560de01 - - default default] 10.0.0.65 "GET /v2.0/networks HTTP/1.1" status: 200 len: 6184 time: 0.0789359
2026-06-27 06:56:37.137 10 INFO neutron.wsgi [None req-3ea740e3-e8d2-4d07-8299-deed94e9538b 747ff5e0439b4ccc9c1a7272c756d760 9df833ed5b48448aa31d39190560de01 - - default default] 10.0.0.65 "GET /v2.0/ports HTTP/1.1" status: 200 len: 14931 time: 0.0462022
2026-06-27 06:56:37.163 10 INFO neutron.wsgi [None req-d59c9a29-8c84-4b75-973e-7737251b4f44 747ff5e0439b4ccc9c1a7272c756d760 9df833ed5b48448aa31d39190560de01 - - default default] 10.0.0.65 "GET /v2.0/network-ip-availabilities HTTP/1.1" status: 200 len: 4044 time: 0.0195556
2026-06-27 06:56:37.274 9 WARNING neutron.scheduler.dhcp_agent_scheduler [None req-f4a13166-b92e-4d1e-ba7b-a81a2bb142c6 b781446aa26f4cb3bcd3686e4830c7ca 4ed6deb469ad49b2956dd142abc2f70f - - default default] No more DHCP agents
2026-06-27 06:56:37.277 9 WARNING neutron.api.rpc.agentnotifiers.dhcp_rpc_agent_api [None req-f4a13166-b92e-4d1e-ba7b-a81a2bb142c6 b781446aa26f4cb3bcd3686e4830c7ca 4ed6deb469ad49b2956dd142abc2f70f - - default default] Unable to schedule network bc245df9-0f8d-4308-b0ee-44bbf3442596: no agents available; will retry on subsequent port and subnet creation events.
2026-06-27 06:56:37.278 10 INFO neutron.wsgi [None req-74834e1a-9b36-4c2b-ac9e-830d26e0045d 747ff5e0439b4ccc9c1a7272c756d760 9df833ed5b48448aa31d39190560de01 - - default default] 10.0.0.65 "GET /v2.0/security-groups HTTP/1.1" status: 200 len: 35797 time: 0.1132431
2026-06-27 06:56:37.314 9 INFO neutron.db.ovn_revision_numbers_db [None req-f4a13166-b92e-4d1e-ba7b-a81a2bb142c6 b781446aa26f4cb3bcd3686e4830c7ca 4ed6deb469ad49b2956dd142abc2f70f - - default default] Successfully bumped revision number for resource 12554aab-7411-44e0-9974-77cceda3067d (type: subnets) to 0
2026-06-27 06:56:37.330 9 INFO neutron.wsgi [None req-f4a13166-b92e-4d1e-ba7b-a81a2bb142c6 b781446aa26f4cb3bcd3686e4830c7ca 4ed6deb469ad49b2956dd142abc2f70f - - default default] 10.0.0.164 "POST /v2.0/subnets HTTP/1.1" status: 201 len: 904 time: 0.3684366
2026-06-27 06:56:37.650 10 WARNING neutron.plugins.ml2.drivers.ovn.mech_driver.ovsdb.ovn_client [None req-cb51d884-b8cc-45bf-b765-1914a56a47a0 - - - - - -] No hosting information found for port 07830788-ee0e-4f22-b75b-ffc7c6e0b03a: RuntimeError: No hosting information found for port 07830788-ee0e-4f22-b75b-ffc7c6e0b03a
2026-06-27 06:56:37.845 9 INFO neutron.wsgi [req-2f19df3c-5ecc-4c73-b8b4-d6678e28b767 req-2fc4c59f-608c-42c7-bfc9-319b7d58c99e 7ca6ebed472643d88c66bc393d780af0 47e1cdca6b3e48adbf8e71482fa89845 - - default default] 199.204.45.72 "GET /v2.0/networks?id=8413c7ff-90d9-4b92-a574-5891f2bbf65c HTTP/1.1" status: 200 len: 858 time: 0.0872593
2026-06-27 06:56:37.911 9 INFO neutron.wsgi [req-2f19df3c-5ecc-4c73-b8b4-d6678e28b767 req-984dbbba-318b-470e-9080-1f9202649820 7ca6ebed472643d88c66bc393d780af0 47e1cdca6b3e48adbf8e71482fa89845 - - default default] 199.204.45.72 "GET /v2.0/security-groups?fields=id&fields=name&tenant_id=47e1cdca6b3e48adbf8e71482fa89845 HTTP/1.1" status: 200 len: 380 time: 0.0537674
2026-06-27 06:56:37.969 9 WARNING neutron.scheduler.dhcp_agent_scheduler [None req-58d8214f-25d9-4697-84d6-73910b7202ff b781446aa26f4cb3bcd3686e4830c7ca 4ed6deb469ad49b2956dd142abc2f70f - - default default] No more DHCP agents
2026-06-27 06:56:37.974 9 WARNING neutron.api.rpc.agentnotifiers.dhcp_rpc_agent_api [None req-58d8214f-25d9-4697-84d6-73910b7202ff b781446aa26f4cb3bcd3686e4830c7ca 4ed6deb469ad49b2956dd142abc2f70f - - default default] Unable to schedule network 3273cced-3b54-431f-b5c2-2dcb744d786d: no agents available; will retry on subsequent port and subnet creation events.
2026-06-27 06:56:37.990 10 INFO neutron.db.ovn_revision_numbers_db [None req-1cd1b237-37f3-420e-8163-9e4a2c17e3a6 747ff5e0439b4ccc9c1a7272c756d760 9df833ed5b48448aa31d39190560de01 - - default default] Successfully bumped revision number for resource 0189e84c-58e8-41a1-a8d6-10c16068587b (type: security_groups) to 1
2026-06-27 06:56:38.021 10 INFO neutron.db.ovn_revision_numbers_db [None req-1cd1b237-37f3-420e-8163-9e4a2c17e3a6 747ff5e0439b4ccc9c1a7272c756d760 9df833ed5b48448aa31d39190560de01 - - default default] Successfully bumped revision number for resource 408f506f-1db1-44cf-810e-088c051e6451 (type: security_group_rules) to 0 /var/lib/openstack/lib/python3.10/site-packages/pycadf/identifier.py:71: UserWarning: Invalid uuid: neutron. To ensure interoperability, identifiers should be a valid uuid. warnings.warn(('Invalid uuid: %s. To ensure interoperability, '
2026-06-27 06:56:38.087 10 INFO neutron.wsgi [req-f0cbb4ca-7c6b-4321-9420-601255732009 req-307724fc-fcf2-457b-af35-516d3d8e7098 7ca6ebed472643d88c66bc393d780af0 47e1cdca6b3e48adbf8e71482fa89845 - - default default] 10.0.0.139 "GET /v2.0/ports?device_id=200716cb-ee57-494b-ac7f-394f878ee629 HTTP/1.1" status: 200 len: 210 time: 0.0639954
2026-06-27 06:56:38.090 10 INFO neutron.wsgi [None req-836f90de-919a-471c-b46a-a7e147eed281 747ff5e0439b4ccc9c1a7272c756d760 9df833ed5b48448aa31d39190560de01 - - default default] 10.0.0.164 "PUT /v2.0/routers/387db1c0-bb4a-4247-af22-508a492523d4/remove_router_interface HTTP/1.1" status: 200 len: 503 time: 1.4633465
2026-06-27 06:56:38.090 10 INFO neutron.db.ovn_revision_numbers_db [None req-1cd1b237-37f3-420e-8163-9e4a2c17e3a6 747ff5e0439b4ccc9c1a7272c756d760 9df833ed5b48448aa31d39190560de01 - - default default] Successfully bumped revision number for resource 523fb611-29cb-4721-b19d-131cb5d351be (type: security_group_rules) to 0
2026-06-27 06:56:38.104 10 INFO neutron.db.ovn_revision_numbers_db [None req-1cd1b237-37f3-420e-8163-9e4a2c17e3a6 747ff5e0439b4ccc9c1a7272c756d760 9df833ed5b48448aa31d39190560de01 - - default default] Successfully bumped revision number for resource 7bd057be-eb90-4ef4-8572-44399e93f38d (type: security_group_rules) to 0
2026-06-27 06:56:38.120 10 INFO neutron.db.ovn_revision_numbers_db [None req-1cd1b237-37f3-420e-8163-9e4a2c17e3a6 747ff5e0439b4ccc9c1a7272c756d760 9df833ed5b48448aa31d39190560de01 - - default default] Successfully bumped revision number for resource fcff3a1a-9f99-4cd9-9911-8d1477307a15 (type: security_group_rules) to 0
2026-06-27 06:56:38.143 10 INFO neutron.wsgi [None req-1cd1b237-37f3-420e-8163-9e4a2c17e3a6 747ff5e0439b4ccc9c1a7272c756d760 9df833ed5b48448aa31d39190560de01 - - default default] 10.0.0.164 "GET /v2.0/security-groups?tenant_id=1ba1acc84ad74a8bb6b0b48aa37c6b9f&name=default HTTP/1.1" status: 200 len: 2996 time: 0.4364662
2026-06-27 06:56:38.245 9 INFO neutron.db.ovn_revision_numbers_db [None req-58d8214f-25d9-4697-84d6-73910b7202ff b781446aa26f4cb3bcd3686e4830c7ca 4ed6deb469ad49b2956dd142abc2f70f - - default default] Successfully bumped revision number for resource 6a68a70a-7f31-4eea-b66a-de150fbd5332 (type: ports) to 1
2026-06-27 06:56:38.367 10 INFO neutron.wsgi [None req-03dd3708-c81f-421c-a92c-55dd7b4889da 747ff5e0439b4ccc9c1a7272c756d760 9df833ed5b48448aa31d39190560de01 - - default default] 10.0.0.164 "DELETE /v2.0/security-groups/0189e84c-58e8-41a1-a8d6-10c16068587b HTTP/1.1" status: 204 len: 168 time: 0.2165568
2026-06-27 06:56:38.514 10 INFO neutron.wsgi [None req-cdd3e60c-c052-4c13-88c6-bab07d50ebf7 747ff5e0439b4ccc9c1a7272c756d760 9df833ed5b48448aa31d39190560de01 - - default default] 10.0.0.164 "GET /v2.0/security-groups?tenant_id=a9f736eb6b5142778abdc32cd0fc5d2f&name=default HTTP/1.1" status: 200 len: 2996 time: 0.0547080
2026-06-27 06:56:38.683 9 WARNING neutron.scheduler.dhcp_agent_scheduler [req-2f19df3c-5ecc-4c73-b8b4-d6678e28b767 req-a1c07397-c98a-409f-8942-2144aec9219b 7ca6ebed472643d88c66bc393d780af0 47e1cdca6b3e48adbf8e71482fa89845 - - default default] No more DHCP agents
2026-06-27 06:56:38.688 9 WARNING neutron.api.rpc.agentnotifiers.dhcp_rpc_agent_api [req-2f19df3c-5ecc-4c73-b8b4-d6678e28b767 req-a1c07397-c98a-409f-8942-2144aec9219b 7ca6ebed472643d88c66bc393d780af0 47e1cdca6b3e48adbf8e71482fa89845 - - default default] Unable to schedule network 8413c7ff-90d9-4b92-a574-5891f2bbf65c: no agents available; will retry on subsequent port and subnet creation events.
2026-06-27 06:56:38.733 10 INFO neutron.wsgi [None req-6d802306-e28c-481f-b262-ce3268ea657f 747ff5e0439b4ccc9c1a7272c756d760 9df833ed5b48448aa31d39190560de01 - - default default] 10.0.0.164 "DELETE /v2.0/security-groups/e3956826-9008-4c87-baa5-8d0550e57a10 HTTP/1.1" status: 204 len: 168 time: 0.2141426
2026-06-27 06:56:39.034 9 INFO neutron.db.ovn_revision_numbers_db [req-2f19df3c-5ecc-4c73-b8b4-d6678e28b767 req-a1c07397-c98a-409f-8942-2144aec9219b 7ca6ebed472643d88c66bc393d780af0 47e1cdca6b3e48adbf8e71482fa89845 - - default default] Successfully bumped revision number for resource a438aeaf-dede-46e8-9b49-799a7bbdd681 (type: ports) to 1
2026-06-27 06:56:39.082 9 INFO neutron.wsgi [req-2f19df3c-5ecc-4c73-b8b4-d6678e28b767 req-a1c07397-c98a-409f-8942-2144aec9219b 7ca6ebed472643d88c66bc393d780af0 47e1cdca6b3e48adbf8e71482fa89845 - - default default] 199.204.45.72 "POST /v2.0/ports HTTP/1.1" status: 201 len: 1158 time: 1.1651406 /var/lib/openstack/lib/python3.10/site-packages/pycadf/identifier.py:71: UserWarning: Invalid uuid: neutron. To ensure interoperability, identifiers should be a valid uuid. warnings.warn(('Invalid uuid: %s. To ensure interoperability, '
2026-06-27 06:56:39.189 10 INFO neutron.wsgi [req-2ecdd348-09ce-4d18-8f7b-17c591db809f req-37b54c21-594f-48a1-a060-6b04e4332e4b 7ca6ebed472643d88c66bc393d780af0 47e1cdca6b3e48adbf8e71482fa89845 - - default default] 10.0.0.139 "GET /v2.0/ports?device_id=200716cb-ee57-494b-ac7f-394f878ee629 HTTP/1.1" status: 200 len: 1156 time: 0.0382259
2026-06-27 06:56:39.234 10 INFO neutron.wsgi [req-2ecdd348-09ce-4d18-8f7b-17c591db809f req-b79cfe6e-b6d3-496b-b693-f5baf61c1a2a 7ca6ebed472643d88c66bc393d780af0 47e1cdca6b3e48adbf8e71482fa89845 - - default default] 10.0.0.139 "GET /v2.0/security-groups?id=dddf5df4-3a3e-4f47-a159-fc13cd28d635&fields=id&fields=name HTTP/1.1" status: 200 len: 313 time: 0.0392041
2026-06-27 06:56:39.394 9 INFO neutron.wsgi [None req-45ff2730-fff6-46ec-9e40-1a891aeb4c7b 747ff5e0439b4ccc9c1a7272c756d760 9df833ed5b48448aa31d39190560de01 - - default default] 10.0.0.164 "DELETE /v2.0/routers/387db1c0-bb4a-4247-af22-508a492523d4 HTTP/1.1" status: 204 len: 168 time: 1.2975678
2026-06-27 06:56:39.479 9 INFO neutron.plugins.ml2.drivers.ovn.mech_driver.mech_driver [None req-43cf081a-e68c-492c-ba2c-929a03a46d77 - - - - - -] OVN reports status up for port: 6a68a70a-7f31-4eea-b66a-de150fbd5332
2026-06-27 06:56:39.498 10 INFO neutron.plugins.ml2.drivers.ovn.mech_driver.ovsdb.ovsdb_monitor [None req-5bdcbb57-6e31-4f31-9617-2049e8961655 - - - - - -] Router 05368fc5-1c56-4282-9651-9b58ec50cda9 is bound to host instance
2026-06-27 06:56:39.511 9 INFO neutron.plugins.ml2.plugin [None req-43cf081a-e68c-492c-ba2c-929a03a46d77 - - - - - -] Attempt 1 to provision port 6a68a70a-7f31-4eea-b66a-de150fbd5332
2026-06-27 06:56:39.583 9 INFO neutron.db.ovn_revision_numbers_db [None req-58d8214f-25d9-4697-84d6-73910b7202ff b781446aa26f4cb3bcd3686e4830c7ca 4ed6deb469ad49b2956dd142abc2f70f - - default default] Successfully bumped revision number for resource 6a68a70a-7f31-4eea-b66a-de150fbd5332 (type: router_ports) to 1
2026-06-27 06:56:39.669 9 INFO neutron.wsgi [-] 10.0.0.23 "GET / HTTP/1.1" status: 200 len: 246 time: 0.0020194
2026-06-27 06:56:39.672 9 INFO neutron.wsgi [-] 10.0.0.23 "GET / HTTP/1.1" status: 200 len: 246 time: 0.0018542
2026-06-27 06:56:39.699 10 INFO neutron.wsgi [None req-8f5854bb-3165-4089-8a95-75b4e9c7694a 747ff5e0439b4ccc9c1a7272c756d760 9df833ed5b48448aa31d39190560de01 - - default default] 10.0.0.164 "DELETE /v2.0/subnets/409af3fe-164b-4172-8816-3a68c0ae3b5e HTTP/1.1" status: 204 len: 168 time: 0.2993426
2026-06-27 06:56:39.705 9 INFO neutron.db.ovn_revision_numbers_db [None req-58d8214f-25d9-4697-84d6-73910b7202ff b781446aa26f4cb3bcd3686e4830c7ca 4ed6deb469ad49b2956dd142abc2f70f - - default default] Successfully bumped revision number for resource 05368fc5-1c56-4282-9651-9b58ec50cda9 (type: routers) to 2 /var/lib/openstack/lib/python3.10/site-packages/pycadf/identifier.py:71: UserWarning: Invalid uuid: neutron. To ensure interoperability, identifiers should be a valid uuid. warnings.warn(('Invalid uuid: %s. To ensure interoperability, '
2026-06-27 06:56:39.741 9 INFO neutron.wsgi [None req-58d8214f-25d9-4697-84d6-73910b7202ff b781446aa26f4cb3bcd3686e4830c7ca 4ed6deb469ad49b2956dd142abc2f70f - - default default] 10.0.0.164 "POST /v2.0/routers HTTP/1.1" status: 201 len: 864 time: 2.4054210
2026-06-27 06:56:40.110 9 INFO neutron.db.ovn_revision_numbers_db [req-2f19df3c-5ecc-4c73-b8b4-d6678e28b767 req-72b40041-70d5-4410-ad37-dc33d5ecea25 6eee5e0b8360401d9a5b53c79e199d24 81c8187c5ad14f30afa22e1247fda87b - - 48318d4459b543d2ac08e3beed1d1d57 48318d4459b543d2ac08e3beed1d1d57] Successfully bumped revision number for resource a438aeaf-dede-46e8-9b49-799a7bbdd681 (type: ports) to 2
2026-06-27 06:56:40.142 10 INFO neutron.db.ovn_revision_numbers_db [None req-5bdcbb57-6e31-4f31-9617-2049e8961655 - - - - - -] Successfully bumped revision number for resource 6a68a70a-7f31-4eea-b66a-de150fbd5332 (type: ports) to 1
2026-06-27 06:56:40.368 10 INFO neutron.wsgi [req-6ad0c03b-cc32-4b52-9ea6-b1b791173dc6 req-3b5588c1-a980-435a-b26d-d801c4548d0d 7ca6ebed472643d88c66bc393d780af0 47e1cdca6b3e48adbf8e71482fa89845 - - default default] 10.0.0.139 "GET /v2.0/ports?device_id=200716cb-ee57-494b-ac7f-394f878ee629 HTTP/1.1" status: 200 len: 1168 time: 0.0508859
2026-06-27 06:56:40.435 10 INFO neutron.wsgi [req-6ad0c03b-cc32-4b52-9ea6-b1b791173dc6 req-b42d9fda-9962-46f5-8073-548e5bd37d3b 7ca6ebed472643d88c66bc393d780af0 47e1cdca6b3e48adbf8e71482fa89845 - - default default] 10.0.0.139 "GET /v2.0/security-groups?id=dddf5df4-3a3e-4f47-a159-fc13cd28d635&fields=id&fields=name HTTP/1.1" status: 200 len: 313 time: 0.0594413
2026-06-27 06:56:40.511 10 INFO neutron.db.ovn_revision_numbers_db [None req-5bdcbb57-6e31-4f31-9617-2049e8961655 - - - - - -] Successfully bumped revision number for resource 6a68a70a-7f31-4eea-b66a-de150fbd5332 (type: router_ports) to 3
2026-06-27 06:56:40.603 9 INFO neutron.services.segments.plugin [-] Segment 53a59488-7c7a-4d5b-889d-62dfeb3c396d resource provider aggregate not found
2026-06-27 06:56:40.608 9 INFO neutron.services.segments.plugin [-] Segment 53a59488-7c7a-4d5b-889d-62dfeb3c396d resource provider aggregate not found
2026-06-27 06:56:40.618 9 INFO neutron.db.ovn_revision_numbers_db [req-2f19df3c-5ecc-4c73-b8b4-d6678e28b767 req-72b40041-70d5-4410-ad37-dc33d5ecea25 6eee5e0b8360401d9a5b53c79e199d24 81c8187c5ad14f30afa22e1247fda87b - - 48318d4459b543d2ac08e3beed1d1d57 48318d4459b543d2ac08e3beed1d1d57] Successfully bumped revision number for resource a438aeaf-dede-46e8-9b49-799a7bbdd681 (type: ports) to 2
2026-06-27 06:56:40.630 9 INFO neutron.services.segments.plugin [-] Segment 53a59488-7c7a-4d5b-889d-62dfeb3c396d resource provider not found; error: Placement Client Error (4xx): {"errors": [{"status": 404, "title": "Not Found", "detail": "The resource could not be found.\n\n No resource provider with uuid 53a59488-7c7a-4d5b-889d-62dfeb3c396d found for delete ", "request_id": "req-fa7a8ef7-b181-459f-852d-9be790232657"}]}
2026-06-27 06:56:40.631 9 INFO neutron.services.segments.plugin [-] Segment 53a59488-7c7a-4d5b-889d-62dfeb3c396d resource provider not found; error: Placement Client Error (4xx): {"errors": [{"status": 404, "title": "Not Found", "detail": "The resource could not be found.\n\n No resource provider with uuid 53a59488-7c7a-4d5b-889d-62dfeb3c396d found for delete ", "request_id": "req-2767b882-90c8-47f6-9978-d2c222d2fc0d"}]}
2026-06-27 06:56:40.655 9 INFO neutron.wsgi [req-2f19df3c-5ecc-4c73-b8b4-d6678e28b767 req-72b40041-70d5-4410-ad37-dc33d5ecea25 6eee5e0b8360401d9a5b53c79e199d24 81c8187c5ad14f30afa22e1247fda87b - - 48318d4459b543d2ac08e3beed1d1d57 48318d4459b543d2ac08e3beed1d1d57] 199.204.45.72 "PUT /v2.0/ports/a438aeaf-dede-46e8-9b49-799a7bbdd681 HTTP/1.1" status: 200 len: 1376 time: 1.5653589
2026-06-27 06:56:40.677 9 INFO neutron.wsgi [None req-5a20ab3b-cdfc-4de8-9424-2dc236a2e6a5 747ff5e0439b4ccc9c1a7272c756d760 9df833ed5b48448aa31d39190560de01 - - default default] 10.0.0.164 "DELETE /v2.0/networks/6fbd8e5b-e6a6-407e-91c8-cc62797886a4 HTTP/1.1" status: 204 len: 168 time: 0.9698398
2026-06-27 06:56:40.700 9 INFO neutron.notifiers.nova [-] Nova event matching ['req-4585e1b6-b386-4af9-9223-8a0d13ca094e'] response: {'name': 'network-changed', 'server_uuid': '200716cb-ee57-494b-ac7f-394f878ee629', 'tag': 'a438aeaf-dede-46e8-9b49-799a7bbdd681', 'status': 'completed', 'code': 200} /var/lib/openstack/lib/python3.10/site-packages/pycadf/identifier.py:71: UserWarning: Invalid uuid: neutron. To ensure interoperability, identifiers should be a valid uuid. warnings.warn(('Invalid uuid: %s. To ensure interoperability, '
2026-06-27 06:56:40.713 10 INFO neutron.db.ovn_revision_numbers_db [None req-5bdcbb57-6e31-4f31-9617-2049e8961655 - - - - - -] Successfully bumped revision number for resource 6a68a70a-7f31-4eea-b66a-de150fbd5332 (type: ports) to 2
2026-06-27 06:56:40.761 9 INFO neutron.wsgi [req-2f19df3c-5ecc-4c73-b8b4-d6678e28b767 req-11708bbd-68c7-47bc-b5db-75c438640c77 6eee5e0b8360401d9a5b53c79e199d24 81c8187c5ad14f30afa22e1247fda87b - - 48318d4459b543d2ac08e3beed1d1d57 48318d4459b543d2ac08e3beed1d1d57] 199.204.45.72 "GET /v2.0/ports?tenant_id=47e1cdca6b3e48adbf8e71482fa89845&device_id=200716cb-ee57-494b-ac7f-394f878ee629 HTTP/1.1" status: 200 len: 1407 time: 0.0572391
2026-06-27 06:56:40.798 9 INFO neutron.wsgi [req-2f19df3c-5ecc-4c73-b8b4-d6678e28b767 req-27e60d58-0f31-44a4-b3c8-23d9459fa2a9 6eee5e0b8360401d9a5b53c79e199d24 81c8187c5ad14f30afa22e1247fda87b - - 48318d4459b543d2ac08e3beed1d1d57 48318d4459b543d2ac08e3beed1d1d57] 199.204.45.72 "GET /v2.0/floatingips?fixed_ip_address=10.100.0.8&port_id=a438aeaf-dede-46e8-9b49-799a7bbdd681 HTTP/1.1" status: 200 len: 217 time: 0.0317230
2026-06-27 06:56:40.859 9 INFO neutron.wsgi [req-2f19df3c-5ecc-4c73-b8b4-d6678e28b767 req-ddae5051-519c-4f46-8a5d-3ca609c4017f 6eee5e0b8360401d9a5b53c79e199d24 81c8187c5ad14f30afa22e1247fda87b - - 48318d4459b543d2ac08e3beed1d1d57 48318d4459b543d2ac08e3beed1d1d57] 199.204.45.72 "GET /v2.0/subnets?id=fb8f1a22-2741-4c64-961b-53a89d2079f3 HTTP/1.1" status: 200 len: 853 time: 0.0538471
2026-06-27 06:56:40.895 9 INFO neutron.wsgi [req-2f19df3c-5ecc-4c73-b8b4-d6678e28b767 req-0a2ac77b-1f63-46f9-8d43-7ae2b3d64de2 6eee5e0b8360401d9a5b53c79e199d24 81c8187c5ad14f30afa22e1247fda87b - - 48318d4459b543d2ac08e3beed1d1d57 48318d4459b543d2ac08e3beed1d1d57] 199.204.45.72 "GET /v2.0/ports?network_id=8413c7ff-90d9-4b92-a574-5891f2bbf65c&device_owner=network%3Adhcp HTTP/1.1" status: 200 len: 210 time: 0.0232511
2026-06-27 06:56:40.896 9 WARNING neutron.scheduler.dhcp_agent_scheduler [None req-a3d4d436-b83e-414d-bd20-56a855109086 b781446aa26f4cb3bcd3686e4830c7ca 4ed6deb469ad49b2956dd142abc2f70f - - default default] No more DHCP agents
2026-06-27 06:56:40.898 9 WARNING neutron.api.rpc.agentnotifiers.dhcp_rpc_agent_api [None req-a3d4d436-b83e-414d-bd20-56a855109086 b781446aa26f4cb3bcd3686e4830c7ca 4ed6deb469ad49b2956dd142abc2f70f - - default default] Unable to schedule network 160b8f45-2870-4049-92e4-3ce96e770664: no agents available; will retry on subsequent port and subnet creation events.
2026-06-27 06:56:40.982 9 INFO neutron.wsgi [req-2f19df3c-5ecc-4c73-b8b4-d6678e28b767 req-4aac5bdd-0491-408d-a232-ccb9495b18d6 6eee5e0b8360401d9a5b53c79e199d24 81c8187c5ad14f30afa22e1247fda87b - - 48318d4459b543d2ac08e3beed1d1d57 48318d4459b543d2ac08e3beed1d1d57] 199.204.45.72 "GET /v2.0/networks/8413c7ff-90d9-4b92-a574-5891f2bbf65c?fields=segments HTTP/1.1" status: 200 len: 212 time: 0.0743668
2026-06-27 06:56:41.004 10 INFO neutron.db.ovn_revision_numbers_db [None req-5bdcbb57-6e31-4f31-9617-2049e8961655 - - - - - -] Successfully bumped revision number for resource 6a68a70a-7f31-4eea-b66a-de150fbd5332 (type: ports) to 4
2026-06-27 06:56:41.063 9 INFO neutron.wsgi [req-2f19df3c-5ecc-4c73-b8b4-d6678e28b767 req-98da9d33-67b8-43e3-be7b-ceea6357b288 6eee5e0b8360401d9a5b53c79e199d24 81c8187c5ad14f30afa22e1247fda87b - - 48318d4459b543d2ac08e3beed1d1d57 48318d4459b543d2ac08e3beed1d1d57] 199.204.45.72 "GET /v2.0/networks/8413c7ff-90d9-4b92-a574-5891f2bbf65c?fields=provider%3Aphysical_network&fields=provider%3Anetwork_type HTTP/1.1" status: 200 len: 277 time: 0.0746362
2026-06-27 06:56:41.096 9 INFO neutron.db.ovn_revision_numbers_db [None req-a3d4d436-b83e-414d-bd20-56a855109086 b781446aa26f4cb3bcd3686e4830c7ca 4ed6deb469ad49b2956dd142abc2f70f - - default default] Successfully bumped revision number for resource 834b18b4-579d-4950-8cce-e672709fed1a (type: ports) to 1
2026-06-27 06:56:41.193 9 INFO neutron.wsgi [req-b388d882-e2f8-416c-b0e1-78ad0f68ab4a req-a08bc4b6-bd38-43d4-a9ca-55ec31c9be28 6eee5e0b8360401d9a5b53c79e199d24 81c8187c5ad14f30afa22e1247fda87b - - 48318d4459b543d2ac08e3beed1d1d57 48318d4459b543d2ac08e3beed1d1d57] 199.204.45.72 "GET /v2.0/ports?tenant_id=47e1cdca6b3e48adbf8e71482fa89845&device_id=200716cb-ee57-494b-ac7f-394f878ee629 HTTP/1.1" status: 200 len: 1407 time: 0.0593612
2026-06-27 06:56:41.212 9 INFO neutron.wsgi [None req-78718e8e-b35b-49a5-8928-5f43cfc8440d 747ff5e0439b4ccc9c1a7272c756d760 9df833ed5b48448aa31d39190560de01 - - default default] 10.0.0.164 "GET /v2.0/security-groups?tenant_id=fc2f241550b946b1bd1fde54af6c67c6&name=default HTTP/1.1" status: 200 len: 2996 time: 0.0774856
2026-06-27 06:56:41.342 9 INFO neutron.wsgi [req-b388d882-e2f8-416c-b0e1-78ad0f68ab4a req-c86e10da-303c-4806-820a-2a314b621df1 6eee5e0b8360401d9a5b53c79e199d24 81c8187c5ad14f30afa22e1247fda87b - - 48318d4459b543d2ac08e3beed1d1d57 48318d4459b543d2ac08e3beed1d1d57] 199.204.45.72 "GET /v2.0/networks?id=8413c7ff-90d9-4b92-a574-5891f2bbf65c HTTP/1.1" status: 200 len: 957 time: 0.1356821
2026-06-27 06:56:41.400 9 INFO neutron.wsgi [req-b388d882-e2f8-416c-b0e1-78ad0f68ab4a req-e52e1896-8586-43a4-bf14-0bb4dc88b925 6eee5e0b8360401d9a5b53c79e199d24 81c8187c5ad14f30afa22e1247fda87b - - 48318d4459b543d2ac08e3beed1d1d57 48318d4459b543d2ac08e3beed1d1d57] 199.204.45.72 "GET /v2.0/floatingips?fixed_ip_address=10.100.0.8&port_id=a438aeaf-dede-46e8-9b49-799a7bbdd681 HTTP/1.1" status: 200 len: 217 time: 0.0479159
2026-06-27 06:56:41.420 10 INFO neutron.plugins.ml2.drivers.ovn.mech_driver.mech_driver [None req-cb51d884-b8cc-45bf-b765-1914a56a47a0 - - - - - -] OVN reports status up for port: a438aeaf-dede-46e8-9b49-799a7bbdd681
2026-06-27 06:56:41.446 10 INFO neutron.plugins.ml2.plugin [None req-cb51d884-b8cc-45bf-b765-1914a56a47a0 - - - - - -] Attempt 1 to provision port a438aeaf-dede-46e8-9b49-799a7bbdd681
2026-06-27 06:56:41.459 9 INFO neutron.wsgi [req-b388d882-e2f8-416c-b0e1-78ad0f68ab4a req-beb1a8e4-f72e-4edc-b580-31a7afa0f35d 6eee5e0b8360401d9a5b53c79e199d24 81c8187c5ad14f30afa22e1247fda87b - - 48318d4459b543d2ac08e3beed1d1d57 48318d4459b543d2ac08e3beed1d1d57] 199.204.45.72 "GET /v2.0/subnets?id=fb8f1a22-2741-4c64-961b-53a89d2079f3 HTTP/1.1" status: 200 len: 853 time: 0.0508685
2026-06-27 06:56:41.502 9 INFO neutron.wsgi [req-b388d882-e2f8-416c-b0e1-78ad0f68ab4a req-ca7283da-1df0-4c09-8620-23d284450989 6eee5e0b8360401d9a5b53c79e199d24 81c8187c5ad14f30afa22e1247fda87b - - 48318d4459b543d2ac08e3beed1d1d57 48318d4459b543d2ac08e3beed1d1d57] 199.204.45.72 "GET /v2.0/ports?network_id=8413c7ff-90d9-4b92-a574-5891f2bbf65c&device_owner=network%3Adhcp HTTP/1.1" status: 200 len: 210 time: 0.0378053
2026-06-27 06:56:41.639 9 INFO neutron.wsgi [req-b388d882-e2f8-416c-b0e1-78ad0f68ab4a req-5ab0a535-2b5c-4178-9a8e-7ec5bbe9d2f5 6eee5e0b8360401d9a5b53c79e199d24 81c8187c5ad14f30afa22e1247fda87b - - 48318d4459b543d2ac08e3beed1d1d57 48318d4459b543d2ac08e3beed1d1d57] 199.204.45.72 "GET /v2.0/networks/8413c7ff-90d9-4b92-a574-5891f2bbf65c?fields=segments HTTP/1.1" status: 200 len: 212 time: 0.1292367
2026-06-27 06:56:41.716 10 INFO neutron.notifiers.nova [-] Nova event matching ['req-d8115307-14ac-422e-a1cb-6e4bd7caa80e'] response: {'server_uuid': '200716cb-ee57-494b-ac7f-394f878ee629', 'name': 'network-vif-plugged', 'status': 'completed', 'tag': 'a438aeaf-dede-46e8-9b49-799a7bbdd681', 'code': 200}
2026-06-27 06:56:41.728 10 INFO neutron.wsgi [req-309bd7a3-2e17-43a7-96ce-3d357e972c48 req-d11cb93f-c5f7-4258-b9a0-142a9c18d6b0 7ca6ebed472643d88c66bc393d780af0 47e1cdca6b3e48adbf8e71482fa89845 - - default default] 10.0.0.139 "GET /v2.0/ports?device_id=200716cb-ee57-494b-ac7f-394f878ee629 HTTP/1.1" status: 200 len: 1168 time: 0.2159791
2026-06-27 06:56:41.736 9 INFO neutron.wsgi [None req-a6397a6d-fc2b-45d2-81b2-4c1f13c0b1f1 747ff5e0439b4ccc9c1a7272c756d760 9df833ed5b48448aa31d39190560de01 - - default default] 10.0.0.164 "DELETE /v2.0/security-groups/478ae38b-02fe-4637-bec3-ce68c9aeef25 HTTP/1.1" status: 204 len: 168 time: 0.5103281
2026-06-27 06:56:41.768 9 INFO neutron.wsgi [req-b388d882-e2f8-416c-b0e1-78ad0f68ab4a req-89f7e7f2-4c6e-4ecc-9dbb-a013414aefd7 6eee5e0b8360401d9a5b53c79e199d24 81c8187c5ad14f30afa22e1247fda87b - - 48318d4459b543d2ac08e3beed1d1d57 48318d4459b543d2ac08e3beed1d1d57] 199.204.45.72 "GET /v2.0/networks/8413c7ff-90d9-4b92-a574-5891f2bbf65c?fields=provider%3Aphysical_network&fields=provider%3Anetwork_type HTTP/1.1" status: 200 len: 277 time: 0.1168976
2026-06-27 06:56:41.817 10 INFO neutron.wsgi [req-309bd7a3-2e17-43a7-96ce-3d357e972c48 req-afb6909d-9cd1-4bc5-ace8-b6b2757373ee 7ca6ebed472643d88c66bc393d780af0 47e1cdca6b3e48adbf8e71482fa89845 - - default default] 10.0.0.139 "GET /v2.0/security-groups?id=dddf5df4-3a3e-4f47-a159-fc13cd28d635&fields=id&fields=name HTTP/1.1" status: 200 len: 313 time: 0.0709090
2026-06-27 06:56:41.831 10 INFO neutron.db.ovn_revision_numbers_db [None req-5bdcbb57-6e31-4f31-9617-2049e8961655 - - - - - -] Successfully bumped revision number for resource 6a68a70a-7f31-4eea-b66a-de150fbd5332 (type: router_ports) to 4
2026-06-27 06:56:41.963 9 INFO neutron.wsgi [None req-d0b81621-d409-4638-84bf-dc2c3e2e58c0 747ff5e0439b4ccc9c1a7272c756d760 9df833ed5b48448aa31d39190560de01 - - default default] 10.0.0.164 "GET /v2.0/security-groups?tenant_id=cc3492e95a4e4c29bfafd6f6560d41c5&name=default HTTP/1.1" status: 200 len: 2996 time: 0.0514355
2026-06-27 06:56:41.982 10 INFO neutron.db.ovn_revision_numbers_db [None req-cb51d884-b8cc-45bf-b765-1914a56a47a0 - - - - - -] Successfully bumped revision number for resource a438aeaf-dede-46e8-9b49-799a7bbdd681 (type: ports) to 4
2026-06-27 06:56:42.000 9 INFO neutron.db.ovn_revision_numbers_db [None req-a3d4d436-b83e-414d-bd20-56a855109086 b781446aa26f4cb3bcd3686e4830c7ca 4ed6deb469ad49b2956dd142abc2f70f - - default default] Successfully bumped revision number for resource 834b18b4-579d-4950-8cce-e672709fed1a (type: router_ports) to 1
2026-06-27 06:56:42.043 10 INFO neutron.plugins.ml2.drivers.ovn.mech_driver.mech_driver [None req-cb51d884-b8cc-45bf-b765-1914a56a47a0 - - - - - -] OVN reports status up for port: 834b18b4-579d-4950-8cce-e672709fed1a
2026-06-27 06:56:42.057 10 INFO neutron.plugins.ml2.plugin [None req-cb51d884-b8cc-45bf-b765-1914a56a47a0 - - - - - -] Attempt 1 to provision port 834b18b4-579d-4950-8cce-e672709fed1a
2026-06-27 06:56:42.202 9 INFO neutron.db.ovn_revision_numbers_db [None req-a3d4d436-b83e-414d-bd20-56a855109086 b781446aa26f4cb3bcd3686e4830c7ca 4ed6deb469ad49b2956dd142abc2f70f - - default default] Successfully bumped revision number for resource 834b18b4-579d-4950-8cce-e672709fed1a (type: ports) to 1
2026-06-27 06:56:42.257 10 INFO neutron.wsgi [None req-f19d04b8-5f3e-4144-ae81-cd29ac941a57 747ff5e0439b4ccc9c1a7272c756d760 9df833ed5b48448aa31d39190560de01 - - default default] 10.0.0.164 "DELETE /v2.0/security-groups/0853aa33-e1a0-4e12-b8e2-c8525092852c HTTP/1.1" status: 204 len: 168 time: 0.2854743
2026-06-27 06:56:42.288 9 WARNING neutron.scheduler.dhcp_agent_scheduler [None req-a3d4d436-b83e-414d-bd20-56a855109086 b781446aa26f4cb3bcd3686e4830c7ca 4ed6deb469ad49b2956dd142abc2f70f - - default default] No more DHCP agents
2026-06-27 06:56:42.289 9 WARNING neutron.api.rpc.agentnotifiers.dhcp_rpc_agent_api [None req-a3d4d436-b83e-414d-bd20-56a855109086 b781446aa26f4cb3bcd3686e4830c7ca 4ed6deb469ad49b2956dd142abc2f70f - - default default] Unable to schedule network 160b8f45-2870-4049-92e4-3ce96e770664: no agents available; will retry on subsequent port and subnet creation events.
2026-06-27 06:56:42.356 10 INFO neutron.db.ovn_revision_numbers_db [None req-cb51d884-b8cc-45bf-b765-1914a56a47a0 - - - - - -] Successfully bumped revision number for resource 834b18b4-579d-4950-8cce-e672709fed1a (type: ports) to 2
2026-06-27 06:56:42.514 10 INFO neutron.db.ovn_revision_numbers_db [None req-cb51d884-b8cc-45bf-b765-1914a56a47a0 - - - - - -] Successfully bumped revision number for resource 834b18b4-579d-4950-8cce-e672709fed1a (type: router_ports) to 2 /var/lib/openstack/lib/python3.10/site-packages/pycadf/identifier.py:71: UserWarning: Invalid uuid: neutron. To ensure interoperability, identifiers should be a valid uuid. warnings.warn(('Invalid uuid: %s. To ensure interoperability, '
2026-06-27 06:56:42.736 9 INFO neutron.db.ovn_revision_numbers_db [None req-a3d4d436-b83e-414d-bd20-56a855109086 b781446aa26f4cb3bcd3686e4830c7ca 4ed6deb469ad49b2956dd142abc2f70f - - default default] Successfully bumped revision number for resource 834b18b4-579d-4950-8cce-e672709fed1a (type: router_ports) to 2
2026-06-27 06:56:42.739 9 INFO neutron.wsgi [None req-a3d4d436-b83e-414d-bd20-56a855109086 b781446aa26f4cb3bcd3686e4830c7ca 4ed6deb469ad49b2956dd142abc2f70f - - default default] 10.0.0.164 "PUT /v2.0/routers/05368fc5-1c56-4282-9651-9b58ec50cda9/add_router_interface HTTP/1.1" status: 200 len: 503 time: 2.9856095
2026-06-27 06:56:42.877 10 INFO neutron.db.ovn_revision_numbers_db [None req-863ee5aa-290b-4768-bc38-55dbadcdba32 25707a81c2c041068ec80b6d55f36dbe b96c8801285f4e20b6e94b64411b633f - - default default] Successfully bumped revision number for resource b135d611-50f1-4efc-9883-f0302b23568e (type: security_groups) to 1
2026-06-27 06:56:42.890 10 INFO neutron.db.ovn_revision_numbers_db [None req-863ee5aa-290b-4768-bc38-55dbadcdba32 25707a81c2c041068ec80b6d55f36dbe b96c8801285f4e20b6e94b64411b633f - - default default] Successfully bumped revision number for resource 273d1cf6-ab48-446e-b0a8-5cd1d113eeac (type: security_group_rules) to 0
2026-06-27 06:56:42.905 10 INFO neutron.db.ovn_revision_numbers_db [None req-863ee5aa-290b-4768-bc38-55dbadcdba32 25707a81c2c041068ec80b6d55f36dbe b96c8801285f4e20b6e94b64411b633f - - default default] Successfully bumped revision number for resource 8cb55001-5501-4310-a18d-be449399480f (type: security_group_rules) to 0
