2026-06-27 06:53:43.308 9 INFO neutron.wsgi [None req-c77fc1b1-4b64-4baf-b8d3-d524a482ef66 29f1ff051da94f28a5c13af91d08d1a8 a4d619de1b8d435d876797ca034caf72 - - default default] 10.0.0.164 "POST /v2.0/floatingips HTTP/1.1" status: 201 len: 751 time: 1.7114666
2026-06-27 06:53:43.330 9 INFO neutron.db.ovn_revision_numbers_db [None req-43cf081a-e68c-492c-ba2c-929a03a46d77 - - - - - -] Successfully bumped revision number for resource ca153c69-634e-4173-b317-7638f0d00c01 (type: ports) to 2
2026-06-27 06:53:43.513 9 INFO neutron.db.ovn_revision_numbers_db [None req-43cf081a-e68c-492c-ba2c-929a03a46d77 - - - - - -] Successfully bumped revision number for resource ca153c69-634e-4173-b317-7638f0d00c01 (type: router_ports) to 2
2026-06-27 06:53:43.516 10 INFO neutron.wsgi [req-71adcdde-6238-47bf-a7d7-dc934ef0173b req-020aa15b-eab4-4ecf-afdb-4caf6b47fd2d bf3d4068d7d2464680b2bc353b31c171 d1f634d202ae4278ab993a3732c968c6 - - default default] 10.0.0.139 "GET /v2.0/security-groups?name=tempest-securitygroup--943196062&fields=id&tenant_id=d1f634d202ae4278ab993a3732c968c6 HTTP/1.1" status: 200 len: 267 time: 0.2893765
2026-06-27 06:53:43.664 10 INFO neutron.wsgi [req-71adcdde-6238-47bf-a7d7-dc934ef0173b req-79029026-d346-4800-bd08-12f62c1fea09 bf3d4068d7d2464680b2bc353b31c171 d1f634d202ae4278ab993a3732c968c6 - - default default] 10.0.0.139 "GET /v2.0/networks?id=4cf6d88f-d02c-4750-9e87-d17e730e5eed HTTP/1.1" status: 200 len: 882 time: 0.1402299
2026-06-27 06:53:43.698 10 INFO neutron.wsgi [req-71adcdde-6238-47bf-a7d7-dc934ef0173b req-17930277-921f-440b-b24e-1452a9276002 bf3d4068d7d2464680b2bc353b31c171 d1f634d202ae4278ab993a3732c968c6 - - default default] 10.0.0.139 "GET /v2.0/quotas/d1f634d202ae4278ab993a3732c968c6 HTTP/1.1" status: 200 len: 386 time: 0.0249851
2026-06-27 06:53:43.880 10 INFO neutron.wsgi [req-71adcdde-6238-47bf-a7d7-dc934ef0173b req-e0fbb20b-4222-49bf-a9b1-ca370f1afe1d bf3d4068d7d2464680b2bc353b31c171 d1f634d202ae4278ab993a3732c968c6 - - default default] 10.0.0.139 "GET /v2.0/ports?tenant_id=d1f634d202ae4278ab993a3732c968c6&fields=id HTTP/1.1" status: 200 len: 302 time: 0.1720400
2026-06-27 06:53:44.007 10 INFO neutron.wsgi [None req-ca14e019-36f5-4262-a40c-4bb747f99c9b f991a238af3645acab98e431c36142f7 8b4af1404c72415197af988762b8400c - - default default] 10.0.0.164 "DELETE /v2.0/security-groups/8fac5d6e-bb87-4bce-947f-39d3e3a6cacc HTTP/1.1" status: 204 len: 168 time: 0.3307149
2026-06-27 06:53:44.018 10 INFO neutron.wsgi [req-71adcdde-6238-47bf-a7d7-dc934ef0173b req-4c85d4a1-e57f-44ef-8e2c-bbd1d83d6815 6eee5e0b8360401d9a5b53c79e199d24 81c8187c5ad14f30afa22e1247fda87b - - 48318d4459b543d2ac08e3beed1d1d57 48318d4459b543d2ac08e3beed1d1d57] 10.0.0.139 "GET /v2.0/networks/4cf6d88f-d02c-4750-9e87-d17e730e5eed?fields=segments HTTP/1.1" status: 200 len: 212 time: 0.1215694
2026-06-27 06:53:44.026 9 INFO neutron.api.v2.resource [None req-0a485f40-f824-439e-86bb-f6726a443f15 f991a238af3645acab98e431c36142f7 8b4af1404c72415197af988762b8400c - - default default] show failed (client error): The resource could not be found.
2026-06-27 06:53:44.027 9 INFO neutron.wsgi [None req-0a485f40-f824-439e-86bb-f6726a443f15 f991a238af3645acab98e431c36142f7 8b4af1404c72415197af988762b8400c - - default default] 10.0.0.164 "GET /v2.0/security-groups/8fac5d6e-bb87-4bce-947f-39d3e3a6cacc HTTP/1.1" status: 404 len: 347 time: 0.0154290
2026-06-27 06:53:44.140 10 INFO neutron.wsgi [req-71adcdde-6238-47bf-a7d7-dc934ef0173b req-6604c4a4-687d-439e-b1d9-caefeb412cdb 6eee5e0b8360401d9a5b53c79e199d24 81c8187c5ad14f30afa22e1247fda87b - - 48318d4459b543d2ac08e3beed1d1d57 48318d4459b543d2ac08e3beed1d1d57] 10.0.0.139 "GET /v2.0/networks/4cf6d88f-d02c-4750-9e87-d17e730e5eed?fields=provider%3Aphysical_network&fields=provider%3Anetwork_type HTTP/1.1" status: 200 len: 277 time: 0.1166549
2026-06-27 06:53:44.415 10 INFO neutron.wsgi [req-65b9fdb2-7c67-44e6-a275-43c855f1e812 req-4d17770f-8565-40f6-a55e-4c7de0dae650 bf3d4068d7d2464680b2bc353b31c171 d1f634d202ae4278ab993a3732c968c6 - - default default] 10.0.0.139 "GET /v2.0/ports?device_id=e7f4c1e5-757e-4d8d-86cf-2b2e40240b21 HTTP/1.1" status: 200 len: 210 time: 0.0266914
2026-06-27 06:53:44.457 9 INFO neutron.wsgi [None req-9bdced3d-8a8b-4ae9-9839-8cf92629e5c8 f991a238af3645acab98e431c36142f7 8b4af1404c72415197af988762b8400c - - default default] 10.0.0.164 "DELETE /v2.0/floatingips/0f34473c-e18b-4f05-896a-e8883bbc6a84 HTTP/1.1" status: 204 len: 168 time: 0.4257531
2026-06-27 06:53:45.256 10 INFO neutron.wsgi [None req-a80ed607-6f2e-413c-960d-a51259aa3ceb 747ff5e0439b4ccc9c1a7272c756d760 9df833ed5b48448aa31d39190560de01 - - default default] 10.0.0.164 "PUT /v2.0/routers/054167a4-5bfd-4f41-8cf7-f8fe264a3efc/remove_router_interface HTTP/1.1" status: 200 len: 503 time: 2.0733116 /var/lib/openstack/lib/python3.10/site-packages/pycadf/identifier.py:71: UserWarning: Invalid uuid: neutron. To ensure interoperability, identifiers should be a valid uuid. warnings.warn(('Invalid uuid: %s. To ensure interoperability, '
2026-06-27 06:53:45.448 10 WARNING neutron.plugins.ml2.drivers.ovn.mech_driver.ovsdb.ovn_client [None req-cb51d884-b8cc-45bf-b765-1914a56a47a0 - - - - - -] No hosting information found for port 7183f256-95d2-4dc6-a5c6-859e372a06bf: RuntimeError: No hosting information found for port 7183f256-95d2-4dc6-a5c6-859e372a06bf
2026-06-27 06:53:45.449 10 INFO neutron.plugins.ml2.drivers.ovn.mech_driver.mech_driver [None req-cb51d884-b8cc-45bf-b765-1914a56a47a0 - - - - - -] OVN reports status down for port: 4ead48e9-6082-4510-90f5-f43f15f1ba8a
2026-06-27 06:53:45.503 10 INFO neutron.plugins.ml2.drivers.ovn.mech_driver.mech_driver [None req-cb51d884-b8cc-45bf-b765-1914a56a47a0 - - - - - -] OVN reports status down for port: 1282fb51-514b-4b2a-a949-d75b1f2d6662
2026-06-27 06:53:45.572 9 INFO neutron.wsgi [req-71adcdde-6238-47bf-a7d7-dc934ef0173b req-356ead91-8efa-420a-943a-0912aaee16f0 bf3d4068d7d2464680b2bc353b31c171 d1f634d202ae4278ab993a3732c968c6 - - default default] 199.204.45.72 "GET /v2.0/networks?id=4cf6d88f-d02c-4750-9e87-d17e730e5eed HTTP/1.1" status: 200 len: 882 time: 0.3361206
2026-06-27 06:53:45.640 9 INFO neutron.wsgi [req-71adcdde-6238-47bf-a7d7-dc934ef0173b req-a62f214d-cd30-474e-a26e-699ecb143eb0 bf3d4068d7d2464680b2bc353b31c171 d1f634d202ae4278ab993a3732c968c6 - - default default] 199.204.45.72 "GET /v2.0/security-groups?fields=id&fields=name&tenant_id=d1f634d202ae4278ab993a3732c968c6 HTTP/1.1" status: 200 len: 379 time: 0.0580149 /var/lib/openstack/lib/python3.10/site-packages/pycadf/identifier.py:71: UserWarning: Invalid uuid: neutron. To ensure interoperability, identifiers should be a valid uuid. warnings.warn(('Invalid uuid: %s. To ensure interoperability, '
2026-06-27 06:53:45.789 10 INFO neutron.wsgi [req-40e9916b-82a6-403a-baae-fe14f0a26b35 req-f08a59de-3f61-405f-9754-e6f0c3d78209 bf3d4068d7d2464680b2bc353b31c171 d1f634d202ae4278ab993a3732c968c6 - - default default] 10.0.0.139 "GET /v2.0/ports?device_id=e7f4c1e5-757e-4d8d-86cf-2b2e40240b21 HTTP/1.1" status: 200 len: 210 time: 0.2605748
2026-06-27 06:53:46.170 9 WARNING neutron.scheduler.dhcp_agent_scheduler [req-71adcdde-6238-47bf-a7d7-dc934ef0173b req-a4d0d53b-df6e-4304-87b3-056a11c3a78d bf3d4068d7d2464680b2bc353b31c171 d1f634d202ae4278ab993a3732c968c6 - - default default] No more DHCP agents
2026-06-27 06:53:46.174 9 WARNING neutron.api.rpc.agentnotifiers.dhcp_rpc_agent_api [req-71adcdde-6238-47bf-a7d7-dc934ef0173b req-a4d0d53b-df6e-4304-87b3-056a11c3a78d bf3d4068d7d2464680b2bc353b31c171 d1f634d202ae4278ab993a3732c968c6 - - default default] Unable to schedule network 4cf6d88f-d02c-4750-9e87-d17e730e5eed: no agents available; will retry on subsequent port and subnet creation events.
2026-06-27 06:53:46.288 10 INFO neutron.wsgi [None req-e9ba38b3-7cee-42aa-8721-ff429b39fef2 747ff5e0439b4ccc9c1a7272c756d760 9df833ed5b48448aa31d39190560de01 - - default default] 10.0.0.164 "DELETE /v2.0/routers/054167a4-5bfd-4f41-8cf7-f8fe264a3efc HTTP/1.1" status: 204 len: 168 time: 1.0229917
2026-06-27 06:53:46.322 9 INFO neutron.wsgi [None req-741f9dc0-12ab-412f-80b5-28fcddd8aa41 747ff5e0439b4ccc9c1a7272c756d760 9df833ed5b48448aa31d39190560de01 - - default default] 10.0.0.164 "PUT /v2.0/routers/52291021-0938-4635-9bca-7eb4e3d333de/remove_router_interface HTTP/1.1" status: 200 len: 503 time: 1.8568466
2026-06-27 06:53:46.423 9 INFO neutron.db.ovn_revision_numbers_db [req-71adcdde-6238-47bf-a7d7-dc934ef0173b req-a4d0d53b-df6e-4304-87b3-056a11c3a78d bf3d4068d7d2464680b2bc353b31c171 d1f634d202ae4278ab993a3732c968c6 - - default default] Successfully bumped revision number for resource 85d42c57-6e21-466d-b7e5-fcdac52c0e61 (type: ports) to 1
2026-06-27 06:53:46.453 9 INFO neutron.wsgi [req-71adcdde-6238-47bf-a7d7-dc934ef0173b req-a4d0d53b-df6e-4304-87b3-056a11c3a78d bf3d4068d7d2464680b2bc353b31c171 d1f634d202ae4278ab993a3732c968c6 - - default default] 199.204.45.72 "POST /v2.0/ports HTTP/1.1" status: 201 len: 1162 time: 0.8038812 /var/lib/openstack/lib/python3.10/site-packages/pycadf/identifier.py:71: UserWarning: Invalid uuid: neutron. To ensure interoperability, identifiers should be a valid uuid. warnings.warn(('Invalid uuid: %s. To ensure interoperability, '
2026-06-27 06:53:46.610 10 INFO neutron.wsgi [None req-9f14695b-94fa-43ef-9228-e99e5c23805e 747ff5e0439b4ccc9c1a7272c756d760 9df833ed5b48448aa31d39190560de01 - - default default] 10.0.0.164 "DELETE /v2.0/subnets/65841d13-e8fd-4fda-b677-61d211f52337 HTTP/1.1" status: 204 len: 168 time: 0.3177140
2026-06-27 06:53:46.934 10 INFO neutron.wsgi [req-72cae19a-7653-412d-be76-d28f239fbde6 req-8d68cba3-acd9-43ec-8037-ed66a010cf51 bf3d4068d7d2464680b2bc353b31c171 d1f634d202ae4278ab993a3732c968c6 - - default default] 10.0.0.139 "GET /v2.0/ports?device_id=e7f4c1e5-757e-4d8d-86cf-2b2e40240b21 HTTP/1.1" status: 200 len: 1172 time: 0.0443530
2026-06-27 06:53:47.001 10 INFO neutron.wsgi [req-72cae19a-7653-412d-be76-d28f239fbde6 req-b4d427e8-87d0-4d83-a47b-223933a2a2a7 bf3d4068d7d2464680b2bc353b31c171 d1f634d202ae4278ab993a3732c968c6 - - default default] 10.0.0.139 "GET /v2.0/security-groups?id=5644cb2c-2b05-40a1-928d-c27285f76375&fields=id&fields=name HTTP/1.1" status: 200 len: 312 time: 0.0547369
2026-06-27 06:53:47.026 9 INFO neutron.db.ovn_revision_numbers_db [req-71adcdde-6238-47bf-a7d7-dc934ef0173b req-caba2c92-7b82-4f04-b883-fe464789c9f9 6eee5e0b8360401d9a5b53c79e199d24 81c8187c5ad14f30afa22e1247fda87b - - 48318d4459b543d2ac08e3beed1d1d57 48318d4459b543d2ac08e3beed1d1d57] Successfully bumped revision number for resource 85d42c57-6e21-466d-b7e5-fcdac52c0e61 (type: ports) to 2
2026-06-27 06:53:47.099 10 INFO neutron.wsgi [None req-9559182d-bb54-42bd-8b80-76747306ad58 747ff5e0439b4ccc9c1a7272c756d760 9df833ed5b48448aa31d39190560de01 - - default default] 10.0.0.164 "DELETE /v2.0/routers/52291021-0938-4635-9bca-7eb4e3d333de HTTP/1.1" status: 204 len: 168 time: 0.7739446
2026-06-27 06:53:47.102 9 INFO neutron.services.segments.plugin [-] Segment 355e0a13-3c85-4056-a49a-8232a4a5cccd resource provider aggregate not found
2026-06-27 06:53:47.110 9 INFO neutron.services.segments.plugin [-] Segment 355e0a13-3c85-4056-a49a-8232a4a5cccd resource provider aggregate not found
2026-06-27 06:53:47.120 9 INFO neutron.services.segments.plugin [-] Segment 355e0a13-3c85-4056-a49a-8232a4a5cccd resource provider not found; error: Placement Client Error (4xx): {"errors": [{"status": 404, "title": "Not Found", "detail": "The resource could not be found.\n\n No resource provider with uuid 355e0a13-3c85-4056-a49a-8232a4a5cccd found for delete ", "request_id": "req-12279b63-4821-449b-a443-2d3cdc85edd6"}]}
2026-06-27 06:53:47.131 9 INFO neutron.services.segments.plugin [-] Segment 355e0a13-3c85-4056-a49a-8232a4a5cccd resource provider not found; error: Placement Client Error (4xx): {"errors": [{"status": 404, "title": "Not Found", "detail": "The resource could not be found.\n\n No resource provider with uuid 355e0a13-3c85-4056-a49a-8232a4a5cccd found for delete ", "request_id": "req-d58bcd7a-b3e0-4e93-96ce-9a37573be07d"}]}
2026-06-27 06:53:47.164 9 INFO neutron.wsgi [None req-89d5693d-e8b6-46fc-a11b-cc06505e6a05 747ff5e0439b4ccc9c1a7272c756d760 9df833ed5b48448aa31d39190560de01 - - default default] 10.0.0.164 "DELETE /v2.0/networks/6247cd7b-9680-48fd-8cab-80cc14707fa3 HTTP/1.1" status: 204 len: 168 time: 0.5492430
2026-06-27 06:53:47.300 9 INFO neutron.db.ovn_revision_numbers_db [req-71adcdde-6238-47bf-a7d7-dc934ef0173b req-caba2c92-7b82-4f04-b883-fe464789c9f9 6eee5e0b8360401d9a5b53c79e199d24 81c8187c5ad14f30afa22e1247fda87b - - 48318d4459b543d2ac08e3beed1d1d57 48318d4459b543d2ac08e3beed1d1d57] Successfully bumped revision number for resource 85d42c57-6e21-466d-b7e5-fcdac52c0e61 (type: ports) to 2
2026-06-27 06:53:47.308 10 INFO neutron.wsgi [None req-42a19c08-5873-435f-ae00-6e38780f6ac6 747ff5e0439b4ccc9c1a7272c756d760 9df833ed5b48448aa31d39190560de01 - - default default] 10.0.0.164 "DELETE /v2.0/subnets/538ecba3-6ddf-4037-bf33-a373b0b677a7 HTTP/1.1" status: 204 len: 168 time: 0.2041457
2026-06-27 06:53:47.316 9 INFO neutron.wsgi [req-71adcdde-6238-47bf-a7d7-dc934ef0173b req-caba2c92-7b82-4f04-b883-fe464789c9f9 6eee5e0b8360401d9a5b53c79e199d24 81c8187c5ad14f30afa22e1247fda87b - - 48318d4459b543d2ac08e3beed1d1d57 48318d4459b543d2ac08e3beed1d1d57] 199.204.45.72 "PUT /v2.0/ports/85d42c57-6e21-466d-b7e5-fcdac52c0e61 HTTP/1.1" status: 200 len: 1380 time: 0.8584056
2026-06-27 06:53:47.336 10 INFO neutron.wsgi [None req-19867203-5209-45cc-b3de-8b331cdb2b9d 747ff5e0439b4ccc9c1a7272c756d760 9df833ed5b48448aa31d39190560de01 - - default default] 10.0.0.164 "GET /v2.0/security-groups?tenant_id=ebd8b1ca04a34cc5a77103787707c564&name=default HTTP/1.1" status: 200 len: 2992 time: 0.0521345 /var/lib/openstack/lib/python3.10/site-packages/pycadf/identifier.py:71: UserWarning: Invalid uuid: neutron. To ensure interoperability, identifiers should be a valid uuid. warnings.warn(('Invalid uuid: %s. To ensure interoperability, '
2026-06-27 06:53:47.361 9 INFO neutron.notifiers.nova [-] Nova event matching ['req-09b53d40-d1b1-4b6b-b4dc-f2fd7f7baf91'] response: {'name': 'network-changed', 'server_uuid': 'e7f4c1e5-757e-4d8d-86cf-2b2e40240b21', 'tag': '85d42c57-6e21-466d-b7e5-fcdac52c0e61', 'status': 'completed', 'code': 200}
2026-06-27 06:53:47.406 9 INFO neutron.wsgi [req-71adcdde-6238-47bf-a7d7-dc934ef0173b req-d0409e54-a505-4a32-8933-53005cebb693 6eee5e0b8360401d9a5b53c79e199d24 81c8187c5ad14f30afa22e1247fda87b - - 48318d4459b543d2ac08e3beed1d1d57 48318d4459b543d2ac08e3beed1d1d57] 199.204.45.72 "GET /v2.0/ports?tenant_id=d1f634d202ae4278ab993a3732c968c6&device_id=e7f4c1e5-757e-4d8d-86cf-2b2e40240b21 HTTP/1.1" status: 200 len: 1411 time: 0.0427263
2026-06-27 06:53:47.443 9 INFO neutron.wsgi [req-71adcdde-6238-47bf-a7d7-dc934ef0173b req-8347caca-cc5a-4d58-9ad7-9ec9692d0bd8 6eee5e0b8360401d9a5b53c79e199d24 81c8187c5ad14f30afa22e1247fda87b - - 48318d4459b543d2ac08e3beed1d1d57 48318d4459b543d2ac08e3beed1d1d57] 199.204.45.72 "GET /v2.0/floatingips?fixed_ip_address=10.100.0.11&port_id=85d42c57-6e21-466d-b7e5-fcdac52c0e61 HTTP/1.1" status: 200 len: 217 time: 0.0291886
2026-06-27 06:53:47.502 9 INFO neutron.wsgi [req-71adcdde-6238-47bf-a7d7-dc934ef0173b req-1d6ae4bb-1b94-44f0-957d-6935838f3101 6eee5e0b8360401d9a5b53c79e199d24 81c8187c5ad14f30afa22e1247fda87b - - 48318d4459b543d2ac08e3beed1d1d57 48318d4459b543d2ac08e3beed1d1d57] 199.204.45.72 "GET /v2.0/subnets?id=9a370731-c659-4d2a-ad44-f621d3306224 HTTP/1.1" status: 200 len: 876 time: 0.0538039
2026-06-27 06:53:47.542 9 INFO neutron.wsgi [req-71adcdde-6238-47bf-a7d7-dc934ef0173b req-ea104084-5fe2-4508-bc91-af58d9fa9f52 6eee5e0b8360401d9a5b53c79e199d24 81c8187c5ad14f30afa22e1247fda87b - - 48318d4459b543d2ac08e3beed1d1d57 48318d4459b543d2ac08e3beed1d1d57] 199.204.45.72 "GET /v2.0/ports?network_id=4cf6d88f-d02c-4750-9e87-d17e730e5eed&device_owner=network%3Adhcp HTTP/1.1" status: 200 len: 210 time: 0.0278428
2026-06-27 06:53:47.639 9 INFO neutron.wsgi [req-71adcdde-6238-47bf-a7d7-dc934ef0173b req-260c5df2-5981-48c3-b4fc-670565eb4773 6eee5e0b8360401d9a5b53c79e199d24 81c8187c5ad14f30afa22e1247fda87b - - 48318d4459b543d2ac08e3beed1d1d57 48318d4459b543d2ac08e3beed1d1d57] 199.204.45.72 "GET /v2.0/networks/4cf6d88f-d02c-4750-9e87-d17e730e5eed?fields=segments HTTP/1.1" status: 200 len: 212 time: 0.0908718
2026-06-27 06:53:47.712 9 INFO neutron.wsgi [req-71adcdde-6238-47bf-a7d7-dc934ef0173b req-b49e32d0-02d2-442c-8a1b-8adf31b58476 6eee5e0b8360401d9a5b53c79e199d24 81c8187c5ad14f30afa22e1247fda87b - - 48318d4459b543d2ac08e3beed1d1d57 48318d4459b543d2ac08e3beed1d1d57] 199.204.45.72 "GET /v2.0/networks/4cf6d88f-d02c-4750-9e87-d17e730e5eed?fields=provider%3Aphysical_network&fields=provider%3Anetwork_type HTTP/1.1" status: 200 len: 277 time: 0.0662508
2026-06-27 06:53:47.723 9 INFO neutron.wsgi [None req-063f10c2-d042-47f9-a895-7262218bb517 747ff5e0439b4ccc9c1a7272c756d760 9df833ed5b48448aa31d39190560de01 - - default default] 10.0.0.164 "DELETE /v2.0/security-groups/52086f02-7970-4af3-a250-583425771de4 HTTP/1.1" status: 204 len: 168 time: 0.3825674
2026-06-27 06:53:47.726 10 INFO neutron.services.segments.plugin [-] Segment e90a38e2-6ab9-454b-8809-06cc41ea20e2 resource provider aggregate not found
2026-06-27 06:53:47.731 10 INFO neutron.services.segments.plugin [-] Segment e90a38e2-6ab9-454b-8809-06cc41ea20e2 resource provider aggregate not found
2026-06-27 06:53:47.746 10 INFO neutron.services.segments.plugin [-] Segment e90a38e2-6ab9-454b-8809-06cc41ea20e2 resource provider not found; error: Placement Client Error (4xx): {"errors": [{"status": 404, "title": "Not Found", "detail": "The resource could not be found.\n\n No resource provider with uuid e90a38e2-6ab9-454b-8809-06cc41ea20e2 found for delete ", "request_id": "req-c5c4eb0a-683c-498d-83ea-b4cb6d680924"}]}
2026-06-27 06:53:47.747 10 INFO neutron.services.segments.plugin [-] Segment e90a38e2-6ab9-454b-8809-06cc41ea20e2 resource provider not found; error: Placement Client Error (4xx): {"errors": [{"status": 404, "title": "Not Found", "detail": "The resource could not be found.\n\n No resource provider with uuid e90a38e2-6ab9-454b-8809-06cc41ea20e2 found for delete ", "request_id": "req-c3cbe3b2-749a-4c0c-adfb-6cde3f2cc252"}]}
2026-06-27 06:53:47.776 10 INFO neutron.wsgi [None req-7b36c15b-6ec9-459d-a811-02fc5e4353c6 747ff5e0439b4ccc9c1a7272c756d760 9df833ed5b48448aa31d39190560de01 - - default default] 10.0.0.164 "DELETE /v2.0/networks/a25397ba-2af6-4681-8c71-81a9488c3180 HTTP/1.1" status: 204 len: 168 time: 0.4634488
2026-06-27 06:53:47.784 9 INFO neutron.wsgi [req-25b92e77-6853-4a7c-8276-d72e5c1329c1 req-ff4cae14-921b-4f10-bde1-6569266ea8d3 6eee5e0b8360401d9a5b53c79e199d24 81c8187c5ad14f30afa22e1247fda87b - - 48318d4459b543d2ac08e3beed1d1d57 48318d4459b543d2ac08e3beed1d1d57] 199.204.45.72 "GET /v2.0/ports?tenant_id=d1f634d202ae4278ab993a3732c968c6&device_id=e7f4c1e5-757e-4d8d-86cf-2b2e40240b21 HTTP/1.1" status: 200 len: 1411 time: 0.0317531
2026-06-27 06:53:47.861 9 INFO neutron.wsgi [req-25b92e77-6853-4a7c-8276-d72e5c1329c1 req-4889e4a6-4b12-43b0-a6d8-07846daa7cf0 6eee5e0b8360401d9a5b53c79e199d24 81c8187c5ad14f30afa22e1247fda87b - - 48318d4459b543d2ac08e3beed1d1d57 48318d4459b543d2ac08e3beed1d1d57] 199.204.45.72 "GET /v2.0/networks?id=4cf6d88f-d02c-4750-9e87-d17e730e5eed HTTP/1.1" status: 200 len: 981 time: 0.0661082
2026-06-27 06:53:47.905 9 INFO neutron.wsgi [req-25b92e77-6853-4a7c-8276-d72e5c1329c1 req-2e175ae5-7168-4396-bfb7-fb3374c5eb18 6eee5e0b8360401d9a5b53c79e199d24 81c8187c5ad14f30afa22e1247fda87b - - 48318d4459b543d2ac08e3beed1d1d57 48318d4459b543d2ac08e3beed1d1d57] 199.204.45.72 "GET /v2.0/floatingips?fixed_ip_address=10.100.0.11&port_id=85d42c57-6e21-466d-b7e5-fcdac52c0e61 HTTP/1.1" status: 200 len: 217 time: 0.0324364
2026-06-27 06:53:47.945 9 INFO neutron.wsgi [req-25b92e77-6853-4a7c-8276-d72e5c1329c1 req-2010fab1-cc2c-48fc-8377-b21e45a285dc 6eee5e0b8360401d9a5b53c79e199d24 81c8187c5ad14f30afa22e1247fda87b - - 48318d4459b543d2ac08e3beed1d1d57 48318d4459b543d2ac08e3beed1d1d57] 199.204.45.72 "GET /v2.0/subnets?id=9a370731-c659-4d2a-ad44-f621d3306224 HTTP/1.1" status: 200 len: 876 time: 0.0309236
2026-06-27 06:53:47.947 10 INFO neutron.wsgi [None req-07254010-6987-4b32-8545-9f0893ebc14f 747ff5e0439b4ccc9c1a7272c756d760 9df833ed5b48448aa31d39190560de01 - - default default] 10.0.0.164 "GET /v2.0/security-groups?tenant_id=8b4af1404c72415197af988762b8400c&name=default HTTP/1.1" status: 200 len: 2992 time: 0.0511999
2026-06-27 06:53:47.972 9 INFO neutron.wsgi [req-25b92e77-6853-4a7c-8276-d72e5c1329c1 req-a771fe89-e86b-4c6f-bda3-400d82f58117 6eee5e0b8360401d9a5b53c79e199d24 81c8187c5ad14f30afa22e1247fda87b - - 48318d4459b543d2ac08e3beed1d1d57 48318d4459b543d2ac08e3beed1d1d57] 199.204.45.72 "GET /v2.0/ports?network_id=4cf6d88f-d02c-4750-9e87-d17e730e5eed&device_owner=network%3Adhcp HTTP/1.1" status: 200 len: 210 time: 0.0194709
2026-06-27 06:53:48.052 9 INFO neutron.wsgi [req-25b92e77-6853-4a7c-8276-d72e5c1329c1 req-088d1f7d-ba57-4bf4-b3b3-e79719021445 6eee5e0b8360401d9a5b53c79e199d24 81c8187c5ad14f30afa22e1247fda87b - - 48318d4459b543d2ac08e3beed1d1d57 48318d4459b543d2ac08e3beed1d1d57] 199.204.45.72 "GET /v2.0/networks/4cf6d88f-d02c-4750-9e87-d17e730e5eed?fields=segments HTTP/1.1" status: 200 len: 212 time: 0.0717609
2026-06-27 06:53:48.116 9 INFO neutron.wsgi [req-25b92e77-6853-4a7c-8276-d72e5c1329c1 req-fd55b5ed-d229-4b3d-8833-afff95987087 6eee5e0b8360401d9a5b53c79e199d24 81c8187c5ad14f30afa22e1247fda87b - - 48318d4459b543d2ac08e3beed1d1d57 48318d4459b543d2ac08e3beed1d1d57] 199.204.45.72 "GET /v2.0/networks/4cf6d88f-d02c-4750-9e87-d17e730e5eed?fields=provider%3Aphysical_network&fields=provider%3Anetwork_type HTTP/1.1" status: 200 len: 277 time: 0.0579422
2026-06-27 06:53:48.120 10 INFO neutron.wsgi [req-2533bc1e-70c5-480a-922b-ed3761187c1d req-708da3b9-b154-4885-90a0-7573f2d842d1 bf3d4068d7d2464680b2bc353b31c171 d1f634d202ae4278ab993a3732c968c6 - - default default] 10.0.0.139 "GET /v2.0/ports?device_id=e7f4c1e5-757e-4d8d-86cf-2b2e40240b21 HTTP/1.1" status: 200 len: 1172 time: 0.0474403
2026-06-27 06:53:48.181 10 INFO neutron.wsgi [req-2533bc1e-70c5-480a-922b-ed3761187c1d req-39c35406-2dc7-48de-9a6c-822c65f3d582 bf3d4068d7d2464680b2bc353b31c171 d1f634d202ae4278ab993a3732c968c6 - - default default] 10.0.0.139 "GET /v2.0/security-groups?id=5644cb2c-2b05-40a1-928d-c27285f76375&fields=id&fields=name HTTP/1.1" status: 200 len: 312 time: 0.0488904
2026-06-27 06:53:48.230 10 INFO neutron.wsgi [None req-1a4211b3-ee63-4e2f-90c9-bf0e263b5ae3 747ff5e0439b4ccc9c1a7272c756d760 9df833ed5b48448aa31d39190560de01 - - default default] 10.0.0.164 "DELETE /v2.0/security-groups/b619a35e-3413-490b-9993-a7a11a5eb476 HTTP/1.1" status: 204 len: 168 time: 0.2792706
2026-06-27 06:53:48.296 10 INFO neutron.wsgi [req-bd532cce-c2db-49f1-a031-2558ac7c8300 req-1b359fc8-4a17-4f94-9c94-b1889154fa63 29f1ff051da94f28a5c13af91d08d1a8 a4d619de1b8d435d876797ca034caf72 - - default default] 10.0.0.139 "GET /v2.0/security-groups?name=tempest-securitygroup--776180405&fields=id&tenant_id=a4d619de1b8d435d876797ca034caf72 HTTP/1.1" status: 200 len: 267 time: 0.0584891
2026-06-27 06:53:48.409 10 INFO neutron.wsgi [req-bd532cce-c2db-49f1-a031-2558ac7c8300 req-b9f2b935-6f4d-4a85-9671-81c154b140ad 29f1ff051da94f28a5c13af91d08d1a8 a4d619de1b8d435d876797ca034caf72 - - default default] 10.0.0.139 "GET /v2.0/networks?id=1913d2c9-3c11-477a-885b-ae7ddfc5b6cd HTTP/1.1" status: 200 len: 878 time: 0.0998681
2026-06-27 06:53:48.434 10 INFO neutron.wsgi [req-bd532cce-c2db-49f1-a031-2558ac7c8300 req-438f8469-b6ba-4c1d-a76a-c15208dacc43 29f1ff051da94f28a5c13af91d08d1a8 a4d619de1b8d435d876797ca034caf72 - - default default] 10.0.0.139 "GET /v2.0/quotas/a4d619de1b8d435d876797ca034caf72 HTTP/1.1" status: 200 len: 386 time: 0.0124309
2026-06-27 06:53:48.544 10 INFO neutron.wsgi [req-bd532cce-c2db-49f1-a031-2558ac7c8300 req-cd105fa9-e5df-4d54-99fa-a30afa73f30b 29f1ff051da94f28a5c13af91d08d1a8 a4d619de1b8d435d876797ca034caf72 - - default default] 10.0.0.139 "GET /v2.0/ports?tenant_id=a4d619de1b8d435d876797ca034caf72&fields=id HTTP/1.1" status: 200 len: 302 time: 0.1046839
2026-06-27 06:53:48.618 10 INFO neutron.wsgi [req-bd532cce-c2db-49f1-a031-2558ac7c8300 req-91d9e621-5a18-4ba0-b612-df419b22c28d 6eee5e0b8360401d9a5b53c79e199d24 81c8187c5ad14f30afa22e1247fda87b - - 48318d4459b543d2ac08e3beed1d1d57 48318d4459b543d2ac08e3beed1d1d57] 10.0.0.139 "GET /v2.0/networks/1913d2c9-3c11-477a-885b-ae7ddfc5b6cd?fields=segments HTTP/1.1" status: 200 len: 212 time: 0.0620635
2026-06-27 06:53:48.693 10 INFO neutron.wsgi [req-bd532cce-c2db-49f1-a031-2558ac7c8300 req-cf2f610c-f59b-4d1e-8445-7f26beace21f 6eee5e0b8360401d9a5b53c79e199d24 81c8187c5ad14f30afa22e1247fda87b - - 48318d4459b543d2ac08e3beed1d1d57 48318d4459b543d2ac08e3beed1d1d57] 10.0.0.139 "GET /v2.0/networks/1913d2c9-3c11-477a-885b-ae7ddfc5b6cd?fields=provider%3Aphysical_network&fields=provider%3Anetwork_type HTTP/1.1" status: 200 len: 277 time: 0.0672314
2026-06-27 06:53:48.746 9 WARNING neutron.plugins.ml2.drivers.ovn.mech_driver.ovsdb.ovn_client [None req-43cf081a-e68c-492c-ba2c-929a03a46d77 - - - - - -] No hosting information found for port ca153c69-634e-4173-b317-7638f0d00c01: RuntimeError: No hosting information found for port ca153c69-634e-4173-b317-7638f0d00c01
2026-06-27 06:53:48.799 9 INFO neutron.plugins.ml2.drivers.ovn.mech_driver.mech_driver [None req-43cf081a-e68c-492c-ba2c-929a03a46d77 - - - - - -] OVN reports status up for port: 85d42c57-6e21-466d-b7e5-fcdac52c0e61
2026-06-27 06:53:48.817 9 INFO neutron.plugins.ml2.plugin [None req-43cf081a-e68c-492c-ba2c-929a03a46d77 - - - - - -] Attempt 1 to provision port 85d42c57-6e21-466d-b7e5-fcdac52c0e61
2026-06-27 06:53:49.030 10 INFO neutron.wsgi [req-98d4c0d5-bbf5-4fde-9902-48755dee004d req-f490d020-8433-4c22-8108-c211ebe6bd24 29f1ff051da94f28a5c13af91d08d1a8 a4d619de1b8d435d876797ca034caf72 - - default default] 10.0.0.139 "GET /v2.0/ports?device_id=6b00c7c9-9243-4ce7-a3ae-995233f964b1 HTTP/1.1" status: 200 len: 210 time: 0.0286381
2026-06-27 06:53:49.293 9 INFO neutron.db.ovn_revision_numbers_db [None req-43cf081a-e68c-492c-ba2c-929a03a46d77 - - - - - -] Successfully bumped revision number for resource 85d42c57-6e21-466d-b7e5-fcdac52c0e61 (type: ports) to 4
2026-06-27 06:53:49.347 10 INFO neutron.wsgi [req-7e58560c-64b1-4e24-8b25-d8e5ee199139 req-4e80a9cd-e692-4c32-b6a5-ec9a71572cfa bf3d4068d7d2464680b2bc353b31c171 d1f634d202ae4278ab993a3732c968c6 - - default default] 10.0.0.139 "GET /v2.0/ports?device_id=e7f4c1e5-757e-4d8d-86cf-2b2e40240b21 HTTP/1.1" status: 200 len: 1174 time: 0.1032398
2026-06-27 06:53:49.402 10 INFO neutron.wsgi [req-7e58560c-64b1-4e24-8b25-d8e5ee199139 req-727dd41f-fa5e-448a-a3e1-bd3e21567a61 bf3d4068d7d2464680b2bc353b31c171 d1f634d202ae4278ab993a3732c968c6 - - default default] 10.0.0.139 "GET /v2.0/security-groups?id=5644cb2c-2b05-40a1-928d-c27285f76375&fields=id&fields=name HTTP/1.1" status: 200 len: 312 time: 0.0473900
2026-06-27 06:53:49.404 9 INFO neutron.notifiers.nova [-] Nova event matching ['req-ac22c2b4-593f-4afa-bba0-a802e203b7d5'] response: {'server_uuid': 'e7f4c1e5-757e-4d8d-86cf-2b2e40240b21', 'name': 'network-vif-plugged', 'status': 'completed', 'tag': '85d42c57-6e21-466d-b7e5-fcdac52c0e61', 'code': 200}
2026-06-27 06:53:49.405 9 INFO neutron.notifiers.nova [-] Nova event matching ['req-ac22c2b4-593f-4afa-bba0-a802e203b7d5'] response: {'server_uuid': 'e7f4c1e5-757e-4d8d-86cf-2b2e40240b21', 'name': 'network-vif-plugged', 'status': 'completed', 'tag': '85d42c57-6e21-466d-b7e5-fcdac52c0e61', 'code': 200} /var/lib/openstack/lib/python3.10/site-packages/pycadf/identifier.py:71: UserWarning: Invalid uuid: neutron. To ensure interoperability, identifiers should be a valid uuid. warnings.warn(('Invalid uuid: %s. To ensure interoperability, '
2026-06-27 06:53:50.086 9 INFO neutron.wsgi [req-bd532cce-c2db-49f1-a031-2558ac7c8300 req-a3b81ba9-1e2e-44ae-b6f1-5e2653c3eae6 29f1ff051da94f28a5c13af91d08d1a8 a4d619de1b8d435d876797ca034caf72 - - default default] 199.204.45.72 "GET /v2.0/networks?id=1913d2c9-3c11-477a-885b-ae7ddfc5b6cd HTTP/1.1" status: 200 len: 878 time: 0.0841072
2026-06-27 06:53:50.143 10 INFO neutron.wsgi [req-d251f73c-fdd8-4a17-a141-c64b960b4b53 req-1b94b4fa-95d4-44ab-8ece-b826f831097f 29f1ff051da94f28a5c13af91d08d1a8 a4d619de1b8d435d876797ca034caf72 - - default default] 10.0.0.139 "GET /v2.0/ports?device_id=6b00c7c9-9243-4ce7-a3ae-995233f964b1 HTTP/1.1" status: 200 len: 210 time: 0.0380373
2026-06-27 06:53:50.150 9 INFO neutron.wsgi [req-bd532cce-c2db-49f1-a031-2558ac7c8300 req-5c011de8-575b-4ed0-9a30-903b6ed8601a 29f1ff051da94f28a5c13af91d08d1a8 a4d619de1b8d435d876797ca034caf72 - - default default] 199.204.45.72 "GET /v2.0/security-groups?fields=id&fields=name&tenant_id=a4d619de1b8d435d876797ca034caf72 HTTP/1.1" status: 200 len: 379 time: 0.0589869
2026-06-27 06:53:50.534 10 INFO neutron.wsgi [req-15dc0c8b-3d20-433c-9c03-e8f03f87f5b7 req-3b5372c1-823b-41ac-b56e-c6549699c406 bf3d4068d7d2464680b2bc353b31c171 d1f634d202ae4278ab993a3732c968c6 - - default default] 10.0.0.139 "GET /v2.0/ports?device_id=e7f4c1e5-757e-4d8d-86cf-2b2e40240b21 HTTP/1.1" status: 200 len: 1174 time: 0.0651286
2026-06-27 06:53:50.549 9 WARNING neutron.scheduler.dhcp_agent_scheduler [req-bd532cce-c2db-49f1-a031-2558ac7c8300 req-0f321128-23d5-4cb4-9b36-a3ec5a1c422a 29f1ff051da94f28a5c13af91d08d1a8 a4d619de1b8d435d876797ca034caf72 - - default default] No more DHCP agents
2026-06-27 06:53:50.553 9 WARNING neutron.api.rpc.agentnotifiers.dhcp_rpc_agent_api [req-bd532cce-c2db-49f1-a031-2558ac7c8300 req-0f321128-23d5-4cb4-9b36-a3ec5a1c422a 29f1ff051da94f28a5c13af91d08d1a8 a4d619de1b8d435d876797ca034caf72 - - default default] Unable to schedule network 1913d2c9-3c11-477a-885b-ae7ddfc5b6cd: no agents available; will retry on subsequent port and subnet creation events.
2026-06-27 06:53:50.594 10 INFO neutron.wsgi [req-15dc0c8b-3d20-433c-9c03-e8f03f87f5b7 req-e78416b5-da10-4507-9311-6e54b90abf95 bf3d4068d7d2464680b2bc353b31c171 d1f634d202ae4278ab993a3732c968c6 - - default default] 10.0.0.139 "GET /v2.0/security-groups?id=5644cb2c-2b05-40a1-928d-c27285f76375&fields=id&fields=name HTTP/1.1" status: 200 len: 312 time: 0.0531704
2026-06-27 06:53:50.724 10 INFO neutron.wsgi [req-4ceabad7-3368-4952-b3d2-f506dd4ec4a8 req-8e37d687-6493-426a-a50b-f92bb7ac96d8 bf3d4068d7d2464680b2bc353b31c171 d1f634d202ae4278ab993a3732c968c6 - - default default] 10.0.0.139 "GET /v2.0/ports?device_id=e7f4c1e5-757e-4d8d-86cf-2b2e40240b21 HTTP/1.1" status: 200 len: 1174 time: 0.0630674
2026-06-27 06:53:50.804 9 INFO neutron.db.ovn_revision_numbers_db [req-bd532cce-c2db-49f1-a031-2558ac7c8300 req-0f321128-23d5-4cb4-9b36-a3ec5a1c422a 29f1ff051da94f28a5c13af91d08d1a8 a4d619de1b8d435d876797ca034caf72 - - default default] Successfully bumped revision number for resource afb1f894-fefc-402a-b114-e380be392128 (type: ports) to 1
2026-06-27 06:53:50.839 9 INFO neutron.wsgi [req-bd532cce-c2db-49f1-a031-2558ac7c8300 req-0f321128-23d5-4cb4-9b36-a3ec5a1c422a 29f1ff051da94f28a5c13af91d08d1a8 a4d619de1b8d435d876797ca034caf72 - - default default] 199.204.45.72 "POST /v2.0/ports HTTP/1.1" status: 201 len: 1158 time: 0.6767352 /var/lib/openstack/lib/python3.10/site-packages/pycadf/identifier.py:71: UserWarning: Invalid uuid: neutron. To ensure interoperability, identifiers should be a valid uuid. warnings.warn(('Invalid uuid: %s. To ensure interoperability, '
2026-06-27 06:53:50.999 10 INFO neutron.db.l3_db [None req-4d245e35-be59-4493-a92e-451dc4ee3ceb bf3d4068d7d2464680b2bc353b31c171 d1f634d202ae4278ab993a3732c968c6 - - default default] Floating IP 08321934-a1d6-4e26-93cb-e7af92b0ddce associated. External IP: 10.96.250.206, port: 85d42c57-6e21-466d-b7e5-fcdac52c0e61.
2026-06-27 06:53:51.193 10 INFO neutron.db.ovn_revision_numbers_db [None req-4d245e35-be59-4493-a92e-451dc4ee3ceb bf3d4068d7d2464680b2bc353b31c171 d1f634d202ae4278ab993a3732c968c6 - - default default] Successfully bumped revision number for resource 08321934-a1d6-4e26-93cb-e7af92b0ddce (type: floatingips) to 1
2026-06-27 06:53:51.260 10 INFO neutron.wsgi [req-0ddfd2d4-a3b7-45b1-a115-c8b8dc2e4a25 req-608ee559-4f1f-4bd1-8631-fb52b98b1d75 29f1ff051da94f28a5c13af91d08d1a8 a4d619de1b8d435d876797ca034caf72 - - default default] 10.0.0.139 "GET /v2.0/ports?device_id=6b00c7c9-9243-4ce7-a3ae-995233f964b1 HTTP/1.1" status: 200 len: 1168 time: 0.0462465
2026-06-27 06:53:51.337 9 INFO neutron.db.ovn_revision_numbers_db [req-bd532cce-c2db-49f1-a031-2558ac7c8300 req-2f109ad2-8878-472a-b693-bc7777a0eb94 6eee5e0b8360401d9a5b53c79e199d24 81c8187c5ad14f30afa22e1247fda87b - - 48318d4459b543d2ac08e3beed1d1d57 48318d4459b543d2ac08e3beed1d1d57] Successfully bumped revision number for resource afb1f894-fefc-402a-b114-e380be392128 (type: ports) to 2
2026-06-27 06:53:51.339 10 INFO neutron.wsgi [req-0ddfd2d4-a3b7-45b1-a115-c8b8dc2e4a25 req-02634dc6-4d69-4988-82f5-4b5cd9eb3ca9 29f1ff051da94f28a5c13af91d08d1a8 a4d619de1b8d435d876797ca034caf72 - - default default] 10.0.0.139 "GET /v2.0/security-groups?id=062c0db1-f3fa-478b-8998-f3b696e66c36&fields=id&fields=name HTTP/1.1" status: 200 len: 312 time: 0.0684860
2026-06-27 06:53:51.355 10 INFO neutron.db.ovn_revision_numbers_db [None req-4d245e35-be59-4493-a92e-451dc4ee3ceb bf3d4068d7d2464680b2bc353b31c171 d1f634d202ae4278ab993a3732c968c6 - - default default] Successfully bumped revision number for resource 08321934-a1d6-4e26-93cb-e7af92b0ddce (type: floatingips) to 2
2026-06-27 06:53:51.390 10 INFO neutron.wsgi [None req-4d245e35-be59-4493-a92e-451dc4ee3ceb bf3d4068d7d2464680b2bc353b31c171 d1f634d202ae4278ab993a3732c968c6 - - default default] 10.0.0.164 "PUT /v2.0/floatingips/08321934-a1d6-4e26-93cb-e7af92b0ddce HTTP/1.1" status: 200 len: 1050 time: 0.6528349
2026-06-27 06:53:51.438 10 INFO neutron.notifiers.nova [-] Nova event matching ['req-7c722f5d-2d1e-4da3-87c6-35cff535d7ef'] response: {'name': 'network-changed', 'server_uuid': 'e7f4c1e5-757e-4d8d-86cf-2b2e40240b21', 'tag': '85d42c57-6e21-466d-b7e5-fcdac52c0e61', 'status': 'completed', 'code': 200} /var/lib/openstack/lib/python3.10/site-packages/pycadf/identifier.py:71: UserWarning: Invalid uuid: neutron. To ensure interoperability, identifiers should be a valid uuid. warnings.warn(('Invalid uuid: %s. To ensure interoperability, '
2026-06-27 06:53:51.486 10 INFO neutron.wsgi [req-229e7e2a-2698-4dc6-9a7d-c45608a43f65 req-a2b92514-38f5-4438-86e2-3a3b5528909f bf3d4068d7d2464680b2bc353b31c171 d1f634d202ae4278ab993a3732c968c6 - - default default] 10.0.0.139 "GET /v2.0/ports?device_id=e7f4c1e5-757e-4d8d-86cf-2b2e40240b21 HTTP/1.1" status: 200 len: 1174 time: 0.0443232
2026-06-27 06:53:51.531 9 INFO neutron.wsgi [req-102518ed-2974-41a4-b9d0-b8db9f38d4c5 req-cb97f314-ab2e-4cc6-838e-e182040276b2 6eee5e0b8360401d9a5b53c79e199d24 81c8187c5ad14f30afa22e1247fda87b - - 48318d4459b543d2ac08e3beed1d1d57 48318d4459b543d2ac08e3beed1d1d57] 199.204.45.72 "GET /v2.0/ports?tenant_id=d1f634d202ae4278ab993a3732c968c6&device_id=e7f4c1e5-757e-4d8d-86cf-2b2e40240b21 HTTP/1.1" status: 200 len: 1413 time: 0.0660100
2026-06-27 06:53:51.555 10 INFO neutron.wsgi [req-229e7e2a-2698-4dc6-9a7d-c45608a43f65 req-21577cb4-3eeb-497c-802c-240d68bf2157 bf3d4068d7d2464680b2bc353b31c171 d1f634d202ae4278ab993a3732c968c6 - - default default] 10.0.0.139 "GET /v2.0/security-groups?id=5644cb2c-2b05-40a1-928d-c27285f76375&fields=id&fields=name HTTP/1.1" status: 200 len: 312 time: 0.0620387 /var/lib/openstack/lib/python3.10/site-packages/pycadf/identifier.py:71: UserWarning: Invalid uuid: neutron. To ensure interoperability, identifiers should be a valid uuid. warnings.warn(('Invalid uuid: %s. To ensure interoperability, '
2026-06-27 06:53:51.641 9 INFO neutron.wsgi [req-102518ed-2974-41a4-b9d0-b8db9f38d4c5 req-dd992982-446a-41ff-9ec4-8b4c45c7b75d 6eee5e0b8360401d9a5b53c79e199d24 81c8187c5ad14f30afa22e1247fda87b - - 48318d4459b543d2ac08e3beed1d1d57 48318d4459b543d2ac08e3beed1d1d57] 199.204.45.72 "GET /v2.0/networks?id=4cf6d88f-d02c-4750-9e87-d17e730e5eed HTTP/1.1" status: 200 len: 981 time: 0.0974691
2026-06-27 06:53:51.678 9 INFO neutron.db.ovn_revision_numbers_db [req-bd532cce-c2db-49f1-a031-2558ac7c8300 req-2f109ad2-8878-472a-b693-bc7777a0eb94 6eee5e0b8360401d9a5b53c79e199d24 81c8187c5ad14f30afa22e1247fda87b - - 48318d4459b543d2ac08e3beed1d1d57 48318d4459b543d2ac08e3beed1d1d57] Successfully bumped revision number for resource afb1f894-fefc-402a-b114-e380be392128 (type: ports) to 2
2026-06-27 06:53:51.699 9 INFO neutron.wsgi [req-102518ed-2974-41a4-b9d0-b8db9f38d4c5 req-6c795a60-476c-4103-a271-418474d60f44 6eee5e0b8360401d9a5b53c79e199d24 81c8187c5ad14f30afa22e1247fda87b - - 48318d4459b543d2ac08e3beed1d1d57 48318d4459b543d2ac08e3beed1d1d57] 199.204.45.72 "GET /v2.0/floatingips?fixed_ip_address=10.100.0.11&port_id=85d42c57-6e21-466d-b7e5-fcdac52c0e61 HTTP/1.1" status: 200 len: 1060 time: 0.0529058
2026-06-27 06:53:51.702 9 INFO neutron.wsgi [req-bd532cce-c2db-49f1-a031-2558ac7c8300 req-2f109ad2-8878-472a-b693-bc7777a0eb94 6eee5e0b8360401d9a5b53c79e199d24 81c8187c5ad14f30afa22e1247fda87b - - 48318d4459b543d2ac08e3beed1d1d57 48318d4459b543d2ac08e3beed1d1d57] 199.204.45.72 "PUT /v2.0/ports/afb1f894-fefc-402a-b114-e380be392128 HTTP/1.1" status: 200 len: 1376 time: 0.8536544
2026-06-27 06:53:51.756 9 INFO neutron.notifiers.nova [-] Nova event matching ['req-46cc5e28-099c-48ef-b1a8-4015ccffcd5a'] response: {'name': 'network-changed', 'server_uuid': '6b00c7c9-9243-4ce7-a3ae-995233f964b1', 'tag': 'afb1f894-fefc-402a-b114-e380be392128', 'status': 'completed', 'code': 200}
2026-06-27 06:53:51.771 9 INFO neutron.wsgi [req-102518ed-2974-41a4-b9d0-b8db9f38d4c5 req-4e5b8358-2fcc-4cf3-b260-500bc72804da 6eee5e0b8360401d9a5b53c79e199d24 81c8187c5ad14f30afa22e1247fda87b - - 48318d4459b543d2ac08e3beed1d1d57 48318d4459b543d2ac08e3beed1d1d57] 199.204.45.72 "GET /v2.0/subnets?id=9a370731-c659-4d2a-ad44-f621d3306224 HTTP/1.1" status: 200 len: 876 time: 0.0593731
2026-06-27 06:53:51.785 9 INFO neutron.wsgi [req-bd532cce-c2db-49f1-a031-2558ac7c8300 req-cbd0cd56-7799-4cc3-9f55-4a8d91a41939 6eee5e0b8360401d9a5b53c79e199d24 81c8187c5ad14f30afa22e1247fda87b - - 48318d4459b543d2ac08e3beed1d1d57 48318d4459b543d2ac08e3beed1d1d57] 199.204.45.72 "GET /v2.0/ports?tenant_id=a4d619de1b8d435d876797ca034caf72&device_id=6b00c7c9-9243-4ce7-a3ae-995233f964b1 HTTP/1.1" status: 200 len: 1407 time: 0.0424426
2026-06-27 06:53:51.816 9 INFO neutron.wsgi [req-102518ed-2974-41a4-b9d0-b8db9f38d4c5 req-97201ee6-0c36-49d3-a873-b3f29a38912e 6eee5e0b8360401d9a5b53c79e199d24 81c8187c5ad14f30afa22e1247fda87b - - 48318d4459b543d2ac08e3beed1d1d57 48318d4459b543d2ac08e3beed1d1d57] 199.204.45.72 "GET /v2.0/ports?network_id=4cf6d88f-d02c-4750-9e87-d17e730e5eed&device_owner=network%3Adhcp HTTP/1.1" status: 200 len: 210 time: 0.0342059
2026-06-27 06:53:51.833 9 INFO neutron.wsgi [req-bd532cce-c2db-49f1-a031-2558ac7c8300 req-d66370bf-1908-4924-8c27-625710ea963b 6eee5e0b8360401d9a5b53c79e199d24 81c8187c5ad14f30afa22e1247fda87b - - 48318d4459b543d2ac08e3beed1d1d57 48318d4459b543d2ac08e3beed1d1d57] 199.204.45.72 "GET /v2.0/floatingips?fixed_ip_address=10.100.0.4&port_id=afb1f894-fefc-402a-b114-e380be392128 HTTP/1.1" status: 200 len: 217 time: 0.0448306
2026-06-27 06:53:51.905 9 INFO neutron.wsgi [req-bd532cce-c2db-49f1-a031-2558ac7c8300 req-63ea7614-ea5a-4f12-8cc6-09f7ca2a6a40 6eee5e0b8360401d9a5b53c79e199d24 81c8187c5ad14f30afa22e1247fda87b - - 48318d4459b543d2ac08e3beed1d1d57 48318d4459b543d2ac08e3beed1d1d57] 199.204.45.72 "GET /v2.0/subnets?id=c9304186-a5bc-4825-a929-71afd2a55a38 HTTP/1.1" status: 200 len: 872 time: 0.0654926
2026-06-27 06:53:51.931 9 INFO neutron.wsgi [req-102518ed-2974-41a4-b9d0-b8db9f38d4c5 req-00851d20-c96e-4994-adbc-6e0a27d0069b 6eee5e0b8360401d9a5b53c79e199d24 81c8187c5ad14f30afa22e1247fda87b - - 48318d4459b543d2ac08e3beed1d1d57 48318d4459b543d2ac08e3beed1d1d57] 199.204.45.72 "GET /v2.0/networks/4cf6d88f-d02c-4750-9e87-d17e730e5eed?fields=segments HTTP/1.1" status: 200 len: 212 time: 0.1007082
2026-06-27 06:53:51.938 9 INFO neutron.wsgi [req-bd532cce-c2db-49f1-a031-2558ac7c8300 req-dcdb62bf-e78c-47ac-b093-c4565bddb754 6eee5e0b8360401d9a5b53c79e199d24 81c8187c5ad14f30afa22e1247fda87b - - 48318d4459b543d2ac08e3beed1d1d57 48318d4459b543d2ac08e3beed1d1d57] 199.204.45.72 "GET /v2.0/ports?network_id=1913d2c9-3c11-477a-885b-ae7ddfc5b6cd&device_owner=network%3Adhcp HTTP/1.1" status: 200 len: 210 time: 0.0257535
2026-06-27 06:53:52.039 9 INFO neutron.wsgi [req-102518ed-2974-41a4-b9d0-b8db9f38d4c5 req-dffb8cd6-7bb2-4d47-af1e-d2f2dff60fe2 6eee5e0b8360401d9a5b53c79e199d24 81c8187c5ad14f30afa22e1247fda87b - - 48318d4459b543d2ac08e3beed1d1d57 48318d4459b543d2ac08e3beed1d1d57] 199.204.45.72 "GET /v2.0/networks/4cf6d88f-d02c-4750-9e87-d17e730e5eed?fields=provider%3Aphysical_network&fields=provider%3Anetwork_type HTTP/1.1" status: 200 len: 277 time: 0.1001649
2026-06-27 06:53:52.041 9 INFO neutron.wsgi [req-bd532cce-c2db-49f1-a031-2558ac7c8300 req-9160d72f-2f27-453d-ab8a-6f0bc3aae282 6eee5e0b8360401d9a5b53c79e199d24 81c8187c5ad14f30afa22e1247fda87b - - 48318d4459b543d2ac08e3beed1d1d57 48318d4459b543d2ac08e3beed1d1d57] 199.204.45.72 "GET /v2.0/networks/1913d2c9-3c11-477a-885b-ae7ddfc5b6cd?fields=segments HTTP/1.1" status: 200 len: 212 time: 0.0959046
2026-06-27 06:53:52.152 9 INFO neutron.wsgi [req-bd532cce-c2db-49f1-a031-2558ac7c8300 req-217ee91a-e76c-4011-aa36-852dc747916c 6eee5e0b8360401d9a5b53c79e199d24 81c8187c5ad14f30afa22e1247fda87b - - 48318d4459b543d2ac08e3beed1d1d57 48318d4459b543d2ac08e3beed1d1d57] 199.204.45.72 "GET /v2.0/networks/1913d2c9-3c11-477a-885b-ae7ddfc5b6cd?fields=provider%3Aphysical_network&fields=provider%3Anetwork_type HTTP/1.1" status: 200 len: 277 time: 0.1020105
2026-06-27 06:53:52.282 9 INFO neutron.wsgi [req-acafe614-63d4-44e4-9662-8eec168834a8 req-7d8591fd-7bfd-41d7-973e-33d09137da39 6eee5e0b8360401d9a5b53c79e199d24 81c8187c5ad14f30afa22e1247fda87b - - 48318d4459b543d2ac08e3beed1d1d57 48318d4459b543d2ac08e3beed1d1d57] 199.204.45.72 "GET /v2.0/ports?tenant_id=a4d619de1b8d435d876797ca034caf72&device_id=6b00c7c9-9243-4ce7-a3ae-995233f964b1 HTTP/1.1" status: 200 len: 1407 time: 0.0438426
2026-06-27 06:53:52.358 9 INFO neutron.wsgi [req-acafe614-63d4-44e4-9662-8eec168834a8 req-7d127f85-431b-4c76-8974-7ea1ceeff732 6eee5e0b8360401d9a5b53c79e199d24 81c8187c5ad14f30afa22e1247fda87b - - 48318d4459b543d2ac08e3beed1d1d57 48318d4459b543d2ac08e3beed1d1d57] 199.204.45.72 "GET /v2.0/networks?id=1913d2c9-3c11-477a-885b-ae7ddfc5b6cd HTTP/1.1" status: 200 len: 977 time: 0.0642354
2026-06-27 06:53:52.387 9 INFO neutron.wsgi [req-acafe614-63d4-44e4-9662-8eec168834a8 req-3b01eb3c-90b5-4eca-922a-44db662487d1 6eee5e0b8360401d9a5b53c79e199d24 81c8187c5ad14f30afa22e1247fda87b - - 48318d4459b543d2ac08e3beed1d1d57 48318d4459b543d2ac08e3beed1d1d57] 199.204.45.72 "GET /v2.0/floatingips?fixed_ip_address=10.100.0.4&port_id=afb1f894-fefc-402a-b114-e380be392128 HTTP/1.1" status: 200 len: 217 time: 0.0221334
2026-06-27 06:53:52.447 9 INFO neutron.wsgi [req-acafe614-63d4-44e4-9662-8eec168834a8 req-d1996322-0c84-4c51-b4e3-1c44c6d1c1d0 6eee5e0b8360401d9a5b53c79e199d24 81c8187c5ad14f30afa22e1247fda87b - - 48318d4459b543d2ac08e3beed1d1d57 48318d4459b543d2ac08e3beed1d1d57] 199.204.45.72 "GET /v2.0/subnets?id=c9304186-a5bc-4825-a929-71afd2a55a38 HTTP/1.1" status: 200 len: 872 time: 0.0519137
2026-06-27 06:53:52.463 10 INFO neutron.wsgi [req-ef4af78c-ed2e-4fde-a5ae-495b7f25f5d2 req-245b78e0-02ca-4f73-a28e-9e342d425d52 29f1ff051da94f28a5c13af91d08d1a8 a4d619de1b8d435d876797ca034caf72 - - default default] 10.0.0.139 "GET /v2.0/ports?device_id=6b00c7c9-9243-4ce7-a3ae-995233f964b1 HTTP/1.1" status: 200 len: 1168 time: 0.0389307
2026-06-27 06:53:52.481 9 INFO neutron.wsgi [req-acafe614-63d4-44e4-9662-8eec168834a8 req-e19633ca-6f6a-4521-93a5-f6c702ac4593 6eee5e0b8360401d9a5b53c79e199d24 81c8187c5ad14f30afa22e1247fda87b - - 48318d4459b543d2ac08e3beed1d1d57 48318d4459b543d2ac08e3beed1d1d57] 199.204.45.72 "GET /v2.0/ports?network_id=1913d2c9-3c11-477a-885b-ae7ddfc5b6cd&device_owner=network%3Adhcp HTTP/1.1" status: 200 len: 210 time: 0.0277836
2026-06-27 06:53:52.555 10 INFO neutron.wsgi [req-ef4af78c-ed2e-4fde-a5ae-495b7f25f5d2 req-f521b8c1-3d21-44e8-8788-866149eb3ade 29f1ff051da94f28a5c13af91d08d1a8 a4d619de1b8d435d876797ca034caf72 - - default default] 10.0.0.139 "GET /v2.0/security-groups?id=062c0db1-f3fa-478b-8998-f3b696e66c36&fields=id&fields=name HTTP/1.1" status: 200 len: 312 time: 0.0807598
2026-06-27 06:53:52.568 9 INFO neutron.wsgi [req-acafe614-63d4-44e4-9662-8eec168834a8 req-82e79997-02b5-4f9e-b0be-63e97642db94 6eee5e0b8360401d9a5b53c79e199d24 81c8187c5ad14f30afa22e1247fda87b - - 48318d4459b543d2ac08e3beed1d1d57 48318d4459b543d2ac08e3beed1d1d57] 199.204.45.72 "GET /v2.0/networks/1913d2c9-3c11-477a-885b-ae7ddfc5b6cd?fields=segments HTTP/1.1" status: 200 len: 212 time: 0.0781162
2026-06-27 06:53:52.661 9 INFO neutron.wsgi [req-acafe614-63d4-44e4-9662-8eec168834a8 req-5e63564f-b000-4994-a581-1bec48eb20cb 6eee5e0b8360401d9a5b53c79e199d24 81c8187c5ad14f30afa22e1247fda87b - - 48318d4459b543d2ac08e3beed1d1d57 48318d4459b543d2ac08e3beed1d1d57] 199.204.45.72 "GET /v2.0/networks/1913d2c9-3c11-477a-885b-ae7ddfc5b6cd?fields=provider%3Aphysical_network&fields=provider%3Anetwork_type HTTP/1.1" status: 200 len: 277 time: 0.0764620
2026-06-27 06:53:53.358 9 INFO neutron.db.ovn_revision_numbers_db [None req-7fa9260e-1d11-491c-854a-e19220fd0d3f 747ff5e0439b4ccc9c1a7272c756d760 9df833ed5b48448aa31d39190560de01 - - default default] Successfully bumped revision number for resource 35f05fe3-38e6-4ae7-82e2-88ce1fe22ef2 (type: security_groups) to 1
2026-06-27 06:53:53.379 9 INFO neutron.db.ovn_revision_numbers_db [None req-7fa9260e-1d11-491c-854a-e19220fd0d3f 747ff5e0439b4ccc9c1a7272c756d760 9df833ed5b48448aa31d39190560de01 - - default default] Successfully bumped revision number for resource 4f378408-edc6-478c-b70a-32235517b6d1 (type: security_group_rules) to 0
2026-06-27 06:53:53.397 9 INFO neutron.db.ovn_revision_numbers_db [None req-7fa9260e-1d11-491c-854a-e19220fd0d3f 747ff5e0439b4ccc9c1a7272c756d760 9df833ed5b48448aa31d39190560de01 - - default default] Successfully bumped revision number for resource 738cfb4e-2874-48a7-983e-b9fae1bd6284 (type: security_group_rules) to 0
2026-06-27 06:53:53.416 9 INFO neutron.db.ovn_revision_numbers_db [None req-7fa9260e-1d11-491c-854a-e19220fd0d3f 747ff5e0439b4ccc9c1a7272c756d760 9df833ed5b48448aa31d39190560de01 - - default default] Successfully bumped revision number for resource a8f755a0-1d9c-4cde-ac5b-b3e548ef588c (type: security_group_rules) to 0
2026-06-27 06:53:53.430 9 INFO neutron.db.ovn_revision_numbers_db [None req-7fa9260e-1d11-491c-854a-e19220fd0d3f 747ff5e0439b4ccc9c1a7272c756d760 9df833ed5b48448aa31d39190560de01 - - default default] Successfully bumped revision number for resource cf64caf3-f973-421a-a525-2a45574eedb1 (type: security_group_rules) to 0
2026-06-27 06:53:53.461 9 INFO neutron.wsgi [None req-7fa9260e-1d11-491c-854a-e19220fd0d3f 747ff5e0439b4ccc9c1a7272c756d760 9df833ed5b48448aa31d39190560de01 - - default default] 10.0.0.164 "GET /v2.0/security-groups?tenant_id=0add8fd282864cf3ba1f972f698a2001&name=default HTTP/1.1" status: 200 len: 2996 time: 0.3275871
2026-06-27 06:53:53.475 10 INFO neutron.plugins.ml2.drivers.ovn.mech_driver.mech_driver [None req-cb51d884-b8cc-45bf-b765-1914a56a47a0 - - - - - -] OVN reports status up for port: afb1f894-fefc-402a-b114-e380be392128
2026-06-27 06:53:53.498 10 INFO neutron.plugins.ml2.plugin [None req-cb51d884-b8cc-45bf-b765-1914a56a47a0 - - - - - -] Attempt 1 to provision port afb1f894-fefc-402a-b114-e380be392128
2026-06-27 06:53:53.663 10 INFO neutron.notifiers.nova [-] Nova event matching ['req-502c6ef8-1a2d-4b3c-af1f-4f999875d235'] response: {'server_uuid': '6b00c7c9-9243-4ce7-a3ae-995233f964b1', 'name': 'network-vif-plugged', 'status': 'completed', 'tag': 'afb1f894-fefc-402a-b114-e380be392128', 'code': 200}
2026-06-27 06:53:53.727 9 INFO neutron.wsgi [None req-3e3d310e-7422-4971-969b-09250c971f1e 747ff5e0439b4ccc9c1a7272c756d760 9df833ed5b48448aa31d39190560de01 - - default default] 10.0.0.164 "DELETE /v2.0/security-groups/35f05fe3-38e6-4ae7-82e2-88ce1fe22ef2 HTTP/1.1" status: 204 len: 168 time: 0.2597454
2026-06-27 06:53:53.754 10 INFO neutron.wsgi [req-45850a28-0028-4831-92c0-79e300525a05 req-dda6d7b4-77ef-4589-92be-35a73d5496d6 29f1ff051da94f28a5c13af91d08d1a8 a4d619de1b8d435d876797ca034caf72 - - default default] 10.0.0.139 "GET /v2.0/ports?device_id=6b00c7c9-9243-4ce7-a3ae-995233f964b1 HTTP/1.1" status: 200 len: 1170 time: 0.1231022
2026-06-27 06:53:53.822 10 INFO neutron.wsgi [req-45850a28-0028-4831-92c0-79e300525a05 req-bc5eb030-c8c1-41a9-9554-887dcf4013c3 29f1ff051da94f28a5c13af91d08d1a8 a4d619de1b8d435d876797ca034caf72 - - default default] 10.0.0.139 "GET /v2.0/security-groups?id=062c0db1-f3fa-478b-8998-f3b696e66c36&fields=id&fields=name HTTP/1.1" status: 200 len: 312 time: 0.0531485
2026-06-27 06:53:53.876 10 INFO neutron.db.ovn_revision_numbers_db [None req-cb51d884-b8cc-45bf-b765-1914a56a47a0 - - - - - -] Successfully bumped revision number for resource afb1f894-fefc-402a-b114-e380be392128 (type: ports) to 4
2026-06-27 06:53:54.119 9 INFO neutron.db.ovn_revision_numbers_db [None req-775c64a1-02c5-490d-9585-2fe0e2b7002c 747ff5e0439b4ccc9c1a7272c756d760 9df833ed5b48448aa31d39190560de01 - - default default] Successfully bumped revision number for resource 3199b53f-ff28-4f26-abc8-6ea9062dd475 (type: security_groups) to 1
2026-06-27 06:53:54.139 9 INFO neutron.db.ovn_revision_numbers_db [None req-775c64a1-02c5-490d-9585-2fe0e2b7002c 747ff5e0439b4ccc9c1a7272c756d760 9df833ed5b48448aa31d39190560de01 - - default default] Successfully bumped revision number for resource 109faefb-ab3e-49f9-8859-f5ca781600ee (type: security_group_rules) to 0
