Jun 26 05:56:52.970063 np0000183132 devstack@neutron-api.service[103054]: DEBUG neutron.api.extensions [None req-4d7fe2e1-b531-4581-85d8-d6a132fba394 None None] Loading extension file: subnet_external_network.py {{(pid=103054) _load_all_extensions_from_path /opt/stack/neutron/neutron/api/extensions.py:449}}
Jun 26 05:56:52.970063 np0000183132 devstack@neutron-api.service[103054]: DEBUG neutron.api.extensions [None req-4d7fe2e1-b531-4581-85d8-d6a132fba394 None None] Ext name="Subnet belongs to an external network" alias="subnet-external-network" description="Informs if the subnet belongs to an external network" updated="2024-02-05T18:00:00-00:00" {{(pid=103054) _check_extension /opt/stack/neutron/neutron/api/extensions.py:415}}
Jun 26 05:56:52.970063 np0000183132 devstack@neutron-api.service[103054]: INFO neutron.api.extensions [None req-4d7fe2e1-b531-4581-85d8-d6a132fba394 None None] Loaded extension: subnet-external-network
Jun 26 05:56:52.970063 np0000183132 devstack@neutron-api.service[103054]: DEBUG neutron.api.extensions [None req-4d7fe2e1-b531-4581-85d8-d6a132fba394 None None] Loading extension file: subnet_onboard.py {{(pid=103054) _load_all_extensions_from_path /opt/stack/neutron/neutron/api/extensions.py:449}}
Jun 26 05:56:52.970425 np0000183132 devstack@neutron-api.service[103055]: DEBUG neutron.api.extensions [None req-e99bc434-c588-48ba-a0fe-587c567d8e0f None None] Extended resource: bindings {{(pid=103055) __init__ /opt/stack/neutron/neutron/api/extensions.py:156}}
Jun 26 05:56:52.970752 np0000183132 devstack@neutron-api.service[103054]: DEBUG neutron.api.extensions [None req-4d7fe2e1-b531-4581-85d8-d6a132fba394 None None] Ext name="Subnet Onboard" alias="subnet_onboard" description="Provides support for onboarding subnets into subnet pools" updated="2018-12-18T09:00:00-00:00" {{(pid=103054) _check_extension /opt/stack/neutron/neutron/api/extensions.py:415}}
Jun 26 05:56:52.970752 np0000183132 devstack@neutron-api.service[103054]: INFO neutron.api.extensions [None req-4d7fe2e1-b531-4581-85d8-d6a132fba394 None None] Loaded extension: subnet_onboard
Jun 26 05:56:52.970752 np0000183132 devstack@neutron-api.service[103054]: DEBUG neutron.api.extensions [None req-4d7fe2e1-b531-4581-85d8-d6a132fba394 None None] Loading extension file: subnet_segmentid_writable.py {{(pid=103054) _load_all_extensions_from_path /opt/stack/neutron/neutron/api/extensions.py:449}}
Jun 26 05:56:52.970752 np0000183132 devstack@neutron-api.service[103054]: DEBUG neutron.api.extensions [None req-4d7fe2e1-b531-4581-85d8-d6a132fba394 None None] Ext name="Subnet SegmentID (writable)" alias="subnet-segmentid-writable" description="Provides a writable segment_id attribute for a subnet resource." updated="2018-03-12T00:00:00-00:00" {{(pid=103054) _check_extension /opt/stack/neutron/neutron/api/extensions.py:415}}
Jun 26 05:56:52.971006 np0000183132 devstack@neutron-api.service[103055]: DEBUG neutron.api.extensions [None req-e99bc434-c588-48ba-a0fe-587c567d8e0f None None] Extended resource: quotas {{(pid=103055) __init__ /opt/stack/neutron/neutron/api/extensions.py:156}}
Jun 26 05:56:52.971163 np0000183132 devstack@neutron-api.service[103054]: INFO neutron.api.extensions [None req-4d7fe2e1-b531-4581-85d8-d6a132fba394 None None] Extension subnet-segmentid-writable not supported by any of loaded plugins
Jun 26 05:56:52.971163 np0000183132 devstack@neutron-api.service[103054]: DEBUG neutron.api.extensions [None req-4d7fe2e1-b531-4581-85d8-d6a132fba394 None None] Loading extension file: subnet_service_types.py {{(pid=103054) _load_all_extensions_from_path /opt/stack/neutron/neutron/api/extensions.py:449}}
Jun 26 05:56:52.971163 np0000183132 devstack@neutron-api.service[103054]: DEBUG neutron.api.extensions [None req-4d7fe2e1-b531-4581-85d8-d6a132fba394 None None] Ext name="Subnet service types" alias="subnet-service-types" description="Provides ability to set the subnet service_types field" updated="2016-03-15T18:00:00-00:00" {{(pid=103054) _check_extension /opt/stack/neutron/neutron/api/extensions.py:415}}
Jun 26 05:56:52.971163 np0000183132 devstack@neutron-api.service[103054]: INFO neutron.api.extensions [None req-4d7fe2e1-b531-4581-85d8-d6a132fba394 None None] Loaded extension: subnet-service-types
Jun 26 05:56:52.971784 np0000183132 devstack@neutron-api.service[103055]: DEBUG neutron.api.extensions [None req-e99bc434-c588-48ba-a0fe-587c567d8e0f None None] Extended resource: quotas {{(pid=103055) __init__ /opt/stack/neutron/neutron/api/extensions.py:156}}
Jun 26 05:56:52.971873 np0000183132 devstack@neutron-api.service[103054]: DEBUG neutron.api.extensions [None req-4d7fe2e1-b531-4581-85d8-d6a132fba394 None None] Loading extension file: subnetallocation.py {{(pid=103054) _load_all_extensions_from_path /opt/stack/neutron/neutron/api/extensions.py:449}}
Jun 26 05:56:52.971873 np0000183132 devstack@neutron-api.service[103054]: DEBUG neutron.api.extensions [None req-4d7fe2e1-b531-4581-85d8-d6a132fba394 None None] Ext name="Subnet Allocation" alias="subnet_allocation" description="Enables allocation of subnets from a subnet pool" updated="2015-03-30T10:00:00-00:00" {{(pid=103054) _check_extension /opt/stack/neutron/neutron/api/extensions.py:415}}
Jun 26 05:56:52.971873 np0000183132 devstack@neutron-api.service[103054]: INFO neutron.api.extensions [None req-4d7fe2e1-b531-4581-85d8-d6a132fba394 None None] Loaded extension: subnet_allocation
Jun 26 05:56:52.971873 np0000183132 devstack@neutron-api.service[103054]: DEBUG neutron.api.extensions [None req-4d7fe2e1-b531-4581-85d8-d6a132fba394 None None] Loading extension file: subnetpool_prefix_ops.py {{(pid=103054) _load_all_extensions_from_path /opt/stack/neutron/neutron/api/extensions.py:449}}
Jun 26 05:56:52.972078 np0000183132 devstack@neutron-api.service[103055]: DEBUG neutron.api.extensions [None req-e99bc434-c588-48ba-a0fe-587c567d8e0f None None] Extended resource: rbac-policies {{(pid=103055) __init__ /opt/stack/neutron/neutron/api/extensions.py:156}}
Jun 26 05:56:52.972171 np0000183132 devstack@neutron-api.service[103054]: DEBUG neutron.api.extensions [None req-4d7fe2e1-b531-4581-85d8-d6a132fba394 None None] Ext name="Subnet Pool Prefix Operations" alias="subnetpool-prefix-ops" description="Provides support for adjusting the prefix list of subnet pools" updated="2019-02-08T10:00:00-00:00" {{(pid=103054) _check_extension /opt/stack/neutron/neutron/api/extensions.py:415}}
Jun 26 05:56:52.972171 np0000183132 devstack@neutron-api.service[103054]: INFO neutron.api.extensions [None req-4d7fe2e1-b531-4581-85d8-d6a132fba394 None None] Loaded extension: subnetpool-prefix-ops
Jun 26 05:56:52.972171 np0000183132 devstack@neutron-api.service[103054]: DEBUG neutron.api.extensions [None req-4d7fe2e1-b531-4581-85d8-d6a132fba394 None None] Loading extension file: tag_creation.py {{(pid=103054) _load_all_extensions_from_path /opt/stack/neutron/neutron/api/extensions.py:449}}
Jun 26 05:56:52.972314 np0000183132 devstack@neutron-api.service[103055]: DEBUG neutron.api.extensions [None req-e99bc434-c588-48ba-a0fe-587c567d8e0f None None] Extended resource: default-security-group-rules {{(pid=103055) __init__ /opt/stack/neutron/neutron/api/extensions.py:156}}
Jun 26 05:56:52.972460 np0000183132 devstack@neutron-api.service[103054]: DEBUG neutron.api.extensions [None req-4d7fe2e1-b531-4581-85d8-d6a132fba394 None None] Ext name="Tag creation extension" alias="tag-creation" description="Allow to create multiple tags for a resource" updated="2024-23-07T10:00:00-00:00" {{(pid=103054) _check_extension /opt/stack/neutron/neutron/api/extensions.py:415}}
Jun 26 05:56:52.972460 np0000183132 devstack@neutron-api.service[103054]: INFO neutron.api.extensions [None req-4d7fe2e1-b531-4581-85d8-d6a132fba394 None None] Loaded extension: tag-creation
Jun 26 05:56:52.972460 np0000183132 devstack@neutron-api.service[103054]: DEBUG neutron.api.extensions [None req-4d7fe2e1-b531-4581-85d8-d6a132fba394 None None] Loading extension file: tag_ports_during_bulk_creation.py {{(pid=103054) _load_all_extensions_from_path /opt/stack/neutron/neutron/api/extensions.py:449}}
Jun 26 05:56:52.972460 np0000183132 devstack@neutron-api.service[103054]: DEBUG neutron.api.extensions [None req-4d7fe2e1-b531-4581-85d8-d6a132fba394 None None] Ext name="Tag Ports During Bulk Creation" alias="tag-ports-during-bulk-creation" description="Allow to tag ports during bulk creation" updated="2019-12-29T19:00:00-00:00" {{(pid=103054) _check_extension /opt/stack/neutron/neutron/api/extensions.py:415}}
Jun 26 05:56:52.972989 np0000183132 devstack@neutron-api.service[103055]: DEBUG neutron.api.extensions [None req-e99bc434-c588-48ba-a0fe-587c567d8e0f None None] Extended resource: security-groups-default-statefulness {{(pid=103055) __init__ /opt/stack/neutron/neutron/api/extensions.py:156}}
Jun 26 05:56:52.973071 np0000183132 devstack@neutron-api.service[103054]: INFO neutron.api.extensions [None req-4d7fe2e1-b531-4581-85d8-d6a132fba394 None None] Extension tag-ports-during-bulk-creation not supported by any of loaded plugins
Jun 26 05:56:52.973071 np0000183132 devstack@neutron-api.service[103054]: DEBUG neutron.api.extensions [None req-4d7fe2e1-b531-4581-85d8-d6a132fba394 None None] Loading extension file: tagging.py {{(pid=103054) _load_all_extensions_from_path /opt/stack/neutron/neutron/api/extensions.py:449}}
Jun 26 05:56:52.973166 np0000183132 devstack@neutron-api.service[103055]: DEBUG neutron.api.extensions [None req-e99bc434-c588-48ba-a0fe-587c567d8e0f None None] Extended resource: security-groups {{(pid=103055) __init__ /opt/stack/neutron/neutron/api/extensions.py:156}}
Jun 26 05:56:52.973249 np0000183132 devstack@neutron-api.service[103054]: DEBUG neutron.api.extensions [None req-4d7fe2e1-b531-4581-85d8-d6a132fba394 None None] Ext name="Tag support for resources with standard attribute: port, subnet, subnetpool, network, security_group, router, floatingip, policy, trunk, network_segment_range" alias="standard-attr-tag" description="Enables to set tag on resources with standard attribute." updated="2017-01-01T00:00:00-00:00" {{(pid=103054) _check_extension /opt/stack/neutron/neutron/api/extensions.py:415}}
Jun 26 05:56:52.973344 np0000183132 devstack@neutron-api.service[103055]: DEBUG neutron.api.extensions [None req-e99bc434-c588-48ba-a0fe-587c567d8e0f None None] Extended resource: security-group-rules {{(pid=103055) __init__ /opt/stack/neutron/neutron/api/extensions.py:156}}
Jun 26 05:56:52.973418 np0000183132 devstack@neutron-api.service[103054]: INFO neutron.api.extensions [None req-4d7fe2e1-b531-4581-85d8-d6a132fba394 None None] Loaded extension: standard-attr-tag
Jun 26 05:56:52.973418 np0000183132 devstack@neutron-api.service[103054]: DEBUG neutron.api.extensions [None req-4d7fe2e1-b531-4581-85d8-d6a132fba394 None None] Loading extension file: timestamp.py {{(pid=103054) _load_all_extensions_from_path /opt/stack/neutron/neutron/api/extensions.py:449}}
Jun 26 05:56:52.973936 np0000183132 devstack@neutron-api.service[103056]: DEBUG neutron_lib.callbacks.manager [None req-4bdcfa60-189c-4870-867f-e3e22f22555b None None] Publish callbacks ['neutron.plugins.ml2.drivers.ovn.mech_driver.mech_driver.OVNMechanismDriver.pre_fork_initialize-16581773'] for process (None), before_spawn {{(pid=103056) _notify_loop /opt/stack/data/venv/lib/python3.12/site-packages/neutron_lib/callbacks/manager.py:184}}
Jun 26 05:56:52.974273 np0000183132 devstack@neutron-api.service[103054]: DEBUG neutron.api.extensions [None req-4d7fe2e1-b531-4581-85d8-d6a132fba394 None None] Ext name="Resource timestamps" alias="standard-attr-timestamp" description="Adds created_at and updated_at fields to all Neutron resources that have Neutron standard attributes." updated="2016-09-12T10:00:00-00:00" {{(pid=103054) _check_extension /opt/stack/neutron/neutron/api/extensions.py:415}}
Jun 26 05:56:52.974555 np0000183132 devstack@neutron-api.service[103055]: DEBUG neutron.api.extensions [None req-e99bc434-c588-48ba-a0fe-587c567d8e0f None None] Extended resource: service-providers {{(pid=103055) __init__ /opt/stack/neutron/neutron/api/extensions.py:156}}
Jun 26 05:56:52.974658 np0000183132 devstack@neutron-api.service[103054]: INFO neutron.api.extensions [None req-4d7fe2e1-b531-4581-85d8-d6a132fba394 None None] Loaded extension: standard-attr-timestamp
Jun 26 05:56:52.974658 np0000183132 devstack@neutron-api.service[103054]: DEBUG neutron.api.extensions [None req-4d7fe2e1-b531-4581-85d8-d6a132fba394 None None] Loading extension file: trunk.py {{(pid=103054) _load_all_extensions_from_path /opt/stack/neutron/neutron/api/extensions.py:449}}
Jun 26 05:56:52.974776 np0000183132 devstack@neutron-api.service[103056]: DEBUG oslo_concurrency.processutils [None req-4bdcfa60-189c-4870-867f-e3e22f22555b None None] Running cmd (subprocess): ovsdb-client transact ssl:199.204.45.169:6641 --timeout 180 -p /opt/stack/data/CA/int-ca/private/devstack-cert.key -c /opt/stack/data/CA/int-ca/devstack-cert.crt -C /opt/stack/data/CA/int-ca/ca-chain.pem ["OVN_Northbound", {"op": "wait", "timeout": 0, "table": "Port_Group", "where": [["name", "==", "neutron_pg_drop"]], "until": "==", "rows": []}, {"op": "insert", "table": "ACL", "row": {"action": "drop", "direction": "to-lport", "match": "outport == @neutron_pg_drop && ip", "priority": 1001}, "uuid-name": "droptoport"}, {"op": "insert", "table": "ACL", "row": {"action": "drop", "direction": "from-lport", "match": "inport == @neutron_pg_drop && ip", "priority": 1001}, "uuid-name": "dropfromport"}, {"op": "insert", "table": "Port_Group", "row": {"name": "neutron_pg_drop", "acls": ["set", [["named-uuid", "droptoport"], ["named-uuid", "dropfromport"]]]}}] {{(pid=103056) execute /opt/stack/data/venv/lib/python3.12/site-packages/oslo_concurrency/processutils.py:440}}
Jun 26 05:56:52.974974 np0000183132 devstack@neutron-api.service[103054]: DEBUG neutron.api.extensions [None req-4d7fe2e1-b531-4581-85d8-d6a132fba394 None None] Ext name="Trunk Extension" alias="trunk" description="Provides support for trunk ports" updated="2016-01-01T10:00:00-00:00" {{(pid=103054) _check_extension /opt/stack/neutron/neutron/api/extensions.py:415}}
Jun 26 05:56:52.975356 np0000183132 devstack@neutron-api.service[103055]: DEBUG neutron.api.extensions [None req-e99bc434-c588-48ba-a0fe-587c567d8e0f None None] Extended resource: subnetpools {{(pid=103055) __init__ /opt/stack/neutron/neutron/api/extensions.py:156}}
Jun 26 05:56:52.975454 np0000183132 devstack@neutron-api.service[103054]: INFO neutron.api.extensions [None req-4d7fe2e1-b531-4581-85d8-d6a132fba394 None None] Extension trunk not supported by any of loaded plugins
Jun 26 05:56:52.975454 np0000183132 devstack@neutron-api.service[103054]: DEBUG neutron.api.extensions [None req-4d7fe2e1-b531-4581-85d8-d6a132fba394 None None] Loading extension file: trunk_details.py {{(pid=103054) _load_all_extensions_from_path /opt/stack/neutron/neutron/api/extensions.py:449}}
Jun 26 05:56:52.975454 np0000183132 devstack@neutron-api.service[103054]: DEBUG neutron.api.extensions [None req-4d7fe2e1-b531-4581-85d8-d6a132fba394 None None] Ext name="Trunk port details" alias="trunk-details" description="Expose trunk port details" updated="2016-01-01T10:00:00-00:00" {{(pid=103054) _check_extension /opt/stack/neutron/neutron/api/extensions.py:415}}
Jun 26 05:56:52.975454 np0000183132 devstack@neutron-api.service[103054]: INFO neutron.api.extensions [None req-4d7fe2e1-b531-4581-85d8-d6a132fba394 None None] Extension trunk-details not supported by any of loaded plugins
Jun 26 05:56:52.975454 np0000183132 devstack@neutron-api.service[103054]: DEBUG neutron.api.extensions [None req-4d7fe2e1-b531-4581-85d8-d6a132fba394 None None] Loading extension file: uplink_status_propagation.py {{(pid=103054) _load_all_extensions_from_path /opt/stack/neutron/neutron/api/extensions.py:449}}
Jun 26 05:56:52.975692 np0000183132 devstack@neutron-api.service[103055]: DEBUG neutron.api.extensions [None req-e99bc434-c588-48ba-a0fe-587c567d8e0f None None] Extended resource: subnetpools {{(pid=103055) __init__ /opt/stack/neutron/neutron/api/extensions.py:156}}
Jun 26 05:56:52.975776 np0000183132 devstack@neutron-api.service[103054]: DEBUG neutron.api.extensions [None req-4d7fe2e1-b531-4581-85d8-d6a132fba394 None None] Ext name="Uplink status propagation extension" alias="uplink-status-propagation" description="Provides ability to propagate port uplink status." updated="2018-05-31T18:00:00-00:00" {{(pid=103054) _check_extension /opt/stack/neutron/neutron/api/extensions.py:415}}
Jun 26 05:56:52.975776 np0000183132 devstack@neutron-api.service[103054]: INFO neutron.api.extensions [None req-4d7fe2e1-b531-4581-85d8-d6a132fba394 None None] Extension uplink-status-propagation not supported by any of loaded plugins
Jun 26 05:56:52.975776 np0000183132 devstack@neutron-api.service[103054]: DEBUG neutron.api.extensions [None req-4d7fe2e1-b531-4581-85d8-d6a132fba394 None None] Loading extension file: uplink_status_propagation_updatable.py {{(pid=103054) _load_all_extensions_from_path /opt/stack/neutron/neutron/api/extensions.py:449}}
Jun 26 05:56:52.975900 np0000183132 devstack@neutron-api.service[103055]: DEBUG neutron.api.extensions [None req-e99bc434-c588-48ba-a0fe-587c567d8e0f None None] Extended resource: tags {{(pid=103055) __init__ /opt/stack/neutron/neutron/api/extensions.py:156}}
Jun 26 05:56:52.976040 np0000183132 devstack@neutron-api.service[103054]: DEBUG neutron.api.extensions [None req-4d7fe2e1-b531-4581-85d8-d6a132fba394 None None] Ext name="Uplink status propagation updatable extension" alias="uplink-status-propagation-updatable" description="Provides ability to update the port uplink status." updated="2024-09-03T18:00:00-00:00" {{(pid=103054) _check_extension /opt/stack/neutron/neutron/api/extensions.py:415}}
Jun 26 05:56:52.976040 np0000183132 devstack@neutron-api.service[103054]: INFO neutron.api.extensions [None req-4d7fe2e1-b531-4581-85d8-d6a132fba394 None None] Extension uplink-status-propagation-updatable not supported by any of loaded plugins
Jun 26 05:56:52.976040 np0000183132 devstack@neutron-api.service[103054]: DEBUG neutron.api.extensions [None req-4d7fe2e1-b531-4581-85d8-d6a132fba394 None None] Loading extension file: vlantransparent.py {{(pid=103054) _load_all_extensions_from_path /opt/stack/neutron/neutron/api/extensions.py:449}}
Jun 26 05:56:52.976040 np0000183132 devstack@neutron-api.service[103054]: DEBUG neutron.api.extensions [None req-4d7fe2e1-b531-4581-85d8-d6a132fba394 None None] Ext name="Vlantransparent" alias="vlan-transparent" description="Provides Vlan Transparent Networks" updated="2015-03-23T09:00:00-00:00" {{(pid=103054) _check_extension /opt/stack/neutron/neutron/api/extensions.py:415}}
Jun 26 05:56:52.976434 np0000183132 devstack@neutron-api.service[103055]: DEBUG neutron.api.extensions [None req-e99bc434-c588-48ba-a0fe-587c567d8e0f None None] Extended resource: tags {{(pid=103055) __init__ /opt/stack/neutron/neutron/api/extensions.py:156}}
Jun 26 05:56:52.976551 np0000183132 devstack@neutron-api.service[103054]: INFO neutron.api.extensions [None req-4d7fe2e1-b531-4581-85d8-d6a132fba394 None None] Loaded extension: vlan-transparent
Jun 26 05:56:52.976844 np0000183132 devstack@neutron-api.service[103055]: DEBUG neutron.api.extensions [None req-e99bc434-c588-48ba-a0fe-587c567d8e0f None None] Extended resource: tags {{(pid=103055) __init__ /opt/stack/neutron/neutron/api/extensions.py:156}}
Jun 26 05:56:52.976844 np0000183132 devstack@neutron-api.service[103055]: DEBUG neutron.api.extensions [None req-e99bc434-c588-48ba-a0fe-587c567d8e0f None None] Extended resource: tags {{(pid=103055) __init__ /opt/stack/neutron/neutron/api/extensions.py:156}}
Jun 26 05:56:52.976942 np0000183132 devstack@neutron-api.service[103054]: INFO neutron.quota.resource_registry [None req-4d7fe2e1-b531-4581-85d8-d6a132fba394 None None] Creating instance of TrackedResource for resource:network
Jun 26 05:56:52.976942 np0000183132 devstack@neutron-api.service[103054]: INFO neutron.quota.resource_registry [None req-4d7fe2e1-b531-4581-85d8-d6a132fba394 None None] Creating instance of TrackedResource for resource:subnet
Jun 26 05:56:52.976942 np0000183132 devstack@neutron-api.service[103054]: INFO neutron.quota.resource_registry [None req-4d7fe2e1-b531-4581-85d8-d6a132fba394 None None] Creating instance of TrackedResource for resource:subnetpool
Jun 26 05:56:52.976942 np0000183132 devstack@neutron-api.service[103054]: INFO neutron.quota.resource_registry [None req-4d7fe2e1-b531-4581-85d8-d6a132fba394 None None] Creating instance of TrackedResource for resource:port
Jun 26 05:56:52.977088 np0000183132 devstack@neutron-api.service[103055]: DEBUG neutron.api.extensions [None req-e99bc434-c588-48ba-a0fe-587c567d8e0f None None] Extended resource: tags {{(pid=103055) __init__ /opt/stack/neutron/neutron/api/extensions.py:156}}
Jun 26 05:56:52.977088 np0000183132 devstack@neutron-api.service[103055]: DEBUG neutron.api.extensions [None req-e99bc434-c588-48ba-a0fe-587c567d8e0f None None] Extended resource: tags {{(pid=103055) __init__ /opt/stack/neutron/neutron/api/extensions.py:156}}
Jun 26 05:56:52.977519 np0000183132 devstack@neutron-api.service[103054]: INFO neutron.quota.resource_registry [None req-4d7fe2e1-b531-4581-85d8-d6a132fba394 None None] Creating instance of CountableResource for resource:router_route
Jun 26 05:56:52.977519 np0000183132 devstack@neutron-api.service[103054]: DEBUG neutron.api.v2.resource_helper [None req-4d7fe2e1-b531-4581-85d8-d6a132fba394 None None] Service L3_ROUTER_NAT assigned prefix: {{(pid=103054) build_resource_info /opt/stack/neutron/neutron/api/v2/resource_helper.py:77}}
Jun 26 05:56:52.977683 np0000183132 devstack@neutron-api.service[103055]: DEBUG neutron.api.extensions [None req-e99bc434-c588-48ba-a0fe-587c567d8e0f None None] Extended resource: tags {{(pid=103055) __init__ /opt/stack/neutron/neutron/api/extensions.py:156}}
Jun 26 05:56:52.978302 np0000183132 devstack@neutron-api.service[103054]: DEBUG neutron.api.v2.resource_helper [None req-4d7fe2e1-b531-4581-85d8-d6a132fba394 None None] Service FLAVORS assigned prefix: {{(pid=103054) build_resource_info /opt/stack/neutron/neutron/api/v2/resource_helper.py:77}}
Jun 26 05:56:52.978386 np0000183132 devstack@neutron-api.service[103055]: DEBUG neutron.api.extensions [None req-e99bc434-c588-48ba-a0fe-587c567d8e0f None None] Extended resource: tags {{(pid=103055) __init__ /opt/stack/neutron/neutron/api/extensions.py:156}}
Jun 26 05:56:52.978464 np0000183132 devstack@neutron-api.service[103054]: DEBUG neutron.api.v2.resource_helper [None req-4d7fe2e1-b531-4581-85d8-d6a132fba394 None None] Service L3_ROUTER_NAT assigned prefix: {{(pid=103054) build_resource_info /opt/stack/neutron/neutron/api/v2/resource_helper.py:77}}
Jun 26 05:56:52.978631 np0000183132 devstack@neutron-api.service[103055]: DEBUG neutron.api.extensions [None req-e99bc434-c588-48ba-a0fe-587c567d8e0f None None] Extended resource: tags {{(pid=103055) __init__ /opt/stack/neutron/neutron/api/extensions.py:156}}
Jun 26 05:56:52.978734 np0000183132 devstack@neutron-api.service[103054]: DEBUG neutron.api.v2.resource_helper [None req-4d7fe2e1-b531-4581-85d8-d6a132fba394 None None] Service L3_ROUTER_NAT assigned prefix: {{(pid=103054) build_resource_info /opt/stack/neutron/neutron/api/v2/resource_helper.py:77}}
Jun 26 05:56:52.978734 np0000183132 devstack@neutron-api.service[103054]: INFO neutron.quota.resource_registry [None req-4d7fe2e1-b531-4581-85d8-d6a132fba394 None None] Creating instance of TrackedResource for resource:router
Jun 26 05:56:52.978734 np0000183132 devstack@neutron-api.service[103054]: INFO neutron.quota.resource_registry [None req-4d7fe2e1-b531-4581-85d8-d6a132fba394 None None] Creating instance of TrackedResource for resource:floatingip
Jun 26 05:56:52.978829 np0000183132 devstack@neutron-api.service[103055]: DEBUG neutron.api.extensions [None req-e99bc434-c588-48ba-a0fe-587c567d8e0f None None] Extended resource: tags {{(pid=103055) __init__ /opt/stack/neutron/neutron/api/extensions.py:156}}
Jun 26 05:56:52.978882 np0000183132 devstack@neutron-api.service[103054]: INFO neutron.quota.resource_registry [None req-4d7fe2e1-b531-4581-85d8-d6a132fba394 None None] Creating instance of CountableResource for resource:rbac_policy
Jun 26 05:56:52.978882 np0000183132 devstack@neutron-api.service[103054]: INFO neutron.quota.resource_registry [None req-4d7fe2e1-b531-4581-85d8-d6a132fba394 None None] Creating instance of TrackedResource for resource:security_group
Jun 26 05:56:52.978882 np0000183132 devstack@neutron-api.service[103054]: INFO neutron.quota.resource_registry [None req-4d7fe2e1-b531-4581-85d8-d6a132fba394 None None] Creating instance of TrackedResource for resource:security_group_rule
Jun 26 05:56:52.978882 np0000183132 devstack@neutron-api.service[103054]: DEBUG neutron.api.v2.resource_helper [None req-4d7fe2e1-b531-4581-85d8-d6a132fba394 None None] Service CORE assigned prefix: {{(pid=103054) build_resource_info /opt/stack/neutron/neutron/api/v2/resource_helper.py:77}}
Jun 26 05:56:52.978882 np0000183132 devstack@neutron-api.service[103054]: INFO neutron.quota.resource_registry [None req-4d7fe2e1-b531-4581-85d8-d6a132fba394 None None] Creating instance of TrackedResource for resource:subnetpool
Jun 26 05:56:52.978882 np0000183132 devstack@neutron-api.service[103054]: WARNING neutron.quota.resource_registry [None req-4d7fe2e1-b531-4581-85d8-d6a132fba394 None None] subnetpool is already registered
Jun 26 05:56:52.978882 np0000183132 devstack@neutron-api.service[103054]: DEBUG neutron.api.v2.resource_helper [None req-4d7fe2e1-b531-4581-85d8-d6a132fba394 None None] Service CORE assigned prefix: {{(pid=103054) build_resource_info /opt/stack/neutron/neutron/api/v2/resource_helper.py:77}}
Jun 26 05:56:52.978882 np0000183132 devstack@neutron-api.service[103054]: INFO neutron.quota.resource_registry [None req-4d7fe2e1-b531-4581-85d8-d6a132fba394 None None] Creating instance of TrackedResource for resource:subnetpool
Jun 26 05:56:52.978882 np0000183132 devstack@neutron-api.service[103054]: WARNING neutron.quota.resource_registry [None req-4d7fe2e1-b531-4581-85d8-d6a132fba394 None None] subnetpool is already registered
Jun 26 05:56:52.978882 np0000183132 devstack@neutron-api.service[103054]: INFO neutron.quota.resource_registry [None req-4d7fe2e1-b531-4581-85d8-d6a132fba394 None None] Creating instance of CountableResource for resource:router_route
Jun 26 05:56:52.979253 np0000183132 devstack@neutron-api.service[103054]: WARNING neutron.quota.resource_registry [None req-4d7fe2e1-b531-4581-85d8-d6a132fba394 None None] router_route is already registered
Jun 26 05:56:52.979253 np0000183132 devstack@neutron-api.service[103054]: DEBUG neutron.api.v2.resource_helper [None req-4d7fe2e1-b531-4581-85d8-d6a132fba394 None None] Service L3_ROUTER_NAT assigned prefix: {{(pid=103054) build_resource_info /opt/stack/neutron/neutron/api/v2/resource_helper.py:77}}
Jun 26 05:56:52.979253 np0000183132 devstack@neutron-api.service[103054]: DEBUG neutron.api.v2.resource_helper [None req-4d7fe2e1-b531-4581-85d8-d6a132fba394 None None] Service FLAVORS assigned prefix: {{(pid=103054) build_resource_info /opt/stack/neutron/neutron/api/v2/resource_helper.py:77}}
Jun 26 05:56:52.979253 np0000183132 devstack@neutron-api.service[103054]: DEBUG neutron.api.v2.resource_helper [None req-4d7fe2e1-b531-4581-85d8-d6a132fba394 None None] Service L3_ROUTER_NAT assigned prefix: {{(pid=103054) build_resource_info /opt/stack/neutron/neutron/api/v2/resource_helper.py:77}}
Jun 26 05:56:52.979253 np0000183132 devstack@neutron-api.service[103054]: DEBUG neutron.api.v2.resource_helper [None req-4d7fe2e1-b531-4581-85d8-d6a132fba394 None None] Service L3_ROUTER_NAT assigned prefix: {{(pid=103054) build_resource_info /opt/stack/neutron/neutron/api/v2/resource_helper.py:77}}
Jun 26 05:56:52.979253 np0000183132 devstack@neutron-api.service[103054]: INFO neutron.quota.resource_registry [None req-4d7fe2e1-b531-4581-85d8-d6a132fba394 None None] Creating instance of TrackedResource for resource:router
Jun 26 05:56:52.979253 np0000183132 devstack@neutron-api.service[103054]: WARNING neutron.quota.resource_registry [None req-4d7fe2e1-b531-4581-85d8-d6a132fba394 None None] router is already registered
Jun 26 05:56:52.979253 np0000183132 devstack@neutron-api.service[103054]: INFO neutron.quota.resource_registry [None req-4d7fe2e1-b531-4581-85d8-d6a132fba394 None None] Creating instance of TrackedResource for resource:floatingip
Jun 26 05:56:52.979253 np0000183132 devstack@neutron-api.service[103054]: WARNING neutron.quota.resource_registry [None req-4d7fe2e1-b531-4581-85d8-d6a132fba394 None None] floatingip is already registered
Jun 26 05:56:52.979642 np0000183132 devstack@neutron-api.service[103054]: INFO neutron.quota.resource_registry [None req-4d7fe2e1-b531-4581-85d8-d6a132fba394 None None] Creating instance of CountableResource for resource:rbac_policy
Jun 26 05:56:52.979642 np0000183132 devstack@neutron-api.service[103054]: WARNING neutron.quota.resource_registry [None req-4d7fe2e1-b531-4581-85d8-d6a132fba394 None None] rbac_policy is already registered
Jun 26 05:56:52.979642 np0000183132 devstack@neutron-api.service[103054]: INFO neutron.quota.resource_registry [None req-4d7fe2e1-b531-4581-85d8-d6a132fba394 None None] Creating instance of TrackedResource for resource:security_group
Jun 26 05:56:52.979642 np0000183132 devstack@neutron-api.service[103054]: WARNING neutron.quota.resource_registry [None req-4d7fe2e1-b531-4581-85d8-d6a132fba394 None None] security_group is already registered
Jun 26 05:56:52.979642 np0000183132 devstack@neutron-api.service[103054]: INFO neutron.quota.resource_registry [None req-4d7fe2e1-b531-4581-85d8-d6a132fba394 None None] Creating instance of TrackedResource for resource:security_group_rule
Jun 26 05:56:52.979642 np0000183132 devstack@neutron-api.service[103054]: WARNING neutron.quota.resource_registry [None req-4d7fe2e1-b531-4581-85d8-d6a132fba394 None None] security_group_rule is already registered
Jun 26 05:56:52.979790 np0000183132 devstack@neutron-api.service[103055]: DEBUG neutron_lib.callbacks.manager [None req-e99bc434-c588-48ba-a0fe-587c567d8e0f None None] Publish callbacks ['neutron.plugins.ml2.drivers.ovn.mech_driver.mech_driver.OVNMechanismDriver.pre_fork_initialize-16708866'] for process (None), before_spawn {{(pid=103055) _notify_loop /opt/stack/data/venv/lib/python3.12/site-packages/neutron_lib/callbacks/manager.py:184}}
Jun 26 05:56:52.979857 np0000183132 devstack@neutron-api.service[103054]: DEBUG neutron.api.v2.resource_helper [None req-4d7fe2e1-b531-4581-85d8-d6a132fba394 None None] Service CORE assigned prefix: {{(pid=103054) build_resource_info /opt/stack/neutron/neutron/api/v2/resource_helper.py:77}}
Jun 26 05:56:52.979912 np0000183132 devstack@neutron-api.service[103055]: DEBUG oslo_concurrency.processutils [None req-e99bc434-c588-48ba-a0fe-587c567d8e0f None None] Running cmd (subprocess): ovsdb-client transact ssl:199.204.45.169:6641 --timeout 180 -p /opt/stack/data/CA/int-ca/private/devstack-cert.key -c /opt/stack/data/CA/int-ca/devstack-cert.crt -C /opt/stack/data/CA/int-ca/ca-chain.pem ["OVN_Northbound", {"op": "wait", "timeout": 0, "table": "Port_Group", "where": [["name", "==", "neutron_pg_drop"]], "until": "==", "rows": []}, {"op": "insert", "table": "ACL", "row": {"action": "drop", "direction": "to-lport", "match": "outport == @neutron_pg_drop && ip", "priority": 1001}, "uuid-name": "droptoport"}, {"op": "insert", "table": "ACL", "row": {"action": "drop", "direction": "from-lport", "match": "inport == @neutron_pg_drop && ip", "priority": 1001}, "uuid-name": "dropfromport"}, {"op": "insert", "table": "Port_Group", "row": {"name": "neutron_pg_drop", "acls": ["set", [["named-uuid", "droptoport"], ["named-uuid", "dropfromport"]]]}}] {{(pid=103055) execute /opt/stack/data/venv/lib/python3.12/site-packages/oslo_concurrency/processutils.py:440}}
Jun 26 05:56:52.980083 np0000183132 devstack@neutron-api.service[103054]: INFO neutron.quota.resource_registry [None req-4d7fe2e1-b531-4581-85d8-d6a132fba394 None None] Creating instance of TrackedResource for resource:subnetpool
Jun 26 05:56:52.980083 np0000183132 devstack@neutron-api.service[103054]: WARNING neutron.quota.resource_registry [None req-4d7fe2e1-b531-4581-85d8-d6a132fba394 None None] subnetpool is already registered
Jun 26 05:56:52.980083 np0000183132 devstack@neutron-api.service[103054]: DEBUG neutron.api.v2.resource_helper [None req-4d7fe2e1-b531-4581-85d8-d6a132fba394 None None] Service CORE assigned prefix: {{(pid=103054) build_resource_info /opt/stack/neutron/neutron/api/v2/resource_helper.py:77}}
Jun 26 05:56:52.980083 np0000183132 devstack@neutron-api.service[103054]: INFO neutron.quota.resource_registry [None req-4d7fe2e1-b531-4581-85d8-d6a132fba394 None None] Creating instance of TrackedResource for resource:subnetpool
Jun 26 05:56:52.980083 np0000183132 devstack@neutron-api.service[103054]: WARNING neutron.quota.resource_registry [None req-4d7fe2e1-b531-4581-85d8-d6a132fba394 None None] subnetpool is already registered
Jun 26 05:56:52.980083 np0000183132 devstack@neutron-api.service[103054]: DEBUG neutron.api.extensions [None req-4d7fe2e1-b531-4581-85d8-d6a132fba394 None None] Extended resource: extensions {{(pid=103054) __init__ /opt/stack/neutron/neutron/api/extensions.py:156}}
Jun 26 05:56:52.980083 np0000183132 devstack@neutron-api.service[103054]: DEBUG neutron.api.extensions [None req-4d7fe2e1-b531-4581-85d8-d6a132fba394 None None] Extended resource: address-groups {{(pid=103054) __init__ /opt/stack/neutron/neutron/api/extensions.py:156}}
Jun 26 05:56:52.980083 np0000183132 devstack@neutron-api.service[103054]: DEBUG neutron.api.extensions [None req-4d7fe2e1-b531-4581-85d8-d6a132fba394 None None] Extended resource: address-scopes {{(pid=103054) __init__ /opt/stack/neutron/neutron/api/extensions.py:156}}
Jun 26 05:56:52.980083 np0000183132 devstack@neutron-api.service[103054]: DEBUG neutron.api.extensions [None req-4d7fe2e1-b531-4581-85d8-d6a132fba394 None None] Extended resource: agents {{(pid=103054) __init__ /opt/stack/neutron/neutron/api/extensions.py:156}}
Jun 26 05:56:52.980580 np0000183132 devstack@neutron-api.service[103054]: DEBUG neutron.api.extensions [None req-4d7fe2e1-b531-4581-85d8-d6a132fba394 None None] Extended resource: auto-allocated-topology {{(pid=103054) __init__ /opt/stack/neutron/neutron/api/extensions.py:156}}
Jun 26 05:56:52.980580 np0000183132 devstack@neutron-api.service[103054]: DEBUG neutron.api.extensions [None req-4d7fe2e1-b531-4581-85d8-d6a132fba394 None None] Extended resource: availability_zones {{(pid=103054) __init__ /opt/stack/neutron/neutron/api/extensions.py:156}}
Jun 26 05:56:52.980580 np0000183132 devstack@neutron-api.service[103054]: DEBUG neutron.api.extensions [None req-4d7fe2e1-b531-4581-85d8-d6a132fba394 None None] Extended resource: dhcp-networks {{(pid=103054) __init__ /opt/stack/neutron/neutron/api/extensions.py:156}}
Jun 26 05:56:52.980580 np0000183132 devstack@neutron-api.service[103054]: DEBUG neutron.api.extensions [None req-4d7fe2e1-b531-4581-85d8-d6a132fba394 None None] Extended resource: dhcp-agents {{(pid=103054) __init__ /opt/stack/neutron/neutron/api/extensions.py:156}}
Jun 26 05:56:52.980580 np0000183132 devstack@neutron-api.service[103054]: DEBUG neutron.api.extensions [None req-4d7fe2e1-b531-4581-85d8-d6a132fba394 None None] Extended resource: routers {{(pid=103054) __init__ /opt/stack/neutron/neutron/api/extensions.py:156}}
Jun 26 05:56:52.980580 np0000183132 devstack@neutron-api.service[103054]: DEBUG neutron.api.extensions [None req-4d7fe2e1-b531-4581-85d8-d6a132fba394 None None] Extended resource: flavors {{(pid=103054) __init__ /opt/stack/neutron/neutron/api/extensions.py:156}}
Jun 26 05:56:52.980580 np0000183132 devstack@neutron-api.service[103054]: DEBUG neutron.api.extensions [None req-4d7fe2e1-b531-4581-85d8-d6a132fba394 None None] Extended resource: service_profiles {{(pid=103054) __init__ /opt/stack/neutron/neutron/api/extensions.py:156}}
Jun 26 05:56:52.980580 np0000183132 devstack@neutron-api.service[103054]: DEBUG neutron.api.extensions [None req-4d7fe2e1-b531-4581-85d8-d6a132fba394 None None] Extended resource: next_providers {{(pid=103054) __init__ /opt/stack/neutron/neutron/api/extensions.py:156}}
Jun 26 05:56:52.981104 np0000183132 devstack@neutron-api.service[103054]: DEBUG neutron.api.extensions [None req-4d7fe2e1-b531-4581-85d8-d6a132fba394 None None] Extended resource: service_profiles {{(pid=103054) __init__ /opt/stack/neutron/neutron/api/extensions.py:156}}
Jun 26 05:56:52.981162 np0000183132 devstack@neutron-api.service[103056]: DEBUG oslo_concurrency.processutils [None req-4bdcfa60-189c-4870-867f-e3e22f22555b None None] CMD "ovsdb-client transact ssl:199.204.45.169:6641 --timeout 180 -p /opt/stack/data/CA/int-ca/private/devstack-cert.key -c /opt/stack/data/CA/int-ca/devstack-cert.crt -C /opt/stack/data/CA/int-ca/ca-chain.pem ["OVN_Northbound", {"op": "wait", "timeout": 0, "table": "Port_Group", "where": [["name", "==", "neutron_pg_drop"]], "until": "==", "rows": []}, {"op": "insert", "table": "ACL", "row": {"action": "drop", "direction": "to-lport", "match": "outport == @neutron_pg_drop && ip", "priority": 1001}, "uuid-name": "droptoport"}, {"op": "insert", "table": "ACL", "row": {"action": "drop", "direction": "from-lport", "match": "inport == @neutron_pg_drop && ip", "priority": 1001}, "uuid-name": "dropfromport"}, {"op": "insert", "table": "Port_Group", "row": {"name": "neutron_pg_drop", "acls": ["set", [["named-uuid", "droptoport"], ["named-uuid", "dropfromport"]]]}}]" returned: 0 in 0.029s {{(pid=103056) execute /opt/stack/data/venv/lib/python3.12/site-packages/oslo_concurrency/processutils.py:468}}
Jun 26 05:56:52.981253 np0000183132 devstack@neutron-api.service[103054]: DEBUG neutron.api.extensions [None req-4d7fe2e1-b531-4581-85d8-d6a132fba394 None None] Extended resource: floatingip-pools {{(pid=103054) __init__ /opt/stack/neutron/neutron/api/extensions.py:156}}
Jun 26 05:56:52.981308 np0000183132 devstack@neutron-api.service[103056]: DEBUG neutron_lib.callbacks.manager [None req-4bdcfa60-189c-4870-867f-e3e22f22555b None None] Publish callbacks ['neutron.plugins.ml2.drivers.ovn.mech_driver.mech_driver.OVNMechanismDriver.post_fork_initialize-16581813', 'neutron.services.pvlan.drivers.ovn.driver._initialize_pvlan_pg_drop-7957978738852', 'neutron.services.ovn_l3.plugin.OVNL3RouterPlugin._post_fork_initialize-31557'] for process (None), after_init {{(pid=103056) _notify_loop /opt/stack/data/venv/lib/python3.12/site-packages/neutron_lib/callbacks/manager.py:184}}
Jun 26 05:56:52.981683 np0000183132 devstack@neutron-api.service[103054]: DEBUG neutron.api.extensions [None req-4d7fe2e1-b531-4581-85d8-d6a132fba394 None None] Extended resource: routers {{(pid=103054) __init__ /opt/stack/neutron/neutron/api/extensions.py:156}}
Jun 26 05:56:52.981744 np0000183132 devstack@neutron-api.service[103056]: DEBUG oslo_concurrency.lockutils [None req-4bdcfa60-189c-4870-867f-e3e22f22555b None None] Acquiring lock "singleton_lock" {{(pid=103056) lock /opt/stack/data/venv/lib/python3.12/site-packages/oslo_concurrency/lockutils.py:395}}
Jun 26 05:56:52.981744 np0000183132 devstack@neutron-api.service[103056]: DEBUG oslo_concurrency.lockutils [None req-4bdcfa60-189c-4870-867f-e3e22f22555b None None] Acquired lock "singleton_lock" {{(pid=103056) lock /opt/stack/data/venv/lib/python3.12/site-packages/oslo_concurrency/lockutils.py:398}}
Jun 26 05:56:52.981744 np0000183132 devstack@neutron-api.service[103056]: DEBUG oslo_concurrency.lockutils [None req-4bdcfa60-189c-4870-867f-e3e22f22555b None None] Releasing lock "singleton_lock" {{(pid=103056) lock /opt/stack/data/venv/lib/python3.12/site-packages/oslo_concurrency/lockutils.py:418}}
Jun 26 05:56:52.981877 np0000183132 devstack@neutron-api.service[103054]: DEBUG neutron.api.extensions [None req-4d7fe2e1-b531-4581-85d8-d6a132fba394 None None] Extended resource: floatingips {{(pid=103054) __init__ /opt/stack/neutron/neutron/api/extensions.py:156}}
Jun 26 05:56:52.981877 np0000183132 devstack@neutron-api.service[103054]: DEBUG neutron.api.extensions [None req-4d7fe2e1-b531-4581-85d8-d6a132fba394 None None] Extended resource: l3-routers {{(pid=103054) __init__ /opt/stack/neutron/neutron/api/extensions.py:156}}
Jun 26 05:56:52.981877 np0000183132 devstack@neutron-api.service[103054]: DEBUG neutron.api.extensions [None req-4d7fe2e1-b531-4581-85d8-d6a132fba394 None None] Extended resource: l3-agents {{(pid=103054) __init__ /opt/stack/neutron/neutron/api/extensions.py:156}}
Jun 26 05:56:52.981877 np0000183132 devstack@neutron-api.service[103054]: DEBUG neutron.api.extensions [None req-4d7fe2e1-b531-4581-85d8-d6a132fba394 None None] Extended resource: network-ip-availabilities {{(pid=103054) __init__ /opt/stack/neutron/neutron/api/extensions.py:156}}
Jun 26 05:56:52.982012 np0000183132 devstack@neutron-api.service[103056]: DEBUG neutron.plugins.ml2.drivers.ovn.mech_driver.mech_driver [None req-4bdcfa60-189c-4870-867f-e3e22f22555b None None] Hash Ring setup using WSGI start time 2026-06-26 05:56:46+00:00 {{(pid=103056) _init_hash_ring /opt/stack/neutron/neutron/plugins/ml2/drivers/ovn/mech_driver/mech_driver.py:404}}
Jun 26 05:56:52.982081 np0000183132 devstack@neutron-api.service[103054]: DEBUG neutron.api.extensions [None req-4d7fe2e1-b531-4581-85d8-d6a132fba394 None None] Extended resource: network-ip-availabilities {{(pid=103054) __init__ /opt/stack/neutron/neutron/api/extensions.py:156}}
Jun 26 05:56:52.982081 np0000183132 devstack@neutron-api.service[103054]: DEBUG neutron.api.extensions [None req-4d7fe2e1-b531-4581-85d8-d6a132fba394 None None] Extended resource: bindings {{(pid=103054) __init__ /opt/stack/neutron/neutron/api/extensions.py:156}}
Jun 26 05:56:52.982081 np0000183132 devstack@neutron-api.service[103054]: DEBUG neutron.api.extensions [None req-4d7fe2e1-b531-4581-85d8-d6a132fba394 None None] Extended resource: quotas {{(pid=103054) __init__ /opt/stack/neutron/neutron/api/extensions.py:156}}
Jun 26 05:56:52.982081 np0000183132 devstack@neutron-api.service[103054]: DEBUG neutron.api.extensions [None req-4d7fe2e1-b531-4581-85d8-d6a132fba394 None None] Extended resource: quotas {{(pid=103054) __init__ /opt/stack/neutron/neutron/api/extensions.py:156}}
Jun 26 05:56:52.982081 np0000183132 devstack@neutron-api.service[103054]: DEBUG neutron.api.extensions [None req-4d7fe2e1-b531-4581-85d8-d6a132fba394 None None] Extended resource: rbac-policies {{(pid=103054) __init__ /opt/stack/neutron/neutron/api/extensions.py:156}}
Jun 26 05:56:52.982081 np0000183132 devstack@neutron-api.service[103054]: DEBUG neutron.api.extensions [None req-4d7fe2e1-b531-4581-85d8-d6a132fba394 None None] Extended resource: default-security-group-rules {{(pid=103054) __init__ /opt/stack/neutron/neutron/api/extensions.py:156}}
Jun 26 05:56:52.982081 np0000183132 devstack@neutron-api.service[103054]: DEBUG neutron.api.extensions [None req-4d7fe2e1-b531-4581-85d8-d6a132fba394 None None] Extended resource: security-groups-default-statefulness {{(pid=103054) __init__ /opt/stack/neutron/neutron/api/extensions.py:156}}
Jun 26 05:56:52.982285 np0000183132 devstack@neutron-api.service[103053]: DEBUG neutron.common.ovn.hash_ring_manager [-] Hash Ring loaded. 1 active nodes. 0 offline nodes {{(pid=103053) _load_hash_ring /opt/stack/neutron/neutron/common/ovn/hash_ring_manager.py:110}}
Jun 26 05:56:52.982285 np0000183132 devstack@neutron-api.service[103053]: DEBUG neutron.plugins.ml2.drivers.ovn.mech_driver.ovsdb.ovsdb_monitor [-] Hash Ring: Node b385a8785dd95af7bd20d132273e43fb (host: np0000183132) handling event "update" for row 1abb919a-0102-424d-ba92-121e88fd1136 (table: Connection) {{(pid=103053) notify /opt/stack/neutron/neutron/plugins/ml2/drivers/ovn/mech_driver/ovsdb/ovsdb_monitor.py:1015}}
Jun 26 05:56:52.982614 np0000183132 devstack@neutron-api.service[103054]: DEBUG neutron.api.extensions [None req-4d7fe2e1-b531-4581-85d8-d6a132fba394 None None] Extended resource: security-groups {{(pid=103054) __init__ /opt/stack/neutron/neutron/api/extensions.py:156}}
Jun 26 05:56:52.982614 np0000183132 devstack@neutron-api.service[103054]: DEBUG neutron.api.extensions [None req-4d7fe2e1-b531-4581-85d8-d6a132fba394 None None] Extended resource: security-group-rules {{(pid=103054) __init__ /opt/stack/neutron/neutron/api/extensions.py:156}}
Jun 26 05:56:52.982614 np0000183132 devstack@neutron-api.service[103054]: DEBUG neutron.api.extensions [None req-4d7fe2e1-b531-4581-85d8-d6a132fba394 None None] Extended resource: service-providers {{(pid=103054) __init__ /opt/stack/neutron/neutron/api/extensions.py:156}}
Jun 26 05:56:52.983192 np0000183132 devstack@neutron-api.service[103054]: DEBUG neutron.api.extensions [None req-4d7fe2e1-b531-4581-85d8-d6a132fba394 None None] Extended resource: subnetpools {{(pid=103054) __init__ /opt/stack/neutron/neutron/api/extensions.py:156}}
Jun 26 05:56:52.983810 np0000183132 devstack@neutron-api.service[103054]: DEBUG neutron.api.extensions [None req-4d7fe2e1-b531-4581-85d8-d6a132fba394 None None] Extended resource: subnetpools {{(pid=103054) __init__ /opt/stack/neutron/neutron/api/extensions.py:156}}
Jun 26 05:56:52.984420 np0000183132 devstack@neutron-api.service[103054]: DEBUG neutron.api.extensions [None req-4d7fe2e1-b531-4581-85d8-d6a132fba394 None None] Extended resource: tags {{(pid=103054) __init__ /opt/stack/neutron/neutron/api/extensions.py:156}}
Jun 26 05:56:52.984497 np0000183132 devstack@neutron-api.service[103056]: INFO neutron.db.ovn_hash_ring_db [None req-4bdcfa60-189c-4870-867f-e3e22f22555b None None] Nodes from host "np0000183132" and group "mechanism_driver" removed from the Hash Ring created at 2026-06-26 05:56:46+00:00
Jun 26 05:56:52.985194 np0000183132 devstack@neutron-api.service[103054]: DEBUG neutron.api.extensions [None req-4d7fe2e1-b531-4581-85d8-d6a132fba394 None None] Extended resource: tags {{(pid=103054) __init__ /opt/stack/neutron/neutron/api/extensions.py:156}}
Jun 26 05:56:52.985956 np0000183132 devstack@neutron-api.service[103054]: DEBUG neutron.api.extensions [None req-4d7fe2e1-b531-4581-85d8-d6a132fba394 None None] Extended resource: tags {{(pid=103054) __init__ /opt/stack/neutron/neutron/api/extensions.py:156}}
Jun 26 05:56:52.986780 np0000183132 devstack@neutron-api.service[103054]: DEBUG neutron.api.extensions [None req-4d7fe2e1-b531-4581-85d8-d6a132fba394 None None] Extended resource: tags {{(pid=103054) __init__ /opt/stack/neutron/neutron/api/extensions.py:156}}
Jun 26 05:56:52.986847 np0000183132 devstack@neutron-api.service[103056]: INFO neutron.db.ovn_hash_ring_db [None req-4bdcfa60-189c-4870-867f-e3e22f22555b None None] Node 0a7d340d69b259d596422bb17f567e64 from host "np0000183132" and group "mechanism_driver" added to the Hash Ring
Jun 26 05:56:52.987856 np0000183132 devstack@neutron-api.service[103054]: DEBUG neutron.api.extensions [None req-4d7fe2e1-b531-4581-85d8-d6a132fba394 None None] Extended resource: tags {{(pid=103054) __init__ /opt/stack/neutron/neutron/api/extensions.py:156}}
Jun 26 05:56:52.988392 np0000183132 devstack@neutron-api.service[103054]: DEBUG neutron.api.extensions [None req-4d7fe2e1-b531-4581-85d8-d6a132fba394 None None] Extended resource: tags {{(pid=103054) __init__ /opt/stack/neutron/neutron/api/extensions.py:156}}
Jun 26 05:56:52.989244 np0000183132 devstack@neutron-api.service[103054]: DEBUG neutron.api.extensions [None req-4d7fe2e1-b531-4581-85d8-d6a132fba394 None None] Extended resource: tags {{(pid=103054) __init__ /opt/stack/neutron/neutron/api/extensions.py:156}}
Jun 26 05:56:52.989806 np0000183132 devstack@neutron-api.service[103056]: DEBUG neutron.plugins.ml2.drivers.ovn.mech_driver.mech_driver [None req-4bdcfa60-189c-4870-867f-e3e22f22555b None None] Hash Ring setup, this worker has detected 2 OVN hash ring registers in the database {{(pid=103056) _init_hash_ring /opt/stack/neutron/neutron/plugins/ml2/drivers/ovn/mech_driver/mech_driver.py:414}}
Jun 26 05:56:52.990037 np0000183132 devstack@neutron-api.service[103054]: DEBUG neutron.api.extensions [None req-4d7fe2e1-b531-4581-85d8-d6a132fba394 None None] Extended resource: tags {{(pid=103054) __init__ /opt/stack/neutron/neutron/api/extensions.py:156}}
Jun 26 05:56:52.991062 np0000183132 devstack@neutron-api.service[103054]: DEBUG neutron.api.extensions [None req-4d7fe2e1-b531-4581-85d8-d6a132fba394 None None] Extended resource: tags {{(pid=103054) __init__ /opt/stack/neutron/neutron/api/extensions.py:156}}
Jun 26 05:56:52.991886 np0000183132 devstack@neutron-api.service[103054]: DEBUG neutron.api.extensions [None req-4d7fe2e1-b531-4581-85d8-d6a132fba394 None None] Extended resource: tags {{(pid=103054) __init__ /opt/stack/neutron/neutron/api/extensions.py:156}}
Jun 26 05:56:52.998369 np0000183132 devstack@neutron-api.service[103056]: DEBUG neutron.plugins.ml2.drivers.ovn.mech_driver.ovsdb.maintenance [None req-4bdcfa60-189c-4870-867f-e3e22f22555b None None] Periodic task found: HashRingHealthCheckPeriodics.touch_hash_ring_node {{(pid=103056) add_periodics /opt/stack/neutron/neutron/plugins/ml2/drivers/ovn/mech_driver/ovsdb/maintenance.py:146}}
Jun 26 05:56:53.000441 np0000183132 devstack@neutron-api.service[103056]: INFO neutron.plugins.ml2.drivers.ovn.mech_driver.mech_driver [None req-4bdcfa60-189c-4870-867f-e3e22f22555b None None] Hash Ring probing thread for node 0a7d340d69b259d596422bb17f567e64 has started
Jun 26 05:56:53.001148 np0000183132 devstack@neutron-api.service[103056]: INFO neutron.plugins.ml2.drivers.ovn.mech_driver.ovsdb.impl_idl_ovn [None req-4bdcfa60-189c-4870-867f-e3e22f22555b None None] Getting OvsdbNbOvnIdl for WorkerService with retry
