Apr 07 19:35:43.114085 np0000164075 neutron-periodic-workers[104156]: DEBUG cotyledon.oslo_config_glue [-] ml2.path_mtu = 0 {{(pid=104156) log_opt_values /opt/stack/data/venv/lib/python3.12/site-packages/oslo_config/cfg.py:3006}}
Apr 07 19:35:43.114085 np0000164075 neutron-periodic-workers[104156]: DEBUG cotyledon.oslo_config_glue [-] ml2.physical_network_mtus = {} {{(pid=104156) log_opt_values /opt/stack/data/venv/lib/python3.12/site-packages/oslo_config/cfg.py:3006}}
Apr 07 19:35:43.114401 np0000164075 neutron-periodic-workers[104156]: DEBUG cotyledon.oslo_config_glue [-] ml2.project_network_types = ['geneve'] {{(pid=104156) log_opt_values /opt/stack/data/venv/lib/python3.12/site-packages/oslo_config/cfg.py:3006}}
Apr 07 19:35:43.114401 np0000164075 neutron-periodic-workers[104156]: DEBUG cotyledon.oslo_config_glue [-] ml2.tunnelled_network_rp_name = rp_tunnelled {{(pid=104156) log_opt_values /opt/stack/data/venv/lib/python3.12/site-packages/oslo_config/cfg.py:3006}}
Apr 07 19:35:43.114401 np0000164075 neutron-periodic-workers[104156]: DEBUG cotyledon.oslo_config_glue [-] ml2.type_drivers = ['local', 'flat', 'vlan', 'geneve'] {{(pid=104156) log_opt_values /opt/stack/data/venv/lib/python3.12/site-packages/oslo_config/cfg.py:3006}}
Apr 07 19:35:43.114401 np0000164075 neutron-periodic-workers[104156]: DEBUG cotyledon.oslo_config_glue [-] ml2_type_flat.flat_networks = ['public'] {{(pid=104156) log_opt_values /opt/stack/data/venv/lib/python3.12/site-packages/oslo_config/cfg.py:3006}}
Apr 07 19:35:43.114401 np0000164075 neutron-periodic-workers[104156]: DEBUG cotyledon.oslo_config_glue [-] ml2_type_geneve.max_header_size = 38 {{(pid=104156) log_opt_values /opt/stack/data/venv/lib/python3.12/site-packages/oslo_config/cfg.py:3006}}
Apr 07 19:35:43.114401 np0000164075 neutron-periodic-workers[104156]: DEBUG cotyledon.oslo_config_glue [-] ml2_type_geneve.vni_ranges = ['1:65536'] {{(pid=104156) log_opt_values /opt/stack/data/venv/lib/python3.12/site-packages/oslo_config/cfg.py:3006}}
Apr 07 19:35:43.114401 np0000164075 neutron-periodic-workers[104156]: DEBUG cotyledon.oslo_config_glue [-] ml2_type_vlan.network_vlan_ranges = ['public'] {{(pid=104156) log_opt_values /opt/stack/data/venv/lib/python3.12/site-packages/oslo_config/cfg.py:3006}}
Apr 07 19:35:43.114401 np0000164075 neutron-periodic-workers[104156]: DEBUG cotyledon.oslo_config_glue [-] network_log.burst_limit = 25 {{(pid=104156) log_opt_values /opt/stack/data/venv/lib/python3.12/site-packages/oslo_config/cfg.py:3006}}
Apr 07 19:35:43.114401 np0000164075 neutron-periodic-workers[104156]: DEBUG cotyledon.oslo_config_glue [-] network_log.local_output_log_base = None {{(pid=104156) log_opt_values /opt/stack/data/venv/lib/python3.12/site-packages/oslo_config/cfg.py:3006}}
Apr 07 19:35:43.114672 np0000164075 neutron-periodic-workers[104156]: DEBUG cotyledon.oslo_config_glue [-] network_log.rate_limit = 100 {{(pid=104156) log_opt_values /opt/stack/data/venv/lib/python3.12/site-packages/oslo_config/cfg.py:3006}}
Apr 07 19:35:43.114672 np0000164075 neutron-periodic-workers[104156]: DEBUG cotyledon.oslo_config_glue [-] database.asyncio_connection = **** {{(pid=104156) log_opt_values /opt/stack/data/venv/lib/python3.12/site-packages/oslo_config/cfg.py:3006}}
Apr 07 19:35:43.114672 np0000164075 neutron-periodic-workers[104156]: DEBUG cotyledon.oslo_config_glue [-] database.asyncio_slave_connection = **** {{(pid=104156) log_opt_values /opt/stack/data/venv/lib/python3.12/site-packages/oslo_config/cfg.py:3006}}
Apr 07 19:35:43.114672 np0000164075 neutron-periodic-workers[104156]: DEBUG cotyledon.oslo_config_glue [-] database.backend = sqlalchemy {{(pid=104156) log_opt_values /opt/stack/data/venv/lib/python3.12/site-packages/oslo_config/cfg.py:3006}}
Apr 07 19:35:43.114672 np0000164075 neutron-periodic-workers[104156]: DEBUG cotyledon.oslo_config_glue [-] database.connection = **** {{(pid=104156) log_opt_values /opt/stack/data/venv/lib/python3.12/site-packages/oslo_config/cfg.py:3006}}
Apr 07 19:35:43.114672 np0000164075 neutron-periodic-workers[104156]: DEBUG cotyledon.oslo_config_glue [-] database.connection_debug = 0 {{(pid=104156) log_opt_values /opt/stack/data/venv/lib/python3.12/site-packages/oslo_config/cfg.py:3006}}
Apr 07 19:35:43.114672 np0000164075 neutron-periodic-workers[104156]: DEBUG cotyledon.oslo_config_glue [-] database.connection_parameters = {{(pid=104156) log_opt_values /opt/stack/data/venv/lib/python3.12/site-packages/oslo_config/cfg.py:3006}}
Apr 07 19:35:43.114672 np0000164075 neutron-periodic-workers[104156]: DEBUG cotyledon.oslo_config_glue [-] database.connection_recycle_time = 3600 {{(pid=104156) log_opt_values /opt/stack/data/venv/lib/python3.12/site-packages/oslo_config/cfg.py:3006}}
Apr 07 19:35:43.114672 np0000164075 neutron-periodic-workers[104156]: DEBUG cotyledon.oslo_config_glue [-] database.connection_trace = False {{(pid=104156) log_opt_values /opt/stack/data/venv/lib/python3.12/site-packages/oslo_config/cfg.py:3006}}
Apr 07 19:35:43.114970 np0000164075 neutron-periodic-workers[104156]: DEBUG cotyledon.oslo_config_glue [-] database.db_inc_retry_interval = True {{(pid=104156) log_opt_values /opt/stack/data/venv/lib/python3.12/site-packages/oslo_config/cfg.py:3006}}
Apr 07 19:35:43.114970 np0000164075 neutron-periodic-workers[104156]: DEBUG cotyledon.oslo_config_glue [-] database.db_max_retries = 20 {{(pid=104156) log_opt_values /opt/stack/data/venv/lib/python3.12/site-packages/oslo_config/cfg.py:3006}}
Apr 07 19:35:43.114970 np0000164075 neutron-periodic-workers[104156]: DEBUG cotyledon.oslo_config_glue [-] database.db_max_retry_interval = 10 {{(pid=104156) log_opt_values /opt/stack/data/venv/lib/python3.12/site-packages/oslo_config/cfg.py:3006}}
Apr 07 19:35:43.114970 np0000164075 neutron-periodic-workers[104156]: DEBUG cotyledon.oslo_config_glue [-] database.db_retry_interval = 1 {{(pid=104156) log_opt_values /opt/stack/data/venv/lib/python3.12/site-packages/oslo_config/cfg.py:3006}}
Apr 07 19:35:43.114970 np0000164075 neutron-periodic-workers[104156]: DEBUG cotyledon.oslo_config_glue [-] database.max_overflow = 50 {{(pid=104156) log_opt_values /opt/stack/data/venv/lib/python3.12/site-packages/oslo_config/cfg.py:3006}}
Apr 07 19:35:43.114970 np0000164075 neutron-periodic-workers[104156]: DEBUG cotyledon.oslo_config_glue [-] database.max_pool_size = 5 {{(pid=104156) log_opt_values /opt/stack/data/venv/lib/python3.12/site-packages/oslo_config/cfg.py:3006}}
Apr 07 19:35:43.114970 np0000164075 neutron-periodic-workers[104156]: DEBUG cotyledon.oslo_config_glue [-] database.max_retries = 10 {{(pid=104156) log_opt_values /opt/stack/data/venv/lib/python3.12/site-packages/oslo_config/cfg.py:3006}}
Apr 07 19:35:43.114970 np0000164075 neutron-periodic-workers[104156]: DEBUG cotyledon.oslo_config_glue [-] database.mysql_sql_mode = TRADITIONAL {{(pid=104156) log_opt_values /opt/stack/data/venv/lib/python3.12/site-packages/oslo_config/cfg.py:3006}}
Apr 07 19:35:43.114970 np0000164075 neutron-periodic-workers[104156]: DEBUG cotyledon.oslo_config_glue [-] database.mysql_wsrep_sync_wait = None {{(pid=104156) log_opt_values /opt/stack/data/venv/lib/python3.12/site-packages/oslo_config/cfg.py:3006}}
Apr 07 19:35:43.115233 np0000164075 neutron-periodic-workers[104156]: DEBUG cotyledon.oslo_config_glue [-] database.pool_timeout = None {{(pid=104156) log_opt_values /opt/stack/data/venv/lib/python3.12/site-packages/oslo_config/cfg.py:3006}}
Apr 07 19:35:43.115233 np0000164075 neutron-periodic-workers[104156]: DEBUG cotyledon.oslo_config_glue [-] database.retry_interval = 10 {{(pid=104156) log_opt_values /opt/stack/data/venv/lib/python3.12/site-packages/oslo_config/cfg.py:3006}}
Apr 07 19:35:43.115233 np0000164075 neutron-periodic-workers[104156]: DEBUG cotyledon.oslo_config_glue [-] database.slave_connection = **** {{(pid=104156) log_opt_values /opt/stack/data/venv/lib/python3.12/site-packages/oslo_config/cfg.py:3006}}
Apr 07 19:35:43.115233 np0000164075 neutron-periodic-workers[104156]: DEBUG cotyledon.oslo_config_glue [-] database.sqlite_synchronous = True {{(pid=104156) log_opt_values /opt/stack/data/venv/lib/python3.12/site-packages/oslo_config/cfg.py:3006}}
Apr 07 19:35:43.115233 np0000164075 neutron-periodic-workers[104156]: DEBUG cotyledon.oslo_config_glue [-] database.synchronous_reader = True {{(pid=104156) log_opt_values /opt/stack/data/venv/lib/python3.12/site-packages/oslo_config/cfg.py:3006}}
Apr 07 19:35:43.115233 np0000164075 neutron-periodic-workers[104156]: DEBUG cotyledon.oslo_config_glue [-] database.use_db_reconnect = False {{(pid=104156) log_opt_values /opt/stack/data/venv/lib/python3.12/site-packages/oslo_config/cfg.py:3006}}
Apr 07 19:35:43.115233 np0000164075 neutron-periodic-workers[104156]: DEBUG cotyledon.oslo_config_glue [-] ovn.bfd_min_rx = 1000 {{(pid=104156) log_opt_values /opt/stack/data/venv/lib/python3.12/site-packages/oslo_config/cfg.py:3006}}
Apr 07 19:35:43.115233 np0000164075 neutron-periodic-workers[104156]: DEBUG cotyledon.oslo_config_glue [-] ovn.bfd_min_tx = 100 {{(pid=104156) log_opt_values /opt/stack/data/venv/lib/python3.12/site-packages/oslo_config/cfg.py:3006}}
Apr 07 19:35:43.115233 np0000164075 neutron-periodic-workers[104156]: DEBUG cotyledon.oslo_config_glue [-] ovn.bfd_mult = 3 {{(pid=104156) log_opt_values /opt/stack/data/venv/lib/python3.12/site-packages/oslo_config/cfg.py:3006}}
Apr 07 19:35:43.115559 np0000164075 neutron-periodic-workers[104156]: DEBUG cotyledon.oslo_config_glue [-] ovn.broadcast_arps_to_all_routers = True {{(pid=104156) log_opt_values /opt/stack/data/venv/lib/python3.12/site-packages/oslo_config/cfg.py:3006}}
Apr 07 19:35:43.115559 np0000164075 neutron-periodic-workers[104156]: DEBUG cotyledon.oslo_config_glue [-] ovn.dhcp_default_lease_time = 43200 {{(pid=104156) log_opt_values /opt/stack/data/venv/lib/python3.12/site-packages/oslo_config/cfg.py:3006}}
Apr 07 19:35:43.115559 np0000164075 neutron-periodic-workers[104156]: DEBUG cotyledon.oslo_config_glue [-] ovn.disable_ovn_dhcp_for_baremetal_ports = False {{(pid=104156) log_opt_values /opt/stack/data/venv/lib/python3.12/site-packages/oslo_config/cfg.py:3006}}
Apr 07 19:35:43.115559 np0000164075 neutron-periodic-workers[104156]: DEBUG cotyledon.oslo_config_glue [-] ovn.dns_records_ovn_owned = False {{(pid=104156) log_opt_values /opt/stack/data/venv/lib/python3.12/site-packages/oslo_config/cfg.py:3006}}
Apr 07 19:35:43.115559 np0000164075 neutron-periodic-workers[104156]: DEBUG cotyledon.oslo_config_glue [-] ovn.dns_servers = [] {{(pid=104156) log_opt_values /opt/stack/data/venv/lib/python3.12/site-packages/oslo_config/cfg.py:3006}}
Apr 07 19:35:43.115559 np0000164075 neutron-periodic-workers[104156]: DEBUG cotyledon.oslo_config_glue [-] ovn.enable_distributed_floating_ip = False {{(pid=104156) log_opt_values /opt/stack/data/venv/lib/python3.12/site-packages/oslo_config/cfg.py:3006}}
Apr 07 19:35:43.115559 np0000164075 neutron-periodic-workers[104156]: DEBUG cotyledon.oslo_config_glue [-] ovn.fdb_age_threshold = 300 {{(pid=104156) log_opt_values /opt/stack/data/venv/lib/python3.12/site-packages/oslo_config/cfg.py:3006}}
Apr 07 19:35:43.115559 np0000164075 neutron-periodic-workers[104156]: DEBUG cotyledon.oslo_config_glue [-] ovn.ha_failover_strategy = normal {{(pid=104156) log_opt_values /opt/stack/data/venv/lib/python3.12/site-packages/oslo_config/cfg.py:3006}}
Apr 07 19:35:43.115559 np0000164075 neutron-periodic-workers[104156]: DEBUG cotyledon.oslo_config_glue [-] ovn.live_migration_activation_strategy = rarp {{(pid=104156) log_opt_values /opt/stack/data/venv/lib/python3.12/site-packages/oslo_config/cfg.py:3006}}
Apr 07 19:35:43.115744 np0000164075 neutron-periodic-workers[104156]: DEBUG cotyledon.oslo_config_glue [-] ovn.localnet_learn_fdb = False {{(pid=104156) log_opt_values /opt/stack/data/venv/lib/python3.12/site-packages/oslo_config/cfg.py:3006}}
Apr 07 19:35:43.115744 np0000164075 neutron-periodic-workers[104156]: DEBUG cotyledon.oslo_config_glue [-] ovn.mac_binding_age_threshold = 300 {{(pid=104156) log_opt_values /opt/stack/data/venv/lib/python3.12/site-packages/oslo_config/cfg.py:3006}}
Apr 07 19:35:43.115744 np0000164075 neutron-periodic-workers[104156]: DEBUG cotyledon.oslo_config_glue [-] ovn.neutron_sync_mode = log {{(pid=104156) log_opt_values /opt/stack/data/venv/lib/python3.12/site-packages/oslo_config/cfg.py:3006}}
Apr 07 19:35:43.115744 np0000164075 neutron-periodic-workers[104156]: DEBUG cotyledon.oslo_config_glue [-] ovn.ovn_dhcp4_global_options = {} {{(pid=104156) log_opt_values /opt/stack/data/venv/lib/python3.12/site-packages/oslo_config/cfg.py:3006}}
Apr 07 19:35:43.115744 np0000164075 neutron-periodic-workers[104156]: DEBUG cotyledon.oslo_config_glue [-] ovn.ovn_dhcp6_global_options = {} {{(pid=104156) log_opt_values /opt/stack/data/venv/lib/python3.12/site-packages/oslo_config/cfg.py:3006}}
Apr 07 19:35:43.115744 np0000164075 neutron-periodic-workers[104156]: DEBUG cotyledon.oslo_config_glue [-] ovn.ovn_l3_scheduler = leastloaded {{(pid=104156) log_opt_values /opt/stack/data/venv/lib/python3.12/site-packages/oslo_config/cfg.py:3006}}
Apr 07 19:35:43.115744 np0000164075 neutron-periodic-workers[104156]: DEBUG cotyledon.oslo_config_glue [-] ovn.ovn_metadata_enabled = True {{(pid=104156) log_opt_values /opt/stack/data/venv/lib/python3.12/site-packages/oslo_config/cfg.py:3006}}
Apr 07 19:35:43.115744 np0000164075 neutron-periodic-workers[104156]: DEBUG cotyledon.oslo_config_glue [-] ovn.ovn_nb_ca_cert = /opt/stack/data/CA/int-ca/ca-chain.pem {{(pid=104156) log_opt_values /opt/stack/data/venv/lib/python3.12/site-packages/oslo_config/cfg.py:3006}}
Apr 07 19:35:43.115744 np0000164075 neutron-periodic-workers[104156]: DEBUG cotyledon.oslo_config_glue [-] ovn.ovn_nb_certificate = /opt/stack/data/CA/int-ca/devstack-cert.crt {{(pid=104156) log_opt_values /opt/stack/data/venv/lib/python3.12/site-packages/oslo_config/cfg.py:3006}}
Apr 07 19:35:43.115976 np0000164075 neutron-periodic-workers[104156]: DEBUG cotyledon.oslo_config_glue [-] ovn.ovn_nb_connection = ['ssl:199.204.45.4:6641'] {{(pid=104156) log_opt_values /opt/stack/data/venv/lib/python3.12/site-packages/oslo_config/cfg.py:3006}}
Apr 07 19:35:43.115976 np0000164075 neutron-periodic-workers[104156]: DEBUG cotyledon.oslo_config_glue [-] ovn.ovn_nb_private_key = /opt/stack/data/CA/int-ca/private/devstack-cert.key {{(pid=104156) log_opt_values /opt/stack/data/venv/lib/python3.12/site-packages/oslo_config/cfg.py:3006}}
Apr 07 19:35:43.115976 np0000164075 neutron-periodic-workers[104156]: DEBUG cotyledon.oslo_config_glue [-] ovn.ovn_router_indirect_snat = False {{(pid=104156) log_opt_values /opt/stack/data/venv/lib/python3.12/site-packages/oslo_config/cfg.py:3006}}
Apr 07 19:35:43.115976 np0000164075 neutron-periodic-workers[104156]: DEBUG cotyledon.oslo_config_glue [-] ovn.ovn_sb_ca_cert = /opt/stack/data/CA/int-ca/ca-chain.pem {{(pid=104156) log_opt_values /opt/stack/data/venv/lib/python3.12/site-packages/oslo_config/cfg.py:3006}}
Apr 07 19:35:43.115976 np0000164075 neutron-periodic-workers[104156]: DEBUG cotyledon.oslo_config_glue [-] ovn.ovn_sb_certificate = /opt/stack/data/CA/int-ca/devstack-cert.crt {{(pid=104156) log_opt_values /opt/stack/data/venv/lib/python3.12/site-packages/oslo_config/cfg.py:3006}}
Apr 07 19:35:43.115976 np0000164075 neutron-periodic-workers[104156]: DEBUG cotyledon.oslo_config_glue [-] ovn.ovn_sb_connection = ['ssl:199.204.45.4:6642'] {{(pid=104156) log_opt_values /opt/stack/data/venv/lib/python3.12/site-packages/oslo_config/cfg.py:3006}}
Apr 07 19:35:43.115976 np0000164075 neutron-periodic-workers[104156]: DEBUG cotyledon.oslo_config_glue [-] ovn.ovn_sb_private_key = /opt/stack/data/CA/int-ca/private/devstack-cert.key {{(pid=104156) log_opt_values /opt/stack/data/venv/lib/python3.12/site-packages/oslo_config/cfg.py:3006}}
Apr 07 19:35:43.115976 np0000164075 neutron-periodic-workers[104156]: DEBUG cotyledon.oslo_config_glue [-] ovn.ovs_create_tap = False {{(pid=104156) log_opt_values /opt/stack/data/venv/lib/python3.12/site-packages/oslo_config/cfg.py:3006}}
Apr 07 19:35:43.116135 np0000164075 neutron-periodic-workers[104156]: DEBUG cotyledon.oslo_config_glue [-] ovn.ovsdb_connection_timeout = 180 {{(pid=104156) log_opt_values /opt/stack/data/venv/lib/python3.12/site-packages/oslo_config/cfg.py:3006}}
Apr 07 19:35:43.116135 np0000164075 neutron-periodic-workers[104156]: DEBUG cotyledon.oslo_config_glue [-] ovn.ovsdb_log_level = INFO {{(pid=104156) log_opt_values /opt/stack/data/venv/lib/python3.12/site-packages/oslo_config/cfg.py:3006}}
Apr 07 19:35:43.116135 np0000164075 neutron-periodic-workers[104156]: DEBUG cotyledon.oslo_config_glue [-] ovn.ovsdb_probe_interval = 60000 {{(pid=104156) log_opt_values /opt/stack/data/venv/lib/python3.12/site-packages/oslo_config/cfg.py:3006}}
Apr 07 19:35:43.116135 np0000164075 neutron-periodic-workers[104156]: DEBUG cotyledon.oslo_config_glue [-] ovn.ovsdb_retry_max_interval = 180 {{(pid=104156) log_opt_values /opt/stack/data/venv/lib/python3.12/site-packages/oslo_config/cfg.py:3006}}
Apr 07 19:35:43.116135 np0000164075 neutron-periodic-workers[104156]: DEBUG cotyledon.oslo_config_glue [-] ovn.stateless_nat_enabled = False {{(pid=104156) log_opt_values /opt/stack/data/venv/lib/python3.12/site-packages/oslo_config/cfg.py:3006}}
Apr 07 19:35:43.116135 np0000164075 neutron-periodic-workers[104156]: DEBUG cotyledon.oslo_config_glue [-] ovn.vhost_sock_dir = /var/run/openvswitch {{(pid=104156) log_opt_values /opt/stack/data/venv/lib/python3.12/site-packages/oslo_config/cfg.py:3006}}
Apr 07 19:35:43.116135 np0000164075 neutron-periodic-workers[104156]: DEBUG cotyledon.oslo_config_glue [-] OVS.bridge_mac_table_size = 50000 {{(pid=104156) log_opt_values /opt/stack/data/venv/lib/python3.12/site-packages/oslo_config/cfg.py:3006}}
Apr 07 19:35:43.116135 np0000164075 neutron-periodic-workers[104156]: DEBUG cotyledon.oslo_config_glue [-] OVS.igmp_flood = False {{(pid=104156) log_opt_values /opt/stack/data/venv/lib/python3.12/site-packages/oslo_config/cfg.py:3006}}
Apr 07 19:35:43.116135 np0000164075 neutron-periodic-workers[104156]: DEBUG cotyledon.oslo_config_glue [-] OVS.igmp_flood_reports = True {{(pid=104156) log_opt_values /opt/stack/data/venv/lib/python3.12/site-packages/oslo_config/cfg.py:3006}}
Apr 07 19:35:43.116322 np0000164075 neutron-periodic-workers[104156]: DEBUG cotyledon.oslo_config_glue [-] OVS.igmp_flood_unregistered = False {{(pid=104156) log_opt_values /opt/stack/data/venv/lib/python3.12/site-packages/oslo_config/cfg.py:3006}}
Apr 07 19:35:43.116322 np0000164075 neutron-periodic-workers[104156]: DEBUG cotyledon.oslo_config_glue [-] OVS.igmp_snooping_enable = False {{(pid=104156) log_opt_values /opt/stack/data/venv/lib/python3.12/site-packages/oslo_config/cfg.py:3006}}
Apr 07 19:35:43.116322 np0000164075 neutron-periodic-workers[104156]: DEBUG cotyledon.oslo_config_glue [-] OVS.ovsdb_timeout = 10 {{(pid=104156) log_opt_values /opt/stack/data/venv/lib/python3.12/site-packages/oslo_config/cfg.py:3006}}
Apr 07 19:35:43.116322 np0000164075 neutron-periodic-workers[104156]: DEBUG cotyledon.oslo_config_glue [-] ovn_nb_global.fdb_removal_limit = 0 {{(pid=104156) log_opt_values /opt/stack/data/venv/lib/python3.12/site-packages/oslo_config/cfg.py:3006}}
Apr 07 19:35:43.116322 np0000164075 neutron-periodic-workers[104156]: DEBUG cotyledon.oslo_config_glue [-] ovn_nb_global.ignore_lsp_down = False {{(pid=104156) log_opt_values /opt/stack/data/venv/lib/python3.12/site-packages/oslo_config/cfg.py:3006}}
Apr 07 19:35:43.116322 np0000164075 neutron-periodic-workers[104156]: DEBUG cotyledon.oslo_config_glue [-] ovn_nb_global.mac_binding_removal_limit = 0 {{(pid=104156) log_opt_values /opt/stack/data/venv/lib/python3.12/site-packages/oslo_config/cfg.py:3006}}
Apr 07 19:35:43.116322 np0000164075 neutron-periodic-workers[104156]: DEBUG cotyledon.oslo_config_glue [-] ******************************************************************************** {{(pid=104156) log_opt_values /opt/stack/data/venv/lib/python3.12/site-packages/oslo_config/cfg.py:3013}}
Apr 07 19:35:43.116322 np0000164075 neutron-periodic-workers[104156]: DEBUG cotyledon._service_worker [-] Run service ServiceWrapper(0) [104156] {{(pid=104156) wait_forever /opt/stack/data/venv/lib/python3.12/site-packages/cotyledon/_service_worker.py:218}}
Apr 07 19:35:52.707801 np0000164075 neutron-periodic-workers[103387]: DEBUG dbcounter [-] [103387] Writing DB stats neutron:SELECT=4 {{(pid=103387) stat_writer /opt/stack/data/venv/lib/python3.12/site-packages/dbcounter.py:115}}
Apr 07 19:36:43.129175 np0000164075 neutron-periodic-workers[104156]: DEBUG oslo_db.sqlalchemy.engines [None req-0202299b-ca4c-42ca-9ef8-5378acab4dda None None] Parent process 103387 forked (104156) with an open database connection, which is being discarded and recreated. {{(pid=104156) checkout /opt/stack/data/venv/lib/python3.12/site-packages/oslo_db/sqlalchemy/engines.py:402}}
Apr 07 19:36:43.162639 np0000164075 neutron-periodic-workers[104156]: DEBUG dbcounter [-] [104156] Writer thread running {{(pid=104156) stat_writer /opt/stack/data/venv/lib/python3.12/site-packages/dbcounter.py:102}}
Apr 07 19:36:43.173294 np0000164075 neutron-periodic-workers[104156]: DEBUG oslo.service.backend._threading.loopingcall [None req-0202299b-ca4c-42ca-9ef8-5378acab4dda None None] Fixed interval looping call 'neutron.services.ovn_l3.plugin.L3_NAT_dbonly_mixin._clean_garbage' sleeping for 299.95 seconds {{(pid=104156) _run_loop /opt/stack/data/venv/lib/python3.12/site-packages/oslo_service/backend/_threading/loopingcall.py:125}}
Apr 07 19:36:45.065510 np0000164075 neutron-periodic-workers[104121]: DEBUG dbcounter [-] [104121] Writer thread running {{(pid=104121) stat_writer /opt/stack/data/venv/lib/python3.12/site-packages/dbcounter.py:102}}
Apr 07 19:36:45.132720 np0000164075 neutron-periodic-workers[104121]: DEBUG oslo.service.backend._threading.loopingcall [None req-d64fce5c-522c-4478-9195-a2db78afefda None None] Fixed interval looping call 'neutron.plugins.ml2.plugin.DhcpAgentSchedulerDbMixin.remove_networks_from_down_agents' sleeping for 36.92 seconds {{(pid=104121) _run_loop /opt/stack/data/venv/lib/python3.12/site-packages/oslo_service/backend/_threading/loopingcall.py:125}}
Apr 07 19:36:48.106500 np0000164075 neutron-periodic-workers[104133]: DEBUG dbcounter [-] [104133] Writer thread running {{(pid=104133) stat_writer /opt/stack/data/venv/lib/python3.12/site-packages/dbcounter.py:102}}
Apr 07 19:36:48.109869 np0000164075 neutron-periodic-workers[104133]: DEBUG neutron.db.agents_db [None req-66fb458d-59dc-4288-8b2c-ea717d9144b0 None None] Agent healthcheck: found 0 active agents {{(pid=104133) agent_health_check /opt/stack/neutron/neutron/db/agents_db.py:317}}
Apr 07 19:36:48.110042 np0000164075 neutron-periodic-workers[104133]: DEBUG oslo.service.backend._threading.loopingcall [None req-66fb458d-59dc-4288-8b2c-ea717d9144b0 None None] Fixed interval looping call 'neutron.plugins.ml2.plugin.AgentDbMixin.agent_health_check' sleeping for 36.98 seconds {{(pid=104133) _run_loop /opt/stack/data/venv/lib/python3.12/site-packages/oslo_service/backend/_threading/loopingcall.py:125}}
Apr 07 19:36:53.163283 np0000164075 neutron-periodic-workers[104156]: DEBUG dbcounter [-] [104156] Writing DB stats neutron:SELECT=1 {{(pid=104156) stat_writer /opt/stack/data/venv/lib/python3.12/site-packages/dbcounter.py:115}}
Apr 07 19:36:55.100153 np0000164075 neutron-periodic-workers[104121]: DEBUG dbcounter [-] [104121] Writing DB stats neutron:SELECT=3 {{(pid=104121) stat_writer /opt/stack/data/venv/lib/python3.12/site-packages/dbcounter.py:115}}
Apr 07 19:36:58.107219 np0000164075 neutron-periodic-workers[104133]: DEBUG dbcounter [-] [104133] Writing DB stats neutron:SELECT=1 {{(pid=104133) stat_writer /opt/stack/data/venv/lib/python3.12/site-packages/dbcounter.py:115}}
Apr 07 19:37:22.062811 np0000164075 neutron-periodic-workers[104121]: DEBUG oslo.service.backend._threading.loopingcall [None req-d64fce5c-522c-4478-9195-a2db78afefda None None] Fixed interval looping call 'neutron.plugins.ml2.plugin.DhcpAgentSchedulerDbMixin.remove_networks_from_down_agents' sleeping for 36.99 seconds {{(pid=104121) _run_loop /opt/stack/data/venv/lib/python3.12/site-packages/oslo_service/backend/_threading/loopingcall.py:125}}
Apr 07 19:37:25.096937 np0000164075 neutron-periodic-workers[104133]: DEBUG neutron.db.agents_db [None req-66fb458d-59dc-4288-8b2c-ea717d9144b0 None None] Agent healthcheck: found 0 active agents {{(pid=104133) agent_health_check /opt/stack/neutron/neutron/db/agents_db.py:317}}
Apr 07 19:37:25.097509 np0000164075 neutron-periodic-workers[104133]: DEBUG oslo.service.backend._threading.loopingcall [None req-66fb458d-59dc-4288-8b2c-ea717d9144b0 None None] Fixed interval looping call 'neutron.plugins.ml2.plugin.AgentDbMixin.agent_health_check' sleeping for 36.99 seconds {{(pid=104133) _run_loop /opt/stack/data/venv/lib/python3.12/site-packages/oslo_service/backend/_threading/loopingcall.py:125}}
Apr 07 19:37:32.061190 np0000164075 neutron-periodic-workers[104121]: DEBUG dbcounter [-] [104121] Writing DB stats neutron:SELECT=3 {{(pid=104121) stat_writer /opt/stack/data/venv/lib/python3.12/site-packages/dbcounter.py:115}}
Apr 07 19:37:35.094720 np0000164075 neutron-periodic-workers[104133]: DEBUG dbcounter [-] [104133] Writing DB stats neutron:SELECT=1 {{(pid=104133) stat_writer /opt/stack/data/venv/lib/python3.12/site-packages/dbcounter.py:115}}
Apr 07 19:37:43.109849 np0000164075 neutron-periodic-workers[104144]: DEBUG dbcounter [-] [104144] Writer thread running {{(pid=104144) stat_writer /opt/stack/data/venv/lib/python3.12/site-packages/dbcounter.py:102}}
Apr 07 19:37:43.111888 np0000164075 neutron-periodic-workers[104144]: DEBUG oslo.service.backend._threading.loopingcall [None req-cff9f743-be1e-4df0-94aa-70766c666ca3 None None] Fixed interval looping call 'neutron.db.quota.driver_nolock.DbQuotaNoLockDriver._remove_expired_reservations' sleeping for 119.98 seconds {{(pid=104144) _run_loop /opt/stack/data/venv/lib/python3.12/site-packages/oslo_service/backend/_threading/loopingcall.py:125}}
Apr 07 19:37:53.111406 np0000164075 neutron-periodic-workers[104144]: DEBUG dbcounter [-] [104144] Writing DB stats neutron:DELETE=1 {{(pid=104144) stat_writer /opt/stack/data/venv/lib/python3.12/site-packages/dbcounter.py:115}}
Apr 07 19:37:59.061498 np0000164075 neutron-periodic-workers[104121]: DEBUG oslo.service.backend._threading.loopingcall [None req-d64fce5c-522c-4478-9195-a2db78afefda None None] Fixed interval looping call 'neutron.plugins.ml2.plugin.DhcpAgentSchedulerDbMixin.remove_networks_from_down_agents' sleeping for 36.99 seconds {{(pid=104121) _run_loop /opt/stack/data/venv/lib/python3.12/site-packages/oslo_service/backend/_threading/loopingcall.py:125}}
Apr 07 19:38:02.094392 np0000164075 neutron-periodic-workers[104133]: DEBUG neutron.db.agents_db [None req-66fb458d-59dc-4288-8b2c-ea717d9144b0 None None] Agent healthcheck: found 0 active agents {{(pid=104133) agent_health_check /opt/stack/neutron/neutron/db/agents_db.py:317}}
Apr 07 19:38:02.095672 np0000164075 neutron-periodic-workers[104133]: DEBUG oslo.service.backend._threading.loopingcall [None req-66fb458d-59dc-4288-8b2c-ea717d9144b0 None None] Fixed interval looping call 'neutron.plugins.ml2.plugin.AgentDbMixin.agent_health_check' sleeping for 36.99 seconds {{(pid=104133) _run_loop /opt/stack/data/venv/lib/python3.12/site-packages/oslo_service/backend/_threading/loopingcall.py:125}}
Apr 07 19:38:09.060812 np0000164075 neutron-periodic-workers[104121]: DEBUG dbcounter [-] [104121] Writing DB stats neutron:SELECT=3 {{(pid=104121) stat_writer /opt/stack/data/venv/lib/python3.12/site-packages/dbcounter.py:115}}
Apr 07 19:38:12.092294 np0000164075 neutron-periodic-workers[104133]: DEBUG dbcounter [-] [104133] Writing DB stats neutron:SELECT=1 {{(pid=104133) stat_writer /opt/stack/data/venv/lib/python3.12/site-packages/dbcounter.py:115}}
Apr 07 19:38:36.061908 np0000164075 neutron-periodic-workers[104121]: DEBUG oslo.service.backend._threading.loopingcall [None req-d64fce5c-522c-4478-9195-a2db78afefda None None] Fixed interval looping call 'neutron.plugins.ml2.plugin.DhcpAgentSchedulerDbMixin.remove_networks_from_down_agents' sleeping for 36.99 seconds {{(pid=104121) _run_loop /opt/stack/data/venv/lib/python3.12/site-packages/oslo_service/backend/_threading/loopingcall.py:125}}
Apr 07 19:38:39.090795 np0000164075 neutron-periodic-workers[104133]: DEBUG neutron.db.agents_db [None req-66fb458d-59dc-4288-8b2c-ea717d9144b0 None None] Agent healthcheck: found 0 active agents {{(pid=104133) agent_health_check /opt/stack/neutron/neutron/db/agents_db.py:317}}
Apr 07 19:38:39.091588 np0000164075 neutron-periodic-workers[104133]: DEBUG oslo.service.backend._threading.loopingcall [None req-66fb458d-59dc-4288-8b2c-ea717d9144b0 None None] Fixed interval looping call 'neutron.plugins.ml2.plugin.AgentDbMixin.agent_health_check' sleeping for 36.99 seconds {{(pid=104133) _run_loop /opt/stack/data/venv/lib/python3.12/site-packages/oslo_service/backend/_threading/loopingcall.py:125}}
Apr 07 19:38:46.060163 np0000164075 neutron-periodic-workers[104121]: DEBUG dbcounter [-] [104121] Writing DB stats neutron:SELECT=3 {{(pid=104121) stat_writer /opt/stack/data/venv/lib/python3.12/site-packages/dbcounter.py:115}}
Apr 07 19:38:49.089271 np0000164075 neutron-periodic-workers[104133]: DEBUG dbcounter [-] [104133] Writing DB stats neutron:SELECT=1 {{(pid=104133) stat_writer /opt/stack/data/venv/lib/python3.12/site-packages/dbcounter.py:115}}
Apr 07 19:39:13.061063 np0000164075 neutron-periodic-workers[104121]: DEBUG oslo.service.backend._threading.loopingcall [None req-d64fce5c-522c-4478-9195-a2db78afefda None None] Fixed interval looping call 'neutron.plugins.ml2.plugin.DhcpAgentSchedulerDbMixin.remove_networks_from_down_agents' sleeping for 36.99 seconds {{(pid=104121) _run_loop /opt/stack/data/venv/lib/python3.12/site-packages/oslo_service/backend/_threading/loopingcall.py:125}}
Apr 07 19:39:16.087681 np0000164075 neutron-periodic-workers[104133]: DEBUG neutron.db.agents_db [None req-66fb458d-59dc-4288-8b2c-ea717d9144b0 None None] Agent healthcheck: found 0 active agents {{(pid=104133) agent_health_check /opt/stack/neutron/neutron/db/agents_db.py:317}}
Apr 07 19:39:16.088274 np0000164075 neutron-periodic-workers[104133]: DEBUG oslo.service.backend._threading.loopingcall [None req-66fb458d-59dc-4288-8b2c-ea717d9144b0 None None] Fixed interval looping call 'neutron.plugins.ml2.plugin.AgentDbMixin.agent_health_check' sleeping for 36.99 seconds {{(pid=104133) _run_loop /opt/stack/data/venv/lib/python3.12/site-packages/oslo_service/backend/_threading/loopingcall.py:125}}
Apr 07 19:39:23.060723 np0000164075 neutron-periodic-workers[104121]: DEBUG dbcounter [-] [104121] Writing DB stats neutron:SELECT=3 {{(pid=104121) stat_writer /opt/stack/data/venv/lib/python3.12/site-packages/dbcounter.py:115}}
Apr 07 19:39:26.085435 np0000164075 neutron-periodic-workers[104133]: DEBUG dbcounter [-] [104133] Writing DB stats neutron:SELECT=1 {{(pid=104133) stat_writer /opt/stack/data/venv/lib/python3.12/site-packages/dbcounter.py:115}}
Apr 07 19:39:43.099154 np0000164075 neutron-periodic-workers[104144]: DEBUG oslo.service.backend._threading.loopingcall [None req-cff9f743-be1e-4df0-94aa-70766c666ca3 None None] Fixed interval looping call 'neutron.db.quota.driver_nolock.DbQuotaNoLockDriver._remove_expired_reservations' sleeping for 119.99 seconds {{(pid=104144) _run_loop /opt/stack/data/venv/lib/python3.12/site-packages/oslo_service/backend/_threading/loopingcall.py:125}}
Apr 07 19:39:50.059886 np0000164075 neutron-periodic-workers[104121]: DEBUG oslo.service.backend._threading.loopingcall [None req-d64fce5c-522c-4478-9195-a2db78afefda None None] Fixed interval looping call 'neutron.plugins.ml2.plugin.DhcpAgentSchedulerDbMixin.remove_networks_from_down_agents' sleeping for 36.99 seconds {{(pid=104121) _run_loop /opt/stack/data/venv/lib/python3.12/site-packages/oslo_service/backend/_threading/loopingcall.py:125}}
Apr 07 19:39:53.084627 np0000164075 neutron-periodic-workers[104133]: DEBUG neutron.db.agents_db [None req-66fb458d-59dc-4288-8b2c-ea717d9144b0 None None] Agent healthcheck: found 0 active agents {{(pid=104133) agent_health_check /opt/stack/neutron/neutron/db/agents_db.py:317}}
Apr 07 19:39:53.085889 np0000164075 neutron-periodic-workers[104133]: DEBUG oslo.service.backend._threading.loopingcall [None req-66fb458d-59dc-4288-8b2c-ea717d9144b0 None None] Fixed interval looping call 'neutron.plugins.ml2.plugin.AgentDbMixin.agent_health_check' sleeping for 36.99 seconds {{(pid=104133) _run_loop /opt/stack/data/venv/lib/python3.12/site-packages/oslo_service/backend/_threading/loopingcall.py:125}}
Apr 07 19:39:53.097624 np0000164075 neutron-periodic-workers[104144]: DEBUG dbcounter [-] [104144] Writing DB stats neutron:DELETE=1 {{(pid=104144) stat_writer /opt/stack/data/venv/lib/python3.12/site-packages/dbcounter.py:115}}
Apr 07 19:40:00.059354 np0000164075 neutron-periodic-workers[104121]: DEBUG dbcounter [-] [104121] Writing DB stats neutron:SELECT=3 {{(pid=104121) stat_writer /opt/stack/data/venv/lib/python3.12/site-packages/dbcounter.py:115}}
Apr 07 19:40:03.083229 np0000164075 neutron-periodic-workers[104133]: DEBUG dbcounter [-] [104133] Writing DB stats neutron:SELECT=1 {{(pid=104133) stat_writer /opt/stack/data/venv/lib/python3.12/site-packages/dbcounter.py:115}}
Apr 07 19:40:27.059098 np0000164075 neutron-periodic-workers[104121]: DEBUG oslo.service.backend._threading.loopingcall [None req-d64fce5c-522c-4478-9195-a2db78afefda None None] Fixed interval looping call 'neutron.plugins.ml2.plugin.DhcpAgentSchedulerDbMixin.remove_networks_from_down_agents' sleeping for 36.99 seconds {{(pid=104121) _run_loop /opt/stack/data/venv/lib/python3.12/site-packages/oslo_service/backend/_threading/loopingcall.py:125}}
Apr 07 19:40:30.081968 np0000164075 neutron-periodic-workers[104133]: DEBUG neutron.db.agents_db [None req-66fb458d-59dc-4288-8b2c-ea717d9144b0 None None] Agent healthcheck: found 0 active agents {{(pid=104133) agent_health_check /opt/stack/neutron/neutron/db/agents_db.py:317}}
Apr 07 19:40:30.082671 np0000164075 neutron-periodic-workers[104133]: DEBUG oslo.service.backend._threading.loopingcall [None req-66fb458d-59dc-4288-8b2c-ea717d9144b0 None None] Fixed interval looping call 'neutron.plugins.ml2.plugin.AgentDbMixin.agent_health_check' sleeping for 36.99 seconds {{(pid=104133) _run_loop /opt/stack/data/venv/lib/python3.12/site-packages/oslo_service/backend/_threading/loopingcall.py:125}}
Apr 07 19:40:37.057937 np0000164075 neutron-periodic-workers[104121]: DEBUG dbcounter [-] [104121] Writing DB stats neutron:SELECT=3 {{(pid=104121) stat_writer /opt/stack/data/venv/lib/python3.12/site-packages/dbcounter.py:115}}
Apr 07 19:40:40.080387 np0000164075 neutron-periodic-workers[104133]: DEBUG dbcounter [-] [104133] Writing DB stats neutron:SELECT=1 {{(pid=104133) stat_writer /opt/stack/data/venv/lib/python3.12/site-packages/dbcounter.py:115}}
Apr 07 19:41:04.061271 np0000164075 neutron-periodic-workers[104121]: DEBUG oslo.service.backend._threading.loopingcall [None req-d64fce5c-522c-4478-9195-a2db78afefda None None] Fixed interval looping call 'neutron.plugins.ml2.plugin.DhcpAgentSchedulerDbMixin.remove_networks_from_down_agents' sleeping for 36.99 seconds {{(pid=104121) _run_loop /opt/stack/data/venv/lib/python3.12/site-packages/oslo_service/backend/_threading/loopingcall.py:125}}
Apr 07 19:41:07.077632 np0000164075 neutron-periodic-workers[104133]: DEBUG neutron.db.agents_db [None req-66fb458d-59dc-4288-8b2c-ea717d9144b0 None None] Agent healthcheck: found 0 active agents {{(pid=104133) agent_health_check /opt/stack/neutron/neutron/db/agents_db.py:317}}
Apr 07 19:41:07.078243 np0000164075 neutron-periodic-workers[104133]: DEBUG oslo.service.backend._threading.loopingcall [None req-66fb458d-59dc-4288-8b2c-ea717d9144b0 None None] Fixed interval looping call 'neutron.plugins.ml2.plugin.AgentDbMixin.agent_health_check' sleeping for 36.99 seconds {{(pid=104133) _run_loop /opt/stack/data/venv/lib/python3.12/site-packages/oslo_service/backend/_threading/loopingcall.py:125}}
Apr 07 19:41:14.059280 np0000164075 neutron-periodic-workers[104121]: DEBUG dbcounter [-] [104121] Writing DB stats neutron:SELECT=3 {{(pid=104121) stat_writer /opt/stack/data/venv/lib/python3.12/site-packages/dbcounter.py:115}}
Apr 07 19:41:17.076070 np0000164075 neutron-periodic-workers[104133]: DEBUG dbcounter [-] [104133] Writing DB stats neutron:SELECT=1 {{(pid=104133) stat_writer /opt/stack/data/venv/lib/python3.12/site-packages/dbcounter.py:115}}
Apr 07 19:41:41.064349 np0000164075 neutron-periodic-workers[104121]: DEBUG oslo.service.backend._threading.loopingcall [None req-d64fce5c-522c-4478-9195-a2db78afefda None None] Fixed interval looping call 'neutron.plugins.ml2.plugin.DhcpAgentSchedulerDbMixin.remove_networks_from_down_agents' sleeping for 36.99 seconds {{(pid=104121) _run_loop /opt/stack/data/venv/lib/python3.12/site-packages/oslo_service/backend/_threading/loopingcall.py:125}}
Apr 07 19:41:43.095492 np0000164075 neutron-periodic-workers[104144]: DEBUG oslo.service.backend._threading.loopingcall [None req-cff9f743-be1e-4df0-94aa-70766c666ca3 None None] Fixed interval looping call 'neutron.db.quota.driver_nolock.DbQuotaNoLockDriver._remove_expired_reservations' sleeping for 119.99 seconds {{(pid=104144) _run_loop /opt/stack/data/venv/lib/python3.12/site-packages/oslo_service/backend/_threading/loopingcall.py:125}}
Apr 07 19:41:43.133669 np0000164075 neutron-periodic-workers[104156]: DEBUG oslo.service.backend._threading.loopingcall [None req-0202299b-ca4c-42ca-9ef8-5378acab4dda None None] Fixed interval looping call 'neutron.services.ovn_l3.plugin.L3_NAT_dbonly_mixin._clean_garbage' sleeping for 299.99 seconds {{(pid=104156) _run_loop /opt/stack/data/venv/lib/python3.12/site-packages/oslo_service/backend/_threading/loopingcall.py:125}}
Apr 07 19:41:44.074269 np0000164075 neutron-periodic-workers[104133]: DEBUG neutron.db.agents_db [None req-66fb458d-59dc-4288-8b2c-ea717d9144b0 None None] Agent healthcheck: found 0 active agents {{(pid=104133) agent_health_check /opt/stack/neutron/neutron/db/agents_db.py:317}}
Apr 07 19:41:44.075156 np0000164075 neutron-periodic-workers[104133]: DEBUG oslo.service.backend._threading.loopingcall [None req-66fb458d-59dc-4288-8b2c-ea717d9144b0 None None] Fixed interval looping call 'neutron.plugins.ml2.plugin.AgentDbMixin.agent_health_check' sleeping for 36.99 seconds {{(pid=104133) _run_loop /opt/stack/data/venv/lib/python3.12/site-packages/oslo_service/backend/_threading/loopingcall.py:125}}
Apr 07 19:41:51.061149 np0000164075 neutron-periodic-workers[104121]: DEBUG dbcounter [-] [104121] Writing DB stats neutron:SELECT=3 {{(pid=104121) stat_writer /opt/stack/data/venv/lib/python3.12/site-packages/dbcounter.py:115}}
Apr 07 19:41:53.094223 np0000164075 neutron-periodic-workers[104144]: DEBUG dbcounter [-] [104144] Writing DB stats neutron:DELETE=1 {{(pid=104144) stat_writer /opt/stack/data/venv/lib/python3.12/site-packages/dbcounter.py:115}}
Apr 07 19:41:53.127737 np0000164075 neutron-periodic-workers[104156]: DEBUG dbcounter [-] [104156] Writing DB stats neutron:SELECT=1 {{(pid=104156) stat_writer /opt/stack/data/venv/lib/python3.12/site-packages/dbcounter.py:115}}
Apr 07 19:41:54.073077 np0000164075 neutron-periodic-workers[104133]: DEBUG dbcounter [-] [104133] Writing DB stats neutron:SELECT=1 {{(pid=104133) stat_writer /opt/stack/data/venv/lib/python3.12/site-packages/dbcounter.py:115}}
Apr 07 19:42:18.064506 np0000164075 neutron-periodic-workers[104121]: DEBUG oslo.service.backend._threading.loopingcall [None req-d64fce5c-522c-4478-9195-a2db78afefda None None] Fixed interval looping call 'neutron.plugins.ml2.plugin.DhcpAgentSchedulerDbMixin.remove_networks_from_down_agents' sleeping for 36.99 seconds {{(pid=104121) _run_loop /opt/stack/data/venv/lib/python3.12/site-packages/oslo_service/backend/_threading/loopingcall.py:125}}
Apr 07 19:42:21.069738 np0000164075 neutron-periodic-workers[104133]: DEBUG neutron.db.agents_db [None req-66fb458d-59dc-4288-8b2c-ea717d9144b0 None None] Agent healthcheck: found 0 active agents {{(pid=104133) agent_health_check /opt/stack/neutron/neutron/db/agents_db.py:317}}
Apr 07 19:42:21.070110 np0000164075 neutron-periodic-workers[104133]: DEBUG oslo.service.backend._threading.loopingcall [None req-66fb458d-59dc-4288-8b2c-ea717d9144b0 None None] Fixed interval looping call 'neutron.plugins.ml2.plugin.AgentDbMixin.agent_health_check' sleeping for 36.99 seconds {{(pid=104133) _run_loop /opt/stack/data/venv/lib/python3.12/site-packages/oslo_service/backend/_threading/loopingcall.py:125}}
Apr 07 19:42:28.063654 np0000164075 neutron-periodic-workers[104121]: DEBUG dbcounter [-] [104121] Writing DB stats neutron:SELECT=3 {{(pid=104121) stat_writer /opt/stack/data/venv/lib/python3.12/site-packages/dbcounter.py:115}}
Apr 07 19:42:31.069144 np0000164075 neutron-periodic-workers[104133]: DEBUG dbcounter [-] [104133] Writing DB stats neutron:SELECT=1 {{(pid=104133) stat_writer /opt/stack/data/venv/lib/python3.12/site-packages/dbcounter.py:115}}
Apr 07 19:42:55.065983 np0000164075 neutron-periodic-workers[104121]: DEBUG oslo.service.backend._threading.loopingcall [None req-d64fce5c-522c-4478-9195-a2db78afefda None None] Fixed interval looping call 'neutron.plugins.ml2.plugin.DhcpAgentSchedulerDbMixin.remove_networks_from_down_agents' sleeping for 36.99 seconds {{(pid=104121) _run_loop /opt/stack/data/venv/lib/python3.12/site-packages/oslo_service/backend/_threading/loopingcall.py:125}}
Apr 07 19:42:58.065991 np0000164075 neutron-periodic-workers[104133]: DEBUG neutron.db.agents_db [None req-66fb458d-59dc-4288-8b2c-ea717d9144b0 None None] Agent healthcheck: found 0 active agents {{(pid=104133) agent_health_check /opt/stack/neutron/neutron/db/agents_db.py:317}}
Apr 07 19:42:58.066742 np0000164075 neutron-periodic-workers[104133]: DEBUG oslo.service.backend._threading.loopingcall [None req-66fb458d-59dc-4288-8b2c-ea717d9144b0 None None] Fixed interval looping call 'neutron.plugins.ml2.plugin.AgentDbMixin.agent_health_check' sleeping for 36.99 seconds {{(pid=104133) _run_loop /opt/stack/data/venv/lib/python3.12/site-packages/oslo_service/backend/_threading/loopingcall.py:125}}
Apr 07 19:43:05.064605 np0000164075 neutron-periodic-workers[104121]: DEBUG dbcounter [-] [104121] Writing DB stats neutron:SELECT=3 {{(pid=104121) stat_writer /opt/stack/data/venv/lib/python3.12/site-packages/dbcounter.py:115}}
Apr 07 19:43:08.064800 np0000164075 neutron-periodic-workers[104133]: DEBUG dbcounter [-] [104133] Writing DB stats neutron:SELECT=1 {{(pid=104133) stat_writer /opt/stack/data/venv/lib/python3.12/site-packages/dbcounter.py:115}}
Apr 07 19:43:32.064983 np0000164075 neutron-periodic-workers[104121]: DEBUG oslo.service.backend._threading.loopingcall [None req-d64fce5c-522c-4478-9195-a2db78afefda None None] Fixed interval looping call 'neutron.plugins.ml2.plugin.DhcpAgentSchedulerDbMixin.remove_networks_from_down_agents' sleeping for 36.99 seconds {{(pid=104121) _run_loop /opt/stack/data/venv/lib/python3.12/site-packages/oslo_service/backend/_threading/loopingcall.py:125}}
Apr 07 19:43:35.062501 np0000164075 neutron-periodic-workers[104133]: DEBUG neutron.db.agents_db [None req-66fb458d-59dc-4288-8b2c-ea717d9144b0 None None] Agent healthcheck: found 0 active agents {{(pid=104133) agent_health_check /opt/stack/neutron/neutron/db/agents_db.py:317}}
Apr 07 19:43:35.063249 np0000164075 neutron-periodic-workers[104133]: DEBUG oslo.service.backend._threading.loopingcall [None req-66fb458d-59dc-4288-8b2c-ea717d9144b0 None None] Fixed interval looping call 'neutron.plugins.ml2.plugin.AgentDbMixin.agent_health_check' sleeping for 36.99 seconds {{(pid=104133) _run_loop /opt/stack/data/venv/lib/python3.12/site-packages/oslo_service/backend/_threading/loopingcall.py:125}}
Apr 07 19:43:42.064135 np0000164075 neutron-periodic-workers[104121]: DEBUG dbcounter [-] [104121] Writing DB stats neutron:SELECT=3 {{(pid=104121) stat_writer /opt/stack/data/venv/lib/python3.12/site-packages/dbcounter.py:115}}
Apr 07 19:43:43.089423 np0000164075 neutron-periodic-workers[104144]: DEBUG oslo.service.backend._threading.loopingcall [None req-cff9f743-be1e-4df0-94aa-70766c666ca3 None None] Fixed interval looping call 'neutron.db.quota.driver_nolock.DbQuotaNoLockDriver._remove_expired_reservations' sleeping for 120.00 seconds {{(pid=104144) _run_loop /opt/stack/data/venv/lib/python3.12/site-packages/oslo_service/backend/_threading/loopingcall.py:125}}
Apr 07 19:43:45.060386 np0000164075 neutron-periodic-workers[104133]: DEBUG dbcounter [-] [104133] Writing DB stats neutron:SELECT=1 {{(pid=104133) stat_writer /opt/stack/data/venv/lib/python3.12/site-packages/dbcounter.py:115}}
Apr 07 19:43:53.089422 np0000164075 neutron-periodic-workers[104144]: DEBUG dbcounter [-] [104144] Writing DB stats neutron:DELETE=1 {{(pid=104144) stat_writer /opt/stack/data/venv/lib/python3.12/site-packages/dbcounter.py:115}}
Apr 07 19:44:09.065097 np0000164075 neutron-periodic-workers[104121]: DEBUG oslo.service.backend._threading.loopingcall [None req-d64fce5c-522c-4478-9195-a2db78afefda None None] Fixed interval looping call 'neutron.plugins.ml2.plugin.DhcpAgentSchedulerDbMixin.remove_networks_from_down_agents' sleeping for 36.99 seconds {{(pid=104121) _run_loop /opt/stack/data/venv/lib/python3.12/site-packages/oslo_service/backend/_threading/loopingcall.py:125}}
Apr 07 19:44:12.058785 np0000164075 neutron-periodic-workers[104133]: DEBUG neutron.db.agents_db [None req-66fb458d-59dc-4288-8b2c-ea717d9144b0 None None] Agent healthcheck: found 0 active agents {{(pid=104133) agent_health_check /opt/stack/neutron/neutron/db/agents_db.py:317}}
Apr 07 19:44:12.059389 np0000164075 neutron-periodic-workers[104133]: DEBUG oslo.service.backend._threading.loopingcall [None req-66fb458d-59dc-4288-8b2c-ea717d9144b0 None None] Fixed interval looping call 'neutron.plugins.ml2.plugin.AgentDbMixin.agent_health_check' sleeping for 36.99 seconds {{(pid=104133) _run_loop /opt/stack/data/venv/lib/python3.12/site-packages/oslo_service/backend/_threading/loopingcall.py:125}}
Apr 07 19:44:19.064435 np0000164075 neutron-periodic-workers[104121]: DEBUG dbcounter [-] [104121] Writing DB stats neutron:SELECT=3 {{(pid=104121) stat_writer /opt/stack/data/venv/lib/python3.12/site-packages/dbcounter.py:115}}
Apr 07 19:44:22.057001 np0000164075 neutron-periodic-workers[104133]: DEBUG dbcounter [-] [104133] Writing DB stats neutron:SELECT=1 {{(pid=104133) stat_writer /opt/stack/data/venv/lib/python3.12/site-packages/dbcounter.py:115}}
Apr 07 19:44:46.067796 np0000164075 neutron-periodic-workers[104121]: DEBUG oslo.service.backend._threading.loopingcall [None req-d64fce5c-522c-4478-9195-a2db78afefda None None] Fixed interval looping call 'neutron.plugins.ml2.plugin.DhcpAgentSchedulerDbMixin.remove_networks_from_down_agents' sleeping for 36.99 seconds {{(pid=104121) _run_loop /opt/stack/data/venv/lib/python3.12/site-packages/oslo_service/backend/_threading/loopingcall.py:125}}
Apr 07 19:44:49.056287 np0000164075 neutron-periodic-workers[104133]: DEBUG neutron.db.agents_db [None req-66fb458d-59dc-4288-8b2c-ea717d9144b0 None None] Agent healthcheck: found 0 active agents {{(pid=104133) agent_health_check /opt/stack/neutron/neutron/db/agents_db.py:317}}
Apr 07 19:44:49.056287 np0000164075 neutron-periodic-workers[104133]: DEBUG oslo.service.backend._threading.loopingcall [None req-66fb458d-59dc-4288-8b2c-ea717d9144b0 None None] Fixed interval looping call 'neutron.plugins.ml2.plugin.AgentDbMixin.agent_health_check' sleeping for 36.99 seconds {{(pid=104133) _run_loop /opt/stack/data/venv/lib/python3.12/site-packages/oslo_service/backend/_threading/loopingcall.py:125}}
Apr 07 19:44:56.065067 np0000164075 neutron-periodic-workers[104121]: DEBUG dbcounter [-] [104121] Writing DB stats neutron:SELECT=3 {{(pid=104121) stat_writer /opt/stack/data/venv/lib/python3.12/site-packages/dbcounter.py:115}}
Apr 07 19:44:59.053962 np0000164075 neutron-periodic-workers[104133]: DEBUG dbcounter [-] [104133] Writing DB stats neutron:SELECT=1 {{(pid=104133) stat_writer /opt/stack/data/venv/lib/python3.12/site-packages/dbcounter.py:115}}
Apr 07 19:45:23.072562 np0000164075 neutron-periodic-workers[104121]: DEBUG oslo.service.backend._threading.loopingcall [None req-d64fce5c-522c-4478-9195-a2db78afefda None None] Fixed interval looping call 'neutron.plugins.ml2.plugin.DhcpAgentSchedulerDbMixin.remove_networks_from_down_agents' sleeping for 36.99 seconds {{(pid=104121) _run_loop /opt/stack/data/venv/lib/python3.12/site-packages/oslo_service/backend/_threading/loopingcall.py:125}}
Apr 07 19:45:26.051630 np0000164075 neutron-periodic-workers[104133]: DEBUG neutron.db.agents_db [None req-66fb458d-59dc-4288-8b2c-ea717d9144b0 None None] Agent healthcheck: found 0 active agents {{(pid=104133) agent_health_check /opt/stack/neutron/neutron/db/agents_db.py:317}}
Apr 07 19:45:26.051630 np0000164075 neutron-periodic-workers[104133]: DEBUG oslo.service.backend._threading.loopingcall [None req-66fb458d-59dc-4288-8b2c-ea717d9144b0 None None] Fixed interval looping call 'neutron.plugins.ml2.plugin.AgentDbMixin.agent_health_check' sleeping for 37.00 seconds {{(pid=104133) _run_loop /opt/stack/data/venv/lib/python3.12/site-packages/oslo_service/backend/_threading/loopingcall.py:125}}
Apr 07 19:45:33.069951 np0000164075 neutron-periodic-workers[104121]: DEBUG dbcounter [-] [104121] Writing DB stats neutron:SELECT=3 {{(pid=104121) stat_writer /opt/stack/data/venv/lib/python3.12/site-packages/dbcounter.py:115}}
Apr 07 19:45:36.050390 np0000164075 neutron-periodic-workers[104133]: DEBUG dbcounter [-] [104133] Writing DB stats neutron:SELECT=1 {{(pid=104133) stat_writer /opt/stack/data/venv/lib/python3.12/site-packages/dbcounter.py:115}}
