Apr 07 19:40:27.138961 np0000164075 devstack@neutron-api.service[102393]: DEBUG futurist.periodics [-] Submitting periodic callback 'neutron.plugins.ml2.drivers.ovn.mech_driver.ovsdb.maintenance.HashRingHealthCheckPeriodics.touch_hash_ring_node' {{(pid=102393) _process_scheduled /opt/stack/data/venv/lib/python3.12/site-packages/futurist/periodics.py:784}}
Apr 07 19:40:27.140481 np0000164075 devstack@neutron-api.service[102393]: DEBUG neutron.plugins.ml2.drivers.ovn.mech_driver.ovsdb.maintenance [-] Touching Hash Ring node "643155eafdeb509d9cd23d79b1c9bfbd" from periodic health check thread {{(pid=102393) touch_hash_ring_node /opt/stack/neutron/neutron/plugins/ml2/drivers/ovn/mech_driver/ovsdb/maintenance.py:1232}}
Apr 07 19:40:27.571674 np0000164075 devstack@neutron-api.service[102395]: DEBUG dbcounter [-] [102395] Writing DB stats neutron:UPDATE=1,neutron:SELECT=5,neutron:INSERT=1 {{(pid=102395) stat_writer /opt/stack/data/venv/lib/python3.12/site-packages/dbcounter.py:115}}
Apr 07 19:40:27.912474 np0000164075 devstack@neutron-api.service[102396]: DEBUG dbcounter [-] [102396] Writing DB stats neutron:UPDATE=1,neutron:SELECT=5,neutron:INSERT=1 {{(pid=102396) stat_writer /opt/stack/data/venv/lib/python3.12/site-packages/dbcounter.py:115}}
Apr 07 19:40:28.116244 np0000164075 devstack@neutron-api.service[102394]: DEBUG futurist.periodics [-] Submitting periodic callback 'neutron.plugins.ml2.drivers.ovn.mech_driver.ovsdb.maintenance.HashRingHealthCheckPeriodics.touch_hash_ring_node' {{(pid=102394) _process_scheduled /opt/stack/data/venv/lib/python3.12/site-packages/futurist/periodics.py:784}}
Apr 07 19:40:28.117377 np0000164075 devstack@neutron-api.service[102394]: DEBUG neutron.plugins.ml2.drivers.ovn.mech_driver.ovsdb.maintenance [-] Touching Hash Ring node "5a031fbc03255e8398fb744071ef0112" from periodic health check thread {{(pid=102394) touch_hash_ring_node /opt/stack/neutron/neutron/plugins/ml2/drivers/ovn/mech_driver/ovsdb/maintenance.py:1232}}
Apr 07 19:40:28.147655 np0000164075 devstack@neutron-api.service[102395]: DEBUG futurist.periodics [-] Submitting periodic callback 'neutron.plugins.ml2.drivers.ovn.mech_driver.ovsdb.maintenance.HashRingHealthCheckPeriodics.touch_hash_ring_node' {{(pid=102395) _process_scheduled /opt/stack/data/venv/lib/python3.12/site-packages/futurist/periodics.py:784}}
Apr 07 19:40:28.149026 np0000164075 devstack@neutron-api.service[102395]: DEBUG neutron.plugins.ml2.drivers.ovn.mech_driver.ovsdb.maintenance [-] Touching Hash Ring node "5a282a17a0235cc0a732d2dd724017f2" from periodic health check thread {{(pid=102395) touch_hash_ring_node /opt/stack/neutron/neutron/plugins/ml2/drivers/ovn/mech_driver/ovsdb/maintenance.py:1232}}
Apr 07 19:40:28.641116 np0000164075 devstack@neutron-api.service[102396]: DEBUG futurist.periodics [-] Submitting periodic callback 'neutron.plugins.ml2.drivers.ovn.mech_driver.ovsdb.maintenance.HashRingHealthCheckPeriodics.touch_hash_ring_node' {{(pid=102396) _process_scheduled /opt/stack/data/venv/lib/python3.12/site-packages/futurist/periodics.py:784}}
Apr 07 19:40:28.642462 np0000164075 devstack@neutron-api.service[102396]: DEBUG neutron.plugins.ml2.drivers.ovn.mech_driver.ovsdb.maintenance [-] Touching Hash Ring node "ca43d0aeb3ca5b2a8a7ad245edb8f639" from periodic health check thread {{(pid=102396) touch_hash_ring_node /opt/stack/neutron/neutron/plugins/ml2/drivers/ovn/mech_driver/ovsdb/maintenance.py:1232}}
Apr 07 19:40:32.922264 np0000164075 devstack@neutron-api.service[102393]: DEBUG neutron.pecan_wsgi.hooks.policy_enforcement [None req-7d539c11-1cca-4cc2-b3f7-46a1202cce5d admin admin] Attributes excluded by policy engine: ['standard_attr_id'] {{(pid=102393) _exclude_attributes_by_policy /opt/stack/neutron/neutron/pecan_wsgi/hooks/policy_enforcement.py:258}}
Apr 07 19:40:32.926628 np0000164075 devstack@neutron-api.service[102393]: DEBUG neutron.pecan_wsgi.hooks.policy_enforcement [None req-7d539c11-1cca-4cc2-b3f7-46a1202cce5d admin admin] Attributes excluded by policy engine: ['standard_attr_id'] {{(pid=102393) _exclude_attributes_by_policy /opt/stack/neutron/neutron/pecan_wsgi/hooks/policy_enforcement.py:258}}
Apr 07 19:40:32.927756 np0000164075 devstack@neutron-api.service[102393]: [pid: 102393|app: 0|req: 24/90] 199.204.45.4 () {64 vars in 1364 bytes} [Tue Apr 7 19:40:32 2026] GET /networking/v2.0/ports?device_owner=network%3Adistributed => generated 1650 bytes in 119 msecs (HTTP/1.1 200) 4 headers in 158 bytes (1 switches on core 0)
Apr 07 19:40:34.224354 np0000164075 devstack@neutron-api.service[102396]: DEBUG neutron.common.ovn.hash_ring_manager [None req-3404f4af-3d2d-4d1b-ae0e-c4d7162d21b4 None None] Hash Ring loaded. 4 active nodes. 0 offline nodes {{(pid=102396) _load_hash_ring /opt/stack/neutron/neutron/common/ovn/hash_ring_manager.py:102}}
Apr 07 19:40:34.225346 np0000164075 devstack@neutron-api.service[102395]: DEBUG neutron.common.ovn.hash_ring_manager [None req-8383ea9c-bd38-4205-8c30-f707cdb0cdc1 None None] Hash Ring loaded. 4 active nodes. 0 offline nodes {{(pid=102395) _load_hash_ring /opt/stack/neutron/neutron/common/ovn/hash_ring_manager.py:102}}
Apr 07 19:40:34.225951 np0000164075 devstack@neutron-api.service[102395]: DEBUG neutron.plugins.ml2.drivers.ovn.mech_driver.ovsdb.ovsdb_monitor [None req-8383ea9c-bd38-4205-8c30-f707cdb0cdc1 None None] Hash Ring: Node 5a282a17a0235cc0a732d2dd724017f2 (host: np0000164075) handling event "update" for row c4c6765f-a1ce-4fab-a39c-90d8e0acdc44 (table: Connection) {{(pid=102395) notify /opt/stack/neutron/neutron/plugins/ml2/drivers/ovn/mech_driver/ovsdb/ovsdb_monitor.py:912}}
Apr 07 19:40:34.226540 np0000164075 devstack@neutron-api.service[102394]: DEBUG neutron.common.ovn.hash_ring_manager [None req-8ba4d398-f533-4681-907c-174d0aabff48 None None] Hash Ring loaded. 4 active nodes. 0 offline nodes {{(pid=102394) _load_hash_ring /opt/stack/neutron/neutron/common/ovn/hash_ring_manager.py:102}}
Apr 07 19:40:34.228415 np0000164075 devstack@neutron-api.service[102393]: DEBUG neutron.common.ovn.hash_ring_manager [None req-77ba256e-ecde-4058-9a50-d9eba361f44d None None] Hash Ring loaded. 4 active nodes. 0 offline nodes {{(pid=102393) _load_hash_ring /opt/stack/neutron/neutron/common/ovn/hash_ring_manager.py:102}}
Apr 07 19:40:42.140645 np0000164075 devstack@neutron-api.service[102393]: DEBUG futurist.periodics [-] Submitting periodic callback 'neutron.plugins.ml2.drivers.ovn.mech_driver.ovsdb.maintenance.HashRingHealthCheckPeriodics.touch_hash_ring_node' {{(pid=102393) _process_scheduled /opt/stack/data/venv/lib/python3.12/site-packages/futurist/periodics.py:784}}
Apr 07 19:40:42.142255 np0000164075 devstack@neutron-api.service[102393]: DEBUG neutron.plugins.ml2.drivers.ovn.mech_driver.ovsdb.maintenance [-] Touching Hash Ring node "643155eafdeb509d9cd23d79b1c9bfbd" from periodic health check thread {{(pid=102393) touch_hash_ring_node /opt/stack/neutron/neutron/plugins/ml2/drivers/ovn/mech_driver/ovsdb/maintenance.py:1232}}
Apr 07 19:40:43.117746 np0000164075 devstack@neutron-api.service[102394]: DEBUG futurist.periodics [-] Submitting periodic callback 'neutron.plugins.ml2.drivers.ovn.mech_driver.ovsdb.maintenance.HashRingHealthCheckPeriodics.touch_hash_ring_node' {{(pid=102394) _process_scheduled /opt/stack/data/venv/lib/python3.12/site-packages/futurist/periodics.py:784}}
Apr 07 19:40:43.119180 np0000164075 devstack@neutron-api.service[102394]: DEBUG neutron.plugins.ml2.drivers.ovn.mech_driver.ovsdb.maintenance [-] Touching Hash Ring node "5a031fbc03255e8398fb744071ef0112" from periodic health check thread {{(pid=102394) touch_hash_ring_node /opt/stack/neutron/neutron/plugins/ml2/drivers/ovn/mech_driver/ovsdb/maintenance.py:1232}}
Apr 07 19:40:43.149469 np0000164075 devstack@neutron-api.service[102395]: DEBUG futurist.periodics [-] Submitting periodic callback 'neutron.plugins.ml2.drivers.ovn.mech_driver.ovsdb.maintenance.HashRingHealthCheckPeriodics.touch_hash_ring_node' {{(pid=102395) _process_scheduled /opt/stack/data/venv/lib/python3.12/site-packages/futurist/periodics.py:784}}
Apr 07 19:40:43.150913 np0000164075 devstack@neutron-api.service[102395]: DEBUG neutron.plugins.ml2.drivers.ovn.mech_driver.ovsdb.maintenance [-] Touching Hash Ring node "5a282a17a0235cc0a732d2dd724017f2" from periodic health check thread {{(pid=102395) touch_hash_ring_node /opt/stack/neutron/neutron/plugins/ml2/drivers/ovn/mech_driver/ovsdb/maintenance.py:1232}}
Apr 07 19:40:43.643107 np0000164075 devstack@neutron-api.service[102396]: DEBUG futurist.periodics [-] Submitting periodic callback 'neutron.plugins.ml2.drivers.ovn.mech_driver.ovsdb.maintenance.HashRingHealthCheckPeriodics.touch_hash_ring_node' {{(pid=102396) _process_scheduled /opt/stack/data/venv/lib/python3.12/site-packages/futurist/periodics.py:784}}
Apr 07 19:40:43.644351 np0000164075 devstack@neutron-api.service[102396]: DEBUG neutron.plugins.ml2.drivers.ovn.mech_driver.ovsdb.maintenance [-] Touching Hash Ring node "ca43d0aeb3ca5b2a8a7ad245edb8f639" from periodic health check thread {{(pid=102396) touch_hash_ring_node /opt/stack/neutron/neutron/plugins/ml2/drivers/ovn/mech_driver/ovsdb/maintenance.py:1232}}
Apr 07 19:40:45.135931 np0000164075 devstack@neutron-api.service[102394]: INFO neutron.pecan_wsgi.hooks.translation [None req-5770e9d8-3381-4cac-bbf5-d82824e0aa13 admin admin] GET failed (client error): The resource could not be found.
Apr 07 19:40:45.136745 np0000164075 devstack@neutron-api.service[102394]: [pid: 102394|app: 0|req: 23/91] 199.204.45.4 () {64 vars in 1320 bytes} [Tue Apr 7 19:40:45 2026] GET /networking/v2.0/networks/admin_net => generated 111 bytes in 12 msecs (HTTP/1.1 404) 4 headers in 164 bytes (1 switches on core 0)
Apr 07 19:40:45.176063 np0000164075 devstack@neutron-api.service[102395]: [pid: 102395|app: 0|req: 23/92] 199.204.45.4 () {64 vars in 1332 bytes} [Tue Apr 7 19:40:45 2026] GET /networking/v2.0/networks?name=admin_net => generated 15 bytes in 27 msecs (HTTP/1.1 200) 4 headers in 156 bytes (1 switches on core 0)
Apr 07 19:40:45.428068 np0000164075 devstack@neutron-api.service[102396]: DEBUG neutron.api.v2.base [None req-2791428f-c36a-4449-9756-0ad063eda12a admin admin] Request body: {'network': {'name': 'admin_net', 'admin_state_up': True, 'project_id': '9eba8d58190b4ff0bf5c5c115da31c24'}} {{(pid=102396) prepare_request_body /opt/stack/neutron/neutron/api/v2/base.py:729}}
Apr 07 19:40:45.445238 np0000164075 devstack@neutron-api.service[102396]: DEBUG neutron.pecan_wsgi.hooks.quota_enforcement [None req-2791428f-c36a-4449-9756-0ad063eda12a admin admin] Made reservation on behalf of 9eba8d58190b4ff0bf5c5c115da31c24 for: {'network': 1} {{(pid=102396) before /opt/stack/neutron/neutron/pecan_wsgi/hooks/quota_enforcement.py:66}}
Apr 07 19:40:45.448515 np0000164075 devstack@neutron-api.service[102396]: DEBUG neutron_lib.callbacks.manager [None req-2791428f-c36a-4449-9756-0ad063eda12a admin admin] Publish callbacks ['neutron.plugins.ml2.plugin.SecurityGroupDbMixin._ensure_default_security_group_handler-52237'] for network (None), before_create {{(pid=102396) _notify_loop /opt/stack/data/venv/lib/python3.12/site-packages/neutron_lib/callbacks/manager.py:184}}
Apr 07 19:40:45.453558 np0000164075 devstack@neutron-api.service[102396]: DEBUG neutron_lib.callbacks.manager [None req-2791428f-c36a-4449-9756-0ad063eda12a admin admin] Publish callbacks [] for security_group (None), before_create {{(pid=102396) _notify_loop /opt/stack/data/venv/lib/python3.12/site-packages/neutron_lib/callbacks/manager.py:184}}
Apr 07 19:40:45.515099 np0000164075 devstack@neutron-api.service[102396]: DEBUG neutron_lib.callbacks.manager [None req-2791428f-c36a-4449-9756-0ad063eda12a admin admin] Publish callbacks ['neutron.plugins.ml2.drivers.ovn.mech_driver.mech_driver.OVNMechanismDriver._create_security_group_precommit-199287'] for security_group (1c70081f-0a70-4a1f-aecf-fef342ea441f), precommit_create {{(pid=102396) _notify_loop /opt/stack/data/venv/lib/python3.12/site-packages/neutron_lib/callbacks/manager.py:184}}
Apr 07 19:40:45.515297 np0000164075 devstack@neutron-api.service[102396]: DEBUG neutron.db.ovn_revision_numbers_db [None req-2791428f-c36a-4449-9756-0ad063eda12a admin admin] create_initial_revision uuid=1c70081f-0a70-4a1f-aecf-fef342ea441f, type=security_groups, rev=-1 {{(pid=102396) create_initial_revision /opt/stack/neutron/neutron/db/ovn_revision_numbers_db.py:98}}
Apr 07 19:40:45.516545 np0000164075 devstack@neutron-api.service[102396]: DEBUG neutron.db.ovn_revision_numbers_db [None req-2791428f-c36a-4449-9756-0ad063eda12a admin admin] create_initial_revision uuid=1704aa48-d0da-41ee-9dbb-3ea00dfb1ad4, type=security_group_rules, rev=-1 {{(pid=102396) create_initial_revision /opt/stack/neutron/neutron/db/ovn_revision_numbers_db.py:98}}
Apr 07 19:40:45.517565 np0000164075 devstack@neutron-api.service[102396]: DEBUG neutron.db.ovn_revision_numbers_db [None req-2791428f-c36a-4449-9756-0ad063eda12a admin admin] create_initial_revision uuid=45b7d888-7758-4a8b-aba9-6ffc14ec2196, type=security_group_rules, rev=-1 {{(pid=102396) create_initial_revision /opt/stack/neutron/neutron/db/ovn_revision_numbers_db.py:98}}
Apr 07 19:40:45.518623 np0000164075 devstack@neutron-api.service[102396]: DEBUG neutron.db.ovn_revision_numbers_db [None req-2791428f-c36a-4449-9756-0ad063eda12a admin admin] create_initial_revision uuid=bcf56840-2337-4018-a0a2-0fa0e9f0feaa, type=security_group_rules, rev=-1 {{(pid=102396) create_initial_revision /opt/stack/neutron/neutron/db/ovn_revision_numbers_db.py:98}}
Apr 07 19:40:45.519747 np0000164075 devstack@neutron-api.service[102396]: DEBUG neutron.db.ovn_revision_numbers_db [None req-2791428f-c36a-4449-9756-0ad063eda12a admin admin] create_initial_revision uuid=fe3abdbf-c8a8-4a57-8dd7-936442a47c34, type=security_group_rules, rev=-1 {{(pid=102396) create_initial_revision /opt/stack/neutron/neutron/db/ovn_revision_numbers_db.py:98}}
Apr 07 19:40:45.526873 np0000164075 devstack@neutron-api.service[102396]: DEBUG neutron_lib.callbacks.manager [None req-2791428f-c36a-4449-9756-0ad063eda12a admin admin] Publish callbacks ['neutron.plugins.ml2.drivers.ovn.mech_driver.mech_driver.OVNMechanismDriver._create_security_group-199293', 'neutron.plugins.ml2.ovo_rpc._ObjectChangeHandler.handle_event-2724703'] for security_group (1c70081f-0a70-4a1f-aecf-fef342ea441f), after_create {{(pid=102396) _notify_loop /opt/stack/data/venv/lib/python3.12/site-packages/neutron_lib/callbacks/manager.py:184}}
Apr 07 19:40:45.527512 np0000164075 devstack@neutron-api.service[102396]: DEBUG ovsdbapp.backend.ovs_idl.transaction [None req-3404f4af-3d2d-4d1b-ae0e-c4d7162d21b4 None None] Running txn n=1 command(idx=0): PgAddCommand(_result=None, name=pg_1c70081f_0a70_4a1f_aecf_fef342ea441f, may_exist=False, columns={'acls': [], 'external_ids': {'neutron:security_group_id': '1c70081f-0a70-4a1f-aecf-fef342ea441f'}}) {{(pid=102396) do_commit /opt/stack/data/venv/lib/python3.12/site-packages/ovsdbapp/backend/ovs_idl/transaction.py:89}}
Apr 07 19:40:45.527937 np0000164075 devstack@neutron-api.service[102396]: DEBUG ovsdbapp.backend.ovs_idl.transaction [None req-3404f4af-3d2d-4d1b-ae0e-c4d7162d21b4 None None] Running txn n=1 command(idx=1): PgAclAddCommand(_result=None, entity=pg_1c70081f_0a70_4a1f_aecf_fef342ea441f, direction=from-lport, priority=1002, match=inport == @pg_1c70081f_0a70_4a1f_aecf_fef342ea441f && ip6, action=allow-related, log=False, may_exist=True, severity=[], name=[], meter=[], external_ids={'neutron:security_group_rule_id': '1704aa48-d0da-41ee-9dbb-3ea00dfb1ad4'}) {{(pid=102396) do_commit /opt/stack/data/venv/lib/python3.12/site-packages/ovsdbapp/backend/ovs_idl/transaction.py:89}}
Apr 07 19:40:45.528366 np0000164075 devstack@neutron-api.service[102396]: DEBUG ovsdbapp.backend.ovs_idl.transaction [None req-3404f4af-3d2d-4d1b-ae0e-c4d7162d21b4 None None] Running txn n=1 command(idx=2): PgAclAddCommand(_result=None, entity=pg_1c70081f_0a70_4a1f_aecf_fef342ea441f, direction=to-lport, priority=1002, match=outport == @pg_1c70081f_0a70_4a1f_aecf_fef342ea441f && ip6 && ip6.src == $pg_1c70081f_0a70_4a1f_aecf_fef342ea441f_ip6, action=allow-related, log=False, may_exist=True, severity=[], name=[], meter=[], external_ids={'neutron:security_group_rule_id': '45b7d888-7758-4a8b-aba9-6ffc14ec2196'}) {{(pid=102396) do_commit /opt/stack/data/venv/lib/python3.12/site-packages/ovsdbapp/backend/ovs_idl/transaction.py:89}}
Apr 07 19:40:45.528720 np0000164075 devstack@neutron-api.service[102396]: DEBUG ovsdbapp.backend.ovs_idl.transaction [None req-3404f4af-3d2d-4d1b-ae0e-c4d7162d21b4 None None] Running txn n=1 command(idx=3): PgAclAddCommand(_result=None, entity=pg_1c70081f_0a70_4a1f_aecf_fef342ea441f, direction=to-lport, priority=1002, match=outport == @pg_1c70081f_0a70_4a1f_aecf_fef342ea441f && ip4 && ip4.src == $pg_1c70081f_0a70_4a1f_aecf_fef342ea441f_ip4, action=allow-related, log=False, may_exist=True, severity=[], name=[], meter=[], external_ids={'neutron:security_group_rule_id': 'bcf56840-2337-4018-a0a2-0fa0e9f0feaa'}) {{(pid=102396) do_commit /opt/stack/data/venv/lib/python3.12/site-packages/ovsdbapp/backend/ovs_idl/transaction.py:89}}
Apr 07 19:40:45.529106 np0000164075 devstack@neutron-api.service[102396]: DEBUG ovsdbapp.backend.ovs_idl.transaction [None req-3404f4af-3d2d-4d1b-ae0e-c4d7162d21b4 None None] Running txn n=1 command(idx=4): PgAclAddCommand(_result=None, entity=pg_1c70081f_0a70_4a1f_aecf_fef342ea441f, direction=from-lport, priority=1002, match=inport == @pg_1c70081f_0a70_4a1f_aecf_fef342ea441f && ip4, action=allow-related, log=False, may_exist=True, severity=[], name=[], meter=[], external_ids={'neutron:security_group_rule_id': 'fe3abdbf-c8a8-4a57-8dd7-936442a47c34'}) {{(pid=102396) do_commit /opt/stack/data/venv/lib/python3.12/site-packages/ovsdbapp/backend/ovs_idl/transaction.py:89}}
Apr 07 19:40:45.537602 np0000164075 devstack@neutron-api.service[102396]: DEBUG neutron.plugins.ml2.drivers.ovn.mech_driver.ovsdb.ovsdb_monitor [None req-3404f4af-3d2d-4d1b-ae0e-c4d7162d21b4 None None] Touching Hash Ring node "ca43d0aeb3ca5b2a8a7ad245edb8f639" from IDL notify handler {{(pid=102396) notify /opt/stack/neutron/neutron/plugins/ml2/drivers/ovn/mech_driver/ovsdb/ovsdb_monitor.py:904}}
Apr 07 19:40:45.539113 np0000164075 devstack@neutron-api.service[102393]: DEBUG neutron.plugins.ml2.drivers.ovn.mech_driver.ovsdb.ovsdb_monitor [None req-77ba256e-ecde-4058-9a50-d9eba361f44d None None] Touching Hash Ring node "643155eafdeb509d9cd23d79b1c9bfbd" from IDL notify handler {{(pid=102393) notify /opt/stack/neutron/neutron/plugins/ml2/drivers/ovn/mech_driver/ovsdb/ovsdb_monitor.py:904}}
Apr 07 19:40:45.540208 np0000164075 devstack@neutron-api.service[102395]: DEBUG neutron.plugins.ml2.drivers.ovn.mech_driver.ovsdb.ovsdb_monitor [None req-8383ea9c-bd38-4205-8c30-f707cdb0cdc1 None None] Touching Hash Ring node "5a282a17a0235cc0a732d2dd724017f2" from IDL notify handler {{(pid=102395) notify /opt/stack/neutron/neutron/plugins/ml2/drivers/ovn/mech_driver/ovsdb/ovsdb_monitor.py:904}}
Apr 07 19:40:45.545751 np0000164075 devstack@neutron-api.service[102396]: DEBUG neutron.plugins.ml2.drivers.ovn.mech_driver.ovsdb.ovsdb_monitor [None req-3404f4af-3d2d-4d1b-ae0e-c4d7162d21b4 None None] Hash Ring: Node ca43d0aeb3ca5b2a8a7ad245edb8f639 (host: np0000164075) handling event "create" for row 1062a8d4-c841-49e1-84bb-3253308329f3 (table: ACL) {{(pid=102396) notify /opt/stack/neutron/neutron/plugins/ml2/drivers/ovn/mech_driver/ovsdb/ovsdb_monitor.py:912}}
Apr 07 19:40:45.548313 np0000164075 devstack@neutron-api.service[102393]: DEBUG neutron.plugins.ml2.drivers.ovn.mech_driver.ovsdb.ovsdb_monitor [None req-77ba256e-ecde-4058-9a50-d9eba361f44d None None] Hash Ring: Node 643155eafdeb509d9cd23d79b1c9bfbd (host: np0000164075) handling event "create" for row f2979213-6cf4-4706-adb9-b70f4e762ac4 (table: ACL) {{(pid=102393) notify /opt/stack/neutron/neutron/plugins/ml2/drivers/ovn/mech_driver/ovsdb/ovsdb_monitor.py:912}}
Apr 07 19:40:45.548933 np0000164075 devstack@neutron-api.service[102395]: DEBUG neutron.plugins.ml2.drivers.ovn.mech_driver.ovsdb.ovsdb_monitor [None req-8383ea9c-bd38-4205-8c30-f707cdb0cdc1 None None] Hash Ring: Node 5a282a17a0235cc0a732d2dd724017f2 (host: np0000164075) handling event "create" for row 1b0aa6c9-c1ed-406b-b59e-a9b7650059f4 (table: ACL) {{(pid=102395) notify /opt/stack/neutron/neutron/plugins/ml2/drivers/ovn/mech_driver/ovsdb/ovsdb_monitor.py:912}}
Apr 07 19:40:45.550234 np0000164075 devstack@neutron-api.service[102395]: DEBUG neutron.plugins.ml2.drivers.ovn.mech_driver.ovsdb.ovsdb_monitor [None req-8383ea9c-bd38-4205-8c30-f707cdb0cdc1 None None] Touching Hash Ring node "5a282a17a0235cc0a732d2dd724017f2" from IDL notify handler {{(pid=102395) notify /opt/stack/neutron/neutron/plugins/ml2/drivers/ovn/mech_driver/ovsdb/ovsdb_monitor.py:904}}
Apr 07 19:40:45.553474 np0000164075 devstack@neutron-api.service[102395]: DEBUG neutron.plugins.ml2.drivers.ovn.mech_driver.ovsdb.ovsdb_monitor [None req-8383ea9c-bd38-4205-8c30-f707cdb0cdc1 None None] Hash Ring: Node 5a282a17a0235cc0a732d2dd724017f2 (host: np0000164075) handling event "create" for row a1f95188-1d91-4cb2-9c3a-4cb6d5525690 (table: ACL) {{(pid=102395) notify /opt/stack/neutron/neutron/plugins/ml2/drivers/ovn/mech_driver/ovsdb/ovsdb_monitor.py:912}}
Apr 07 19:40:45.554636 np0000164075 devstack@neutron-api.service[102395]: DEBUG neutron.plugins.ml2.drivers.ovn.mech_driver.ovsdb.ovsdb_monitor [None req-8383ea9c-bd38-4205-8c30-f707cdb0cdc1 None None] Touching Hash Ring node "5a282a17a0235cc0a732d2dd724017f2" from IDL notify handler {{(pid=102395) notify /opt/stack/neutron/neutron/plugins/ml2/drivers/ovn/mech_driver/ovsdb/ovsdb_monitor.py:904}}
Apr 07 19:40:45.557787 np0000164075 devstack@neutron-api.service[102395]: DEBUG neutron.plugins.ml2.drivers.ovn.mech_driver.ovsdb.ovsdb_monitor [None req-8383ea9c-bd38-4205-8c30-f707cdb0cdc1 None None] Hash Ring: Node 5a282a17a0235cc0a732d2dd724017f2 (host: np0000164075) handling event "create" for row 970852d4-acf9-45b8-8d1b-3b7555d1588f (table: Port_Group) {{(pid=102395) notify /opt/stack/neutron/neutron/plugins/ml2/drivers/ovn/mech_driver/ovsdb/ovsdb_monitor.py:912}}
Apr 07 19:40:45.565422 np0000164075 devstack@neutron-api.service[102396]: INFO neutron.db.ovn_revision_numbers_db [None req-2791428f-c36a-4449-9756-0ad063eda12a admin admin] Successfully bumped revision number for resource 1c70081f-0a70-4a1f-aecf-fef342ea441f (type: security_groups) to 1
Apr 07 19:40:45.578328 np0000164075 devstack@neutron-api.service[102396]: INFO neutron.db.ovn_revision_numbers_db [None req-2791428f-c36a-4449-9756-0ad063eda12a admin admin] Successfully bumped revision number for resource 1704aa48-d0da-41ee-9dbb-3ea00dfb1ad4 (type: security_group_rules) to 0
Apr 07 19:40:45.591233 np0000164075 devstack@neutron-api.service[102396]: INFO neutron.db.ovn_revision_numbers_db [None req-2791428f-c36a-4449-9756-0ad063eda12a admin admin] Successfully bumped revision number for resource 45b7d888-7758-4a8b-aba9-6ffc14ec2196 (type: security_group_rules) to 0
Apr 07 19:40:45.603081 np0000164075 devstack@neutron-api.service[102396]: INFO neutron.db.ovn_revision_numbers_db [None req-2791428f-c36a-4449-9756-0ad063eda12a admin admin] Successfully bumped revision number for resource bcf56840-2337-4018-a0a2-0fa0e9f0feaa (type: security_group_rules) to 0
Apr 07 19:40:45.615732 np0000164075 devstack@neutron-api.service[102396]: INFO neutron.db.ovn_revision_numbers_db [None req-2791428f-c36a-4449-9756-0ad063eda12a admin admin] Successfully bumped revision number for resource fe3abdbf-c8a8-4a57-8dd7-936442a47c34 (type: security_group_rules) to 0
Apr 07 19:40:45.638458 np0000164075 devstack@neutron-api.service[102396]: DEBUG neutron.api.rpc.handlers.resources_rpc [None req-2791428f-c36a-4449-9756-0ad063eda12a admin admin] Pushing event updated for resources: {'SecurityGroup': ['ID=1c70081f-0a70-4a1f-aecf-fef342ea441f,revision_number=1']} {{(pid=102396) push /opt/stack/neutron/neutron/api/rpc/handlers/resources_rpc.py:237}}
Apr 07 19:40:45.644360 np0000164075 devstack@neutron-api.service[102396]: DEBUG ovsdbapp.backend.ovs_idl.transaction [None req-3404f4af-3d2d-4d1b-ae0e-c4d7162d21b4 None None] Running txn n=1 command(idx=0): CheckLivenessCommand(_result=None) {{(pid=102396) do_commit /opt/stack/data/venv/lib/python3.12/site-packages/ovsdbapp/backend/ovs_idl/transaction.py:89}}
Apr 07 19:40:45.649284 np0000164075 devstack@neutron-api.service[102396]: DEBUG neutron.plugins.ml2.drivers.ovn.mech_driver.ovsdb.ovsdb_monitor [None req-3404f4af-3d2d-4d1b-ae0e-c4d7162d21b4 None None] Touching Hash Ring node "ca43d0aeb3ca5b2a8a7ad245edb8f639" from IDL notify handler {{(pid=102396) notify /opt/stack/neutron/neutron/plugins/ml2/drivers/ovn/mech_driver/ovsdb/ovsdb_monitor.py:904}}
Apr 07 19:40:45.652319 np0000164075 devstack@neutron-api.service[102394]: DEBUG neutron.plugins.ml2.drivers.ovn.mech_driver.ovsdb.ovsdb_monitor [None req-b9599f9a-2dd1-47ec-96b9-9c35a5ae8219 None None] ChassisAgentWriteEvent : Matched Chassis_Private, update, None None {{(pid=102394) matches /opt/stack/neutron/neutron/plugins/ml2/drivers/ovn/mech_driver/ovsdb/ovsdb_monitor.py:64}}
Apr 07 19:40:45.652823 np0000164075 devstack@neutron-api.service[102395]: DEBUG neutron.plugins.ml2.drivers.ovn.mech_driver.ovsdb.ovsdb_monitor [None req-b5f50bd7-b566-415c-bf0b-3efd06c8e600 None None] ChassisAgentWriteEvent : Matched Chassis_Private, update, None None {{(pid=102395) matches /opt/stack/neutron/neutron/plugins/ml2/drivers/ovn/mech_driver/ovsdb/ovsdb_monitor.py:64}}
Apr 07 19:40:45.652976 np0000164075 devstack@neutron-api.service[102393]: DEBUG neutron.plugins.ml2.drivers.ovn.mech_driver.ovsdb.ovsdb_monitor [None req-766c6fa4-e3a3-4f16-bd12-de97962a19fd None None] ChassisAgentWriteEvent : Matched Chassis_Private, update, None None {{(pid=102393) matches /opt/stack/neutron/neutron/plugins/ml2/drivers/ovn/mech_driver/ovsdb/ovsdb_monitor.py:64}}
Apr 07 19:40:45.653438 np0000164075 devstack@neutron-api.service[102396]: DEBUG neutron.plugins.ml2.drivers.ovn.mech_driver.ovsdb.ovsdb_monitor [None req-6238da49-9643-4360-9171-60978088390e None None] ChassisAgentWriteEvent : Matched Chassis_Private, update, None None {{(pid=102396) matches /opt/stack/neutron/neutron/plugins/ml2/drivers/ovn/mech_driver/ovsdb/ovsdb_monitor.py:64}}
Apr 07 19:40:45.662220 np0000164075 devstack@neutron-api.service[102394]: DEBUG neutron.common.ovn.hash_ring_manager [None req-b9599f9a-2dd1-47ec-96b9-9c35a5ae8219 None None] Hash Ring loaded. 4 active nodes. 0 offline nodes {{(pid=102394) _load_hash_ring /opt/stack/neutron/neutron/common/ovn/hash_ring_manager.py:102}}
Apr 07 19:40:45.662521 np0000164075 devstack@neutron-api.service[102396]: DEBUG neutron.plugins.ml2.drivers.ovn.mech_driver.ovsdb.ovsdb_monitor [None req-3404f4af-3d2d-4d1b-ae0e-c4d7162d21b4 None None] Hash Ring: Node ca43d0aeb3ca5b2a8a7ad245edb8f639 (host: np0000164075) handling event "update" for row 02300dad-bb60-4e32-9257-ae8a81bad038 (table: NB_Global) {{(pid=102396) notify /opt/stack/neutron/neutron/plugins/ml2/drivers/ovn/mech_driver/ovsdb/ovsdb_monitor.py:912}}
Apr 07 19:40:45.662613 np0000164075 devstack@neutron-api.service[102395]: DEBUG neutron.common.ovn.hash_ring_manager [None req-b5f50bd7-b566-415c-bf0b-3efd06c8e600 None None] Hash Ring loaded. 4 active nodes. 0 offline nodes {{(pid=102395) _load_hash_ring /opt/stack/neutron/neutron/common/ovn/hash_ring_manager.py:102}}
Apr 07 19:40:45.663166 np0000164075 devstack@neutron-api.service[102393]: DEBUG neutron.common.ovn.hash_ring_manager [None req-766c6fa4-e3a3-4f16-bd12-de97962a19fd None None] Hash Ring loaded. 4 active nodes. 0 offline nodes {{(pid=102393) _load_hash_ring /opt/stack/neutron/neutron/common/ovn/hash_ring_manager.py:102}}
Apr 07 19:40:45.663346 np0000164075 devstack@neutron-api.service[102393]: DEBUG neutron.plugins.ml2.drivers.ovn.mech_driver.ovsdb.ovsdb_monitor [None req-766c6fa4-e3a3-4f16-bd12-de97962a19fd None None] Hash Ring: Node 643155eafdeb509d9cd23d79b1c9bfbd (host: np0000164075) handling event "update" for row 2134bf44-7558-40da-8a9e-37d6dac38afe (table: Chassis_Private) {{(pid=102393) notify /opt/stack/neutron/neutron/plugins/ml2/drivers/ovn/mech_driver/ovsdb/ovsdb_monitor.py:912}}
Apr 07 19:40:45.665328 np0000164075 devstack@neutron-api.service[102396]: DEBUG neutron.common.ovn.hash_ring_manager [None req-6238da49-9643-4360-9171-60978088390e None None] Hash Ring loaded. 4 active nodes. 0 offline nodes {{(pid=102396) _load_hash_ring /opt/stack/neutron/neutron/common/ovn/hash_ring_manager.py:102}}
Apr 07 19:40:45.665863 np0000164075 devstack@neutron-api.service[102396]: DEBUG neutron.plugins.ml2.drivers.ovn.mech_driver.ovsdb.ovsdb_monitor [None req-3404f4af-3d2d-4d1b-ae0e-c4d7162d21b4 None None] Touching Hash Ring node "ca43d0aeb3ca5b2a8a7ad245edb8f639" from IDL notify handler {{(pid=102396) notify /opt/stack/neutron/neutron/plugins/ml2/drivers/ovn/mech_driver/ovsdb/ovsdb_monitor.py:904}}
Apr 07 19:40:45.669298 np0000164075 devstack@neutron-api.service[102396]: DEBUG neutron.plugins.ml2.drivers.ovn.mech_driver.ovsdb.ovsdb_monitor [None req-3404f4af-3d2d-4d1b-ae0e-c4d7162d21b4 None None] Hash Ring: Node ca43d0aeb3ca5b2a8a7ad245edb8f639 (host: np0000164075) handling event "update" for row 02300dad-bb60-4e32-9257-ae8a81bad038 (table: NB_Global) {{(pid=102396) notify /opt/stack/neutron/neutron/plugins/ml2/drivers/ovn/mech_driver/ovsdb/ovsdb_monitor.py:912}}
Apr 07 19:40:45.670615 np0000164075 devstack@neutron-api.service[102396]: DEBUG neutron.plugins.ml2.drivers.ovn.mech_driver.ovsdb.ovsdb_monitor [None req-3404f4af-3d2d-4d1b-ae0e-c4d7162d21b4 None None] Touching Hash Ring node "ca43d0aeb3ca5b2a8a7ad245edb8f639" from IDL notify handler {{(pid=102396) notify /opt/stack/neutron/neutron/plugins/ml2/drivers/ovn/mech_driver/ovsdb/ovsdb_monitor.py:904}}
Apr 07 19:40:45.672892 np0000164075 devstack@neutron-api.service[102396]: DEBUG neutron.plugins.ml2.drivers.ovn.mech_driver.ovsdb.ovsdb_monitor [None req-3404f4af-3d2d-4d1b-ae0e-c4d7162d21b4 None None] Hash Ring: Node ca43d0aeb3ca5b2a8a7ad245edb8f639 (host: np0000164075) handling event "update" for row 02300dad-bb60-4e32-9257-ae8a81bad038 (table: NB_Global) {{(pid=102396) notify /opt/stack/neutron/neutron/plugins/ml2/drivers/ovn/mech_driver/ovsdb/ovsdb_monitor.py:912}}
Apr 07 19:40:45.674350 np0000164075 devstack@neutron-api.service[102396]: DEBUG neutron.plugins.ml2.drivers.ovn.mech_driver.ovsdb.ovsdb_monitor [None req-3404f4af-3d2d-4d1b-ae0e-c4d7162d21b4 None None] Touching Hash Ring node "ca43d0aeb3ca5b2a8a7ad245edb8f639" from IDL notify handler {{(pid=102396) notify /opt/stack/neutron/neutron/plugins/ml2/drivers/ovn/mech_driver/ovsdb/ovsdb_monitor.py:904}}
Apr 07 19:40:45.676959 np0000164075 devstack@neutron-api.service[102396]: DEBUG neutron.plugins.ml2.drivers.ovn.mech_driver.ovsdb.ovsdb_monitor [None req-3404f4af-3d2d-4d1b-ae0e-c4d7162d21b4 None None] Hash Ring: Node ca43d0aeb3ca5b2a8a7ad245edb8f639 (host: np0000164075) handling event "update" for row 02300dad-bb60-4e32-9257-ae8a81bad038 (table: NB_Global) {{(pid=102396) notify /opt/stack/neutron/neutron/plugins/ml2/drivers/ovn/mech_driver/ovsdb/ovsdb_monitor.py:912}}
Apr 07 19:40:45.723975 np0000164075 devstack@neutron-api.service[102396]: DEBUG neutron.plugins.ml2.drivers.helpers [None req-2791428f-c36a-4449-9756-0ad063eda12a admin admin] geneve segment allocate from pool success with {'geneve_vni': 14740} {{(pid=102396) allocate_partially_specified_segment /opt/stack/neutron/neutron/plugins/ml2/drivers/helpers.py:142}}
Apr 07 19:40:45.733436 np0000164075 devstack@neutron-api.service[102396]: DEBUG neutron_lib.callbacks.manager [None req-2791428f-c36a-4449-9756-0ad063eda12a admin admin] Publish callbacks ['neutron.services.segments.db._add_segment_host_mapping_for_segment-8778383779010', 'neutron.plugins.ml2.plugin.Ml2Plugin._handle_segment_change-1882853'] for segment (815f3033-7d86-4780-aa48-4d9943ef70ba), precommit_create {{(pid=102396) _notify_loop /opt/stack/data/venv/lib/python3.12/site-packages/neutron_lib/callbacks/manager.py:184}}
Apr 07 19:40:45.733684 np0000164075 devstack@neutron-api.service[102396]: INFO neutron.db.segments_db [None req-2791428f-c36a-4449-9756-0ad063eda12a admin admin] Added segment 815f3033-7d86-4780-aa48-4d9943ef70ba of type geneve for network 5e95b7e1-d350-4dd3-9669-e740e12db15a
Apr 07 19:40:45.752095 np0000164075 devstack@neutron-api.service[102396]: DEBUG neutron_lib.callbacks.manager [None req-2791428f-c36a-4449-9756-0ad063eda12a admin admin] Publish callbacks ['neutron.services.auto_allocate.db._ensure_external_network_default_value_callback-8778382025782'] for network (5e95b7e1-d350-4dd3-9669-e740e12db15a), precommit_create {{(pid=102396) _notify_loop /opt/stack/data/venv/lib/python3.12/site-packages/neutron_lib/callbacks/manager.py:184}}
Apr 07 19:40:45.768097 np0000164075 devstack@neutron-api.service[102396]: DEBUG neutron.plugins.ml2.drivers.ovn.mech_driver.mech_driver [None req-2791428f-c36a-4449-9756-0ad063eda12a admin admin] Validating network segment with type geneve, segmentation ID 14740, physical network None {{(pid=102396) _validate_network_segments /opt/stack/neutron/neutron/plugins/ml2/drivers/ovn/mech_driver/mech_driver.py:631}}
Apr 07 19:40:45.768236 np0000164075 devstack@neutron-api.service[102396]: DEBUG neutron.db.ovn_revision_numbers_db [None req-2791428f-c36a-4449-9756-0ad063eda12a admin admin] create_initial_revision uuid=5e95b7e1-d350-4dd3-9669-e740e12db15a, type=networks, rev=-1 {{(pid=102396) create_initial_revision /opt/stack/neutron/neutron/db/ovn_revision_numbers_db.py:98}}
Apr 07 19:40:45.776634 np0000164075 devstack@neutron-api.service[102396]: DEBUG neutron_lib.callbacks.manager [None req-2791428f-c36a-4449-9756-0ad063eda12a admin admin] Publish callbacks ['neutron.plugins.ml2.ovo_rpc._ObjectChangeHandler.handle_event-2724673'] for network (5e95b7e1-d350-4dd3-9669-e740e12db15a), after_create {{(pid=102396) _notify_loop /opt/stack/data/venv/lib/python3.12/site-packages/neutron_lib/callbacks/manager.py:184}}
Apr 07 19:40:45.793327 np0000164075 devstack@neutron-api.service[102396]: DEBUG neutron.api.rpc.handlers.resources_rpc [None req-2791428f-c36a-4449-9756-0ad063eda12a admin admin] Pushing event updated for resources: {'Network': ['ID=5e95b7e1-d350-4dd3-9669-e740e12db15a,revision_number=1']} {{(pid=102396) push /opt/stack/neutron/neutron/api/rpc/handlers/resources_rpc.py:237}}
Apr 07 19:40:45.800705 np0000164075 devstack@neutron-api.service[102396]: DEBUG ovsdbapp.backend.ovs_idl.transaction [None req-3404f4af-3d2d-4d1b-ae0e-c4d7162d21b4 None None] Running txn n=1 command(idx=0): AddNetworkCommand(_result=None, network_uuid=5e95b7e1-d350-4dd3-9669-e740e12db15a, may_exist=True, columns={'external_ids': {'neutron:network_name': 'admin_net', 'neutron:mtu': '1372', 'neutron:revision_number': '1', 'neutron:availability_zone_hints': '', 'neutron:provnet-network-type': 'geneve'}, 'other_config': {'mcast_snoop': 'false', 'mcast_flood_unregistered': 'false', 'vlan-passthru': 'false'}}) {{(pid=102396) do_commit /opt/stack/data/venv/lib/python3.12/site-packages/ovsdbapp/backend/ovs_idl/transaction.py:89}}
Apr 07 19:40:45.805645 np0000164075 devstack@neutron-api.service[102396]: DEBUG neutron.plugins.ml2.drivers.ovn.mech_driver.ovsdb.ovsdb_monitor [None req-3404f4af-3d2d-4d1b-ae0e-c4d7162d21b4 None None] Touching Hash Ring node "ca43d0aeb3ca5b2a8a7ad245edb8f639" from IDL notify handler {{(pid=102396) notify /opt/stack/neutron/neutron/plugins/ml2/drivers/ovn/mech_driver/ovsdb/ovsdb_monitor.py:904}}
Apr 07 19:40:45.807932 np0000164075 devstack@neutron-api.service[102396]: DEBUG neutron.plugins.ml2.drivers.ovn.mech_driver.ovsdb.ovsdb_monitor [None req-3404f4af-3d2d-4d1b-ae0e-c4d7162d21b4 None None] Hash Ring: Node ca43d0aeb3ca5b2a8a7ad245edb8f639 (host: np0000164075) handling event "create" for row 5e95b7e1-d350-4dd3-9669-e740e12db15a (table: Logical_Switch) {{(pid=102396) notify /opt/stack/neutron/neutron/plugins/ml2/drivers/ovn/mech_driver/ovsdb/ovsdb_monitor.py:912}}
Apr 07 19:40:45.813497 np0000164075 devstack@neutron-api.service[102396]: DEBUG neutron.plugins.ml2.drivers.ovn.mech_driver.ovsdb.ovsdb_monitor [None req-6238da49-9643-4360-9171-60978088390e None None] Hash Ring: Node ca43d0aeb3ca5b2a8a7ad245edb8f639 (host: np0000164075) handling event "create" for row 84046221-8d0e-474f-acb3-cd7d463a7e1a (table: Datapath_Binding) {{(pid=102396) notify /opt/stack/neutron/neutron/plugins/ml2/drivers/ovn/mech_driver/ovsdb/ovsdb_monitor.py:912}}
Apr 07 19:40:45.835315 np0000164075 devstack@neutron-api.service[102396]: INFO neutron.db.ovn_revision_numbers_db [None req-2791428f-c36a-4449-9756-0ad063eda12a admin admin] Successfully bumped revision number for resource 5e95b7e1-d350-4dd3-9669-e740e12db15a (type: networks) to 1
Apr 07 19:40:45.850073 np0000164075 devstack@neutron-api.service[102396]: DEBUG neutron_lib.callbacks.manager [None req-2791428f-c36a-4449-9756-0ad063eda12a admin admin] Publish callbacks ['neutron.plugins.ml2.plugin.SecurityGroupDbMixin._ensure_default_security_group_handler-52237'] for port (None), before_create {{(pid=102396) _notify_loop /opt/stack/data/venv/lib/python3.12/site-packages/neutron_lib/callbacks/manager.py:184}}
Apr 07 19:40:45.909623 np0000164075 devstack@neutron-api.service[102396]: DEBUG neutron_lib.callbacks.manager [None req-2791428f-c36a-4449-9756-0ad063eda12a admin admin] Publish callbacks ['neutron.plugins.ml2.drivers.ovn.mech_driver.mech_driver.OVNMechanismDriver._validate_allowed_address_pairs-216555'] for allowed_address_pair (f7be96eb-3ca4-492b-a8f7-d89627c93628), before_create {{(pid=102396) _notify_loop /opt/stack/data/venv/lib/python3.12/site-packages/neutron_lib/callbacks/manager.py:184}}
Apr 07 19:40:45.910110 np0000164075 devstack@neutron-api.service[102396]: DEBUG neutron_lib.callbacks.manager [None req-2791428f-c36a-4449-9756-0ad063eda12a admin admin] Publish callbacks [] for port (f7be96eb-3ca4-492b-a8f7-d89627c93628), precommit_create {{(pid=102396) _notify_loop /opt/stack/data/venv/lib/python3.12/site-packages/neutron_lib/callbacks/manager.py:184}}
Apr 07 19:40:45.910270 np0000164075 devstack@neutron-api.service[102396]: DEBUG neutron.plugins.ml2.drivers.ovn.mech_driver.mech_driver [None req-2791428f-c36a-4449-9756-0ad063eda12a admin admin] No provisioning block for port f7be96eb-3ca4-492b-a8f7-d89627c93628 since it does not have a host {{(pid=102396) _is_port_provisioning_required /opt/stack/neutron/neutron/plugins/ml2/drivers/ovn/mech_driver/mech_driver.py:884}}
Apr 07 19:40:45.910351 np0000164075 devstack@neutron-api.service[102396]: DEBUG neutron.db.ovn_revision_numbers_db [None req-2791428f-c36a-4449-9756-0ad063eda12a admin admin] create_initial_revision uuid=f7be96eb-3ca4-492b-a8f7-d89627c93628, type=ports, rev=-1 {{(pid=102396) create_initial_revision /opt/stack/neutron/neutron/db/ovn_revision_numbers_db.py:98}}
Apr 07 19:40:45.942221 np0000164075 devstack@neutron-api.service[102396]: DEBUG neutron_lib.callbacks.manager [None req-2791428f-c36a-4449-9756-0ad063eda12a admin admin] Publish callbacks ['neutron.plugins.ml2.ovo_rpc._ObjectChangeHandler.handle_event-2724720'] for port (f7be96eb-3ca4-492b-a8f7-d89627c93628), after_create {{(pid=102396) _notify_loop /opt/stack/data/venv/lib/python3.12/site-packages/neutron_lib/callbacks/manager.py:184}}
Apr 07 19:40:45.969544 np0000164075 devstack@neutron-api.service[102396]: DEBUG neutron.api.rpc.handlers.resources_rpc [None req-2791428f-c36a-4449-9756-0ad063eda12a admin admin] Pushing event updated for resources: {'Port': ['ID=f7be96eb-3ca4-492b-a8f7-d89627c93628,revision_number=1']} {{(pid=102396) push /opt/stack/neutron/neutron/api/rpc/handlers/resources_rpc.py:237}}
Apr 07 19:40:45.975350 np0000164075 devstack@neutron-api.service[102396]: DEBUG ovsdbapp.backend.ovs_idl.transaction [None req-3404f4af-3d2d-4d1b-ae0e-c4d7162d21b4 None None] Running txn n=1 command(idx=0): AddLSwitchPortCommand(_result=None, lport=f7be96eb-3ca4-492b-a8f7-d89627c93628, lswitch=neutron-5e95b7e1-d350-4dd3-9669-e740e12db15a, may_exist=True, network_uuid=5e95b7e1-d350-4dd3-9669-e740e12db15a, columns={'addresses': ['fa:16:3e:35:6c:9b'], 'external_ids': {'neutron:port_name': '', 'neutron:device_id': 'ovnmeta-5e95b7e1-d350-4dd3-9669-e740e12db15a', 'neutron:project_id': '9eba8d58190b4ff0bf5c5c115da31c24', 'neutron:cidrs': '', 'neutron:device_owner': 'network:distributed', 'neutron:subnet_pool_addr_scope4': '', 'neutron:subnet_pool_addr_scope6': '', 'neutron:network_name': 'neutron-5e95b7e1-d350-4dd3-9669-e740e12db15a', 'neutron:security_group_ids': '', 'neutron:revision_number': '1', 'neutron:vnic_type': 'normal', 'neutron:port_capabilities': '', 'neutron:mtu': ''}, 'parent_name': [], 'tag': [], 'enabled': True, 'options': {}, 'type': 'localport', 'port_security': [], 'dhcpv4_options': [], 'dhcpv6_options': []}) {{(pid=102396) do_commit /opt/stack/data/venv/lib/python3.12/site-packages/ovsdbapp/backend/ovs_idl/transaction.py:89}}
Apr 07 19:40:45.976236 np0000164075 devstack@neutron-api.service[102396]: DEBUG ovsdbapp.backend.ovs_idl.transaction [None req-3404f4af-3d2d-4d1b-ae0e-c4d7162d21b4 None None] Running txn n=1 command(idx=1): QoSDelCommand(_result=None, switch=neutron-5e95b7e1-d350-4dd3-9669-e740e12db15a, conditions=[('direction', '=', 'to-lport'), ('priority', '=', 2002), ('match', '=', 'outport == "f7be96eb-3ca4-492b-a8f7-d89627c93628"')], if_exists=True) {{(pid=102396) do_commit /opt/stack/data/venv/lib/python3.12/site-packages/ovsdbapp/backend/ovs_idl/transaction.py:89}}
Apr 07 19:40:45.976586 np0000164075 devstack@neutron-api.service[102396]: DEBUG ovsdbapp.backend.ovs_idl.transaction [None req-3404f4af-3d2d-4d1b-ae0e-c4d7162d21b4 None None] Running txn n=1 command(idx=2): QoSDelCommand(_result=None, switch=neutron-5e95b7e1-d350-4dd3-9669-e740e12db15a, conditions=[('direction', '=', 'from-lport'), ('priority', '=', 2002), ('match', '=', 'inport == "f7be96eb-3ca4-492b-a8f7-d89627c93628"')], if_exists=True) {{(pid=102396) do_commit /opt/stack/data/venv/lib/python3.12/site-packages/ovsdbapp/backend/ovs_idl/transaction.py:89}}
Apr 07 19:40:45.982565 np0000164075 devstack@neutron-api.service[102396]: DEBUG neutron.plugins.ml2.drivers.ovn.mech_driver.ovsdb.ovsdb_monitor [None req-3404f4af-3d2d-4d1b-ae0e-c4d7162d21b4 None None] Touching Hash Ring node "ca43d0aeb3ca5b2a8a7ad245edb8f639" from IDL notify handler {{(pid=102396) notify /opt/stack/neutron/neutron/plugins/ml2/drivers/ovn/mech_driver/ovsdb/ovsdb_monitor.py:904}}
Apr 07 19:40:45.988038 np0000164075 devstack@neutron-api.service[102396]: DEBUG neutron.plugins.ml2.drivers.ovn.mech_driver.ovsdb.ovsdb_monitor [None req-3404f4af-3d2d-4d1b-ae0e-c4d7162d21b4 None None] Hash Ring: Node ca43d0aeb3ca5b2a8a7ad245edb8f639 (host: np0000164075) handling event "update" for row 5e95b7e1-d350-4dd3-9669-e740e12db15a (table: Logical_Switch) {{(pid=102396) notify /opt/stack/neutron/neutron/plugins/ml2/drivers/ovn/mech_driver/ovsdb/ovsdb_monitor.py:912}}
Apr 07 19:40:45.988118 np0000164075 devstack@neutron-api.service[102395]: DEBUG neutron.plugins.ml2.drivers.ovn.mech_driver.ovsdb.ovsdb_monitor [None req-8383ea9c-bd38-4205-8c30-f707cdb0cdc1 None None] Touching Hash Ring node "5a282a17a0235cc0a732d2dd724017f2" from IDL notify handler {{(pid=102395) notify /opt/stack/neutron/neutron/plugins/ml2/drivers/ovn/mech_driver/ovsdb/ovsdb_monitor.py:904}}
Apr 07 19:40:45.992852 np0000164075 devstack@neutron-api.service[102395]: DEBUG neutron.plugins.ml2.drivers.ovn.mech_driver.ovsdb.ovsdb_monitor [None req-b5f50bd7-b566-415c-bf0b-3efd06c8e600 None None] Hash Ring: Node 5a282a17a0235cc0a732d2dd724017f2 (host: np0000164075) handling event "create" for row b57b0da0-9d45-4ae4-bacd-bf791d5e2830 (table: Port_Binding) {{(pid=102395) notify /opt/stack/neutron/neutron/plugins/ml2/drivers/ovn/mech_driver/ovsdb/ovsdb_monitor.py:912}}
Apr 07 19:40:45.994355 np0000164075 devstack@neutron-api.service[102395]: DEBUG neutron.plugins.ml2.drivers.ovn.mech_driver.ovsdb.ovsdb_monitor [None req-8383ea9c-bd38-4205-8c30-f707cdb0cdc1 None None] Hash Ring: Node 5a282a17a0235cc0a732d2dd724017f2 (host: np0000164075) handling event "create" for row bac9de0f-4738-4438-8e64-0a47b6b355f4 (table: Logical_Switch_Port) {{(pid=102395) notify /opt/stack/neutron/neutron/plugins/ml2/drivers/ovn/mech_driver/ovsdb/ovsdb_monitor.py:912}}
Apr 07 19:40:45.995846 np0000164075 devstack@neutron-api.service[102395]: DEBUG ovsdbapp.backend.ovs_idl.event [None req-8383ea9c-bd38-4205-8c30-f707cdb0cdc1 None None] Matched CREATE: LogicalSwitchPortCreateEvent(events=('create',), table='Logical_Switch_Port', conditions=[], old_conditions=None), priority=20 to row=Logical_Switch_Port(uuid=bac9de0f-4738-4438-8e64-0a47b6b355f4, addresses=['fa:16:3e:35:6c:9b'], dhcpv4_options=[], dhcpv6_options=[], dynamic_addresses=[], enabled=True, external_ids={'neutron:cidrs': '', 'neutron:device_id': 'ovnmeta-5e95b7e1-d350-4dd3-9669-e740e12db15a', 'neutron:device_owner': 'network:distributed', 'neutron:mtu': '', 'neutron:network_name': 'neutron-5e95b7e1-d350-4dd3-9669-e740e12db15a', 'neutron:port_capabilities': '', 'neutron:port_name': '', 'neutron:project_id': '9eba8d58190b4ff0bf5c5c115da31c24', 'neutron:revision_number': '1', 'neutron:security_group_ids': '', 'neutron:subnet_pool_addr_scope4': '', 'neutron:subnet_pool_addr_scope6': '', 'neutron:vnic_type': 'normal'}, ha_chassis_group=[], mirror_rules=[], name='f7be96eb-3ca4-492b-a8f7-d89627c93628', options={}, parent_name=[], port_security=[], tag=[], tag_request=[], type='localport', up=[]) old= {{(pid=102395) matches /opt/stack/data/venv/lib/python3.12/site-packages/ovsdbapp/backend/ovs_idl/event.py:55}}
Apr 07 19:40:45.997040 np0000164075 devstack@neutron-api.service[102395]: INFO neutron.plugins.ml2.drivers.ovn.mech_driver.mech_driver [None req-bfa46025-5b0a-43c6-9cd6-d1fc0a8befd7 None None] OVN reports status down for port: f7be96eb-3ca4-492b-a8f7-d89627c93628
Apr 07 19:40:45.998851 np0000164075 devstack@neutron-api.service[102395]: DEBUG neutron.plugins.ml2.drivers.ovn.mech_driver.ovsdb.ovsdb_monitor [None req-8383ea9c-bd38-4205-8c30-f707cdb0cdc1 None None] Touching Hash Ring node "5a282a17a0235cc0a732d2dd724017f2" from IDL notify handler {{(pid=102395) notify /opt/stack/neutron/neutron/plugins/ml2/drivers/ovn/mech_driver/ovsdb/ovsdb_monitor.py:904}}
Apr 07 19:40:46.001418 np0000164075 devstack@neutron-api.service[102395]: DEBUG neutron.plugins.ml2.drivers.ovn.mech_driver.ovsdb.ovsdb_monitor [None req-8383ea9c-bd38-4205-8c30-f707cdb0cdc1 None None] Hash Ring: Node 5a282a17a0235cc0a732d2dd724017f2 (host: np0000164075) handling event "update" for row bac9de0f-4738-4438-8e64-0a47b6b355f4 (table: Logical_Switch_Port) {{(pid=102395) notify /opt/stack/neutron/neutron/plugins/ml2/drivers/ovn/mech_driver/ovsdb/ovsdb_monitor.py:912}}
Apr 07 19:40:46.026960 np0000164075 devstack@neutron-api.service[102395]: DEBUG neutron.db.provisioning_blocks [None req-bfa46025-5b0a-43c6-9cd6-d1fc0a8befd7 None None] Transition to ACTIVE for port object f7be96eb-3ca4-492b-a8f7-d89627c93628 will not be triggered until provisioned by entity L2. {{(pid=102395) add_provisioning_component /opt/stack/neutron/neutron/db/provisioning_blocks.py:74}}
Apr 07 19:40:46.056359 np0000164075 devstack@neutron-api.service[102396]: INFO neutron.db.ovn_revision_numbers_db [None req-2791428f-c36a-4449-9756-0ad063eda12a admin admin] Successfully bumped revision number for resource f7be96eb-3ca4-492b-a8f7-d89627c93628 (type: ports) to 1
Apr 07 19:40:46.065849 np0000164075 devstack@neutron-api.service[102396]: DEBUG neutron.pecan_wsgi.hooks.policy_enforcement [None req-2791428f-c36a-4449-9756-0ad063eda12a admin admin] Attributes excluded by policy engine: ['standard_attr_id'] {{(pid=102396) _exclude_attributes_by_policy /opt/stack/neutron/neutron/pecan_wsgi/hooks/policy_enforcement.py:258}}
Apr 07 19:40:46.066178 np0000164075 devstack@neutron-api.service[102396]: DEBUG neutron_lib.callbacks.manager [None req-2791428f-c36a-4449-9756-0ad063eda12a admin admin] Publish callbacks [] for network (None), before_response {{(pid=102396) _notify_loop /opt/stack/data/venv/lib/python3.12/site-packages/neutron_lib/callbacks/manager.py:184}}
Apr 07 19:40:46.094561 np0000164075 devstack@neutron-api.service[102395]: DEBUG neutron.plugins.ml2.plugin [None req-bfa46025-5b0a-43c6-9cd6-d1fc0a8befd7 None None] Current status of the port f7be96eb-3ca4-492b-a8f7-d89627c93628 is: DOWN; New status is: DOWN {{(pid=102395) _update_individual_port_db_status /opt/stack/neutron/neutron/plugins/ml2/plugin.py:2468}}
Apr 07 19:40:46.096271 np0000164075 devstack@neutron-api.service[102395]: DEBUG ovsdbapp.backend.ovs_idl.transaction [None req-8383ea9c-bd38-4205-8c30-f707cdb0cdc1 None None] Running txn n=1 command(idx=0): DbRemoveCommand(_result=None, table=Logical_Switch_Port, record=f7be96eb-3ca4-492b-a8f7-d89627c93628, column=external_ids, values=('neutron:host_id',), keyvalues={}, if_exists=True) {{(pid=102395) do_commit /opt/stack/data/venv/lib/python3.12/site-packages/ovsdbapp/backend/ovs_idl/transaction.py:89}}
Apr 07 19:40:46.138891 np0000164075 devstack@neutron-api.service[102396]: [pid: 102396|app: 0|req: 23/93] 199.204.45.4 () {68 vars in 1344 bytes} [Tue Apr 7 19:40:45 2026] POST /networking/v2.0/networks => generated 683 bytes in 716 msecs (HTTP/1.1 201) 4 headers in 162 bytes (1 switches on core 0)
Apr 07 19:40:46.350458 np0000164075 devstack@neutron-api.service[102393]: INFO neutron.pecan_wsgi.hooks.translation [None req-9261b09f-0c3d-4937-aee9-98239e78215c admin admin] GET failed (client error): The resource could not be found.
Apr 07 19:40:46.351086 np0000164075 devstack@neutron-api.service[102393]: [pid: 102393|app: 0|req: 25/94] 199.204.45.4 () {64 vars in 1320 bytes} [Tue Apr 7 19:40:46 2026] GET /networking/v2.0/networks/admin_net => generated 111 bytes in 12 msecs (HTTP/1.1 404) 4 headers in 164 bytes (1 switches on core 0)
