Jun 18 13:39:29.920762 np0000182119 devstack@neutron-api.service[103054]: DEBUG ovsdbapp.backend.ovs_idl [None req-6b8e11d4-2cd5-4b94-b73e-ad4294b1a3ae None None] Created schema index Gateway_Chassis.name {{(pid=103054) autocreate_indices /opt/stack/data/venv/lib/python3.12/site-packages/ovsdbapp/backend/ovs_idl/__init__.py:106}}
Jun 18 13:39:29.920879 np0000182119 devstack@neutron-api.service[103054]: DEBUG ovsdbapp.backend.ovs_idl [None req-6b8e11d4-2cd5-4b94-b73e-ad4294b1a3ae None None] Created schema index Mirror.name {{(pid=103054) autocreate_indices /opt/stack/data/venv/lib/python3.12/site-packages/ovsdbapp/backend/ovs_idl/__init__.py:106}}
Jun 18 13:39:29.920998 np0000182119 devstack@neutron-api.service[103054]: DEBUG ovsdbapp.backend.ovs_idl [None req-6b8e11d4-2cd5-4b94-b73e-ad4294b1a3ae None None] Created schema index Chassis_Template_Var.chassis {{(pid=103054) autocreate_indices /opt/stack/data/venv/lib/python3.12/site-packages/ovsdbapp/backend/ovs_idl/__init__.py:106}}
Jun 18 13:39:29.921117 np0000182119 devstack@neutron-api.service[103054]: DEBUG ovsdbapp.backend.ovs_idl [None req-6b8e11d4-2cd5-4b94-b73e-ad4294b1a3ae None None] Created schema index Logical_Router_Port.name {{(pid=103054) autocreate_indices /opt/stack/data/venv/lib/python3.12/site-packages/ovsdbapp/backend/ovs_idl/__init__.py:106}}
Jun 18 13:39:29.921230 np0000182119 devstack@neutron-api.service[103054]: DEBUG ovsdbapp.backend.ovs_idl [None req-6b8e11d4-2cd5-4b94-b73e-ad4294b1a3ae None None] Created schema index Port_Group.name {{(pid=103054) autocreate_indices /opt/stack/data/venv/lib/python3.12/site-packages/ovsdbapp/backend/ovs_idl/__init__.py:106}}
Jun 18 13:39:29.921353 np0000182119 devstack@neutron-api.service[103054]: DEBUG ovsdbapp.backend.ovs_idl [None req-6b8e11d4-2cd5-4b94-b73e-ad4294b1a3ae None None] Created schema index Logical_Switch_Port.name {{(pid=103054) autocreate_indices /opt/stack/data/venv/lib/python3.12/site-packages/ovsdbapp/backend/ovs_idl/__init__.py:106}}
Jun 18 13:39:29.924093 np0000182119 devstack@neutron-api.service[103054]: INFO ovsdbapp.backend.ovs_idl.vlog [None req-6b8e11d4-2cd5-4b94-b73e-ad4294b1a3ae None None] ssl:199.204.45.250:6641: connecting...
Jun 18 13:39:29.967422 np0000182119 devstack@neutron-api.service[103054]: INFO ovsdbapp.backend.ovs_idl.vlog [None req-6b8e11d4-2cd5-4b94-b73e-ad4294b1a3ae None None] ssl:199.204.45.250:6641: connected
Jun 18 13:39:30.001354 np0000182119 devstack@neutron-api.service[103054]: DEBUG neutron.common.ovn.hash_ring_manager [None req-6b8e11d4-2cd5-4b94-b73e-ad4294b1a3ae None None] Disallow caching, nodes 1<4 {{(pid=103054) _wait_startup_before_caching /opt/stack/neutron/neutron/common/ovn/hash_ring_manager.py:79}}
Jun 18 13:39:30.006338 np0000182119 devstack@neutron-api.service[103054]: DEBUG neutron.common.ovn.hash_ring_manager [None req-6b8e11d4-2cd5-4b94-b73e-ad4294b1a3ae None None] Hash Ring loaded. 1 active nodes. 0 offline nodes {{(pid=103054) _load_hash_ring /opt/stack/neutron/neutron/common/ovn/hash_ring_manager.py:110}}
Jun 18 13:39:30.006507 np0000182119 devstack@neutron-api.service[103054]: DEBUG neutron.plugins.ml2.drivers.ovn.mech_driver.ovsdb.ovsdb_monitor [None req-6b8e11d4-2cd5-4b94-b73e-ad4294b1a3ae None None] Hash Ring: Node ace2b367d43c539cba7b98de1dbf5320 (host: np0000182119) handling event "create" for row 577eb566-9a33-429c-8978-6688c47b5161 (table: ACL) {{(pid=103054) notify /opt/stack/neutron/neutron/plugins/ml2/drivers/ovn/mech_driver/ovsdb/ovsdb_monitor.py:1015}}
Jun 18 13:39:30.012105 np0000182119 devstack@neutron-api.service[103054]: DEBUG neutron.common.ovn.hash_ring_manager [None req-6b8e11d4-2cd5-4b94-b73e-ad4294b1a3ae None None] Hash Ring loaded. 1 active nodes. 0 offline nodes {{(pid=103054) _load_hash_ring /opt/stack/neutron/neutron/common/ovn/hash_ring_manager.py:110}}
Jun 18 13:39:30.012221 np0000182119 devstack@neutron-api.service[103054]: DEBUG neutron.plugins.ml2.drivers.ovn.mech_driver.ovsdb.ovsdb_monitor [None req-6b8e11d4-2cd5-4b94-b73e-ad4294b1a3ae None None] Hash Ring: Node ace2b367d43c539cba7b98de1dbf5320 (host: np0000182119) handling event "create" for row bdff0453-989e-44f6-80ba-9e06da127d97 (table: ACL) {{(pid=103054) notify /opt/stack/neutron/neutron/plugins/ml2/drivers/ovn/mech_driver/ovsdb/ovsdb_monitor.py:1015}}
Jun 18 13:39:30.017772 np0000182119 devstack@neutron-api.service[103054]: DEBUG neutron.common.ovn.hash_ring_manager [None req-6b8e11d4-2cd5-4b94-b73e-ad4294b1a3ae None None] Hash Ring loaded. 1 active nodes. 0 offline nodes {{(pid=103054) _load_hash_ring /opt/stack/neutron/neutron/common/ovn/hash_ring_manager.py:110}}
Jun 18 13:39:30.017913 np0000182119 devstack@neutron-api.service[103054]: DEBUG neutron.plugins.ml2.drivers.ovn.mech_driver.ovsdb.ovsdb_monitor [None req-6b8e11d4-2cd5-4b94-b73e-ad4294b1a3ae None None] Hash Ring: Node ace2b367d43c539cba7b98de1dbf5320 (host: np0000182119) handling event "create" for row 6f316ed0-bb31-4273-99bf-38eb60e211ad (table: Connection) {{(pid=103054) notify /opt/stack/neutron/neutron/plugins/ml2/drivers/ovn/mech_driver/ovsdb/ovsdb_monitor.py:1015}}
Jun 18 13:39:30.023975 np0000182119 devstack@neutron-api.service[103054]: DEBUG neutron.common.ovn.hash_ring_manager [None req-6b8e11d4-2cd5-4b94-b73e-ad4294b1a3ae None None] Hash Ring loaded. 1 active nodes. 0 offline nodes {{(pid=103054) _load_hash_ring /opt/stack/neutron/neutron/common/ovn/hash_ring_manager.py:110}}
Jun 18 13:39:30.024120 np0000182119 devstack@neutron-api.service[103054]: DEBUG neutron.plugins.ml2.drivers.ovn.mech_driver.ovsdb.ovsdb_monitor [None req-6b8e11d4-2cd5-4b94-b73e-ad4294b1a3ae None None] Hash Ring: Node ace2b367d43c539cba7b98de1dbf5320 (host: np0000182119) handling event "create" for row 235b301d-8f70-4ee5-82a1-882822256181 (table: NB_Global) {{(pid=103054) notify /opt/stack/neutron/neutron/plugins/ml2/drivers/ovn/mech_driver/ovsdb/ovsdb_monitor.py:1015}}
Jun 18 13:39:30.030723 np0000182119 devstack@neutron-api.service[103054]: DEBUG neutron.common.ovn.hash_ring_manager [None req-6b8e11d4-2cd5-4b94-b73e-ad4294b1a3ae None None] Hash Ring loaded. 1 active nodes. 0 offline nodes {{(pid=103054) _load_hash_ring /opt/stack/neutron/neutron/common/ovn/hash_ring_manager.py:110}}
Jun 18 13:39:30.030884 np0000182119 devstack@neutron-api.service[103054]: DEBUG neutron.plugins.ml2.drivers.ovn.mech_driver.ovsdb.ovsdb_monitor [None req-6b8e11d4-2cd5-4b94-b73e-ad4294b1a3ae None None] Hash Ring: Node ace2b367d43c539cba7b98de1dbf5320 (host: np0000182119) handling event "create" for row 6699c887-4002-4d32-8326-85f5e384fe44 (table: Port_Group) {{(pid=103054) notify /opt/stack/neutron/neutron/plugins/ml2/drivers/ovn/mech_driver/ovsdb/ovsdb_monitor.py:1015}}
Jun 18 13:39:30.037888 np0000182119 devstack@neutron-api.service[103054]: DEBUG neutron.common.ovn.hash_ring_manager [None req-6b8e11d4-2cd5-4b94-b73e-ad4294b1a3ae None None] Hash Ring loaded. 1 active nodes. 0 offline nodes {{(pid=103054) _load_hash_ring /opt/stack/neutron/neutron/common/ovn/hash_ring_manager.py:110}}
Jun 18 13:39:30.038045 np0000182119 devstack@neutron-api.service[103054]: DEBUG neutron.plugins.ml2.drivers.ovn.mech_driver.ovsdb.ovsdb_monitor [None req-6b8e11d4-2cd5-4b94-b73e-ad4294b1a3ae None None] Hash Ring: Node ace2b367d43c539cba7b98de1dbf5320 (host: np0000182119) handling event "create" for row 9ce2e18a-5008-4389-9659-84ffd83ddbf8 (table: SSL) {{(pid=103054) notify /opt/stack/neutron/neutron/plugins/ml2/drivers/ovn/mech_driver/ovsdb/ovsdb_monitor.py:1015}}
Jun 18 13:39:30.039208 np0000182119 devstack@neutron-api.service[103054]: INFO neutron.plugins.ml2.drivers.ovn.mech_driver.ovsdb.impl_idl_ovn [None req-6b8e11d4-2cd5-4b94-b73e-ad4294b1a3ae None None] Getting OvsdbSbOvnIdl for WorkerService with retry
Jun 18 13:39:30.071154 np0000182119 devstack@neutron-api.service[103054]: DEBUG ovsdbapp.backend.ovs_idl [None req-6b8e11d4-2cd5-4b94-b73e-ad4294b1a3ae None None] Created lookup_table index Chassis.name {{(pid=103054) autocreate_indices /opt/stack/data/venv/lib/python3.12/site-packages/ovsdbapp/backend/ovs_idl/__init__.py:87}}
Jun 18 13:39:30.071266 np0000182119 devstack@neutron-api.service[103054]: DEBUG ovsdbapp.backend.ovs_idl [None req-6b8e11d4-2cd5-4b94-b73e-ad4294b1a3ae None None] Created lookup_table index Port_Binding.logical_port {{(pid=103054) autocreate_indices /opt/stack/data/venv/lib/python3.12/site-packages/ovsdbapp/backend/ovs_idl/__init__.py:87}}
Jun 18 13:39:30.071350 np0000182119 devstack@neutron-api.service[103054]: DEBUG ovsdbapp.backend.ovs_idl [None req-6b8e11d4-2cd5-4b94-b73e-ad4294b1a3ae None None] Created schema index Chassis_Private.name {{(pid=103054) autocreate_indices /opt/stack/data/venv/lib/python3.12/site-packages/ovsdbapp/backend/ovs_idl/__init__.py:106}}
Jun 18 13:39:30.071408 np0000182119 devstack@neutron-api.service[103054]: DEBUG ovsdbapp.backend.ovs_idl [None req-6b8e11d4-2cd5-4b94-b73e-ad4294b1a3ae None None] Created schema index Datapath_Binding.tunnel_key {{(pid=103054) autocreate_indices /opt/stack/data/venv/lib/python3.12/site-packages/ovsdbapp/backend/ovs_idl/__init__.py:106}}
Jun 18 13:39:30.074215 np0000182119 devstack@neutron-api.service[103054]: INFO ovsdbapp.backend.ovs_idl.vlog [None req-6b8e11d4-2cd5-4b94-b73e-ad4294b1a3ae None None] ssl:199.204.45.250:6642: connecting...
Jun 18 13:39:30.079536 np0000182119 devstack@neutron-api.service[103054]: INFO ovsdbapp.backend.ovs_idl.vlog [None req-6b8e11d4-2cd5-4b94-b73e-ad4294b1a3ae None None] ssl:199.204.45.250:6642: connected
Jun 18 13:39:30.126448 np0000182119 devstack@neutron-api.service[103054]: DEBUG neutron.common.ovn.hash_ring_manager [-] Hash Ring loaded. 1 active nodes. 0 offline nodes {{(pid=103054) _load_hash_ring /opt/stack/neutron/neutron/common/ovn/hash_ring_manager.py:110}}
Jun 18 13:39:30.126448 np0000182119 devstack@neutron-api.service[103054]: DEBUG neutron.plugins.ml2.drivers.ovn.mech_driver.ovsdb.ovsdb_monitor [-] Hash Ring: Node ace2b367d43c539cba7b98de1dbf5320 (host: np0000182119) handling event "update" for row 6f316ed0-bb31-4273-99bf-38eb60e211ad (table: Connection) {{(pid=103054) notify /opt/stack/neutron/neutron/plugins/ml2/drivers/ovn/mech_driver/ovsdb/ovsdb_monitor.py:1015}}
Jun 18 13:39:30.165996 np0000182119 devstack@neutron-api.service[103054]: DEBUG neutron.common.ovn.hash_ring_manager [None req-6b8e11d4-2cd5-4b94-b73e-ad4294b1a3ae None None] Disallow caching, nodes 1<4 {{(pid=103054) _wait_startup_before_caching /opt/stack/neutron/neutron/common/ovn/hash_ring_manager.py:79}}
Jun 18 13:39:30.171694 np0000182119 devstack@neutron-api.service[103054]: DEBUG neutron.common.ovn.hash_ring_manager [None req-6b8e11d4-2cd5-4b94-b73e-ad4294b1a3ae None None] Hash Ring loaded. 1 active nodes. 0 offline nodes {{(pid=103054) _load_hash_ring /opt/stack/neutron/neutron/common/ovn/hash_ring_manager.py:110}}
Jun 18 13:39:30.171887 np0000182119 devstack@neutron-api.service[103054]: DEBUG neutron.plugins.ml2.drivers.ovn.mech_driver.ovsdb.ovsdb_monitor [None req-6b8e11d4-2cd5-4b94-b73e-ad4294b1a3ae None None] Hash Ring: Node ace2b367d43c539cba7b98de1dbf5320 (host: np0000182119) handling event "create" for row dc3efd83-85b8-4710-a854-bb7df145f277 (table: Chassis) {{(pid=103054) notify /opt/stack/neutron/neutron/plugins/ml2/drivers/ovn/mech_driver/ovsdb/ovsdb_monitor.py:1015}}
Jun 18 13:39:30.174506 np0000182119 devstack@neutron-api.service[103054]: DEBUG ovsdbapp.backend.ovs_idl.event [None req-6b8e11d4-2cd5-4b94-b73e-ad4294b1a3ae None None] Matched CREATE: ChassisBandwidthConfigEvent(events=('create', 'update'), table='Chassis', conditions=None, old_conditions=None), priority=20 to row=Chassis(uuid=dc3efd83-85b8-4710-a854-bb7df145f277, encaps=[9bc6ea33-b01f-4fcd-948e-7be1f37b97e4], external_ids={}, hostname='np0000182119', name='01dfeea4-c170-4f3b-a451-59c888402003', nb_cfg=0, other_config={'ct-commit-nat-v2': 'true', 'ct-commit-to-zone': 'true', 'ct-next-zone': 'true', 'ct-no-masked-label': 'true', 'ct-state-save': 'true', 'datapath-type': 'system', 'fdb-timestamp': 'true', 'iface-types': 'afxdp,afxdp-nonpmd,bareudp,erspan,geneve,gre,gtpu,internal,ip6erspan,ip6gre,lisp,patch,srv6,stt,system,tap,vxlan', 'is-interconn': 'false', 'ls-dpg-column': 'true', 'mac-binding-timestamp': 'true', 'ovn-bridge-mappings': 'public:br-ex', 'ovn-chassis-mac-mappings': '', 'ovn-cms-options': 'enable-chassis-as-gw', 'ovn-ct-lb-related': 'true', 'ovn-enable-lflow-cache': 'true', 'ovn-limit-lflow-cache': '', 'ovn-memlimit-lflow-cache-kb': '', 'ovn-monitor-all': 'false', 'ovn-trim-limit-lflow-cache': '', 'ovn-trim-timeout-ms': '', 'ovn-trim-wmark-perc-lflow-cache': '', 'port-up-notif': 'true'}, transport_zones=[], vtep_logical_switches=[]) old= {{(pid=103054) matches /opt/stack/data/venv/lib/python3.12/site-packages/ovsdbapp/backend/ovs_idl/event.py:55}}
Jun 18 13:39:30.174506 np0000182119 devstack@neutron-api.service[103054]: DEBUG neutron.plugins.ml2.drivers.ovn.mech_driver.ovsdb.ovsdb_monitor [None req-6b8e11d4-2cd5-4b94-b73e-ad4294b1a3ae None None] ChassisAgentWriteEvent : Matched Chassis_Private, create, None None {{(pid=103054) matches /opt/stack/neutron/neutron/plugins/ml2/drivers/ovn/mech_driver/ovsdb/ovsdb_monitor.py:64}}
Jun 18 13:39:30.174648 np0000182119 devstack@neutron-api.service[103054]: DEBUG neutron.plugins.ml2.drivers.ovn.mech_driver.ovsdb.ovsdb_monitor [None req-6b8e11d4-2cd5-4b94-b73e-ad4294b1a3ae None None] ChassisOVNAgentWriteEvent : Matched Chassis_Private, create, None None {{(pid=103054) matches /opt/stack/neutron/neutron/plugins/ml2/drivers/ovn/mech_driver/ovsdb/ovsdb_monitor.py:64}}
Jun 18 13:39:30.181730 np0000182119 devstack@neutron-api.service[103054]: DEBUG neutron.common.ovn.hash_ring_manager [None req-6b8e11d4-2cd5-4b94-b73e-ad4294b1a3ae None None] Hash Ring loaded. 1 active nodes. 0 offline nodes {{(pid=103054) _load_hash_ring /opt/stack/neutron/neutron/common/ovn/hash_ring_manager.py:110}}
Jun 18 13:39:30.181851 np0000182119 devstack@neutron-api.service[103054]: DEBUG neutron.plugins.ml2.drivers.ovn.mech_driver.ovsdb.ovsdb_monitor [None req-6b8e11d4-2cd5-4b94-b73e-ad4294b1a3ae None None] Hash Ring: Node ace2b367d43c539cba7b98de1dbf5320 (host: np0000182119) handling event "create" for row e96c954f-20c5-41b4-ae86-6557af1b0cd0 (table: Chassis_Private) {{(pid=103054) notify /opt/stack/neutron/neutron/plugins/ml2/drivers/ovn/mech_driver/ovsdb/ovsdb_monitor.py:1015}}
Jun 18 13:39:30.188043 np0000182119 devstack@neutron-api.service[103054]: DEBUG neutron.common.ovn.hash_ring_manager [None req-6b8e11d4-2cd5-4b94-b73e-ad4294b1a3ae None None] Hash Ring loaded. 1 active nodes. 0 offline nodes {{(pid=103054) _load_hash_ring /opt/stack/neutron/neutron/common/ovn/hash_ring_manager.py:110}}
Jun 18 13:39:30.188209 np0000182119 devstack@neutron-api.service[103054]: DEBUG neutron.plugins.ml2.drivers.ovn.mech_driver.ovsdb.ovsdb_monitor [None req-6b8e11d4-2cd5-4b94-b73e-ad4294b1a3ae None None] Hash Ring: Node ace2b367d43c539cba7b98de1dbf5320 (host: np0000182119) handling event "create" for row 9bc6ea33-b01f-4fcd-948e-7be1f37b97e4 (table: Encap) {{(pid=103054) notify /opt/stack/neutron/neutron/plugins/ml2/drivers/ovn/mech_driver/ovsdb/ovsdb_monitor.py:1015}}
Jun 18 13:39:30.189150 np0000182119 devstack@neutron-api.service[103054]: INFO neutron.plugins.ml2.drivers.ovn.mech_driver.mech_driver [None req-6b8e11d4-2cd5-4b94-b73e-ad4294b1a3ae None None] WorkerService process has finished the post initialization
Jun 18 13:39:30.189572 np0000182119 devstack@neutron-api.service[103054]: DEBUG oslo_concurrency.processutils [None req-6b8e11d4-2cd5-4b94-b73e-ad4294b1a3ae None None] Running cmd (subprocess): ovsdb-client transact ssl:199.204.45.250:6641 --timeout 180 -p /opt/stack/data/CA/int-ca/private/devstack-cert.key -c /opt/stack/data/CA/int-ca/devstack-cert.crt -C /opt/stack/data/CA/int-ca/ca-chain.pem ["OVN_Northbound", {"op": "wait", "timeout": 0, "table": "Port_Group", "where": [["name", "==", "pvlan_pg_drop"]], "until": "==", "rows": []}, {"op": "insert", "table": "ACL", "row": {"action": "drop", "direction": "to-lport", "match": "outport == @pvlan_pg_drop && ip", "priority": 1010}, "uuid-name": "pvlandroptoport"}, {"op": "insert", "table": "ACL", "row": {"action": "drop", "direction": "from-lport", "match": "inport == @pvlan_pg_drop && ip", "priority": 1010}, "uuid-name": "pvlandropfromport"}, {"op": "insert", "table": "Port_Group", "row": {"name": "pvlan_pg_drop", "acls": ["set", [["named-uuid", "pvlandroptoport"], ["named-uuid", "pvlandropfromport"]]]}}] {{(pid=103054) execute /opt/stack/data/venv/lib/python3.12/site-packages/oslo_concurrency/processutils.py:440}}
Jun 18 13:39:30.190119 np0000182119 devstack@neutron-api.service[103054]: INFO neutron.plugins.ml2.drivers.ovn.mech_driver.ovsdb.extensions.qos [-] Starting OVNClientQosExtension
Jun 18 13:39:30.198642 np0000182119 devstack@neutron-api.service[103054]: INFO neutron.plugins.ml2.drivers.ovn.mech_driver.ovsdb.extensions.placement [-] Starting OVNClientPlacementExtension
Jun 18 13:39:30.233789 np0000182119 devstack@neutron-api.service[103053]: INFO neutron.plugins.ml2.managers [None req-77d30da9-7b59-495b-8efe-50e277f522b0 None None] Initializing driver for type 'local'
Jun 18 13:39:30.233919 np0000182119 devstack@neutron-api.service[103055]: INFO neutron.plugins.ml2.managers [None req-b8adf2d1-ac2c-4b87-9ca0-b3a1337ae66d None None] Initializing driver for type 'local'
Jun 18 13:39:30.234011 np0000182119 devstack@neutron-api.service[103053]: INFO neutron.plugins.ml2.managers [None req-77d30da9-7b59-495b-8efe-50e277f522b0 None None] Initializing driver for type 'vlan'
Jun 18 13:39:30.234090 np0000182119 devstack@neutron-api.service[103055]: INFO neutron.plugins.ml2.managers [None req-b8adf2d1-ac2c-4b87-9ca0-b3a1337ae66d None None] Initializing driver for type 'vlan'
Jun 18 13:39:30.234167 np0000182119 devstack@neutron-api.service[103054]: DEBUG oslo_concurrency.processutils [None req-6b8e11d4-2cd5-4b94-b73e-ad4294b1a3ae None None] CMD "ovsdb-client transact ssl:199.204.45.250:6641 --timeout 180 -p /opt/stack/data/CA/int-ca/private/devstack-cert.key -c /opt/stack/data/CA/int-ca/devstack-cert.crt -C /opt/stack/data/CA/int-ca/ca-chain.pem ["OVN_Northbound", {"op": "wait", "timeout": 0, "table": "Port_Group", "where": [["name", "==", "pvlan_pg_drop"]], "until": "==", "rows": []}, {"op": "insert", "table": "ACL", "row": {"action": "drop", "direction": "to-lport", "match": "outport == @pvlan_pg_drop && ip", "priority": 1010}, "uuid-name": "pvlandroptoport"}, {"op": "insert", "table": "ACL", "row": {"action": "drop", "direction": "from-lport", "match": "inport == @pvlan_pg_drop && ip", "priority": 1010}, "uuid-name": "pvlandropfromport"}, {"op": "insert", "table": "Port_Group", "row": {"name": "pvlan_pg_drop", "acls": ["set", [["named-uuid", "pvlandroptoport"], ["named-uuid", "pvlandropfromport"]]]}}]" returned: 0 in 0.044s {{(pid=103054) execute /opt/stack/data/venv/lib/python3.12/site-packages/oslo_concurrency/processutils.py:468}}
Jun 18 13:39:30.236677 np0000182119 devstack@neutron-api.service[103056]: INFO neutron.plugins.ml2.managers [None req-58a66880-e7e7-4b45-b282-c15a8c57333e None None] Initializing driver for type 'local'
Jun 18 13:39:30.236919 np0000182119 devstack@neutron-api.service[103056]: INFO neutron.plugins.ml2.managers [None req-58a66880-e7e7-4b45-b282-c15a8c57333e None None] Initializing driver for type 'vlan'
Jun 18 13:39:30.242188 np0000182119 devstack@neutron-api.service[103054]: WSGI app 0 (mountpoint='') ready in 7 seconds on interpreter 0x7a68a50a3668 pid: 103054 (default app)
Jun 18 13:39:30.264470 np0000182119 devstack@neutron-api.service[103054]: DEBUG neutron.common.ovn.hash_ring_manager [-] Hash Ring loaded. 1 active nodes. 0 offline nodes {{(pid=103054) _load_hash_ring /opt/stack/neutron/neutron/common/ovn/hash_ring_manager.py:110}}
Jun 18 13:39:30.264719 np0000182119 devstack@neutron-api.service[103054]: DEBUG neutron.plugins.ml2.drivers.ovn.mech_driver.ovsdb.ovsdb_monitor [-] Hash Ring: Node ace2b367d43c539cba7b98de1dbf5320 (host: np0000182119) handling event "create" for row 1c4dfee0-98bb-49f6-b274-af1082e57488 (table: ACL) {{(pid=103054) notify /opt/stack/neutron/neutron/plugins/ml2/drivers/ovn/mech_driver/ovsdb/ovsdb_monitor.py:1015}}
Jun 18 13:39:30.273006 np0000182119 devstack@neutron-api.service[103054]: DEBUG neutron.common.ovn.hash_ring_manager [-] Hash Ring loaded. 1 active nodes. 0 offline nodes {{(pid=103054) _load_hash_ring /opt/stack/neutron/neutron/common/ovn/hash_ring_manager.py:110}}
Jun 18 13:39:30.273171 np0000182119 devstack@neutron-api.service[103054]: DEBUG neutron.plugins.ml2.drivers.ovn.mech_driver.ovsdb.ovsdb_monitor [-] Hash Ring: Node ace2b367d43c539cba7b98de1dbf5320 (host: np0000182119) handling event "create" for row dc215c0d-dca2-402d-b223-9c4b396ad4c4 (table: ACL) {{(pid=103054) notify /opt/stack/neutron/neutron/plugins/ml2/drivers/ovn/mech_driver/ovsdb/ovsdb_monitor.py:1015}}
Jun 18 13:39:30.279755 np0000182119 devstack@neutron-api.service[103054]: DEBUG neutron.common.ovn.hash_ring_manager [-] Hash Ring loaded. 1 active nodes. 0 offline nodes {{(pid=103054) _load_hash_ring /opt/stack/neutron/neutron/common/ovn/hash_ring_manager.py:110}}
Jun 18 13:39:30.279755 np0000182119 devstack@neutron-api.service[103054]: DEBUG neutron.plugins.ml2.drivers.ovn.mech_driver.ovsdb.ovsdb_monitor [-] Hash Ring: Node ace2b367d43c539cba7b98de1dbf5320 (host: np0000182119) handling event "create" for row 123fe880-dcac-447a-a71d-f19740da187a (table: Port_Group) {{(pid=103054) notify /opt/stack/neutron/neutron/plugins/ml2/drivers/ovn/mech_driver/ovsdb/ovsdb_monitor.py:1015}}
Jun 18 13:39:30.386328 np0000182119 devstack@neutron-api.service[103053]: INFO neutron.plugins.ml2.drivers.type_vlan [None req-77d30da9-7b59-495b-8efe-50e277f522b0 None None] VlanTypeDriver initialization complete
Jun 18 13:39:30.386647 np0000182119 devstack@neutron-api.service[103053]: INFO neutron.plugins.ml2.managers [None req-77d30da9-7b59-495b-8efe-50e277f522b0 None None] Initializing extension driver 'port_security'
Jun 18 13:39:30.386647 np0000182119 devstack@neutron-api.service[103053]: INFO neutron.plugins.ml2.extensions.port_security [None req-77d30da9-7b59-495b-8efe-50e277f522b0 None None] PortSecurityExtensionDriver initialization complete
Jun 18 13:39:30.386828 np0000182119 devstack@neutron-api.service[103053]: INFO neutron.plugins.ml2.managers [None req-77d30da9-7b59-495b-8efe-50e277f522b0 None None] Initializing extension driver 'qos'
Jun 18 13:39:30.386828 np0000182119 devstack@neutron-api.service[103053]: DEBUG neutron.plugins.ml2.extensions.qos [None req-77d30da9-7b59-495b-8efe-50e277f522b0 None None] QosExtensionDriver initialization complete {{(pid=103053) initialize /opt/stack/neutron/neutron/plugins/ml2/extensions/qos.py:31}}
Jun 18 13:39:30.386947 np0000182119 devstack@neutron-api.service[103053]: INFO neutron.plugins.ml2.managers [None req-77d30da9-7b59-495b-8efe-50e277f522b0 None None] Initializing mechanism driver 'ovn'
Jun 18 13:39:30.386947 np0000182119 devstack@neutron-api.service[103053]: INFO neutron.plugins.ml2.drivers.ovn.mech_driver.mech_driver [None req-77d30da9-7b59-495b-8efe-50e277f522b0 None None] Starting OVNMechanismDriver
Jun 18 13:39:30.388584 np0000182119 devstack@neutron-api.service[103053]: DEBUG neutron_lib.callbacks.manager [None req-77d30da9-7b59-495b-8efe-50e277f522b0 None None] Subscribe: > process before_spawn 55550000, False {{(pid=103053) subscribe /opt/stack/data/venv/lib/python3.12/site-packages/neutron_lib/callbacks/manager.py:52}}
Jun 18 13:39:30.388704 np0000182119 devstack@neutron-api.service[103053]: DEBUG neutron_lib.callbacks.manager [None req-77d30da9-7b59-495b-8efe-50e277f522b0 None None] Subscribe: > process after_init 55550000, True {{(pid=103053) subscribe /opt/stack/data/venv/lib/python3.12/site-packages/neutron_lib/callbacks/manager.py:52}}
Jun 18 13:39:30.388833 np0000182119 devstack@neutron-api.service[103053]: DEBUG neutron_lib.callbacks.manager [None req-77d30da9-7b59-495b-8efe-50e277f522b0 None None] Subscribe: > segment after_create 55550000, False {{(pid=103053) subscribe /opt/stack/data/venv/lib/python3.12/site-packages/neutron_lib/callbacks/manager.py:52}}
Jun 18 13:39:30.388958 np0000182119 devstack@neutron-api.service[103053]: DEBUG neutron_lib.callbacks.manager [None req-77d30da9-7b59-495b-8efe-50e277f522b0 None None] Subscribe: > segment after_create 55550000, False {{(pid=103053) subscribe /opt/stack/data/venv/lib/python3.12/site-packages/neutron_lib/callbacks/manager.py:52}}
Jun 18 13:39:30.389082 np0000182119 devstack@neutron-api.service[103053]: DEBUG neutron_lib.callbacks.manager [None req-77d30da9-7b59-495b-8efe-50e277f522b0 None None] Subscribe: > segment after_delete 55550000, False {{(pid=103053) subscribe /opt/stack/data/venv/lib/python3.12/site-packages/neutron_lib/callbacks/manager.py:52}}
Jun 18 13:39:30.389180 np0000182119 devstack@neutron-api.service[103053]: DEBUG neutron_lib.callbacks.manager [None req-77d30da9-7b59-495b-8efe-50e277f522b0 None None] Subscribe: > allowed_address_pair before_create 55550000, False {{(pid=103053) subscribe /opt/stack/data/venv/lib/python3.12/site-packages/neutron_lib/callbacks/manager.py:52}}
Jun 18 13:39:30.389210 np0000182119 devstack@neutron-api.service[103053]: DEBUG neutron_lib.callbacks.manager [None req-77d30da9-7b59-495b-8efe-50e277f522b0 None None] Subscribe: > security_group precommit_create 55550000, False {{(pid=103053) subscribe /opt/stack/data/venv/lib/python3.12/site-packages/neutron_lib/callbacks/manager.py:52}}
Jun 18 13:39:30.389323 np0000182119 devstack@neutron-api.service[103053]: DEBUG neutron_lib.callbacks.manager [None req-77d30da9-7b59-495b-8efe-50e277f522b0 None None] Subscribe: > security_group after_update 55550000, False {{(pid=103053) subscribe /opt/stack/data/venv/lib/python3.12/site-packages/neutron_lib/callbacks/manager.py:52}}
Jun 18 13:39:30.389421 np0000182119 devstack@neutron-api.service[103053]: DEBUG neutron_lib.callbacks.manager [None req-77d30da9-7b59-495b-8efe-50e277f522b0 None None] Subscribe: > security_group after_create 55550000, False {{(pid=103053) subscribe /opt/stack/data/venv/lib/python3.12/site-packages/neutron_lib/callbacks/manager.py:52}}
Jun 18 13:39:30.389538 np0000182119 devstack@neutron-api.service[103053]: DEBUG neutron_lib.callbacks.manager [None req-77d30da9-7b59-495b-8efe-50e277f522b0 None None] Subscribe: > security_group precommit_delete 55550000, False {{(pid=103053) subscribe /opt/stack/data/venv/lib/python3.12/site-packages/neutron_lib/callbacks/manager.py:52}}
Jun 18 13:39:30.389660 np0000182119 devstack@neutron-api.service[103053]: DEBUG neutron_lib.callbacks.manager [None req-77d30da9-7b59-495b-8efe-50e277f522b0 None None] Subscribe: > security_group after_delete 55550000, False {{(pid=103053) subscribe /opt/stack/data/venv/lib/python3.12/site-packages/neutron_lib/callbacks/manager.py:52}}
Jun 18 13:39:30.389767 np0000182119 devstack@neutron-api.service[103053]: DEBUG neutron_lib.callbacks.manager [None req-77d30da9-7b59-495b-8efe-50e277f522b0 None None] Subscribe: > security_group_rule precommit_create 55550000, False {{(pid=103053) subscribe /opt/stack/data/venv/lib/python3.12/site-packages/neutron_lib/callbacks/manager.py:52}}
Jun 18 13:39:30.389836 np0000182119 devstack@neutron-api.service[103053]: DEBUG neutron_lib.callbacks.manager [None req-77d30da9-7b59-495b-8efe-50e277f522b0 None None] Subscribe: > security_group_rule after_create 55550000, False {{(pid=103053) subscribe /opt/stack/data/venv/lib/python3.12/site-packages/neutron_lib/callbacks/manager.py:52}}
Jun 18 13:39:30.389933 np0000182119 devstack@neutron-api.service[103053]: DEBUG neutron_lib.callbacks.manager [None req-77d30da9-7b59-495b-8efe-50e277f522b0 None None] Subscribe: > security_group_rule before_delete 55550000, False {{(pid=103053) subscribe /opt/stack/data/venv/lib/python3.12/site-packages/neutron_lib/callbacks/manager.py:52}}
Jun 18 13:39:30.390042 np0000182119 devstack@neutron-api.service[103053]: DEBUG neutron_lib.callbacks.manager [None req-77d30da9-7b59-495b-8efe-50e277f522b0 None None] Subscribe: > address_group after_create 55550000, False {{(pid=103053) subscribe /opt/stack/data/venv/lib/python3.12/site-packages/neutron_lib/callbacks/manager.py:52}}
Jun 18 13:39:30.390120 np0000182119 devstack@neutron-api.service[103053]: DEBUG neutron_lib.callbacks.manager [None req-77d30da9-7b59-495b-8efe-50e277f522b0 None None] Subscribe: > address_group after_update 55550000, False {{(pid=103053) subscribe /opt/stack/data/venv/lib/python3.12/site-packages/neutron_lib/callbacks/manager.py:52}}
Jun 18 13:39:30.390218 np0000182119 devstack@neutron-api.service[103053]: DEBUG neutron_lib.callbacks.manager [None req-77d30da9-7b59-495b-8efe-50e277f522b0 None None] Subscribe: > address_group after_delete 55550000, False {{(pid=103053) subscribe /opt/stack/data/venv/lib/python3.12/site-packages/neutron_lib/callbacks/manager.py:52}}
Jun 18 13:39:30.390322 np0000182119 devstack@neutron-api.service[103056]: INFO neutron.plugins.ml2.drivers.type_vlan [None req-58a66880-e7e7-4b45-b282-c15a8c57333e None None] VlanTypeDriver initialization complete
Jun 18 13:39:30.390536 np0000182119 devstack@neutron-api.service[103053]: DEBUG neutron_lib.callbacks.manager [None req-77d30da9-7b59-495b-8efe-50e277f522b0 None None] Subscribe: > qos_plugin after_init 55550000, False {{(pid=103053) subscribe /opt/stack/data/venv/lib/python3.12/site-packages/neutron_lib/callbacks/manager.py:52}}
Jun 18 13:39:30.390635 np0000182119 devstack@neutron-api.service[103056]: INFO neutron.plugins.ml2.managers [None req-58a66880-e7e7-4b45-b282-c15a8c57333e None None] Initializing extension driver 'port_security'
Jun 18 13:39:30.390635 np0000182119 devstack@neutron-api.service[103056]: INFO neutron.plugins.ml2.extensions.port_security [None req-58a66880-e7e7-4b45-b282-c15a8c57333e None None] PortSecurityExtensionDriver initialization complete
Jun 18 13:39:30.390687 np0000182119 devstack@neutron-api.service[103053]: DEBUG neutron_lib.callbacks.manager [None req-77d30da9-7b59-495b-8efe-50e277f522b0 None None] Subscribe: > trunk_plugin after_init 55550000, False {{(pid=103053) subscribe /opt/stack/data/venv/lib/python3.12/site-packages/neutron_lib/callbacks/manager.py:52}}
Jun 18 13:39:30.390746 np0000182119 devstack@neutron-api.service[103056]: INFO neutron.plugins.ml2.managers [None req-58a66880-e7e7-4b45-b282-c15a8c57333e None None] Initializing extension driver 'qos'
Jun 18 13:39:30.390746 np0000182119 devstack@neutron-api.service[103056]: DEBUG neutron.plugins.ml2.extensions.qos [None req-58a66880-e7e7-4b45-b282-c15a8c57333e None None] QosExtensionDriver initialization complete {{(pid=103056) initialize /opt/stack/neutron/neutron/plugins/ml2/extensions/qos.py:31}}
Jun 18 13:39:30.390803 np0000182119 devstack@neutron-api.service[103053]: DEBUG neutron_lib.callbacks.manager [None req-77d30da9-7b59-495b-8efe-50e277f522b0 None None] Subscribe: > logging-plugin after_init 55550000, False {{(pid=103053) subscribe /opt/stack/data/venv/lib/python3.12/site-packages/neutron_lib/callbacks/manager.py:52}}
Jun 18 13:39:30.390862 np0000182119 devstack@neutron-api.service[103056]: INFO neutron.plugins.ml2.managers [None req-58a66880-e7e7-4b45-b282-c15a8c57333e None None] Initializing mechanism driver 'ovn'
Jun 18 13:39:30.390895 np0000182119 devstack@neutron-api.service[103056]: INFO neutron.plugins.ml2.drivers.ovn.mech_driver.mech_driver [None req-58a66880-e7e7-4b45-b282-c15a8c57333e None None] Starting OVNMechanismDriver
Jun 18 13:39:30.391247 np0000182119 devstack@neutron-api.service[103053]: INFO neutron.services.logapi.drivers.ovn.driver [None req-77d30da9-7b59-495b-8efe-50e277f522b0 None None] OVN logging driver registered
Jun 18 13:39:30.391356 np0000182119 devstack@neutron-api.service[103053]: DEBUG neutron_lib.callbacks.manager [None req-77d30da9-7b59-495b-8efe-50e277f522b0 None None] Subscribe: ._register_pvlan_driver at 0x7a689d2d7d80> pvlan_plugin before_spawn 55550000, False {{(pid=103053) subscribe /opt/stack/data/venv/lib/python3.12/site-packages/neutron_lib/callbacks/manager.py:52}}
Jun 18 13:39:30.391486 np0000182119 devstack@neutron-api.service[103053]: DEBUG neutron_lib.callbacks.manager [None req-77d30da9-7b59-495b-8efe-50e277f522b0 None None] Subscribe: process after_init 55550000, False {{(pid=103053) subscribe /opt/stack/data/venv/lib/python3.12/site-packages/neutron_lib/callbacks/manager.py:52}}
Jun 18 13:39:30.392421 np0000182119 devstack@neutron-api.service[103056]: DEBUG neutron_lib.callbacks.manager [None req-58a66880-e7e7-4b45-b282-c15a8c57333e None None] Subscribe: > process before_spawn 55550000, False {{(pid=103056) subscribe /opt/stack/data/venv/lib/python3.12/site-packages/neutron_lib/callbacks/manager.py:52}}
Jun 18 13:39:30.392569 np0000182119 devstack@neutron-api.service[103056]: DEBUG neutron_lib.callbacks.manager [None req-58a66880-e7e7-4b45-b282-c15a8c57333e None None] Subscribe: > process after_init 55550000, True {{(pid=103056) subscribe /opt/stack/data/venv/lib/python3.12/site-packages/neutron_lib/callbacks/manager.py:52}}
Jun 18 13:39:30.392679 np0000182119 devstack@neutron-api.service[103056]: DEBUG neutron_lib.callbacks.manager [None req-58a66880-e7e7-4b45-b282-c15a8c57333e None None] Subscribe: > segment after_create 55550000, False {{(pid=103056) subscribe /opt/stack/data/venv/lib/python3.12/site-packages/neutron_lib/callbacks/manager.py:52}}
Jun 18 13:39:30.392788 np0000182119 devstack@neutron-api.service[103056]: DEBUG neutron_lib.callbacks.manager [None req-58a66880-e7e7-4b45-b282-c15a8c57333e None None] Subscribe: > segment after_create 55550000, False {{(pid=103056) subscribe /opt/stack/data/venv/lib/python3.12/site-packages/neutron_lib/callbacks/manager.py:52}}
Jun 18 13:39:30.392886 np0000182119 devstack@neutron-api.service[103056]: DEBUG neutron_lib.callbacks.manager [None req-58a66880-e7e7-4b45-b282-c15a8c57333e None None] Subscribe: > segment after_delete 55550000, False {{(pid=103056) subscribe /opt/stack/data/venv/lib/python3.12/site-packages/neutron_lib/callbacks/manager.py:52}}
Jun 18 13:39:30.392954 np0000182119 devstack@neutron-api.service[103053]: DEBUG neutron.plugins.ml2.plugin [None req-77d30da9-7b59-495b-8efe-50e277f522b0 None None] neutron.plugins.ml2.plugin.Ml2Plugin method _start_rpc_notifiers called with arguments () {} {{(pid=103053) wrapper /opt/stack/data/venv/lib/python3.12/site-packages/oslo_log/helpers.py:77}}
Jun 18 13:39:30.393067 np0000182119 devstack@neutron-api.service[103056]: DEBUG neutron_lib.callbacks.manager [None req-58a66880-e7e7-4b45-b282-c15a8c57333e None None] Subscribe: > allowed_address_pair before_create 55550000, False {{(pid=103056) subscribe /opt/stack/data/venv/lib/python3.12/site-packages/neutron_lib/callbacks/manager.py:52}}
Jun 18 13:39:30.393159 np0000182119 devstack@neutron-api.service[103056]: DEBUG neutron_lib.callbacks.manager [None req-58a66880-e7e7-4b45-b282-c15a8c57333e None None] Subscribe: > security_group precommit_create 55550000, False {{(pid=103056) subscribe /opt/stack/data/venv/lib/python3.12/site-packages/neutron_lib/callbacks/manager.py:52}}
Jun 18 13:39:30.393189 np0000182119 devstack@neutron-api.service[103056]: DEBUG neutron_lib.callbacks.manager [None req-58a66880-e7e7-4b45-b282-c15a8c57333e None None] Subscribe: > security_group after_update 55550000, False {{(pid=103056) subscribe /opt/stack/data/venv/lib/python3.12/site-packages/neutron_lib/callbacks/manager.py:52}}
Jun 18 13:39:30.393247 np0000182119 devstack@neutron-api.service[103053]: DEBUG neutron_lib.callbacks.manager [None req-77d30da9-7b59-495b-8efe-50e277f522b0 None None] Subscribe: > port after_create 55550000, False {{(pid=103053) subscribe /opt/stack/data/venv/lib/python3.12/site-packages/neutron_lib/callbacks/manager.py:52}}
Jun 18 13:39:30.393319 np0000182119 devstack@neutron-api.service[103056]: DEBUG neutron_lib.callbacks.manager [None req-58a66880-e7e7-4b45-b282-c15a8c57333e None None] Subscribe: > security_group after_create 55550000, False {{(pid=103056) subscribe /opt/stack/data/venv/lib/python3.12/site-packages/neutron_lib/callbacks/manager.py:52}}
Jun 18 13:39:30.393349 np0000182119 devstack@neutron-api.service[103053]: DEBUG neutron_lib.callbacks.manager [None req-77d30da9-7b59-495b-8efe-50e277f522b0 None None] Subscribe: > port after_update 55550000, False {{(pid=103053) subscribe /opt/stack/data/venv/lib/python3.12/site-packages/neutron_lib/callbacks/manager.py:52}}
Jun 18 13:39:30.393412 np0000182119 devstack@neutron-api.service[103056]: DEBUG neutron_lib.callbacks.manager [None req-58a66880-e7e7-4b45-b282-c15a8c57333e None None] Subscribe: > security_group precommit_delete 55550000, False {{(pid=103056) subscribe /opt/stack/data/venv/lib/python3.12/site-packages/neutron_lib/callbacks/manager.py:52}}
Jun 18 13:39:30.393499 np0000182119 devstack@neutron-api.service[103053]: DEBUG neutron_lib.callbacks.manager [None req-77d30da9-7b59-495b-8efe-50e277f522b0 None None] Subscribe: > port after_delete 55550000, False {{(pid=103053) subscribe /opt/stack/data/venv/lib/python3.12/site-packages/neutron_lib/callbacks/manager.py:52}}
Jun 18 13:39:30.393565 np0000182119 devstack@neutron-api.service[103056]: DEBUG neutron_lib.callbacks.manager [None req-58a66880-e7e7-4b45-b282-c15a8c57333e None None] Subscribe: > security_group after_delete 55550000, False {{(pid=103056) subscribe /opt/stack/data/venv/lib/python3.12/site-packages/neutron_lib/callbacks/manager.py:52}}
Jun 18 13:39:30.393595 np0000182119 devstack@neutron-api.service[103053]: DEBUG neutron_lib.callbacks.manager [None req-77d30da9-7b59-495b-8efe-50e277f522b0 None None] Subscribe: > subnet after_create 55550000, False {{(pid=103053) subscribe /opt/stack/data/venv/lib/python3.12/site-packages/neutron_lib/callbacks/manager.py:52}}
Jun 18 13:39:30.393654 np0000182119 devstack@neutron-api.service[103056]: DEBUG neutron_lib.callbacks.manager [None req-58a66880-e7e7-4b45-b282-c15a8c57333e None None] Subscribe: > security_group_rule precommit_create 55550000, False {{(pid=103056) subscribe /opt/stack/data/venv/lib/python3.12/site-packages/neutron_lib/callbacks/manager.py:52}}
Jun 18 13:39:30.393684 np0000182119 devstack@neutron-api.service[103053]: DEBUG neutron_lib.callbacks.manager [None req-77d30da9-7b59-495b-8efe-50e277f522b0 None None] Subscribe: > subnet after_update 55550000, False {{(pid=103053) subscribe /opt/stack/data/venv/lib/python3.12/site-packages/neutron_lib/callbacks/manager.py:52}}
Jun 18 13:39:30.393748 np0000182119 devstack@neutron-api.service[103056]: DEBUG neutron_lib.callbacks.manager [None req-58a66880-e7e7-4b45-b282-c15a8c57333e None None] Subscribe: > security_group_rule after_create 55550000, False {{(pid=103056) subscribe /opt/stack/data/venv/lib/python3.12/site-packages/neutron_lib/callbacks/manager.py:52}}
Jun 18 13:39:30.393809 np0000182119 devstack@neutron-api.service[103053]: DEBUG neutron_lib.callbacks.manager [None req-77d30da9-7b59-495b-8efe-50e277f522b0 None None] Subscribe: > subnet after_delete 55550000, False {{(pid=103053) subscribe /opt/stack/data/venv/lib/python3.12/site-packages/neutron_lib/callbacks/manager.py:52}}
Jun 18 13:39:30.393867 np0000182119 devstack@neutron-api.service[103056]: DEBUG neutron_lib.callbacks.manager [None req-58a66880-e7e7-4b45-b282-c15a8c57333e None None] Subscribe: > security_group_rule before_delete 55550000, False {{(pid=103056) subscribe /opt/stack/data/venv/lib/python3.12/site-packages/neutron_lib/callbacks/manager.py:52}}
Jun 18 13:39:30.393899 np0000182119 devstack@neutron-api.service[103053]: DEBUG neutron_lib.callbacks.manager [None req-77d30da9-7b59-495b-8efe-50e277f522b0 None None] Subscribe: > network after_create 55550000, False {{(pid=103053) subscribe /opt/stack/data/venv/lib/python3.12/site-packages/neutron_lib/callbacks/manager.py:52}}
Jun 18 13:39:30.393968 np0000182119 devstack@neutron-api.service[103056]: DEBUG neutron_lib.callbacks.manager [None req-58a66880-e7e7-4b45-b282-c15a8c57333e None None] Subscribe: > address_group after_create 55550000, False {{(pid=103056) subscribe /opt/stack/data/venv/lib/python3.12/site-packages/neutron_lib/callbacks/manager.py:52}}
Jun 18 13:39:30.394000 np0000182119 devstack@neutron-api.service[103053]: DEBUG neutron_lib.callbacks.manager [None req-77d30da9-7b59-495b-8efe-50e277f522b0 None None] Subscribe: > network after_update 55550000, False {{(pid=103053) subscribe /opt/stack/data/venv/lib/python3.12/site-packages/neutron_lib/callbacks/manager.py:52}}
Jun 18 13:39:30.394058 np0000182119 devstack@neutron-api.service[103056]: DEBUG neutron_lib.callbacks.manager [None req-58a66880-e7e7-4b45-b282-c15a8c57333e None None] Subscribe: > address_group after_update 55550000, False {{(pid=103056) subscribe /opt/stack/data/venv/lib/python3.12/site-packages/neutron_lib/callbacks/manager.py:52}}
Jun 18 13:39:30.394118 np0000182119 devstack@neutron-api.service[103053]: DEBUG neutron_lib.callbacks.manager [None req-77d30da9-7b59-495b-8efe-50e277f522b0 None None] Subscribe: > network after_delete 55550000, False {{(pid=103053) subscribe /opt/stack/data/venv/lib/python3.12/site-packages/neutron_lib/callbacks/manager.py:52}}
Jun 18 13:39:30.394153 np0000182119 devstack@neutron-api.service[103056]: DEBUG neutron_lib.callbacks.manager [None req-58a66880-e7e7-4b45-b282-c15a8c57333e None None] Subscribe: > address_group after_delete 55550000, False {{(pid=103056) subscribe /opt/stack/data/venv/lib/python3.12/site-packages/neutron_lib/callbacks/manager.py:52}}
Jun 18 13:39:30.394212 np0000182119 devstack@neutron-api.service[103053]: DEBUG neutron_lib.callbacks.manager [None req-77d30da9-7b59-495b-8efe-50e277f522b0 None None] Subscribe: > security_group after_create 55550000, False {{(pid=103053) subscribe /opt/stack/data/venv/lib/python3.12/site-packages/neutron_lib/callbacks/manager.py:52}}
Jun 18 13:39:30.394212 np0000182119 devstack@neutron-api.service[103053]: DEBUG neutron_lib.callbacks.manager [None req-77d30da9-7b59-495b-8efe-50e277f522b0 None None] Subscribe: > security_group after_update 55550000, False {{(pid=103053) subscribe /opt/stack/data/venv/lib/python3.12/site-packages/neutron_lib/callbacks/manager.py:52}}
Jun 18 13:39:30.394299 np0000182119 devstack@neutron-api.service[103056]: DEBUG neutron_lib.callbacks.manager [None req-58a66880-e7e7-4b45-b282-c15a8c57333e None None] Subscribe: > qos_plugin after_init 55550000, False {{(pid=103056) subscribe /opt/stack/data/venv/lib/python3.12/site-packages/neutron_lib/callbacks/manager.py:52}}
Jun 18 13:39:30.394363 np0000182119 devstack@neutron-api.service[103053]: DEBUG neutron_lib.callbacks.manager [None req-77d30da9-7b59-495b-8efe-50e277f522b0 None None] Subscribe: > security_group after_delete 55550000, False {{(pid=103053) subscribe /opt/stack/data/venv/lib/python3.12/site-packages/neutron_lib/callbacks/manager.py:52}}
Jun 18 13:39:30.394420 np0000182119 devstack@neutron-api.service[103053]: DEBUG neutron_lib.callbacks.manager [None req-77d30da9-7b59-495b-8efe-50e277f522b0 None None] Subscribe: > security_group_rule after_create 55550000, False {{(pid=103053) subscribe /opt/stack/data/venv/lib/python3.12/site-packages/neutron_lib/callbacks/manager.py:52}}
Jun 18 13:39:30.394480 np0000182119 devstack@neutron-api.service[103056]: DEBUG neutron_lib.callbacks.manager [None req-58a66880-e7e7-4b45-b282-c15a8c57333e None None] Subscribe: > trunk_plugin after_init 55550000, False {{(pid=103056) subscribe /opt/stack/data/venv/lib/python3.12/site-packages/neutron_lib/callbacks/manager.py:52}}
Jun 18 13:39:30.394545 np0000182119 devstack@neutron-api.service[103053]: DEBUG neutron_lib.callbacks.manager [None req-77d30da9-7b59-495b-8efe-50e277f522b0 None None] Subscribe: > security_group_rule after_update 55550000, False {{(pid=103053) subscribe /opt/stack/data/venv/lib/python3.12/site-packages/neutron_lib/callbacks/manager.py:52}}
Jun 18 13:39:30.394609 np0000182119 devstack@neutron-api.service[103053]: DEBUG neutron_lib.callbacks.manager [None req-77d30da9-7b59-495b-8efe-50e277f522b0 None None] Subscribe: > security_group_rule after_delete 55550000, False {{(pid=103053) subscribe /opt/stack/data/venv/lib/python3.12/site-packages/neutron_lib/callbacks/manager.py:52}}
Jun 18 13:39:30.394675 np0000182119 devstack@neutron-api.service[103056]: DEBUG neutron_lib.callbacks.manager [None req-58a66880-e7e7-4b45-b282-c15a8c57333e None None] Subscribe: > logging-plugin after_init 55550000, False {{(pid=103056) subscribe /opt/stack/data/venv/lib/python3.12/site-packages/neutron_lib/callbacks/manager.py:52}}
Jun 18 13:39:30.394736 np0000182119 devstack@neutron-api.service[103053]: DEBUG neutron_lib.callbacks.manager [None req-77d30da9-7b59-495b-8efe-50e277f522b0 None None] Subscribe: > address_group after_create 55550000, False {{(pid=103053) subscribe /opt/stack/data/venv/lib/python3.12/site-packages/neutron_lib/callbacks/manager.py:52}}
Jun 18 13:39:30.394766 np0000182119 devstack@neutron-api.service[103053]: DEBUG neutron_lib.callbacks.manager [None req-77d30da9-7b59-495b-8efe-50e277f522b0 None None] Subscribe: > address_group after_update 55550000, False {{(pid=103053) subscribe /opt/stack/data/venv/lib/python3.12/site-packages/neutron_lib/callbacks/manager.py:52}}
Jun 18 13:39:30.394865 np0000182119 devstack@neutron-api.service[103053]: DEBUG neutron_lib.callbacks.manager [None req-77d30da9-7b59-495b-8efe-50e277f522b0 None None] Subscribe: > address_group after_delete 55550000, False {{(pid=103053) subscribe /opt/stack/data/venv/lib/python3.12/site-packages/neutron_lib/callbacks/manager.py:52}}
Jun 18 13:39:30.395204 np0000182119 devstack@neutron-api.service[103053]: DEBUG neutron.plugins.ml2.ovo_rpc [None req-77d30da9-7b59-495b-8efe-50e277f522b0 None None] ML2 OVO RPC backend initialized. {{(pid=103053) __init__ /opt/stack/neutron/neutron/plugins/ml2/ovo_rpc.py:117}}
Jun 18 13:39:30.395353 np0000182119 devstack@neutron-api.service[103056]: INFO neutron.services.logapi.drivers.ovn.driver [None req-58a66880-e7e7-4b45-b282-c15a8c57333e None None] OVN logging driver registered
Jun 18 13:39:30.395353 np0000182119 devstack@neutron-api.service[103056]: DEBUG neutron_lib.callbacks.manager [None req-58a66880-e7e7-4b45-b282-c15a8c57333e None None] Subscribe: ._register_pvlan_driver at 0x7a689cac8c20> pvlan_plugin before_spawn 55550000, False {{(pid=103056) subscribe /opt/stack/data/venv/lib/python3.12/site-packages/neutron_lib/callbacks/manager.py:52}}
Jun 18 13:39:30.395353 np0000182119 devstack@neutron-api.service[103056]: DEBUG neutron_lib.callbacks.manager [None req-58a66880-e7e7-4b45-b282-c15a8c57333e None None] Subscribe: process after_init 55550000, False {{(pid=103056) subscribe /opt/stack/data/venv/lib/python3.12/site-packages/neutron_lib/callbacks/manager.py:52}}
Jun 18 13:39:30.395875 np0000182119 devstack@neutron-api.service[103053]: INFO neutron.quota [None req-77d30da9-7b59-495b-8efe-50e277f522b0 None None] Loaded quota_driver: .
Jun 18 13:39:30.395875 np0000182119 devstack@neutron-api.service[103053]: INFO neutron.plugins.ml2.plugin [None req-77d30da9-7b59-495b-8efe-50e277f522b0 None None] Modular L2 Plugin initialization complete
Jun 18 13:39:30.396157 np0000182119 devstack@neutron-api.service[103053]: DEBUG neutron.manager [None req-77d30da9-7b59-495b-8efe-50e277f522b0 None None] Loading services supported by the core plugin {{(pid=103053) _load_services_from_core_plugin /opt/stack/neutron/neutron/manager.py:170}}
Jun 18 13:39:30.396157 np0000182119 devstack@neutron-api.service[103053]: INFO neutron.plugins.ml2.managers [None req-77d30da9-7b59-495b-8efe-50e277f522b0 None None] Got port-security extension from driver 'port_security'
Jun 18 13:39:30.396565 np0000182119 devstack@neutron-api.service[103053]: DEBUG neutron.manager [None req-77d30da9-7b59-495b-8efe-50e277f522b0 None None] Loading service plugins: ['ovn-router', 'auto_allocate', 'tag', 'timestamp', 'network_ip_availability', 'flavors', 'revisions'] {{(pid=103053) _load_service_plugins /opt/stack/neutron/neutron/manager.py:195}}
Jun 18 13:39:30.396565 np0000182119 devstack@neutron-api.service[103053]: INFO neutron.manager [None req-77d30da9-7b59-495b-8efe-50e277f522b0 None None] Loading Plugin: ovn-router
Jun 18 13:39:30.396899 np0000182119 devstack@neutron-api.service[103056]: DEBUG neutron.plugins.ml2.plugin [None req-58a66880-e7e7-4b45-b282-c15a8c57333e None None] neutron.plugins.ml2.plugin.Ml2Plugin method _start_rpc_notifiers called with arguments () {} {{(pid=103056) wrapper /opt/stack/data/venv/lib/python3.12/site-packages/oslo_log/helpers.py:77}}
Jun 18 13:39:30.397040 np0000182119 devstack@neutron-api.service[103056]: DEBUG neutron_lib.callbacks.manager [None req-58a66880-e7e7-4b45-b282-c15a8c57333e None None] Subscribe: > port after_create 55550000, False {{(pid=103056) subscribe /opt/stack/data/venv/lib/python3.12/site-packages/neutron_lib/callbacks/manager.py:52}}
Jun 18 13:39:30.397040 np0000182119 devstack@neutron-api.service[103056]: DEBUG neutron_lib.callbacks.manager [None req-58a66880-e7e7-4b45-b282-c15a8c57333e None None] Subscribe: > port after_update 55550000, False {{(pid=103056) subscribe /opt/stack/data/venv/lib/python3.12/site-packages/neutron_lib/callbacks/manager.py:52}}
Jun 18 13:39:30.397269 np0000182119 devstack@neutron-api.service[103056]: DEBUG neutron_lib.callbacks.manager [None req-58a66880-e7e7-4b45-b282-c15a8c57333e None None] Subscribe: > port after_delete 55550000, False {{(pid=103056) subscribe /opt/stack/data/venv/lib/python3.12/site-packages/neutron_lib/callbacks/manager.py:52}}
Jun 18 13:39:30.397269 np0000182119 devstack@neutron-api.service[103056]: DEBUG neutron_lib.callbacks.manager [None req-58a66880-e7e7-4b45-b282-c15a8c57333e None None] Subscribe: > subnet after_create 55550000, False {{(pid=103056) subscribe /opt/stack/data/venv/lib/python3.12/site-packages/neutron_lib/callbacks/manager.py:52}}
