+ COMMAND=start + start + exec uwsgi --ini /etc/neutron/neutron-api-uwsgi.ini [uWSGI] getting INI configuration from /etc/neutron/neutron-api-uwsgi.ini *** Starting uWSGI 2.0.31 (64bit) on [Thu Jun 25 22:55:52 2026] *** compiled with version: 11.4.0 on 02 June 2026 01:53:03 os: Linux-5.15.0-181-generic #191-Ubuntu SMP Fri May 22 19:09:02 UTC 2026 nodename: neutron-server-64ffcb489d-xz6v4 machine: x86_64 clock source: unix pcre jit disabled detected number of CPU cores: 16 current working directory: / detected binary path: /var/lib/openstack/bin/uwsgi *** dumping internal routing table *** [rule: 0] subject: user_agent regexp: ^kube-probe.* action: donotlog: *** end of the internal routing table *** your memory page size is 4096 bytes detected max file descriptor number: 1048576 lock engine: pthread robust mutexes thunder lock: enabled uwsgi socket 0 bound to TCP address 0.0.0.0:9696 fd 3 Python version: 3.10.12 (main, Mar 3 2026, 11:56:32) [GCC 11.4.0] Python main interpreter initialized at 0x558590c50150 python threads support enabled your server socket listen backlog is limited to 100 connections your mercy for graceful operations on workers is 80 seconds mapped 403077 bytes (393 KB) for 2 cores *** Operational MODE: preforking *** *** uWSGI is running in multiple interpreter mode *** spawned uWSGI master process (pid: 1) spawned uWSGI worker 1 (pid: 7, cores: 1) spawned uWSGI worker 2 (pid: 8, cores: 1) running "unix_signal:15 gracefully_kill_them_all" (master-start)... /var/lib/openstack/lib/python3.10/site-packages/neutron/common/utils.py:55: UserWarning: pkg_resources is deprecated as an API. See https://setuptools.pypa.io/en/latest/pkg_resources.html. The pkg_resources package is slated for removal as early as 2025-11-30. Refrain from using this package or pin to Setuptools<81. import pkg_resources /var/lib/openstack/lib/python3.10/site-packages/neutron/common/utils.py:55: UserWarning: pkg_resources is deprecated as an API. See https://setuptools.pypa.io/en/latest/pkg_resources.html. The pkg_resources package is slated for removal as early as 2025-11-30. Refrain from using this package or pin to Setuptools<81. import pkg_resources
2026-06-25 22:55:55.771 7 INFO neutron.common.config [-] Logging enabled!
2026-06-25 22:55:55.771 7 INFO neutron.common.config [-] uwsgi version 24.2.2.dev7
2026-06-25 22:55:55.841 8 INFO neutron.common.config [-] Logging enabled!
2026-06-25 22:55:55.841 8 INFO neutron.common.config [-] uwsgi version 24.2.2.dev7
2026-06-25 22:55:56.223 7 INFO neutron.manager [-] Loading core plugin: ml2
2026-06-25 22:55:56.298 8 INFO neutron.manager [-] Loading core plugin: ml2
2026-06-25 22:55:57.078 7 INFO neutron.plugins.ml2.managers [-] Configured type driver names: ['flat', 'gre', 'vlan', 'vxlan']
2026-06-25 22:55:57.081 7 INFO neutron.plugins.ml2.drivers.type_flat [-] Arbitrary flat physical_network names allowed
2026-06-25 22:55:57.084 7 INFO neutron.plugins.ml2.drivers.type_vlan [-] Network VLAN ranges: OrderedDict([('external', [(1, 4094)])])
2026-06-25 22:55:57.085 7 INFO neutron.plugins.ml2.managers [-] Loaded type driver names: ['flat', 'gre', 'vlan', 'vxlan']
2026-06-25 22:55:57.086 7 INFO neutron.plugins.ml2.managers [-] Registered types: dict_keys(['flat', 'gre', 'vlan', 'vxlan'])
2026-06-25 22:55:57.086 7 INFO neutron.plugins.ml2.managers [-] Tenant network_types: ['vxlan']
2026-06-25 22:55:57.086 7 INFO neutron.plugins.ml2.managers [-] Configured extension driver names: ['dns_domain_ports', 'port_security', 'qos']
2026-06-25 22:55:57.093 7 INFO neutron.plugins.ml2.managers [-] Loaded extension driver names: ['dns_domain_ports', 'port_security', 'qos']
2026-06-25 22:55:57.093 7 INFO neutron.plugins.ml2.managers [-] Registered extension drivers: ['dns_domain_ports', 'port_security', 'qos']
2026-06-25 22:55:57.093 7 INFO neutron.plugins.ml2.managers [-] Configured mechanism driver names: ['openvswitch', 'l2population']
2026-06-25 22:55:57.113 7 INFO neutron.plugins.ml2.drivers.mech_agent [-] Open vSwitch agent's supported_vnic_types: ['normal', 'direct', 'smart-nic', 'vdpa']
2026-06-25 22:55:57.114 7 INFO neutron.plugins.ml2.managers [-] Loaded mechanism driver names: ['openvswitch', 'l2population']
2026-06-25 22:55:57.114 7 INFO neutron.plugins.ml2.managers [-] Registered mechanism drivers: ['openvswitch', 'l2population']
2026-06-25 22:55:57.155 7 INFO neutron.plugins.ml2.managers [-] Initializing driver for type 'flat'
2026-06-25 22:55:57.155 7 INFO neutron.plugins.ml2.drivers.type_flat [-] ML2 FlatTypeDriver initialization complete
2026-06-25 22:55:57.155 7 INFO neutron.plugins.ml2.managers [-] Initializing driver for type 'gre'
2026-06-25 22:55:57.156 7 INFO neutron.plugins.ml2.drivers.type_tunnel [-] gre ID ranges: [(1, 1000)]
2026-06-25 22:55:57.163 7 WARNING oslo_policy.policy [None req-b2bd340f-753d-4c3a-a0fe-1753d1d0b804 - - - - - -] Policies ['delete_port', 'update_port:allowed_address_pairs', 'update_port:allowed_address_pairs:ip_address', 'update_port:allowed_address_pairs:mac_address', 'update_port:fixed_ips', 'update_port:mac_address'] reference a rule that is not defined.
2026-06-25 22:55:57.241 8 INFO neutron.plugins.ml2.managers [-] Configured type driver names: ['flat', 'gre', 'vlan', 'vxlan']
2026-06-25 22:55:57.244 8 INFO neutron.plugins.ml2.drivers.type_flat [-] Arbitrary flat physical_network names allowed
2026-06-25 22:55:57.247 8 INFO neutron.plugins.ml2.drivers.type_vlan [-] Network VLAN ranges: OrderedDict([('external', [(1, 4094)])])
2026-06-25 22:55:57.247 8 INFO neutron.plugins.ml2.managers [-] Loaded type driver names: ['flat', 'gre', 'vlan', 'vxlan']
2026-06-25 22:55:57.248 8 INFO neutron.plugins.ml2.managers [-] Registered types: dict_keys(['flat', 'gre', 'vlan', 'vxlan'])
2026-06-25 22:55:57.248 8 INFO neutron.plugins.ml2.managers [-] Tenant network_types: ['vxlan']
2026-06-25 22:55:57.248 8 INFO neutron.plugins.ml2.managers [-] Configured extension driver names: ['dns_domain_ports', 'port_security', 'qos']
2026-06-25 22:55:57.254 8 INFO neutron.plugins.ml2.managers [-] Loaded extension driver names: ['dns_domain_ports', 'port_security', 'qos']
2026-06-25 22:55:57.254 8 INFO neutron.plugins.ml2.managers [-] Registered extension drivers: ['dns_domain_ports', 'port_security', 'qos']
2026-06-25 22:55:57.254 8 INFO neutron.plugins.ml2.managers [-] Configured mechanism driver names: ['openvswitch', 'l2population']
2026-06-25 22:55:57.272 8 INFO neutron.plugins.ml2.drivers.mech_agent [-] Open vSwitch agent's supported_vnic_types: ['normal', 'direct', 'smart-nic', 'vdpa']
2026-06-25 22:55:57.273 8 INFO neutron.plugins.ml2.managers [-] Loaded mechanism driver names: ['openvswitch', 'l2population']
2026-06-25 22:55:57.273 8 INFO neutron.plugins.ml2.managers [-] Registered mechanism drivers: ['openvswitch', 'l2population']
2026-06-25 22:55:57.309 8 INFO neutron.plugins.ml2.managers [-] Initializing driver for type 'flat'
2026-06-25 22:55:57.309 8 INFO neutron.plugins.ml2.drivers.type_flat [-] ML2 FlatTypeDriver initialization complete
2026-06-25 22:55:57.310 8 INFO neutron.plugins.ml2.managers [-] Initializing driver for type 'gre'
2026-06-25 22:55:57.310 8 INFO neutron.plugins.ml2.drivers.type_tunnel [-] gre ID ranges: [(1, 1000)]
2026-06-25 22:55:57.317 8 WARNING oslo_policy.policy [None req-6462c8cf-b12e-456f-8e27-0f34e340d026 - - - - - -] Policies ['delete_port', 'update_port:allowed_address_pairs', 'update_port:allowed_address_pairs:ip_address', 'update_port:allowed_address_pairs:mac_address', 'update_port:fixed_ips', 'update_port:mac_address'] reference a rule that is not defined.
2026-06-25 22:55:57.474 7 INFO neutron.plugins.ml2.managers [None req-b2bd340f-753d-4c3a-a0fe-1753d1d0b804 - - - - - -] Initializing driver for type 'vlan'
2026-06-25 22:55:57.598 8 INFO neutron.plugins.ml2.managers [None req-6462c8cf-b12e-456f-8e27-0f34e340d026 - - - - - -] Initializing driver for type 'vlan'
2026-06-25 22:55:57.775 7 INFO neutron.plugins.ml2.drivers.type_vlan [None req-b2bd340f-753d-4c3a-a0fe-1753d1d0b804 - - - - - -] VlanTypeDriver initialization complete
2026-06-25 22:55:57.776 7 INFO neutron.plugins.ml2.managers [None req-b2bd340f-753d-4c3a-a0fe-1753d1d0b804 - - - - - -] Initializing driver for type 'vxlan'
2026-06-25 22:55:57.776 7 INFO neutron.plugins.ml2.drivers.type_tunnel [None req-b2bd340f-753d-4c3a-a0fe-1753d1d0b804 - - - - - -] vxlan ID ranges: [(1, 1000)]
2026-06-25 22:55:57.798 7 INFO neutron.plugins.ml2.managers [None req-b2bd340f-753d-4c3a-a0fe-1753d1d0b804 - - - - - -] Initializing extension driver 'dns_domain_ports'
2026-06-25 22:55:57.798 7 INFO neutron.plugins.ml2.extensions.dns_integration [None req-b2bd340f-753d-4c3a-a0fe-1753d1d0b804 - - - - - -] DNSDomainPortsExtensionDriver initialization complete
2026-06-25 22:55:57.798 7 INFO neutron.plugins.ml2.managers [None req-b2bd340f-753d-4c3a-a0fe-1753d1d0b804 - - - - - -] Initializing extension driver 'port_security'
2026-06-25 22:55:57.799 7 INFO neutron.plugins.ml2.extensions.port_security [None req-b2bd340f-753d-4c3a-a0fe-1753d1d0b804 - - - - - -] PortSecurityExtensionDriver initialization complete
2026-06-25 22:55:57.799 7 INFO neutron.plugins.ml2.managers [None req-b2bd340f-753d-4c3a-a0fe-1753d1d0b804 - - - - - -] Initializing extension driver 'qos'
2026-06-25 22:55:57.799 7 INFO neutron.plugins.ml2.managers [None req-b2bd340f-753d-4c3a-a0fe-1753d1d0b804 - - - - - -] Initializing mechanism driver 'openvswitch'
2026-06-25 22:55:57.799 7 INFO neutron.plugins.ml2.managers [None req-b2bd340f-753d-4c3a-a0fe-1753d1d0b804 - - - - - -] Initializing mechanism driver 'l2population'
2026-06-25 22:55:57.810 7 INFO neutron.quota [None req-666f7c91-fd80-4bc4-9b72-483132bc995f - - - - - -] Loaded quota_driver: .
2026-06-25 22:55:57.810 7 INFO neutron.plugins.ml2.plugin [None req-666f7c91-fd80-4bc4-9b72-483132bc995f - - - - - -] Modular L2 Plugin initialization complete
2026-06-25 22:55:57.810 7 INFO neutron.plugins.ml2.managers [None req-666f7c91-fd80-4bc4-9b72-483132bc995f - - - - - -] Got dns-integration extension from driver 'dns_domain_ports'
2026-06-25 22:55:57.810 7 INFO neutron.plugins.ml2.managers [None req-666f7c91-fd80-4bc4-9b72-483132bc995f - - - - - -] Got dns-domain-ports extension from driver 'dns_domain_ports'
2026-06-25 22:55:57.811 7 INFO neutron.plugins.ml2.managers [None req-666f7c91-fd80-4bc4-9b72-483132bc995f - - - - - -] Got port-security extension from driver 'port_security'
2026-06-25 22:55:57.811 7 INFO neutron.extensions.vlantransparent [None req-666f7c91-fd80-4bc4-9b72-483132bc995f - - - - - -] Disabled vlantransparent extension.
2026-06-25 22:55:57.811 7 INFO neutron.manager [None req-666f7c91-fd80-4bc4-9b72-483132bc995f - - - - - -] Loading Plugin: qos
2026-06-25 22:55:57.821 7 INFO neutron.manager [None req-666f7c91-fd80-4bc4-9b72-483132bc995f - - - - - -] Loading Plugin: router
2026-06-25 22:55:57.855 7 INFO neutron.services.service_base [None req-666f7c91-fd80-4bc4-9b72-483132bc995f - - - - - -] Default provider is not specified for service type L3_ROUTER_NAT
2026-06-25 22:55:57.855 7 INFO neutron.manager [None req-666f7c91-fd80-4bc4-9b72-483132bc995f - - - - - -] Loading Plugin: segments
2026-06-25 22:55:57.912 8 INFO neutron.plugins.ml2.drivers.type_vlan [None req-6462c8cf-b12e-456f-8e27-0f34e340d026 - - - - - -] VlanTypeDriver initialization complete
2026-06-25 22:55:57.912 8 INFO neutron.plugins.ml2.managers [None req-6462c8cf-b12e-456f-8e27-0f34e340d026 - - - - - -] Initializing driver for type 'vxlan'
2026-06-25 22:55:57.912 8 INFO neutron.plugins.ml2.drivers.type_tunnel [None req-6462c8cf-b12e-456f-8e27-0f34e340d026 - - - - - -] vxlan ID ranges: [(1, 1000)]
2026-06-25 22:55:57.938 8 INFO neutron.plugins.ml2.managers [None req-6462c8cf-b12e-456f-8e27-0f34e340d026 - - - - - -] Initializing extension driver 'dns_domain_ports'
2026-06-25 22:55:57.939 8 INFO neutron.plugins.ml2.extensions.dns_integration [None req-6462c8cf-b12e-456f-8e27-0f34e340d026 - - - - - -] DNSDomainPortsExtensionDriver initialization complete
2026-06-25 22:55:57.939 8 INFO neutron.plugins.ml2.managers [None req-6462c8cf-b12e-456f-8e27-0f34e340d026 - - - - - -] Initializing extension driver 'port_security'
2026-06-25 22:55:57.939 8 INFO neutron.plugins.ml2.extensions.port_security [None req-6462c8cf-b12e-456f-8e27-0f34e340d026 - - - - - -] PortSecurityExtensionDriver initialization complete
2026-06-25 22:55:57.939 8 INFO neutron.plugins.ml2.managers [None req-6462c8cf-b12e-456f-8e27-0f34e340d026 - - - - - -] Initializing extension driver 'qos'
2026-06-25 22:55:57.939 8 INFO neutron.plugins.ml2.managers [None req-6462c8cf-b12e-456f-8e27-0f34e340d026 - - - - - -] Initializing mechanism driver 'openvswitch'
2026-06-25 22:55:57.939 8 INFO neutron.plugins.ml2.managers [None req-6462c8cf-b12e-456f-8e27-0f34e340d026 - - - - - -] Initializing mechanism driver 'l2population'
2026-06-25 22:55:57.941 7 INFO neutron.manager [None req-666f7c91-fd80-4bc4-9b72-483132bc995f - - - - - -] Loading Plugin: trunk
2026-06-25 22:55:57.950 8 INFO neutron.quota [None req-8b383e11-2199-436e-b99c-6dc0757fa600 - - - - - -] Loaded quota_driver: .
2026-06-25 22:55:57.951 8 INFO neutron.plugins.ml2.plugin [None req-8b383e11-2199-436e-b99c-6dc0757fa600 - - - - - -] Modular L2 Plugin initialization complete
2026-06-25 22:55:57.951 8 INFO neutron.plugins.ml2.managers [None req-8b383e11-2199-436e-b99c-6dc0757fa600 - - - - - -] Got dns-integration extension from driver 'dns_domain_ports'
2026-06-25 22:55:57.951 8 INFO neutron.plugins.ml2.managers [None req-8b383e11-2199-436e-b99c-6dc0757fa600 - - - - - -] Got dns-domain-ports extension from driver 'dns_domain_ports'
2026-06-25 22:55:57.951 8 INFO neutron.plugins.ml2.managers [None req-8b383e11-2199-436e-b99c-6dc0757fa600 - - - - - -] Got port-security extension from driver 'port_security'
2026-06-25 22:55:57.952 8 INFO neutron.extensions.vlantransparent [None req-8b383e11-2199-436e-b99c-6dc0757fa600 - - - - - -] Disabled vlantransparent extension.
2026-06-25 22:55:57.952 8 INFO neutron.manager [None req-8b383e11-2199-436e-b99c-6dc0757fa600 - - - - - -] Loading Plugin: qos
2026-06-25 22:55:57.962 8 INFO neutron.manager [None req-8b383e11-2199-436e-b99c-6dc0757fa600 - - - - - -] Loading Plugin: router
2026-06-25 22:55:57.995 8 INFO neutron.services.service_base [None req-8b383e11-2199-436e-b99c-6dc0757fa600 - - - - - -] Default provider is not specified for service type L3_ROUTER_NAT
2026-06-25 22:55:57.996 8 INFO neutron.manager [None req-8b383e11-2199-436e-b99c-6dc0757fa600 - - - - - -] Loading Plugin: segments
2026-06-25 22:55:57.998 7 INFO neutron.manager [None req-666f7c91-fd80-4bc4-9b72-483132bc995f - - - - - -] Loading Plugin: vpnaas
2026-06-25 22:55:58.039 7 WARNING stevedore.named [None req-666f7c91-fd80-4bc4-9b72-483132bc995f - - - - - -] Could not load neutron_vpnaas.services.vpn.service_drivers.ipsec.IPsecVPNDriver
2026-06-25 22:55:58.083 8 INFO neutron.manager [None req-8b383e11-2199-436e-b99c-6dc0757fa600 - - - - - -] Loading Plugin: trunk
2026-06-25 22:55:58.102 7 INFO neutron_vpnaas.services.vpn.plugin [None req-666f7c91-fd80-4bc4-9b72-483132bc995f - - - - - -] VPN plugin using service drivers: dict_keys(['strongswan']), default: strongswan
2026-06-25 22:55:58.103 7 INFO neutron.common.utils [None req-666f7c91-fd80-4bc4-9b72-483132bc995f - - - - - -] Disable filter validation extension by service plugin VPNDriverPlugin.
2026-06-25 22:55:58.103 7 INFO neutron.manager [None req-666f7c91-fd80-4bc4-9b72-483132bc995f - - - - - -] Loading Plugin: auto_allocate
2026-06-25 22:55:58.109 7 INFO neutron.manager [None req-666f7c91-fd80-4bc4-9b72-483132bc995f - - - - - -] Loading Plugin: tag
2026-06-25 22:55:58.118 7 INFO neutron.manager [None req-666f7c91-fd80-4bc4-9b72-483132bc995f - - - - - -] Loading Plugin: timestamp
2026-06-25 22:55:58.120 7 INFO neutron.manager [None req-666f7c91-fd80-4bc4-9b72-483132bc995f - - - - - -] Loading Plugin: network_ip_availability
2026-06-25 22:55:58.124 7 INFO neutron.manager [None req-666f7c91-fd80-4bc4-9b72-483132bc995f - - - - - -] Loading Plugin: flavors
2026-06-25 22:55:58.127 7 INFO neutron.manager [None req-666f7c91-fd80-4bc4-9b72-483132bc995f - - - - - -] Loading Plugin: revisions
2026-06-25 22:55:58.131 7 INFO neutron.api.extensions [None req-666f7c91-fd80-4bc4-9b72-483132bc995f - - - - - -] Initializing extension manager.
2026-06-25 22:55:58.132 7 INFO neutron.api.extensions [None req-666f7c91-fd80-4bc4-9b72-483132bc995f - - - - - -] Loaded extension: address-group
2026-06-25 22:55:58.133 7 INFO neutron.api.extensions [None req-666f7c91-fd80-4bc4-9b72-483132bc995f - - - - - -] Loaded extension: address-scope
2026-06-25 22:55:58.133 7 INFO neutron.api.extensions [None req-666f7c91-fd80-4bc4-9b72-483132bc995f - - - - - -] Loaded extension: router-admin-state-down-before-update
2026-06-25 22:55:58.134 7 INFO neutron.api.extensions [None req-666f7c91-fd80-4bc4-9b72-483132bc995f - - - - - -] Loaded extension: agent
2026-06-25 22:55:58.134 8 INFO neutron.manager [None req-8b383e11-2199-436e-b99c-6dc0757fa600 - - - - - -] Loading Plugin: vpnaas
2026-06-25 22:55:58.135 7 INFO neutron.api.extensions [None req-666f7c91-fd80-4bc4-9b72-483132bc995f - - - - - -] Loaded extension: agent-resources-synced
2026-06-25 22:55:58.137 7 INFO neutron.api.extensions [None req-666f7c91-fd80-4bc4-9b72-483132bc995f - - - - - -] Loaded extension: allowed-address-pairs
2026-06-25 22:55:58.138 7 INFO neutron.api.extensions [None req-666f7c91-fd80-4bc4-9b72-483132bc995f - - - - - -] Loaded extension: auto-allocated-topology
2026-06-25 22:55:58.138 7 INFO neutron.api.extensions [None req-666f7c91-fd80-4bc4-9b72-483132bc995f - - - - - -] Loaded extension: availability_zone
2026-06-25 22:55:58.139 7 INFO neutron.api.extensions [None req-666f7c91-fd80-4bc4-9b72-483132bc995f - - - - - -] Loaded extension: availability_zone_filter
2026-06-25 22:55:58.140 7 INFO neutron.api.extensions [None req-666f7c91-fd80-4bc4-9b72-483132bc995f - - - - - -] Extension data-plane-status not supported by any of loaded plugins
2026-06-25 22:55:58.140 7 INFO neutron.api.extensions [None req-666f7c91-fd80-4bc4-9b72-483132bc995f - - - - - -] Loaded extension: default-subnetpools
2026-06-25 22:55:58.141 7 INFO neutron.api.extensions [None req-666f7c91-fd80-4bc4-9b72-483132bc995f - - - - - -] Loaded extension: dhcp_agent_scheduler
2026-06-25 22:55:58.142 7 INFO neutron.api.extensions [None req-666f7c91-fd80-4bc4-9b72-483132bc995f - - - - - -] Loaded extension: dns-integration
2026-06-25 22:55:58.143 7 INFO neutron.api.extensions [None req-666f7c91-fd80-4bc4-9b72-483132bc995f - - - - - -] Loaded extension: dns-domain-ports
2026-06-25 22:55:58.143 7 INFO neutron.api.extensions [None req-666f7c91-fd80-4bc4-9b72-483132bc995f - - - - - -] Extension dns-integration-domain-keywords not supported by any of loaded plugins
2026-06-25 22:55:58.144 7 INFO neutron.api.extensions [None req-666f7c91-fd80-4bc4-9b72-483132bc995f - - - - - -] Loaded extension: dvr
2026-06-25 22:55:58.145 7 INFO neutron.api.extensions [None req-666f7c91-fd80-4bc4-9b72-483132bc995f - - - - - -] Extension ecmp_routes not supported by any of loaded plugins
2026-06-25 22:55:58.145 7 INFO neutron.api.extensions [None req-666f7c91-fd80-4bc4-9b72-483132bc995f - - - - - -] Loaded extension: empty-string-filtering
2026-06-25 22:55:58.146 7 INFO neutron.api.extensions [None req-666f7c91-fd80-4bc4-9b72-483132bc995f - - - - - -] Extension expose-l3-conntrack-helper not supported by any of loaded plugins
2026-06-25 22:55:58.147 7 INFO neutron.api.extensions [None req-666f7c91-fd80-4bc4-9b72-483132bc995f - - - - - -] Extension expose-port-forwarding-in-fip not supported by any of loaded plugins
2026-06-25 22:55:58.147 7 INFO neutron.api.extensions [None req-666f7c91-fd80-4bc4-9b72-483132bc995f - - - - - -] Loaded extension: external-net
2026-06-25 22:55:58.148 7 INFO neutron.api.extensions [None req-666f7c91-fd80-4bc4-9b72-483132bc995f - - - - - -] Loaded extension: extra_dhcp_opt
2026-06-25 22:55:58.148 7 INFO neutron.api.extensions [None req-666f7c91-fd80-4bc4-9b72-483132bc995f - - - - - -] Loaded extension: extraroute
2026-06-25 22:55:58.149 7 INFO neutron.api.extensions [None req-666f7c91-fd80-4bc4-9b72-483132bc995f - - - - - -] Loaded extension: extraroute-atomic
2026-06-25 22:55:58.150 7 INFO neutron.api.extensions [None req-666f7c91-fd80-4bc4-9b72-483132bc995f - - - - - -] Extension filter-validation not supported by any of loaded plugins
2026-06-25 22:55:58.150 7 INFO neutron.api.extensions [None req-666f7c91-fd80-4bc4-9b72-483132bc995f - - - - - -] Extension floating-ip-port-forwarding-description not supported by any of loaded plugins
2026-06-25 22:55:58.151 7 INFO neutron.api.extensions [None req-666f7c91-fd80-4bc4-9b72-483132bc995f - - - - - -] Loaded extension: floating-ip-port-forwarding-detail
2026-06-25 22:55:58.151 7 INFO neutron.api.extensions [None req-666f7c91-fd80-4bc4-9b72-483132bc995f - - - - - -] Extension floating-ip-port-forwarding-port-ranges not supported by any of loaded plugins
2026-06-25 22:55:58.152 7 INFO neutron.api.extensions [None req-666f7c91-fd80-4bc4-9b72-483132bc995f - - - - - -] Loaded extension: fip-port-details
2026-06-25 22:55:58.153 7 INFO neutron.api.extensions [None req-666f7c91-fd80-4bc4-9b72-483132bc995f - - - - - -] Loaded extension: flavors
2026-06-25 22:55:58.154 7 INFO neutron.api.extensions [None req-666f7c91-fd80-4bc4-9b72-483132bc995f - - - - - -] Extension floating-ip-port-forwarding not supported by any of loaded plugins
2026-06-25 22:55:58.154 7 INFO neutron.api.extensions [None req-666f7c91-fd80-4bc4-9b72-483132bc995f - - - - - -] Loaded extension: floatingip-pools
2026-06-25 22:55:58.155 7 INFO neutron.api.extensions [None req-666f7c91-fd80-4bc4-9b72-483132bc995f - - - - - -] Loaded extension: ip_allocation
2026-06-25 22:55:58.155 7 INFO neutron.api.extensions [None req-666f7c91-fd80-4bc4-9b72-483132bc995f - - - - - -] Loaded extension: ip-substring-filtering
2026-06-25 22:55:58.156 7 INFO neutron.api.extensions [None req-666f7c91-fd80-4bc4-9b72-483132bc995f - - - - - -] Loaded extension: l2_adjacency
2026-06-25 22:55:58.157 7 INFO neutron.api.extensions [None req-666f7c91-fd80-4bc4-9b72-483132bc995f - - - - - -] Loaded extension: router
2026-06-25 22:55:58.159 7 INFO neutron.api.extensions [None req-666f7c91-fd80-4bc4-9b72-483132bc995f - - - - - -] Extension l3-conntrack-helper not supported by any of loaded plugins
2026-06-25 22:55:58.159 7 INFO neutron.api.extensions [None req-666f7c91-fd80-4bc4-9b72-483132bc995f - - - - - -] Extension enable-default-route-bfd not supported by any of loaded plugins
2026-06-25 22:55:58.160 7 INFO neutron.api.extensions [None req-666f7c91-fd80-4bc4-9b72-483132bc995f - - - - - -] Extension enable-default-route-ecmp not supported by any of loaded plugins
2026-06-25 22:55:58.161 7 INFO neutron.api.extensions [None req-666f7c91-fd80-4bc4-9b72-483132bc995f - - - - - -] Loaded extension: ext-gw-mode
2026-06-25 22:55:58.161 7 INFO neutron.api.extensions [None req-666f7c91-fd80-4bc4-9b72-483132bc995f - - - - - -] Loaded extension: l3-ha
2026-06-25 22:55:58.162 7 INFO neutron.api.extensions [None req-666f7c91-fd80-4bc4-9b72-483132bc995f - - - - - -] Extension l3-ext-ndp-proxy not supported by any of loaded plugins
2026-06-25 22:55:58.162 7 INFO neutron.api.extensions [None req-666f7c91-fd80-4bc4-9b72-483132bc995f - - - - - -] Extension external-gateway-multihoming not supported by any of loaded plugins
2026-06-25 22:55:58.163 7 INFO neutron.api.extensions [None req-666f7c91-fd80-4bc4-9b72-483132bc995f - - - - - -] Loaded extension: l3-flavors
2026-06-25 22:55:58.164 7 INFO neutron.api.extensions [None req-666f7c91-fd80-4bc4-9b72-483132bc995f - - - - - -] Extension l3-ndp-proxy not supported by any of loaded plugins
2026-06-25 22:55:58.164 7 INFO neutron.api.extensions [None req-666f7c91-fd80-4bc4-9b72-483132bc995f - - - - - -] Loaded extension: l3-port-ip-change-not-allowed
2026-06-25 22:55:58.166 7 INFO neutron.api.extensions [None req-666f7c91-fd80-4bc4-9b72-483132bc995f - - - - - -] Loaded extension: l3_agent_scheduler
2026-06-25 22:55:58.167 7 INFO neutron.api.extensions [None req-666f7c91-fd80-4bc4-9b72-483132bc995f - - - - - -] Extension local_ip not supported by any of loaded plugins
2026-06-25 22:55:58.168 7 INFO neutron.api.extensions [None req-666f7c91-fd80-4bc4-9b72-483132bc995f - - - - - -] Extension logging not supported by any of loaded plugins
2026-06-25 22:55:58.169 7 INFO neutron.api.extensions [None req-666f7c91-fd80-4bc4-9b72-483132bc995f - - - - - -] Extension metering not supported by any of loaded plugins
2026-06-25 22:55:58.171 7 INFO neutron.api.extensions [None req-666f7c91-fd80-4bc4-9b72-483132bc995f - - - - - -] Extension metering_source_and_destination_fields not supported by any of loaded plugins
2026-06-25 22:55:58.172 7 INFO neutron.api.extensions [None req-666f7c91-fd80-4bc4-9b72-483132bc995f - - - - - -] Loaded extension: multi-provider
2026-06-25 22:55:58.172 7 INFO neutron.api.extensions [None req-666f7c91-fd80-4bc4-9b72-483132bc995f - - - - - -] Loaded extension: net-mtu
2026-06-25 22:55:58.172 8 WARNING stevedore.named [None req-8b383e11-2199-436e-b99c-6dc0757fa600 - - - - - -] Could not load neutron_vpnaas.services.vpn.service_drivers.ipsec.IPsecVPNDriver
2026-06-25 22:55:58.173 7 INFO neutron.api.extensions [None req-666f7c91-fd80-4bc4-9b72-483132bc995f - - - - - -] Loaded extension: net-mtu-writable
2026-06-25 22:55:58.173 7 INFO neutron.api.extensions [None req-666f7c91-fd80-4bc4-9b72-483132bc995f - - - - - -] Loaded extension: network_availability_zone
2026-06-25 22:55:58.174 7 INFO neutron.api.extensions [None req-666f7c91-fd80-4bc4-9b72-483132bc995f - - - - - -] Loaded extension: network_ha
2026-06-25 22:55:58.175 7 INFO neutron.api.extensions [None req-666f7c91-fd80-4bc4-9b72-483132bc995f - - - - - -] Loaded extension: network-ip-availability
2026-06-25 22:55:58.176 7 INFO neutron.api.extensions [None req-666f7c91-fd80-4bc4-9b72-483132bc995f - - - - - -] Extension network-segment-range not supported by any of loaded plugins
2026-06-25 22:55:58.176 7 INFO neutron.api.extensions [None req-666f7c91-fd80-4bc4-9b72-483132bc995f - - - - - -] Loaded extension: pagination
2026-06-25 22:55:58.177 7 INFO neutron.api.extensions [None req-666f7c91-fd80-4bc4-9b72-483132bc995f - - - - - -] Loaded extension: port-device-profile
2026-06-25 22:55:58.178 7 INFO neutron.api.extensions [None req-666f7c91-fd80-4bc4-9b72-483132bc995f - - - - - -] Extension port-hardware-offload-type not supported by any of loaded plugins
2026-06-25 22:55:58.179 7 INFO neutron.api.extensions [None req-666f7c91-fd80-4bc4-9b72-483132bc995f - - - - - -] Extension port-hint-ovs-tx-steering not supported by any of loaded plugins
2026-06-25 22:55:58.179 7 INFO neutron.api.extensions [None req-666f7c91-fd80-4bc4-9b72-483132bc995f - - - - - -] Extension port-hints not supported by any of loaded plugins
2026-06-25 22:55:58.180 7 INFO neutron.api.extensions [None req-666f7c91-fd80-4bc4-9b72-483132bc995f - - - - - -] Loaded extension: port-mac-override
2026-06-25 22:55:58.181 7 INFO neutron.api.extensions [None req-666f7c91-fd80-4bc4-9b72-483132bc995f - - - - - -] Loaded extension: port-mac-address-regenerate
2026-06-25 22:55:58.181 7 INFO neutron.api.extensions [None req-666f7c91-fd80-4bc4-9b72-483132bc995f - - - - - -] Loaded extension: port-numa-affinity-policy
2026-06-25 22:55:58.182 7 INFO neutron.api.extensions [None req-666f7c91-fd80-4bc4-9b72-483132bc995f - - - - - -] Loaded extension: port-resource-request
2026-06-25 22:55:58.182 7 INFO neutron.api.extensions [None req-666f7c91-fd80-4bc4-9b72-483132bc995f - - - - - -] Loaded extension: port-resource-request-groups
2026-06-25 22:55:58.183 7 INFO neutron.api.extensions [None req-666f7c91-fd80-4bc4-9b72-483132bc995f - - - - - -] Loaded extension: binding
2026-06-25 22:55:58.184 7 INFO neutron.api.extensions [None req-666f7c91-fd80-4bc4-9b72-483132bc995f - - - - - -] Loaded extension: binding-extended
2026-06-25 22:55:58.184 7 INFO neutron.api.extensions [None req-666f7c91-fd80-4bc4-9b72-483132bc995f - - - - - -] Loaded extension: port-security
2026-06-25 22:55:58.185 7 INFO neutron.api.extensions [None req-666f7c91-fd80-4bc4-9b72-483132bc995f - - - - - -] Loaded extension: project-id
2026-06-25 22:55:58.185 7 INFO neutron.api.extensions [None req-666f7c91-fd80-4bc4-9b72-483132bc995f - - - - - -] Loaded extension: provider
2026-06-25 22:55:58.187 7 INFO neutron.api.extensions [None req-666f7c91-fd80-4bc4-9b72-483132bc995f - - - - - -] Loaded extension: qos
2026-06-25 22:55:58.188 7 INFO neutron.api.extensions [None req-666f7c91-fd80-4bc4-9b72-483132bc995f - - - - - -] Loaded extension: qos-bw-limit-direction
2026-06-25 22:55:58.188 7 INFO neutron.api.extensions [None req-666f7c91-fd80-4bc4-9b72-483132bc995f - - - - - -] Loaded extension: qos-bw-minimum-ingress
2026-06-25 22:55:58.189 7 INFO neutron.api.extensions [None req-666f7c91-fd80-4bc4-9b72-483132bc995f - - - - - -] Loaded extension: qos-default
2026-06-25 22:55:58.189 7 INFO neutron.api.extensions [None req-666f7c91-fd80-4bc4-9b72-483132bc995f - - - - - -] Loaded extension: qos-fip
2026-06-25 22:55:58.190 7 INFO neutron.api.extensions [None req-666f7c91-fd80-4bc4-9b72-483132bc995f - - - - - -] Extension qos-fip-network-policy not supported by any of loaded plugins
2026-06-25 22:55:58.190 7 INFO neutron.api.extensions [None req-666f7c91-fd80-4bc4-9b72-483132bc995f - - - - - -] Loaded extension: qos-gateway-ip
2026-06-25 22:55:58.191 7 INFO neutron.api.extensions [None req-666f7c91-fd80-4bc4-9b72-483132bc995f - - - - - -] Loaded extension: qos-port-network-policy
2026-06-25 22:55:58.192 7 INFO neutron.api.extensions [None req-666f7c91-fd80-4bc4-9b72-483132bc995f - - - - - -] Loaded extension: qos-pps-minimum
2026-06-25 22:55:58.192 7 INFO neutron.api.extensions [None req-666f7c91-fd80-4bc4-9b72-483132bc995f - - - - - -] Loaded extension: qos-pps-minimum-rule-alias
2026-06-25 22:55:58.193 7 INFO neutron.api.extensions [None req-666f7c91-fd80-4bc4-9b72-483132bc995f - - - - - -] Loaded extension: qos-pps
2026-06-25 22:55:58.194 7 INFO neutron.api.extensions [None req-666f7c91-fd80-4bc4-9b72-483132bc995f - - - - - -] Loaded extension: qos-rule-type-details
2026-06-25 22:55:58.194 7 INFO neutron.api.extensions [None req-666f7c91-fd80-4bc4-9b72-483132bc995f - - - - - -] Loaded extension: qos-rule-type-filter
2026-06-25 22:55:58.195 7 INFO neutron.api.extensions [None req-666f7c91-fd80-4bc4-9b72-483132bc995f - - - - - -] Loaded extension: qos-rules-alias
2026-06-25 22:55:58.195 7 INFO neutron.api.extensions [None req-666f7c91-fd80-4bc4-9b72-483132bc995f - - - - - -] Loaded extension: quota-check-limit
2026-06-25 22:55:58.197 7 INFO neutron.api.extensions [None req-666f7c91-fd80-4bc4-9b72-483132bc995f - - - - - -] Loaded extension: quotas
2026-06-25 22:55:58.198 7 INFO neutron.api.extensions [None req-666f7c91-fd80-4bc4-9b72-483132bc995f - - - - - -] Loaded extension: quota_details
2026-06-25 22:55:58.199 7 INFO neutron.api.extensions [None req-666f7c91-fd80-4bc4-9b72-483132bc995f - - - - - -] Loaded extension: rbac-policies
2026-06-25 22:55:58.200 7 INFO neutron.api.extensions [None req-666f7c91-fd80-4bc4-9b72-483132bc995f - - - - - -] Loaded extension: rbac-address-group
2026-06-25 22:55:58.200 7 INFO neutron.api.extensions [None req-666f7c91-fd80-4bc4-9b72-483132bc995f - - - - - -] Loaded extension: rbac-address-scope
2026-06-25 22:55:58.201 7 INFO neutron.api.extensions [None req-666f7c91-fd80-4bc4-9b72-483132bc995f - - - - - -] Loaded extension: rbac-security-groups
2026-06-25 22:55:58.202 7 INFO neutron.api.extensions [None req-666f7c91-fd80-4bc4-9b72-483132bc995f - - - - - -] Loaded extension: rbac-subnetpool
2026-06-25 22:55:58.202 7 INFO neutron.api.extensions [None req-666f7c91-fd80-4bc4-9b72-483132bc995f - - - - - -] Loaded extension: revision-if-match
2026-06-25 22:55:58.203 7 INFO neutron.api.extensions [None req-666f7c91-fd80-4bc4-9b72-483132bc995f - - - - - -] Loaded extension: standard-attr-revisions
2026-06-25 22:55:58.203 7 INFO neutron.api.extensions [None req-666f7c91-fd80-4bc4-9b72-483132bc995f - - - - - -] Loaded extension: router_availability_zone
2026-06-25 22:55:58.204 7 INFO neutron.api.extensions [None req-666f7c91-fd80-4bc4-9b72-483132bc995f - - - - - -] Extension router-service-type not supported by any of loaded plugins
2026-06-25 22:55:58.205 7 INFO neutron.api.extensions [None req-666f7c91-fd80-4bc4-9b72-483132bc995f - - - - - -] Loaded extension: security-groups-default-rules
2026-06-25 22:55:58.206 7 INFO neutron.api.extensions [None req-666f7c91-fd80-4bc4-9b72-483132bc995f - - - - - -] Loaded extension: security-groups-normalized-cidr
2026-06-25 22:55:58.207 7 INFO neutron.api.extensions [None req-666f7c91-fd80-4bc4-9b72-483132bc995f - - - - - -] Loaded extension: port-security-groups-filtering
2026-06-25 22:55:58.207 7 INFO neutron.api.extensions [None req-666f7c91-fd80-4bc4-9b72-483132bc995f - - - - - -] Loaded extension: security-groups-remote-address-group
2026-06-25 22:55:58.208 7 INFO neutron.api.extensions [None req-666f7c91-fd80-4bc4-9b72-483132bc995f - - - - - -] Loaded extension: security-groups-rules-belongs-to-default-sg
2026-06-25 22:55:58.208 7 INFO neutron.api.extensions [None req-666f7c91-fd80-4bc4-9b72-483132bc995f - - - - - -] Loaded extension: security-groups-shared-filtering
2026-06-25 22:55:58.215 7 INFO neutron.api.extensions [None req-666f7c91-fd80-4bc4-9b72-483132bc995f - - - - - -] Loaded extension: security-group
2026-06-25 22:55:58.216 7 INFO neutron.api.extensions [None req-666f7c91-fd80-4bc4-9b72-483132bc995f - - - - - -] Loaded extension: segment
2026-06-25 22:55:58.217 7 INFO neutron.api.extensions [None req-666f7c91-fd80-4bc4-9b72-483132bc995f - - - - - -] Loaded extension: segments-peer-subnet-host-routes
2026-06-25 22:55:58.218 7 INFO neutron.api.extensions [None req-666f7c91-fd80-4bc4-9b72-483132bc995f - - - - - -] Loaded extension: service-type
2026-06-25 22:55:58.218 7 INFO neutron.api.extensions [None req-666f7c91-fd80-4bc4-9b72-483132bc995f - - - - - -] Loaded extension: sorting
2026-06-25 22:55:58.219 7 INFO neutron.api.extensions [None req-666f7c91-fd80-4bc4-9b72-483132bc995f - - - - - -] Loaded extension: standard-attr-segment
2026-06-25 22:55:58.220 7 INFO neutron.api.extensions [None req-666f7c91-fd80-4bc4-9b72-483132bc995f - - - - - -] Loaded extension: standard-attr-description
2026-06-25 22:55:58.220 7 INFO neutron.api.extensions [None req-666f7c91-fd80-4bc4-9b72-483132bc995f - - - - - -] Loaded extension: stateful-security-group
2026-06-25 22:55:58.221 7 WARNING neutron.api.extensions [None req-666f7c91-fd80-4bc4-9b72-483132bc995f - - - - - -] Did not find expected name "Stdattrs_common" in /var/lib/openstack/lib/python3.10/site-packages/neutron/extensions/stdattrs_common.py
2026-06-25 22:55:58.221 8 INFO neutron_vpnaas.services.vpn.plugin [None req-8b383e11-2199-436e-b99c-6dc0757fa600 - - - - - -] VPN plugin using service drivers: dict_keys(['strongswan']), default: strongswan
2026-06-25 22:55:58.221 7 INFO neutron.api.extensions [None req-666f7c91-fd80-4bc4-9b72-483132bc995f - - - - - -] Extension subnet-dns-publish-fixed-ip not supported by any of loaded plugins
2026-06-25 22:55:58.221 8 INFO neutron.common.utils [None req-8b383e11-2199-436e-b99c-6dc0757fa600 - - - - - -] Disable filter validation extension by service plugin VPNDriverPlugin.
2026-06-25 22:55:58.222 8 INFO neutron.manager [None req-8b383e11-2199-436e-b99c-6dc0757fa600 - - - - - -] Loading Plugin: auto_allocate
2026-06-25 22:55:58.222 7 INFO neutron.api.extensions [None req-666f7c91-fd80-4bc4-9b72-483132bc995f - - - - - -] Loaded extension: subnet_onboard
2026-06-25 22:55:58.222 7 INFO neutron.api.extensions [None req-666f7c91-fd80-4bc4-9b72-483132bc995f - - - - - -] Loaded extension: subnet-segmentid-writable
2026-06-25 22:55:58.223 7 INFO neutron.api.extensions [None req-666f7c91-fd80-4bc4-9b72-483132bc995f - - - - - -] Loaded extension: subnet-service-types
2026-06-25 22:55:58.224 7 INFO neutron.api.extensions [None req-666f7c91-fd80-4bc4-9b72-483132bc995f - - - - - -] Loaded extension: subnet_allocation
2026-06-25 22:55:58.224 7 INFO neutron.api.extensions [None req-666f7c91-fd80-4bc4-9b72-483132bc995f - - - - - -] Loaded extension: subnetpool-prefix-ops
2026-06-25 22:55:58.225 7 INFO neutron.api.extensions [None req-666f7c91-fd80-4bc4-9b72-483132bc995f - - - - - -] Extension tag-ports-during-bulk-creation not supported by any of loaded plugins
2026-06-25 22:55:58.225 8 INFO neutron.manager [None req-8b383e11-2199-436e-b99c-6dc0757fa600 - - - - - -] Loading Plugin: tag
2026-06-25 22:55:58.228 7 INFO neutron.api.extensions [None req-666f7c91-fd80-4bc4-9b72-483132bc995f - - - - - -] Loaded extension: standard-attr-tag
2026-06-25 22:55:58.228 7 INFO neutron.api.extensions [None req-666f7c91-fd80-4bc4-9b72-483132bc995f - - - - - -] Loaded extension: standard-attr-timestamp
2026-06-25 22:55:58.229 7 INFO neutron.api.extensions [None req-666f7c91-fd80-4bc4-9b72-483132bc995f - - - - - -] Loaded extension: trunk
2026-06-25 22:55:58.229 7 INFO neutron.api.extensions [None req-666f7c91-fd80-4bc4-9b72-483132bc995f - - - - - -] Loaded extension: trunk-details
2026-06-25 22:55:58.230 7 INFO neutron.api.extensions [None req-666f7c91-fd80-4bc4-9b72-483132bc995f - - - - - -] Extension uplink-status-propagation not supported by any of loaded plugins
2026-06-25 22:55:58.231 7 INFO neutron.api.extensions [None req-666f7c91-fd80-4bc4-9b72-483132bc995f - - - - - -] Extension vlan-transparent not supported by any of loaded plugins
2026-06-25 22:55:58.231 8 INFO neutron.manager [None req-8b383e11-2199-436e-b99c-6dc0757fa600 - - - - - -] Loading Plugin: timestamp
2026-06-25 22:55:58.232 7 INFO neutron.api.extensions [None req-666f7c91-fd80-4bc4-9b72-483132bc995f - - - - - -] Extension vpn-agent-scheduler not supported by any of loaded plugins
2026-06-25 22:55:58.233 8 INFO neutron.manager [None req-8b383e11-2199-436e-b99c-6dc0757fa600 - - - - - -] Loading Plugin: network_ip_availability
2026-06-25 22:55:58.233 7 INFO neutron.api.extensions [None req-666f7c91-fd80-4bc4-9b72-483132bc995f - - - - - -] Loaded extension: vpn-endpoint-groups
2026-06-25 22:55:58.234 7 INFO neutron.api.extensions [None req-666f7c91-fd80-4bc4-9b72-483132bc995f - - - - - -] Loaded extension: vpn-flavors
2026-06-25 22:55:58.235 7 INFO neutron.api.extensions [None req-666f7c91-fd80-4bc4-9b72-483132bc995f - - - - - -] Loaded extension: vpnaas
2026-06-25 22:55:58.236 8 INFO neutron.manager [None req-8b383e11-2199-436e-b99c-6dc0757fa600 - - - - - -] Loading Plugin: flavors
2026-06-25 22:55:58.237 7 INFO neutron.quota.resource_registry [None req-666f7c91-fd80-4bc4-9b72-483132bc995f - - - - - -] Creating instance of TrackedResource for resource:network
2026-06-25 22:55:58.237 7 INFO neutron.quota.resource_registry [None req-666f7c91-fd80-4bc4-9b72-483132bc995f - - - - - -] Creating instance of TrackedResource for resource:subnet
2026-06-25 22:55:58.238 7 INFO neutron.quota.resource_registry [None req-666f7c91-fd80-4bc4-9b72-483132bc995f - - - - - -] Creating instance of TrackedResource for resource:subnetpool
2026-06-25 22:55:58.238 7 INFO neutron.quota.resource_registry [None req-666f7c91-fd80-4bc4-9b72-483132bc995f - - - - - -] Creating instance of TrackedResource for resource:port
2026-06-25 22:55:58.239 8 INFO neutron.manager [None req-8b383e11-2199-436e-b99c-6dc0757fa600 - - - - - -] Loading Plugin: revisions
2026-06-25 22:55:58.242 7 INFO neutron.quota.resource_registry [None req-666f7c91-fd80-4bc4-9b72-483132bc995f - - - - - -] Creating instance of TrackedResource for resource:router
2026-06-25 22:55:58.242 8 INFO neutron.api.extensions [None req-8b383e11-2199-436e-b99c-6dc0757fa600 - - - - - -] Initializing extension manager.
2026-06-25 22:55:58.242 7 INFO neutron.quota.resource_registry [None req-666f7c91-fd80-4bc4-9b72-483132bc995f - - - - - -] Creating instance of TrackedResource for resource:floatingip
2026-06-25 22:55:58.243 8 INFO neutron.api.extensions [None req-8b383e11-2199-436e-b99c-6dc0757fa600 - - - - - -] Loaded extension: address-group
2026-06-25 22:55:58.244 8 INFO neutron.api.extensions [None req-8b383e11-2199-436e-b99c-6dc0757fa600 - - - - - -] Loaded extension: address-scope
2026-06-25 22:55:58.245 8 INFO neutron.api.extensions [None req-8b383e11-2199-436e-b99c-6dc0757fa600 - - - - - -] Loaded extension: router-admin-state-down-before-update
2026-06-25 22:55:58.246 8 INFO neutron.api.extensions [None req-8b383e11-2199-436e-b99c-6dc0757fa600 - - - - - -] Loaded extension: agent
2026-06-25 22:55:58.246 8 INFO neutron.api.extensions [None req-8b383e11-2199-436e-b99c-6dc0757fa600 - - - - - -] Loaded extension: agent-resources-synced
2026-06-25 22:55:58.247 8 INFO neutron.api.extensions [None req-8b383e11-2199-436e-b99c-6dc0757fa600 - - - - - -] Loaded extension: allowed-address-pairs
2026-06-25 22:55:58.248 8 INFO neutron.api.extensions [None req-8b383e11-2199-436e-b99c-6dc0757fa600 - - - - - -] Loaded extension: auto-allocated-topology
2026-06-25 22:55:58.248 7 INFO neutron.quota.resource_registry [None req-666f7c91-fd80-4bc4-9b72-483132bc995f - - - - - -] Creating instance of CountableResource for resource:rbac_policy
2026-06-25 22:55:58.249 8 INFO neutron.api.extensions [None req-8b383e11-2199-436e-b99c-6dc0757fa600 - - - - - -] Loaded extension: availability_zone
2026-06-25 22:55:58.249 7 INFO neutron.quota.resource_registry [None req-666f7c91-fd80-4bc4-9b72-483132bc995f - - - - - -] Creating instance of TrackedResource for resource:security_group
2026-06-25 22:55:58.249 8 INFO neutron.api.extensions [None req-8b383e11-2199-436e-b99c-6dc0757fa600 - - - - - -] Loaded extension: availability_zone_filter
2026-06-25 22:55:58.249 7 INFO neutron.quota.resource_registry [None req-666f7c91-fd80-4bc4-9b72-483132bc995f - - - - - -] Creating instance of TrackedResource for resource:security_group_rule
2026-06-25 22:55:58.250 8 INFO neutron.api.extensions [None req-8b383e11-2199-436e-b99c-6dc0757fa600 - - - - - -] Extension data-plane-status not supported by any of loaded plugins
2026-06-25 22:55:58.251 7 INFO neutron.quota.resource_registry [None req-666f7c91-fd80-4bc4-9b72-483132bc995f - - - - - -] Creating instance of TrackedResource for resource:subnetpool
2026-06-25 22:55:58.251 8 INFO neutron.api.extensions [None req-8b383e11-2199-436e-b99c-6dc0757fa600 - - - - - -] Loaded extension: default-subnetpools
2026-06-25 22:55:58.251 7 WARNING neutron.quota.resource_registry [None req-666f7c91-fd80-4bc4-9b72-483132bc995f - - - - - -] subnetpool is already registered
2026-06-25 22:55:58.251 7 INFO neutron.quota.resource_registry [None req-666f7c91-fd80-4bc4-9b72-483132bc995f - - - - - -] Creating instance of TrackedResource for resource:subnetpool
2026-06-25 22:55:58.252 7 WARNING neutron.quota.resource_registry [None req-666f7c91-fd80-4bc4-9b72-483132bc995f - - - - - -] subnetpool is already registered
2026-06-25 22:55:58.252 8 INFO neutron.api.extensions [None req-8b383e11-2199-436e-b99c-6dc0757fa600 - - - - - -] Loaded extension: dhcp_agent_scheduler
2026-06-25 22:55:58.252 7 INFO neutron.quota.resource_registry [None req-666f7c91-fd80-4bc4-9b72-483132bc995f - - - - - -] Creating instance of CountableResource for resource:trunk
2026-06-25 22:55:58.253 8 INFO neutron.api.extensions [None req-8b383e11-2199-436e-b99c-6dc0757fa600 - - - - - -] Loaded extension: dns-integration
2026-06-25 22:55:58.253 7 INFO neutron.quota.resource_registry [None req-666f7c91-fd80-4bc4-9b72-483132bc995f - - - - - -] Creating instance of CountableResource for resource:endpoint_group
2026-06-25 22:55:58.253 8 INFO neutron.api.extensions [None req-8b383e11-2199-436e-b99c-6dc0757fa600 - - - - - -] Loaded extension: dns-domain-ports
2026-06-25 22:55:58.253 7 INFO neutron.quota.resource_registry [None req-666f7c91-fd80-4bc4-9b72-483132bc995f - - - - - -] Creating instance of CountableResource for resource:vpnservice
2026-06-25 22:55:58.254 8 INFO neutron.api.extensions [None req-8b383e11-2199-436e-b99c-6dc0757fa600 - - - - - -] Extension dns-integration-domain-keywords not supported by any of loaded plugins
2026-06-25 22:55:58.254 7 INFO neutron.quota.resource_registry [None req-666f7c91-fd80-4bc4-9b72-483132bc995f - - - - - -] Creating instance of CountableResource for resource:ipsec_site_connection
2026-06-25 22:55:58.254 8 INFO neutron.api.extensions [None req-8b383e11-2199-436e-b99c-6dc0757fa600 - - - - - -] Loaded extension: dvr
2026-06-25 22:55:58.254 7 INFO neutron.quota.resource_registry [None req-666f7c91-fd80-4bc4-9b72-483132bc995f - - - - - -] Creating instance of CountableResource for resource:ipsecpolicy
2026-06-25 22:55:58.255 8 INFO neutron.api.extensions [None req-8b383e11-2199-436e-b99c-6dc0757fa600 - - - - - -] Extension ecmp_routes not supported by any of loaded plugins
2026-06-25 22:55:58.255 7 INFO neutron.quota.resource_registry [None req-666f7c91-fd80-4bc4-9b72-483132bc995f - - - - - -] Creating instance of CountableResource for resource:ikepolicy
2026-06-25 22:55:58.255 8 INFO neutron.api.extensions [None req-8b383e11-2199-436e-b99c-6dc0757fa600 - - - - - -] Loaded extension: empty-string-filtering
2026-06-25 22:55:58.256 8 INFO neutron.api.extensions [None req-8b383e11-2199-436e-b99c-6dc0757fa600 - - - - - -] Extension expose-l3-conntrack-helper not supported by any of loaded plugins
2026-06-25 22:55:58.257 8 INFO neutron.api.extensions [None req-8b383e11-2199-436e-b99c-6dc0757fa600 - - - - - -] Extension expose-port-forwarding-in-fip not supported by any of loaded plugins
2026-06-25 22:55:58.257 8 INFO neutron.api.extensions [None req-8b383e11-2199-436e-b99c-6dc0757fa600 - - - - - -] Loaded extension: external-net
2026-06-25 22:55:58.258 8 INFO neutron.api.extensions [None req-8b383e11-2199-436e-b99c-6dc0757fa600 - - - - - -] Loaded extension: extra_dhcp_opt
2026-06-25 22:55:58.258 8 INFO neutron.api.extensions [None req-8b383e11-2199-436e-b99c-6dc0757fa600 - - - - - -] Loaded extension: extraroute
2026-06-25 22:55:58.259 8 INFO neutron.api.extensions [None req-8b383e11-2199-436e-b99c-6dc0757fa600 - - - - - -] Loaded extension: extraroute-atomic
2026-06-25 22:55:58.259 8 INFO neutron.api.extensions [None req-8b383e11-2199-436e-b99c-6dc0757fa600 - - - - - -] Extension filter-validation not supported by any of loaded plugins
2026-06-25 22:55:58.260 7 INFO neutron.quota.resource_registry [None req-666f7c91-fd80-4bc4-9b72-483132bc995f - - - - - -] Creating instance of TrackedResource for resource:router
2026-06-25 22:55:58.260 7 WARNING neutron.quota.resource_registry [None req-666f7c91-fd80-4bc4-9b72-483132bc995f - - - - - -] router is already registered
2026-06-25 22:55:58.260 8 INFO neutron.api.extensions [None req-8b383e11-2199-436e-b99c-6dc0757fa600 - - - - - -] Extension floating-ip-port-forwarding-description not supported by any of loaded plugins
2026-06-25 22:55:58.260 7 INFO neutron.quota.resource_registry [None req-666f7c91-fd80-4bc4-9b72-483132bc995f - - - - - -] Creating instance of TrackedResource for resource:floatingip
2026-06-25 22:55:58.261 8 INFO neutron.api.extensions [None req-8b383e11-2199-436e-b99c-6dc0757fa600 - - - - - -] Loaded extension: floating-ip-port-forwarding-detail
2026-06-25 22:55:58.261 7 WARNING neutron.quota.resource_registry [None req-666f7c91-fd80-4bc4-9b72-483132bc995f - - - - - -] floatingip is already registered
2026-06-25 22:55:58.261 8 INFO neutron.api.extensions [None req-8b383e11-2199-436e-b99c-6dc0757fa600 - - - - - -] Extension floating-ip-port-forwarding-port-ranges not supported by any of loaded plugins
2026-06-25 22:55:58.262 8 INFO neutron.api.extensions [None req-8b383e11-2199-436e-b99c-6dc0757fa600 - - - - - -] Loaded extension: fip-port-details
2026-06-25 22:55:58.262 8 INFO neutron.api.extensions [None req-8b383e11-2199-436e-b99c-6dc0757fa600 - - - - - -] Loaded extension: flavors
2026-06-25 22:55:58.263 8 INFO neutron.api.extensions [None req-8b383e11-2199-436e-b99c-6dc0757fa600 - - - - - -] Extension floating-ip-port-forwarding not supported by any of loaded plugins
2026-06-25 22:55:58.264 8 INFO neutron.api.extensions [None req-8b383e11-2199-436e-b99c-6dc0757fa600 - - - - - -] Loaded extension: floatingip-pools
2026-06-25 22:55:58.265 8 INFO neutron.api.extensions [None req-8b383e11-2199-436e-b99c-6dc0757fa600 - - - - - -] Loaded extension: ip_allocation
2026-06-25 22:55:58.265 8 INFO neutron.api.extensions [None req-8b383e11-2199-436e-b99c-6dc0757fa600 - - - - - -] Loaded extension: ip-substring-filtering
2026-06-25 22:55:58.266 8 INFO neutron.api.extensions [None req-8b383e11-2199-436e-b99c-6dc0757fa600 - - - - - -] Loaded extension: l2_adjacency
2026-06-25 22:55:58.266 7 INFO neutron.quota.resource_registry [None req-666f7c91-fd80-4bc4-9b72-483132bc995f - - - - - -] Creating instance of CountableResource for resource:rbac_policy
2026-06-25 22:55:58.266 7 WARNING neutron.quota.resource_registry [None req-666f7c91-fd80-4bc4-9b72-483132bc995f - - - - - -] rbac_policy is already registered
2026-06-25 22:55:58.267 7 INFO neutron.quota.resource_registry [None req-666f7c91-fd80-4bc4-9b72-483132bc995f - - - - - -] Creating instance of TrackedResource for resource:security_group
2026-06-25 22:55:58.267 8 INFO neutron.api.extensions [None req-8b383e11-2199-436e-b99c-6dc0757fa600 - - - - - -] Loaded extension: router
2026-06-25 22:55:58.267 7 WARNING neutron.quota.resource_registry [None req-666f7c91-fd80-4bc4-9b72-483132bc995f - - - - - -] security_group is already registered
2026-06-25 22:55:58.268 7 INFO neutron.quota.resource_registry [None req-666f7c91-fd80-4bc4-9b72-483132bc995f - - - - - -] Creating instance of TrackedResource for resource:security_group_rule
2026-06-25 22:55:58.268 7 WARNING neutron.quota.resource_registry [None req-666f7c91-fd80-4bc4-9b72-483132bc995f - - - - - -] security_group_rule is already registered
2026-06-25 22:55:58.268 8 INFO neutron.api.extensions [None req-8b383e11-2199-436e-b99c-6dc0757fa600 - - - - - -] Extension l3-conntrack-helper not supported by any of loaded plugins
