+ exec neutron-metadata-agent --config-file /etc/neutron/neutron.conf --config-file /tmp/pod-shared/neutron-agent.ini --config-file /etc/neutron/metadata_agent.ini /var/lib/openstack/lib/python3.10/site-packages/neutron/common/utils.py:55: UserWarning: pkg_resources is deprecated as an API. See https://setuptools.pypa.io/en/latest/pkg_resources.html. The pkg_resources package is slated for removal as early as 2025-11-30. Refrain from using this package or pin to Setuptools<81. import pkg_resources
2026-06-25 22:56:24.304 37 INFO neutron.common.config [-] Logging enabled!
2026-06-25 22:56:24.304 37 INFO neutron.common.config [-] /var/lib/openstack/bin/neutron-metadata-agent version 24.2.2.dev7
2026-06-25 22:56:24.319 37 INFO oslo_service.service [None req-2c18ec0c-9836-425c-96de-1b8a2ce3388e - - - - - -] Starting 2 workers
2026-06-25 22:56:24.329 45 INFO eventlet.wsgi.server [-] (45) wsgi starting up on http:/var/lib/neutron/openstack-helm/metadata_proxy
2026-06-25 22:56:24.330 46 INFO eventlet.wsgi.server [-] (46) wsgi starting up on http:/var/lib/neutron/openstack-helm/metadata_proxy
2026-06-25 22:56:55.332 45 INFO eventlet.wsgi.server [-] 169.254.169.254, "GET / HTTP/1.1" status: 404 len: 176 time: 0.1259375
2026-06-25 22:56:56.215 45 INFO eventlet.wsgi.server [-] 169.254.169.254, "GET / HTTP/1.1" status: 404 len: 176 time: 0.0081422
2026-06-25 23:00:05.227 45 INFO eventlet.wsgi.server [-] 169.254.169.254, "GET / HTTP/1.1" status: 404 len: 176 time: 0.0050571
2026-06-25 23:03:15.261 45 INFO eventlet.wsgi.server [-] 169.254.169.254, "GET / HTTP/1.1" status: 404 len: 176 time: 0.0072854
2026-06-25 23:03:45.240 45 INFO eventlet.wsgi.server [-] 169.254.169.254, "GET / HTTP/1.1" status: 404 len: 176 time: 0.0079167
2026-06-25 23:06:25.213 45 INFO eventlet.wsgi.server [-] 169.254.169.254, "GET / HTTP/1.1" status: 404 len: 176 time: 0.0063467
2026-06-25 23:09:35.332 46 INFO eventlet.wsgi.server [-] 169.254.169.254, "GET / HTTP/1.1" status: 404 len: 176 time: 0.1012290
2026-06-25 23:12:45.271 46 INFO eventlet.wsgi.server [-] 169.254.169.254, "GET / HTTP/1.1" status: 404 len: 176 time: 0.0090458
2026-06-25 23:13:45.263 45 INFO eventlet.wsgi.server [-] 169.254.169.254, "GET / HTTP/1.1" status: 404 len: 176 time: 0.0095100
2026-06-25 23:15:55.225 45 INFO eventlet.wsgi.server [-] 169.254.169.254, "GET / HTTP/1.1" status: 404 len: 176 time: 0.0077693
2026-06-25 23:19:05.247 46 INFO eventlet.wsgi.server [-] 169.254.169.254, "GET / HTTP/1.1" status: 404 len: 176 time: 0.0060265
2026-06-25 23:22:15.249 46 INFO eventlet.wsgi.server [-] 169.254.169.254, "GET / HTTP/1.1" status: 404 len: 176 time: 0.0496898
2026-06-25 23:23:45.226 46 INFO eventlet.wsgi.server [-] 169.254.169.254, "GET / HTTP/1.1" status: 404 len: 176 time: 0.0039649
2026-06-25 23:25:25.249 46 INFO eventlet.wsgi.server [-] 169.254.169.254, "GET / HTTP/1.1" status: 404 len: 176 time: 0.0067394
2026-06-25 23:28:35.251 45 INFO eventlet.wsgi.server [-] 169.254.169.254, "GET / HTTP/1.1" status: 404 len: 176 time: 0.0044672
2026-06-25 23:30:27.767 45 INFO eventlet.wsgi.server [-] 10.100.0.10, "GET /2009-04-04/meta-data/instance-id HTTP/1.1" status: 200 len: 146 time: 1.4443665
2026-06-25 23:30:27.800 45 INFO eventlet.wsgi.server [-] 10.100.0.10, "GET /2009-04-04/meta-data/public-keys HTTP/1.1" status: 200 len: 164 time: 0.0221930
2026-06-25 23:30:27.829 46 INFO eventlet.wsgi.server [-] 10.100.0.10, "GET /2009-04-04/meta-data/public-keys/0/openssh-key HTTP/1.1" status: 200 len: 341 time: 0.0227964
2026-06-25 23:30:27.849 46 INFO eventlet.wsgi.server [-] 10.100.0.10, "GET /2009-04-04/meta-data/instance-id HTTP/1.1" status: 200 len: 146 time: 0.0116830
2026-06-25 23:30:27.868 45 INFO eventlet.wsgi.server [-] 10.100.0.10, "GET /2009-04-04/meta-data/ami-launch-index HTTP/1.1" status: 200 len: 136 time: 0.0140948
2026-06-25 23:30:27.889 45 INFO eventlet.wsgi.server [-] 10.100.0.10, "GET /2009-04-04/meta-data/instance-type HTTP/1.1" status: 200 len: 142 time: 0.0122488
2026-06-25 23:30:27.906 45 INFO eventlet.wsgi.server [-] 10.100.0.10, "GET /2009-04-04/meta-data/local-ipv4 HTTP/1.1" status: 200 len: 147 time: 0.0108232
2026-06-25 23:30:27.924 46 INFO eventlet.wsgi.server [-] 10.100.0.10, "GET /2009-04-04/meta-data/public-ipv4 HTTP/1.1" status: 200 len: 149 time: 0.0112491
2026-06-25 23:30:27.944 46 INFO eventlet.wsgi.server [-] 10.100.0.10, "GET /2009-04-04/meta-data/hostname HTTP/1.1" status: 200 len: 201 time: 0.0114625
2026-06-25 23:30:27.963 46 INFO eventlet.wsgi.server [-] 10.100.0.10, "GET /2009-04-04/meta-data/local-hostname HTTP/1.1" status: 200 len: 201 time: 0.0122302
2026-06-25 23:30:28.001 45 INFO eventlet.wsgi.server [-] 10.100.0.10, "GET /2009-04-04/user-data HTTP/1.1" status: 200 len: 231 time: 0.0125360
2026-06-25 23:30:28.022 46 INFO eventlet.wsgi.server [-] 10.100.0.10, "GET /2009-04-04/meta-data/block-device-mapping HTTP/1.1" status: 200 len: 143 time: 0.0144243
2026-06-25 23:30:28.040 45 INFO eventlet.wsgi.server [-] 10.100.0.10, "GET /2009-04-04/meta-data/block-device-mapping/ami HTTP/1.1" status: 200 len: 138 time: 0.0122254
2026-06-25 23:30:28.059 45 INFO eventlet.wsgi.server [-] 10.100.0.10, "GET /2009-04-04/meta-data/block-device-mapping/root HTTP/1.1" status: 200 len: 143 time: 0.0127916
2026-06-25 23:30:28.078 45 INFO eventlet.wsgi.server [-] 10.100.0.10, "GET /2009-04-04/meta-data/public-hostname HTTP/1.1" status: 200 len: 201 time: 0.0116141
2026-06-25 23:30:28.101 45 INFO eventlet.wsgi.server [-] 10.100.0.10, "GET /2009-04-04/meta-data/placement/availability-zone HTTP/1.1" status: 200 len: 139 time: 0.0146005
2026-06-25 23:30:51.438 46 INFO eventlet.wsgi.server [-] 10.100.0.6, "GET /2009-04-04/meta-data/instance-id HTTP/1.1" status: 200 len: 146 time: 1.8829529
2026-06-25 23:30:51.466 46 INFO eventlet.wsgi.server [-] 10.100.0.6, "GET /2009-04-04/meta-data/public-keys HTTP/1.1" status: 200 len: 164 time: 0.0149088
2026-06-25 23:30:51.484 45 INFO eventlet.wsgi.server [-] 10.100.0.6, "GET /2009-04-04/meta-data/public-keys/0/openssh-key HTTP/1.1" status: 200 len: 341 time: 0.0108843
2026-06-25 23:30:51.502 45 INFO eventlet.wsgi.server [-] 10.100.0.6, "GET /2009-04-04/meta-data/instance-id HTTP/1.1" status: 200 len: 146 time: 0.0109153
2026-06-25 23:30:51.527 45 INFO eventlet.wsgi.server [-] 10.100.0.6, "GET /2009-04-04/meta-data/ami-launch-index HTTP/1.1" status: 200 len: 136 time: 0.0199420
2026-06-25 23:30:51.553 45 INFO eventlet.wsgi.server [-] 10.100.0.6, "GET /2009-04-04/meta-data/instance-type HTTP/1.1" status: 200 len: 142 time: 0.0192721
2026-06-25 23:30:51.573 45 INFO eventlet.wsgi.server [-] 10.100.0.6, "GET /2009-04-04/meta-data/local-ipv4 HTTP/1.1" status: 200 len: 146 time: 0.0117927
2026-06-25 23:30:51.588 45 INFO eventlet.wsgi.server [-] 10.100.0.6, "GET /2009-04-04/meta-data/public-ipv4 HTTP/1.1" status: 200 len: 149 time: 0.0098445
2026-06-25 23:30:51.606 45 INFO eventlet.wsgi.server [-] 10.100.0.6, "GET /2009-04-04/meta-data/hostname HTTP/1.1" status: 200 len: 193 time: 0.0102644
2026-06-25 23:30:51.626 45 INFO eventlet.wsgi.server [-] 10.100.0.6, "GET /2009-04-04/meta-data/local-hostname HTTP/1.1" status: 200 len: 193 time: 0.0124471
2026-06-25 23:30:51.642 45 INFO eventlet.wsgi.server [-] 10.100.0.6, "GET /2009-04-04/user-data HTTP/1.1" status: 200 len: 231 time: 0.0121377
2026-06-25 23:30:51.692 45 INFO eventlet.wsgi.server [-] 10.100.0.6, "GET /2009-04-04/meta-data/block-device-mapping HTTP/1.1" status: 200 len: 143 time: 0.0125394
2026-06-25 23:30:51.708 46 INFO eventlet.wsgi.server [-] 10.100.0.6, "GET /2009-04-04/meta-data/block-device-mapping/ami HTTP/1.1" status: 200 len: 138 time: 0.0122302
2026-06-25 23:30:51.722 46 INFO eventlet.wsgi.server [-] 10.100.0.6, "GET /2009-04-04/meta-data/block-device-mapping/root HTTP/1.1" status: 200 len: 143 time: 0.0088587
2026-06-25 23:30:51.745 46 INFO eventlet.wsgi.server [-] 10.100.0.6, "GET /2009-04-04/meta-data/public-hostname HTTP/1.1" status: 200 len: 193 time: 0.0150166
2026-06-25 23:30:51.764 46 INFO eventlet.wsgi.server [-] 10.100.0.6, "GET /2009-04-04/meta-data/placement/availability-zone HTTP/1.1" status: 200 len: 139 time: 0.0136759
2026-06-25 23:31:09.208 46 INFO eventlet.wsgi.server [-] 10.100.0.6, "GET /2009-04-04/meta-data/instance-id HTTP/1.1" status: 200 len: 146 time: 1.0989215
2026-06-25 23:31:09.231 46 INFO eventlet.wsgi.server [-] 10.100.0.6, "GET /2009-04-04/meta-data/public-keys HTTP/1.1" status: 200 len: 164 time: 0.0148385
2026-06-25 23:31:09.248 46 INFO eventlet.wsgi.server [-] 10.100.0.6, "GET /2009-04-04/meta-data/public-keys/0/openssh-key HTTP/1.1" status: 200 len: 341 time: 0.0128968
2026-06-25 23:31:09.280 45 INFO eventlet.wsgi.server [-] 10.100.0.6, "GET /2009-04-04/meta-data/instance-id HTTP/1.1" status: 200 len: 146 time: 0.0230508
2026-06-25 23:31:09.297 45 INFO eventlet.wsgi.server [-] 10.100.0.6, "GET /2009-04-04/meta-data/ami-launch-index HTTP/1.1" status: 200 len: 136 time: 0.0114179
2026-06-25 23:31:09.316 46 INFO eventlet.wsgi.server [-] 10.100.0.6, "GET /2009-04-04/meta-data/instance-type HTTP/1.1" status: 200 len: 142 time: 0.0133801
2026-06-25 23:31:09.335 45 INFO eventlet.wsgi.server [-] 10.100.0.6, "GET /2009-04-04/meta-data/local-ipv4 HTTP/1.1" status: 200 len: 146 time: 0.0124722
2026-06-25 23:31:09.358 46 INFO eventlet.wsgi.server [-] 10.100.0.6, "GET /2009-04-04/meta-data/public-ipv4 HTTP/1.1" status: 200 len: 149 time: 0.0172963
2026-06-25 23:31:09.381 46 INFO eventlet.wsgi.server [-] 10.100.0.6, "GET /2009-04-04/meta-data/hostname HTTP/1.1" status: 200 len: 193 time: 0.0169992
2026-06-25 23:31:09.403 45 INFO eventlet.wsgi.server [-] 10.100.0.6, "GET /2009-04-04/meta-data/local-hostname HTTP/1.1" status: 200 len: 193 time: 0.0169170
2026-06-25 23:31:09.422 45 INFO eventlet.wsgi.server [-] 10.100.0.6, "GET /2009-04-04/user-data HTTP/1.1" status: 200 len: 231 time: 0.0118890
2026-06-25 23:31:09.440 45 INFO eventlet.wsgi.server [-] 10.100.0.6, "GET /2009-04-04/meta-data/block-device-mapping HTTP/1.1" status: 200 len: 143 time: 0.0116277
2026-06-25 23:31:09.459 45 INFO eventlet.wsgi.server [-] 10.100.0.6, "GET /2009-04-04/meta-data/block-device-mapping/ami HTTP/1.1" status: 200 len: 138 time: 0.0149388
2026-06-25 23:31:09.481 45 INFO eventlet.wsgi.server [-] 10.100.0.6, "GET /2009-04-04/meta-data/block-device-mapping/root HTTP/1.1" status: 200 len: 143 time: 0.0168300
2026-06-25 23:31:09.501 45 INFO eventlet.wsgi.server [-] 10.100.0.6, "GET /2009-04-04/meta-data/public-hostname HTTP/1.1" status: 200 len: 193 time: 0.0137436
2026-06-25 23:31:09.522 45 INFO eventlet.wsgi.server [-] 10.100.0.6, "GET /2009-04-04/meta-data/placement/availability-zone HTTP/1.1" status: 200 len: 139 time: 0.0149181
2026-06-25 23:31:45.256 46 INFO eventlet.wsgi.server [-] 169.254.169.254, "GET / HTTP/1.1" status: 404 len: 176 time: 0.0111928
2026-06-25 23:32:23.367 45 INFO eventlet.wsgi.server [-] 10.2.1.9, "GET /2009-04-04/meta-data/instance-id HTTP/1.1" status: 200 len: 146 time: 2.2365868
2026-06-25 23:32:23.403 46 INFO eventlet.wsgi.server [-] 10.2.1.9, "GET /2009-04-04/meta-data/public-keys HTTP/1.1" status: 200 len: 174 time: 0.0260324
2026-06-25 23:32:23.426 45 INFO eventlet.wsgi.server [-] 10.2.1.9, "GET /2009-04-04/meta-data/public-keys/0/openssh-key HTTP/1.1" status: 200 len: 341 time: 0.0164390
2026-06-25 23:32:23.446 45 INFO eventlet.wsgi.server [-] 10.2.1.9, "GET /2009-04-04/meta-data/instance-id HTTP/1.1" status: 200 len: 146 time: 0.0122213
2026-06-25 23:32:23.469 45 INFO eventlet.wsgi.server [-] 10.2.1.9, "GET /2009-04-04/meta-data/ami-launch-index HTTP/1.1" status: 200 len: 136 time: 0.0140493
2026-06-25 23:32:23.488 45 INFO eventlet.wsgi.server [-] 10.2.1.9, "GET /2009-04-04/meta-data/instance-type HTTP/1.1" status: 200 len: 142 time: 0.0107169
2026-06-25 23:32:23.515 45 INFO eventlet.wsgi.server [-] 10.2.1.9, "GET /2009-04-04/meta-data/local-ipv4 HTTP/1.1" status: 200 len: 143 time: 0.0189571
2026-06-25 23:32:23.543 45 INFO eventlet.wsgi.server [-] 10.2.1.9, "GET /2009-04-04/meta-data/public-ipv4 HTTP/1.1" status: 200 len: 135 time: 0.0149918
2026-06-25 23:32:23.564 45 INFO eventlet.wsgi.server [-] 10.2.1.9, "GET /2009-04-04/meta-data/hostname HTTP/1.1" status: 200 len: 184 time: 0.0128152
2026-06-25 23:32:23.586 45 INFO eventlet.wsgi.server [-] 10.2.1.9, "GET /2009-04-04/meta-data/local-hostname HTTP/1.1" status: 200 len: 184 time: 0.0151396
2026-06-25 23:32:23.616 45 INFO neutron.agent.metadata.agent [-] The instance: dee935d4-41b6-4e09-bc00-5419791105c6 is not present anymore, skipping cache...
2026-06-25 23:32:23.677 45 INFO eventlet.wsgi.server [-] 10.2.1.9, "GET /2009-04-04/user-data HTTP/1.1" status: 404 len: 297 time: 0.0759006
2026-06-25 23:32:23.717 46 INFO eventlet.wsgi.server [-] 10.2.1.9, "GET /2009-04-04/meta-data/block-device-mapping HTTP/1.1" status: 200 len: 143 time: 0.0272660
2026-06-25 23:32:23.739 46 INFO eventlet.wsgi.server [-] 10.2.1.9, "GET /2009-04-04/meta-data/block-device-mapping/ami HTTP/1.1" status: 200 len: 138 time: 0.0168357
2026-06-25 23:32:23.763 46 INFO eventlet.wsgi.server [-] 10.2.1.9, "GET /2009-04-04/meta-data/block-device-mapping/root HTTP/1.1" status: 200 len: 143 time: 0.0166419
2026-06-25 23:32:23.783 46 INFO eventlet.wsgi.server [-] 10.2.1.9, "GET /2009-04-04/meta-data/public-hostname HTTP/1.1" status: 200 len: 184 time: 0.0121312
2026-06-25 23:32:23.806 46 INFO eventlet.wsgi.server [-] 10.2.1.9, "GET /2009-04-04/meta-data/placement/availability-zone HTTP/1.1" status: 200 len: 139 time: 0.0140038
2026-06-25 23:32:40.459 45 INFO eventlet.wsgi.server [-] 10.2.2.186, "GET /2009-04-04/meta-data/instance-id HTTP/1.1" status: 200 len: 146 time: 0.2305725
2026-06-25 23:32:40.485 46 INFO eventlet.wsgi.server [-] 10.2.2.186, "GET /2009-04-04/meta-data/public-keys HTTP/1.1" status: 200 len: 174 time: 0.0164998
2026-06-25 23:32:40.502 46 INFO eventlet.wsgi.server [-] 10.2.2.186, "GET /2009-04-04/meta-data/public-keys/0/openssh-key HTTP/1.1" status: 200 len: 341 time: 0.0110977
2026-06-25 23:32:40.516 46 INFO eventlet.wsgi.server [-] 10.2.2.186, "GET /2009-04-04/meta-data/instance-id HTTP/1.1" status: 200 len: 146 time: 0.0094090
2026-06-25 23:32:40.534 46 INFO eventlet.wsgi.server [-] 10.2.2.186, "GET /2009-04-04/meta-data/ami-launch-index HTTP/1.1" status: 200 len: 136 time: 0.0112836
2026-06-25 23:32:40.547 46 INFO eventlet.wsgi.server [-] 10.2.2.186, "GET /2009-04-04/meta-data/instance-type HTTP/1.1" status: 200 len: 142 time: 0.0083263
2026-06-25 23:32:40.565 46 INFO eventlet.wsgi.server [-] 10.2.2.186, "GET /2009-04-04/meta-data/local-ipv4 HTTP/1.1" status: 200 len: 146 time: 0.0132682
2026-06-25 23:32:40.586 46 INFO eventlet.wsgi.server [-] 10.2.2.186, "GET /2009-04-04/meta-data/public-ipv4 HTTP/1.1" status: 200 len: 149 time: 0.0104804
2026-06-25 23:32:40.602 46 INFO eventlet.wsgi.server [-] 10.2.2.186, "GET /2009-04-04/meta-data/hostname HTTP/1.1" status: 200 len: 185 time: 0.0097301
2026-06-25 23:32:40.650 46 INFO eventlet.wsgi.server [-] 10.2.2.186, "GET /2009-04-04/meta-data/local-hostname HTTP/1.1" status: 200 len: 185 time: 0.0188429
2026-06-25 23:32:40.672 46 INFO neutron.agent.metadata.agent [-] The instance: e293d572-5d93-4019-a946-50fb02aa1db3 is not present anymore, skipping cache...
2026-06-25 23:32:40.715 46 INFO eventlet.wsgi.server [-] 10.2.2.186, "GET /2009-04-04/user-data HTTP/1.1" status: 404 len: 297 time: 0.0586343
2026-06-25 23:32:40.741 45 INFO eventlet.wsgi.server [-] 10.2.2.186, "GET /2009-04-04/meta-data/block-device-mapping HTTP/1.1" status: 200 len: 143 time: 0.0134692
2026-06-25 23:32:40.758 45 INFO eventlet.wsgi.server [-] 10.2.2.186, "GET /2009-04-04/meta-data/block-device-mapping/ami HTTP/1.1" status: 200 len: 138 time: 0.0123205
2026-06-25 23:32:40.773 45 INFO eventlet.wsgi.server [-] 10.2.2.186, "GET /2009-04-04/meta-data/block-device-mapping/root HTTP/1.1" status: 200 len: 143 time: 0.0097589
2026-06-25 23:32:40.791 45 INFO eventlet.wsgi.server [-] 10.2.2.186, "GET /2009-04-04/meta-data/public-hostname HTTP/1.1" status: 200 len: 185 time: 0.0106082
2026-06-25 23:32:40.814 46 INFO eventlet.wsgi.server [-] 10.2.2.186, "GET /2009-04-04/meta-data/placement/availability-zone HTTP/1.1" status: 200 len: 139 time: 0.0158305
2026-06-25 23:32:42.758 46 INFO eventlet.wsgi.server [-] 10.100.0.9, "GET /2009-04-04/meta-data/instance-id HTTP/1.1" status: 200 len: 146 time: 0.2894828
2026-06-25 23:32:42.775 46 INFO eventlet.wsgi.server [-] 10.100.0.9, "GET /2009-04-04/meta-data/public-keys HTTP/1.1" status: 200 len: 175 time: 0.0096910
2026-06-25 23:32:42.789 46 INFO eventlet.wsgi.server [-] 10.100.0.9, "GET /2009-04-04/meta-data/public-keys/0/openssh-key HTTP/1.1" status: 200 len: 341 time: 0.0112767
2026-06-25 23:32:42.806 46 INFO eventlet.wsgi.server [-] 10.100.0.9, "GET /2009-04-04/meta-data/instance-id HTTP/1.1" status: 200 len: 146 time: 0.0135932
2026-06-25 23:32:42.827 46 INFO eventlet.wsgi.server [-] 10.100.0.9, "GET /2009-04-04/meta-data/ami-launch-index HTTP/1.1" status: 200 len: 136 time: 0.0112233
2026-06-25 23:32:42.842 46 INFO eventlet.wsgi.server [-] 10.100.0.9, "GET /2009-04-04/meta-data/instance-type HTTP/1.1" status: 200 len: 142 time: 0.0113344
2026-06-25 23:32:42.867 46 INFO eventlet.wsgi.server [-] 10.100.0.9, "GET /2009-04-04/meta-data/local-ipv4 HTTP/1.1" status: 200 len: 146 time: 0.0194194
2026-06-25 23:32:42.889 45 INFO eventlet.wsgi.server [-] 10.100.0.9, "GET /2009-04-04/meta-data/public-ipv4 HTTP/1.1" status: 200 len: 149 time: 0.0178337
2026-06-25 23:32:42.907 45 INFO eventlet.wsgi.server [-] 10.100.0.9, "GET /2009-04-04/meta-data/hostname HTTP/1.1" status: 200 len: 190 time: 0.0133133
2026-06-25 23:32:42.930 45 INFO eventlet.wsgi.server [-] 10.100.0.9, "GET /2009-04-04/meta-data/local-hostname HTTP/1.1" status: 200 len: 190 time: 0.0170238
2026-06-25 23:32:42.953 45 INFO neutron.agent.metadata.agent [-] The instance: 5e4a58a1-d5a8-4f9a-bc04-57741d05ff6f is not present anymore, skipping cache...
2026-06-25 23:32:43.007 45 INFO eventlet.wsgi.server [-] 10.100.0.9, "GET /2009-04-04/user-data HTTP/1.1" status: 404 len: 297 time: 0.0692351
2026-06-25 23:32:43.050 46 INFO eventlet.wsgi.server [-] 10.100.0.9, "GET /2009-04-04/meta-data/block-device-mapping HTTP/1.1" status: 200 len: 143 time: 0.0149884
2026-06-25 23:32:43.072 45 INFO eventlet.wsgi.server [-] 10.100.0.9, "GET /2009-04-04/meta-data/block-device-mapping/ami HTTP/1.1" status: 200 len: 138 time: 0.0159018
2026-06-25 23:32:43.089 46 INFO eventlet.wsgi.server [-] 10.100.0.9, "GET /2009-04-04/meta-data/block-device-mapping/root HTTP/1.1" status: 200 len: 143 time: 0.0129139
2026-06-25 23:32:43.111 46 INFO eventlet.wsgi.server [-] 10.100.0.9, "GET /2009-04-04/meta-data/public-hostname HTTP/1.1" status: 200 len: 190 time: 0.0149579
2026-06-25 23:32:43.141 45 INFO eventlet.wsgi.server [-] 10.100.0.9, "GET /2009-04-04/meta-data/placement/availability-zone HTTP/1.1" status: 200 len: 139 time: 0.0199659
2026-06-25 23:33:11.004 46 INFO eventlet.wsgi.server [-] 10.100.0.13, "GET /2009-04-04/meta-data/instance-id HTTP/1.1" status: 200 len: 146 time: 0.2408216
2026-06-25 23:33:11.027 46 INFO eventlet.wsgi.server [-] 10.100.0.13, "GET /2009-04-04/meta-data/public-keys HTTP/1.1" status: 200 len: 175 time: 0.0133002
2026-06-25 23:33:11.044 46 INFO eventlet.wsgi.server [-] 10.100.0.13, "GET /2009-04-04/meta-data/public-keys/0/openssh-key HTTP/1.1" status: 200 len: 341 time: 0.0117338
2026-06-25 23:33:11.063 46 INFO eventlet.wsgi.server [-] 10.100.0.13, "GET /2009-04-04/meta-data/instance-id HTTP/1.1" status: 200 len: 146 time: 0.0126431
2026-06-25 23:33:11.100 46 INFO eventlet.wsgi.server [-] 10.100.0.13, "GET /2009-04-04/meta-data/ami-launch-index HTTP/1.1" status: 200 len: 136 time: 0.0236778
2026-06-25 23:33:11.134 45 INFO eventlet.wsgi.server [-] 10.100.0.13, "GET /2009-04-04/meta-data/instance-type HTTP/1.1" status: 200 len: 142 time: 0.0222855
2026-06-25 23:33:11.155 45 INFO eventlet.wsgi.server [-] 10.100.0.13, "GET /2009-04-04/meta-data/local-ipv4 HTTP/1.1" status: 200 len: 147 time: 0.0121572
2026-06-25 23:33:11.178 45 INFO eventlet.wsgi.server [-] 10.100.0.13, "GET /2009-04-04/meta-data/public-ipv4 HTTP/1.1" status: 200 len: 149 time: 0.0131879
2026-06-25 23:33:11.202 45 INFO eventlet.wsgi.server [-] 10.100.0.13, "GET /2009-04-04/meta-data/hostname HTTP/1.1" status: 200 len: 191 time: 0.0106726
2026-06-25 23:33:11.224 45 INFO eventlet.wsgi.server [-] 10.100.0.13, "GET /2009-04-04/meta-data/local-hostname HTTP/1.1" status: 200 len: 191 time: 0.0127501
2026-06-25 23:33:11.244 46 INFO neutron.agent.metadata.agent [-] The instance: e427b250-6fb8-40d4-bc07-115b204de84c is not present anymore, skipping cache...
2026-06-25 23:33:11.287 46 INFO eventlet.wsgi.server [-] 10.100.0.13, "GET /2009-04-04/user-data HTTP/1.1" status: 404 len: 297 time: 0.0542970
2026-06-25 23:33:11.309 46 INFO eventlet.wsgi.server [-] 10.100.0.13, "GET /2009-04-04/meta-data/block-device-mapping HTTP/1.1" status: 200 len: 143 time: 0.0102515
2026-06-25 23:33:11.326 46 INFO eventlet.wsgi.server [-] 10.100.0.13, "GET /2009-04-04/meta-data/block-device-mapping/ami HTTP/1.1" status: 200 len: 138 time: 0.0133986
2026-06-25 23:33:11.347 45 INFO eventlet.wsgi.server [-] 10.100.0.13, "GET /2009-04-04/meta-data/block-device-mapping/root HTTP/1.1" status: 200 len: 143 time: 0.0131795
2026-06-25 23:33:11.363 45 INFO eventlet.wsgi.server [-] 10.100.0.13, "GET /2009-04-04/meta-data/public-hostname HTTP/1.1" status: 200 len: 191 time: 0.0096262
2026-06-25 23:33:11.380 45 INFO eventlet.wsgi.server [-] 10.100.0.13, "GET /2009-04-04/meta-data/placement/availability-zone HTTP/1.1" status: 200 len: 139 time: 0.0113325
2026-06-25 23:33:45.392 45 INFO eventlet.wsgi.server [-] 169.254.169.254, "GET / HTTP/1.1" status: 404 len: 176 time: 0.0896955
2026-06-25 23:33:56.027 46 INFO eventlet.wsgi.server [-] 10.100.0.5, "GET /latest/meta-data/public-ipv4 HTTP/1.1" status: 200 len: 149 time: 0.6070151
2026-06-25 23:33:56.357 46 INFO eventlet.wsgi.server [-] 10.100.0.5, "POST /openstack/2013-10-17/password HTTP/1.1" status: 200 len: 134 time: 0.2490706
2026-06-25 23:34:55.264 46 INFO eventlet.wsgi.server [-] 169.254.169.254, "GET / HTTP/1.1" status: 404 len: 176 time: 0.0063632
2026-06-25 23:38:05.247 45 INFO eventlet.wsgi.server [-] 169.254.169.254, "GET / HTTP/1.1" status: 404 len: 176 time: 0.0061011
2026-06-25 23:41:15.244 46 INFO eventlet.wsgi.server [-] 169.254.169.254, "GET / HTTP/1.1" status: 404 len: 176 time: 0.0103474