2026-07-08 22:46:20.048 8 INFO neutron.services.segments.plugin [-] Segment ec64497b-dcc2-44f7-939a-ce43efdb6c62 resource provider not found; error: Placement Client Error (4xx): {"errors": [{"status": 404, "title": "Not Found", "detail": "The resource could not be found.\n\n No resource provider with uuid ec64497b-dcc2-44f7-939a-ce43efdb6c62 found for delete ", "request_id": "req-1dd6742b-7f36-4e8f-b8b8-8c6b2f37da23"}]}
2026-07-08 22:46:20.051 8 INFO neutron.services.segments.plugin [-] Segment ec64497b-dcc2-44f7-939a-ce43efdb6c62 resource provider not found; error: Placement Client Error (4xx): {"errors": [{"status": 404, "title": "Not Found", "detail": "The resource could not be found.\n\n No resource provider with uuid ec64497b-dcc2-44f7-939a-ce43efdb6c62 found for delete ", "request_id": "req-bbf5b294-d7c8-4516-ad27-9959492ea3b1"}]} [pid: 8|app: 0|req: 1007/1918] 10.0.0.207 () {32 vars in 725 bytes} [Wed Jul 8 22:46:19 2026] DELETE /v2.0/networks/9b3ce3b7-8448-4121-a2ae-4f3e45cae4f4 => generated 0 bytes in 362 msecs (HTTP/1.1 204) 3 headers in 131 bytes (1 switches on core 0)
2026-07-08 22:46:20.154 7 INFO neutron_taas.services.taas.taas_plugin [None req-493467a7-69b5-43c5-b377-6ad35288b35e b2eb7c12393f4e02a9408abb8fd63362 567860ddb7074ee5a0c81600dbe98852 - - default default] TaaS: Handle Delete Port: b8202aec-826f-4b6b-94ea-0faa7bc42e1a
2026-07-08 22:46:20.158 7 INFO neutron_taas.services.taas.tap_mirror_plugin [None req-493467a7-69b5-43c5-b377-6ad35288b35e b2eb7c12393f4e02a9408abb8fd63362 567860ddb7074ee5a0c81600dbe98852 - - default default] Tap Mirror: Handle Delete Port: b8202aec-826f-4b6b-94ea-0faa7bc42e1a
2026-07-08 22:46:20.325 8 INFO neutron.db.ovn_revision_numbers_db [None req-64ab6e80-99c5-434c-b8f8-7e9ced1bea1c 3e78a076170541e9869c4fdd55994ca1 3baff54153394239b93d34785673f40b - - default default] Successfully bumped revision number for resource fd1093bc-0138-4677-a411-e1ed5c476aac (type: floatingips) to 2
2026-07-08 22:46:20.377 8 INFO neutron.db.l3_db [None req-64ab6e80-99c5-434c-b8f8-7e9ced1bea1c 3e78a076170541e9869c4fdd55994ca1 3baff54153394239b93d34785673f40b - - default default] Floating IP fd1093bc-0138-4677-a411-e1ed5c476aac disassociated. External IP: 10.96.250.209, port: 68a386c5-744e-4843-af5b-bc4755a4f904. [pid: 8|app: 0|req: 1008/1919] 10.0.0.207 () {34 vars in 748 bytes} [Wed Jul 8 22:46:20 2026] PUT /v2.0/floatingips/fd1093bc-0138-4677-a411-e1ed5c476aac => generated 554 bytes in 337 msecs (HTTP/1.1 200) 4 headers in 157 bytes (1 switches on core 0)
2026-07-08 22:46:20.472 8 INFO neutron.notifiers.nova [-] Nova event matching ['req-9269a032-2682-46c1-9d70-8a1c4bd798ba'] response: {'name': 'network-changed', 'server_uuid': 'afac2c9a-cfcd-4604-8d11-9baab5d42f5b', 'tag': '68a386c5-744e-4843-af5b-bc4755a4f904', 'status': 'completed', 'code': 200}
2026-07-08 22:46:20.491 7 INFO neutron.services.segments.plugin [-] Segment 7504a653-e3cb-4ac2-80e5-6e320688dd97 resource provider aggregate not found
2026-07-08 22:46:20.505 7 INFO neutron.services.segments.plugin [-] Segment 7504a653-e3cb-4ac2-80e5-6e320688dd97 resource provider aggregate not found
2026-07-08 22:46:20.518 7 INFO neutron.services.segments.plugin [-] Segment 7504a653-e3cb-4ac2-80e5-6e320688dd97 resource provider not found; error: Placement Client Error (4xx): {"errors": [{"status": 404, "title": "Not Found", "detail": "The resource could not be found.\n\n No resource provider with uuid 7504a653-e3cb-4ac2-80e5-6e320688dd97 found for delete ", "request_id": "req-5941ec63-da99-4303-a378-95f356f29230"}]}
2026-07-08 22:46:20.529 7 INFO neutron.services.segments.plugin [-] Segment 7504a653-e3cb-4ac2-80e5-6e320688dd97 resource provider not found; error: Placement Client Error (4xx): {"errors": [{"status": 404, "title": "Not Found", "detail": "The resource could not be found.\n\n No resource provider with uuid 7504a653-e3cb-4ac2-80e5-6e320688dd97 found for delete ", "request_id": "req-273474e3-6745-4f03-9d6b-f4792bae87c8"}]} [pid: 7|app: 0|req: 912/1920] 10.0.0.207 () {32 vars in 725 bytes} [Wed Jul 8 22:46:20 2026] DELETE /v2.0/networks/281cbdcc-794f-4305-9ec6-d1791a0ea118 => generated 0 bytes in 524 msecs (HTTP/1.1 204) 3 headers in 131 bytes (1 switches on core 0) /var/lib/openstack/lib/python3.12/site-packages/pycadf/identifier.py:70: UserWarning: Invalid uuid: neutron. To ensure interoperability, identifiers should be a valid uuid. warnings.warn(('Invalid uuid: %s. To ensure interoperability, '
2026-07-08 22:46:20.589 8 INFO neutron_taas.services.taas.taas_plugin [None req-85e3a961-5a00-4a95-a5b1-a548abc75c90 439e5cc4f77b4f25ab80651d7f6b199e a99622ed40484c858e9b68b1b44be0bc - - default default] TaaS: Handle Delete Port: 84f73ecb-34d9-49fa-9dff-f5ec03bfafd8
2026-07-08 22:46:20.592 8 INFO neutron_taas.services.taas.tap_mirror_plugin [None req-85e3a961-5a00-4a95-a5b1-a548abc75c90 439e5cc4f77b4f25ab80651d7f6b199e a99622ed40484c858e9b68b1b44be0bc - - default default] Tap Mirror: Handle Delete Port: 84f73ecb-34d9-49fa-9dff-f5ec03bfafd8 [pid: 8|app: 0|req: 1009/1921] 10.0.0.207 () {32 vars in 719 bytes} [Wed Jul 8 22:46:20 2026] DELETE /v2.0/ports/84f73ecb-34d9-49fa-9dff-f5ec03bfafd8 => generated 0 bytes in 293 msecs (HTTP/1.1 204) 3 headers in 131 bytes (1 switches on core 0) [pid: 8|app: 0|req: 1010/1922] 10.0.0.207 () {32 vars in 728 bytes} [Wed Jul 8 22:46:20 2026] GET /v2.0/floatingips/fd1093bc-0138-4677-a411-e1ed5c476aac => generated 552 bytes in 21 msecs (HTTP/1.1 200) 4 headers in 157 bytes (1 switches on core 0)
2026-07-08 22:46:20.856 8 INFO neutron_taas.services.taas.taas_plugin [None req-c4383375-33c7-403c-874e-c58ad5983704 439e5cc4f77b4f25ab80651d7f6b199e a99622ed40484c858e9b68b1b44be0bc - - default default] TaaS: Handle Delete Port: 65dec26a-858e-4546-9b75-f6655d72f0b3
2026-07-08 22:46:20.859 8 INFO neutron_taas.services.taas.tap_mirror_plugin [None req-c4383375-33c7-403c-874e-c58ad5983704 439e5cc4f77b4f25ab80651d7f6b199e a99622ed40484c858e9b68b1b44be0bc - - default default] Tap Mirror: Handle Delete Port: 65dec26a-858e-4546-9b75-f6655d72f0b3
2026-07-08 22:46:20.890 7 WARNING neutron.scheduler.dhcp_agent_scheduler [None req-05f890b4-fbd0-4a54-b982-8e26cf1ed259 c0d1b6d5fb764a6ebe9354196774f526 910a05acc33841b1bc5c4bf314a7f99d - - default default] No more DHCP agents
2026-07-08 22:46:20.891 7 WARNING neutron.api.rpc.agentnotifiers.dhcp_rpc_agent_api [None req-05f890b4-fbd0-4a54-b982-8e26cf1ed259 c0d1b6d5fb764a6ebe9354196774f526 910a05acc33841b1bc5c4bf314a7f99d - - default default] Unable to schedule network 7ac100bb-b7b2-43a4-9913-1fbb3bf19fbf: no agents available; will retry on subsequent port and subnet creation events. [pid: 8|app: 0|req: 1011/1923] 10.0.0.207 () {32 vars in 719 bytes} [Wed Jul 8 22:46:20 2026] DELETE /v2.0/ports/65dec26a-858e-4546-9b75-f6655d72f0b3 => generated 0 bytes in 313 msecs (HTTP/1.1 204) 3 headers in 131 bytes (1 switches on core 0)
2026-07-08 22:46:21.076 7 INFO neutron.db.ovn_revision_numbers_db [None req-05f890b4-fbd0-4a54-b982-8e26cf1ed259 c0d1b6d5fb764a6ebe9354196774f526 910a05acc33841b1bc5c4bf314a7f99d - - default default] Successfully bumped revision number for resource 860d8389-d608-4d82-949f-28b0051ce6fc (type: ports) to 1 [pid: 8|app: 0|req: 1012/1924] 199.19.213.147 () {34 vars in 1079 bytes} [Wed Jul 8 22:46:21 2026] GET /v2.0/ports?tenant_id=3baff54153394239b93d34785673f40b&device_id=afac2c9a-cfcd-4604-8d11-9baab5d42f5b => generated 1209 bytes in 40 msecs (HTTP/1.1 200) 4 headers in 158 bytes (1 switches on core 0)
2026-07-08 22:46:21.235 8 INFO neutron_taas.services.taas.taas_plugin [None req-f5813308-d596-4be7-9215-dc767d67c6b2 439e5cc4f77b4f25ab80651d7f6b199e a99622ed40484c858e9b68b1b44be0bc - - default default] TaaS: Handle Delete Port: 9f6cc637-7be4-445d-8ecc-ed8223fade52
2026-07-08 22:46:21.238 8 INFO neutron_taas.services.taas.tap_mirror_plugin [None req-f5813308-d596-4be7-9215-dc767d67c6b2 439e5cc4f77b4f25ab80651d7f6b199e a99622ed40484c858e9b68b1b44be0bc - - default default] Tap Mirror: Handle Delete Port: 9f6cc637-7be4-445d-8ecc-ed8223fade52 [pid: 8|app: 0|req: 1013/1925] 10.0.0.207 () {32 vars in 719 bytes} [Wed Jul 8 22:46:21 2026] DELETE /v2.0/ports/9f6cc637-7be4-445d-8ecc-ed8223fade52 => generated 0 bytes in 297 msecs (HTTP/1.1 204) 3 headers in 131 bytes (1 switches on core 0) [pid: 8|app: 0|req: 1014/1926] 10.0.0.207 () {32 vars in 773 bytes} [Wed Jul 8 22:46:21 2026] GET /v2.0/security-groups?tenant_id=567860ddb7074ee5a0c81600dbe98852&name=default => generated 2925 bytes in 134 msecs (HTTP/1.1 200) 4 headers in 158 bytes (1 switches on core 0) [pid: 8|app: 0|req: 1015/1927] 199.19.213.147 () {34 vars in 985 bytes} [Wed Jul 8 22:46:21 2026] GET /v2.0/networks?id=a541c114-6d17-402a-b971-067445bb487b => generated 760 bytes in 45 msecs (HTTP/1.1 200) 4 headers in 157 bytes (1 switches on core 0)
2026-07-08 22:46:21.668 7 INFO neutron.plugins.ml2.drivers.ovn.mech_driver.ovsdb.commands [None req-3a725ca1-6d73-4ca7-852a-924ba1a15b3e - - - - - -] Schedule LRP lrp-860d8389-d608-4d82-949f-28b0051ce6fc on gateway 91920998-714c-4156-8d36-ff0038c4304e with priority 1
2026-07-08 22:46:21.723 7 INFO neutron.db.ovn_revision_numbers_db [None req-05f890b4-fbd0-4a54-b982-8e26cf1ed259 c0d1b6d5fb764a6ebe9354196774f526 910a05acc33841b1bc5c4bf314a7f99d - - default default] Successfully bumped revision number for resource 860d8389-d608-4d82-949f-28b0051ce6fc (type: router_ports) to 1
2026-07-08 22:46:21.741 8 INFO neutron_taas.services.taas.taas_plugin [None req-f02588d3-e041-4dad-b685-9a838a1d11ea 439e5cc4f77b4f25ab80651d7f6b199e a99622ed40484c858e9b68b1b44be0bc - - default default] TaaS: Handle Delete Port: e4e2b906-13f4-43d2-89c3-aa18f8fa3f54
2026-07-08 22:46:21.744 8 INFO neutron_taas.services.taas.tap_mirror_plugin [None req-f02588d3-e041-4dad-b685-9a838a1d11ea 439e5cc4f77b4f25ab80651d7f6b199e a99622ed40484c858e9b68b1b44be0bc - - default default] Tap Mirror: Handle Delete Port: e4e2b906-13f4-43d2-89c3-aa18f8fa3f54
2026-07-08 22:46:21.792 7 INFO neutron.db.ovn_revision_numbers_db [None req-05f890b4-fbd0-4a54-b982-8e26cf1ed259 c0d1b6d5fb764a6ebe9354196774f526 910a05acc33841b1bc5c4bf314a7f99d - - default default] Successfully bumped revision number for resource 88d1fa9d-ef68-4677-b924-1503445a05ae (type: routers) to 2 [pid: 7|app: 0|req: 913/1928] 10.0.0.207 () {34 vars in 668 bytes} [Wed Jul 8 22:46:20 2026] POST /v2.0/routers => generated 947 bytes in 1264 msecs (HTTP/1.1 201) 4 headers in 162 bytes (1 switches on core 0) [pid: 8|app: 0|req: 1016/1929] 10.0.0.207 () {32 vars in 719 bytes} [Wed Jul 8 22:46:21 2026] DELETE /v2.0/ports/e4e2b906-13f4-43d2-89c3-aa18f8fa3f54 => generated 0 bytes in 281 msecs (HTTP/1.1 204) 3 headers in 131 bytes (1 switches on core 0) [pid: 8|app: 0|req: 1017/1930] 199.19.213.147 () {34 vars in 1057 bytes} [Wed Jul 8 22:46:21 2026] GET /v2.0/floatingips?fixed_ip_address=10.100.0.5&port_id=68a386c5-744e-4843-af5b-bc4755a4f904 => generated 19 bytes in 26 msecs (HTTP/1.1 200) 4 headers in 156 bytes (1 switches on core 0)
2026-07-08 22:46:22.047 8 INFO neutron.db.ovn_revision_numbers_db [None req-e91d98dd-1e64-4fe1-a866-01ae6063173c 3e78a076170541e9869c4fdd55994ca1 3baff54153394239b93d34785673f40b - - default default] Successfully bumped revision number for resource 5609a0f4-9768-48cc-ba0c-d81c3ffe47e4 (type: security_groups) to 1
2026-07-08 22:46:22.062 8 INFO neutron.db.ovn_revision_numbers_db [None req-e91d98dd-1e64-4fe1-a866-01ae6063173c 3e78a076170541e9869c4fdd55994ca1 3baff54153394239b93d34785673f40b - - default default] Successfully bumped revision number for resource 2a3f31c8-9436-4379-8851-a3adfde0b8b4 (type: security_group_rules) to 0
2026-07-08 22:46:22.085 8 INFO neutron.db.ovn_revision_numbers_db [None req-e91d98dd-1e64-4fe1-a866-01ae6063173c 3e78a076170541e9869c4fdd55994ca1 3baff54153394239b93d34785673f40b - - default default] Successfully bumped revision number for resource fac1ddad-8707-45cd-a1cf-d16d87941dcf (type: security_group_rules) to 0 [pid: 7|app: 0|req: 914/1931] 10.0.0.207 () {32 vars in 739 bytes} [Wed Jul 8 22:46:21 2026] DELETE /v2.0/security-groups/e01b5ce9-25b5-40ac-8b86-be65eb4e91bb => generated 0 bytes in 285 msecs (HTTP/1.1 204) 2 headers in 112 bytes (1 switches on core 0) [pid: 8|app: 0|req: 1018/1932] 10.0.0.207 () {34 vars in 684 bytes} [Wed Jul 8 22:46:21 2026] POST /v2.0/security-groups => generated 1675 bytes in 242 msecs (HTTP/1.1 201) 4 headers in 163 bytes (1 switches on core 0) [pid: 7|app: 0|req: 915/1933] 10.0.0.207 () {32 vars in 720 bytes} [Wed Jul 8 22:46:22 2026] GET /v2.0/routers/88d1fa9d-ef68-4677-b924-1503445a05ae => generated 953 bytes in 69 msecs (HTTP/1.1 200) 4 headers in 157 bytes (1 switches on core 0) [pid: 7|app: 0|req: 916/1934] 199.19.213.147 () {34 vars in 983 bytes} [Wed Jul 8 22:46:22 2026] GET /v2.0/subnets?id=c68e0c6f-c3c7-43a9-b58c-3c4af6cda68c => generated 677 bytes in 36 msecs (HTTP/1.1 200) 4 headers in 157 bytes (1 switches on core 0)
2026-07-08 22:46:22.272 8 INFO neutron_taas.services.taas.taas_plugin [None req-8916a0e8-b664-4074-955f-9d75cce48251 439e5cc4f77b4f25ab80651d7f6b199e a99622ed40484c858e9b68b1b44be0bc - - default default] TaaS: Handle Delete Port: 515c8304-4fff-4423-b0c0-d1fdc27189c3
2026-07-08 22:46:22.276 8 INFO neutron_taas.services.taas.tap_mirror_plugin [None req-8916a0e8-b664-4074-955f-9d75cce48251 439e5cc4f77b4f25ab80651d7f6b199e a99622ed40484c858e9b68b1b44be0bc - - default default] Tap Mirror: Handle Delete Port: 515c8304-4fff-4423-b0c0-d1fdc27189c3
2026-07-08 22:46:22.349 7 INFO neutron.db.ovn_revision_numbers_db [None req-893d815a-6c3f-45f1-83fe-ef3c1c8b41f7 3e78a076170541e9869c4fdd55994ca1 3baff54153394239b93d34785673f40b - - default default] Successfully bumped revision number for resource 05d5466b-ed75-4de6-8c01-bf5c98f4d83f (type: security_group_rules) to 0 [pid: 7|app: 0|req: 917/1935] 10.0.0.207 () {34 vars in 694 bytes} [Wed Jul 8 22:46:22 2026] POST /v2.0/security-group-rules => generated 597 bytes in 192 msecs (HTTP/1.1 201) 4 headers in 162 bytes (1 switches on core 0) [pid: 8|app: 0|req: 1019/1936] 10.0.0.207 () {32 vars in 719 bytes} [Wed Jul 8 22:46:22 2026] DELETE /v2.0/ports/515c8304-4fff-4423-b0c0-d1fdc27189c3 => generated 0 bytes in 279 msecs (HTTP/1.1 204) 3 headers in 131 bytes (1 switches on core 0) [pid: 8|app: 0|req: 1020/1937] 199.19.213.147 () {34 vars in 1051 bytes} [Wed Jul 8 22:46:22 2026] GET /v2.0/ports?network_id=a541c114-6d17-402a-b971-067445bb487b&device_owner=network%3Adhcp => generated 12 bytes in 20 msecs (HTTP/1.1 200) 4 headers in 156 bytes (1 switches on core 0) [pid: 7|app: 0|req: 918/1938] 10.0.0.207 () {32 vars in 646 bytes} [Wed Jul 8 22:46:22 2026] GET /v2.0/routers => generated 956 bytes in 60 msecs (HTTP/1.1 200) 4 headers in 157 bytes (1 switches on core 0)
2026-07-08 22:46:22.572 8 INFO neutron.db.ovn_revision_numbers_db [None req-f3d34970-cd71-4d79-883e-c4ad971ce72a 3e78a076170541e9869c4fdd55994ca1 3baff54153394239b93d34785673f40b - - default default] Successfully bumped revision number for resource 166ecab8-f284-4739-b0fc-fe809451f393 (type: security_group_rules) to 0
2026-07-08 22:46:22.583 7 INFO neutron_taas.services.taas.taas_plugin [None req-00ddfb86-85d2-432c-a59e-5e5e13131245 439e5cc4f77b4f25ab80651d7f6b199e a99622ed40484c858e9b68b1b44be0bc - - default default] TaaS: Handle Delete Port: 6266f56d-990e-4dd5-a0dc-9b9bb99d9627
2026-07-08 22:46:22.588 7 INFO neutron_taas.services.taas.tap_mirror_plugin [None req-00ddfb86-85d2-432c-a59e-5e5e13131245 439e5cc4f77b4f25ab80651d7f6b199e a99622ed40484c858e9b68b1b44be0bc - - default default] Tap Mirror: Handle Delete Port: 6266f56d-990e-4dd5-a0dc-9b9bb99d9627 [pid: 8|app: 0|req: 1021/1939] 10.0.0.207 () {34 vars in 694 bytes} [Wed Jul 8 22:46:22 2026] POST /v2.0/security-group-rules => generated 596 bytes in 189 msecs (HTTP/1.1 201) 4 headers in 162 bytes (1 switches on core 0) [pid: 8|app: 0|req: 1022/1940] 199.19.213.147 () {34 vars in 1011 bytes} [Wed Jul 8 22:46:22 2026] GET /v2.0/networks/a541c114-6d17-402a-b971-067445bb487b?fields=segments => generated 14 bytes in 39 msecs (HTTP/1.1 200) 4 headers in 156 bytes (1 switches on core 0)
2026-07-08 22:46:22.775 7 INFO neutron.services.segments.plugin [-] Segment a76bb378-9c64-4ac1-bc3e-e30d581b5165 resource provider aggregate not found
2026-07-08 22:46:22.781 7 INFO neutron.services.segments.plugin [-] Segment a76bb378-9c64-4ac1-bc3e-e30d581b5165 resource provider aggregate not found
2026-07-08 22:46:22.803 7 INFO neutron.services.segments.plugin [-] Segment a76bb378-9c64-4ac1-bc3e-e30d581b5165 resource provider not found; error: Placement Client Error (4xx): {"errors": [{"status": 404, "title": "Not Found", "detail": "The resource could not be found.\n\n No resource provider with uuid a76bb378-9c64-4ac1-bc3e-e30d581b5165 found for delete ", "request_id": "req-cfd1adf2-265d-401b-9fa1-f9985fc3772a"}]}
2026-07-08 22:46:22.806 7 INFO neutron.services.segments.plugin [-] Segment a76bb378-9c64-4ac1-bc3e-e30d581b5165 resource provider not found; error: Placement Client Error (4xx): {"errors": [{"status": 404, "title": "Not Found", "detail": "The resource could not be found.\n\n No resource provider with uuid a76bb378-9c64-4ac1-bc3e-e30d581b5165 found for delete ", "request_id": "req-638fead3-9591-4447-bfab-2b15f03fe499"}]} [pid: 7|app: 0|req: 919/1941] 10.0.0.207 () {32 vars in 725 bytes} [Wed Jul 8 22:46:22 2026] DELETE /v2.0/networks/ab08c308-3ae2-41ec-82c3-f19be79a481c => generated 0 bytes in 366 msecs (HTTP/1.1 204) 3 headers in 131 bytes (1 switches on core 0)
2026-07-08 22:46:22.976 7 INFO neutron.db.ovn_revision_numbers_db [None req-10ebfaed-8499-41d6-86a6-1461cf411cc3 3e78a076170541e9869c4fdd55994ca1 3baff54153394239b93d34785673f40b - - default default] Successfully bumped revision number for resource c9242352-37ee-4684-a98e-a50ac2d9a1eb (type: security_group_rules) to 0 [pid: 7|app: 0|req: 920/1942] 10.0.0.207 () {34 vars in 694 bytes} [Wed Jul 8 22:46:22 2026] POST /v2.0/security-group-rules => generated 602 bytes in 181 msecs (HTTP/1.1 201) 4 headers in 162 bytes (1 switches on core 0) [pid: 7|app: 0|req: 921/1943] 199.19.213.147 () {34 vars in 1111 bytes} [Wed Jul 8 22:46:23 2026] GET /v2.0/networks/a541c114-6d17-402a-b971-067445bb487b?fields=provider%3Aphysical_network&fields=provider%3Anetwork_type => generated 79 bytes in 40 msecs (HTTP/1.1 200) 4 headers in 156 bytes (1 switches on core 0)
2026-07-08 22:46:23.095 8 INFO neutron.db.ovn_revision_numbers_db [None req-684b55b8-4fcf-48ef-bd0e-ce5789f1f8ee c0d1b6d5fb764a6ebe9354196774f526 910a05acc33841b1bc5c4bf314a7f99d - - default default] Successfully bumped revision number for resource 88d1fa9d-ef68-4677-b924-1503445a05ae (type: routers) to 3 [pid: 8|app: 0|req: 1023/1944] 10.0.0.207 () {34 vars in 740 bytes} [Wed Jul 8 22:46:22 2026] PUT /v2.0/routers/88d1fa9d-ef68-4677-b924-1503445a05ae => generated 960 bytes in 450 msecs (HTTP/1.1 200) 4 headers in 157 bytes (1 switches on core 0)
2026-07-08 22:46:23.185 7 INFO neutron_taas.services.taas.taas_plugin [None req-a9e62f79-b0d8-44c8-96d3-5128bf236203 439e5cc4f77b4f25ab80651d7f6b199e a99622ed40484c858e9b68b1b44be0bc - - default default] TaaS: Handle Delete Port: 12b5e5de-22be-46b8-bf18-d68f25e74535
2026-07-08 22:46:23.190 7 INFO neutron_taas.services.taas.tap_mirror_plugin [None req-a9e62f79-b0d8-44c8-96d3-5128bf236203 439e5cc4f77b4f25ab80651d7f6b199e a99622ed40484c858e9b68b1b44be0bc - - default default] Tap Mirror: Handle Delete Port: 12b5e5de-22be-46b8-bf18-d68f25e74535
2026-07-08 22:46:23.242 8 INFO neutron.db.ovn_revision_numbers_db [None req-4290c16a-d275-47c7-8266-2620b93c1b59 3e78a076170541e9869c4fdd55994ca1 3baff54153394239b93d34785673f40b - - default default] Successfully bumped revision number for resource d7ab07fc-cde2-417e-92b5-1639933d8f56 (type: security_group_rules) to 0 [pid: 8|app: 0|req: 1024/1945] 10.0.0.207 () {34 vars in 694 bytes} [Wed Jul 8 22:46:23 2026] POST /v2.0/security-group-rules => generated 601 bytes in 176 msecs (HTTP/1.1 201) 4 headers in 162 bytes (1 switches on core 0)
2026-07-08 22:46:23.281 8 WARNING neutron.plugins.ml2.drivers.ovn.mech_driver.ovsdb.ovn_client [None req-5f22c4e1-3660-48f0-9eff-4335a9637513 - - - - - -] No port found with ID fd8a529c-da74-490d-9bf4-9a025cf6d8e8: RuntimeError: No port found with ID fd8a529c-da74-490d-9bf4-9a025cf6d8e8
2026-07-08 22:46:23.343 8 INFO neutron.plugins.ml2.drivers.ovn.mech_driver.mech_driver [None req-5f22c4e1-3660-48f0-9eff-4335a9637513 - - - - - -] OVN reports status down for port: 860d8389-d608-4d82-949f-28b0051ce6fc [pid: 8|app: 0|req: 1025/1946] 10.0.0.207 () {32 vars in 720 bytes} [Wed Jul 8 22:46:23 2026] GET /v2.0/routers/88d1fa9d-ef68-4677-b924-1503445a05ae => generated 960 bytes in 122 msecs (HTTP/1.1 200) 4 headers in 157 bytes (1 switches on core 0) [pid: 7|app: 0|req: 922/1947] 10.0.0.207 () {32 vars in 725 bytes} [Wed Jul 8 22:46:23 2026] DELETE /v2.0/networks/9a1c970b-2750-4b55-b674-7c46496ec238 => generated 0 bytes in 387 msecs (HTTP/1.1 204) 3 headers in 131 bytes (1 switches on core 0)
2026-07-08 22:46:23.457 8 WARNING neutron.plugins.ml2.drivers.ovn.mech_driver.ovsdb.ovn_client [None req-5f22c4e1-3660-48f0-9eff-4335a9637513 - - - - - -] Logical_Switch_Port 860d8389-d608-4d82-949f-28b0051ce6fc host information not removed, the port state is up [pid: 7|app: 0|req: 923/1948] 10.0.0.207 () {32 vars in 735 bytes} [Wed Jul 8 22:46:23 2026] GET /v2.0/ports?device_id=88d1fa9d-ef68-4677-b924-1503445a05ae => generated 12 bytes in 21 msecs (HTTP/1.1 200) 4 headers in 156 bytes (1 switches on core 0)
2026-07-08 22:46:23.459 8 INFO neutron.plugins.ml2.drivers.ovn.mech_driver.mech_driver [None req-5f22c4e1-3660-48f0-9eff-4335a9637513 - - - - - -] OVN reports status up for port: 860d8389-d608-4d82-949f-28b0051ce6fc
2026-07-08 22:46:23.467 8 INFO neutron.db.securitygroups_db [None req-8a3b8d24-7028-4d86-91aa-962398b02a92 3e78a076170541e9869c4fdd55994ca1 3baff54153394239b93d34785673f40b - - default default] Project 3baff54153394239b93d34785673f40b added a security group rule with legacy IPv6 ICMP protocol name icmp, ipv6-icmp should be used instead. It was automatically converted.
2026-07-08 22:46:23.477 8 INFO neutron.plugins.ml2.plugin [None req-5f22c4e1-3660-48f0-9eff-4335a9637513 - - - - - -] Attempt 1 to provision port 860d8389-d608-4d82-949f-28b0051ce6fc
2026-07-08 22:46:23.562 7 INFO neutron_taas.services.taas.taas_plugin [None req-0cbe3920-e447-4c64-bf31-64a0aee17b32 439e5cc4f77b4f25ab80651d7f6b199e a99622ed40484c858e9b68b1b44be0bc - - default default] TaaS: Handle Delete Port: 36489002-0a0d-461a-a71f-25b0bbef712a
2026-07-08 22:46:23.564 7 INFO neutron_taas.services.taas.tap_mirror_plugin [None req-0cbe3920-e447-4c64-bf31-64a0aee17b32 439e5cc4f77b4f25ab80651d7f6b199e a99622ed40484c858e9b68b1b44be0bc - - default default] Tap Mirror: Handle Delete Port: 36489002-0a0d-461a-a71f-25b0bbef712a
2026-07-08 22:46:23.657 8 INFO neutron.db.ovn_revision_numbers_db [None req-8a3b8d24-7028-4d86-91aa-962398b02a92 3e78a076170541e9869c4fdd55994ca1 3baff54153394239b93d34785673f40b - - default default] Successfully bumped revision number for resource 5fdbc5f8-6fb9-4b7b-ba02-14505a23a449 (type: security_group_rules) to 0 [pid: 8|app: 0|req: 1026/1949] 10.0.0.207 () {34 vars in 694 bytes} [Wed Jul 8 22:46:23 2026] POST /v2.0/security-group-rules => generated 607 bytes in 296 msecs (HTTP/1.1 201) 4 headers in 162 bytes (1 switches on core 0) [pid: 7|app: 0|req: 924/1950] 10.0.0.207 () {32 vars in 725 bytes} [Wed Jul 8 22:46:23 2026] DELETE /v2.0/networks/7cdcadcd-e612-493e-99b0-f0f61f3ca893 => generated 0 bytes in 353 msecs (HTTP/1.1 204) 3 headers in 131 bytes (1 switches on core 0)
2026-07-08 22:46:23.844 7 INFO neutron.db.securitygroups_db [None req-5e1c89bf-d2a2-4be5-9251-d9cfdd2e484f 3e78a076170541e9869c4fdd55994ca1 3baff54153394239b93d34785673f40b - - default default] Project 3baff54153394239b93d34785673f40b added a security group rule with legacy IPv6 ICMP protocol name icmp, ipv6-icmp should be used instead. It was automatically converted.
2026-07-08 22:46:23.972 7 INFO neutron.db.ovn_revision_numbers_db [None req-5e1c89bf-d2a2-4be5-9251-d9cfdd2e484f 3e78a076170541e9869c4fdd55994ca1 3baff54153394239b93d34785673f40b - - default default] Successfully bumped revision number for resource bf2d9190-a642-47f7-af5d-b7896b013a47 (type: security_group_rules) to 0 [pid: 7|app: 0|req: 925/1951] 10.0.0.207 () {34 vars in 694 bytes} [Wed Jul 8 22:46:23 2026] POST /v2.0/security-group-rules => generated 606 bytes in 206 msecs (HTTP/1.1 201) 4 headers in 162 bytes (1 switches on core 0)
2026-07-08 22:46:24.059 8 INFO neutron_taas.services.taas.taas_plugin [None req-29af88f9-aee9-45bc-b78d-ac850acced94 c0d1b6d5fb764a6ebe9354196774f526 910a05acc33841b1bc5c4bf314a7f99d - - default default] TaaS: Handle Delete Port: 860d8389-d608-4d82-949f-28b0051ce6fc
2026-07-08 22:46:24.064 8 INFO neutron_taas.services.taas.tap_mirror_plugin [None req-29af88f9-aee9-45bc-b78d-ac850acced94 c0d1b6d5fb764a6ebe9354196774f526 910a05acc33841b1bc5c4bf314a7f99d - - default default] Tap Mirror: Handle Delete Port: 860d8389-d608-4d82-949f-28b0051ce6fc
2026-07-08 22:46:24.438 7 INFO neutron.db.ovn_revision_numbers_db [None req-9c56e664-6cb1-4075-aa40-f4f89d642716 c67f95f2a7a04400b0e0e9d717b69621 f28a5a40be264d088ec04622ebfa53b9 - - default default] Successfully bumped revision number for resource c34a8668-3b10-4a75-8c22-52f511bbf4a1 (type: security_groups) to 1
2026-07-08 22:46:24.455 7 INFO neutron.db.ovn_revision_numbers_db [None req-9c56e664-6cb1-4075-aa40-f4f89d642716 c67f95f2a7a04400b0e0e9d717b69621 f28a5a40be264d088ec04622ebfa53b9 - - default default] Successfully bumped revision number for resource 3127bc40-284c-4d42-a11c-7d26e89e18b9 (type: security_group_rules) to 0
2026-07-08 22:46:24.466 7 INFO neutron.db.ovn_revision_numbers_db [None req-9c56e664-6cb1-4075-aa40-f4f89d642716 c67f95f2a7a04400b0e0e9d717b69621 f28a5a40be264d088ec04622ebfa53b9 - - default default] Successfully bumped revision number for resource 79ea0232-48fa-437b-92f0-360bc358772c (type: security_group_rules) to 0 [pid: 8|app: 0|req: 1027/1952] 10.0.0.207 () {32 vars in 723 bytes} [Wed Jul 8 22:46:23 2026] DELETE /v2.0/routers/88d1fa9d-ef68-4677-b924-1503445a05ae => generated 0 bytes in 776 msecs (HTTP/1.1 204) 2 headers in 112 bytes (1 switches on core 0)
2026-07-08 22:46:24.477 7 INFO neutron.db.ovn_revision_numbers_db [None req-9c56e664-6cb1-4075-aa40-f4f89d642716 c67f95f2a7a04400b0e0e9d717b69621 f28a5a40be264d088ec04622ebfa53b9 - - default default] Successfully bumped revision number for resource 7e035c3e-5569-450b-823a-4569f32669d4 (type: security_group_rules) to 0
2026-07-08 22:46:24.488 7 INFO neutron.db.ovn_revision_numbers_db [None req-9c56e664-6cb1-4075-aa40-f4f89d642716 c67f95f2a7a04400b0e0e9d717b69621 f28a5a40be264d088ec04622ebfa53b9 - - default default] Successfully bumped revision number for resource 9f5cb593-6b6c-4c18-ae1e-f895876f69df (type: security_group_rules) to 0
2026-07-08 22:46:24.581 7 INFO neutron.db.segments_db [None req-9c56e664-6cb1-4075-aa40-f4f89d642716 c67f95f2a7a04400b0e0e9d717b69621 f28a5a40be264d088ec04622ebfa53b9 - - default default] Added segment ebe3ddfe-1039-43b1-8075-7f8959fa3730 of type geneve for network 64d9afa1-ab6c-448e-a36d-adbbe8524f8a
2026-07-08 22:46:24.599 8 INFO neutron_taas.services.taas.taas_plugin [None req-4638870c-37f9-4c91-a5c3-cc4bc461e72c 439e5cc4f77b4f25ab80651d7f6b199e a99622ed40484c858e9b68b1b44be0bc - - default default] TaaS: Handle Delete Port: 1a4c92ce-b823-4356-9b2c-b031f65323c2
2026-07-08 22:46:24.602 8 INFO neutron_taas.services.taas.tap_mirror_plugin [None req-4638870c-37f9-4c91-a5c3-cc4bc461e72c 439e5cc4f77b4f25ab80651d7f6b199e a99622ed40484c858e9b68b1b44be0bc - - default default] Tap Mirror: Handle Delete Port: 1a4c92ce-b823-4356-9b2c-b031f65323c2
2026-07-08 22:46:24.701 7 INFO neutron.db.ovn_revision_numbers_db [None req-9c56e664-6cb1-4075-aa40-f4f89d642716 c67f95f2a7a04400b0e0e9d717b69621 f28a5a40be264d088ec04622ebfa53b9 - - default default] Successfully bumped revision number for resource 64d9afa1-ab6c-448e-a36d-adbbe8524f8a (type: networks) to 1
2026-07-08 22:46:24.795 8 INFO neutron.services.segments.plugin [-] Segment 4b3475e4-7d3a-4dfe-9f27-6ce0a0e5b846 resource provider aggregate not found
2026-07-08 22:46:24.804 8 INFO neutron.services.segments.plugin [-] Segment 4b3475e4-7d3a-4dfe-9f27-6ce0a0e5b846 resource provider aggregate not found
2026-07-08 22:46:24.813 8 INFO neutron.services.segments.plugin [-] Segment 4b3475e4-7d3a-4dfe-9f27-6ce0a0e5b846 resource provider not found; error: Placement Client Error (4xx): {"errors": [{"status": 404, "title": "Not Found", "detail": "The resource could not be found.\n\n No resource provider with uuid 4b3475e4-7d3a-4dfe-9f27-6ce0a0e5b846 found for delete ", "request_id": "req-a3db91b3-f731-4631-b6ee-c4894ccc598b"}]}
2026-07-08 22:46:24.832 8 INFO neutron.services.segments.plugin [-] Segment 4b3475e4-7d3a-4dfe-9f27-6ce0a0e5b846 resource provider not found; error: Placement Client Error (4xx): {"errors": [{"status": 404, "title": "Not Found", "detail": "The resource could not be found.\n\n No resource provider with uuid 4b3475e4-7d3a-4dfe-9f27-6ce0a0e5b846 found for delete ", "request_id": "req-b958c277-8889-4f30-8c47-9e90022a79e2"}]}
2026-07-08 22:46:24.833 7 INFO neutron.services.segments.plugin [-] Segment a09861c8-5923-4173-9c47-5aaa14d9d3a7 resource provider aggregate not found
2026-07-08 22:46:24.844 7 INFO neutron.services.segments.plugin [-] Segment a09861c8-5923-4173-9c47-5aaa14d9d3a7 resource provider aggregate not found
2026-07-08 22:46:24.855 7 INFO neutron.services.segments.plugin [-] Segment a09861c8-5923-4173-9c47-5aaa14d9d3a7 resource provider not found; error: Placement Client Error (4xx): {"errors": [{"status": 404, "title": "Not Found", "detail": "The resource could not be found.\n\n No resource provider with uuid a09861c8-5923-4173-9c47-5aaa14d9d3a7 found for delete ", "request_id": "req-3a860005-4434-43b7-a0d3-22c3787945e6"}]} [pid: 8|app: 0|req: 1028/1953] 10.0.0.207 () {32 vars in 725 bytes} [Wed Jul 8 22:46:24 2026] DELETE /v2.0/networks/1c84e615-a34e-49f5-a7f0-629ac389c64c => generated 0 bytes in 382 msecs (HTTP/1.1 204) 3 headers in 131 bytes (1 switches on core 0)
2026-07-08 22:46:24.867 7 INFO neutron.services.segments.plugin [-] Segment a09861c8-5923-4173-9c47-5aaa14d9d3a7 resource provider not found; error: Placement Client Error (4xx): {"errors": [{"status": 404, "title": "Not Found", "detail": "The resource could not be found.\n\n No resource provider with uuid a09861c8-5923-4173-9c47-5aaa14d9d3a7 found for delete ", "request_id": "req-bd8a19a0-cab8-42ef-8c43-46981d02eaa7"}]}
2026-07-08 22:46:24.891 7 INFO neutron.services.segments.plugin [-] Segment 2c7655f6-a7f5-4df7-a6fc-66974b983d93 resource provider aggregate not found
2026-07-08 22:46:24.897 7 INFO neutron.services.segments.plugin [-] Segment 2c7655f6-a7f5-4df7-a6fc-66974b983d93 resource provider aggregate not found
2026-07-08 22:46:24.916 7 INFO neutron.services.segments.plugin [-] Segment 2c7655f6-a7f5-4df7-a6fc-66974b983d93 resource provider not found; error: Placement Client Error (4xx): {"errors": [{"status": 404, "title": "Not Found", "detail": "The resource could not be found.\n\n No resource provider with uuid 2c7655f6-a7f5-4df7-a6fc-66974b983d93 found for delete ", "request_id": "req-d6c9c980-8ca4-4993-bdb1-b8064ab80a6b"}]}
2026-07-08 22:46:24.922 7 INFO neutron.services.segments.plugin [-] Segment 2c7655f6-a7f5-4df7-a6fc-66974b983d93 resource provider not found; error: Placement Client Error (4xx): {"errors": [{"status": 404, "title": "Not Found", "detail": "The resource could not be found.\n\n No resource provider with uuid 2c7655f6-a7f5-4df7-a6fc-66974b983d93 found for delete ", "request_id": "req-ae1ce582-f375-4a9e-ba47-e170c96687fd"}]}
2026-07-08 22:46:24.938 7 WARNING neutron.scheduler.dhcp_agent_scheduler [None req-9c56e664-6cb1-4075-aa40-f4f89d642716 c67f95f2a7a04400b0e0e9d717b69621 f28a5a40be264d088ec04622ebfa53b9 - - default default] No more DHCP agents
2026-07-08 22:46:24.940 7 WARNING neutron.api.rpc.agentnotifiers.dhcp_rpc_agent_api [None req-9c56e664-6cb1-4075-aa40-f4f89d642716 c67f95f2a7a04400b0e0e9d717b69621 f28a5a40be264d088ec04622ebfa53b9 - - default default] Unable to schedule network 64d9afa1-ab6c-448e-a36d-adbbe8524f8a: no agents available; will retry on subsequent port and subnet creation events. [pid: 8|app: 0|req: 1029/1954] 10.0.0.207 () {32 vars in 648 bytes} [Wed Jul 8 22:46:24 2026] GET /v2.0/networks => generated 1298 bytes in 99 msecs (HTTP/1.1 200) 4 headers in 158 bytes (1 switches on core 0) [pid: 8|app: 0|req: 1030/1955] 10.0.0.207 () {32 vars in 735 bytes} [Wed Jul 8 22:46:24 2026] GET /v2.0/ports?device_id=88d1fa9d-ef68-4677-b924-1503445a05ae => generated 12 bytes in 19 msecs (HTTP/1.1 200) 4 headers in 156 bytes (1 switches on core 0)
2026-07-08 22:46:25.029 7 INFO neutron.plugins.ml2.drivers.ovn.mech_driver.mech_driver [None req-6a865666-828c-4d13-a5dc-fd19a1b58e0b - - - - - -] OVN reports status down for port: edb14d20-9282-4cb7-affa-67e4527e79f9
2026-07-08 22:46:25.091 7 INFO neutron.db.ovn_revision_numbers_db [None req-9c56e664-6cb1-4075-aa40-f4f89d642716 c67f95f2a7a04400b0e0e9d717b69621 f28a5a40be264d088ec04622ebfa53b9 - - default default] Successfully bumped revision number for resource edb14d20-9282-4cb7-affa-67e4527e79f9 (type: ports) to 1 [pid: 7|app: 0|req: 926/1956] 10.0.0.207 () {34 vars in 669 bytes} [Wed Jul 8 22:46:24 2026] POST /v2.0/networks => generated 643 bytes in 1127 msecs (HTTP/1.1 201) 4 headers in 162 bytes (1 switches on core 0)
2026-07-08 22:46:25.146 8 INFO neutron_taas.services.taas.taas_plugin [None req-2fc09af6-ba92-45fd-b32e-95517a5fc03b 439e5cc4f77b4f25ab80651d7f6b199e a99622ed40484c858e9b68b1b44be0bc - - default default] TaaS: Handle Delete Port: e635d1df-275f-4ffa-8bc3-55162115e82a
2026-07-08 22:46:25.148 8 INFO neutron_taas.services.taas.tap_mirror_plugin [None req-2fc09af6-ba92-45fd-b32e-95517a5fc03b 439e5cc4f77b4f25ab80651d7f6b199e a99622ed40484c858e9b68b1b44be0bc - - default default] Tap Mirror: Handle Delete Port: e635d1df-275f-4ffa-8bc3-55162115e82a
2026-07-08 22:46:25.162 7 INFO neutron.api.v2.resource [None req-273a8d8d-86b9-42a5-8a9b-783ebc92c768 c0d1b6d5fb764a6ebe9354196774f526 910a05acc33841b1bc5c4bf314a7f99d - - default default] delete failed (client error): The resource could not be found. [pid: 7|app: 0|req: 927/1957] 10.0.0.207 () {32 vars in 723 bytes} [Wed Jul 8 22:46:25 2026] DELETE /v2.0/routers/88d1fa9d-ef68-4677-b924-1503445a05ae => generated 135 bytes in 16 msecs (HTTP/1.1 404) 4 headers in 164 bytes (1 switches on core 0) [pid: 7|app: 0|req: 928/1958] 10.0.0.105 () {34 vars in 1099 bytes} [Wed Jul 8 22:46:25 2026] GET /v2.0/security-groups?name=tempest-secgroup-smoke-2105541657&fields=id&tenant_id=3baff54153394239b93d34785673f40b => generated 69 bytes in 23 msecs (HTTP/1.1 200) 4 headers in 156 bytes (1 switches on core 0) [pid: 7|app: 0|req: 929/1959] 10.0.0.207 () {32 vars in 735 bytes} [Wed Jul 8 22:46:25 2026] GET /v2.0/ports?device_id=ef439bd7-de02-4cc3-bfbd-69ab712beccf => generated 12 bytes in 13 msecs (HTTP/1.1 200) 4 headers in 156 bytes (1 switches on core 0) [pid: 8|app: 0|req: 1031/1960] 10.0.0.207 () {32 vars in 725 bytes} [Wed Jul 8 22:46:24 2026] DELETE /v2.0/networks/7750ca76-cde6-45c0-b5a1-21cfcc49bdd9 => generated 0 bytes in 372 msecs (HTTP/1.1 204) 3 headers in 131 bytes (1 switches on core 0) [pid: 8|app: 0|req: 1032/1961] 10.0.0.105 () {34 vars in 981 bytes} [Wed Jul 8 22:46:25 2026] GET /v2.0/networks?id=a541c114-6d17-402a-b971-067445bb487b => generated 661 bytes in 45 msecs (HTTP/1.1 200) 4 headers in 157 bytes (1 switches on core 0)
2026-07-08 22:46:25.400 7 WARNING neutron.scheduler.dhcp_agent_scheduler [None req-9788dcb2-def3-4851-a756-26897ac13aee c67f95f2a7a04400b0e0e9d717b69621 f28a5a40be264d088ec04622ebfa53b9 - - default default] No more DHCP agents
2026-07-08 22:46:25.401 7 WARNING neutron.api.rpc.agentnotifiers.dhcp_rpc_agent_api [None req-9788dcb2-def3-4851-a756-26897ac13aee c67f95f2a7a04400b0e0e9d717b69621 f28a5a40be264d088ec04622ebfa53b9 - - default default] Unable to schedule network 64d9afa1-ab6c-448e-a36d-adbbe8524f8a: no agents available; will retry on subsequent port and subnet creation events.
2026-07-08 22:46:25.409 8 INFO neutron.api.v2.resource [None req-e98e525b-a91c-4b6c-884f-52d7e9e7b595 c0d1b6d5fb764a6ebe9354196774f526 910a05acc33841b1bc5c4bf314a7f99d - - default default] delete failed (client error): The resource could not be found. [pid: 8|app: 0|req: 1033/1962] 10.0.0.207 () {32 vars in 723 bytes} [Wed Jul 8 22:46:25 2026] DELETE /v2.0/routers/ef439bd7-de02-4cc3-bfbd-69ab712beccf => generated 135 bytes in 14 msecs (HTTP/1.1 404) 4 headers in 164 bytes (1 switches on core 0) [pid: 8|app: 0|req: 1034/1963] 10.0.0.105 () {34 vars in 964 bytes} [Wed Jul 8 22:46:25 2026] GET /v2.0/quotas/3baff54153394239b93d34785673f40b => generated 292 bytes in 6 msecs (HTTP/1.1 200) 4 headers in 157 bytes (1 switches on core 0)
2026-07-08 22:46:25.425 8 INFO neutron.pecan_wsgi.hooks.translation [None req-03c3674c-b3c9-4381-a1b5-fc54ff54c250 c0d1b6d5fb764a6ebe9354196774f526 910a05acc33841b1bc5c4bf314a7f99d - - default default] DELETE failed (client error): The resource could not be found. [pid: 8|app: 0|req: 1035/1964] 10.0.0.207 () {32 vars in 723 bytes} [Wed Jul 8 22:46:25 2026] DELETE /v2.0/subnets/d6ad3fb4-6816-4cda-b482-c21756f3baae => generated 136 bytes in 10 msecs (HTTP/1.1 404) 4 headers in 164 bytes (1 switches on core 0) [pid: 8|app: 0|req: 1036/1965] 10.0.0.105 () {34 vars in 1001 bytes} [Wed Jul 8 22:46:25 2026] GET /v2.0/ports?tenant_id=3baff54153394239b93d34785673f40b&fields=id => generated 149 bytes in 70 msecs (HTTP/1.1 200) 4 headers in 157 bytes (1 switches on core 0) [pid: 8|app: 0|req: 1037/1966] 10.0.0.207 () {32 vars in 735 bytes} [Wed Jul 8 22:46:25 2026] GET /v2.0/ports?device_id=7a73749c-63e3-451f-9264-a42902ff594e => generated 12 bytes in 16 msecs (HTTP/1.1 200) 4 headers in 156 bytes (1 switches on core 0) [pid: 8|app: 0|req: 1038/1967] 10.0.0.105 () {34 vars in 1007 bytes} [Wed Jul 8 22:46:25 2026] GET /v2.0/networks/a541c114-6d17-402a-b971-067445bb487b?fields=segments => generated 14 bytes in 30 msecs (HTTP/1.1 200) 4 headers in 156 bytes (1 switches on core 0)
2026-07-08 22:46:25.559 8 INFO neutron.api.v2.resource [None req-40bee0d1-a846-40fb-8156-8ba5d9f8d3d1 c0d1b6d5fb764a6ebe9354196774f526 910a05acc33841b1bc5c4bf314a7f99d - - default default] delete failed (client error): The resource could not be found. [pid: 8|app: 0|req: 1039/1968] 10.0.0.207 () {32 vars in 723 bytes} [Wed Jul 8 22:46:25 2026] DELETE /v2.0/routers/7a73749c-63e3-451f-9264-a42902ff594e => generated 135 bytes in 15 msecs (HTTP/1.1 404) 4 headers in 164 bytes (1 switches on core 0) [pid: 8|app: 0|req: 1040/1969] 10.0.0.105 () {34 vars in 1107 bytes} [Wed Jul 8 22:46:25 2026] GET /v2.0/networks/a541c114-6d17-402a-b971-067445bb487b?fields=provider%3Aphysical_network&fields=provider%3Anetwork_type => generated 79 bytes in 43 msecs (HTTP/1.1 200) 4 headers in 156 bytes (1 switches on core 0)
2026-07-08 22:46:25.618 8 INFO neutron.pecan_wsgi.hooks.translation [None req-a1a0ac6d-d8ca-4158-82cb-13ca5670a0e0 c0d1b6d5fb764a6ebe9354196774f526 910a05acc33841b1bc5c4bf314a7f99d - - default default] DELETE failed (client error): The resource could not be found. [pid: 8|app: 0|req: 1041/1970] 10.0.0.207 () {32 vars in 723 bytes} [Wed Jul 8 22:46:25 2026] DELETE /v2.0/subnets/722d2bb2-cd75-43ff-b56e-1916009e54ad => generated 136 bytes in 19 msecs (HTTP/1.1 404) 4 headers in 164 bytes (1 switches on core 0) [pid: 8|app: 0|req: 1042/1971] 10.0.0.207 () {32 vars in 735 bytes} [Wed Jul 8 22:46:25 2026] GET /v2.0/ports?device_id=12e997c4-324a-454a-8bd7-5b6b2d0e96b0 => generated 12 bytes in 21 msecs (HTTP/1.1 200) 4 headers in 156 bytes (1 switches on core 0)
2026-07-08 22:46:25.671 8 INFO neutron.api.v2.resource [None req-c454bca9-3b93-4fe9-a8d2-87e7f8ef92d7 c0d1b6d5fb764a6ebe9354196774f526 910a05acc33841b1bc5c4bf314a7f99d - - default default] delete failed (client error): The resource could not be found. [pid: 8|app: 0|req: 1043/1972] 10.0.0.207 () {32 vars in 723 bytes} [Wed Jul 8 22:46:25 2026] DELETE /v2.0/routers/12e997c4-324a-454a-8bd7-5b6b2d0e96b0 => generated 135 bytes in 16 msecs (HTTP/1.1 404) 4 headers in 164 bytes (1 switches on core 0)
2026-07-08 22:46:25.687 8 INFO neutron.pecan_wsgi.hooks.translation [None req-db62d7be-b349-420b-9d14-7747a1f43071 c0d1b6d5fb764a6ebe9354196774f526 910a05acc33841b1bc5c4bf314a7f99d - - default default] DELETE failed (client error): The resource could not be found. [pid: 8|app: 0|req: 1044/1973] 10.0.0.207 () {32 vars in 723 bytes} [Wed Jul 8 22:46:25 2026] DELETE /v2.0/subnets/ed1cb0a6-8d5d-4b6e-bada-53ead7dd3be5 => generated 136 bytes in 13 msecs (HTTP/1.1 404) 4 headers in 164 bytes (1 switches on core 0)
2026-07-08 22:46:25.707 8 INFO neutron.pecan_wsgi.hooks.translation [None req-a69368ba-5f14-499b-808f-d8e46abe6a52 c0d1b6d5fb764a6ebe9354196774f526 910a05acc33841b1bc5c4bf314a7f99d - - default default] DELETE failed (client error): The resource could not be found. [pid: 8|app: 0|req: 1045/1974] 10.0.0.207 () {32 vars in 723 bytes} [Wed Jul 8 22:46:25 2026] DELETE /v2.0/subnets/cc8c5feb-07f2-4c71-b8d1-39ed3d794263 => generated 136 bytes in 15 msecs (HTTP/1.1 404) 4 headers in 164 bytes (1 switches on core 0) [pid: 8|app: 0|req: 1046/1975] 10.0.0.105 () {34 vars in 989 bytes} [Wed Jul 8 22:46:25 2026] GET /v2.0/ports?device_id=e63b5fe3-65a3-49ba-9c19-b03a8ffbda59 => generated 12 bytes in 25 msecs (HTTP/1.1 200) 4 headers in 156 bytes (1 switches on core 0)
2026-07-08 22:46:25.881 7 INFO neutron.db.ovn_revision_numbers_db [None req-097e3661-bc8b-4f46-b962-e865c74b5a5c - - - - - -] Successfully bumped revision number for resource edb14d20-9282-4cb7-affa-67e4527e79f9 (type: ports) to 2
2026-07-08 22:46:25.919 7 INFO neutron.db.ovn_revision_numbers_db [None req-097e3661-bc8b-4f46-b962-e865c74b5a5c - - - - - -] Successfully bumped revision number for resource 029b7ae1-b0a2-4c32-a361-5a9b0ad480fe (type: subnets) to 0 [pid: 7|app: 0|req: 930/1976] 10.0.0.207 () {34 vars in 668 bytes} [Wed Jul 8 22:46:25 2026] POST /v2.0/subnets => generated 641 bytes in 740 msecs (HTTP/1.1 201) 4 headers in 162 bytes (1 switches on core 0)
2026-07-08 22:46:26.058 8 INFO neutron.db.segments_db [None req-91cb93f2-0e35-4fb8-8fdf-ba8ae62294a3 c67f95f2a7a04400b0e0e9d717b69621 f28a5a40be264d088ec04622ebfa53b9 - - default default] Added segment e7f7db83-9cee-4d8e-b225-05bcf9c8a807 of type geneve for network c7d5fcb6-629f-457c-8000-cba7a9e50439
2026-07-08 22:46:26.189 8 INFO neutron.db.ovn_revision_numbers_db [None req-91cb93f2-0e35-4fb8-8fdf-ba8ae62294a3 c67f95f2a7a04400b0e0e9d717b69621 f28a5a40be264d088ec04622ebfa53b9 - - default default] Successfully bumped revision number for resource c7d5fcb6-629f-457c-8000-cba7a9e50439 (type: networks) to 1
2026-07-08 22:46:26.392 8 WARNING neutron.scheduler.dhcp_agent_scheduler [None req-91cb93f2-0e35-4fb8-8fdf-ba8ae62294a3 c67f95f2a7a04400b0e0e9d717b69621 f28a5a40be264d088ec04622ebfa53b9 - - default default] No more DHCP agents
2026-07-08 22:46:26.393 8 WARNING neutron.api.rpc.agentnotifiers.dhcp_rpc_agent_api [None req-91cb93f2-0e35-4fb8-8fdf-ba8ae62294a3 c67f95f2a7a04400b0e0e9d717b69621 f28a5a40be264d088ec04622ebfa53b9 - - default default] Unable to schedule network c7d5fcb6-629f-457c-8000-cba7a9e50439: no agents available; will retry on subsequent port and subnet creation events.
2026-07-08 22:46:26.426 7 INFO neutron.db.ovn_revision_numbers_db [None req-7137f664-3c7a-4e83-87a8-115cb6ce2185 b3d0ccfa0104404d91b16242a812275e bee41cad8b9a4848872b1a475ae44c8c - - default default] Successfully bumped revision number for resource c4a18d27-c58b-4347-9727-747ff88e3b88 (type: security_groups) to 1
2026-07-08 22:46:26.437 7 INFO neutron.db.ovn_revision_numbers_db [None req-7137f664-3c7a-4e83-87a8-115cb6ce2185 b3d0ccfa0104404d91b16242a812275e bee41cad8b9a4848872b1a475ae44c8c - - default default] Successfully bumped revision number for resource 14f1f78b-1027-4c7a-861d-bbff4d8e50a2 (type: security_group_rules) to 0
2026-07-08 22:46:26.459 7 INFO neutron.db.ovn_revision_numbers_db [None req-7137f664-3c7a-4e83-87a8-115cb6ce2185 b3d0ccfa0104404d91b16242a812275e bee41cad8b9a4848872b1a475ae44c8c - - default default] Successfully bumped revision number for resource 993a712a-219b-4d26-8c3d-9259b180ac86 (type: security_group_rules) to 0
2026-07-08 22:46:26.474 7 INFO neutron.db.ovn_revision_numbers_db [None req-7137f664-3c7a-4e83-87a8-115cb6ce2185 b3d0ccfa0104404d91b16242a812275e bee41cad8b9a4848872b1a475ae44c8c - - default default] Successfully bumped revision number for resource b3128d74-a0db-487a-998e-33099a81f810 (type: security_group_rules) to 0
2026-07-08 22:46:26.489 7 INFO neutron.db.ovn_revision_numbers_db [None req-7137f664-3c7a-4e83-87a8-115cb6ce2185 b3d0ccfa0104404d91b16242a812275e bee41cad8b9a4848872b1a475ae44c8c - - default default] Successfully bumped revision number for resource e71837e3-660d-47f7-aea9-db668ff2d34a (type: security_group_rules) to 0
2026-07-08 22:46:26.493 8 INFO neutron.db.ovn_revision_numbers_db [None req-91cb93f2-0e35-4fb8-8fdf-ba8ae62294a3 c67f95f2a7a04400b0e0e9d717b69621 f28a5a40be264d088ec04622ebfa53b9 - - default default] Successfully bumped revision number for resource b7b5b007-c54e-4f96-9b92-29d39ca90961 (type: ports) to 1 [pid: 8|app: 0|req: 1047/1977] 10.0.0.207 () {34 vars in 669 bytes} [Wed Jul 8 22:46:25 2026] POST /v2.0/networks => generated 644 bytes in 571 msecs (HTTP/1.1 201) 4 headers in 162 bytes (1 switches on core 0) [pid: 7|app: 0|req: 931/1978] 10.0.0.207 () {32 vars in 773 bytes} [Wed Jul 8 22:46:26 2026] GET /v2.0/security-groups?tenant_id=dbe525543fd148e4a0da451e1c1ccae7&name=default => generated 2925 bytes in 388 msecs (HTTP/1.1 200) 4 headers in 158 bytes (1 switches on core 0) [pid: 8|app: 0|req: 1048/1979] 10.0.0.207 () {32 vars in 773 bytes} [Wed Jul 8 22:46:26 2026] GET /v2.0/security-groups?tenant_id=910a05acc33841b1bc5c4bf314a7f99d&name=default => generated 2925 bytes in 62 msecs (HTTP/1.1 200) 4 headers in 158 bytes (1 switches on core 0)
2026-07-08 22:46:26.653 7 INFO neutron.db.ovn_revision_numbers_db [None req-5726725f-f965-4f7c-876d-3725e83d58fe c67f95f2a7a04400b0e0e9d717b69621 f28a5a40be264d088ec04622ebfa53b9 - - default default] Successfully bumped revision number for resource c7d5fcb6-629f-457c-8000-cba7a9e50439 (type: networks) to 2 [pid: 7|app: 0|req: 932/1980] 10.0.0.207 () {34 vars in 742 bytes} [Wed Jul 8 22:46:26 2026] PUT /v2.0/networks/c7d5fcb6-629f-457c-8000-cba7a9e50439 => generated 598 bytes in 132 msecs (HTTP/1.1 200) 4 headers in 157 bytes (1 switches on core 0) [pid: 8|app: 0|req: 1049/1981] 10.0.0.207 () {32 vars in 739 bytes} [Wed Jul 8 22:46:26 2026] DELETE /v2.0/security-groups/c4a18d27-c58b-4347-9727-747ff88e3b88 => generated 0 bytes in 226 msecs (HTTP/1.1 204) 2 headers in 112 bytes (1 switches on core 0)
2026-07-08 22:46:26.836 8 INFO neutron.services.segments.plugin [-] Segment 02fe9eb0-daba-4b56-b325-722ebdfe82d8 resource provider aggregate not found
2026-07-08 22:46:26.866 8 INFO neutron.services.segments.plugin [-] Segment 02fe9eb0-daba-4b56-b325-722ebdfe82d8 resource provider aggregate not found
2026-07-08 22:46:26.872 8 INFO neutron.services.segments.plugin [-] Segment 02fe9eb0-daba-4b56-b325-722ebdfe82d8 resource provider not found; error: Placement Client Error (4xx): {"errors": [{"status": 404, "title": "Not Found", "detail": "The resource could not be found.\n\n No resource provider with uuid 02fe9eb0-daba-4b56-b325-722ebdfe82d8 found for delete ", "request_id": "req-bc8ac648-829f-404c-83f7-74d23f44f42a"}]}
2026-07-08 22:46:26.891 8 INFO neutron.services.segments.plugin [-] Segment 02fe9eb0-daba-4b56-b325-722ebdfe82d8 resource provider not found; error: Placement Client Error (4xx): {"errors": [{"status": 404, "title": "Not Found", "detail": "The resource could not be found.\n\n No resource provider with uuid 02fe9eb0-daba-4b56-b325-722ebdfe82d8 found for delete ", "request_id": "req-f7cb5271-de7a-4c27-8ba5-1519b99d8cdf"}]} [pid: 7|app: 0|req: 933/1982] 10.0.0.207 () {32 vars in 739 bytes} [Wed Jul 8 22:46:26 2026] DELETE /v2.0/security-groups/e695a01d-0eee-480a-a224-1098502e98b8 => generated 0 bytes in 288 msecs (HTTP/1.1 204) 2 headers in 112 bytes (1 switches on core 0) [pid: 7|app: 0|req: 934/1983] 10.0.0.105 () {34 vars in 989 bytes} [Wed Jul 8 22:46:26 2026] GET /v2.0/ports?device_id=e63b5fe3-65a3-49ba-9c19-b03a8ffbda59 => generated 12 bytes in 23 msecs (HTTP/1.1 200) 4 headers in 156 bytes (1 switches on core 0)
2026-07-08 22:46:27.083 8 WARNING neutron.scheduler.dhcp_agent_scheduler [None req-329bc336-6950-43c2-8230-9ed0836afab2 c67f95f2a7a04400b0e0e9d717b69621 f28a5a40be264d088ec04622ebfa53b9 - - default default] No more DHCP agents
2026-07-08 22:46:27.087 8 WARNING neutron.api.rpc.agentnotifiers.dhcp_rpc_agent_api [None req-329bc336-6950-43c2-8230-9ed0836afab2 c67f95f2a7a04400b0e0e9d717b69621 f28a5a40be264d088ec04622ebfa53b9 - - default default] Unable to schedule network c7d5fcb6-629f-457c-8000-cba7a9e50439: no agents available; will retry on subsequent port and subnet creation events.
2026-07-08 22:46:27.097 7 INFO neutron.db.ovn_revision_numbers_db [None req-2699809b-62ab-4be0-b4b8-1372d6d2ec71 b3d0ccfa0104404d91b16242a812275e bee41cad8b9a4848872b1a475ae44c8c - - default default] Successfully bumped revision number for resource dc5a336e-835a-46d7-9270-0e985fecadc9 (type: security_groups) to 1
2026-07-08 22:46:27.108 7 INFO neutron.db.ovn_revision_numbers_db [None req-2699809b-62ab-4be0-b4b8-1372d6d2ec71 b3d0ccfa0104404d91b16242a812275e bee41cad8b9a4848872b1a475ae44c8c - - default default] Successfully bumped revision number for resource 1cf0f25e-2872-4973-bbe3-4f8bdbef6a3b (type: security_group_rules) to 0
