2026-07-08 22:47:10.584 8 WARNING neutron.api.rpc.agentnotifiers.dhcp_rpc_agent_api [None req-c124c61c-63e7-4e78-b879-895529e865c6 dbf54934ef044c68aa3b9fcc5cf54df5 d17b1ded001b4695b4826ea53d97a991 - - default default] Unable to schedule network 6d5ab915-e870-45a0-b5c5-0f82badcfe38: no agents available; will retry on subsequent port and subnet creation events.
2026-07-08 22:47:10.755 8 INFO neutron.db.ovn_revision_numbers_db [None req-c124c61c-63e7-4e78-b879-895529e865c6 dbf54934ef044c68aa3b9fcc5cf54df5 d17b1ded001b4695b4826ea53d97a991 - - default default] Successfully bumped revision number for resource 064dc1c8-af1e-4d2d-813b-fc5c99d58982 (type: ports) to 1
2026-07-08 22:47:10.775 7 INFO neutron.plugins.ml2.drivers.ovn.mech_driver.mech_driver [None req-24243e3d-86af-4b9b-b707-094f2b86c6bd - - - - - -] OVN reports status down for port: 064dc1c8-af1e-4d2d-813b-fc5c99d58982
2026-07-08 22:47:10.836 7 INFO neutron_taas.services.taas.taas_plugin [None req-60431465-d1ca-4934-b540-c87dfd490414 0aa3c89c14694ad6820d1c55c7c33c81 c752e98475df4b4cb619e63dafb51203 - - default default] TaaS: Handle Delete Port: bb27e177-389b-418e-b2b2-b994ad271557
2026-07-08 22:47:10.852 7 INFO neutron_taas.services.taas.tap_mirror_plugin [None req-60431465-d1ca-4934-b540-c87dfd490414 0aa3c89c14694ad6820d1c55c7c33c81 c752e98475df4b4cb619e63dafb51203 - - default default] Tap Mirror: Handle Delete Port: bb27e177-389b-418e-b2b2-b994ad271557 [pid: 7|app: 0|req: 1102/2305] 10.0.0.207 () {32 vars in 719 bytes} [Wed Jul 8 22:47:10 2026] DELETE /v2.0/ports/bb27e177-389b-418e-b2b2-b994ad271557 => generated 0 bytes in 610 msecs (HTTP/1.1 204) 3 headers in 131 bytes (1 switches on core 0) [pid: 7|app: 0|req: 1103/2306] 10.0.0.105 () {34 vars in 1039 bytes} [Wed Jul 8 22:47:11 2026] GET /v2.0/security-groups?id=15b85e15-5a68-4994-839f-f6dfa93f1898&fields=id&fields=name => generated 88 bytes in 55 msecs (HTTP/1.1 200) 4 headers in 156 bytes (1 switches on core 0)
2026-07-08 22:47:11.394 7 INFO neutron.db.ovn_revision_numbers_db [None req-c4c1e272-fe2b-4a75-a70d-32eec0d1ef6a - - - - - -] Successfully bumped revision number for resource 6fd81638-a122-4391-9f2e-06c48c1d0074 (type: ports) to 4
2026-07-08 22:47:11.604 7 INFO neutron.plugins.ml2.drivers.ovn.mech_driver.mech_driver [None req-24243e3d-86af-4b9b-b707-094f2b86c6bd - - - - - -] OVN reports status up for port: 064dc1c8-af1e-4d2d-813b-fc5c99d58982
2026-07-08 22:47:11.636 7 INFO neutron.plugins.ml2.plugin [None req-24243e3d-86af-4b9b-b707-094f2b86c6bd - - - - - -] Attempt 1 to provision port 064dc1c8-af1e-4d2d-813b-fc5c99d58982
2026-07-08 22:47:11.684 8 WARNING neutron.scheduler.dhcp_agent_scheduler [None req-c124c61c-63e7-4e78-b879-895529e865c6 dbf54934ef044c68aa3b9fcc5cf54df5 d17b1ded001b4695b4826ea53d97a991 - - default default] No more DHCP agents
2026-07-08 22:47:11.686 8 WARNING neutron.api.rpc.agentnotifiers.dhcp_rpc_agent_api [None req-c124c61c-63e7-4e78-b879-895529e865c6 dbf54934ef044c68aa3b9fcc5cf54df5 d17b1ded001b4695b4826ea53d97a991 - - default default] Unable to schedule network 6d5ab915-e870-45a0-b5c5-0f82badcfe38: no agents available; will retry on subsequent port and subnet creation events. [pid: 7|app: 0|req: 1104/2307] 10.0.0.207 () {32 vars in 739 bytes} [Wed Jul 8 22:47:11 2026] DELETE /v2.0/security-groups/125b82d6-6ec1-4bd0-9d6f-679464f920d4 => generated 0 bytes in 594 msecs (HTTP/1.1 204) 2 headers in 112 bytes (1 switches on core 0)
2026-07-08 22:47:12.120 8 INFO neutron.db.ovn_revision_numbers_db [None req-c124c61c-63e7-4e78-b879-895529e865c6 dbf54934ef044c68aa3b9fcc5cf54df5 d17b1ded001b4695b4826ea53d97a991 - - default default] Successfully bumped revision number for resource 064dc1c8-af1e-4d2d-813b-fc5c99d58982 (type: router_ports) to 1 [pid: 8|app: 0|req: 1204/2308] 10.0.0.207 () {34 vars in 782 bytes} [Wed Jul 8 22:47:09 2026] PUT /v2.0/routers/e91a6dd0-f094-4c12-97f8-1f40ae66d91b/add_router_interface => generated 309 bytes in 2173 msecs (HTTP/1.1 200) 4 headers in 157 bytes (1 switches on core 0)
2026-07-08 22:47:12.605 7 INFO neutron.db.ovn_revision_numbers_db [None req-c4c1e272-fe2b-4a75-a70d-32eec0d1ef6a - - - - - -] Successfully bumped revision number for resource 6fd81638-a122-4391-9f2e-06c48c1d0074 (type: ports) to 5
2026-07-08 22:47:12.649 7 INFO neutron_taas.services.taas.taas_plugin [None req-0f5d9d58-42e7-4d89-8993-77c6ab23ddf7 0aa3c89c14694ad6820d1c55c7c33c81 c752e98475df4b4cb619e63dafb51203 - - default default] TaaS: Handle Delete Port: df80729f-ec93-4edc-b608-7fab07aa5962
2026-07-08 22:47:12.657 7 INFO neutron_taas.services.taas.tap_mirror_plugin [None req-0f5d9d58-42e7-4d89-8993-77c6ab23ddf7 0aa3c89c14694ad6820d1c55c7c33c81 c752e98475df4b4cb619e63dafb51203 - - default default] Tap Mirror: Handle Delete Port: df80729f-ec93-4edc-b608-7fab07aa5962
2026-07-08 22:47:12.799 8 WARNING neutron.scheduler.dhcp_agent_scheduler [None req-98284b58-a9b9-46e6-b1a0-02cd8a3bacd4 dbf54934ef044c68aa3b9fcc5cf54df5 d17b1ded001b4695b4826ea53d97a991 - - default default] No more DHCP agents
2026-07-08 22:47:12.800 8 WARNING neutron.api.rpc.agentnotifiers.dhcp_rpc_agent_api [None req-98284b58-a9b9-46e6-b1a0-02cd8a3bacd4 dbf54934ef044c68aa3b9fcc5cf54df5 d17b1ded001b4695b4826ea53d97a991 - - default default] Unable to schedule network f04587cc-92fa-4520-9e55-d1351ce5abe4: no agents available; will retry on subsequent port and subnet creation events.
2026-07-08 22:47:12.936 8 INFO neutron.plugins.ml2.drivers.ovn.mech_driver.mech_driver [None req-c9cd3428-777d-4a46-9e43-c6e354781649 - - - - - -] OVN reports status down for port: 2907d471-6a00-49b8-95bf-e1df73a05588
2026-07-08 22:47:13.004 8 INFO neutron.db.ovn_revision_numbers_db [None req-98284b58-a9b9-46e6-b1a0-02cd8a3bacd4 dbf54934ef044c68aa3b9fcc5cf54df5 d17b1ded001b4695b4826ea53d97a991 - - default default] Successfully bumped revision number for resource 2907d471-6a00-49b8-95bf-e1df73a05588 (type: ports) to 1 [pid: 7|app: 0|req: 1105/2309] 10.0.0.207 () {32 vars in 719 bytes} [Wed Jul 8 22:47:11 2026] DELETE /v2.0/ports/df80729f-ec93-4edc-b608-7fab07aa5962 => generated 0 bytes in 1378 msecs (HTTP/1.1 204) 3 headers in 131 bytes (1 switches on core 0)
2026-07-08 22:47:13.160 7 INFO neutron.db.ovn_revision_numbers_db [None req-24243e3d-86af-4b9b-b707-094f2b86c6bd - - - - - -] Successfully bumped revision number for resource 064dc1c8-af1e-4d2d-813b-fc5c99d58982 (type: ports) to 2 [pid: 7|app: 0|req: 1106/2310] 10.0.0.105 () {34 vars in 989 bytes} [Wed Jul 8 22:47:13 2026] GET /v2.0/ports?device_id=2d4e6613-4277-42f2-a44c-42fb4082cf73 => generated 971 bytes in 75 msecs (HTTP/1.1 200) 4 headers in 157 bytes (1 switches on core 0)
2026-07-08 22:47:13.462 7 INFO neutron_taas.services.taas.taas_plugin [None req-4c24c20c-a310-4a18-8db1-3537667a2461 0aa3c89c14694ad6820d1c55c7c33c81 c752e98475df4b4cb619e63dafb51203 - - default default] TaaS: Handle Delete Port: fd72679b-8a9b-4d9b-919f-665ed1a017ca
2026-07-08 22:47:13.466 7 INFO neutron_taas.services.taas.tap_mirror_plugin [None req-4c24c20c-a310-4a18-8db1-3537667a2461 0aa3c89c14694ad6820d1c55c7c33c81 c752e98475df4b4cb619e63dafb51203 - - default default] Tap Mirror: Handle Delete Port: fd72679b-8a9b-4d9b-919f-665ed1a017ca [pid: 7|app: 0|req: 1109/2313] 10.0.0.207 () {32 vars in 719 bytes} [Wed Jul 8 22:47:13 2026] DELETE /v2.0/ports/fd72679b-8a9b-4d9b-919f-665ed1a017ca => generated 0 bytes in 350 msecs (HTTP/1.1 204) 3 headers in 131 bytes (1 switches on core 0) [pid: 7|app: 0|req: 1110/2314] 10.0.0.105 () {34 vars in 1039 bytes} [Wed Jul 8 22:47:13 2026] GET /v2.0/security-groups?id=15b85e15-5a68-4994-839f-f6dfa93f1898&fields=id&fields=name => generated 88 bytes in 30 msecs (HTTP/1.1 200) 4 headers in 156 bytes (1 switches on core 0)
2026-07-08 22:47:13.755 7 INFO neutron_taas.services.taas.taas_plugin [None req-9da434ef-4458-46d2-8bc2-7e7a8c03a4c1 0aa3c89c14694ad6820d1c55c7c33c81 c752e98475df4b4cb619e63dafb51203 - - default default] TaaS: Handle Delete Port: dc132692-28d1-43ef-a3a7-000b8615a47a
2026-07-08 22:47:13.758 7 INFO neutron_taas.services.taas.tap_mirror_plugin [None req-9da434ef-4458-46d2-8bc2-7e7a8c03a4c1 0aa3c89c14694ad6820d1c55c7c33c81 c752e98475df4b4cb619e63dafb51203 - - default default] Tap Mirror: Handle Delete Port: dc132692-28d1-43ef-a3a7-000b8615a47a
2026-07-08 22:47:13.833 8 INFO neutron.plugins.ml2.drivers.ovn.mech_driver.mech_driver [None req-c9cd3428-777d-4a46-9e43-c6e354781649 - - - - - -] OVN reports status up for port: 2907d471-6a00-49b8-95bf-e1df73a05588
2026-07-08 22:47:13.860 8 INFO neutron.plugins.ml2.plugin [None req-c9cd3428-777d-4a46-9e43-c6e354781649 - - - - - -] Attempt 1 to provision port 2907d471-6a00-49b8-95bf-e1df73a05588 [pid: 7|app: 0|req: 1111/2315] 10.0.0.207 () {32 vars in 719 bytes} [Wed Jul 8 22:47:13 2026] DELETE /v2.0/ports/dc132692-28d1-43ef-a3a7-000b8615a47a => generated 0 bytes in 240 msecs (HTTP/1.1 204) 3 headers in 131 bytes (1 switches on core 0)
2026-07-08 22:47:14.077 8 WARNING neutron.scheduler.dhcp_agent_scheduler [None req-98284b58-a9b9-46e6-b1a0-02cd8a3bacd4 dbf54934ef044c68aa3b9fcc5cf54df5 d17b1ded001b4695b4826ea53d97a991 - - default default] No more DHCP agents
2026-07-08 22:47:14.085 8 WARNING neutron.api.rpc.agentnotifiers.dhcp_rpc_agent_api [None req-98284b58-a9b9-46e6-b1a0-02cd8a3bacd4 dbf54934ef044c68aa3b9fcc5cf54df5 d17b1ded001b4695b4826ea53d97a991 - - default default] Unable to schedule network f04587cc-92fa-4520-9e55-d1351ce5abe4: no agents available; will retry on subsequent port and subnet creation events.
2026-07-08 22:47:14.190 7 INFO neutron.db.ovn_revision_numbers_db [None req-a8b0b6c5-c4bf-432b-9e74-1e0219b9c1a0 b3d0ccfa0104404d91b16242a812275e bee41cad8b9a4848872b1a475ae44c8c - - default default] Successfully bumped revision number for resource 340bbc6e-66a6-4b90-b0d0-19ceee713f7f (type: security_groups) to 1
2026-07-08 22:47:14.205 7 INFO neutron.db.ovn_revision_numbers_db [None req-a8b0b6c5-c4bf-432b-9e74-1e0219b9c1a0 b3d0ccfa0104404d91b16242a812275e bee41cad8b9a4848872b1a475ae44c8c - - default default] Successfully bumped revision number for resource 2aa1d3fd-4d46-4d66-ba8d-e4c014af0869 (type: security_group_rules) to 0
2026-07-08 22:47:14.223 7 INFO neutron.db.ovn_revision_numbers_db [None req-a8b0b6c5-c4bf-432b-9e74-1e0219b9c1a0 b3d0ccfa0104404d91b16242a812275e bee41cad8b9a4848872b1a475ae44c8c - - default default] Successfully bumped revision number for resource 7c311cd3-a1ec-4ed0-a763-fa204e7c66de (type: security_group_rules) to 0
2026-07-08 22:47:14.236 7 INFO neutron.db.ovn_revision_numbers_db [None req-a8b0b6c5-c4bf-432b-9e74-1e0219b9c1a0 b3d0ccfa0104404d91b16242a812275e bee41cad8b9a4848872b1a475ae44c8c - - default default] Successfully bumped revision number for resource af927b3e-7341-43bb-a9cd-3cad4f12bf89 (type: security_group_rules) to 0
2026-07-08 22:47:14.251 7 INFO neutron.db.ovn_revision_numbers_db [None req-a8b0b6c5-c4bf-432b-9e74-1e0219b9c1a0 b3d0ccfa0104404d91b16242a812275e bee41cad8b9a4848872b1a475ae44c8c - - default default] Successfully bumped revision number for resource f2f545ab-c504-4cb2-93eb-33e857cc75f4 (type: security_group_rules) to 0
2026-07-08 22:47:14.322 7 INFO neutron.db.segments_db [None req-a8b0b6c5-c4bf-432b-9e74-1e0219b9c1a0 b3d0ccfa0104404d91b16242a812275e bee41cad8b9a4848872b1a475ae44c8c - - default default] Added segment f89060e4-6515-45cf-97f6-a3a87b28f877 of type geneve for network e6dd928f-a63b-4ddb-bf9b-c141af63b325
2026-07-08 22:47:14.432 7 INFO neutron.db.ovn_revision_numbers_db [None req-a8b0b6c5-c4bf-432b-9e74-1e0219b9c1a0 b3d0ccfa0104404d91b16242a812275e bee41cad8b9a4848872b1a475ae44c8c - - default default] Successfully bumped revision number for resource e6dd928f-a63b-4ddb-bf9b-c141af63b325 (type: networks) to 1
2026-07-08 22:47:14.623 7 WARNING neutron.scheduler.dhcp_agent_scheduler [None req-a8b0b6c5-c4bf-432b-9e74-1e0219b9c1a0 b3d0ccfa0104404d91b16242a812275e bee41cad8b9a4848872b1a475ae44c8c - - default default] No more DHCP agents
2026-07-08 22:47:14.624 7 WARNING neutron.api.rpc.agentnotifiers.dhcp_rpc_agent_api [None req-a8b0b6c5-c4bf-432b-9e74-1e0219b9c1a0 b3d0ccfa0104404d91b16242a812275e bee41cad8b9a4848872b1a475ae44c8c - - default default] Unable to schedule network e6dd928f-a63b-4ddb-bf9b-c141af63b325: no agents available; will retry on subsequent port and subnet creation events.
2026-07-08 22:47:14.645 8 INFO neutron.db.ovn_revision_numbers_db [None req-c9cd3428-777d-4a46-9e43-c6e354781649 - - - - - -] Successfully bumped revision number for resource 2907d471-6a00-49b8-95bf-e1df73a05588 (type: ports) to 2
2026-07-08 22:47:14.733 7 INFO neutron.db.ovn_revision_numbers_db [None req-a8b0b6c5-c4bf-432b-9e74-1e0219b9c1a0 b3d0ccfa0104404d91b16242a812275e bee41cad8b9a4848872b1a475ae44c8c - - default default] Successfully bumped revision number for resource c68eea44-1cad-4fbd-afba-83a5dd405465 (type: ports) to 1 [pid: 7|app: 0|req: 1112/2316] 10.0.0.207 () {34 vars in 670 bytes} [Wed Jul 8 22:47:13 2026] POST /v2.0/networks => generated 744 bytes in 893 msecs (HTTP/1.1 201) 4 headers in 162 bytes (1 switches on core 0)
2026-07-08 22:47:14.853 8 INFO neutron.db.ovn_revision_numbers_db [None req-98284b58-a9b9-46e6-b1a0-02cd8a3bacd4 dbf54934ef044c68aa3b9fcc5cf54df5 d17b1ded001b4695b4826ea53d97a991 - - default default] Successfully bumped revision number for resource 2907d471-6a00-49b8-95bf-e1df73a05588 (type: router_ports) to 1 [pid: 8|app: 0|req: 1205/2317] 10.0.0.207 () {34 vars in 782 bytes} [Wed Jul 8 22:47:12 2026] PUT /v2.0/routers/e91a6dd0-f094-4c12-97f8-1f40ae66d91b/add_router_interface => generated 309 bytes in 2732 msecs (HTTP/1.1 200) 4 headers in 157 bytes (1 switches on core 0)
2026-07-08 22:47:14.895 7 INFO neutron_taas.services.taas.taas_plugin [None req-7159ab3f-8092-41d3-9aea-3a9f1ab18243 0aa3c89c14694ad6820d1c55c7c33c81 c752e98475df4b4cb619e63dafb51203 - - default default] TaaS: Handle Delete Port: b8687a32-e363-4012-a6b7-10be3a1f5b1c
2026-07-08 22:47:14.898 7 INFO neutron_taas.services.taas.tap_mirror_plugin [None req-7159ab3f-8092-41d3-9aea-3a9f1ab18243 0aa3c89c14694ad6820d1c55c7c33c81 c752e98475df4b4cb619e63dafb51203 - - default default] Tap Mirror: Handle Delete Port: b8687a32-e363-4012-a6b7-10be3a1f5b1c
2026-07-08 22:47:15.059 8 WARNING neutron.scheduler.dhcp_agent_scheduler [None req-ee75a294-77f2-4e51-a05b-1b5611a0987b b3d0ccfa0104404d91b16242a812275e bee41cad8b9a4848872b1a475ae44c8c - - default default] No more DHCP agents
2026-07-08 22:47:15.061 8 WARNING neutron.api.rpc.agentnotifiers.dhcp_rpc_agent_api [None req-ee75a294-77f2-4e51-a05b-1b5611a0987b b3d0ccfa0104404d91b16242a812275e bee41cad8b9a4848872b1a475ae44c8c - - default default] Unable to schedule network e6dd928f-a63b-4ddb-bf9b-c141af63b325: no agents available; will retry on subsequent port and subnet creation events.
2026-07-08 22:47:15.112 7 INFO neutron.services.segments.plugin [-] Segment a6d990e0-7c3e-4a26-9652-462726da094e resource provider aggregate not found
2026-07-08 22:47:15.121 7 INFO neutron.services.segments.plugin [-] Segment a6d990e0-7c3e-4a26-9652-462726da094e resource provider aggregate not found
2026-07-08 22:47:15.136 7 INFO neutron.services.segments.plugin [-] Segment a6d990e0-7c3e-4a26-9652-462726da094e resource provider not found; error: Placement Client Error (4xx): {"errors": [{"status": 404, "title": "Not Found", "detail": "The resource could not be found.\n\n No resource provider with uuid a6d990e0-7c3e-4a26-9652-462726da094e found for delete ", "request_id": "req-426db09f-fc81-489d-98d3-ca7de11dff81"}]}
2026-07-08 22:47:15.145 7 INFO neutron.services.segments.plugin [-] Segment a6d990e0-7c3e-4a26-9652-462726da094e resource provider not found; error: Placement Client Error (4xx): {"errors": [{"status": 404, "title": "Not Found", "detail": "The resource could not be found.\n\n No resource provider with uuid a6d990e0-7c3e-4a26-9652-462726da094e found for delete ", "request_id": "req-42004152-8eb8-4a69-bf2f-5453ec8d0c08"}]} [pid: 7|app: 0|req: 1113/2318] 10.0.0.207 () {32 vars in 725 bytes} [Wed Jul 8 22:47:14 2026] DELETE /v2.0/networks/b801f486-e869-4b54-9bbc-1be13ced4942 => generated 0 bytes in 421 msecs (HTTP/1.1 204) 3 headers in 131 bytes (1 switches on core 0)
2026-07-08 22:47:15.563 8 INFO neutron.db.ovn_revision_numbers_db [None req-fd1eaf63-fb54-4782-bd2f-1d207519f373 - - - - - -] Successfully bumped revision number for resource c68eea44-1cad-4fbd-afba-83a5dd405465 (type: ports) to 2
2026-07-08 22:47:15.611 8 INFO neutron.db.ovn_revision_numbers_db [None req-fd1eaf63-fb54-4782-bd2f-1d207519f373 - - - - - -] Successfully bumped revision number for resource 6405e8ed-6eba-441e-8aa2-c237d3276530 (type: subnets) to 0 [pid: 8|app: 0|req: 1206/2319] 10.0.0.207 () {34 vars in 668 bytes} [Wed Jul 8 22:47:14 2026] POST /v2.0/subnets => generated 688 bytes in 766 msecs (HTTP/1.1 201) 4 headers in 162 bytes (1 switches on core 0)
2026-07-08 22:47:15.713 7 WARNING neutron.scheduler.dhcp_agent_scheduler [None req-57d75894-7448-4f60-b76a-21ba8b691cc1 dbf54934ef044c68aa3b9fcc5cf54df5 d17b1ded001b4695b4826ea53d97a991 - - default default] No more DHCP agents
2026-07-08 22:47:15.714 7 WARNING neutron.api.rpc.agentnotifiers.dhcp_rpc_agent_api [None req-57d75894-7448-4f60-b76a-21ba8b691cc1 dbf54934ef044c68aa3b9fcc5cf54df5 d17b1ded001b4695b4826ea53d97a991 - - default default] Unable to schedule network df5e7806-f373-472a-862f-da730601f072: no agents available; will retry on subsequent port and subnet creation events. [pid: 8|app: 0|req: 1207/2320] 10.0.0.105 () {34 vars in 989 bytes} [Wed Jul 8 22:47:15 2026] GET /v2.0/ports?device_id=2d4e6613-4277-42f2-a44c-42fb4082cf73 => generated 971 bytes in 83 msecs (HTTP/1.1 200) 4 headers in 157 bytes (1 switches on core 0)
2026-07-08 22:47:15.839 8 INFO neutron_taas.services.taas.taas_plugin [None req-b89ec933-c458-4039-9738-585823e4811c 0aa3c89c14694ad6820d1c55c7c33c81 c752e98475df4b4cb619e63dafb51203 - - default default] TaaS: Handle Delete Port: 54a90f9e-e71f-4503-b58c-6019a8109ad9
2026-07-08 22:47:15.853 8 INFO neutron_taas.services.taas.tap_mirror_plugin [None req-b89ec933-c458-4039-9738-585823e4811c 0aa3c89c14694ad6820d1c55c7c33c81 c752e98475df4b4cb619e63dafb51203 - - default default] Tap Mirror: Handle Delete Port: 54a90f9e-e71f-4503-b58c-6019a8109ad9
2026-07-08 22:47:15.887 7 INFO neutron.db.ovn_revision_numbers_db [None req-57d75894-7448-4f60-b76a-21ba8b691cc1 dbf54934ef044c68aa3b9fcc5cf54df5 d17b1ded001b4695b4826ea53d97a991 - - default default] Successfully bumped revision number for resource a90535b6-76be-4457-8c4e-b8209f9c6243 (type: ports) to 1
2026-07-08 22:47:16.096 8 INFO neutron.services.segments.plugin [-] Segment af816308-9c89-469f-ab2e-07a33ca91016 resource provider aggregate not found
2026-07-08 22:47:16.110 8 INFO neutron.services.segments.plugin [-] Segment af816308-9c89-469f-ab2e-07a33ca91016 resource provider aggregate not found
2026-07-08 22:47:16.118 8 INFO neutron.services.segments.plugin [-] Segment af816308-9c89-469f-ab2e-07a33ca91016 resource provider not found; error: Placement Client Error (4xx): {"errors": [{"status": 404, "title": "Not Found", "detail": "The resource could not be found.\n\n No resource provider with uuid af816308-9c89-469f-ab2e-07a33ca91016 found for delete ", "request_id": "req-e6722c67-0da3-4bff-8dde-82f5c772b666"}]}
2026-07-08 22:47:16.140 8 INFO neutron.services.segments.plugin [-] Segment af816308-9c89-469f-ab2e-07a33ca91016 resource provider not found; error: Placement Client Error (4xx): {"errors": [{"status": 404, "title": "Not Found", "detail": "The resource could not be found.\n\n No resource provider with uuid af816308-9c89-469f-ab2e-07a33ca91016 found for delete ", "request_id": "req-a79c1dc7-a81d-4e8c-8b5b-891792880536"}]} [pid: 8|app: 0|req: 1208/2321] 10.0.0.207 () {32 vars in 725 bytes} [Wed Jul 8 22:47:15 2026] DELETE /v2.0/networks/037170ad-05c9-45aa-8f6f-b9e59a1ad0ff => generated 0 bytes in 438 msecs (HTTP/1.1 204) 3 headers in 131 bytes (1 switches on core 0)
2026-07-08 22:47:16.552 8 WARNING neutron.scheduler.dhcp_agent_scheduler [None req-1a4a1c76-ea1a-4f6d-b695-d06fb3808c67 b3d0ccfa0104404d91b16242a812275e bee41cad8b9a4848872b1a475ae44c8c - - default default] No more DHCP agents
2026-07-08 22:47:16.554 8 WARNING neutron.api.rpc.agentnotifiers.dhcp_rpc_agent_api [None req-1a4a1c76-ea1a-4f6d-b695-d06fb3808c67 b3d0ccfa0104404d91b16242a812275e bee41cad8b9a4848872b1a475ae44c8c - - default default] Unable to schedule network 7ac100bb-b7b2-43a4-9913-1fbb3bf19fbf: no agents available; will retry on subsequent port and subnet creation events.
2026-07-08 22:47:16.708 8 INFO neutron.db.ovn_revision_numbers_db [None req-1a4a1c76-ea1a-4f6d-b695-d06fb3808c67 b3d0ccfa0104404d91b16242a812275e bee41cad8b9a4848872b1a475ae44c8c - - default default] Successfully bumped revision number for resource d483c311-38cf-4fc3-9313-d32b4fd09115 (type: ports) to 1
2026-07-08 22:47:16.750 7 WARNING neutron.scheduler.dhcp_agent_scheduler [None req-57d75894-7448-4f60-b76a-21ba8b691cc1 dbf54934ef044c68aa3b9fcc5cf54df5 d17b1ded001b4695b4826ea53d97a991 - - default default] No more DHCP agents
2026-07-08 22:47:16.751 7 WARNING neutron.api.rpc.agentnotifiers.dhcp_rpc_agent_api [None req-57d75894-7448-4f60-b76a-21ba8b691cc1 dbf54934ef044c68aa3b9fcc5cf54df5 d17b1ded001b4695b4826ea53d97a991 - - default default] Unable to schedule network df5e7806-f373-472a-862f-da730601f072: no agents available; will retry on subsequent port and subnet creation events.
2026-07-08 22:47:17.157 7 INFO neutron.db.ovn_revision_numbers_db [None req-57d75894-7448-4f60-b76a-21ba8b691cc1 dbf54934ef044c68aa3b9fcc5cf54df5 d17b1ded001b4695b4826ea53d97a991 - - default default] Successfully bumped revision number for resource a90535b6-76be-4457-8c4e-b8209f9c6243 (type: router_ports) to 1 [pid: 7|app: 0|req: 1114/2322] 10.0.0.207 () {34 vars in 782 bytes} [Wed Jul 8 22:47:15 2026] PUT /v2.0/routers/e91a6dd0-f094-4c12-97f8-1f40ae66d91b/add_router_interface => generated 309 bytes in 1985 msecs (HTTP/1.1 200) 4 headers in 157 bytes (1 switches on core 0) [pid: 7|app: 0|req: 1115/2323] 10.0.0.105 () {34 vars in 1039 bytes} [Wed Jul 8 22:47:17 2026] GET /v2.0/security-groups?id=15b85e15-5a68-4994-839f-f6dfa93f1898&fields=id&fields=name => generated 88 bytes in 35 msecs (HTTP/1.1 200) 4 headers in 156 bytes (1 switches on core 0)
2026-07-08 22:47:17.323 7 INFO neutron_taas.services.taas.taas_plugin [None req-17cf4012-7c51-4fe3-89b2-3b53c86dfbd3 0aa3c89c14694ad6820d1c55c7c33c81 c752e98475df4b4cb619e63dafb51203 - - default default] TaaS: Handle Delete Port: 82bfa5f2-39c2-4cb1-a49e-6b636eada195
2026-07-08 22:47:17.326 7 INFO neutron_taas.services.taas.tap_mirror_plugin [None req-17cf4012-7c51-4fe3-89b2-3b53c86dfbd3 0aa3c89c14694ad6820d1c55c7c33c81 c752e98475df4b4cb619e63dafb51203 - - default default] Tap Mirror: Handle Delete Port: 82bfa5f2-39c2-4cb1-a49e-6b636eada195
2026-07-08 22:47:17.325 8 INFO neutron.plugins.ml2.drivers.ovn.mech_driver.ovsdb.commands [None req-1a7c29ec-f0b4-4d91-9a38-eb1236e6da54 - - - - - -] Schedule LRP lrp-d483c311-38cf-4fc3-9313-d32b4fd09115 on gateway 91920998-714c-4156-8d36-ff0038c4304e with priority 1
2026-07-08 22:47:17.361 7 INFO neutron.plugins.ml2.drivers.ovn.mech_driver.ovsdb.ovsdb_monitor [None req-c4c1e272-fe2b-4a75-a70d-32eec0d1ef6a - - - - - -] Router cc4668fd-cb9b-4ad8-9a95-4e3daa6a216d is bound to host instance
2026-07-08 22:47:17.381 8 INFO neutron.db.ovn_revision_numbers_db [None req-1a4a1c76-ea1a-4f6d-b695-d06fb3808c67 b3d0ccfa0104404d91b16242a812275e bee41cad8b9a4848872b1a475ae44c8c - - default default] Successfully bumped revision number for resource d483c311-38cf-4fc3-9313-d32b4fd09115 (type: router_ports) to 1
2026-07-08 22:47:17.451 8 INFO neutron.db.ovn_revision_numbers_db [None req-1a4a1c76-ea1a-4f6d-b695-d06fb3808c67 b3d0ccfa0104404d91b16242a812275e bee41cad8b9a4848872b1a475ae44c8c - - default default] Successfully bumped revision number for resource cc4668fd-cb9b-4ad8-9a95-4e3daa6a216d (type: routers) to 2 [pid: 8|app: 0|req: 1209/2324] 10.0.0.207 () {34 vars in 668 bytes} [Wed Jul 8 22:47:16 2026] POST /v2.0/routers => generated 966 bytes in 1312 msecs (HTTP/1.1 201) 4 headers in 162 bytes (1 switches on core 0) [pid: 8|app: 0|req: 1210/2325] 199.19.213.147 () {34 vars in 993 bytes} [Wed Jul 8 22:47:17 2026] GET /v2.0/ports?device_id=2d4e6613-4277-42f2-a44c-42fb4082cf73 => generated 971 bytes in 42 msecs (HTTP/1.1 200) 4 headers in 157 bytes (1 switches on core 0)
2026-07-08 22:47:17.634 8 INFO neutron.db.ovn_revision_numbers_db [None req-797fe6d7-988c-450c-a6dd-a06d46d8c269 dbf54934ef044c68aa3b9fcc5cf54df5 d17b1ded001b4695b4826ea53d97a991 - - default default] Successfully bumped revision number for resource ab5ec50d-ca1b-47b4-95fd-0b9478d837f1 (type: security_groups) to 1
2026-07-08 22:47:17.647 8 INFO neutron.db.ovn_revision_numbers_db [None req-797fe6d7-988c-450c-a6dd-a06d46d8c269 dbf54934ef044c68aa3b9fcc5cf54df5 d17b1ded001b4695b4826ea53d97a991 - - default default] Successfully bumped revision number for resource 78a44708-d379-4e72-a2ee-0ce7d3df4ed4 (type: security_group_rules) to 0
2026-07-08 22:47:17.661 8 INFO neutron.db.ovn_revision_numbers_db [None req-797fe6d7-988c-450c-a6dd-a06d46d8c269 dbf54934ef044c68aa3b9fcc5cf54df5 d17b1ded001b4695b4826ea53d97a991 - - default default] Successfully bumped revision number for resource c3748885-d3cd-4321-94aa-2b61cadedf4e (type: security_group_rules) to 0 [pid: 8|app: 0|req: 1211/2326] 10.0.0.207 () {34 vars in 683 bytes} [Wed Jul 8 22:47:17 2026] POST /v2.0/security-groups => generated 1628 bytes in 197 msecs (HTTP/1.1 201) 4 headers in 163 bytes (1 switches on core 0)
2026-07-08 22:47:17.757 7 INFO neutron.services.segments.plugin [-] Segment d4ac8dd5-ba41-489e-a427-b82750c5e67b resource provider aggregate not found
2026-07-08 22:47:17.768 7 INFO neutron.services.segments.plugin [-] Segment d4ac8dd5-ba41-489e-a427-b82750c5e67b resource provider aggregate not found
2026-07-08 22:47:17.800 7 INFO neutron.services.segments.plugin [-] Segment d4ac8dd5-ba41-489e-a427-b82750c5e67b resource provider not found; error: Placement Client Error (4xx): {"errors": [{"status": 404, "title": "Not Found", "detail": "The resource could not be found.\n\n No resource provider with uuid d4ac8dd5-ba41-489e-a427-b82750c5e67b found for delete ", "request_id": "req-73ffb327-5ae9-423b-9b3b-822bb61661a9"}]}
2026-07-08 22:47:17.809 7 INFO neutron.services.segments.plugin [-] Segment d4ac8dd5-ba41-489e-a427-b82750c5e67b resource provider not found; error: Placement Client Error (4xx): {"errors": [{"status": 404, "title": "Not Found", "detail": "The resource could not be found.\n\n No resource provider with uuid d4ac8dd5-ba41-489e-a427-b82750c5e67b found for delete ", "request_id": "req-e1abfe92-d072-41b8-8619-0347dc4394ac"}]}
2026-07-08 22:47:17.887 7 WARNING neutron.plugins.ml2.drivers.ovn.mech_driver.ovsdb.ovn_client [None req-1ac3c5ef-bfd9-4984-b6b3-17de1593bca9 - - - - - -] No hosting information found for port 064dc1c8-af1e-4d2d-813b-fc5c99d58982: RuntimeError: No hosting information found for port 064dc1c8-af1e-4d2d-813b-fc5c99d58982 [pid: 7|app: 0|req: 1116/2327] 10.0.0.207 () {32 vars in 725 bytes} [Wed Jul 8 22:47:17 2026] DELETE /v2.0/networks/5e2d5b8c-cd1c-4257-a319-aba007697080 => generated 0 bytes in 779 msecs (HTTP/1.1 204) 3 headers in 131 bytes (1 switches on core 0)
2026-07-08 22:47:18.129 7 INFO neutron.db.ovn_revision_numbers_db [None req-1ac3c5ef-bfd9-4984-b6b3-17de1593bca9 - - - - - -] Successfully bumped revision number for resource 064dc1c8-af1e-4d2d-813b-fc5c99d58982 (type: router_ports) to 2
2026-07-08 22:47:18.325 7 INFO neutron.plugins.ml2.drivers.ovn.mech_driver.mech_driver [None req-1ac3c5ef-bfd9-4984-b6b3-17de1593bca9 - - - - - -] OVN reports status down for port: c68eea44-1cad-4fbd-afba-83a5dd405465
2026-07-08 22:47:18.529 7 INFO neutron.plugins.ml2.drivers.ovn.mech_driver.mech_driver [None req-1ac3c5ef-bfd9-4984-b6b3-17de1593bca9 - - - - - -] OVN reports status down for port: a90535b6-76be-4457-8c4e-b8209f9c6243
2026-07-08 22:47:18.533 7 INFO neutron_taas.services.taas.taas_plugin [req-9837aae8-8cbb-4034-bb78-76caee8c6304 req-4b1e96b7-6d3e-4c8f-8263-6cdc02d55c15 44f40d1e7fc1456989981392d9ebbb48 1ac12fb68b104aa4abe1c13aff2b3eb4 - - default default] TaaS: Handle Delete Port: b0328dfb-a4b4-446d-9f64-179271b3180a
2026-07-08 22:47:18.538 7 INFO neutron_taas.services.taas.tap_mirror_plugin [req-9837aae8-8cbb-4034-bb78-76caee8c6304 req-4b1e96b7-6d3e-4c8f-8263-6cdc02d55c15 44f40d1e7fc1456989981392d9ebbb48 1ac12fb68b104aa4abe1c13aff2b3eb4 - - default default] Tap Mirror: Handle Delete Port: b0328dfb-a4b4-446d-9f64-179271b3180a
2026-07-08 22:47:18.674 8 WARNING neutron.scheduler.dhcp_agent_scheduler [None req-8496e769-b5ad-4417-8fdb-b58fe2d74c19 b3d0ccfa0104404d91b16242a812275e bee41cad8b9a4848872b1a475ae44c8c - - default default] No more DHCP agents
2026-07-08 22:47:18.675 8 WARNING neutron.api.rpc.agentnotifiers.dhcp_rpc_agent_api [None req-8496e769-b5ad-4417-8fdb-b58fe2d74c19 b3d0ccfa0104404d91b16242a812275e bee41cad8b9a4848872b1a475ae44c8c - - default default] Unable to schedule network e6dd928f-a63b-4ddb-bf9b-c141af63b325: no agents available; will retry on subsequent port and subnet creation events.
2026-07-08 22:47:18.709 7 WARNING neutron.plugins.ml2.drivers.ovn.mech_driver.ovsdb.ovn_client [None req-1ac3c5ef-bfd9-4984-b6b3-17de1593bca9 - - - - - -] Logical_Switch_Port a90535b6-76be-4457-8c4e-b8209f9c6243 host information not removed, the port state is up
2026-07-08 22:47:18.710 7 INFO neutron.plugins.ml2.drivers.ovn.mech_driver.mech_driver [None req-1ac3c5ef-bfd9-4984-b6b3-17de1593bca9 - - - - - -] OVN reports status up for port: a90535b6-76be-4457-8c4e-b8209f9c6243
2026-07-08 22:47:18.733 7 INFO neutron.plugins.ml2.plugin [None req-1ac3c5ef-bfd9-4984-b6b3-17de1593bca9 - - - - - -] Attempt 1 to provision port a90535b6-76be-4457-8c4e-b8209f9c6243
2026-07-08 22:47:18.823 8 INFO neutron.db.ovn_revision_numbers_db [None req-8496e769-b5ad-4417-8fdb-b58fe2d74c19 b3d0ccfa0104404d91b16242a812275e bee41cad8b9a4848872b1a475ae44c8c - - default default] Successfully bumped revision number for resource cc1b4a13-4dea-4c9d-9014-4afdfc95421a (type: ports) to 1 [pid: 7|app: 0|req: 1117/2328] 199.19.213.147 () {36 vars in 996 bytes} [Wed Jul 8 22:47:17 2026] DELETE /v2.0/ports/b0328dfb-a4b4-446d-9f64-179271b3180a => generated 0 bytes in 1036 msecs (HTTP/1.1 204) 3 headers in 131 bytes (1 switches on core 0)
2026-07-08 22:47:19.103 7 INFO neutron.notifiers.nova [-] Nova event matching ['req-e03abe3b-19f2-4bdd-a452-9919de95467e'] response: {'server_uuid': '2d4e6613-4277-42f2-a44c-42fb4082cf73', 'name': 'network-vif-deleted', 'tag': 'b0328dfb-a4b4-446d-9f64-179271b3180a', 'status': 'completed', 'code': 200}
2026-07-08 22:47:19.480 7 INFO neutron.db.ovn_revision_numbers_db [None req-0ceb59f6-6250-413e-a211-8513d5c3c227 dbf54934ef044c68aa3b9fcc5cf54df5 d17b1ded001b4695b4826ea53d97a991 - - default default] Successfully bumped revision number for resource 3c14019e-3d22-407a-83be-22d73c7bd7ea (type: security_group_rules) to 0
2026-07-08 22:47:19.520 8 WARNING neutron.scheduler.dhcp_agent_scheduler [None req-8496e769-b5ad-4417-8fdb-b58fe2d74c19 b3d0ccfa0104404d91b16242a812275e bee41cad8b9a4848872b1a475ae44c8c - - default default] No more DHCP agents
2026-07-08 22:47:19.521 8 WARNING neutron.api.rpc.agentnotifiers.dhcp_rpc_agent_api [None req-8496e769-b5ad-4417-8fdb-b58fe2d74c19 b3d0ccfa0104404d91b16242a812275e bee41cad8b9a4848872b1a475ae44c8c - - default default] Unable to schedule network e6dd928f-a63b-4ddb-bf9b-c141af63b325: no agents available; will retry on subsequent port and subnet creation events. [pid: 7|app: 0|req: 1118/2329] 10.0.0.207 () {34 vars in 694 bytes} [Wed Jul 8 22:47:19 2026] POST /v2.0/security-group-rules => generated 597 bytes in 598 msecs (HTTP/1.1 201) 4 headers in 162 bytes (1 switches on core 0)
2026-07-08 22:47:19.908 7 INFO neutron.db.ovn_revision_numbers_db [None req-e61a0e3c-3aa5-4caf-a2f6-d4d1dd142bb5 - - - - - -] Successfully bumped revision number for resource d483c311-38cf-4fc3-9313-d32b4fd09115 (type: ports) to 4
2026-07-08 22:47:20.000 8 INFO neutron.db.ovn_revision_numbers_db [None req-8496e769-b5ad-4417-8fdb-b58fe2d74c19 b3d0ccfa0104404d91b16242a812275e bee41cad8b9a4848872b1a475ae44c8c - - default default] Successfully bumped revision number for resource cc1b4a13-4dea-4c9d-9014-4afdfc95421a (type: router_ports) to 1 [pid: 8|app: 0|req: 1212/2330] 10.0.0.207 () {34 vars in 782 bytes} [Wed Jul 8 22:47:17 2026] PUT /v2.0/routers/cc4668fd-cb9b-4ad8-9a95-4e3daa6a216d/add_router_interface => generated 309 bytes in 2301 msecs (HTTP/1.1 200) 4 headers in 157 bytes (1 switches on core 0) [pid: 8|app: 0|req: 1213/2331] 10.0.0.105 () {34 vars in 989 bytes} [Wed Jul 8 22:47:20 2026] GET /v2.0/ports?device_id=2d4e6613-4277-42f2-a44c-42fb4082cf73 => generated 12 bytes in 23 msecs (HTTP/1.1 200) 4 headers in 156 bytes (1 switches on core 0)
2026-07-08 22:47:20.163 8 INFO neutron.db.ovn_revision_numbers_db [None req-27dcfd65-0bce-41c7-8b3c-79120507cd3d dbf54934ef044c68aa3b9fcc5cf54df5 d17b1ded001b4695b4826ea53d97a991 - - default default] Successfully bumped revision number for resource 248ebb8f-0af4-482e-9e3e-60dd354aa467 (type: security_group_rules) to 0
2026-07-08 22:47:20.170 7 INFO neutron_taas.services.taas.taas_plugin [None req-b408cd0e-3361-4700-a4a2-d9c470edb4a5 0aa3c89c14694ad6820d1c55c7c33c81 c752e98475df4b4cb619e63dafb51203 - - default default] TaaS: Handle Delete Port: 2c79e1b3-53fc-4ddc-8c70-6103ec5b361a
2026-07-08 22:47:20.190 7 INFO neutron_taas.services.taas.tap_mirror_plugin [None req-b408cd0e-3361-4700-a4a2-d9c470edb4a5 0aa3c89c14694ad6820d1c55c7c33c81 c752e98475df4b4cb619e63dafb51203 - - default default] Tap Mirror: Handle Delete Port: 2c79e1b3-53fc-4ddc-8c70-6103ec5b361a [pid: 8|app: 0|req: 1214/2332] 10.0.0.207 () {34 vars in 694 bytes} [Wed Jul 8 22:47:20 2026] POST /v2.0/security-group-rules => generated 597 bytes in 163 msecs (HTTP/1.1 201) 4 headers in 162 bytes (1 switches on core 0)
2026-07-08 22:47:20.241 7 INFO neutron.db.ovn_revision_numbers_db [None req-1ac3c5ef-bfd9-4984-b6b3-17de1593bca9 - - - - - -] Successfully bumped revision number for resource a90535b6-76be-4457-8c4e-b8209f9c6243 (type: ports) to 2
2026-07-08 22:47:20.341 8 INFO neutron.db.ovn_revision_numbers_db [None req-55473e90-3146-4127-b77d-b4992ebc1cfe dbf54934ef044c68aa3b9fcc5cf54df5 d17b1ded001b4695b4826ea53d97a991 - - default default] Successfully bumped revision number for resource d59802f8-5ae8-4fdc-a06a-2b736fca0cf0 (type: security_group_rules) to 0 [pid: 8|app: 0|req: 1215/2333] 10.0.0.207 () {34 vars in 694 bytes} [Wed Jul 8 22:47:20 2026] POST /v2.0/security-group-rules => generated 599 bytes in 175 msecs (HTTP/1.1 201) 4 headers in 162 bytes (1 switches on core 0)
2026-07-08 22:47:20.523 8 WARNING neutron.plugins.ml2.drivers.ovn.mech_driver.ovsdb.ovn_client [None req-077700fd-61df-4acd-b9aa-60f1208ae162 - - - - - -] No hosting information found for port 2907d471-6a00-49b8-95bf-e1df73a05588: RuntimeError: No hosting information found for port 2907d471-6a00-49b8-95bf-e1df73a05588
2026-07-08 22:47:20.568 8 INFO neutron.db.ovn_revision_numbers_db [None req-08927cc6-5bcf-49c8-ba24-eb9d51dfc2cc dbf54934ef044c68aa3b9fcc5cf54df5 d17b1ded001b4695b4826ea53d97a991 - - default default] Successfully bumped revision number for resource 1cbad46f-3699-4f82-9488-79213f30673e (type: security_group_rules) to 0 [pid: 8|app: 0|req: 1216/2334] 10.0.0.207 () {34 vars in 694 bytes} [Wed Jul 8 22:47:20 2026] POST /v2.0/security-group-rules => generated 601 bytes in 247 msecs (HTTP/1.1 201) 4 headers in 162 bytes (1 switches on core 0)
2026-07-08 22:47:20.667 8 INFO neutron.db.ovn_revision_numbers_db [None req-077700fd-61df-4acd-b9aa-60f1208ae162 - - - - - -] Successfully bumped revision number for resource 2907d471-6a00-49b8-95bf-e1df73a05588 (type: router_ports) to 2
2026-07-08 22:47:20.668 8 INFO neutron.plugins.ml2.drivers.ovn.mech_driver.mech_driver [None req-077700fd-61df-4acd-b9aa-60f1208ae162 - - - - - -] OVN reports status down for port: b0328dfb-a4b4-446d-9f64-179271b3180a
2026-07-08 22:47:20.758 7 INFO neutron.services.segments.plugin [-] Segment 5aca8468-7f17-4235-baa8-041130bc22da resource provider aggregate not found
2026-07-08 22:47:20.767 7 INFO neutron.services.segments.plugin [-] Segment 5aca8468-7f17-4235-baa8-041130bc22da resource provider aggregate not found
2026-07-08 22:47:20.785 7 INFO neutron.services.segments.plugin [-] Segment 5aca8468-7f17-4235-baa8-041130bc22da resource provider not found; error: Placement Client Error (4xx): {"errors": [{"status": 404, "title": "Not Found", "detail": "The resource could not be found.\n\n No resource provider with uuid 5aca8468-7f17-4235-baa8-041130bc22da found for delete ", "request_id": "req-f9c4c16e-c087-46a6-8da2-1fbc0c32587c"}]}
2026-07-08 22:47:20.790 7 INFO neutron.services.segments.plugin [-] Segment 5aca8468-7f17-4235-baa8-041130bc22da resource provider not found; error: Placement Client Error (4xx): {"errors": [{"status": 404, "title": "Not Found", "detail": "The resource could not be found.\n\n No resource provider with uuid 5aca8468-7f17-4235-baa8-041130bc22da found for delete ", "request_id": "req-129b260b-b852-448a-bdd4-19e118ed4886"}]}
2026-07-08 22:47:20.844 8 INFO neutron.db.ovn_revision_numbers_db [None req-0445c52e-7683-4e78-a5ca-d90ee856498b dbf54934ef044c68aa3b9fcc5cf54df5 d17b1ded001b4695b4826ea53d97a991 - - default default] Successfully bumped revision number for resource 1dd39cb8-7485-497f-9db0-009aaff21890 (type: security_group_rules) to 0 [pid: 8|app: 0|req: 1217/2335] 10.0.0.207 () {34 vars in 694 bytes} [Wed Jul 8 22:47:20 2026] POST /v2.0/security-group-rules => generated 601 bytes in 245 msecs (HTTP/1.1 201) 4 headers in 162 bytes (1 switches on core 0) [pid: 7|app: 0|req: 1119/2336] 10.0.0.207 () {32 vars in 725 bytes} [Wed Jul 8 22:47:19 2026] DELETE /v2.0/networks/cd69d9d1-f373-426e-a41d-cc78b86255f9 => generated 0 bytes in 1275 msecs (HTTP/1.1 204) 3 headers in 131 bytes (1 switches on core 0)
2026-07-08 22:47:21.029 7 INFO neutron.db.ovn_revision_numbers_db [None req-e61a0e3c-3aa5-4caf-a2f6-d4d1dd142bb5 - - - - - -] Successfully bumped revision number for resource d483c311-38cf-4fc3-9313-d32b4fd09115 (type: ports) to 5
2026-07-08 22:47:21.081 8 INFO neutron.db.ovn_revision_numbers_db [None req-aa8aa823-aa7b-4508-9aa3-b05a3ef499c4 dbf54934ef044c68aa3b9fcc5cf54df5 d17b1ded001b4695b4826ea53d97a991 - - default default] Successfully bumped revision number for resource 4500b382-6138-4ed1-91e5-b665501302ad (type: security_group_rules) to 0 [pid: 8|app: 0|req: 1218/2337] 10.0.0.207 () {34 vars in 694 bytes} [Wed Jul 8 22:47:20 2026] POST /v2.0/security-group-rules => generated 597 bytes in 229 msecs (HTTP/1.1 201) 4 headers in 162 bytes (1 switches on core 0)
2026-07-08 22:47:21.169 7 INFO neutron_taas.services.taas.taas_plugin [None req-54a783af-6e0f-483f-935b-495760d9aaeb 0aa3c89c14694ad6820d1c55c7c33c81 c752e98475df4b4cb619e63dafb51203 - - default default] TaaS: Handle Delete Port: 4bc66773-b3ff-4d72-a69b-22c33a47a99c
2026-07-08 22:47:21.175 7 INFO neutron_taas.services.taas.tap_mirror_plugin [None req-54a783af-6e0f-483f-935b-495760d9aaeb 0aa3c89c14694ad6820d1c55c7c33c81 c752e98475df4b4cb619e63dafb51203 - - default default] Tap Mirror: Handle Delete Port: 4bc66773-b3ff-4d72-a69b-22c33a47a99c
2026-07-08 22:47:21.284 8 INFO neutron.db.ovn_revision_numbers_db [None req-0b6eda8d-23f9-4442-93dd-eeb60da7d4a8 b3d0ccfa0104404d91b16242a812275e bee41cad8b9a4848872b1a475ae44c8c - - default default] Successfully bumped revision number for resource 88cf7a0b-9e04-4dff-bf06-a9d71d07858b (type: security_groups) to 1
2026-07-08 22:47:21.309 8 INFO neutron.db.ovn_revision_numbers_db [None req-0b6eda8d-23f9-4442-93dd-eeb60da7d4a8 b3d0ccfa0104404d91b16242a812275e bee41cad8b9a4848872b1a475ae44c8c - - default default] Successfully bumped revision number for resource 1adfcd9f-7f6e-4874-b57a-1f2f7d5470d5 (type: security_group_rules) to 0
2026-07-08 22:47:21.323 8 INFO neutron.db.ovn_revision_numbers_db [None req-0b6eda8d-23f9-4442-93dd-eeb60da7d4a8 b3d0ccfa0104404d91b16242a812275e bee41cad8b9a4848872b1a475ae44c8c - - default default] Successfully bumped revision number for resource 5014f10c-46a8-4a4d-b8d7-a12a93575f88 (type: security_group_rules) to 0
2026-07-08 22:47:21.332 8 INFO neutron.db.ovn_revision_numbers_db [None req-0b6eda8d-23f9-4442-93dd-eeb60da7d4a8 b3d0ccfa0104404d91b16242a812275e bee41cad8b9a4848872b1a475ae44c8c - - default default] Successfully bumped revision number for resource 554e38b7-f305-4eb4-91fe-b33c89419e0f (type: security_group_rules) to 0
2026-07-08 22:47:21.345 8 INFO neutron.db.ovn_revision_numbers_db [None req-0b6eda8d-23f9-4442-93dd-eeb60da7d4a8 b3d0ccfa0104404d91b16242a812275e bee41cad8b9a4848872b1a475ae44c8c - - default default] Successfully bumped revision number for resource e46ef5ca-d0ed-48db-867b-b8fa8b963500 (type: security_group_rules) to 0 [pid: 7|app: 0|req: 1120/2338] 10.0.0.207 () {32 vars in 725 bytes} [Wed Jul 8 22:47:20 2026] DELETE /v2.0/networks/c9700247-602e-4bed-a5fe-4416c716e47c => generated 0 bytes in 526 msecs (HTTP/1.1 204) 3 headers in 131 bytes (1 switches on core 0)
2026-07-08 22:47:21.424 8 INFO neutron.db.segments_db [None req-0b6eda8d-23f9-4442-93dd-eeb60da7d4a8 b3d0ccfa0104404d91b16242a812275e bee41cad8b9a4848872b1a475ae44c8c - - default default] Added segment d68a75c9-8198-4516-bccd-b6523738b305 of type geneve for network 9af71940-fd66-4b18-a8af-0e7cd793e986 [pid: 7|app: 0|req: 1121/2339] 10.0.0.105 () {34 vars in 989 bytes} [Wed Jul 8 22:47:21 2026] GET /v2.0/ports?device_id=2d4e6613-4277-42f2-a44c-42fb4082cf73 => generated 12 bytes in 18 msecs (HTTP/1.1 200) 4 headers in 156 bytes (1 switches on core 0)
2026-07-08 22:47:21.524 8 INFO neutron.db.ovn_revision_numbers_db [None req-0b6eda8d-23f9-4442-93dd-eeb60da7d4a8 b3d0ccfa0104404d91b16242a812275e bee41cad8b9a4848872b1a475ae44c8c - - default default] Successfully bumped revision number for resource 9af71940-fd66-4b18-a8af-0e7cd793e986 (type: networks) to 1
2026-07-08 22:47:21.604 7 INFO neutron.db.ovn_revision_numbers_db [None req-958ff921-9d00-461f-b784-554482d68a87 dbf54934ef044c68aa3b9fcc5cf54df5 d17b1ded001b4695b4826ea53d97a991 - - default default] Successfully bumped revision number for resource e1028be4-e462-4be9-8279-3db4932759b3 (type: security_group_rules) to 0 [pid: 7|app: 0|req: 1122/2340] 10.0.0.207 () {34 vars in 694 bytes} [Wed Jul 8 22:47:21 2026] POST /v2.0/security-group-rules => generated 597 bytes in 198 msecs (HTTP/1.1 201) 4 headers in 162 bytes (1 switches on core 0)
2026-07-08 22:47:21.688 8 WARNING neutron.scheduler.dhcp_agent_scheduler [None req-0b6eda8d-23f9-4442-93dd-eeb60da7d4a8 b3d0ccfa0104404d91b16242a812275e bee41cad8b9a4848872b1a475ae44c8c - - default default] No more DHCP agents
2026-07-08 22:47:21.689 8 WARNING neutron.api.rpc.agentnotifiers.dhcp_rpc_agent_api [None req-0b6eda8d-23f9-4442-93dd-eeb60da7d4a8 b3d0ccfa0104404d91b16242a812275e bee41cad8b9a4848872b1a475ae44c8c - - default default] Unable to schedule network 9af71940-fd66-4b18-a8af-0e7cd793e986: no agents available; will retry on subsequent port and subnet creation events.
2026-07-08 22:47:21.772 8 INFO neutron.db.ovn_revision_numbers_db [None req-0b6eda8d-23f9-4442-93dd-eeb60da7d4a8 b3d0ccfa0104404d91b16242a812275e bee41cad8b9a4848872b1a475ae44c8c - - default default] Successfully bumped revision number for resource 05355751-e801-4085-8edf-f350f8e0c553 (type: ports) to 1 [pid: 8|app: 0|req: 1219/2341] 10.0.0.207 () {34 vars in 670 bytes} [Wed Jul 8 22:47:21 2026] POST /v2.0/networks => generated 744 bytes in 679 msecs (HTTP/1.1 201) 4 headers in 162 bytes (1 switches on core 0)
2026-07-08 22:47:21.832 7 INFO neutron.db.ovn_revision_numbers_db [None req-a2afe8ac-f4fd-4c84-8d11-608e9752d76c dbf54934ef044c68aa3b9fcc5cf54df5 d17b1ded001b4695b4826ea53d97a991 - - default default] Successfully bumped revision number for resource 83d9dbc9-974b-48f7-b711-d7ac60e4379b (type: security_group_rules) to 0 [pid: 7|app: 0|req: 1123/2342] 10.0.0.207 () {34 vars in 694 bytes} [Wed Jul 8 22:47:21 2026] POST /v2.0/security-group-rules => generated 597 bytes in 223 msecs (HTTP/1.1 201) 4 headers in 162 bytes (1 switches on core 0)
2026-07-08 22:47:21.974 8 WARNING neutron.scheduler.dhcp_agent_scheduler [None req-a7fabc07-c04e-48ed-be06-db67164c6131 b3d0ccfa0104404d91b16242a812275e bee41cad8b9a4848872b1a475ae44c8c - - default default] No more DHCP agents
2026-07-08 22:47:21.976 8 WARNING neutron.api.rpc.agentnotifiers.dhcp_rpc_agent_api [None req-a7fabc07-c04e-48ed-be06-db67164c6131 b3d0ccfa0104404d91b16242a812275e bee41cad8b9a4848872b1a475ae44c8c - - default default] Unable to schedule network 9af71940-fd66-4b18-a8af-0e7cd793e986: no agents available; will retry on subsequent port and subnet creation events.
2026-07-08 22:47:22.070 7 INFO neutron.db.ovn_revision_numbers_db [None req-434d6e2c-4c0c-4b74-9104-66c34e2cf90a dbf54934ef044c68aa3b9fcc5cf54df5 d17b1ded001b4695b4826ea53d97a991 - - default default] Successfully bumped revision number for resource 519c57a8-6b42-495b-ae75-21d89304fc1e (type: security_group_rules) to 0 [pid: 7|app: 0|req: 1124/2343] 10.0.0.207 () {34 vars in 694 bytes} [Wed Jul 8 22:47:21 2026] POST /v2.0/security-group-rules => generated 599 bytes in 226 msecs (HTTP/1.1 201) 4 headers in 162 bytes (1 switches on core 0)
2026-07-08 22:47:22.298 7 INFO neutron.db.ovn_revision_numbers_db [None req-0c7e8b92-b784-4b78-bbc0-5b8df7a589e5 dbf54934ef044c68aa3b9fcc5cf54df5 d17b1ded001b4695b4826ea53d97a991 - - default default] Successfully bumped revision number for resource f8404e56-39dd-41c0-a6d1-5f034192660f (type: security_group_rules) to 0 [pid: 7|app: 0|req: 1125/2344] 10.0.0.207 () {34 vars in 694 bytes} [Wed Jul 8 22:47:22 2026] POST /v2.0/security-group-rules => generated 601 bytes in 221 msecs (HTTP/1.1 201) 4 headers in 162 bytes (1 switches on core 0)
2026-07-08 22:47:22.464 8 INFO neutron.db.ovn_revision_numbers_db [None req-6d4ec508-b00d-44c6-9b08-075f4e93514a - - - - - -] Successfully bumped revision number for resource 05355751-e801-4085-8edf-f350f8e0c553 (type: ports) to 2
2026-07-08 22:47:22.499 8 INFO neutron.db.ovn_revision_numbers_db [None req-6d4ec508-b00d-44c6-9b08-075f4e93514a - - - - - -] Successfully bumped revision number for resource 392a659c-5ab4-4f3e-9972-46ffb7a2e4ea (type: subnets) to 0 [pid: 8|app: 0|req: 1220/2345] 10.0.0.207 () {34 vars in 668 bytes} [Wed Jul 8 22:47:21 2026] POST /v2.0/subnets => generated 688 bytes in 716 msecs (HTTP/1.1 201) 4 headers in 162 bytes (1 switches on core 0)
2026-07-08 22:47:22.663 7 INFO neutron.db.ovn_revision_numbers_db [None req-0e801596-6664-46ef-8332-95dfd810aad4 b3d0ccfa0104404d91b16242a812275e bee41cad8b9a4848872b1a475ae44c8c - - default default] Successfully bumped revision number for resource 171f9d00-9fea-4359-9434-a0515bedc5d0 (type: security_groups) to 1
2026-07-08 22:47:22.676 7 INFO neutron.db.ovn_revision_numbers_db [None req-0e801596-6664-46ef-8332-95dfd810aad4 b3d0ccfa0104404d91b16242a812275e bee41cad8b9a4848872b1a475ae44c8c - - default default] Successfully bumped revision number for resource 2d6d3d3d-851e-4a5c-ba7c-b509043fcd51 (type: security_group_rules) to 0
2026-07-08 22:47:22.686 7 INFO neutron.db.ovn_revision_numbers_db [None req-0e801596-6664-46ef-8332-95dfd810aad4 b3d0ccfa0104404d91b16242a812275e bee41cad8b9a4848872b1a475ae44c8c - - default default] Successfully bumped revision number for resource 5cd3d20f-e27f-484f-b59d-652854d34560 (type: security_group_rules) to 0
2026-07-08 22:47:22.696 7 INFO neutron.db.ovn_revision_numbers_db [None req-0e801596-6664-46ef-8332-95dfd810aad4 b3d0ccfa0104404d91b16242a812275e bee41cad8b9a4848872b1a475ae44c8c - - default default] Successfully bumped revision number for resource 68d901f8-a30e-4bc9-926b-4e1f1e8f9e63 (type: security_group_rules) to 0
2026-07-08 22:47:22.713 7 INFO neutron.db.ovn_revision_numbers_db [None req-0e801596-6664-46ef-8332-95dfd810aad4 b3d0ccfa0104404d91b16242a812275e bee41cad8b9a4848872b1a475ae44c8c - - default default] Successfully bumped revision number for resource fb5f8553-5498-4033-8d8d-5068a84a9710 (type: security_group_rules) to 0
2026-07-08 22:47:22.742 8 INFO neutron.db.ovn_revision_numbers_db [None req-955cb8ea-c177-40c6-b078-3c5e2e1caf9f dbf54934ef044c68aa3b9fcc5cf54df5 d17b1ded001b4695b4826ea53d97a991 - - default default] Successfully bumped revision number for resource 4d4fdeb8-3f92-4ca0-b374-ea167ba990cc (type: security_group_rules) to 0 [pid: 7|app: 0|req: 1126/2346] 10.0.0.207 () {32 vars in 773 bytes} [Wed Jul 8 22:47:22 2026] GET /v2.0/security-groups?tenant_id=14a3fcd2a5c54ab6bccb2726dd8fc836&name=default => generated 2925 bytes in 439 msecs (HTTP/1.1 200) 4 headers in 158 bytes (1 switches on core 0) [pid: 8|app: 0|req: 1221/2347] 10.0.0.207 () {34 vars in 694 bytes} [Wed Jul 8 22:47:22 2026] POST /v2.0/security-group-rules => generated 597 bytes in 260 msecs (HTTP/1.1 201) 4 headers in 162 bytes (1 switches on core 0)
2026-07-08 22:47:22.807 7 INFO neutron.services.segments.plugin [-] Segment 489a660a-e604-495e-96cd-351792b10c34 resource provider aggregate not found
2026-07-08 22:47:22.816 7 INFO neutron.services.segments.plugin [-] Segment 489a660a-e604-495e-96cd-351792b10c34 resource provider aggregate not found
2026-07-08 22:47:22.827 7 INFO neutron.services.segments.plugin [-] Segment 489a660a-e604-495e-96cd-351792b10c34 resource provider not found; error: Placement Client Error (4xx): {"errors": [{"status": 404, "title": "Not Found", "detail": "The resource could not be found.\n\n No resource provider with uuid 489a660a-e604-495e-96cd-351792b10c34 found for delete ", "request_id": "req-36d8f25c-a8c4-4a43-ab1f-276bd0b36a31"}]}
