2026-07-08 22:45:09.435 8 INFO neutron.services.segments.plugin [-] Segment 74d30945-6a28-4107-93ac-a644331c3c34 resource provider aggregate not found
2026-07-08 22:45:09.467 8 INFO neutron.services.segments.plugin [-] Segment 74d30945-6a28-4107-93ac-a644331c3c34 resource provider not found; error: Placement Client Error (4xx): {"errors": [{"status": 404, "title": "Not Found", "detail": "The resource could not be found.\n\n No resource provider with uuid 74d30945-6a28-4107-93ac-a644331c3c34 found for delete ", "request_id": "req-55459245-5c63-4327-812d-24fd9ef2f967"}]}
2026-07-08 22:45:09.472 8 INFO neutron.services.segments.plugin [-] Segment 74d30945-6a28-4107-93ac-a644331c3c34 resource provider not found; error: Placement Client Error (4xx): {"errors": [{"status": 404, "title": "Not Found", "detail": "The resource could not be found.\n\n No resource provider with uuid 74d30945-6a28-4107-93ac-a644331c3c34 found for delete ", "request_id": "req-94a1c356-7258-410f-87af-3be16f34ad06"}]} [pid: 8|app: 0|req: 791/1500] 10.0.0.207 () {32 vars in 725 bytes} [Wed Jul 8 22:45:09 2026] DELETE /v2.0/networks/2939f17f-9476-47f9-98bc-90eb6aac8433 => generated 0 bytes in 430 msecs (HTTP/1.1 204) 3 headers in 131 bytes (1 switches on core 0)
2026-07-08 22:45:09.561 7 INFO neutron.services.segments.plugin [-] Segment 11ae4aa5-3e71-460c-852f-e21564f45dd0 resource provider aggregate not found
2026-07-08 22:45:09.570 7 INFO neutron.services.segments.plugin [-] Segment 11ae4aa5-3e71-460c-852f-e21564f45dd0 resource provider aggregate not found
2026-07-08 22:45:09.582 7 INFO neutron.services.segments.plugin [-] Segment 11ae4aa5-3e71-460c-852f-e21564f45dd0 resource provider not found; error: Placement Client Error (4xx): {"errors": [{"status": 404, "title": "Not Found", "detail": "The resource could not be found.\n\n No resource provider with uuid 11ae4aa5-3e71-460c-852f-e21564f45dd0 found for delete ", "request_id": "req-46bdddb1-2d4d-4d91-9b67-513a7a47a573"}]}
2026-07-08 22:45:09.595 7 INFO neutron.services.segments.plugin [-] Segment 11ae4aa5-3e71-460c-852f-e21564f45dd0 resource provider not found; error: Placement Client Error (4xx): {"errors": [{"status": 404, "title": "Not Found", "detail": "The resource could not be found.\n\n No resource provider with uuid 11ae4aa5-3e71-460c-852f-e21564f45dd0 found for delete ", "request_id": "req-e8c929a6-d5d4-4a0b-b56a-fd1269585add"}]} [pid: 8|app: 0|req: 792/1501] 10.0.0.105 () {34 vars in 989 bytes} [Wed Jul 8 22:45:09 2026] GET /v2.0/ports?device_id=f693ef45-8b04-49d0-8a7f-0f077ae630a2 => generated 969 bytes in 73 msecs (HTTP/1.1 200) 4 headers in 157 bytes (1 switches on core 0) [pid: 7|app: 0|req: 710/1502] 10.0.0.207 () {32 vars in 725 bytes} [Wed Jul 8 22:45:09 2026] DELETE /v2.0/networks/6d86c02d-9036-4bb7-92e7-d96abf97f8ea => generated 0 bytes in 437 msecs (HTTP/1.1 204) 3 headers in 131 bytes (1 switches on core 0) [pid: 8|app: 0|req: 793/1503] 10.0.0.105 () {34 vars in 1039 bytes} [Wed Jul 8 22:45:09 2026] GET /v2.0/security-groups?id=ae001f0a-13a4-4833-a3a8-dd3472eaa3e9&fields=id&fields=name => generated 114 bytes in 37 msecs (HTTP/1.1 200) 4 headers in 157 bytes (1 switches on core 0) [pid: 8|app: 0|req: 794/1504] 10.0.0.207 () {32 vars in 773 bytes} [Wed Jul 8 22:45:09 2026] GET /v2.0/security-groups?tenant_id=4ed1a8ba4a6e440f813379330bb7f57d&name=default => generated 2925 bytes in 36 msecs (HTTP/1.1 200) 4 headers in 158 bytes (1 switches on core 0) [pid: 8|app: 0|req: 795/1505] 10.0.0.207 () {32 vars in 739 bytes} [Wed Jul 8 22:45:09 2026] DELETE /v2.0/security-groups/d3babae7-ddd4-4f3d-9647-d2dddf7fd40d => generated 0 bytes in 344 msecs (HTTP/1.1 204) 2 headers in 112 bytes (1 switches on core 0)
2026-07-08 22:45:10.225 7 WARNING neutron.scheduler.dhcp_agent_scheduler [None req-3d821b06-eab2-4edd-a146-9ee6c417fad9 c533161322bc498e9090147add1b30b9 96b4fcefb56e42fb8c436346604e183a - - default default] No more DHCP agents
2026-07-08 22:45:10.227 7 WARNING neutron.api.rpc.agentnotifiers.dhcp_rpc_agent_api [None req-3d821b06-eab2-4edd-a146-9ee6c417fad9 c533161322bc498e9090147add1b30b9 96b4fcefb56e42fb8c436346604e183a - - default default] Unable to schedule network 7ac100bb-b7b2-43a4-9913-1fbb3bf19fbf: no agents available; will retry on subsequent port and subnet creation events.
2026-07-08 22:45:10.369 8 INFO neutron.plugins.ml2.drivers.ovn.mech_driver.mech_driver [None req-6b301ca7-05fc-48f0-a8ad-06f73f64bb6c - - - - - -] OVN reports status down for port: 827ecd7d-cad1-4f9d-84e8-e295e264e41c
2026-07-08 22:45:10.405 7 INFO neutron.db.ovn_revision_numbers_db [None req-3d821b06-eab2-4edd-a146-9ee6c417fad9 c533161322bc498e9090147add1b30b9 96b4fcefb56e42fb8c436346604e183a - - default default] Successfully bumped revision number for resource 827ecd7d-cad1-4f9d-84e8-e295e264e41c (type: ports) to 1 [pid: 8|app: 0|req: 796/1506] 10.0.0.105 () {34 vars in 989 bytes} [Wed Jul 8 22:45:10 2026] GET /v2.0/ports?device_id=f693ef45-8b04-49d0-8a7f-0f077ae630a2 => generated 969 bytes in 31 msecs (HTTP/1.1 200) 4 headers in 157 bytes (1 switches on core 0) [pid: 8|app: 0|req: 797/1507] 10.0.0.105 () {34 vars in 1039 bytes} [Wed Jul 8 22:45:10 2026] GET /v2.0/security-groups?id=ae001f0a-13a4-4833-a3a8-dd3472eaa3e9&fields=id&fields=name => generated 114 bytes in 32 msecs (HTTP/1.1 200) 4 headers in 157 bytes (1 switches on core 0)
2026-07-08 22:45:11.055 7 INFO neutron.plugins.ml2.drivers.ovn.mech_driver.ovsdb.commands [None req-3a725ca1-6d73-4ca7-852a-924ba1a15b3e - - - - - -] Schedule LRP lrp-827ecd7d-cad1-4f9d-84e8-e295e264e41c on gateway 91920998-714c-4156-8d36-ff0038c4304e with priority 1
2026-07-08 22:45:11.088 8 INFO neutron.plugins.ml2.drivers.ovn.mech_driver.mech_driver [None req-6b301ca7-05fc-48f0-a8ad-06f73f64bb6c - - - - - -] OVN reports status up for port: 827ecd7d-cad1-4f9d-84e8-e295e264e41c
2026-07-08 22:45:11.101 8 INFO neutron.plugins.ml2.plugin [None req-6b301ca7-05fc-48f0-a8ad-06f73f64bb6c - - - - - -] Attempt 1 to provision port 827ecd7d-cad1-4f9d-84e8-e295e264e41c
2026-07-08 22:45:11.136 7 INFO neutron.db.ovn_revision_numbers_db [None req-3d821b06-eab2-4edd-a146-9ee6c417fad9 c533161322bc498e9090147add1b30b9 96b4fcefb56e42fb8c436346604e183a - - default default] Successfully bumped revision number for resource 827ecd7d-cad1-4f9d-84e8-e295e264e41c (type: router_ports) to 1
2026-07-08 22:45:11.243 7 INFO neutron.db.ovn_revision_numbers_db [None req-3d821b06-eab2-4edd-a146-9ee6c417fad9 c533161322bc498e9090147add1b30b9 96b4fcefb56e42fb8c436346604e183a - - default default] Successfully bumped revision number for resource 6b143df2-1e7d-4746-b5d7-e9cef9988f81 (type: routers) to 2 [pid: 7|app: 0|req: 711/1508] 10.0.0.207 () {34 vars in 668 bytes} [Wed Jul 8 22:45:09 2026] POST /v2.0/routers => generated 952 bytes in 1620 msecs (HTTP/1.1 201) 4 headers in 162 bytes (1 switches on core 0) [pid: 8|app: 0|req: 798/1509] 10.0.0.207 () {32 vars in 720 bytes} [Wed Jul 8 22:45:11 2026] GET /v2.0/routers/6b143df2-1e7d-4746-b5d7-e9cef9988f81 => generated 958 bytes in 73 msecs (HTTP/1.1 200) 4 headers in 157 bytes (1 switches on core 0) [pid: 7|app: 0|req: 712/1510] 10.0.0.207 () {32 vars in 646 bytes} [Wed Jul 8 22:45:11 2026] GET /v2.0/routers => generated 961 bytes in 106 msecs (HTTP/1.1 200) 4 headers in 157 bytes (1 switches on core 0)
2026-07-08 22:45:11.931 8 INFO neutron.db.ovn_revision_numbers_db [None req-eec8cc00-625f-4c67-886a-a6c3922330a2 c533161322bc498e9090147add1b30b9 96b4fcefb56e42fb8c436346604e183a - - default default] Successfully bumped revision number for resource 6b143df2-1e7d-4746-b5d7-e9cef9988f81 (type: routers) to 3 [pid: 8|app: 0|req: 799/1511] 10.0.0.207 () {34 vars in 740 bytes} [Wed Jul 8 22:45:11 2026] PUT /v2.0/routers/6b143df2-1e7d-4746-b5d7-e9cef9988f81 => generated 965 bytes in 484 msecs (HTTP/1.1 200) 4 headers in 157 bytes (1 switches on core 0) [pid: 7|app: 0|req: 713/1512] 10.0.0.207 () {32 vars in 720 bytes} [Wed Jul 8 22:45:11 2026] GET /v2.0/routers/6b143df2-1e7d-4746-b5d7-e9cef9988f81 => generated 965 bytes in 75 msecs (HTTP/1.1 200) 4 headers in 157 bytes (1 switches on core 0) [pid: 8|app: 0|req: 800/1513] 10.0.0.207 () {32 vars in 735 bytes} [Wed Jul 8 22:45:12 2026] GET /v2.0/ports?device_id=6b143df2-1e7d-4746-b5d7-e9cef9988f81 => generated 12 bytes in 21 msecs (HTTP/1.1 200) 4 headers in 156 bytes (1 switches on core 0)
2026-07-08 22:45:12.676 7 WARNING neutron.plugins.ml2.drivers.ovn.mech_driver.ovsdb.ovn_client [None req-4774ec8a-ee33-4943-9f5d-4a8e97021117 - - - - - -] No port found with ID 30268e93-0a30-4ced-af9e-1a5b9a5c6fdf: RuntimeError: No port found with ID 30268e93-0a30-4ced-af9e-1a5b9a5c6fdf
2026-07-08 22:45:12.708 7 INFO neutron.plugins.ml2.drivers.ovn.mech_driver.mech_driver [None req-4774ec8a-ee33-4943-9f5d-4a8e97021117 - - - - - -] OVN reports status up for port: 121f193e-e4d7-4983-b56f-bcbe5f2e4e61
2026-07-08 22:45:12.738 7 INFO neutron.plugins.ml2.plugin [None req-4774ec8a-ee33-4943-9f5d-4a8e97021117 - - - - - -] Attempt 1 to provision port 121f193e-e4d7-4983-b56f-bcbe5f2e4e61
2026-07-08 22:45:12.911 7 INFO neutron.notifiers.nova [-] Nova event matching ['req-21f72b07-0d15-4eb5-b6fd-3f7299a1c979'] response: {'server_uuid': 'f693ef45-8b04-49d0-8a7f-0f077ae630a2', 'name': 'network-vif-plugged', 'status': 'completed', 'tag': '121f193e-e4d7-4983-b56f-bcbe5f2e4e61', 'code': 200}
2026-07-08 22:45:13.011 7 INFO neutron_taas.services.taas.taas_plugin [None req-5f9409a6-fb10-4204-b4b3-1401c57f30e5 c533161322bc498e9090147add1b30b9 96b4fcefb56e42fb8c436346604e183a - - default default] TaaS: Handle Delete Port: 827ecd7d-cad1-4f9d-84e8-e295e264e41c
2026-07-08 22:45:13.019 7 INFO neutron_taas.services.taas.tap_mirror_plugin [None req-5f9409a6-fb10-4204-b4b3-1401c57f30e5 c533161322bc498e9090147add1b30b9 96b4fcefb56e42fb8c436346604e183a - - default default] Tap Mirror: Handle Delete Port: 827ecd7d-cad1-4f9d-84e8-e295e264e41c
2026-07-08 22:45:13.182 7 INFO neutron.db.ovn_revision_numbers_db [None req-4774ec8a-ee33-4943-9f5d-4a8e97021117 - - - - - -] Successfully bumped revision number for resource 121f193e-e4d7-4983-b56f-bcbe5f2e4e61 (type: ports) to 7
2026-07-08 22:45:13.481 8 INFO neutron.db.ovn_revision_numbers_db [None req-1ba45da3-3642-45a8-a942-a8455cc112c4 b3d0ccfa0104404d91b16242a812275e bee41cad8b9a4848872b1a475ae44c8c - - default default] Successfully bumped revision number for resource be7e94e3-b941-4b94-b405-5b9348ec6643 (type: security_groups) to 1
2026-07-08 22:45:13.516 8 INFO neutron.db.ovn_revision_numbers_db [None req-1ba45da3-3642-45a8-a942-a8455cc112c4 b3d0ccfa0104404d91b16242a812275e bee41cad8b9a4848872b1a475ae44c8c - - default default] Successfully bumped revision number for resource 15ef33e6-d2c6-4983-bc06-51e9eed3a83a (type: security_group_rules) to 0
2026-07-08 22:45:13.532 8 INFO neutron.db.ovn_revision_numbers_db [None req-1ba45da3-3642-45a8-a942-a8455cc112c4 b3d0ccfa0104404d91b16242a812275e bee41cad8b9a4848872b1a475ae44c8c - - default default] Successfully bumped revision number for resource 5ae08320-8c66-4fda-a7ad-5067bd3e88d3 (type: security_group_rules) to 0
2026-07-08 22:45:13.544 8 INFO neutron.db.ovn_revision_numbers_db [None req-1ba45da3-3642-45a8-a942-a8455cc112c4 b3d0ccfa0104404d91b16242a812275e bee41cad8b9a4848872b1a475ae44c8c - - default default] Successfully bumped revision number for resource ab81bee9-dc58-4ab4-b4d3-0ed89a7c7e3b (type: security_group_rules) to 0
2026-07-08 22:45:13.555 8 INFO neutron.db.ovn_revision_numbers_db [None req-1ba45da3-3642-45a8-a942-a8455cc112c4 b3d0ccfa0104404d91b16242a812275e bee41cad8b9a4848872b1a475ae44c8c - - default default] Successfully bumped revision number for resource cc78791f-f5ac-4d0c-b679-51927186ca95 (type: security_group_rules) to 0 [pid: 7|app: 0|req: 714/1516] 10.0.0.207 () {32 vars in 723 bytes} [Wed Jul 8 22:45:12 2026] DELETE /v2.0/routers/6b143df2-1e7d-4746-b5d7-e9cef9988f81 => generated 0 bytes in 1561 msecs (HTTP/1.1 204) 2 headers in 112 bytes (1 switches on core 0) [pid: 8|app: 0|req: 803/1517] 10.0.0.207 () {32 vars in 773 bytes} [Wed Jul 8 22:45:13 2026] GET /v2.0/security-groups?tenant_id=44ae3a2abb92460a96de1b968357b08f&name=default => generated 2925 bytes in 441 msecs (HTTP/1.1 200) 4 headers in 158 bytes (1 switches on core 0) /var/lib/openstack/lib/python3.12/site-packages/pycadf/identifier.py:70: UserWarning: Invalid uuid: neutron. To ensure interoperability, identifiers should be a valid uuid. warnings.warn(('Invalid uuid: %s. To ensure interoperability, ' [pid: 7|app: 0|req: 715/1518] 10.0.0.207 () {32 vars in 735 bytes} [Wed Jul 8 22:45:13 2026] GET /v2.0/ports?device_id=6b143df2-1e7d-4746-b5d7-e9cef9988f81 => generated 12 bytes in 19 msecs (HTTP/1.1 200) 4 headers in 156 bytes (1 switches on core 0)
2026-07-08 22:45:13.667 7 INFO neutron.api.v2.resource [None req-9c86e79f-8f43-4968-a45f-80e2f7085e8e c533161322bc498e9090147add1b30b9 96b4fcefb56e42fb8c436346604e183a - - default default] delete failed (client error): The resource could not be found. [pid: 7|app: 0|req: 716/1519] 10.0.0.207 () {32 vars in 723 bytes} [Wed Jul 8 22:45:13 2026] DELETE /v2.0/routers/6b143df2-1e7d-4746-b5d7-e9cef9988f81 => generated 135 bytes in 22 msecs (HTTP/1.1 404) 4 headers in 164 bytes (1 switches on core 0) [pid: 7|app: 0|req: 717/1520] 10.0.0.207 () {32 vars in 735 bytes} [Wed Jul 8 22:45:13 2026] GET /v2.0/ports?device_id=7ff5702d-63ce-43e6-8bee-18a485fe8960 => generated 12 bytes in 16 msecs (HTTP/1.1 200) 4 headers in 156 bytes (1 switches on core 0)
2026-07-08 22:45:13.712 7 INFO neutron.api.v2.resource [None req-f57c30cc-18d7-4e6a-a6f8-1da201f1501c c533161322bc498e9090147add1b30b9 96b4fcefb56e42fb8c436346604e183a - - default default] delete failed (client error): The resource could not be found. [pid: 7|app: 0|req: 718/1521] 10.0.0.207 () {32 vars in 723 bytes} [Wed Jul 8 22:45:13 2026] DELETE /v2.0/routers/7ff5702d-63ce-43e6-8bee-18a485fe8960 => generated 135 bytes in 17 msecs (HTTP/1.1 404) 4 headers in 164 bytes (1 switches on core 0)
2026-07-08 22:45:13.727 7 INFO neutron.pecan_wsgi.hooks.translation [None req-8c4497cc-7c00-4487-8f50-3d47f5fe12d0 c533161322bc498e9090147add1b30b9 96b4fcefb56e42fb8c436346604e183a - - default default] DELETE failed (client error): The resource could not be found. [pid: 7|app: 0|req: 719/1522] 10.0.0.207 () {32 vars in 723 bytes} [Wed Jul 8 22:45:13 2026] DELETE /v2.0/subnets/59794e85-4eef-49bd-9d52-a497c656061a => generated 136 bytes in 13 msecs (HTTP/1.1 404) 4 headers in 164 bytes (1 switches on core 0) [pid: 7|app: 0|req: 720/1523] 10.0.0.207 () {32 vars in 735 bytes} [Wed Jul 8 22:45:13 2026] GET /v2.0/ports?device_id=de7c0bfd-848c-455b-b05e-666ab7568fe7 => generated 12 bytes in 17 msecs (HTTP/1.1 200) 4 headers in 156 bytes (1 switches on core 0)
2026-07-08 22:45:13.775 7 INFO neutron.api.v2.resource [None req-20d7da4f-767c-4936-8393-c032eaa1476f c533161322bc498e9090147add1b30b9 96b4fcefb56e42fb8c436346604e183a - - default default] delete failed (client error): The resource could not be found. [pid: 7|app: 0|req: 721/1524] 10.0.0.207 () {32 vars in 723 bytes} [Wed Jul 8 22:45:13 2026] DELETE /v2.0/routers/de7c0bfd-848c-455b-b05e-666ab7568fe7 => generated 135 bytes in 17 msecs (HTTP/1.1 404) 4 headers in 164 bytes (1 switches on core 0)
2026-07-08 22:45:13.793 7 INFO neutron.pecan_wsgi.hooks.translation [None req-4fd3d067-f64d-4796-9d19-bdec1820ca9e c533161322bc498e9090147add1b30b9 96b4fcefb56e42fb8c436346604e183a - - default default] DELETE failed (client error): The resource could not be found. [pid: 7|app: 0|req: 722/1525] 10.0.0.207 () {32 vars in 723 bytes} [Wed Jul 8 22:45:13 2026] DELETE /v2.0/subnets/ab4fdd8d-568b-4b82-81b4-a93f54ada10c => generated 136 bytes in 14 msecs (HTTP/1.1 404) 4 headers in 164 bytes (1 switches on core 0) [pid: 7|app: 0|req: 723/1526] 10.0.0.207 () {32 vars in 735 bytes} [Wed Jul 8 22:45:13 2026] GET /v2.0/ports?device_id=35ab5972-fa69-48c5-b771-aefb75dc65eb => generated 12 bytes in 16 msecs (HTTP/1.1 200) 4 headers in 156 bytes (1 switches on core 0)
2026-07-08 22:45:13.852 7 INFO neutron.api.v2.resource [None req-71d70e7a-7736-4819-94e6-ac4da45289ff c533161322bc498e9090147add1b30b9 96b4fcefb56e42fb8c436346604e183a - - default default] delete failed (client error): The resource could not be found. [pid: 7|app: 0|req: 724/1527] 10.0.0.207 () {32 vars in 723 bytes} [Wed Jul 8 22:45:13 2026] DELETE /v2.0/routers/35ab5972-fa69-48c5-b771-aefb75dc65eb => generated 135 bytes in 32 msecs (HTTP/1.1 404) 4 headers in 164 bytes (1 switches on core 0)
2026-07-08 22:45:13.870 7 INFO neutron.pecan_wsgi.hooks.translation [None req-a44f1462-ce5c-4eea-b052-f4d942a78445 c533161322bc498e9090147add1b30b9 96b4fcefb56e42fb8c436346604e183a - - default default] DELETE failed (client error): The resource could not be found. [pid: 7|app: 0|req: 725/1528] 10.0.0.207 () {32 vars in 723 bytes} [Wed Jul 8 22:45:13 2026] DELETE /v2.0/subnets/5f93971b-ce06-4d87-8fee-0b11ab59b59c => generated 136 bytes in 14 msecs (HTTP/1.1 404) 4 headers in 164 bytes (1 switches on core 0) [pid: 8|app: 0|req: 804/1529] 10.0.0.207 () {32 vars in 739 bytes} [Wed Jul 8 22:45:13 2026] DELETE /v2.0/security-groups/be7e94e3-b941-4b94-b405-5b9348ec6643 => generated 0 bytes in 252 msecs (HTTP/1.1 204) 2 headers in 112 bytes (1 switches on core 0)
2026-07-08 22:45:13.887 7 INFO neutron.pecan_wsgi.hooks.translation [None req-353f3878-72ed-4305-9d81-95aa8b6eb7b6 c533161322bc498e9090147add1b30b9 96b4fcefb56e42fb8c436346604e183a - - default default] DELETE failed (client error): The resource could not be found. [pid: 7|app: 0|req: 726/1530] 10.0.0.207 () {32 vars in 723 bytes} [Wed Jul 8 22:45:13 2026] DELETE /v2.0/subnets/4be549d6-95f5-4957-a48d-9b94e136fd55 => generated 136 bytes in 12 msecs (HTTP/1.1 404) 4 headers in 164 bytes (1 switches on core 0) [pid: 8|app: 0|req: 805/1531] 10.0.0.207 () {32 vars in 773 bytes} [Wed Jul 8 22:45:14 2026] GET /v2.0/security-groups?tenant_id=96b4fcefb56e42fb8c436346604e183a&name=default => generated 2925 bytes in 149 msecs (HTTP/1.1 200) 4 headers in 158 bytes (1 switches on core 0) [pid: 7|app: 0|req: 727/1532] 10.0.0.207 () {32 vars in 739 bytes} [Wed Jul 8 22:45:14 2026] DELETE /v2.0/security-groups/9f5e5456-2ef0-49d6-8d9e-6b15e6aec382 => generated 0 bytes in 296 msecs (HTTP/1.1 204) 2 headers in 112 bytes (1 switches on core 0)
2026-07-08 22:45:14.958 7 INFO neutron.notifiers.nova [-] Nova event matching ['req-db1be7c4-9484-40d6-800c-557683ae6aed'] response: {'server_uuid': 'f693ef45-8b04-49d0-8a7f-0f077ae630a2', 'name': 'network-vif-plugged', 'status': 'completed', 'tag': '121f193e-e4d7-4983-b56f-bcbe5f2e4e61', 'code': 200}
2026-07-08 22:45:16.841 8 WARNING neutron.plugins.ml2.drivers.ovn.mech_driver.ovsdb.ovn_client [None req-6b301ca7-05fc-48f0-a8ad-06f73f64bb6c - - - - - -] No port found with ID 827ecd7d-cad1-4f9d-84e8-e295e264e41c: RuntimeError: No port found with ID 827ecd7d-cad1-4f9d-84e8-e295e264e41c
2026-07-08 22:45:18.389 8 INFO neutron.db.ovn_revision_numbers_db [None req-240eec41-2230-4413-8581-705f4a453bc6 b3d0ccfa0104404d91b16242a812275e bee41cad8b9a4848872b1a475ae44c8c - - default default] Successfully bumped revision number for resource d612dda8-6ba1-446d-a892-d09ff6f00a13 (type: security_groups) to 1
2026-07-08 22:45:18.403 8 INFO neutron.db.ovn_revision_numbers_db [None req-240eec41-2230-4413-8581-705f4a453bc6 b3d0ccfa0104404d91b16242a812275e bee41cad8b9a4848872b1a475ae44c8c - - default default] Successfully bumped revision number for resource 06252ab4-cfbf-4559-be7f-661d15ddc58b (type: security_group_rules) to 0
2026-07-08 22:45:18.421 8 INFO neutron.db.ovn_revision_numbers_db [None req-240eec41-2230-4413-8581-705f4a453bc6 b3d0ccfa0104404d91b16242a812275e bee41cad8b9a4848872b1a475ae44c8c - - default default] Successfully bumped revision number for resource 47bfc984-f808-453f-930a-26c6f007d572 (type: security_group_rules) to 0
2026-07-08 22:45:18.437 8 INFO neutron.db.ovn_revision_numbers_db [None req-240eec41-2230-4413-8581-705f4a453bc6 b3d0ccfa0104404d91b16242a812275e bee41cad8b9a4848872b1a475ae44c8c - - default default] Successfully bumped revision number for resource 8f6e4be0-f362-427b-90c9-61ffce469ddc (type: security_group_rules) to 0
2026-07-08 22:45:18.448 8 INFO neutron.db.ovn_revision_numbers_db [None req-240eec41-2230-4413-8581-705f4a453bc6 b3d0ccfa0104404d91b16242a812275e bee41cad8b9a4848872b1a475ae44c8c - - default default] Successfully bumped revision number for resource 9d92a362-30ed-46fb-a3fd-feccfb11162f (type: security_group_rules) to 0 [pid: 8|app: 0|req: 806/1533] 10.0.0.207 () {32 vars in 773 bytes} [Wed Jul 8 22:45:18 2026] GET /v2.0/security-groups?tenant_id=4e389b63d6404553af6508e82fda4645&name=default => generated 2925 bytes in 369 msecs (HTTP/1.1 200) 4 headers in 158 bytes (1 switches on core 0) [pid: 7|app: 0|req: 728/1534] 10.0.0.207 () {32 vars in 739 bytes} [Wed Jul 8 22:45:18 2026] DELETE /v2.0/security-groups/d612dda8-6ba1-446d-a892-d09ff6f00a13 => generated 0 bytes in 271 msecs (HTTP/1.1 204) 2 headers in 112 bytes (1 switches on core 0)
2026-07-08 22:45:19.044 8 INFO neutron.db.ovn_revision_numbers_db [None req-e327ad9d-ad3d-4e5b-bd36-816246ed177d b3d0ccfa0104404d91b16242a812275e bee41cad8b9a4848872b1a475ae44c8c - - default default] Successfully bumped revision number for resource 8add93b5-fda1-4d46-af5b-1c7574d3194d (type: security_groups) to 1
2026-07-08 22:45:19.056 8 INFO neutron.db.ovn_revision_numbers_db [None req-e327ad9d-ad3d-4e5b-bd36-816246ed177d b3d0ccfa0104404d91b16242a812275e bee41cad8b9a4848872b1a475ae44c8c - - default default] Successfully bumped revision number for resource 06771f1d-d672-482e-9bd8-dc1ff80d1782 (type: security_group_rules) to 0
2026-07-08 22:45:19.069 8 INFO neutron.db.ovn_revision_numbers_db [None req-e327ad9d-ad3d-4e5b-bd36-816246ed177d b3d0ccfa0104404d91b16242a812275e bee41cad8b9a4848872b1a475ae44c8c - - default default] Successfully bumped revision number for resource 24254675-2e13-4222-9a16-e148568f78f3 (type: security_group_rules) to 0
2026-07-08 22:45:19.081 8 INFO neutron.db.ovn_revision_numbers_db [None req-e327ad9d-ad3d-4e5b-bd36-816246ed177d b3d0ccfa0104404d91b16242a812275e bee41cad8b9a4848872b1a475ae44c8c - - default default] Successfully bumped revision number for resource 35024015-3cd9-44c5-b80f-1792253e26d1 (type: security_group_rules) to 0
2026-07-08 22:45:19.092 8 INFO neutron.db.ovn_revision_numbers_db [None req-e327ad9d-ad3d-4e5b-bd36-816246ed177d b3d0ccfa0104404d91b16242a812275e bee41cad8b9a4848872b1a475ae44c8c - - default default] Successfully bumped revision number for resource b714544c-e8ad-4d9f-a26f-9546b1151a76 (type: security_group_rules) to 0 [pid: 8|app: 0|req: 807/1535] 10.0.0.207 () {32 vars in 773 bytes} [Wed Jul 8 22:45:18 2026] GET /v2.0/security-groups?tenant_id=bbf266a1a7884ac99e2ff0554b8c0481&name=default => generated 2925 bytes in 271 msecs (HTTP/1.1 200) 4 headers in 158 bytes (1 switches on core 0) [pid: 7|app: 0|req: 729/1536] 10.0.0.207 () {32 vars in 739 bytes} [Wed Jul 8 22:45:19 2026] DELETE /v2.0/security-groups/8add93b5-fda1-4d46-af5b-1c7574d3194d => generated 0 bytes in 245 msecs (HTTP/1.1 204) 2 headers in 112 bytes (1 switches on core 0)
2026-07-08 22:45:20.178 8 INFO neutron.db.ovn_revision_numbers_db [None req-cd842e53-31f1-4cc6-a1e6-0020f308fe07 b3d0ccfa0104404d91b16242a812275e bee41cad8b9a4848872b1a475ae44c8c - - default default] Successfully bumped revision number for resource b5f56b0e-1e74-4e16-b1cc-33118c89e969 (type: security_groups) to 1
2026-07-08 22:45:20.194 8 INFO neutron.db.ovn_revision_numbers_db [None req-cd842e53-31f1-4cc6-a1e6-0020f308fe07 b3d0ccfa0104404d91b16242a812275e bee41cad8b9a4848872b1a475ae44c8c - - default default] Successfully bumped revision number for resource 068d4e6d-2f16-4663-b6fa-e8de5d7bdafc (type: security_group_rules) to 0
2026-07-08 22:45:20.209 8 INFO neutron.db.ovn_revision_numbers_db [None req-cd842e53-31f1-4cc6-a1e6-0020f308fe07 b3d0ccfa0104404d91b16242a812275e bee41cad8b9a4848872b1a475ae44c8c - - default default] Successfully bumped revision number for resource 4e88d841-5cce-43c5-ae0c-6a046d0e25cf (type: security_group_rules) to 0
2026-07-08 22:45:20.225 8 INFO neutron.db.ovn_revision_numbers_db [None req-cd842e53-31f1-4cc6-a1e6-0020f308fe07 b3d0ccfa0104404d91b16242a812275e bee41cad8b9a4848872b1a475ae44c8c - - default default] Successfully bumped revision number for resource 999d3dc0-4ff9-44ee-94d6-1ac6721097c1 (type: security_group_rules) to 0
2026-07-08 22:45:20.237 8 INFO neutron.db.ovn_revision_numbers_db [None req-cd842e53-31f1-4cc6-a1e6-0020f308fe07 b3d0ccfa0104404d91b16242a812275e bee41cad8b9a4848872b1a475ae44c8c - - default default] Successfully bumped revision number for resource 9e641fab-360d-456d-a65a-527af92b9d49 (type: security_group_rules) to 0 [pid: 8|app: 0|req: 808/1537] 10.0.0.207 () {32 vars in 773 bytes} [Wed Jul 8 22:45:19 2026] GET /v2.0/security-groups?tenant_id=c7e2395904d84587a42d50f27ee11c48&name=default => generated 2925 bytes in 434 msecs (HTTP/1.1 200) 4 headers in 158 bytes (1 switches on core 0) [pid: 7|app: 0|req: 730/1538] 10.0.0.207 () {32 vars in 739 bytes} [Wed Jul 8 22:45:20 2026] DELETE /v2.0/security-groups/b5f56b0e-1e74-4e16-b1cc-33118c89e969 => generated 0 bytes in 258 msecs (HTTP/1.1 204) 2 headers in 112 bytes (1 switches on core 0) [pid: 7|app: 0|req: 731/1539] 10.0.0.243 () {34 vars in 989 bytes} [Wed Jul 8 22:45:20 2026] GET /v2.0/ports?device_id=f693ef45-8b04-49d0-8a7f-0f077ae630a2 => generated 1209 bytes in 73 msecs (HTTP/1.1 200) 4 headers in 158 bytes (1 switches on core 0)
2026-07-08 22:45:20.801 8 INFO neutron.db.ovn_revision_numbers_db [None req-51c62c85-df7a-4d1d-ad74-ef97743789f7 b3d0ccfa0104404d91b16242a812275e bee41cad8b9a4848872b1a475ae44c8c - - default default] Successfully bumped revision number for resource da566a9c-208a-49b1-a1ef-858e9b82651f (type: security_groups) to 1 [pid: 7|app: 0|req: 732/1540] 10.0.0.243 () {34 vars in 1039 bytes} [Wed Jul 8 22:45:20 2026] GET /v2.0/security-groups?id=ae001f0a-13a4-4833-a3a8-dd3472eaa3e9&fields=id&fields=name => generated 114 bytes in 41 msecs (HTTP/1.1 200) 4 headers in 157 bytes (1 switches on core 0)
2026-07-08 22:45:20.813 8 INFO neutron.db.ovn_revision_numbers_db [None req-51c62c85-df7a-4d1d-ad74-ef97743789f7 b3d0ccfa0104404d91b16242a812275e bee41cad8b9a4848872b1a475ae44c8c - - default default] Successfully bumped revision number for resource 07a63c14-6845-4fa9-aa65-00aa9844f211 (type: security_group_rules) to 0
2026-07-08 22:45:20.846 8 INFO neutron.db.ovn_revision_numbers_db [None req-51c62c85-df7a-4d1d-ad74-ef97743789f7 b3d0ccfa0104404d91b16242a812275e bee41cad8b9a4848872b1a475ae44c8c - - default default] Successfully bumped revision number for resource 44af8f3d-10ed-47fc-93f5-12e672131238 (type: security_group_rules) to 0
2026-07-08 22:45:20.870 8 INFO neutron.db.ovn_revision_numbers_db [None req-51c62c85-df7a-4d1d-ad74-ef97743789f7 b3d0ccfa0104404d91b16242a812275e bee41cad8b9a4848872b1a475ae44c8c - - default default] Successfully bumped revision number for resource 908abd5e-8793-4b46-aa38-67254eae0f57 (type: security_group_rules) to 0
2026-07-08 22:45:20.886 8 INFO neutron.db.ovn_revision_numbers_db [None req-51c62c85-df7a-4d1d-ad74-ef97743789f7 b3d0ccfa0104404d91b16242a812275e bee41cad8b9a4848872b1a475ae44c8c - - default default] Successfully bumped revision number for resource 9c8e5d0c-9fe1-45e4-9298-eec032a456f7 (type: security_group_rules) to 0 [pid: 8|app: 0|req: 809/1541] 10.0.0.207 () {32 vars in 773 bytes} [Wed Jul 8 22:45:20 2026] GET /v2.0/security-groups?tenant_id=2be42d0114fe4dc88c7dc406b26c7958&name=default => generated 2925 bytes in 286 msecs (HTTP/1.1 200) 4 headers in 158 bytes (1 switches on core 0) [pid: 7|app: 0|req: 733/1542] 10.0.0.207 () {32 vars in 739 bytes} [Wed Jul 8 22:45:20 2026] DELETE /v2.0/security-groups/da566a9c-208a-49b1-a1ef-858e9b82651f => generated 0 bytes in 263 msecs (HTTP/1.1 204) 2 headers in 112 bytes (1 switches on core 0)
2026-07-08 22:45:22.125 8 INFO neutron.db.ovn_revision_numbers_db [None req-ca0fcaac-2f43-4e75-91c5-8342276ff8af b3d0ccfa0104404d91b16242a812275e bee41cad8b9a4848872b1a475ae44c8c - - default default] Successfully bumped revision number for resource f6558427-bbd0-4566-9c1c-fc95e75e3253 (type: security_groups) to 1
2026-07-08 22:45:22.136 8 INFO neutron.db.ovn_revision_numbers_db [None req-ca0fcaac-2f43-4e75-91c5-8342276ff8af b3d0ccfa0104404d91b16242a812275e bee41cad8b9a4848872b1a475ae44c8c - - default default] Successfully bumped revision number for resource 1bf63b5a-78ac-4f2e-98c0-d74c7900ee41 (type: security_group_rules) to 0
2026-07-08 22:45:22.147 8 INFO neutron.db.ovn_revision_numbers_db [None req-ca0fcaac-2f43-4e75-91c5-8342276ff8af b3d0ccfa0104404d91b16242a812275e bee41cad8b9a4848872b1a475ae44c8c - - default default] Successfully bumped revision number for resource 72da3121-c30d-42dc-ab48-77693785a106 (type: security_group_rules) to 0
2026-07-08 22:45:22.159 8 INFO neutron.db.ovn_revision_numbers_db [None req-ca0fcaac-2f43-4e75-91c5-8342276ff8af b3d0ccfa0104404d91b16242a812275e bee41cad8b9a4848872b1a475ae44c8c - - default default] Successfully bumped revision number for resource 7c52f289-c08d-486b-96e7-5114c0017a0d (type: security_group_rules) to 0
2026-07-08 22:45:22.175 8 INFO neutron.db.ovn_revision_numbers_db [None req-ca0fcaac-2f43-4e75-91c5-8342276ff8af b3d0ccfa0104404d91b16242a812275e bee41cad8b9a4848872b1a475ae44c8c - - default default] Successfully bumped revision number for resource d80f1cb9-506b-449b-b815-d0a7f68f3ad5 (type: security_group_rules) to 0 [pid: 8|app: 0|req: 810/1543] 10.0.0.207 () {32 vars in 773 bytes} [Wed Jul 8 22:45:21 2026] GET /v2.0/security-groups?tenant_id=3694fff16b7f4bb3a03f806bbb38131c&name=default => generated 2925 bytes in 395 msecs (HTTP/1.1 200) 4 headers in 158 bytes (1 switches on core 0) [pid: 7|app: 0|req: 734/1544] 10.0.0.207 () {32 vars in 739 bytes} [Wed Jul 8 22:45:22 2026] DELETE /v2.0/security-groups/f6558427-bbd0-4566-9c1c-fc95e75e3253 => generated 0 bytes in 232 msecs (HTTP/1.1 204) 2 headers in 112 bytes (1 switches on core 0)
2026-07-08 22:45:23.262 8 INFO neutron.db.ovn_revision_numbers_db [None req-59f127b1-45c4-4f65-9a67-a1d2b5c4b0d6 b3d0ccfa0104404d91b16242a812275e bee41cad8b9a4848872b1a475ae44c8c - - default default] Successfully bumped revision number for resource e8c0bd0a-4e62-48d4-a97b-497ae960fd94 (type: security_groups) to 1
2026-07-08 22:45:23.273 8 INFO neutron.db.ovn_revision_numbers_db [None req-59f127b1-45c4-4f65-9a67-a1d2b5c4b0d6 b3d0ccfa0104404d91b16242a812275e bee41cad8b9a4848872b1a475ae44c8c - - default default] Successfully bumped revision number for resource 447f1a5c-7827-4a70-9689-e5bee2e1b3a2 (type: security_group_rules) to 0
2026-07-08 22:45:23.285 8 INFO neutron.db.ovn_revision_numbers_db [None req-59f127b1-45c4-4f65-9a67-a1d2b5c4b0d6 b3d0ccfa0104404d91b16242a812275e bee41cad8b9a4848872b1a475ae44c8c - - default default] Successfully bumped revision number for resource 6793bb70-9357-46b5-9f87-cfaafffedf56 (type: security_group_rules) to 0
2026-07-08 22:45:23.299 8 INFO neutron.db.ovn_revision_numbers_db [None req-59f127b1-45c4-4f65-9a67-a1d2b5c4b0d6 b3d0ccfa0104404d91b16242a812275e bee41cad8b9a4848872b1a475ae44c8c - - default default] Successfully bumped revision number for resource 7e184eaa-d652-4a8d-9bf1-be23ce35eba0 (type: security_group_rules) to 0
2026-07-08 22:45:23.311 8 INFO neutron.db.ovn_revision_numbers_db [None req-59f127b1-45c4-4f65-9a67-a1d2b5c4b0d6 b3d0ccfa0104404d91b16242a812275e bee41cad8b9a4848872b1a475ae44c8c - - default default] Successfully bumped revision number for resource bd9c7cb1-0b7a-41ba-af6f-bcff43cc0ce8 (type: security_group_rules) to 0 [pid: 8|app: 0|req: 811/1545] 10.0.0.207 () {32 vars in 773 bytes} [Wed Jul 8 22:45:23 2026] GET /v2.0/security-groups?tenant_id=1ae1bc6f4a444519bbedf136ed0a90c3&name=default => generated 2925 bytes in 323 msecs (HTTP/1.1 200) 4 headers in 158 bytes (1 switches on core 0) [pid: 7|app: 0|req: 735/1546] 10.0.0.207 () {32 vars in 739 bytes} [Wed Jul 8 22:45:23 2026] DELETE /v2.0/security-groups/e8c0bd0a-4e62-48d4-a97b-497ae960fd94 => generated 0 bytes in 247 msecs (HTTP/1.1 204) 2 headers in 112 bytes (1 switches on core 0)
2026-07-08 22:45:24.703 8 INFO neutron.db.ovn_revision_numbers_db [None req-5e2bdcfb-016b-4330-9ea9-e44806e181de 8bddfe1309f94e908d689173c90452a0 a1ca93881a344bd7bcd24e7502ee74ee - - default default] Successfully bumped revision number for resource dd8f28aa-9735-45ba-b159-7d80dbdd8e23 (type: security_groups) to 1
2026-07-08 22:45:24.714 8 INFO neutron.db.ovn_revision_numbers_db [None req-5e2bdcfb-016b-4330-9ea9-e44806e181de 8bddfe1309f94e908d689173c90452a0 a1ca93881a344bd7bcd24e7502ee74ee - - default default] Successfully bumped revision number for resource 2462a7b5-cd29-41fe-8320-beb50067b2da (type: security_group_rules) to 0
2026-07-08 22:45:24.725 8 INFO neutron.db.ovn_revision_numbers_db [None req-5e2bdcfb-016b-4330-9ea9-e44806e181de 8bddfe1309f94e908d689173c90452a0 a1ca93881a344bd7bcd24e7502ee74ee - - default default] Successfully bumped revision number for resource 53cd943a-5c87-419f-a197-879bde7da5eb (type: security_group_rules) to 0
2026-07-08 22:45:24.735 8 INFO neutron.db.ovn_revision_numbers_db [None req-5e2bdcfb-016b-4330-9ea9-e44806e181de 8bddfe1309f94e908d689173c90452a0 a1ca93881a344bd7bcd24e7502ee74ee - - default default] Successfully bumped revision number for resource c42faf70-d4b4-4f99-bb46-e92a5ebd5542 (type: security_group_rules) to 0
2026-07-08 22:45:24.748 8 INFO neutron.db.ovn_revision_numbers_db [None req-5e2bdcfb-016b-4330-9ea9-e44806e181de 8bddfe1309f94e908d689173c90452a0 a1ca93881a344bd7bcd24e7502ee74ee - - default default] Successfully bumped revision number for resource cfd77176-427c-4707-a4d4-f5653e5ba64a (type: security_group_rules) to 0
2026-07-08 22:45:24.830 8 INFO neutron.db.segments_db [None req-5e2bdcfb-016b-4330-9ea9-e44806e181de 8bddfe1309f94e908d689173c90452a0 a1ca93881a344bd7bcd24e7502ee74ee - - default default] Added segment de9334bf-0e3b-477f-b55d-054528c43627 of type geneve for network b1476a0e-84a5-4d0a-b33d-70176a744186
2026-07-08 22:45:24.979 8 INFO neutron.db.ovn_revision_numbers_db [None req-5e2bdcfb-016b-4330-9ea9-e44806e181de 8bddfe1309f94e908d689173c90452a0 a1ca93881a344bd7bcd24e7502ee74ee - - default default] Successfully bumped revision number for resource b1476a0e-84a5-4d0a-b33d-70176a744186 (type: networks) to 1
2026-07-08 22:45:25.008 7 INFO neutron.db.ovn_revision_numbers_db [None req-969936ab-d3a1-40e3-8fb9-bf7bd399faef b3d0ccfa0104404d91b16242a812275e bee41cad8b9a4848872b1a475ae44c8c - - default default] Successfully bumped revision number for resource 34f1a69a-6a31-4940-a9b0-b7682f42783d (type: security_groups) to 1
2026-07-08 22:45:25.025 7 INFO neutron.db.ovn_revision_numbers_db [None req-969936ab-d3a1-40e3-8fb9-bf7bd399faef b3d0ccfa0104404d91b16242a812275e bee41cad8b9a4848872b1a475ae44c8c - - default default] Successfully bumped revision number for resource 0891e574-40c3-4c66-b66e-81e538af9f9b (type: security_group_rules) to 0
2026-07-08 22:45:25.039 7 INFO neutron.db.ovn_revision_numbers_db [None req-969936ab-d3a1-40e3-8fb9-bf7bd399faef b3d0ccfa0104404d91b16242a812275e bee41cad8b9a4848872b1a475ae44c8c - - default default] Successfully bumped revision number for resource 323324ac-eceb-418c-8043-ae80a33c894f (type: security_group_rules) to 0
2026-07-08 22:45:25.051 7 INFO neutron.db.ovn_revision_numbers_db [None req-969936ab-d3a1-40e3-8fb9-bf7bd399faef b3d0ccfa0104404d91b16242a812275e bee41cad8b9a4848872b1a475ae44c8c - - default default] Successfully bumped revision number for resource a08afba7-b175-4bd6-a357-f3b30edec7f6 (type: security_group_rules) to 0
2026-07-08 22:45:25.070 7 INFO neutron.db.ovn_revision_numbers_db [None req-969936ab-d3a1-40e3-8fb9-bf7bd399faef b3d0ccfa0104404d91b16242a812275e bee41cad8b9a4848872b1a475ae44c8c - - default default] Successfully bumped revision number for resource a0a1d109-7fb2-4864-bc5f-8bbdfae103ac (type: security_group_rules) to 0 [pid: 7|app: 0|req: 736/1547] 10.0.0.207 () {32 vars in 773 bytes} [Wed Jul 8 22:45:24 2026] GET /v2.0/security-groups?tenant_id=b4f26da39d894b949d023e6e94650ceb&name=default => generated 2925 bytes in 381 msecs (HTTP/1.1 200) 4 headers in 158 bytes (1 switches on core 0)
2026-07-08 22:45:25.179 8 WARNING neutron.scheduler.dhcp_agent_scheduler [None req-5e2bdcfb-016b-4330-9ea9-e44806e181de 8bddfe1309f94e908d689173c90452a0 a1ca93881a344bd7bcd24e7502ee74ee - - default default] No more DHCP agents
2026-07-08 22:45:25.180 8 WARNING neutron.api.rpc.agentnotifiers.dhcp_rpc_agent_api [None req-5e2bdcfb-016b-4330-9ea9-e44806e181de 8bddfe1309f94e908d689173c90452a0 a1ca93881a344bd7bcd24e7502ee74ee - - default default] Unable to schedule network b1476a0e-84a5-4d0a-b33d-70176a744186: no agents available; will retry on subsequent port and subnet creation events.
2026-07-08 22:45:25.249 7 INFO neutron.plugins.ml2.drivers.ovn.mech_driver.mech_driver [None req-d6446d7d-9439-4ac1-9629-a5e8730f0336 - - - - - -] OVN reports status down for port: 26cb8295-27ae-4599-a8ff-83b6de7ecd26
2026-07-08 22:45:25.278 8 INFO neutron.db.ovn_revision_numbers_db [None req-5e2bdcfb-016b-4330-9ea9-e44806e181de 8bddfe1309f94e908d689173c90452a0 a1ca93881a344bd7bcd24e7502ee74ee - - default default] Successfully bumped revision number for resource 26cb8295-27ae-4599-a8ff-83b6de7ecd26 (type: ports) to 1 [pid: 8|app: 0|req: 812/1548] 10.0.0.207 () {34 vars in 669 bytes} [Wed Jul 8 22:45:24 2026] POST /v2.0/networks => generated 649 bytes in 1005 msecs (HTTP/1.1 201) 4 headers in 162 bytes (1 switches on core 0) [pid: 7|app: 0|req: 737/1549] 10.0.0.207 () {32 vars in 739 bytes} [Wed Jul 8 22:45:25 2026] DELETE /v2.0/security-groups/34f1a69a-6a31-4940-a9b0-b7682f42783d => generated 0 bytes in 315 msecs (HTTP/1.1 204) 2 headers in 112 bytes (1 switches on core 0)
2026-07-08 22:45:25.559 8 WARNING neutron.scheduler.dhcp_agent_scheduler [None req-53133dd5-820c-4704-8fb1-61ca6e046a9d 8bddfe1309f94e908d689173c90452a0 a1ca93881a344bd7bcd24e7502ee74ee - - default default] No more DHCP agents
2026-07-08 22:45:25.561 8 WARNING neutron.api.rpc.agentnotifiers.dhcp_rpc_agent_api [None req-53133dd5-820c-4704-8fb1-61ca6e046a9d 8bddfe1309f94e908d689173c90452a0 a1ca93881a344bd7bcd24e7502ee74ee - - default default] Unable to schedule network b1476a0e-84a5-4d0a-b33d-70176a744186: no agents available; will retry on subsequent port and subnet creation events.
2026-07-08 22:45:25.640 8 INFO neutron.plugins.ml2.drivers.ovn.mech_driver.mech_driver [None req-6b301ca7-05fc-48f0-a8ad-06f73f64bb6c - - - - - -] OVN reports status down for port: 5bba9816-c3d7-4410-92aa-38d60c8f6b4c
2026-07-08 22:45:25.724 8 INFO neutron.db.ovn_revision_numbers_db [None req-53133dd5-820c-4704-8fb1-61ca6e046a9d 8bddfe1309f94e908d689173c90452a0 a1ca93881a344bd7bcd24e7502ee74ee - - default default] Successfully bumped revision number for resource 5bba9816-c3d7-4410-92aa-38d60c8f6b4c (type: ports) to 1 [pid: 8|app: 0|req: 813/1550] 10.0.0.207 () {34 vars in 664 bytes} [Wed Jul 8 22:45:25 2026] POST /v2.0/ports => generated 779 bytes in 501 msecs (HTTP/1.1 201) 4 headers in 162 bytes (1 switches on core 0)
2026-07-08 22:45:25.909 7 INFO neutron.db.segments_db [None req-7fd7b419-2ac5-469f-98c2-80d304f13d22 8bddfe1309f94e908d689173c90452a0 a1ca93881a344bd7bcd24e7502ee74ee - - default default] Added segment 9b4deb2c-5dbd-4369-ad6c-a7cb7962d346 of type geneve for network 5318d956-9500-4bc2-a7b3-530cca1e4ad4
2026-07-08 22:45:26.061 7 INFO neutron.db.ovn_revision_numbers_db [None req-7fd7b419-2ac5-469f-98c2-80d304f13d22 8bddfe1309f94e908d689173c90452a0 a1ca93881a344bd7bcd24e7502ee74ee - - default default] Successfully bumped revision number for resource 5318d956-9500-4bc2-a7b3-530cca1e4ad4 (type: networks) to 1
2026-07-08 22:45:26.245 7 WARNING neutron.scheduler.dhcp_agent_scheduler [None req-7fd7b419-2ac5-469f-98c2-80d304f13d22 8bddfe1309f94e908d689173c90452a0 a1ca93881a344bd7bcd24e7502ee74ee - - default default] No more DHCP agents
2026-07-08 22:45:26.247 7 WARNING neutron.api.rpc.agentnotifiers.dhcp_rpc_agent_api [None req-7fd7b419-2ac5-469f-98c2-80d304f13d22 8bddfe1309f94e908d689173c90452a0 a1ca93881a344bd7bcd24e7502ee74ee - - default default] Unable to schedule network 5318d956-9500-4bc2-a7b3-530cca1e4ad4: no agents available; will retry on subsequent port and subnet creation events.
2026-07-08 22:45:26.302 8 INFO neutron.plugins.ml2.drivers.ovn.mech_driver.mech_driver [None req-6b301ca7-05fc-48f0-a8ad-06f73f64bb6c - - - - - -] OVN reports status down for port: 306240e6-209e-4aaa-a102-196b24b2d92f
2026-07-08 22:45:26.346 7 INFO neutron.db.ovn_revision_numbers_db [None req-7fd7b419-2ac5-469f-98c2-80d304f13d22 8bddfe1309f94e908d689173c90452a0 a1ca93881a344bd7bcd24e7502ee74ee - - default default] Successfully bumped revision number for resource 306240e6-209e-4aaa-a102-196b24b2d92f (type: ports) to 1 [pid: 7|app: 0|req: 738/1551] 10.0.0.207 () {34 vars in 669 bytes} [Wed Jul 8 22:45:25 2026] POST /v2.0/networks => generated 636 bytes in 560 msecs (HTTP/1.1 201) 4 headers in 162 bytes (1 switches on core 0) /var/lib/openstack/lib/python3.12/site-packages/pycadf/identifier.py:70: UserWarning: Invalid uuid: neutron. To ensure interoperability, identifiers should be a valid uuid. warnings.warn(('Invalid uuid: %s. To ensure interoperability, ' [pid: 8|app: 0|req: 814/1552] 10.0.0.105 () {34 vars in 989 bytes} [Wed Jul 8 22:45:26 2026] GET /v2.0/ports?device_id=f693ef45-8b04-49d0-8a7f-0f077ae630a2 => generated 971 bytes in 103 msecs (HTTP/1.1 200) 4 headers in 157 bytes (1 switches on core 0) [pid: 8|app: 0|req: 815/1553] 10.0.0.105 () {34 vars in 1039 bytes} [Wed Jul 8 22:45:26 2026] GET /v2.0/security-groups?id=ae001f0a-13a4-4833-a3a8-dd3472eaa3e9&fields=id&fields=name => generated 114 bytes in 34 msecs (HTTP/1.1 200) 4 headers in 157 bytes (1 switches on core 0)
2026-07-08 22:45:26.600 7 WARNING neutron.scheduler.dhcp_agent_scheduler [None req-84a3e674-c9c6-47fd-9547-c48f3a40c2cd 8bddfe1309f94e908d689173c90452a0 a1ca93881a344bd7bcd24e7502ee74ee - - default default] No more DHCP agents
2026-07-08 22:45:26.606 7 WARNING neutron.api.rpc.agentnotifiers.dhcp_rpc_agent_api [None req-84a3e674-c9c6-47fd-9547-c48f3a40c2cd 8bddfe1309f94e908d689173c90452a0 a1ca93881a344bd7bcd24e7502ee74ee - - default default] Unable to schedule network 5318d956-9500-4bc2-a7b3-530cca1e4ad4: no agents available; will retry on subsequent port and subnet creation events.
2026-07-08 22:45:26.642 7 INFO neutron.db.ovn_revision_numbers_db [None req-84a3e674-c9c6-47fd-9547-c48f3a40c2cd 8bddfe1309f94e908d689173c90452a0 a1ca93881a344bd7bcd24e7502ee74ee - - default default] Successfully bumped revision number for resource 4bb987ba-7c35-42e0-b2f3-1442fea324d4 (type: subnets) to 0 [pid: 7|app: 0|req: 739/1554] 10.0.0.207 () {34 vars in 668 bytes} [Wed Jul 8 22:45:26 2026] POST /v2.0/subnets => generated 646 bytes in 276 msecs (HTTP/1.1 201) 4 headers in 162 bytes (1 switches on core 0) [pid: 7|app: 0|req: 740/1555] 10.0.0.105 () {34 vars in 989 bytes} [Wed Jul 8 22:45:26 2026] GET /v2.0/ports?device_id=f693ef45-8b04-49d0-8a7f-0f077ae630a2 => generated 971 bytes in 99 msecs (HTTP/1.1 200) 4 headers in 157 bytes (1 switches on core 0) [pid: 7|app: 0|req: 741/1556] 10.0.0.105 () {34 vars in 1039 bytes} [Wed Jul 8 22:45:26 2026] GET /v2.0/security-groups?id=ae001f0a-13a4-4833-a3a8-dd3472eaa3e9&fields=id&fields=name => generated 114 bytes in 29 msecs (HTTP/1.1 200) 4 headers in 157 bytes (1 switches on core 0)
2026-07-08 22:45:27.000 8 WARNING neutron.scheduler.dhcp_agent_scheduler [None req-654e7f91-50ad-4fa4-976a-2a936760c285 8bddfe1309f94e908d689173c90452a0 a1ca93881a344bd7bcd24e7502ee74ee - - default default] No more DHCP agents
2026-07-08 22:45:27.003 8 WARNING neutron.api.rpc.agentnotifiers.dhcp_rpc_agent_api [None req-654e7f91-50ad-4fa4-976a-2a936760c285 8bddfe1309f94e908d689173c90452a0 a1ca93881a344bd7bcd24e7502ee74ee - - default default] Unable to schedule network 5318d956-9500-4bc2-a7b3-530cca1e4ad4: no agents available; will retry on subsequent port and subnet creation events.
2026-07-08 22:45:27.106 8 INFO neutron.plugins.ml2.drivers.ovn.mech_driver.mech_driver [None req-6b301ca7-05fc-48f0-a8ad-06f73f64bb6c - - - - - -] OVN reports status down for port: a2f7d74d-8de7-47d8-b343-71da6a9e2564
2026-07-08 22:45:27.173 8 INFO neutron.db.ovn_revision_numbers_db [None req-654e7f91-50ad-4fa4-976a-2a936760c285 8bddfe1309f94e908d689173c90452a0 a1ca93881a344bd7bcd24e7502ee74ee - - default default] Successfully bumped revision number for resource a2f7d74d-8de7-47d8-b343-71da6a9e2564 (type: ports) to 1 [pid: 8|app: 0|req: 816/1557] 10.0.0.207 () {34 vars in 664 bytes} [Wed Jul 8 22:45:26 2026] POST /v2.0/ports => generated 960 bytes in 586 msecs (HTTP/1.1 201) 4 headers in 162 bytes (1 switches on core 0)
2026-07-08 22:45:27.400 7 INFO neutron_taas.services.taas.taas_plugin [None req-0645fd3e-eb89-40a2-849f-d3910c0ae673 8bddfe1309f94e908d689173c90452a0 a1ca93881a344bd7bcd24e7502ee74ee - - default default] TaaS: Handle Delete Port: a2f7d74d-8de7-47d8-b343-71da6a9e2564
2026-07-08 22:45:27.407 7 INFO neutron_taas.services.taas.tap_mirror_plugin [None req-0645fd3e-eb89-40a2-849f-d3910c0ae673 8bddfe1309f94e908d689173c90452a0 a1ca93881a344bd7bcd24e7502ee74ee - - default default] Tap Mirror: Handle Delete Port: a2f7d74d-8de7-47d8-b343-71da6a9e2564 [pid: 7|app: 0|req: 742/1560] 10.0.0.207 () {32 vars in 719 bytes} [Wed Jul 8 22:45:27 2026] DELETE /v2.0/ports/a2f7d74d-8de7-47d8-b343-71da6a9e2564 => generated 0 bytes in 302 msecs (HTTP/1.1 204) 3 headers in 131 bytes (1 switches on core 0) /var/lib/openstack/lib/python3.12/site-packages/pycadf/identifier.py:70: UserWarning: Invalid uuid: neutron. To ensure interoperability, identifiers should be a valid uuid. warnings.warn(('Invalid uuid: %s. To ensure interoperability, '
2026-07-08 22:45:27.587 8 INFO neutron.pecan_wsgi.hooks.translation [None req-08c5a957-653f-4aec-bc44-4d46b0f51533 8bddfe1309f94e908d689173c90452a0 a1ca93881a344bd7bcd24e7502ee74ee - - default default] DELETE failed (client error): The resource could not be found. [pid: 8|app: 0|req: 819/1561] 10.0.0.207 () {32 vars in 719 bytes} [Wed Jul 8 22:45:27 2026] DELETE /v2.0/ports/a2f7d74d-8de7-47d8-b343-71da6a9e2564 => generated 132 bytes in 21 msecs (HTTP/1.1 404) 4 headers in 164 bytes (1 switches on core 0)
2026-07-08 22:45:27.618 7 INFO neutron.pecan_wsgi.hooks.translation [None req-02b84cec-7f49-4e46-9f53-53b2ea523c52 8bddfe1309f94e908d689173c90452a0 a1ca93881a344bd7bcd24e7502ee74ee - - default default] GET failed (client error): The resource could not be found. [pid: 7|app: 0|req: 743/1562] 10.0.0.207 () {32 vars in 716 bytes} [Wed Jul 8 22:45:27 2026] GET /v2.0/ports/a2f7d74d-8de7-47d8-b343-71da6a9e2564 => generated 132 bytes in 24 msecs (HTTP/1.1 404) 4 headers in 164 bytes (1 switches on core 0) [pid: 8|app: 0|req: 820/1563] 10.0.0.207 () {32 vars in 723 bytes} [Wed Jul 8 22:45:27 2026] DELETE /v2.0/subnets/4bb987ba-7c35-42e0-b2f3-1442fea324d4 => generated 0 bytes in 138 msecs (HTTP/1.1 204) 3 headers in 131 bytes (1 switches on core 0)
2026-07-08 22:45:27.778 7 INFO neutron.plugins.ml2.drivers.ovn.mech_driver.mech_driver [None req-d6446d7d-9439-4ac1-9629-a5e8730f0336 - - - - - -] OVN reports status down for port: 121f193e-e4d7-4983-b56f-bcbe5f2e4e61
2026-07-08 22:45:28.038 7 INFO neutron.notifiers.nova [-] Nova event matching ['req-6addbef3-d540-4502-848d-fb8d9c5ba5fa'] response: {'server_uuid': 'f693ef45-8b04-49d0-8a7f-0f077ae630a2', 'name': 'network-vif-unplugged', 'status': 'completed', 'tag': '121f193e-e4d7-4983-b56f-bcbe5f2e4e61', 'code': 200}
2026-07-08 22:45:28.088 7 INFO neutron_taas.services.taas.taas_plugin [None req-f47d598f-e520-40da-88c6-bcea4ca30218 8bddfe1309f94e908d689173c90452a0 a1ca93881a344bd7bcd24e7502ee74ee - - default default] TaaS: Handle Delete Port: 306240e6-209e-4aaa-a102-196b24b2d92f
2026-07-08 22:45:28.094 7 INFO neutron_taas.services.taas.tap_mirror_plugin [None req-f47d598f-e520-40da-88c6-bcea4ca30218 8bddfe1309f94e908d689173c90452a0 a1ca93881a344bd7bcd24e7502ee74ee - - default default] Tap Mirror: Handle Delete Port: 306240e6-209e-4aaa-a102-196b24b2d92f
2026-07-08 22:45:28.293 7 INFO neutron.db.ovn_revision_numbers_db [None req-d6446d7d-9439-4ac1-9629-a5e8730f0336 - - - - - -] Successfully bumped revision number for resource 121f193e-e4d7-4983-b56f-bcbe5f2e4e61 (type: ports) to 8
2026-07-08 22:45:28.328 8 WARNING neutron.scheduler.dhcp_agent_scheduler [None req-8ff7fa63-e615-4b94-93bb-3150d2534b21 3038e770e1304c3dbdb036b28e8eca8e a38c36f4881a4fc6a0cb50446816c2c6 - - default default] No more DHCP agents
2026-07-08 22:45:28.330 8 WARNING neutron.api.rpc.agentnotifiers.dhcp_rpc_agent_api [None req-8ff7fa63-e615-4b94-93bb-3150d2534b21 3038e770e1304c3dbdb036b28e8eca8e a38c36f4881a4fc6a0cb50446816c2c6 - - default default] Unable to schedule network 7ac100bb-b7b2-43a4-9913-1fbb3bf19fbf: no agents available; will retry on subsequent port and subnet creation events.
2026-07-08 22:45:28.396 7 INFO neutron.services.segments.plugin [-] Segment 9b4deb2c-5dbd-4369-ad6c-a7cb7962d346 resource provider aggregate not found
2026-07-08 22:45:28.403 7 INFO neutron.services.segments.plugin [-] Segment 9b4deb2c-5dbd-4369-ad6c-a7cb7962d346 resource provider aggregate not found
2026-07-08 22:45:28.425 7 INFO neutron.services.segments.plugin [-] Segment 9b4deb2c-5dbd-4369-ad6c-a7cb7962d346 resource provider not found; error: Placement Client Error (4xx): {"errors": [{"status": 404, "title": "Not Found", "detail": "The resource could not be found.\n\n No resource provider with uuid 9b4deb2c-5dbd-4369-ad6c-a7cb7962d346 found for delete ", "request_id": "req-38886d68-a94b-4024-8e7d-dbf630c88bb3"}]}
