2026-07-08 22:44:31.011 7 INFO neutron.db.ovn_revision_numbers_db [None req-88c5d390-1de1-4360-9d77-c2ab970d4ab8 d7e42a954ab44c66bb34f96d22bb2660 61e281f0ffbf414f8958371d348be17b - - default default] Successfully bumped revision number for resource 0e5cafab-d28d-49ab-a69d-f387c24cb535 (type: security_group_rules) to 0
2026-07-08 22:44:31.031 7 INFO neutron.db.ovn_revision_numbers_db [None req-88c5d390-1de1-4360-9d77-c2ab970d4ab8 d7e42a954ab44c66bb34f96d22bb2660 61e281f0ffbf414f8958371d348be17b - - default default] Successfully bumped revision number for resource 29652e63-808b-44b6-b039-7a47e644f73a (type: security_group_rules) to 0
2026-07-08 22:44:31.044 7 INFO neutron.db.ovn_revision_numbers_db [None req-88c5d390-1de1-4360-9d77-c2ab970d4ab8 d7e42a954ab44c66bb34f96d22bb2660 61e281f0ffbf414f8958371d348be17b - - default default] Successfully bumped revision number for resource a4c82e8f-5f27-4427-a59c-d935864c1ae5 (type: security_group_rules) to 0
2026-07-08 22:44:31.083 7 INFO neutron.db.ovn_revision_numbers_db [None req-88c5d390-1de1-4360-9d77-c2ab970d4ab8 d7e42a954ab44c66bb34f96d22bb2660 61e281f0ffbf414f8958371d348be17b - - default default] Successfully bumped revision number for resource db5cd962-0d6a-4d33-a3ad-cd6bee6d1b37 (type: security_group_rules) to 0
2026-07-08 22:44:31.178 7 INFO neutron.db.segments_db [None req-88c5d390-1de1-4360-9d77-c2ab970d4ab8 d7e42a954ab44c66bb34f96d22bb2660 61e281f0ffbf414f8958371d348be17b - - default default] Added segment 686c222e-ffcd-4b45-b44e-bed4568c854e of type geneve for network 13331991-6f4c-4ded-bd0b-eeca380f7541
2026-07-08 22:44:31.287 7 INFO neutron.db.segments_db [None req-88c5d390-1de1-4360-9d77-c2ab970d4ab8 d7e42a954ab44c66bb34f96d22bb2660 61e281f0ffbf414f8958371d348be17b - - default default] Added segment c686b2fd-b0cb-494d-afc8-e6e205f1438d of type geneve for network 31829456-54e7-4cce-8968-f687784caec6
2026-07-08 22:44:31.445 7 INFO neutron.db.ovn_revision_numbers_db [None req-88c5d390-1de1-4360-9d77-c2ab970d4ab8 d7e42a954ab44c66bb34f96d22bb2660 61e281f0ffbf414f8958371d348be17b - - default default] Successfully bumped revision number for resource 13331991-6f4c-4ded-bd0b-eeca380f7541 (type: networks) to 1
2026-07-08 22:44:31.539 8 WARNING neutron.scheduler.dhcp_agent_scheduler [None req-cf9d0a56-d533-468e-8a47-126eccf14756 92028c7612904f93b43e65835de1b6bc 72b88168191448d09bb26c00ebbeb5ae - - default default] No more DHCP agents
2026-07-08 22:44:31.540 8 WARNING neutron.api.rpc.agentnotifiers.dhcp_rpc_agent_api [None req-cf9d0a56-d533-468e-8a47-126eccf14756 92028c7612904f93b43e65835de1b6bc 72b88168191448d09bb26c00ebbeb5ae - - default default] Unable to schedule network b9691624-4f69-4cb6-8fa5-da477d1c1bf2: no agents available; will retry on subsequent port and subnet creation events.
2026-07-08 22:44:31.606 7 INFO neutron.plugins.ml2.drivers.ovn.mech_driver.mech_driver [None req-28ab7857-7a31-45b1-8958-87b02227732c - - - - - -] OVN reports status down for port: 0b62800e-4fb8-4c47-ba3d-2ffa385d29d2
2026-07-08 22:44:31.630 8 INFO neutron.db.ovn_revision_numbers_db [None req-cf9d0a56-d533-468e-8a47-126eccf14756 92028c7612904f93b43e65835de1b6bc 72b88168191448d09bb26c00ebbeb5ae - - default default] Successfully bumped revision number for resource 0b62800e-4fb8-4c47-ba3d-2ffa385d29d2 (type: ports) to 1 [pid: 8|app: 0|req: 630/1212] 10.0.0.207 () {34 vars in 669 bytes} [Wed Jul 8 22:44:30 2026] POST /v2.0/networks => generated 653 bytes in 1222 msecs (HTTP/1.1 201) 4 headers in 162 bytes (1 switches on core 0)
2026-07-08 22:44:31.684 7 WARNING neutron.scheduler.dhcp_agent_scheduler [None req-88c5d390-1de1-4360-9d77-c2ab970d4ab8 d7e42a954ab44c66bb34f96d22bb2660 61e281f0ffbf414f8958371d348be17b - - default default] No more DHCP agents
2026-07-08 22:44:31.686 7 WARNING neutron.api.rpc.agentnotifiers.dhcp_rpc_agent_api [None req-88c5d390-1de1-4360-9d77-c2ab970d4ab8 d7e42a954ab44c66bb34f96d22bb2660 61e281f0ffbf414f8958371d348be17b - - default default] Unable to schedule network 13331991-6f4c-4ded-bd0b-eeca380f7541: no agents available; will retry on subsequent port and subnet creation events. [pid: 8|app: 0|req: 631/1213] 10.0.0.105 () {34 vars in 1099 bytes} [Wed Jul 8 22:44:31 2026] GET /v2.0/security-groups?name=tempest-securitygroup--1838615542&fields=id&tenant_id=e02f211cdaa8461596c196807b164412 => generated 69 bytes in 36 msecs (HTTP/1.1 200) 4 headers in 156 bytes (1 switches on core 0)
2026-07-08 22:44:31.763 7 INFO neutron.plugins.ml2.drivers.ovn.mech_driver.mech_driver [None req-28ab7857-7a31-45b1-8958-87b02227732c - - - - - -] OVN reports status down for port: 52006555-b5f2-4013-bb95-d1f077544a5d
2026-07-08 22:44:31.793 8 INFO neutron.db.segments_db [None req-f1103ecc-4787-441a-9753-198c54c8875e 92028c7612904f93b43e65835de1b6bc 72b88168191448d09bb26c00ebbeb5ae - - default default] Added segment 5965b366-2c05-4425-a415-14faada52c50 of type geneve for network 78529add-6d49-40f9-8e1c-28335037e66e
2026-07-08 22:44:31.838 7 INFO neutron.db.ovn_revision_numbers_db [None req-88c5d390-1de1-4360-9d77-c2ab970d4ab8 d7e42a954ab44c66bb34f96d22bb2660 61e281f0ffbf414f8958371d348be17b - - default default] Successfully bumped revision number for resource 52006555-b5f2-4013-bb95-d1f077544a5d (type: ports) to 1
2026-07-08 22:44:31.927 8 INFO neutron.db.ovn_revision_numbers_db [None req-f1103ecc-4787-441a-9753-198c54c8875e 92028c7612904f93b43e65835de1b6bc 72b88168191448d09bb26c00ebbeb5ae - - default default] Successfully bumped revision number for resource 78529add-6d49-40f9-8e1c-28335037e66e (type: networks) to 1
2026-07-08 22:44:31.949 8 INFO neutron.services.segments.plugin [-] Segment 7f5ac56e-4ba9-40ce-bdcd-df9205f90f04 resource provider aggregate not found
2026-07-08 22:44:31.972 8 INFO neutron.services.segments.plugin [-] Segment 7f5ac56e-4ba9-40ce-bdcd-df9205f90f04 resource provider aggregate not found
2026-07-08 22:44:31.976 8 INFO neutron.services.segments.plugin [-] Segment 7f5ac56e-4ba9-40ce-bdcd-df9205f90f04 resource provider not found; error: Placement Client Error (4xx): {"errors": [{"status": 404, "title": "Not Found", "detail": "The resource could not be found.\n\n No resource provider with uuid 7f5ac56e-4ba9-40ce-bdcd-df9205f90f04 found for delete ", "request_id": "req-548aa271-401e-48e8-b750-871703285504"}]}
2026-07-08 22:44:31.985 7 INFO neutron.db.ovn_revision_numbers_db [None req-88c5d390-1de1-4360-9d77-c2ab970d4ab8 d7e42a954ab44c66bb34f96d22bb2660 61e281f0ffbf414f8958371d348be17b - - default default] Successfully bumped revision number for resource 31829456-54e7-4cce-8968-f687784caec6 (type: networks) to 1
2026-07-08 22:44:32.000 8 INFO neutron.services.segments.plugin [-] Segment 7f5ac56e-4ba9-40ce-bdcd-df9205f90f04 resource provider not found; error: Placement Client Error (4xx): {"errors": [{"status": 404, "title": "Not Found", "detail": "The resource could not be found.\n\n No resource provider with uuid 7f5ac56e-4ba9-40ce-bdcd-df9205f90f04 found for delete ", "request_id": "req-2ac1a075-c74d-4046-9019-a5eea3a3b846"}]}
2026-07-08 22:44:32.119 8 WARNING neutron.scheduler.dhcp_agent_scheduler [None req-f1103ecc-4787-441a-9753-198c54c8875e 92028c7612904f93b43e65835de1b6bc 72b88168191448d09bb26c00ebbeb5ae - - default default] No more DHCP agents
2026-07-08 22:44:32.120 8 WARNING neutron.api.rpc.agentnotifiers.dhcp_rpc_agent_api [None req-f1103ecc-4787-441a-9753-198c54c8875e 92028c7612904f93b43e65835de1b6bc 72b88168191448d09bb26c00ebbeb5ae - - default default] Unable to schedule network 78529add-6d49-40f9-8e1c-28335037e66e: no agents available; will retry on subsequent port and subnet creation events.
2026-07-08 22:44:32.142 7 WARNING neutron.scheduler.dhcp_agent_scheduler [None req-88c5d390-1de1-4360-9d77-c2ab970d4ab8 d7e42a954ab44c66bb34f96d22bb2660 61e281f0ffbf414f8958371d348be17b - - default default] No more DHCP agents
2026-07-08 22:44:32.144 7 WARNING neutron.api.rpc.agentnotifiers.dhcp_rpc_agent_api [None req-88c5d390-1de1-4360-9d77-c2ab970d4ab8 d7e42a954ab44c66bb34f96d22bb2660 61e281f0ffbf414f8958371d348be17b - - default default] Unable to schedule network 31829456-54e7-4cce-8968-f687784caec6: no agents available; will retry on subsequent port and subnet creation events.
2026-07-08 22:44:32.239 8 INFO neutron.db.ovn_revision_numbers_db [None req-f1103ecc-4787-441a-9753-198c54c8875e 92028c7612904f93b43e65835de1b6bc 72b88168191448d09bb26c00ebbeb5ae - - default default] Successfully bumped revision number for resource b087f642-be47-45ea-b895-9cc3fe1c9700 (type: ports) to 1
2026-07-08 22:44:32.241 7 INFO neutron.db.ovn_revision_numbers_db [None req-88c5d390-1de1-4360-9d77-c2ab970d4ab8 d7e42a954ab44c66bb34f96d22bb2660 61e281f0ffbf414f8958371d348be17b - - default default] Successfully bumped revision number for resource 40527084-e8bd-4c9d-847e-c4e51d0b5555 (type: ports) to 1 [pid: 8|app: 0|req: 632/1214] 10.0.0.207 () {34 vars in 669 bytes} [Wed Jul 8 22:44:31 2026] POST /v2.0/networks => generated 654 bytes in 568 msecs (HTTP/1.1 201) 4 headers in 162 bytes (1 switches on core 0) [pid: 7|app: 0|req: 583/1215] 10.0.0.207 () {34 vars in 669 bytes} [Wed Jul 8 22:44:30 2026] POST /v2.0/networks => generated 1244 bytes in 1582 msecs (HTTP/1.1 201) 4 headers in 163 bytes (1 switches on core 0) [pid: 8|app: 0|req: 633/1216] 10.0.0.105 () {34 vars in 981 bytes} [Wed Jul 8 22:44:32 2026] GET /v2.0/networks?id=e9bb453d-2743-48b5-ab84-5e93922da4ec => generated 676 bytes in 49 msecs (HTTP/1.1 200) 4 headers in 157 bytes (1 switches on core 0) [pid: 8|app: 0|req: 634/1217] 10.0.0.207 () {32 vars in 648 bytes} [Wed Jul 8 22:44:32 2026] GET /v2.0/networks => generated 1855 bytes in 61 msecs (HTTP/1.1 200) 4 headers in 158 bytes (1 switches on core 0)
2026-07-08 22:44:32.667 8 INFO neutron.db.ovn_revision_numbers_db [None req-c24097ec-88c4-4ed2-93bf-c1800ff98557 b3d0ccfa0104404d91b16242a812275e bee41cad8b9a4848872b1a475ae44c8c - - default default] Successfully bumped revision number for resource d3babae7-ddd4-4f3d-9647-d2dddf7fd40d (type: security_groups) to 1
2026-07-08 22:44:32.675 7 WARNING neutron.scheduler.dhcp_agent_scheduler [None req-c756e073-346b-4fe0-8a28-679a26253104 92028c7612904f93b43e65835de1b6bc 72b88168191448d09bb26c00ebbeb5ae - - default default] No more DHCP agents
2026-07-08 22:44:32.677 7 WARNING neutron.api.rpc.agentnotifiers.dhcp_rpc_agent_api [None req-c756e073-346b-4fe0-8a28-679a26253104 92028c7612904f93b43e65835de1b6bc 72b88168191448d09bb26c00ebbeb5ae - - default default] Unable to schedule network b9691624-4f69-4cb6-8fa5-da477d1c1bf2: no agents available; will retry on subsequent port and subnet creation events.
2026-07-08 22:44:32.678 8 INFO neutron.db.ovn_revision_numbers_db [None req-c24097ec-88c4-4ed2-93bf-c1800ff98557 b3d0ccfa0104404d91b16242a812275e bee41cad8b9a4848872b1a475ae44c8c - - default default] Successfully bumped revision number for resource 1cb4a7e5-c6d4-4c1b-a933-bd7b921a9b6c (type: security_group_rules) to 0
2026-07-08 22:44:32.688 8 INFO neutron.db.ovn_revision_numbers_db [None req-c24097ec-88c4-4ed2-93bf-c1800ff98557 b3d0ccfa0104404d91b16242a812275e bee41cad8b9a4848872b1a475ae44c8c - - default default] Successfully bumped revision number for resource 9521f8da-2da5-465f-95e2-a9e4a1dafe0d (type: security_group_rules) to 0
2026-07-08 22:44:32.701 8 INFO neutron.db.ovn_revision_numbers_db [None req-c24097ec-88c4-4ed2-93bf-c1800ff98557 b3d0ccfa0104404d91b16242a812275e bee41cad8b9a4848872b1a475ae44c8c - - default default] Successfully bumped revision number for resource 9fd6f222-adc7-4bed-9399-0b36916f76d0 (type: security_group_rules) to 0
2026-07-08 22:44:32.725 8 INFO neutron.db.ovn_revision_numbers_db [None req-c24097ec-88c4-4ed2-93bf-c1800ff98557 b3d0ccfa0104404d91b16242a812275e bee41cad8b9a4848872b1a475ae44c8c - - default default] Successfully bumped revision number for resource 9fda4dbd-7613-4fac-b472-47fb0bec90e9 (type: security_group_rules) to 0
2026-07-08 22:44:32.734 7 INFO neutron.plugins.ml2.drivers.ovn.mech_driver.mech_driver [None req-28ab7857-7a31-45b1-8958-87b02227732c - - - - - -] OVN reports status down for port: 45c6f654-3bdb-4495-8284-76a486ca34e3
2026-07-08 22:44:32.795 7 INFO neutron.db.ovn_revision_numbers_db [None req-c756e073-346b-4fe0-8a28-679a26253104 92028c7612904f93b43e65835de1b6bc 72b88168191448d09bb26c00ebbeb5ae - - default default] Successfully bumped revision number for resource 45c6f654-3bdb-4495-8284-76a486ca34e3 (type: ports) to 1
2026-07-08 22:44:32.817 8 INFO neutron.db.segments_db [None req-c24097ec-88c4-4ed2-93bf-c1800ff98557 b3d0ccfa0104404d91b16242a812275e bee41cad8b9a4848872b1a475ae44c8c - - default default] Added segment 74d30945-6a28-4107-93ac-a644331c3c34 of type geneve for network 2939f17f-9476-47f9-98bc-90eb6aac8433
2026-07-08 22:44:32.881 7 WARNING neutron.scheduler.dhcp_agent_scheduler [None req-c756e073-346b-4fe0-8a28-679a26253104 92028c7612904f93b43e65835de1b6bc 72b88168191448d09bb26c00ebbeb5ae - - default default] No more DHCP agents
2026-07-08 22:44:32.882 7 WARNING neutron.api.rpc.agentnotifiers.dhcp_rpc_agent_api [None req-c756e073-346b-4fe0-8a28-679a26253104 92028c7612904f93b43e65835de1b6bc 72b88168191448d09bb26c00ebbeb5ae - - default default] Unable to schedule network 78529add-6d49-40f9-8e1c-28335037e66e: no agents available; will retry on subsequent port and subnet creation events.
2026-07-08 22:44:32.932 8 INFO neutron.db.ovn_revision_numbers_db [None req-c24097ec-88c4-4ed2-93bf-c1800ff98557 b3d0ccfa0104404d91b16242a812275e bee41cad8b9a4848872b1a475ae44c8c - - default default] Successfully bumped revision number for resource 2939f17f-9476-47f9-98bc-90eb6aac8433 (type: networks) to 1
2026-07-08 22:44:32.961 7 INFO neutron.plugins.ml2.drivers.ovn.mech_driver.mech_driver [None req-28ab7857-7a31-45b1-8958-87b02227732c - - - - - -] OVN reports status down for port: 249f7163-6b8a-4759-972b-07e9c6826a51
2026-07-08 22:44:33.043 7 INFO neutron.db.ovn_revision_numbers_db [None req-c756e073-346b-4fe0-8a28-679a26253104 92028c7612904f93b43e65835de1b6bc 72b88168191448d09bb26c00ebbeb5ae - - default default] Successfully bumped revision number for resource 249f7163-6b8a-4759-972b-07e9c6826a51 (type: ports) to 1
2026-07-08 22:44:33.113 8 WARNING neutron.scheduler.dhcp_agent_scheduler [None req-c24097ec-88c4-4ed2-93bf-c1800ff98557 b3d0ccfa0104404d91b16242a812275e bee41cad8b9a4848872b1a475ae44c8c - - default default] No more DHCP agents
2026-07-08 22:44:33.114 8 WARNING neutron.api.rpc.agentnotifiers.dhcp_rpc_agent_api [None req-c24097ec-88c4-4ed2-93bf-c1800ff98557 b3d0ccfa0104404d91b16242a812275e bee41cad8b9a4848872b1a475ae44c8c - - default default] Unable to schedule network 2939f17f-9476-47f9-98bc-90eb6aac8433: no agents available; will retry on subsequent port and subnet creation events.
2026-07-08 22:44:33.174 7 INFO neutron.plugins.ml2.drivers.ovn.mech_driver.mech_driver [None req-28ab7857-7a31-45b1-8958-87b02227732c - - - - - -] OVN reports status down for port: 9843ba50-0fd8-4a57-83a9-8874e98e0c7c [pid: 7|app: 0|req: 584/1218] 10.0.0.207 () {34 vars in 664 bytes} [Wed Jul 8 22:44:32 2026] POST /v2.0/ports => generated 1505 bytes in 923 msecs (HTTP/1.1 201) 4 headers in 163 bytes (1 switches on core 0)
2026-07-08 22:44:33.192 8 INFO neutron.db.ovn_revision_numbers_db [None req-c24097ec-88c4-4ed2-93bf-c1800ff98557 b3d0ccfa0104404d91b16242a812275e bee41cad8b9a4848872b1a475ae44c8c - - default default] Successfully bumped revision number for resource 9843ba50-0fd8-4a57-83a9-8874e98e0c7c (type: ports) to 1 /var/lib/openstack/lib/python3.12/site-packages/pycadf/identifier.py:70: UserWarning: Invalid uuid: neutron. To ensure interoperability, identifiers should be a valid uuid. warnings.warn(('Invalid uuid: %s. To ensure interoperability, ' [pid: 7|app: 0|req: 585/1219] 10.0.0.105 () {34 vars in 964 bytes} [Wed Jul 8 22:44:33 2026] GET /v2.0/quotas/e02f211cdaa8461596c196807b164412 => generated 292 bytes in 24 msecs (HTTP/1.1 200) 4 headers in 157 bytes (1 switches on core 0) [pid: 8|app: 0|req: 635/1220] 10.0.0.207 () {34 vars in 670 bytes} [Wed Jul 8 22:44:32 2026] POST /v2.0/networks => generated 749 bytes in 842 msecs (HTTP/1.1 201) 4 headers in 162 bytes (1 switches on core 0) [pid: 8|app: 0|req: 636/1221] 10.0.0.207 () {32 vars in 642 bytes} [Wed Jul 8 22:44:33 2026] GET /v2.0/ports => generated 3017 bytes in 126 msecs (HTTP/1.1 200) 4 headers in 158 bytes (1 switches on core 0)
2026-07-08 22:44:33.358 7 INFO neutron_taas.services.taas.taas_plugin [None req-5f6c231b-1019-4091-b411-7e58a84d7c93 d7e42a954ab44c66bb34f96d22bb2660 61e281f0ffbf414f8958371d348be17b - - default default] TaaS: Handle Delete Port: 52006555-b5f2-4013-bb95-d1f077544a5d
2026-07-08 22:44:33.360 7 INFO neutron_taas.services.taas.tap_mirror_plugin [None req-5f6c231b-1019-4091-b411-7e58a84d7c93 d7e42a954ab44c66bb34f96d22bb2660 61e281f0ffbf414f8958371d348be17b - - default default] Tap Mirror: Handle Delete Port: 52006555-b5f2-4013-bb95-d1f077544a5d [pid: 8|app: 0|req: 637/1222] 10.0.0.105 () {34 vars in 1001 bytes} [Wed Jul 8 22:44:33 2026] GET /v2.0/ports?tenant_id=e02f211cdaa8461596c196807b164412&fields=id => generated 103 bytes in 115 msecs (HTTP/1.1 200) 4 headers in 157 bytes (1 switches on core 0)
2026-07-08 22:44:33.556 7 INFO neutron.services.segments.plugin [-] Segment 686c222e-ffcd-4b45-b44e-bed4568c854e resource provider aggregate not found
2026-07-08 22:44:33.562 7 INFO neutron.services.segments.plugin [-] Segment 686c222e-ffcd-4b45-b44e-bed4568c854e resource provider aggregate not found
2026-07-08 22:44:33.580 7 INFO neutron.services.segments.plugin [-] Segment 686c222e-ffcd-4b45-b44e-bed4568c854e resource provider not found; error: Placement Client Error (4xx): {"errors": [{"status": 404, "title": "Not Found", "detail": "The resource could not be found.\n\n No resource provider with uuid 686c222e-ffcd-4b45-b44e-bed4568c854e found for delete ", "request_id": "req-606a87c1-1898-4fec-ada3-00851eef0019"}]}
2026-07-08 22:44:33.584 7 INFO neutron.services.segments.plugin [-] Segment 686c222e-ffcd-4b45-b44e-bed4568c854e resource provider not found; error: Placement Client Error (4xx): {"errors": [{"status": 404, "title": "Not Found", "detail": "The resource could not be found.\n\n No resource provider with uuid 686c222e-ffcd-4b45-b44e-bed4568c854e found for delete ", "request_id": "req-8559f9ff-d4a0-4fb3-838d-41d302b0f554"}]}
2026-07-08 22:44:33.608 8 WARNING neutron.scheduler.dhcp_agent_scheduler [None req-f4a15881-aabb-4c22-9930-b16572040286 b3d0ccfa0104404d91b16242a812275e bee41cad8b9a4848872b1a475ae44c8c - - default default] No more DHCP agents
2026-07-08 22:44:33.610 8 WARNING neutron.api.rpc.agentnotifiers.dhcp_rpc_agent_api [None req-f4a15881-aabb-4c22-9930-b16572040286 b3d0ccfa0104404d91b16242a812275e bee41cad8b9a4848872b1a475ae44c8c - - default default] Unable to schedule network 2939f17f-9476-47f9-98bc-90eb6aac8433: no agents available; will retry on subsequent port and subnet creation events. [pid: 7|app: 0|req: 586/1223] 10.0.0.207 () {32 vars in 725 bytes} [Wed Jul 8 22:44:33 2026] DELETE /v2.0/networks/13331991-6f4c-4ded-bd0b-eeca380f7541 => generated 0 bytes in 402 msecs (HTTP/1.1 204) 3 headers in 131 bytes (1 switches on core 0)
2026-07-08 22:44:33.753 7 INFO neutron_taas.services.taas.taas_plugin [None req-471342f9-3f5f-46c5-9fb1-e7e8572c2684 92028c7612904f93b43e65835de1b6bc 72b88168191448d09bb26c00ebbeb5ae - - default default] TaaS: Handle Delete Port: 45c6f654-3bdb-4495-8284-76a486ca34e3
2026-07-08 22:44:33.758 7 INFO neutron_taas.services.taas.tap_mirror_plugin [None req-471342f9-3f5f-46c5-9fb1-e7e8572c2684 92028c7612904f93b43e65835de1b6bc 72b88168191448d09bb26c00ebbeb5ae - - default default] Tap Mirror: Handle Delete Port: 45c6f654-3bdb-4495-8284-76a486ca34e3
2026-07-08 22:44:33.770 8 WARNING neutron.plugins.ml2.drivers.ovn.mech_driver.ovsdb.ovn_client [None req-b42202c8-56d7-4d30-b872-accbe907baad - - - - - -] No hosting information found for port 9860efc4-8407-422e-b5b3-28f2c105bf52: RuntimeError: No hosting information found for port 9860efc4-8407-422e-b5b3-28f2c105bf52 [pid: 7|app: 0|req: 587/1224] 10.0.0.207 () {32 vars in 719 bytes} [Wed Jul 8 22:44:33 2026] DELETE /v2.0/ports/45c6f654-3bdb-4495-8284-76a486ca34e3 => generated 0 bytes in 249 msecs (HTTP/1.1 204) 3 headers in 131 bytes (1 switches on core 0) [pid: 7|app: 0|req: 588/1225] 10.0.0.105 () {34 vars in 1007 bytes} [Wed Jul 8 22:44:33 2026] GET /v2.0/networks/e9bb453d-2743-48b5-ab84-5e93922da4ec?fields=segments => generated 14 bytes in 76 msecs (HTTP/1.1 200) 4 headers in 156 bytes (1 switches on core 0)
2026-07-08 22:44:34.011 8 INFO neutron.db.ovn_revision_numbers_db [None req-b42202c8-56d7-4d30-b872-accbe907baad - - - - - -] Successfully bumped revision number for resource 9860efc4-8407-422e-b5b3-28f2c105bf52 (type: router_ports) to 2
2026-07-08 22:44:34.074 7 INFO neutron_taas.services.taas.taas_plugin [None req-7a4641b2-6bbc-4d88-9a6f-972bd704bd00 d7e42a954ab44c66bb34f96d22bb2660 61e281f0ffbf414f8958371d348be17b - - default default] TaaS: Handle Delete Port: 40527084-e8bd-4c9d-847e-c4e51d0b5555
2026-07-08 22:44:34.076 7 INFO neutron_taas.services.taas.tap_mirror_plugin [None req-7a4641b2-6bbc-4d88-9a6f-972bd704bd00 d7e42a954ab44c66bb34f96d22bb2660 61e281f0ffbf414f8958371d348be17b - - default default] Tap Mirror: Handle Delete Port: 40527084-e8bd-4c9d-847e-c4e51d0b5555
2026-07-08 22:44:34.092 8 INFO neutron.plugins.ml2.drivers.ovn.mech_driver.mech_driver [None req-b42202c8-56d7-4d30-b872-accbe907baad - - - - - -] OVN reports status down for port: 3ec6aa23-a091-4df2-996e-4bc84a7eb83f
2026-07-08 22:44:34.106 8 INFO neutron.plugins.ml2.drivers.ovn.mech_driver.mech_driver [None req-b42202c8-56d7-4d30-b872-accbe907baad - - - - - -] OVN reports status down for port: b087f642-be47-45ea-b895-9cc3fe1c9700
2026-07-08 22:44:34.237 8 INFO neutron.plugins.ml2.drivers.ovn.mech_driver.mech_driver [None req-b42202c8-56d7-4d30-b872-accbe907baad - - - - - -] OVN reports status down for port: 40527084-e8bd-4c9d-847e-c4e51d0b5555 [pid: 7|app: 0|req: 589/1226] 10.0.0.207 () {32 vars in 725 bytes} [Wed Jul 8 22:44:33 2026] DELETE /v2.0/networks/31829456-54e7-4cce-8968-f687784caec6 => generated 0 bytes in 335 msecs (HTTP/1.1 204) 3 headers in 131 bytes (1 switches on core 0)
2026-07-08 22:44:34.351 8 INFO neutron.db.ovn_revision_numbers_db [None req-7b5b7202-236a-4f4e-8e8d-86a232a56d8f - - - - - -] Successfully bumped revision number for resource 9843ba50-0fd8-4a57-83a9-8874e98e0c7c (type: ports) to 2
2026-07-08 22:44:34.385 8 INFO neutron.db.ovn_revision_numbers_db [None req-7b5b7202-236a-4f4e-8e8d-86a232a56d8f - - - - - -] Successfully bumped revision number for resource 4a62c768-51d5-48e4-98a6-6eb655932f45 (type: subnets) to 0 [pid: 8|app: 0|req: 638/1227] 10.0.0.207 () {34 vars in 668 bytes} [Wed Jul 8 22:44:33 2026] POST /v2.0/subnets => generated 693 bytes in 946 msecs (HTTP/1.1 201) 4 headers in 162 bytes (1 switches on core 0)
2026-07-08 22:44:34.418 7 INFO neutron_taas.services.taas.taas_plugin [None req-89abe015-1996-4e21-9641-23c2896dad70 92028c7612904f93b43e65835de1b6bc 72b88168191448d09bb26c00ebbeb5ae - - default default] TaaS: Handle Delete Port: 249f7163-6b8a-4759-972b-07e9c6826a51
2026-07-08 22:44:34.420 7 INFO neutron_taas.services.taas.tap_mirror_plugin [None req-89abe015-1996-4e21-9641-23c2896dad70 92028c7612904f93b43e65835de1b6bc 72b88168191448d09bb26c00ebbeb5ae - - default default] Tap Mirror: Handle Delete Port: 249f7163-6b8a-4759-972b-07e9c6826a51 [pid: 8|app: 0|req: 639/1228] 10.0.0.105 () {34 vars in 1107 bytes} [Wed Jul 8 22:44:34 2026] GET /v2.0/networks/e9bb453d-2743-48b5-ab84-5e93922da4ec?fields=provider%3Aphysical_network&fields=provider%3Anetwork_type => generated 79 bytes in 32 msecs (HTTP/1.1 200) 4 headers in 156 bytes (1 switches on core 0) [pid: 8|app: 0|req: 640/1229] 10.0.0.207 () {32 vars in 648 bytes} [Wed Jul 8 22:44:34 2026] GET /v2.0/networks => generated 651 bytes in 40 msecs (HTTP/1.1 200) 4 headers in 157 bytes (1 switches on core 0) [pid: 7|app: 0|req: 590/1230] 10.0.0.207 () {32 vars in 719 bytes} [Wed Jul 8 22:44:34 2026] DELETE /v2.0/ports/249f7163-6b8a-4759-972b-07e9c6826a51 => generated 0 bytes in 267 msecs (HTTP/1.1 204) 3 headers in 131 bytes (1 switches on core 0)
2026-07-08 22:44:34.648 7 INFO neutron.db.segments_db [None req-116f72ae-8ef9-4065-b4f1-5687a51d6022 d7e42a954ab44c66bb34f96d22bb2660 61e281f0ffbf414f8958371d348be17b - - default default] Added segment ba2c75d9-7830-440c-b27a-7a5c7be430a8 of type geneve for network c1d3eb71-dc4b-4a47-b7c3-d9598a0918eb
2026-07-08 22:44:34.783 7 INFO neutron.db.ovn_revision_numbers_db [None req-116f72ae-8ef9-4065-b4f1-5687a51d6022 d7e42a954ab44c66bb34f96d22bb2660 61e281f0ffbf414f8958371d348be17b - - default default] Successfully bumped revision number for resource c1d3eb71-dc4b-4a47-b7c3-d9598a0918eb (type: networks) to 1
2026-07-08 22:44:34.948 7 WARNING neutron.scheduler.dhcp_agent_scheduler [None req-116f72ae-8ef9-4065-b4f1-5687a51d6022 d7e42a954ab44c66bb34f96d22bb2660 61e281f0ffbf414f8958371d348be17b - - default default] No more DHCP agents
2026-07-08 22:44:34.950 7 WARNING neutron.api.rpc.agentnotifiers.dhcp_rpc_agent_api [None req-116f72ae-8ef9-4065-b4f1-5687a51d6022 d7e42a954ab44c66bb34f96d22bb2660 61e281f0ffbf414f8958371d348be17b - - default default] Unable to schedule network c1d3eb71-dc4b-4a47-b7c3-d9598a0918eb: no agents available; will retry on subsequent port and subnet creation events.
2026-07-08 22:44:34.965 8 WARNING neutron.scheduler.dhcp_agent_scheduler [None req-164079ee-d5d5-431b-a06e-e613c72f7a56 b3d0ccfa0104404d91b16242a812275e bee41cad8b9a4848872b1a475ae44c8c - - default default] No more DHCP agents
2026-07-08 22:44:34.966 8 WARNING neutron.api.rpc.agentnotifiers.dhcp_rpc_agent_api [None req-164079ee-d5d5-431b-a06e-e613c72f7a56 b3d0ccfa0104404d91b16242a812275e bee41cad8b9a4848872b1a475ae44c8c - - default default] Unable to schedule network 7ac100bb-b7b2-43a4-9913-1fbb3bf19fbf: no agents available; will retry on subsequent port and subnet creation events.
2026-07-08 22:44:35.011 7 INFO neutron.plugins.ml2.drivers.ovn.mech_driver.mech_driver [None req-28ab7857-7a31-45b1-8958-87b02227732c - - - - - -] OVN reports status down for port: 9c1bb986-7fa3-4b5f-aafd-7faad0d3b639
2026-07-08 22:44:35.073 7 INFO neutron.db.ovn_revision_numbers_db [None req-116f72ae-8ef9-4065-b4f1-5687a51d6022 d7e42a954ab44c66bb34f96d22bb2660 61e281f0ffbf414f8958371d348be17b - - default default] Successfully bumped revision number for resource 9c1bb986-7fa3-4b5f-aafd-7faad0d3b639 (type: ports) to 1
2026-07-08 22:44:35.133 8 INFO neutron.db.ovn_revision_numbers_db [None req-164079ee-d5d5-431b-a06e-e613c72f7a56 b3d0ccfa0104404d91b16242a812275e bee41cad8b9a4848872b1a475ae44c8c - - default default] Successfully bumped revision number for resource 1859c915-c301-4999-b2dd-6d512f57565b (type: ports) to 1 [pid: 7|app: 0|req: 591/1231] 10.0.0.207 () {34 vars in 669 bytes} [Wed Jul 8 22:44:34 2026] POST /v2.0/networks => generated 649 bytes in 608 msecs (HTTP/1.1 201) 4 headers in 162 bytes (1 switches on core 0)
2026-07-08 22:44:35.187 7 INFO neutron.plugins.ml2.drivers.ovn.mech_driver.mech_driver [None req-28ab7857-7a31-45b1-8958-87b02227732c - - - - - -] OVN reports status down for port: 1859c915-c301-4999-b2dd-6d512f57565b [pid: 7|app: 0|req: 592/1232] 10.0.0.207 () {32 vars in 642 bytes} [Wed Jul 8 22:44:35 2026] GET /v2.0/ports => generated 1523 bytes in 108 msecs (HTTP/1.1 200) 4 headers in 158 bytes (1 switches on core 0) [pid: 7|app: 0|req: 593/1233] 10.0.0.105 () {34 vars in 989 bytes} [Wed Jul 8 22:44:35 2026] GET /v2.0/ports?device_id=f693ef45-8b04-49d0-8a7f-0f077ae630a2 => generated 12 bytes in 30 msecs (HTTP/1.1 200) 4 headers in 156 bytes (1 switches on core 0)
2026-07-08 22:44:35.397 7 INFO neutron.db.segments_db [None req-474929c6-67e4-4e20-b6ba-3f7f480a7c28 d7e42a954ab44c66bb34f96d22bb2660 61e281f0ffbf414f8958371d348be17b - - default default] Added segment e48394fa-41a2-4866-b755-c81cacb48f2a of type geneve for network ec801ae7-b8e8-4f17-ac47-170fbaed98d1
2026-07-08 22:44:35.520 7 INFO neutron.db.ovn_revision_numbers_db [None req-474929c6-67e4-4e20-b6ba-3f7f480a7c28 d7e42a954ab44c66bb34f96d22bb2660 61e281f0ffbf414f8958371d348be17b - - default default] Successfully bumped revision number for resource ec801ae7-b8e8-4f17-ac47-170fbaed98d1 (type: networks) to 1
2026-07-08 22:44:35.606 7 INFO neutron.services.segments.plugin [-] Segment c686b2fd-b0cb-494d-afc8-e6e205f1438d resource provider aggregate not found
2026-07-08 22:44:35.612 7 INFO neutron.services.segments.plugin [-] Segment c686b2fd-b0cb-494d-afc8-e6e205f1438d resource provider aggregate not found
2026-07-08 22:44:35.637 7 INFO neutron.services.segments.plugin [-] Segment c686b2fd-b0cb-494d-afc8-e6e205f1438d resource provider not found; error: Placement Client Error (4xx): {"errors": [{"status": 404, "title": "Not Found", "detail": "The resource could not be found.\n\n No resource provider with uuid c686b2fd-b0cb-494d-afc8-e6e205f1438d found for delete ", "request_id": "req-bac99911-503f-421d-89f5-d47eff19954d"}]}
2026-07-08 22:44:35.643 7 INFO neutron.services.segments.plugin [-] Segment c686b2fd-b0cb-494d-afc8-e6e205f1438d resource provider not found; error: Placement Client Error (4xx): {"errors": [{"status": 404, "title": "Not Found", "detail": "The resource could not be found.\n\n No resource provider with uuid c686b2fd-b0cb-494d-afc8-e6e205f1438d found for delete ", "request_id": "req-6d265131-4794-486b-a70b-ed2b12149c99"}]}
2026-07-08 22:44:35.721 7 WARNING neutron.scheduler.dhcp_agent_scheduler [None req-474929c6-67e4-4e20-b6ba-3f7f480a7c28 d7e42a954ab44c66bb34f96d22bb2660 61e281f0ffbf414f8958371d348be17b - - default default] No more DHCP agents
2026-07-08 22:44:35.722 7 WARNING neutron.api.rpc.agentnotifiers.dhcp_rpc_agent_api [None req-474929c6-67e4-4e20-b6ba-3f7f480a7c28 d7e42a954ab44c66bb34f96d22bb2660 61e281f0ffbf414f8958371d348be17b - - default default] Unable to schedule network ec801ae7-b8e8-4f17-ac47-170fbaed98d1: no agents available; will retry on subsequent port and subnet creation events.
2026-07-08 22:44:35.782 8 INFO neutron.plugins.ml2.drivers.ovn.mech_driver.mech_driver [None req-b42202c8-56d7-4d30-b872-accbe907baad - - - - - -] OVN reports status down for port: 76afe05a-bd13-4186-80d7-265859f5edb6
2026-07-08 22:44:35.791 8 INFO neutron.plugins.ml2.drivers.ovn.mech_driver.ovsdb.commands [None req-1a7c29ec-f0b4-4d91-9a38-eb1236e6da54 - - - - - -] Schedule LRP lrp-1859c915-c301-4999-b2dd-6d512f57565b on gateway 91920998-714c-4156-8d36-ff0038c4304e with priority 1
2026-07-08 22:44:35.841 7 INFO neutron.db.ovn_revision_numbers_db [None req-474929c6-67e4-4e20-b6ba-3f7f480a7c28 d7e42a954ab44c66bb34f96d22bb2660 61e281f0ffbf414f8958371d348be17b - - default default] Successfully bumped revision number for resource 76afe05a-bd13-4186-80d7-265859f5edb6 (type: ports) to 1
2026-07-08 22:44:35.851 7 INFO neutron.plugins.ml2.drivers.ovn.mech_driver.ovsdb.ovsdb_monitor [None req-c3122553-4311-461f-a563-1f16285723a0 - - - - - -] Router 4c606442-ea5a-43e4-8fe4-d5349ce70af2 is bound to host instance
2026-07-08 22:44:35.895 7 INFO neutron.plugins.ml2.drivers.ovn.mech_driver.mech_driver [None req-28ab7857-7a31-45b1-8958-87b02227732c - - - - - -] OVN reports status up for port: 1859c915-c301-4999-b2dd-6d512f57565b
2026-07-08 22:44:35.919 8 INFO neutron.db.ovn_revision_numbers_db [None req-164079ee-d5d5-431b-a06e-e613c72f7a56 b3d0ccfa0104404d91b16242a812275e bee41cad8b9a4848872b1a475ae44c8c - - default default] Successfully bumped revision number for resource 1859c915-c301-4999-b2dd-6d512f57565b (type: router_ports) to 1
2026-07-08 22:44:35.928 7 INFO neutron.plugins.ml2.plugin [None req-28ab7857-7a31-45b1-8958-87b02227732c - - - - - -] Attempt 1 to provision port 1859c915-c301-4999-b2dd-6d512f57565b [pid: 7|app: 0|req: 594/1234] 10.0.0.207 () {34 vars in 669 bytes} [Wed Jul 8 22:44:35 2026] POST /v2.0/networks => generated 650 bytes in 645 msecs (HTTP/1.1 201) 4 headers in 162 bytes (1 switches on core 0)
2026-07-08 22:44:36.030 8 INFO neutron.db.ovn_revision_numbers_db [None req-164079ee-d5d5-431b-a06e-e613c72f7a56 b3d0ccfa0104404d91b16242a812275e bee41cad8b9a4848872b1a475ae44c8c - - default default] Successfully bumped revision number for resource 4c606442-ea5a-43e4-8fe4-d5349ce70af2 (type: routers) to 2 [pid: 8|app: 0|req: 641/1235] 10.0.0.207 () {34 vars in 668 bytes} [Wed Jul 8 22:44:34 2026] POST /v2.0/routers => generated 971 bytes in 1579 msecs (HTTP/1.1 201) 4 headers in 162 bytes (1 switches on core 0)
2026-07-08 22:44:36.169 7 INFO neutron.db.segments_db [None req-7026bb43-52f9-4628-928e-f6bc66d1cdf9 92028c7612904f93b43e65835de1b6bc 72b88168191448d09bb26c00ebbeb5ae - - default default] Added segment 25da033f-2122-43eb-bec5-d9c819145daf of type geneve for network 1a355f51-e29a-4950-b6ba-eaac33c90120
2026-07-08 22:44:36.427 7 INFO neutron.db.ovn_revision_numbers_db [None req-7026bb43-52f9-4628-928e-f6bc66d1cdf9 92028c7612904f93b43e65835de1b6bc 72b88168191448d09bb26c00ebbeb5ae - - default default] Successfully bumped revision number for resource 1a355f51-e29a-4950-b6ba-eaac33c90120 (type: networks) to 1
2026-07-08 22:44:36.471 8 WARNING neutron.scheduler.dhcp_agent_scheduler [None req-8700fe4f-47e5-431a-9292-f2da82eaf6ac d7e42a954ab44c66bb34f96d22bb2660 61e281f0ffbf414f8958371d348be17b - - default default] No more DHCP agents
2026-07-08 22:44:36.473 8 WARNING neutron.api.rpc.agentnotifiers.dhcp_rpc_agent_api [None req-8700fe4f-47e5-431a-9292-f2da82eaf6ac d7e42a954ab44c66bb34f96d22bb2660 61e281f0ffbf414f8958371d348be17b - - default default] Unable to schedule network c1d3eb71-dc4b-4a47-b7c3-d9598a0918eb: no agents available; will retry on subsequent port and subnet creation events.
2026-07-08 22:44:36.575 8 INFO neutron.db.ovn_revision_numbers_db [None req-8700fe4f-47e5-431a-9292-f2da82eaf6ac d7e42a954ab44c66bb34f96d22bb2660 61e281f0ffbf414f8958371d348be17b - - default default] Successfully bumped revision number for resource c24515cb-b03c-41e4-a753-6ae65ebc7cfb (type: ports) to 1
2026-07-08 22:44:36.716 8 WARNING neutron.scheduler.dhcp_agent_scheduler [None req-8700fe4f-47e5-431a-9292-f2da82eaf6ac d7e42a954ab44c66bb34f96d22bb2660 61e281f0ffbf414f8958371d348be17b - - default default] No more DHCP agents
2026-07-08 22:44:36.717 8 WARNING neutron.api.rpc.agentnotifiers.dhcp_rpc_agent_api [None req-8700fe4f-47e5-431a-9292-f2da82eaf6ac d7e42a954ab44c66bb34f96d22bb2660 61e281f0ffbf414f8958371d348be17b - - default default] Unable to schedule network ec801ae7-b8e8-4f17-ac47-170fbaed98d1: no agents available; will retry on subsequent port and subnet creation events.
2026-07-08 22:44:36.817 8 INFO neutron.db.ovn_revision_numbers_db [None req-8700fe4f-47e5-431a-9292-f2da82eaf6ac d7e42a954ab44c66bb34f96d22bb2660 61e281f0ffbf414f8958371d348be17b - - default default] Successfully bumped revision number for resource 3a346f20-485d-46c6-a2b6-bf85bb721cbb (type: ports) to 1 [pid: 8|app: 0|req: 642/1236] 10.0.0.207 () {34 vars in 664 bytes} [Wed Jul 8 22:44:36 2026] POST /v2.0/ports => generated 1506 bytes in 837 msecs (HTTP/1.1 201) 4 headers in 163 bytes (1 switches on core 0)
2026-07-08 22:44:36.895 7 WARNING neutron.scheduler.dhcp_agent_scheduler [None req-7026bb43-52f9-4628-928e-f6bc66d1cdf9 92028c7612904f93b43e65835de1b6bc 72b88168191448d09bb26c00ebbeb5ae - - default default] No more DHCP agents /var/lib/openstack/lib/python3.12/site-packages/pycadf/identifier.py:70: UserWarning: Invalid uuid: neutron. To ensure interoperability, identifiers should be a valid uuid. warnings.warn(('Invalid uuid: %s. To ensure interoperability, '
2026-07-08 22:44:36.909 7 WARNING neutron.api.rpc.agentnotifiers.dhcp_rpc_agent_api [None req-7026bb43-52f9-4628-928e-f6bc66d1cdf9 92028c7612904f93b43e65835de1b6bc 72b88168191448d09bb26c00ebbeb5ae - - default default] Unable to schedule network 1a355f51-e29a-4950-b6ba-eaac33c90120: no agents available; will retry on subsequent port and subnet creation events.
2026-07-08 22:44:37.108 7 INFO neutron.db.ovn_revision_numbers_db [None req-7026bb43-52f9-4628-928e-f6bc66d1cdf9 92028c7612904f93b43e65835de1b6bc 72b88168191448d09bb26c00ebbeb5ae - - default default] Successfully bumped revision number for resource 487d1671-8b35-4e94-b56b-b89bf860f7bf (type: ports) to 1 [pid: 7|app: 0|req: 595/1237] 10.0.0.207 () {34 vars in 669 bytes} [Wed Jul 8 22:44:35 2026] POST /v2.0/networks => generated 653 bytes in 1210 msecs (HTTP/1.1 201) 4 headers in 162 bytes (1 switches on core 0) [pid: 7|app: 0|req: 596/1238] 10.0.0.105 () {34 vars in 989 bytes} [Wed Jul 8 22:44:37 2026] GET /v2.0/ports?device_id=f693ef45-8b04-49d0-8a7f-0f077ae630a2 => generated 12 bytes in 46 msecs (HTTP/1.1 200) 4 headers in 156 bytes (1 switches on core 0)
2026-07-08 22:44:37.383 8 WARNING neutron.scheduler.dhcp_agent_scheduler [None req-9daa6be5-a5c9-4cf5-b6b0-46bd0fb72282 b3d0ccfa0104404d91b16242a812275e bee41cad8b9a4848872b1a475ae44c8c - - default default] No more DHCP agents [pid: 7|app: 0|req: 597/1239] 10.0.0.207 () {32 vars in 642 bytes} [Wed Jul 8 22:44:37 2026] GET /v2.0/ports => generated 3018 bytes in 187 msecs (HTTP/1.1 200) 4 headers in 158 bytes (1 switches on core 0)
2026-07-08 22:44:37.385 8 WARNING neutron.api.rpc.agentnotifiers.dhcp_rpc_agent_api [None req-9daa6be5-a5c9-4cf5-b6b0-46bd0fb72282 b3d0ccfa0104404d91b16242a812275e bee41cad8b9a4848872b1a475ae44c8c - - default default] Unable to schedule network 2939f17f-9476-47f9-98bc-90eb6aac8433: no agents available; will retry on subsequent port and subnet creation events.
2026-07-08 22:44:37.490 8 INFO neutron.plugins.ml2.drivers.ovn.mech_driver.mech_driver [None req-b42202c8-56d7-4d30-b872-accbe907baad - - - - - -] OVN reports status down for port: 510fbe2b-332d-4343-8cab-96e412b48e8d
2026-07-08 22:44:37.518 7 INFO neutron.db.segments_db [None req-8de992d8-2f0a-4586-a8ca-d94f7d1893ec 92028c7612904f93b43e65835de1b6bc 72b88168191448d09bb26c00ebbeb5ae - - default default] Added segment a993df42-b554-409f-8bf3-7f7675faf60e of type geneve for network 8fa8db03-0ec4-4b27-b2c8-445c01b2baef
2026-07-08 22:44:37.544 8 INFO neutron.db.ovn_revision_numbers_db [None req-9daa6be5-a5c9-4cf5-b6b0-46bd0fb72282 b3d0ccfa0104404d91b16242a812275e bee41cad8b9a4848872b1a475ae44c8c - - default default] Successfully bumped revision number for resource 510fbe2b-332d-4343-8cab-96e412b48e8d (type: ports) to 1
2026-07-08 22:44:37.667 7 INFO neutron.db.ovn_revision_numbers_db [None req-01146e94-7d5c-4908-b98a-7e6513ca6634 - - - - - -] Successfully bumped revision number for resource 1859c915-c301-4999-b2dd-6d512f57565b (type: ports) to 4
2026-07-08 22:44:37.720 7 INFO neutron.db.ovn_revision_numbers_db [None req-8de992d8-2f0a-4586-a8ca-d94f7d1893ec 92028c7612904f93b43e65835de1b6bc 72b88168191448d09bb26c00ebbeb5ae - - default default] Successfully bumped revision number for resource 8fa8db03-0ec4-4b27-b2c8-445c01b2baef (type: networks) to 1
2026-07-08 22:44:38.080 7 WARNING neutron.scheduler.dhcp_agent_scheduler [None req-8de992d8-2f0a-4586-a8ca-d94f7d1893ec 92028c7612904f93b43e65835de1b6bc 72b88168191448d09bb26c00ebbeb5ae - - default default] No more DHCP agents
2026-07-08 22:44:38.083 7 WARNING neutron.api.rpc.agentnotifiers.dhcp_rpc_agent_api [None req-8de992d8-2f0a-4586-a8ca-d94f7d1893ec 92028c7612904f93b43e65835de1b6bc 72b88168191448d09bb26c00ebbeb5ae - - default default] Unable to schedule network 8fa8db03-0ec4-4b27-b2c8-445c01b2baef: no agents available; will retry on subsequent port and subnet creation events.
2026-07-08 22:44:38.161 8 INFO neutron.plugins.ml2.drivers.ovn.mech_driver.mech_driver [None req-b42202c8-56d7-4d30-b872-accbe907baad - - - - - -] OVN reports status up for port: 510fbe2b-332d-4343-8cab-96e412b48e8d
2026-07-08 22:44:38.203 8 INFO neutron.plugins.ml2.plugin [None req-b42202c8-56d7-4d30-b872-accbe907baad - - - - - -] Attempt 1 to provision port 510fbe2b-332d-4343-8cab-96e412b48e8d
2026-07-08 22:44:38.239 7 INFO neutron.db.ovn_revision_numbers_db [None req-8de992d8-2f0a-4586-a8ca-d94f7d1893ec 92028c7612904f93b43e65835de1b6bc 72b88168191448d09bb26c00ebbeb5ae - - default default] Successfully bumped revision number for resource 9591e985-fb39-427c-841b-a50117fd441c (type: ports) to 1 [pid: 7|app: 0|req: 598/1240] 10.0.0.207 () {34 vars in 669 bytes} [Wed Jul 8 22:44:37 2026] POST /v2.0/networks => generated 653 bytes in 904 msecs (HTTP/1.1 201) 4 headers in 162 bytes (1 switches on core 0)
2026-07-08 22:44:38.335 7 INFO neutron.db.ovn_revision_numbers_db [None req-01146e94-7d5c-4908-b98a-7e6513ca6634 - - - - - -] Successfully bumped revision number for resource 1859c915-c301-4999-b2dd-6d512f57565b (type: ports) to 5
2026-07-08 22:44:38.382 8 WARNING neutron.scheduler.dhcp_agent_scheduler [None req-9daa6be5-a5c9-4cf5-b6b0-46bd0fb72282 b3d0ccfa0104404d91b16242a812275e bee41cad8b9a4848872b1a475ae44c8c - - default default] No more DHCP agents
2026-07-08 22:44:38.385 8 WARNING neutron.api.rpc.agentnotifiers.dhcp_rpc_agent_api [None req-9daa6be5-a5c9-4cf5-b6b0-46bd0fb72282 b3d0ccfa0104404d91b16242a812275e bee41cad8b9a4848872b1a475ae44c8c - - default default] Unable to schedule network 2939f17f-9476-47f9-98bc-90eb6aac8433: no agents available; will retry on subsequent port and subnet creation events.
2026-07-08 22:44:38.521 7 INFO neutron_taas.services.taas.taas_plugin [None req-88122633-5ce7-4c6a-b26d-41c7d3cf780f d7e42a954ab44c66bb34f96d22bb2660 61e281f0ffbf414f8958371d348be17b - - default default] TaaS: Handle Delete Port: c24515cb-b03c-41e4-a753-6ae65ebc7cfb
2026-07-08 22:44:38.524 7 INFO neutron_taas.services.taas.tap_mirror_plugin [None req-88122633-5ce7-4c6a-b26d-41c7d3cf780f d7e42a954ab44c66bb34f96d22bb2660 61e281f0ffbf414f8958371d348be17b - - default default] Tap Mirror: Handle Delete Port: c24515cb-b03c-41e4-a753-6ae65ebc7cfb [pid: 7|app: 0|req: 599/1241] 10.0.0.207 () {32 vars in 719 bytes} [Wed Jul 8 22:44:38 2026] DELETE /v2.0/ports/c24515cb-b03c-41e4-a753-6ae65ebc7cfb => generated 0 bytes in 354 msecs (HTTP/1.1 204) 3 headers in 131 bytes (1 switches on core 0) [pid: 7|app: 0|req: 600/1242] 10.0.0.105 () {34 vars in 989 bytes} [Wed Jul 8 22:44:38 2026] GET /v2.0/ports?device_id=f693ef45-8b04-49d0-8a7f-0f077ae630a2 => generated 12 bytes in 15 msecs (HTTP/1.1 200) 4 headers in 156 bytes (1 switches on core 0)
2026-07-08 22:44:38.801 7 INFO neutron_taas.services.taas.taas_plugin [None req-6e8dc628-9a34-4506-8821-3899d9b16a04 d7e42a954ab44c66bb34f96d22bb2660 61e281f0ffbf414f8958371d348be17b - - default default] TaaS: Handle Delete Port: 3a346f20-485d-46c6-a2b6-bf85bb721cbb
2026-07-08 22:44:38.808 7 INFO neutron_taas.services.taas.tap_mirror_plugin [None req-6e8dc628-9a34-4506-8821-3899d9b16a04 d7e42a954ab44c66bb34f96d22bb2660 61e281f0ffbf414f8958371d348be17b - - default default] Tap Mirror: Handle Delete Port: 3a346f20-485d-46c6-a2b6-bf85bb721cbb
2026-07-08 22:44:38.816 7 INFO neutron.plugins.ml2.drivers.ovn.mech_driver.mech_driver [None req-28ab7857-7a31-45b1-8958-87b02227732c - - - - - -] OVN reports status down for port: c24515cb-b03c-41e4-a753-6ae65ebc7cfb
2026-07-08 22:44:38.836 7 INFO neutron.plugins.ml2.drivers.ovn.mech_driver.mech_driver [None req-28ab7857-7a31-45b1-8958-87b02227732c - - - - - -] OVN reports status down for port: 3a346f20-485d-46c6-a2b6-bf85bb721cbb
2026-07-08 22:44:38.961 7 INFO neutron.plugins.ml2.drivers.ovn.mech_driver.mech_driver [None req-28ab7857-7a31-45b1-8958-87b02227732c - - - - - -] OVN reports status down for port: 487d1671-8b35-4e94-b56b-b89bf860f7bf [pid: 7|app: 0|req: 601/1243] 10.0.0.207 () {32 vars in 719 bytes} [Wed Jul 8 22:44:38 2026] DELETE /v2.0/ports/3a346f20-485d-46c6-a2b6-bf85bb721cbb => generated 0 bytes in 373 msecs (HTTP/1.1 204) 3 headers in 131 bytes (1 switches on core 0) [pid: 7|app: 0|req: 602/1244] 199.19.213.147 () {34 vars in 985 bytes} [Wed Jul 8 22:44:39 2026] GET /v2.0/networks?id=e9bb453d-2743-48b5-ab84-5e93922da4ec => generated 676 bytes in 76 msecs (HTTP/1.1 200) 4 headers in 157 bytes (1 switches on core 0)
2026-07-08 22:44:39.125 8 INFO neutron.db.ovn_revision_numbers_db [None req-b42202c8-56d7-4d30-b872-accbe907baad - - - - - -] Successfully bumped revision number for resource 510fbe2b-332d-4343-8cab-96e412b48e8d (type: ports) to 2
2026-07-08 22:44:39.381 8 INFO neutron.db.ovn_revision_numbers_db [None req-9daa6be5-a5c9-4cf5-b6b0-46bd0fb72282 b3d0ccfa0104404d91b16242a812275e bee41cad8b9a4848872b1a475ae44c8c - - default default] Successfully bumped revision number for resource 510fbe2b-332d-4343-8cab-96e412b48e8d (type: router_ports) to 1 [pid: 8|app: 0|req: 643/1245] 10.0.0.207 () {34 vars in 782 bytes} [Wed Jul 8 22:44:36 2026] PUT /v2.0/routers/4c606442-ea5a-43e4-8fe4-d5349ce70af2/add_router_interface => generated 309 bytes in 2495 msecs (HTTP/1.1 200) 4 headers in 157 bytes (1 switches on core 0) [pid: 8|app: 0|req: 644/1246] 10.0.0.207 () {32 vars in 642 bytes} [Wed Jul 8 22:44:39 2026] GET /v2.0/ports => generated 1523 bytes in 49 msecs (HTTP/1.1 200) 4 headers in 158 bytes (1 switches on core 0) [pid: 8|app: 0|req: 645/1247] 199.19.213.147 () {34 vars in 1049 bytes} [Wed Jul 8 22:44:39 2026] GET /v2.0/security-groups?fields=id&fields=name&tenant_id=e02f211cdaa8461596c196807b164412 => generated 181 bytes in 41 msecs (HTTP/1.1 200) 4 headers in 157 bytes (1 switches on core 0)
2026-07-08 22:44:39.587 8 INFO neutron.db.segments_db [None req-ddfcfdf2-45a3-49b5-ad30-efb1dd36b89d d7e42a954ab44c66bb34f96d22bb2660 61e281f0ffbf414f8958371d348be17b - - default default] Added segment 1dccacc0-a8ea-42e4-b239-33a953647cab of type geneve for network b850b204-adc3-482c-b2e2-8c57a382daa0
2026-07-08 22:44:39.731 8 INFO neutron.db.ovn_revision_numbers_db [None req-ddfcfdf2-45a3-49b5-ad30-efb1dd36b89d d7e42a954ab44c66bb34f96d22bb2660 61e281f0ffbf414f8958371d348be17b - - default default] Successfully bumped revision number for resource b850b204-adc3-482c-b2e2-8c57a382daa0 (type: networks) to 1
2026-07-08 22:44:39.935 7 WARNING neutron.scheduler.dhcp_agent_scheduler [None req-a782597b-4dfd-4665-9da2-45fbb6582154 92028c7612904f93b43e65835de1b6bc 72b88168191448d09bb26c00ebbeb5ae - - default default] No more DHCP agents
2026-07-08 22:44:39.937 7 WARNING neutron.api.rpc.agentnotifiers.dhcp_rpc_agent_api [None req-a782597b-4dfd-4665-9da2-45fbb6582154 92028c7612904f93b43e65835de1b6bc 72b88168191448d09bb26c00ebbeb5ae - - default default] Unable to schedule network 1a355f51-e29a-4950-b6ba-eaac33c90120: no agents available; will retry on subsequent port and subnet creation events.
2026-07-08 22:44:39.971 7 INFO neutron.db.ovn_revision_numbers_db [None req-a782597b-4dfd-4665-9da2-45fbb6582154 92028c7612904f93b43e65835de1b6bc 72b88168191448d09bb26c00ebbeb5ae - - default default] Successfully bumped revision number for resource 974caa4b-babd-42fd-a792-25197ebf0e78 (type: subnets) to 0
2026-07-08 22:44:39.978 8 WARNING neutron.scheduler.dhcp_agent_scheduler [None req-ddfcfdf2-45a3-49b5-ad30-efb1dd36b89d d7e42a954ab44c66bb34f96d22bb2660 61e281f0ffbf414f8958371d348be17b - - default default] No more DHCP agents
2026-07-08 22:44:39.980 8 WARNING neutron.api.rpc.agentnotifiers.dhcp_rpc_agent_api [None req-ddfcfdf2-45a3-49b5-ad30-efb1dd36b89d d7e42a954ab44c66bb34f96d22bb2660 61e281f0ffbf414f8958371d348be17b - - default default] Unable to schedule network b850b204-adc3-482c-b2e2-8c57a382daa0: no agents available; will retry on subsequent port and subnet creation events.
2026-07-08 22:44:40.010 7 WARNING neutron.scheduler.dhcp_agent_scheduler [None req-a782597b-4dfd-4665-9da2-45fbb6582154 92028c7612904f93b43e65835de1b6bc 72b88168191448d09bb26c00ebbeb5ae - - default default] No more DHCP agents
2026-07-08 22:44:40.011 7 WARNING neutron.api.rpc.agentnotifiers.dhcp_rpc_agent_api [None req-a782597b-4dfd-4665-9da2-45fbb6582154 92028c7612904f93b43e65835de1b6bc 72b88168191448d09bb26c00ebbeb5ae - - default default] Unable to schedule network 8fa8db03-0ec4-4b27-b2c8-445c01b2baef: no agents available; will retry on subsequent port and subnet creation events.
2026-07-08 22:44:40.059 7 INFO neutron.db.ovn_revision_numbers_db [None req-a782597b-4dfd-4665-9da2-45fbb6582154 92028c7612904f93b43e65835de1b6bc 72b88168191448d09bb26c00ebbeb5ae - - default default] Successfully bumped revision number for resource 8d144a75-3a28-4227-ba8e-b36daac2e1a2 (type: subnets) to 0 [pid: 7|app: 0|req: 603/1248] 10.0.0.207 () {34 vars in 668 bytes} [Wed Jul 8 22:44:39 2026] POST /v2.0/subnets => generated 1324 bytes in 968 msecs (HTTP/1.1 201) 4 headers in 163 bytes (1 switches on core 0)
2026-07-08 22:44:40.083 8 INFO neutron.db.ovn_revision_numbers_db [None req-ddfcfdf2-45a3-49b5-ad30-efb1dd36b89d d7e42a954ab44c66bb34f96d22bb2660 61e281f0ffbf414f8958371d348be17b - - default default] Successfully bumped revision number for resource bec5d5ed-1c39-471f-a6e2-047fdb418022 (type: ports) to 1 [pid: 8|app: 0|req: 646/1249] 10.0.0.207 () {34 vars in 669 bytes} [Wed Jul 8 22:44:39 2026] POST /v2.0/networks => generated 650 bytes in 629 msecs (HTTP/1.1 201) 4 headers in 162 bytes (1 switches on core 0) [pid: 8|app: 0|req: 647/1250] 10.0.0.105 () {34 vars in 989 bytes} [Wed Jul 8 22:44:40 2026] GET /v2.0/ports?device_id=f693ef45-8b04-49d0-8a7f-0f077ae630a2 => generated 12 bytes in 17 msecs (HTTP/1.1 200) 4 headers in 156 bytes (1 switches on core 0) [pid: 8|app: 0|req: 648/1251] 10.0.0.207 () {32 vars in 646 bytes} [Wed Jul 8 22:44:40 2026] GET /v2.0/subnets => generated 1960 bytes in 33 msecs (HTTP/1.1 200) 4 headers in 158 bytes (1 switches on core 0)
2026-07-08 22:44:40.240 8 INFO neutron.db.segments_db [None req-a706611b-d6bb-4dca-8c7e-beb385d4b900 d7e42a954ab44c66bb34f96d22bb2660 61e281f0ffbf414f8958371d348be17b - - default default] Added segment af450232-a77b-4267-a9df-bf3ffcc88f92 of type geneve for network bad46cd2-26f5-4702-a449-a8bfa9f8f97f
2026-07-08 22:44:40.340 7 WARNING neutron.scheduler.dhcp_agent_scheduler [req-5c0dfa59-8f92-4907-ae75-ba34e60b293c req-ab2edb5b-eb69-428a-b1e9-5bb1cc7a8b46 9fe79bdd24b3439399f657db93654a02 e02f211cdaa8461596c196807b164412 - - default default] No more DHCP agents
