+ COMMAND=start + start + for KEYSTONE_WSGI_SCRIPT in keystone-wsgi-public ++ type -p keystone-wsgi-public + cp -a /var/lib/openstack/bin/keystone-wsgi-public /var/www/cgi-bin/keystone/ + '[' -f /etc/apache2/envvars ']' + source /etc/apache2/envvars ++ unset HOME ++ '[' '' '!=' '' ']' ++ SUFFIX= ++ export APACHE_RUN_USER=www-data ++ APACHE_RUN_USER=www-data ++ export APACHE_RUN_GROUP=www-data ++ APACHE_RUN_GROUP=www-data ++ export APACHE_PID_FILE=/var/run/apache2/apache2.pid ++ APACHE_PID_FILE=/var/run/apache2/apache2.pid ++ export APACHE_RUN_DIR=/var/run/apache2 ++ APACHE_RUN_DIR=/var/run/apache2 ++ export APACHE_LOCK_DIR=/var/lock/apache2 ++ APACHE_LOCK_DIR=/var/lock/apache2 ++ export APACHE_LOG_DIR=/var/log/apache2 ++ APACHE_LOG_DIR=/var/log/apache2 ++ export LANG=C ++ LANG=C ++ export LANG + '[' -f /var/run/apache2/apache2.pid ']' + exec apache2 -DFOREGROUND AH00558: apache2: Could not reliably determine the server's fully qualified domain name, using 10.0.0.75. Set the 'ServerName' directive globally to suppress this message AH00558: apache2: Could not reliably determine the server's fully qualified domain name, using 10.0.0.75. Set the 'ServerName' directive globally to suppress this message
[Mon Jul 06 21:46:35.967614 2026] [mpm_event:notice] [pid 1:tid 139885744572288] AH00489: Apache/2.4.58 (Ubuntu) mod_wsgi/5.0.0 Python/3.12 configured -- resuming normal operations
[Mon Jul 06 21:46:35.967782 2026] [core:notice] [pid 1:tid 139885744572288] AH00094: Command line: 'apache2 -D FOREGROUND'
[Mon Jul 06 21:47:39.112004 2026] [wsgi:error] [pid 10:tid 139885106751168] /var/lib/openstack/lib/python3.12/site-packages/oslo_utils/importutils.py:77: EventletDeprecationWarning:
[Mon Jul 06 21:47:39.112044 2026] [wsgi:error] [pid 10:tid 139885106751168] Eventlet is deprecated. It is currently being maintained in bugfix mode, and
[Mon Jul 06 21:47:39.112046 2026] [wsgi:error] [pid 10:tid 139885106751168] we strongly recommend against using it for new projects.
[Mon Jul 06 21:47:39.112047 2026] [wsgi:error] [pid 10:tid 139885106751168]
[Mon Jul 06 21:47:39.112048 2026] [wsgi:error] [pid 10:tid 139885106751168] If you are already using Eventlet, we recommend migrating to a different
[Mon Jul 06 21:47:39.112049 2026] [wsgi:error] [pid 10:tid 139885106751168] framework. For more detail see
[Mon Jul 06 21:47:39.112050 2026] [wsgi:error] [pid 10:tid 139885106751168] https://eventlet.readthedocs.io/en/latest/asyncio/migration.html
[Mon Jul 06 21:47:39.112052 2026] [wsgi:error] [pid 10:tid 139885106751168]
[Mon Jul 06 21:47:39.112053 2026] [wsgi:error] [pid 10:tid 139885106751168] __import__(import_str)
[Mon Jul 06 21:47:39.128132 2026] [wsgi:error] [pid 9:tid 139885106751168] /var/lib/openstack/lib/python3.12/site-packages/oslo_utils/importutils.py:77: EventletDeprecationWarning:
[Mon Jul 06 21:47:39.128173 2026] [wsgi:error] [pid 9:tid 139885106751168] Eventlet is deprecated. It is currently being maintained in bugfix mode, and
[Mon Jul 06 21:47:39.128175 2026] [wsgi:error] [pid 9:tid 139885106751168] we strongly recommend against using it for new projects.
[Mon Jul 06 21:47:39.128176 2026] [wsgi:error] [pid 9:tid 139885106751168]
[Mon Jul 06 21:47:39.128177 2026] [wsgi:error] [pid 9:tid 139885106751168] If you are already using Eventlet, we recommend migrating to a different
[Mon Jul 06 21:47:39.128179 2026] [wsgi:error] [pid 9:tid 139885106751168] framework. For more detail see
[Mon Jul 06 21:47:39.128180 2026] [wsgi:error] [pid 9:tid 139885106751168] https://eventlet.readthedocs.io/en/latest/asyncio/migration.html
[Mon Jul 06 21:47:39.128181 2026] [wsgi:error] [pid 9:tid 139885106751168]
[Mon Jul 06 21:47:39.128182 2026] [wsgi:error] [pid 9:tid 139885106751168] __import__(import_str) 10.0.0.103 - - [06/Jul/2026:21:47:38 +0000] "GET /v3/ HTTP/1.1" 200 249 10.0.0.103 - - [06/Jul/2026:21:47:38 +0000] "GET /v3/ HTTP/1.1" 200 249
[Mon Jul 06 21:47:51.133255 2026] [wsgi:error] [pid 12:tid 139885106751168] /var/lib/openstack/lib/python3.12/site-packages/oslo_utils/importutils.py:77: EventletDeprecationWarning:
[Mon Jul 06 21:47:51.133291 2026] [wsgi:error] [pid 12:tid 139885106751168] Eventlet is deprecated. It is currently being maintained in bugfix mode, and
[Mon Jul 06 21:47:51.133293 2026] [wsgi:error] [pid 12:tid 139885106751168] we strongly recommend against using it for new projects.
[Mon Jul 06 21:47:51.133294 2026] [wsgi:error] [pid 12:tid 139885106751168]
[Mon Jul 06 21:47:51.133295 2026] [wsgi:error] [pid 12:tid 139885106751168] If you are already using Eventlet, we recommend migrating to a different
[Mon Jul 06 21:47:51.133296 2026] [wsgi:error] [pid 12:tid 139885106751168] framework. For more detail see
[Mon Jul 06 21:47:51.133297 2026] [wsgi:error] [pid 12:tid 139885106751168] https://eventlet.readthedocs.io/en/latest/asyncio/migration.html
[Mon Jul 06 21:47:51.133298 2026] [wsgi:error] [pid 12:tid 139885106751168]
[Mon Jul 06 21:47:51.133299 2026] [wsgi:error] [pid 12:tid 139885106751168] __import__(import_str) 10.0.0.51 - - [06/Jul/2026:21:47:50 +0000] "GET / HTTP/1.1" 300 295
[Mon Jul 06 21:47:56.551676 2026] [wsgi:error] [pid 11:tid 139885106751168] /var/lib/openstack/lib/python3.12/site-packages/oslo_utils/importutils.py:77: EventletDeprecationWarning:
[Mon Jul 06 21:47:56.551718 2026] [wsgi:error] [pid 11:tid 139885106751168] Eventlet is deprecated. It is currently being maintained in bugfix mode, and
[Mon Jul 06 21:47:56.551720 2026] [wsgi:error] [pid 11:tid 139885106751168] we strongly recommend against using it for new projects.
[Mon Jul 06 21:47:56.551721 2026] [wsgi:error] [pid 11:tid 139885106751168]
[Mon Jul 06 21:47:56.551722 2026] [wsgi:error] [pid 11:tid 139885106751168] If you are already using Eventlet, we recommend migrating to a different
[Mon Jul 06 21:47:56.551723 2026] [wsgi:error] [pid 11:tid 139885106751168] framework. For more detail see
[Mon Jul 06 21:47:56.551724 2026] [wsgi:error] [pid 11:tid 139885106751168] https://eventlet.readthedocs.io/en/latest/asyncio/migration.html
[Mon Jul 06 21:47:56.551725 2026] [wsgi:error] [pid 11:tid 139885106751168]
[Mon Jul 06 21:47:56.551726 2026] [wsgi:error] [pid 11:tid 139885106751168] __import__(import_str)
[Mon Jul 06 21:48:01.204404 2026] [wsgi:error] [pid 11:tid 139885106751168] [remote 10.0.0.51:55706] 2026-07-06 21:48:01.201 11 WARNING keystone.identity.core [None req-b94f74c2-1b04-47e7-a698-dc78884677f4 - - - - - -] Invalid domain name (atmosphere) found in config file name: keystone.exception.DomainNotFound: Could not find domain: atmosphere.
[Mon Jul 06 21:48:01.262713 2026] [wsgi:error] [pid 11:tid 139885106751168] [remote 10.0.0.51:55706] 2026-07-06 21:48:01.262 11 WARNING keystone.common.password_hashing [None req-b94f74c2-1b04-47e7-a698-dc78884677f4 - - - - - -] Truncating password to algorithm specific maximum length 72 characters.
[Mon Jul 06 21:48:01.544613 2026] [wsgi:error] [pid 11:tid 139885106751168] [remote 10.0.0.51:55706] 2026-07-06 21:48:01.544 11 WARNING keystone.common.fernet_utils [None req-b94f74c2-1b04-47e7-a698-dc78884677f4 - - - - - -] key_repository is world readable: /etc/keystone/fernet-keys/ 10.0.0.51 - - [06/Jul/2026:21:47:55 +0000] "POST /v3/auth/tokens HTTP/1.1" 201 1360
[Mon Jul 06 21:48:01.918588 2026] [wsgi:error] [pid 10:tid 139885106751168] [remote 10.0.0.51:55706] 2026-07-06 21:48:01.915 10 WARNING keystone.identity.core [None req-ccfd0fb5-d625-4162-937e-f0a973093451 - - - - - -] Invalid domain name (atmosphere) found in config file name: keystone.exception.DomainNotFound: Could not find domain: atmosphere. 10.0.0.51 - - [06/Jul/2026:21:48:01 +0000] "POST /v3/domains HTTP/1.1" 201 261 10.0.0.119 - - [06/Jul/2026:21:48:13 +0000] "GET / HTTP/1.1" 300 295
[Mon Jul 06 21:48:13.807935 2026] [wsgi:error] [pid 12:tid 139885106751168] [remote 10.0.0.119:47654] 2026-07-06 21:48:13.807 12 WARNING keystone.common.password_hashing [None req-106a5e67-9ddb-4114-bcdc-549dd45b3aa1 - - - - - -] Truncating password to algorithm specific maximum length 72 characters.
[Mon Jul 06 21:48:14.080791 2026] [wsgi:error] [pid 12:tid 139885106751168] [remote 10.0.0.119:47654] 2026-07-06 21:48:14.080 12 WARNING keystone.common.fernet_utils [None req-106a5e67-9ddb-4114-bcdc-549dd45b3aa1 - - - - - -] key_repository is world readable: /etc/keystone/fernet-keys/ 10.0.0.119 - - [06/Jul/2026:21:48:13 +0000] "POST /v3/auth/tokens HTTP/1.1" 201 1360 10.0.0.119 - - [06/Jul/2026:21:48:14 +0000] "GET /v3/roles/admin HTTP/1.1" 404 83
[Mon Jul 06 21:48:14.337888 2026] [wsgi:error] [pid 10:tid 139885106751168] [remote 10.0.0.119:47654] 2026-07-06 21:48:14.337 10 WARNING keystone.common.rbac_enforcer.enforcer [None req-4e7a6628-fa0b-4f19-950d-fe56826ca465 dbae1382b78e471fa33d0fc9fe6d8222 bcdabf5b38d342ffa430d4562e9ccb3a - - default default] Deprecated policy rules found. Use oslopolicy-policy-generator and oslopolicy-policy-upgrade to detect and resolve deprecated policies in your configuration. 10.0.0.119 - - [06/Jul/2026:21:48:14 +0000] "GET /v3/roles?name=admin HTTP/1.1" 200 389
[Mon Jul 06 21:48:14.839587 2026] [wsgi:error] [pid 9:tid 139885106751168] [remote 10.0.0.119:47654] 2026-07-06 21:48:14.839 9 WARNING keystone.common.rbac_enforcer.enforcer [None req-4dbc77a0-b681-40ad-8209-409fdbacbf73 dbae1382b78e471fa33d0fc9fe6d8222 bcdabf5b38d342ffa430d4562e9ccb3a - - default default] Deprecated policy rules found. Use oslopolicy-policy-generator and oslopolicy-policy-upgrade to detect and resolve deprecated policies in your configuration. 10.0.0.119 - - [06/Jul/2026:21:48:14 +0000] "GET /v3/users/admin-RegionOne HTTP/1.1" 404 93
[Mon Jul 06 21:48:14.983461 2026] [wsgi:error] [pid 12:tid 139885106751168] [remote 10.0.0.119:47654] 2026-07-06 21:48:14.983 12 WARNING keystone.common.rbac_enforcer.enforcer [None req-61d5425f-d2d6-4681-898f-b8c82ee8d64a dbae1382b78e471fa33d0fc9fe6d8222 bcdabf5b38d342ffa430d4562e9ccb3a - - default default] Deprecated policy rules found. Use oslopolicy-policy-generator and oslopolicy-policy-upgrade to detect and resolve deprecated policies in your configuration. 10.0.0.119 - - [06/Jul/2026:21:48:14 +0000] "GET /v3/users?name=admin-RegionOne HTTP/1.1" 200 422
[Mon Jul 06 21:48:15.145421 2026] [wsgi:error] [pid 11:tid 139885106751168] [remote 10.0.0.119:47654] 2026-07-06 21:48:15.145 11 WARNING keystone.common.rbac_enforcer.enforcer [None req-fc1dcc3e-b7ed-49e7-9d4d-faedd49b6675 dbae1382b78e471fa33d0fc9fe6d8222 bcdabf5b38d342ffa430d4562e9ccb3a - - default default] Deprecated policy rules found. Use oslopolicy-policy-generator and oslopolicy-policy-upgrade to detect and resolve deprecated policies in your configuration. 10.0.0.119 - - [06/Jul/2026:21:48:15 +0000] "GET /v3/domains/default HTTP/1.1" 200 224 10.0.0.119 - - [06/Jul/2026:21:48:15 +0000] "PUT /v3/domains/default/users/dbae1382b78e471fa33d0fc9fe6d8222/roles/c393dfa76936410b96f179e401650a46 HTTP/1.1" 204 - 10.0.0.103 - - [06/Jul/2026:21:48:25 +0000] "GET / HTTP/1.1" 300 281 10.0.0.103 - - [06/Jul/2026:21:48:26 +0000] "GET /v3 HTTP/1.1" 200 266
[Mon Jul 06 21:48:26.854334 2026] [wsgi:error] [pid 11:tid 139885106751168] [remote 10.0.0.103:59260] 2026-07-06 21:48:26.854 11 WARNING keystone.common.password_hashing [None req-e9082a47-e8fb-4d98-bd5d-4b7920311dc0 - - - - - -] Truncating password to algorithm specific maximum length 72 characters.
[Mon Jul 06 21:48:27.131328 2026] [wsgi:error] [pid 11:tid 139885106751168] [remote 10.0.0.103:59260] 2026-07-06 21:48:27.131 11 WARNING keystone.common.fernet_utils [None req-e9082a47-e8fb-4d98-bd5d-4b7920311dc0 - - - - - -] key_repository is world readable: /etc/keystone/fernet-keys/ 10.0.0.103 - - [06/Jul/2026:21:48:26 +0000] "POST /v3/auth/tokens HTTP/1.1" 201 1360 10.0.0.103 - - [06/Jul/2026:21:48:27 +0000] "GET / HTTP/1.1" 300 281 10.0.0.103 - - [06/Jul/2026:21:48:27 +0000] "GET /v3/domains/atmosphere HTTP/1.1" 404 90 10.0.0.103 - - [06/Jul/2026:21:48:27 +0000] "GET /v3/domains?name=atmosphere HTTP/1.1" 200 370 10.0.0.103 - - [06/Jul/2026:21:48:27 +0000] "GET /v3/domains/4625026574a542298b5153ce0c305bbc HTTP/1.1" 200 247 10.0.0.103 - - [06/Jul/2026:21:48:28 +0000] "GET /v3 HTTP/1.1" 200 266
[Mon Jul 06 21:48:28.241482 2026] [wsgi:error] [pid 9:tid 139885106751168] [remote 10.0.0.103:59260] 2026-07-06 21:48:28.240 9 WARNING keystone.common.password_hashing [None req-de1da76f-8e1e-48e3-b82e-77c1457dd3f6 - - - - - -] Truncating password to algorithm specific maximum length 72 characters.
[Mon Jul 06 21:48:28.514298 2026] [wsgi:error] [pid 9:tid 139885106751168] [remote 10.0.0.103:59260] 2026-07-06 21:48:28.514 9 WARNING keystone.common.fernet_utils [None req-de1da76f-8e1e-48e3-b82e-77c1457dd3f6 - - - - - -] key_repository is world readable: /etc/keystone/fernet-keys/ 10.0.0.103 - - [06/Jul/2026:21:48:28 +0000] "POST /v3/auth/tokens HTTP/1.1" 201 1360 10.0.0.103 - - [06/Jul/2026:21:48:28 +0000] "GET / HTTP/1.1" 300 281 10.0.0.103 - - [06/Jul/2026:21:48:28 +0000] "GET /v3/OS-FEDERATION/identity_providers/atmosphere HTTP/1.1" 404 101 10.0.0.103 - - [06/Jul/2026:21:48:28 +0000] "GET /v3/OS-FEDERATION/identity_providers HTTP/1.1" 200 156 10.0.0.103 - - [06/Jul/2026:21:48:28 +0000] "PUT /v3/OS-FEDERATION/identity_providers/atmosphere HTTP/1.1" 201 342 10.0.0.103 - - [06/Jul/2026:21:48:29 +0000] "GET /v3 HTTP/1.1" 200 266
[Mon Jul 06 21:48:29.375957 2026] [wsgi:error] [pid 11:tid 139885106751168] [remote 10.0.0.103:59260] 2026-07-06 21:48:29.375 11 WARNING keystone.common.password_hashing [None req-ea4571b9-84e0-47ec-9bf6-44dc163a8415 - - - - - -] Truncating password to algorithm specific maximum length 72 characters.
[Mon Jul 06 21:48:29.664461 2026] [wsgi:error] [pid 11:tid 139885106751168] [remote 10.0.0.103:59260] 2026-07-06 21:48:29.664 11 WARNING keystone.common.fernet_utils [None req-ea4571b9-84e0-47ec-9bf6-44dc163a8415 - - - - - -] key_repository is world readable: /etc/keystone/fernet-keys/ 10.0.0.103 - - [06/Jul/2026:21:48:29 +0000] "POST /v3/auth/tokens HTTP/1.1" 201 1360 10.0.0.103 - - [06/Jul/2026:21:48:29 +0000] "GET / HTTP/1.1" 300 281 10.0.0.103 - - [06/Jul/2026:21:48:29 +0000] "GET /v3/OS-FEDERATION/mappings/atmosphere-openid HTTP/1.1" 404 98 10.0.0.103 - - [06/Jul/2026:21:48:29 +0000] "GET /v3/OS-FEDERATION/mappings HTTP/1.1" 200 136 10.0.0.103 - - [06/Jul/2026:21:48:29 +0000] "PUT /v3/OS-FEDERATION/mappings/atmosphere-openid HTTP/1.1" 201 357 10.0.0.103 - - [06/Jul/2026:21:48:30 +0000] "GET /v3 HTTP/1.1" 200 266
[Mon Jul 06 21:48:30.523558 2026] [wsgi:error] [pid 9:tid 139885106751168] [remote 10.0.0.103:59262] 2026-07-06 21:48:30.523 9 WARNING keystone.common.password_hashing [None req-aad409bc-4903-491c-9c0e-5f1a8080dc92 - - - - - -] Truncating password to algorithm specific maximum length 72 characters.
[Mon Jul 06 21:48:30.795698 2026] [wsgi:error] [pid 9:tid 139885106751168] [remote 10.0.0.103:59262] 2026-07-06 21:48:30.795 9 WARNING keystone.common.fernet_utils [None req-aad409bc-4903-491c-9c0e-5f1a8080dc92 - - - - - -] key_repository is world readable: /etc/keystone/fernet-keys/ 10.0.0.103 - - [06/Jul/2026:21:48:30 +0000] "POST /v3/auth/tokens HTTP/1.1" 201 1360 10.0.0.103 - - [06/Jul/2026:21:48:30 +0000] "GET / HTTP/1.1" 300 281 10.0.0.103 - - [06/Jul/2026:21:48:30 +0000] "GET /v3/OS-FEDERATION/identity_providers/atmosphere/protocols/openid?idp_id=atmosphere HTTP/1.1" 404 131 10.0.0.103 - - [06/Jul/2026:21:48:30 +0000] "GET /v3/OS-FEDERATION/identity_providers/atmosphere/protocols HTTP/1.1" 200 168 10.0.0.103 - - [06/Jul/2026:21:48:30 +0000] "PUT /v3/OS-FEDERATION/identity_providers/atmosphere/protocols/openid HTTP/1.1" 201 224 10.0.0.103 - - [06/Jul/2026:21:48:38 +0000] "GET /v3/ HTTP/1.1" 200 249 10.0.0.103 - - [06/Jul/2026:21:48:38 +0000] "GET /v3/ HTTP/1.1" 200 249 10.0.0.103 - - [06/Jul/2026:21:49:38 +0000] "GET /v3/ HTTP/1.1" 200 249 10.0.0.103 - - [06/Jul/2026:21:49:38 +0000] "GET /v3/ HTTP/1.1" 200 249 10.0.0.51 - - [06/Jul/2026:21:49:52 +0000] "GET / HTTP/1.1" 300 295
[Mon Jul 06 21:49:52.174055 2026] [wsgi:error] [pid 12:tid 139885106751168] [remote 10.0.0.51:34546] 2026-07-06 21:49:52.173 12 WARNING keystone.common.password_hashing [None req-772c5e6b-b9c4-4827-90fc-0fbed7be86a5 - - - - - -] Truncating password to algorithm specific maximum length 72 characters.
[Mon Jul 06 21:49:52.449101 2026] [wsgi:error] [pid 12:tid 139885106751168] [remote 10.0.0.51:34546] 2026-07-06 21:49:52.448 12 WARNING keystone.common.fernet_utils [None req-772c5e6b-b9c4-4827-90fc-0fbed7be86a5 - - - - - -] key_repository is world readable: /etc/keystone/fernet-keys/ 10.0.0.51 - - [06/Jul/2026:21:49:52 +0000] "POST /v3/auth/tokens HTTP/1.1" 201 1360 10.0.0.51 - - [06/Jul/2026:21:49:52 +0000] "GET /v3/services HTTP/1.1" 200 355 10.0.0.51 - - [06/Jul/2026:21:49:56 +0000] "GET / HTTP/1.1" 300 295
[Mon Jul 06 21:49:56.053640 2026] [wsgi:error] [pid 11:tid 139885106751168] [remote 10.0.0.51:47310] 2026-07-06 21:49:56.053 11 WARNING keystone.common.password_hashing [None req-bd72f1b5-308b-40ec-b1ec-95a4bc7feebb - - - - - -] Truncating password to algorithm specific maximum length 72 characters.
[Mon Jul 06 21:49:56.338384 2026] [wsgi:error] [pid 11:tid 139885106751168] [remote 10.0.0.51:47310] 2026-07-06 21:49:56.338 11 WARNING keystone.common.fernet_utils [None req-bd72f1b5-308b-40ec-b1ec-95a4bc7feebb - - - - - -] key_repository is world readable: /etc/keystone/fernet-keys/ 10.0.0.51 - - [06/Jul/2026:21:49:56 +0000] "POST /v3/auth/tokens HTTP/1.1" 201 1360 10.0.0.51 - - [06/Jul/2026:21:49:56 +0000] "GET /v3/services HTTP/1.1" 200 355 10.0.0.51 - - [06/Jul/2026:21:49:59 +0000] "GET / HTTP/1.1" 300 295
[Mon Jul 06 21:49:59.946199 2026] [wsgi:error] [pid 9:tid 139885106751168] [remote 10.0.0.51:47314] 2026-07-06 21:49:59.946 9 WARNING keystone.common.password_hashing [None req-bd735f03-35f0-44a7-ba93-f2021cf1d33d - - - - - -] Truncating password to algorithm specific maximum length 72 characters.
[Mon Jul 06 21:50:00.237486 2026] [wsgi:error] [pid 9:tid 139885106751168] [remote 10.0.0.51:47314] 2026-07-06 21:50:00.237 9 WARNING keystone.common.fernet_utils [None req-bd735f03-35f0-44a7-ba93-f2021cf1d33d - - - - - -] key_repository is world readable: /etc/keystone/fernet-keys/ 10.0.0.51 - - [06/Jul/2026:21:49:59 +0000] "POST /v3/auth/tokens HTTP/1.1" 201 1360 10.0.0.51 - - [06/Jul/2026:21:50:00 +0000] "GET /v3/services HTTP/1.1" 200 355 10.0.0.51 - - [06/Jul/2026:21:50:03 +0000] "GET / HTTP/1.1" 300 295
[Mon Jul 06 21:50:03.874915 2026] [wsgi:error] [pid 10:tid 139885106751168] [remote 10.0.0.51:47326] 2026-07-06 21:50:03.874 10 WARNING keystone.common.password_hashing [None req-030903e4-6d25-43a2-bda9-a16e30dfc8b7 - - - - - -] Truncating password to algorithm specific maximum length 72 characters.
[Mon Jul 06 21:50:04.165672 2026] [wsgi:error] [pid 10:tid 139885106751168] [remote 10.0.0.51:47326] 2026-07-06 21:50:04.165 10 WARNING keystone.common.fernet_utils [None req-030903e4-6d25-43a2-bda9-a16e30dfc8b7 - - - - - -] key_repository is world readable: /etc/keystone/fernet-keys/ 10.0.0.51 - - [06/Jul/2026:21:50:03 +0000] "POST /v3/auth/tokens HTTP/1.1" 201 1360 10.0.0.51 - - [06/Jul/2026:21:50:04 +0000] "POST /v3/services HTTP/1.1" 201 296 10.0.0.165 - - [06/Jul/2026:21:50:15 +0000] "GET / HTTP/1.1" 300 295
[Mon Jul 06 21:50:15.573243 2026] [wsgi:error] [pid 12:tid 139885106751168] [remote 10.0.0.165:54282] 2026-07-06 21:50:15.573 12 WARNING keystone.common.password_hashing [None req-df5f5dd4-b155-4f48-8425-6b7b66feb15b - - - - - -] Truncating password to algorithm specific maximum length 72 characters. 10.0.0.165 - - [06/Jul/2026:21:50:15 +0000] "GET / HTTP/1.1" 300 295
[Mon Jul 06 21:50:15.598148 2026] [wsgi:error] [pid 9:tid 139885106751168] [remote 10.0.0.165:54296] 2026-07-06 21:50:15.597 9 WARNING keystone.common.password_hashing [None req-0ca8d817-f61b-4ee1-8c43-ba1e95cee239 - - - - - -] Truncating password to algorithm specific maximum length 72 characters. 10.0.0.165 - - [06/Jul/2026:21:50:15 +0000] "GET / HTTP/1.1" 300 295
[Mon Jul 06 21:50:15.809195 2026] [wsgi:error] [pid 10:tid 139885106751168] [remote 10.0.0.165:54312] 2026-07-06 21:50:15.808 10 WARNING keystone.common.password_hashing [None req-fe620354-0d77-4fa2-9766-4367fe7bfc29 - - - - - -] Truncating password to algorithm specific maximum length 72 characters.
[Mon Jul 06 21:50:15.873129 2026] [wsgi:error] [pid 12:tid 139885106751168] [remote 10.0.0.165:54282] 2026-07-06 21:50:15.872 12 WARNING keystone.common.fernet_utils [None req-df5f5dd4-b155-4f48-8425-6b7b66feb15b - - - - - -] key_repository is world readable: /etc/keystone/fernet-keys/ 10.0.0.165 - - [06/Jul/2026:21:50:15 +0000] "POST /v3/auth/tokens HTTP/1.1" 201 1464
[Mon Jul 06 21:50:15.915695 2026] [wsgi:error] [pid 9:tid 139885106751168] [remote 10.0.0.165:54296] 2026-07-06 21:50:15.915 9 WARNING keystone.common.fernet_utils [None req-0ca8d817-f61b-4ee1-8c43-ba1e95cee239 - - - - - -] key_repository is world readable: /etc/keystone/fernet-keys/ 10.0.0.165 - - [06/Jul/2026:21:50:15 +0000] "POST /v3/auth/tokens HTTP/1.1" 201 1464 10.0.0.165 - - [06/Jul/2026:21:50:15 +0000] "GET /v3/services HTTP/1.1" 200 639 10.0.0.165 - - [06/Jul/2026:21:50:16 +0000] "GET /v3/services HTTP/1.1" 200 639
[Mon Jul 06 21:50:16.082368 2026] [wsgi:error] [pid 10:tid 139885106751168] [remote 10.0.0.165:54312] 2026-07-06 21:50:16.082 10 WARNING keystone.common.fernet_utils [None req-fe620354-0d77-4fa2-9766-4367fe7bfc29 - - - - - -] key_repository is world readable: /etc/keystone/fernet-keys/ 10.0.0.165 - - [06/Jul/2026:21:50:15 +0000] "POST /v3/auth/tokens HTTP/1.1" 201 1464 10.0.0.165 - - [06/Jul/2026:21:50:16 +0000] "GET /v3/services HTTP/1.1" 200 639 10.0.0.165 - - [06/Jul/2026:21:50:17 +0000] "GET / HTTP/1.1" 300 295
[Mon Jul 06 21:50:17.550312 2026] [wsgi:error] [pid 12:tid 139885106751168] [remote 10.0.0.165:54326] 2026-07-06 21:50:17.550 12 WARNING keystone.common.password_hashing [None req-868af6c3-cc81-49a5-8aae-500d50599041 - - - - - -] Truncating password to algorithm specific maximum length 72 characters. 10.0.0.165 - - [06/Jul/2026:21:50:17 +0000] "GET / HTTP/1.1" 300 295
[Mon Jul 06 21:50:17.798048 2026] [wsgi:error] [pid 9:tid 139885106751168] [remote 10.0.0.165:54332] 2026-07-06 21:50:17.797 9 WARNING keystone.common.password_hashing [None req-736876c4-51dd-4454-b720-f1c5a654cc28 - - - - - -] Truncating password to algorithm specific maximum length 72 characters. 10.0.0.165 - - [06/Jul/2026:21:50:17 +0000] "GET / HTTP/1.1" 300 295
[Mon Jul 06 21:50:17.816915 2026] [wsgi:error] [pid 10:tid 139885106751168] [remote 10.0.0.165:54334] 2026-07-06 21:50:17.816 10 WARNING keystone.common.password_hashing [None req-12c65e23-3772-4b90-abee-d3ad0ac2c660 - - - - - -] Truncating password to algorithm specific maximum length 72 characters.
[Mon Jul 06 21:50:17.835888 2026] [wsgi:error] [pid 12:tid 139885106751168] [remote 10.0.0.165:54326] 2026-07-06 21:50:17.835 12 WARNING keystone.common.fernet_utils [None req-868af6c3-cc81-49a5-8aae-500d50599041 - - - - - -] key_repository is world readable: /etc/keystone/fernet-keys/ 10.0.0.165 - - [06/Jul/2026:21:50:17 +0000] "POST /v3/auth/tokens HTTP/1.1" 201 1464 10.0.0.165 - - [06/Jul/2026:21:50:17 +0000] "GET /v3/endpoints HTTP/1.1" 200 1227 10.0.0.165 - - [06/Jul/2026:21:50:17 +0000] "GET /v3/services/d8c7f04f1b6e43bdab6325b350d72bc2 HTTP/1.1" 200 233 10.0.0.165 - - [06/Jul/2026:21:50:17 +0000] "GET /v3/services/d8c7f04f1b6e43bdab6325b350d72bc2 HTTP/1.1" 200 233 10.0.0.165 - - [06/Jul/2026:21:50:18 +0000] "GET /v3/services/d8c7f04f1b6e43bdab6325b350d72bc2 HTTP/1.1" 200 233
[Mon Jul 06 21:50:18.076700 2026] [wsgi:error] [pid 9:tid 139885106751168] [remote 10.0.0.165:54332] 2026-07-06 21:50:18.076 9 WARNING keystone.common.fernet_utils [None req-736876c4-51dd-4454-b720-f1c5a654cc28 - - - - - -] key_repository is world readable: /etc/keystone/fernet-keys/ 10.0.0.165 - - [06/Jul/2026:21:50:17 +0000] "POST /v3/auth/tokens HTTP/1.1" 201 1464
[Mon Jul 06 21:50:18.087716 2026] [wsgi:error] [pid 10:tid 139885106751168] [remote 10.0.0.165:54334] 2026-07-06 21:50:18.087 10 WARNING keystone.common.fernet_utils [None req-12c65e23-3772-4b90-abee-d3ad0ac2c660 - - - - - -] key_repository is world readable: /etc/keystone/fernet-keys/ 10.0.0.165 - - [06/Jul/2026:21:50:17 +0000] "POST /v3/auth/tokens HTTP/1.1" 201 1464 10.0.0.165 - - [06/Jul/2026:21:50:18 +0000] "GET /v3/endpoints HTTP/1.1" 200 1227 10.0.0.165 - - [06/Jul/2026:21:50:18 +0000] "GET /v3/services/d8c7f04f1b6e43bdab6325b350d72bc2 HTTP/1.1" 200 233 10.0.0.165 - - [06/Jul/2026:21:50:18 +0000] "GET /v3/endpoints HTTP/1.1" 200 1227 10.0.0.165 - - [06/Jul/2026:21:50:18 +0000] "GET /v3/services/d8c7f04f1b6e43bdab6325b350d72bc2 HTTP/1.1" 200 233 10.0.0.165 - - [06/Jul/2026:21:50:18 +0000] "GET /v3/services/d8c7f04f1b6e43bdab6325b350d72bc2 HTTP/1.1" 200 233 10.0.0.165 - - [06/Jul/2026:21:50:18 +0000] "GET /v3/services/d8c7f04f1b6e43bdab6325b350d72bc2 HTTP/1.1" 200 233 10.0.0.165 - - [06/Jul/2026:21:50:18 +0000] "GET /v3/services/d8c7f04f1b6e43bdab6325b350d72bc2 HTTP/1.1" 200 233 10.0.0.165 - - [06/Jul/2026:21:50:18 +0000] "GET /v3/services/d8c7f04f1b6e43bdab6325b350d72bc2 HTTP/1.1" 200 233 10.0.0.165 - - [06/Jul/2026:21:50:19 +0000] "GET / HTTP/1.1" 300 295
[Mon Jul 06 21:50:19.476688 2026] [wsgi:error] [pid 9:tid 139885106751168] [remote 10.0.0.165:54340] 2026-07-06 21:50:19.476 9 WARNING keystone.common.password_hashing [None req-6ea85ee8-d349-49b6-86c6-720969e8abe5 - - - - - -] Truncating password to algorithm specific maximum length 72 characters. 10.0.0.165 - - [06/Jul/2026:21:50:19 +0000] "GET / HTTP/1.1" 300 295
[Mon Jul 06 21:50:19.740691 2026] [wsgi:error] [pid 10:tid 139885106751168] [remote 10.0.0.165:54348] 2026-07-06 21:50:19.740 10 WARNING keystone.common.password_hashing [None req-4bfacf0b-3b67-4637-a66a-b0c2db288ed8 - - - - - -] Truncating password to algorithm specific maximum length 72 characters.
[Mon Jul 06 21:50:19.762489 2026] [wsgi:error] [pid 9:tid 139885106751168] [remote 10.0.0.165:54340] 2026-07-06 21:50:19.762 9 WARNING keystone.common.fernet_utils [None req-6ea85ee8-d349-49b6-86c6-720969e8abe5 - - - - - -] key_repository is world readable: /etc/keystone/fernet-keys/ 10.0.0.165 - - [06/Jul/2026:21:50:19 +0000] "POST /v3/auth/tokens HTTP/1.1" 201 1464 10.0.0.165 - - [06/Jul/2026:21:50:19 +0000] "GET / HTTP/1.1" 300 295
[Mon Jul 06 21:50:19.844130 2026] [wsgi:error] [pid 12:tid 139885106751168] [remote 10.0.0.165:54354] 2026-07-06 21:50:19.843 12 WARNING keystone.common.password_hashing [None req-54a21bae-841a-4964-9b40-6b13f75f0ec4 - - - - - -] Truncating password to algorithm specific maximum length 72 characters. 10.0.0.165 - - [06/Jul/2026:21:50:19 +0000] "GET /v3/services/bb0ebb8769e4415caaab07a150264639 HTTP/1.1" 200 296 10.0.0.165 - - [06/Jul/2026:21:50:19 +0000] "GET /v3/regions/RegionOne HTTP/1.1" 200 173 10.0.0.165 - - [06/Jul/2026:21:50:19 +0000] "POST /v3/endpoints HTTP/1.1" 201 380
[Mon Jul 06 21:50:20.020673 2026] [wsgi:error] [pid 10:tid 139885106751168] [remote 10.0.0.165:54348] 2026-07-06 21:50:20.020 10 WARNING keystone.common.fernet_utils [None req-4bfacf0b-3b67-4637-a66a-b0c2db288ed8 - - - - - -] key_repository is world readable: /etc/keystone/fernet-keys/ 10.0.0.165 - - [06/Jul/2026:21:50:19 +0000] "POST /v3/auth/tokens HTTP/1.1" 201 1641
[Mon Jul 06 21:50:20.132536 2026] [wsgi:error] [pid 12:tid 139885106751168] [remote 10.0.0.165:54354] 2026-07-06 21:50:20.132 12 WARNING keystone.common.fernet_utils [None req-54a21bae-841a-4964-9b40-6b13f75f0ec4 - - - - - -] key_repository is world readable: /etc/keystone/fernet-keys/ 10.0.0.165 - - [06/Jul/2026:21:50:19 +0000] "POST /v3/auth/tokens HTTP/1.1" 201 1641 10.0.0.165 - - [06/Jul/2026:21:50:20 +0000] "GET /v3/services/bb0ebb8769e4415caaab07a150264639 HTTP/1.1" 200 296 10.0.0.165 - - [06/Jul/2026:21:50:20 +0000] "GET /v3/regions/RegionOne HTTP/1.1" 200 173 10.0.0.165 - - [06/Jul/2026:21:50:20 +0000] "POST /v3/endpoints HTTP/1.1" 201 383 10.0.0.165 - - [06/Jul/2026:21:50:20 +0000] "GET /v3/services/bb0ebb8769e4415caaab07a150264639 HTTP/1.1" 200 296 10.0.0.165 - - [06/Jul/2026:21:50:20 +0000] "GET /v3/regions/RegionOne HTTP/1.1" 200 173 10.0.0.165 - - [06/Jul/2026:21:50:20 +0000] "POST /v3/endpoints HTTP/1.1" 201 370 10.0.0.165 - - [06/Jul/2026:21:50:21 +0000] "GET / HTTP/1.1" 300 295
[Mon Jul 06 21:50:21.422505 2026] [wsgi:error] [pid 12:tid 139885106751168] [remote 10.0.0.165:54370] 2026-07-06 21:50:21.422 12 WARNING keystone.common.password_hashing [None req-cddb5dd2-f236-4abd-bc9c-bbe363581cee - - - - - -] Truncating password to algorithm specific maximum length 72 characters.
[Mon Jul 06 21:50:21.698619 2026] [wsgi:error] [pid 12:tid 139885106751168] [remote 10.0.0.165:54370] 2026-07-06 21:50:21.698 12 WARNING keystone.common.fernet_utils [None req-cddb5dd2-f236-4abd-bc9c-bbe363581cee - - - - - -] key_repository is world readable: /etc/keystone/fernet-keys/ 10.0.0.165 - - [06/Jul/2026:21:50:21 +0000] "GET / HTTP/1.1" 300 295 10.0.0.165 - - [06/Jul/2026:21:50:21 +0000] "POST /v3/auth/tokens HTTP/1.1" 201 1992 10.0.0.165 - - [06/Jul/2026:21:50:21 +0000] "GET / HTTP/1.1" 300 295
[Mon Jul 06 21:50:21.724743 2026] [wsgi:error] [pid 9:tid 139885106751168] [remote 10.0.0.165:54372] 2026-07-06 21:50:21.724 9 WARNING keystone.common.password_hashing [None req-2b43c834-215d-433e-b933-02013209a51a - - - - - -] Truncating password to algorithm specific maximum length 72 characters.
[Mon Jul 06 21:50:21.744084 2026] [wsgi:error] [pid 11:tid 139885106751168] [remote 10.0.0.165:54388] 2026-07-06 21:50:21.743 11 WARNING keystone.common.password_hashing [None req-b97a4913-67f9-4f75-b98a-6d8e98f31a4d - - - - - -] Truncating password to algorithm specific maximum length 72 characters. 10.0.0.165 - - [06/Jul/2026:21:50:21 +0000] "GET /v3/endpoints/217763133e3e406da7ca5afd5d715065 HTTP/1.1" 200 380 10.0.0.165 - - [06/Jul/2026:21:50:21 +0000] "GET /v3/services/bb0ebb8769e4415caaab07a150264639 HTTP/1.1" 200 296
[Mon Jul 06 21:50:21.993623 2026] [wsgi:error] [pid 9:tid 139885106751168] [remote 10.0.0.165:54372] 2026-07-06 21:50:21.993 9 WARNING keystone.common.fernet_utils [None req-2b43c834-215d-433e-b933-02013209a51a - - - - - -] key_repository is world readable: /etc/keystone/fernet-keys/ 10.0.0.165 - - [06/Jul/2026:21:50:21 +0000] "POST /v3/auth/tokens HTTP/1.1" 201 1992
[Mon Jul 06 21:50:22.020446 2026] [wsgi:error] [pid 11:tid 139885106751168] [remote 10.0.0.165:54388] 2026-07-06 21:50:22.020 11 WARNING keystone.common.fernet_utils [None req-b97a4913-67f9-4f75-b98a-6d8e98f31a4d - - - - - -] key_repository is world readable: /etc/keystone/fernet-keys/ 10.0.0.165 - - [06/Jul/2026:21:50:21 +0000] "POST /v3/auth/tokens HTTP/1.1" 201 1992 10.0.0.165 - - [06/Jul/2026:21:50:22 +0000] "GET /v3/endpoints/8ac62e53c8a0423ea2071926b074be24 HTTP/1.1" 200 383 10.0.0.165 - - [06/Jul/2026:21:50:22 +0000] "GET /v3/services/bb0ebb8769e4415caaab07a150264639 HTTP/1.1" 200 296 10.0.0.165 - - [06/Jul/2026:21:50:22 +0000] "GET /v3/endpoints/8b71d66558384beeb0460c4211d5343e HTTP/1.1" 200 370 10.0.0.165 - - [06/Jul/2026:21:50:22 +0000] "GET /v3/services/bb0ebb8769e4415caaab07a150264639 HTTP/1.1" 200 296 10.0.0.175 - - [06/Jul/2026:21:50:33 +0000] "GET / HTTP/1.1" 300 295
[Mon Jul 06 21:50:33.673620 2026] [wsgi:error] [pid 10:tid 139885106751168] [remote 10.0.0.175:34218] 2026-07-06 21:50:33.673 10 WARNING keystone.common.password_hashing [None req-ceb9e3ec-5132-4b61-b62b-d84dde84bb61 - - - - - -] Truncating password to algorithm specific maximum length 72 characters.
[Mon Jul 06 21:50:33.948266 2026] [wsgi:error] [pid 10:tid 139885106751168] [remote 10.0.0.175:34218] 2026-07-06 21:50:33.948 10 WARNING keystone.common.fernet_utils [None req-ceb9e3ec-5132-4b61-b62b-d84dde84bb61 - - - - - -] key_repository is world readable: /etc/keystone/fernet-keys/ 10.0.0.175 - - [06/Jul/2026:21:50:33 +0000] "POST /v3/auth/tokens HTTP/1.1" 201 1992 10.0.0.175 - - [06/Jul/2026:21:50:34 +0000] "POST /v3/domains HTTP/1.1" 201 284 10.0.0.175 - - [06/Jul/2026:21:50:35 +0000] "GET / HTTP/1.1" 300 295
[Mon Jul 06 21:50:35.627195 2026] [wsgi:error] [pid 12:tid 139885106751168] [remote 10.0.0.175:34210] 2026-07-06 21:50:35.626 12 WARNING keystone.common.password_hashing [None req-06df7ed6-b0bd-4ebd-86e6-82a8123fbe44 - - - - - -] Truncating password to algorithm specific maximum length 72 characters.
[Mon Jul 06 21:50:35.916278 2026] [wsgi:error] [pid 12:tid 139885106751168] [remote 10.0.0.175:34210] 2026-07-06 21:50:35.916 12 WARNING keystone.common.fernet_utils [None req-06df7ed6-b0bd-4ebd-86e6-82a8123fbe44 - - - - - -] key_repository is world readable: /etc/keystone/fernet-keys/ 10.0.0.175 - - [06/Jul/2026:21:50:35 +0000] "POST /v3/auth/tokens HTTP/1.1" 201 1992
[Mon Jul 06 21:50:36.096252 2026] [wsgi:error] [pid 10:tid 139885106751168] [remote 10.0.0.175:34210] 2026-07-06 21:50:36.084 10 ERROR keystone.server.flask.application [None req-c672b226-f78e-4e0a-a2fa-a91bcb468923 dbae1382b78e471fa33d0fc9fe6d8222 bcdabf5b38d342ffa430d4562e9ccb3a - - default default] Conflict occurred attempting to store project - it is not permitted to have two projects acting as domains with the same name: service.: keystone.exception.Conflict: Conflict occurred attempting to store project - it is not permitted to have two projects acting as domains with the same name: service.
[Mon Jul 06 21:50:36.096278 2026] [wsgi:error] [pid 10:tid 139885106751168] [remote 10.0.0.175:34210] 2026-07-06 21:50:36.084 10 ERROR keystone.server.flask.application
Traceback (most recent call last):
[Mon Jul 06 21:50:36.096280 2026] [wsgi:error] [pid 10:tid 139885106751168] [remote 10.0.0.175:34210] 2026-07-06 21:50:36.084 10 ERROR keystone.server.flask.application
File "/var/lib/openstack/lib/python3.12/site-packages/sqlalchemy/engine/base.py", line 1969, in _exec_single_context
[Mon Jul 06 21:50:36.096282 2026] [wsgi:error] [pid 10:tid 139885106751168] [remote 10.0.0.175:34210] 2026-07-06 21:50:36.084 10 ERROR keystone.server.flask.application self.dialect.do_execute(
[Mon Jul 06 21:50:36.096283 2026] [wsgi:error] [pid 10:tid 139885106751168] [remote 10.0.0.175:34210] 2026-07-06 21:50:36.084 10 ERROR keystone.server.flask.application
File "/var/lib/openstack/lib/python3.12/site-packages/sqlalchemy/engine/default.py", line 952, in do_execute
[Mon Jul 06 21:50:36.096285 2026] [wsgi:error] [pid 10:tid 139885106751168] [remote 10.0.0.175:34210] 2026-07-06 21:50:36.084 10 ERROR keystone.server.flask.application cursor.execute(statement, parameters)
[Mon Jul 06 21:50:36.096287 2026] [wsgi:error] [pid 10:tid 139885106751168] [remote 10.0.0.175:34210] 2026-07-06 21:50:36.084 10 ERROR keystone.server.flask.application
File "/var/lib/openstack/lib/python3.12/site-packages/pymysql/cursors.py", line 159, in execute
[Mon Jul 06 21:50:36.096288 2026] [wsgi:error] [pid 10:tid 139885106751168] [remote 10.0.0.175:34210] 2026-07-06 21:50:36.084 10 ERROR keystone.server.flask.application result = self._query(query)
[Mon Jul 06 21:50:36.096290 2026] [wsgi:error] [pid 10:tid 139885106751168] [remote 10.0.0.175:34210] 2026-07-06 21:50:36.084 10 ERROR keystone.server.flask.application ^^^^^^^^^^^^^^^^^^
[Mon Jul 06 21:50:36.096291 2026] [wsgi:error] [pid 10:tid 139885106751168] [remote 10.0.0.175:34210] 2026-07-06 21:50:36.084 10 ERROR keystone.server.flask.application
File "/var/lib/openstack/lib/python3.12/site-packages/pymysql/cursors.py", line 330, in _query
[Mon Jul 06 21:50:36.096292 2026] [wsgi:error] [pid 10:tid 139885106751168] [remote 10.0.0.175:34210] 2026-07-06 21:50:36.084 10 ERROR keystone.server.flask.application conn.query(q)
[Mon Jul 06 21:50:36.096294 2026] [wsgi:error] [pid 10:tid 139885106751168] [remote 10.0.0.175:34210] 2026-07-06 21:50:36.084 10 ERROR keystone.server.flask.application
File "/var/lib/openstack/lib/python3.12/site-packages/pymysql/connections.py", line 582, in query
[Mon Jul 06 21:50:36.096295 2026] [wsgi:error] [pid 10:tid 139885106751168] [remote 10.0.0.175:34210] 2026-07-06 21:50:36.084 10 ERROR keystone.server.flask.application self._affected_rows = self._read_query_result(unbuffered=unbuffered)
[Mon Jul 06 21:50:36.096297 2026] [wsgi:error] [pid 10:tid 139885106751168] [remote 10.0.0.175:34210] 2026-07-06 21:50:36.084 10 ERROR keystone.server.flask.application ^^^^^^^^^^^^^^^^^^^^^^^^^^^^^^^^^^^^^^^^^^^^^^
[Mon Jul 06 21:50:36.096298 2026] [wsgi:error] [pid 10:tid 139885106751168] [remote 10.0.0.175:34210] 2026-07-06 21:50:36.084 10 ERROR keystone.server.flask.application
File "/var/lib/openstack/lib/python3.12/site-packages/pymysql/connections.py", line 847, in _read_query_result
[Mon Jul 06 21:50:36.096300 2026] [wsgi:error] [pid 10:tid 139885106751168] [remote 10.0.0.175:34210] 2026-07-06 21:50:36.084 10 ERROR keystone.server.flask.application result.read()
[Mon Jul 06 21:50:36.096303 2026] [wsgi:error] [pid 10:tid 139885106751168] [remote 10.0.0.175:34210] 2026-07-06 21:50:36.084 10 ERROR keystone.server.flask.application
File "/var/lib/openstack/lib/python3.12/site-packages/pymysql/connections.py", line 1245, in read
[Mon Jul 06 21:50:36.096304 2026] [wsgi:error] [pid 10:tid 139885106751168] [remote 10.0.0.175:34210] 2026-07-06 21:50:36.084 10 ERROR keystone.server.flask.application first_packet = self.connection._read_packet()
[Mon Jul 06 21:50:36.096306 2026] [wsgi:error] [pid 10:tid 139885106751168] [remote 10.0.0.175:34210] 2026-07-06 21:50:36.084 10 ERROR keystone.server.flask.application ^^^^^^^^^^^^^^^^^^^^^^^^^^^^^^
[Mon Jul 06 21:50:36.096307 2026] [wsgi:error] [pid 10:tid 139885106751168] [remote 10.0.0.175:34210] 2026-07-06 21:50:36.084 10 ERROR keystone.server.flask.application
File "/var/lib/openstack/lib/python3.12/site-packages/pymysql/connections.py", line 803, in _read_packet
[Mon Jul 06 21:50:36.096308 2026] [wsgi:error] [pid 10:tid 139885106751168] [remote 10.0.0.175:34210] 2026-07-06 21:50:36.084 10 ERROR keystone.server.flask.application packet.raise_for_error()
[Mon Jul 06 21:50:36.096310 2026] [wsgi:error] [pid 10:tid 139885106751168] [remote 10.0.0.175:34210] 2026-07-06 21:50:36.084 10 ERROR keystone.server.flask.application
File "/var/lib/openstack/lib/python3.12/site-packages/pymysql/protocol.py", line 219, in raise_for_error
[Mon Jul 06 21:50:36.096311 2026] [wsgi:error] [pid 10:tid 139885106751168] [remote 10.0.0.175:34210] 2026-07-06 21:50:36.084 10 ERROR keystone.server.flask.application err.raise_mysql_exception(self._data)
[Mon Jul 06 21:50:36.096313 2026] [wsgi:error] [pid 10:tid 139885106751168] [remote 10.0.0.175:34210] 2026-07-06 21:50:36.084 10 ERROR keystone.server.flask.application
File "/var/lib/openstack/lib/python3.12/site-packages/pymysql/err.py", line 154, in raise_mysql_exception
[Mon Jul 06 21:50:36.096314 2026] [wsgi:error] [pid 10:tid 139885106751168] [remote 10.0.0.175:34210] 2026-07-06 21:50:36.084 10 ERROR keystone.server.flask.application raise errorclass(errno, errval, sqlstate=sqlstate)
[Mon Jul 06 21:50:36.096315 2026] [wsgi:error] [pid 10:tid 139885106751168] [remote 10.0.0.175:34210] 2026-07-06 21:50:36.084 10 ERROR keystone.server.flask.application pymysql.err.IntegrityError: (1062, "Duplicate entry '<>-service' for key 'project.ixu_project_name_domain_id'")
[Mon Jul 06 21:50:36.096317 2026] [wsgi:error] [pid 10:tid 139885106751168] [remote 10.0.0.175:34210] 2026-07-06 21:50:36.084 10 ERROR keystone.server.flask.application
[Mon Jul 06 21:50:36.096318 2026] [wsgi:error] [pid 10:tid 139885106751168] [remote 10.0.0.175:34210] 2026-07-06 21:50:36.084 10 ERROR keystone.server.flask.application The above exception was the direct cause of the following exception:
[Mon Jul 06 21:50:36.096320 2026] [wsgi:error] [pid 10:tid 139885106751168] [remote 10.0.0.175:34210] 2026-07-06 21:50:36.084 10 ERROR keystone.server.flask.application
[Mon Jul 06 21:50:36.096321 2026] [wsgi:error] [pid 10:tid 139885106751168] [remote 10.0.0.175:34210] 2026-07-06 21:50:36.084 10 ERROR keystone.server.flask.application
Traceback (most recent call last):
[Mon Jul 06 21:50:36.096322 2026] [wsgi:error] [pid 10:tid 139885106751168] [remote 10.0.0.175:34210] 2026-07-06 21:50:36.084 10 ERROR keystone.server.flask.application
File "/var/lib/openstack/lib/python3.12/site-packages/keystone/common/sql/core.py", line 575, in wrapper
[Mon Jul 06 21:50:36.096324 2026] [wsgi:error] [pid 10:tid 139885106751168] [remote 10.0.0.175:34210] 2026-07-06 21:50:36.084 10 ERROR keystone.server.flask.application return method(*args, **kwargs)
[Mon Jul 06 21:50:36.096325 2026] [wsgi:error] [pid 10:tid 139885106751168] [remote 10.0.0.175:34210] 2026-07-06 21:50:36.084 10 ERROR keystone.server.flask.application ^^^^^^^^^^^^^^^^^^^^^^^
[Mon Jul 06 21:50:36.096327 2026] [wsgi:error] [pid 10:tid 139885106751168] [remote 10.0.0.175:34210] 2026-07-06 21:50:36.084 10 ERROR keystone.server.flask.application
File "/var/lib/openstack/lib/python3.12/site-packages/keystone/resource/backends/sql.py", line 278, in create_project
[Mon Jul 06 21:50:36.096329 2026] [wsgi:error] [pid 10:tid 139885106751168] [remote 10.0.0.175:34210] 2026-07-06 21:50:36.084 10 ERROR keystone.server.flask.application with sql.session_for_write() as session:
[Mon Jul 06 21:50:36.096330 2026] [wsgi:error] [pid 10:tid 139885106751168] [remote 10.0.0.175:34210] 2026-07-06 21:50:36.084 10 ERROR keystone.server.flask.application
File "/usr/lib/python3.12/contextlib.py", line 144, in __exit__
[Mon Jul 06 21:50:36.096332 2026] [wsgi:error] [pid 10:tid 139885106751168] [remote 10.0.0.175:34210] 2026-07-06 21:50:36.084 10 ERROR keystone.server.flask.application next(self.gen)
[Mon Jul 06 21:50:36.096344 2026] [wsgi:error] [pid 10:tid 139885106751168] [remote 10.0.0.175:34210] 2026-07-06 21:50:36.084 10 ERROR keystone.server.flask.application
File "/var/lib/openstack/lib/python3.12/site-packages/oslo_db/sqlalchemy/enginefacade.py", line 1175, in _transaction_scope
[Mon Jul 06 21:50:36.096346 2026] [wsgi:error] [pid 10:tid 139885106751168] [remote 10.0.0.175:34210] 2026-07-06 21:50:36.084 10 ERROR keystone.server.flask.application with current._produce_block(
[Mon Jul 06 21:50:36.096347 2026] [wsgi:error] [pid 10:tid 139885106751168] [remote 10.0.0.175:34210] 2026-07-06 21:50:36.084 10 ERROR keystone.server.flask.application
File "/usr/lib/python3.12/contextlib.py", line 144, in __exit__
[Mon Jul 06 21:50:36.096349 2026] [wsgi:error] [pid 10:tid 139885106751168] [remote 10.0.0.175:34210] 2026-07-06 21:50:36.084 10 ERROR keystone.server.flask.application next(self.gen)
[Mon Jul 06 21:50:36.096350 2026] [wsgi:error] [pid 10:tid 139885106751168] [remote 10.0.0.175:34210] 2026-07-06 21:50:36.084 10 ERROR keystone.server.flask.application
File "/var/lib/openstack/lib/python3.12/site-packages/oslo_db/sqlalchemy/enginefacade.py", line 837, in _session
[Mon Jul 06 21:50:36.096352 2026] [wsgi:error] [pid 10:tid 139885106751168] [remote 10.0.0.175:34210] 2026-07-06 21:50:36.084 10 ERROR keystone.server.flask.application with excutils.save_and_reraise_exception():
[Mon Jul 06 21:50:36.096353 2026] [wsgi:error] [pid 10:tid 139885106751168] [remote 10.0.0.175:34210] 2026-07-06 21:50:36.084 10 ERROR keystone.server.flask.application
File "/var/lib/openstack/lib/python3.12/site-packages/oslo_utils/excutils.py", line 266, in __exit__
[Mon Jul 06 21:50:36.096355 2026] [wsgi:error] [pid 10:tid 139885106751168] [remote 10.0.0.175:34210] 2026-07-06 21:50:36.084 10 ERROR keystone.server.flask.application self.force_reraise()
[Mon Jul 06 21:50:36.096356 2026] [wsgi:error] [pid 10:tid 139885106751168] [remote 10.0.0.175:34210] 2026-07-06 21:50:36.084 10 ERROR keystone.server.flask.application
File "/var/lib/openstack/lib/python3.12/site-packages/oslo_utils/excutils.py", line 232, in force_reraise
[Mon Jul 06 21:50:36.096358 2026] [wsgi:error] [pid 10:tid 139885106751168] [remote 10.0.0.175:34210] 2026-07-06 21:50:36.084 10 ERROR keystone.server.flask.application raise self.value
[Mon Jul 06 21:50:36.096359 2026] [wsgi:error] [pid 10:tid 139885106751168] [remote 10.0.0.175:34210] 2026-07-06 21:50:36.084 10 ERROR keystone.server.flask.application
File "/var/lib/openstack/lib/python3.12/site-packages/oslo_db/sqlalchemy/enginefacade.py", line 835, in _session
[Mon Jul 06 21:50:36.096361 2026] [wsgi:error] [pid 10:tid 139885106751168] [remote 10.0.0.175:34210] 2026-07-06 21:50:36.084 10 ERROR keystone.server.flask.application self._end_session_transaction(self.session)
[Mon Jul 06 21:50:36.096362 2026] [wsgi:error] [pid 10:tid 139885106751168] [remote 10.0.0.175:34210] 2026-07-06 21:50:36.084 10 ERROR keystone.server.flask.application
File "/var/lib/openstack/lib/python3.12/site-packages/oslo_db/sqlalchemy/enginefacade.py", line 748, in _end_session_transaction
[Mon Jul 06 21:50:36.096364 2026] [wsgi:error] [pid 10:tid 139885106751168] [remote 10.0.0.175:34210] 2026-07-06 21:50:36.084 10 ERROR keystone.server.flask.application session.commit()
[Mon Jul 06 21:50:36.096366 2026] [wsgi:error] [pid 10:tid 139885106751168] [remote 10.0.0.175:34210] 2026-07-06 21:50:36.084 10 ERROR keystone.server.flask.application
File "/var/lib/openstack/lib/python3.12/site-packages/sqlalchemy/orm/session.py", line 2034, in commit
[Mon Jul 06 21:50:36.096367 2026] [wsgi:error] [pid 10:tid 139885106751168] [remote 10.0.0.175:34210] 2026-07-06 21:50:36.084 10 ERROR keystone.server.flask.application trans.commit(_to_root=True)
[Mon Jul 06 21:50:36.096369 2026] [wsgi:error] [pid 10:tid 139885106751168] [remote 10.0.0.175:34210] 2026-07-06 21:50:36.084 10 ERROR keystone.server.flask.application File "", line 2, in commit
[Mon Jul 06 21:50:36.096371 2026] [wsgi:error] [pid 10:tid 139885106751168] [remote 10.0.0.175:34210] 2026-07-06 21:50:36.084 10 ERROR keystone.server.flask.application
File "/var/lib/openstack/lib/python3.12/site-packages/sqlalchemy/orm/state_changes.py", line 137, in _go
[Mon Jul 06 21:50:36.096373 2026] [wsgi:error] [pid 10:tid 139885106751168] [remote 10.0.0.175:34210] 2026-07-06 21:50:36.084 10 ERROR keystone.server.flask.application ret_value = fn(self, *arg, **kw)
[Mon Jul 06 21:50:36.096374 2026] [wsgi:error] [pid 10:tid 139885106751168] [remote 10.0.0.175:34210] 2026-07-06 21:50:36.084 10 ERROR keystone.server.flask.application ^^^^^^^^^^^^^^^^^^^^
[Mon Jul 06 21:50:36.096375 2026] [wsgi:error] [pid 10:tid 139885106751168] [remote 10.0.0.175:34210] 2026-07-06 21:50:36.084 10 ERROR keystone.server.flask.application
File "/var/lib/openstack/lib/python3.12/site-packages/sqlalchemy/orm/session.py", line 1315, in commit
[Mon Jul 06 21:50:36.096377 2026] [wsgi:error] [pid 10:tid 139885106751168] [remote 10.0.0.175:34210] 2026-07-06 21:50:36.084 10 ERROR keystone.server.flask.application self._prepare_impl()
[Mon Jul 06 21:50:36.096381 2026] [wsgi:error] [pid 10:tid 139885106751168] [remote 10.0.0.175:34210] 2026-07-06 21:50:36.084 10 ERROR keystone.server.flask.application File "", line 2, in _prepare_impl
[Mon Jul 06 21:50:36.096383 2026] [wsgi:error] [pid 10:tid 139885106751168] [remote 10.0.0.175:34210] 2026-07-06 21:50:36.084 10 ERROR keystone.server.flask.application
File "/var/lib/openstack/lib/python3.12/site-packages/sqlalchemy/orm/state_changes.py", line 137, in _go
[Mon Jul 06 21:50:36.096385 2026] [wsgi:error] [pid 10:tid 139885106751168] [remote 10.0.0.175:34210] 2026-07-06 21:50:36.084 10 ERROR keystone.server.flask.application ret_value = fn(self, *arg, **kw)
[Mon Jul 06 21:50:36.096387 2026] [wsgi:error] [pid 10:tid 139885106751168] [remote 10.0.0.175:34210] 2026-07-06 21:50:36.084 10 ERROR keystone.server.flask.application ^^^^^^^^^^^^^^^^^^^^
[Mon Jul 06 21:50:36.096388 2026] [wsgi:error] [pid 10:tid 139885106751168] [remote 10.0.0.175:34210] 2026-07-06 21:50:36.084 10 ERROR keystone.server.flask.application
File "/var/lib/openstack/lib/python3.12/site-packages/sqlalchemy/orm/session.py", line 1290, in _prepare_impl
[Mon Jul 06 21:50:36.096390 2026] [wsgi:error] [pid 10:tid 139885106751168] [remote 10.0.0.175:34210] 2026-07-06 21:50:36.084 10 ERROR keystone.server.flask.application self.session.flush()
[Mon Jul 06 21:50:36.096392 2026] [wsgi:error] [pid 10:tid 139885106751168] [remote 10.0.0.175:34210] 2026-07-06 21:50:36.084 10 ERROR keystone.server.flask.application
File "/var/lib/openstack/lib/python3.12/site-packages/sqlalchemy/orm/session.py", line 4352, in flush
[Mon Jul 06 21:50:36.096394 2026] [wsgi:error] [pid 10:tid 139885106751168] [remote 10.0.0.175:34210] 2026-07-06 21:50:36.084 10 ERROR keystone.server.flask.application self._flush(objects)
[Mon Jul 06 21:50:36.096397 2026] [wsgi:error] [pid 10:tid 139885106751168] [remote 10.0.0.175:34210] 2026-07-06 21:50:36.084 10 ERROR keystone.server.flask.application
File "/var/lib/openstack/lib/python3.12/site-packages/sqlalchemy/orm/session.py", line 4487, in _flush
[Mon Jul 06 21:50:36.096399 2026] [wsgi:error] [pid 10:tid 139885106751168] [remote 10.0.0.175:34210] 2026-07-06 21:50:36.084 10 ERROR keystone.server.flask.application with util.safe_reraise():
[Mon Jul 06 21:50:36.096401 2026] [wsgi:error] [pid 10:tid 139885106751168] [remote 10.0.0.175:34210] 2026-07-06 21:50:36.084 10 ERROR keystone.server.flask.application
File "/var/lib/openstack/lib/python3.12/site-packages/sqlalchemy/util/langhelpers.py", line 122, in __exit__
[Mon Jul 06 21:50:36.096403 2026] [wsgi:error] [pid 10:tid 139885106751168] [remote 10.0.0.175:34210] 2026-07-06 21:50:36.084 10 ERROR keystone.server.flask.application raise exc_value.with_traceback(exc_tb)
[Mon Jul 06 21:50:36.096405 2026] [wsgi:error] [pid 10:tid 139885106751168] [remote 10.0.0.175:34210] 2026-07-06 21:50:36.084 10 ERROR keystone.server.flask.application
File "/var/lib/openstack/lib/python3.12/site-packages/sqlalchemy/orm/session.py", line 4448, in _flush
[Mon Jul 06 21:50:36.096407 2026] [wsgi:error] [pid 10:tid 139885106751168] [remote 10.0.0.175:34210] 2026-07-06 21:50:36.084 10 ERROR keystone.server.flask.application flush_context.execute()
[Mon Jul 06 21:50:36.096409 2026] [wsgi:error] [pid 10:tid 139885106751168] [remote 10.0.0.175:34210] 2026-07-06 21:50:36.084 10 ERROR keystone.server.flask.application
File "/var/lib/openstack/lib/python3.12/site-packages/sqlalchemy/orm/unitofwork.py", line 465, in execute
