2026-04-21 18:19:34.599 7 INFO placement.requestlog [req-6cce3a6e-290c-4d55-8adb-6d9084c69a03 req-ce1635e7-311a-4517-844c-d44a29f91512 43d1576196ca40b9bc3763cbf1436c5f 0c1985c4142c4cb390c20f753ce88d39 - - 090ca045ed114662afe406e2ba35f7ac 090ca045ed114662afe406e2ba35f7ac] 199.19.213.78 "GET /resource_providers?in_tree=7fc12569-9da6-4a50-b05f-c649004aeaa1" status: 200 len: 797 microversion: 1.14 [pid: 7|app: 0|req: 292/584] 199.19.213.78 () {34 vars in 889 bytes} [Tue Apr 21 18:19:34 2026] GET /resource_providers?in_tree=7fc12569-9da6-4a50-b05f-c649004aeaa1 => generated 797 bytes in 15 msecs (HTTP/1.1 200) 6 headers in 225 bytes (1 switches on core 0)
2026-04-21 18:19:34.624 8 INFO placement.requestlog [req-6cce3a6e-290c-4d55-8adb-6d9084c69a03 req-5264432e-6d8f-4338-a2d3-c9a6d772e49c 43d1576196ca40b9bc3763cbf1436c5f 0c1985c4142c4cb390c20f753ce88d39 - - 090ca045ed114662afe406e2ba35f7ac 090ca045ed114662afe406e2ba35f7ac] 199.19.213.78 "GET /resource_providers/7fc12569-9da6-4a50-b05f-c649004aeaa1/inventories" status: 200 len: 400 microversion: 1.0 [pid: 8|app: 0|req: 293/585] 199.19.213.78 () {32 vars in 854 bytes} [Tue Apr 21 18:19:34 2026] GET /resource_providers/7fc12569-9da6-4a50-b05f-c649004aeaa1/inventories => generated 400 bytes in 19 msecs (HTTP/1.1 200) 6 headers in 224 bytes (1 switches on core 0)
2026-04-21 18:19:34.656 7 INFO placement.requestlog [req-6cce3a6e-290c-4d55-8adb-6d9084c69a03 req-7221760d-e645-494e-80d3-bf0573218746 43d1576196ca40b9bc3763cbf1436c5f 0c1985c4142c4cb390c20f753ce88d39 - - 090ca045ed114662afe406e2ba35f7ac 090ca045ed114662afe406e2ba35f7ac] 199.19.213.78 "GET /resource_providers/7fc12569-9da6-4a50-b05f-c649004aeaa1/aggregates" status: 200 len: 53 microversion: 1.19 [pid: 7|app: 0|req: 293/586] 199.19.213.78 () {34 vars in 896 bytes} [Tue Apr 21 18:19:34 2026] GET /resource_providers/7fc12569-9da6-4a50-b05f-c649004aeaa1/aggregates => generated 53 bytes in 23 msecs (HTTP/1.1 200) 8 headers in 295 bytes (1 switches on core 0)
2026-04-21 18:19:34.689 8 INFO placement.requestlog [req-6cce3a6e-290c-4d55-8adb-6d9084c69a03 req-96826162-2d0e-470b-8405-d1712b378d49 43d1576196ca40b9bc3763cbf1436c5f 0c1985c4142c4cb390c20f753ce88d39 - - 090ca045ed114662afe406e2ba35f7ac 090ca045ed114662afe406e2ba35f7ac] 199.19.213.78 "GET /resource_providers/7fc12569-9da6-4a50-b05f-c649004aeaa1/traits" status: 200 len: 1723 microversion: 1.6 [pid: 8|app: 0|req: 294/587] 199.19.213.78 () {34 vars in 887 bytes} [Tue Apr 21 18:19:34 2026] GET /resource_providers/7fc12569-9da6-4a50-b05f-c649004aeaa1/traits => generated 1723 bytes in 26 msecs (HTTP/1.1 200) 6 headers in 225 bytes (1 switches on core 0)
2026-04-21 18:19:34.718 7 INFO placement.requestlog [req-6cce3a6e-290c-4d55-8adb-6d9084c69a03 req-60860bee-fc48-4b40-917c-43ac22907f7b 43d1576196ca40b9bc3763cbf1436c5f 0c1985c4142c4cb390c20f753ce88d39 - - 090ca045ed114662afe406e2ba35f7ac 090ca045ed114662afe406e2ba35f7ac] 199.19.213.78 "GET /resource_providers/7fc12569-9da6-4a50-b05f-c649004aeaa1/allocations" status: 200 len: 152 microversion: 1.0 [pid: 7|app: 0|req: 294/588] 199.19.213.78 () {32 vars in 854 bytes} [Tue Apr 21 18:19:34 2026] GET /resource_providers/7fc12569-9da6-4a50-b05f-c649004aeaa1/allocations => generated 152 bytes in 20 msecs (HTTP/1.1 200) 6 headers in 224 bytes (1 switches on core 0)
2026-04-21 18:19:34.740 8 INFO placement.requestlog [req-6cce3a6e-290c-4d55-8adb-6d9084c69a03 req-aeba33ff-9792-4e94-a02f-ce2036c1649f 43d1576196ca40b9bc3763cbf1436c5f 0c1985c4142c4cb390c20f753ce88d39 - - 090ca045ed114662afe406e2ba35f7ac 090ca045ed114662afe406e2ba35f7ac] 199.19.213.78 "GET /allocations/a3daa5eb-daea-4478-ab92-9d91f8ad5649" status: 200 len: 257 microversion: 1.28 [pid: 8|app: 0|req: 295/589] 199.19.213.78 () {34 vars in 860 bytes} [Tue Apr 21 18:19:34 2026] GET /allocations/a3daa5eb-daea-4478-ab92-9d91f8ad5649 => generated 257 bytes in 16 msecs (HTTP/1.1 200) 8 headers in 296 bytes (1 switches on core 0)
2026-04-21 18:19:36.961 7 INFO placement.requestlog [req-58963228-f903-4cc2-8c62-0657a29defe5 req-f5269236-8b7f-4819-b49e-c1277057f697 43d1576196ca40b9bc3763cbf1436c5f 0c1985c4142c4cb390c20f753ce88d39 - - 090ca045ed114662afe406e2ba35f7ac 090ca045ed114662afe406e2ba35f7ac] 199.19.213.78 "GET /resource_providers/7fc12569-9da6-4a50-b05f-c649004aeaa1/allocations" status: 200 len: 152 microversion: 1.0 [pid: 7|app: 0|req: 295/590] 199.19.213.78 () {32 vars in 854 bytes} [Tue Apr 21 18:19:36 2026] GET /resource_providers/7fc12569-9da6-4a50-b05f-c649004aeaa1/allocations => generated 152 bytes in 22 msecs (HTTP/1.1 200) 6 headers in 224 bytes (1 switches on core 0)
2026-04-21 18:19:37.004 8 INFO placement.requestlog [req-58963228-f903-4cc2-8c62-0657a29defe5 req-1a62b387-1975-4f06-9ba7-170cec95a7df 43d1576196ca40b9bc3763cbf1436c5f 0c1985c4142c4cb390c20f753ce88d39 - - 090ca045ed114662afe406e2ba35f7ac 090ca045ed114662afe406e2ba35f7ac] 199.19.213.78 "GET /resource_providers/7fc12569-9da6-4a50-b05f-c649004aeaa1/allocations" status: 200 len: 152 microversion: 1.0 [pid: 8|app: 0|req: 296/591] 199.19.213.78 () {32 vars in 854 bytes} [Tue Apr 21 18:19:36 2026] GET /resource_providers/7fc12569-9da6-4a50-b05f-c649004aeaa1/allocations => generated 152 bytes in 35 msecs (HTTP/1.1 200) 6 headers in 224 bytes (1 switches on core 0)
2026-04-21 18:19:37.031 7 INFO placement.requestlog [req-58963228-f903-4cc2-8c62-0657a29defe5 req-db812328-6056-4b77-875f-61f9d90f4100 43d1576196ca40b9bc3763cbf1436c5f 0c1985c4142c4cb390c20f753ce88d39 - - 090ca045ed114662afe406e2ba35f7ac 090ca045ed114662afe406e2ba35f7ac] 199.19.213.78 "GET /allocations/a3daa5eb-daea-4478-ab92-9d91f8ad5649" status: 200 len: 257 microversion: 1.28 [pid: 7|app: 0|req: 296/592] 199.19.213.78 () {34 vars in 860 bytes} [Tue Apr 21 18:19:37 2026] GET /allocations/a3daa5eb-daea-4478-ab92-9d91f8ad5649 => generated 257 bytes in 17 msecs (HTTP/1.1 200) 8 headers in 296 bytes (1 switches on core 0)
2026-04-21 18:19:39.557 8 INFO placement.requestlog [None req-41365400-531c-493d-884f-2b38ed8fbd14 ebbd7968f0b2446c900d66bba107f38f 0c1985c4142c4cb390c20f753ce88d39 - - 090ca045ed114662afe406e2ba35f7ac 090ca045ed114662afe406e2ba35f7ac] 10.0.0.149 "GET /resource_providers/dcc35112-6559-4f5e-82d3-588c96910435/aggregates" status: 404 len: 235 microversion: 1.1 [pid: 8|app: 0|req: 297/593] 10.0.0.149 () {32 vars in 814 bytes} [Tue Apr 21 18:19:39 2026] GET /resource_providers/dcc35112-6559-4f5e-82d3-588c96910435/aggregates => generated 235 bytes in 52 msecs (HTTP/1.1 404) 5 headers in 202 bytes (1 switches on core 0)
2026-04-21 18:19:39.577 8 INFO placement.requestlog [None req-e2b9cae8-8def-4162-b212-13ec7d1233da ebbd7968f0b2446c900d66bba107f38f 0c1985c4142c4cb390c20f753ce88d39 - - 090ca045ed114662afe406e2ba35f7ac 090ca045ed114662afe406e2ba35f7ac] 10.0.0.149 "DELETE /resource_providers/dcc35112-6559-4f5e-82d3-588c96910435" status: 404 len: 246 microversion: 1.1 [pid: 8|app: 0|req: 298/594] 10.0.0.149 () {34 vars in 814 bytes} [Tue Apr 21 18:19:39 2026] DELETE /resource_providers/dcc35112-6559-4f5e-82d3-588c96910435 => generated 246 bytes in 11 msecs (HTTP/1.1 404) 6 headers in 231 bytes (1 switches on core 0)
2026-04-21 18:19:39.589 7 INFO placement.requestlog [None req-0b97725c-d7b9-4370-9319-287369f96144 ebbd7968f0b2446c900d66bba107f38f 0c1985c4142c4cb390c20f753ce88d39 - - 090ca045ed114662afe406e2ba35f7ac 090ca045ed114662afe406e2ba35f7ac] 10.0.0.149 "GET /resource_providers/dcc35112-6559-4f5e-82d3-588c96910435/aggregates" status: 404 len: 235 microversion: 1.1 [pid: 7|app: 0|req: 297/595] 10.0.0.149 () {32 vars in 814 bytes} [Tue Apr 21 18:19:39 2026] GET /resource_providers/dcc35112-6559-4f5e-82d3-588c96910435/aggregates => generated 235 bytes in 80 msecs (HTTP/1.1 404) 5 headers in 202 bytes (1 switches on core 0)
2026-04-21 18:19:39.621 8 INFO placement.requestlog [None req-e2d2de6b-91df-454c-8db5-ef901b524531 ebbd7968f0b2446c900d66bba107f38f 0c1985c4142c4cb390c20f753ce88d39 - - 090ca045ed114662afe406e2ba35f7ac 090ca045ed114662afe406e2ba35f7ac] 10.0.0.149 "DELETE /resource_providers/dcc35112-6559-4f5e-82d3-588c96910435" status: 404 len: 246 microversion: 1.1 [pid: 8|app: 0|req: 299/596] 10.0.0.149 () {34 vars in 814 bytes} [Tue Apr 21 18:19:39 2026] DELETE /resource_providers/dcc35112-6559-4f5e-82d3-588c96910435 => generated 246 bytes in 14 msecs (HTTP/1.1 404) 6 headers in 231 bytes (1 switches on core 0)
2026-04-21 18:19:40.555 7 INFO placement.requestlog [None req-2c86fb51-bcbc-409f-9d61-494a3c78d5d3 - - - - - -] 10.0.0.36 "GET /" status: 200 len: 136 microversion: 1.0
2026-04-21 18:19:40.555 8 INFO placement.requestlog [None req-1639b5da-b60e-46dd-aee8-ba50fa67a7c3 - - - - - -] 10.0.0.36 "GET /" status: 200 len: 136 microversion: 1.0
2026-04-21 18:19:41.607 7 INFO placement.requestlog [None req-1567b87a-c2a0-419a-89d0-d087a2de6432 ebbd7968f0b2446c900d66bba107f38f 0c1985c4142c4cb390c20f753ce88d39 - - 090ca045ed114662afe406e2ba35f7ac 090ca045ed114662afe406e2ba35f7ac] 10.0.0.149 "GET /resource_providers/fe01dc1b-f067-4fc1-a11f-c4b3d52528cd/aggregates" status: 404 len: 235 microversion: 1.1 [pid: 7|app: 0|req: 299/599] 10.0.0.149 () {32 vars in 814 bytes} [Tue Apr 21 18:19:41 2026] GET /resource_providers/fe01dc1b-f067-4fc1-a11f-c4b3d52528cd/aggregates => generated 235 bytes in 17 msecs (HTTP/1.1 404) 5 headers in 202 bytes (1 switches on core 0)
2026-04-21 18:19:41.629 8 INFO placement.requestlog [None req-3f7edf39-ab3c-4079-a2b9-636c79a18e0e ebbd7968f0b2446c900d66bba107f38f 0c1985c4142c4cb390c20f753ce88d39 - - 090ca045ed114662afe406e2ba35f7ac 090ca045ed114662afe406e2ba35f7ac] 10.0.0.149 "DELETE /resource_providers/fe01dc1b-f067-4fc1-a11f-c4b3d52528cd" status: 404 len: 246 microversion: 1.1 [pid: 8|app: 0|req: 301/600] 10.0.0.149 () {34 vars in 814 bytes} [Tue Apr 21 18:19:41 2026] DELETE /resource_providers/fe01dc1b-f067-4fc1-a11f-c4b3d52528cd => generated 246 bytes in 11 msecs (HTTP/1.1 404) 6 headers in 231 bytes (1 switches on core 0)
2026-04-21 18:19:41.651 7 INFO placement.requestlog [None req-ebafd235-cf76-451d-baf9-2494526232c5 ebbd7968f0b2446c900d66bba107f38f 0c1985c4142c4cb390c20f753ce88d39 - - 090ca045ed114662afe406e2ba35f7ac 090ca045ed114662afe406e2ba35f7ac] 10.0.0.149 "GET /resource_providers/fe01dc1b-f067-4fc1-a11f-c4b3d52528cd/aggregates" status: 404 len: 235 microversion: 1.1 [pid: 7|app: 0|req: 300/601] 10.0.0.149 () {32 vars in 814 bytes} [Tue Apr 21 18:19:41 2026] GET /resource_providers/fe01dc1b-f067-4fc1-a11f-c4b3d52528cd/aggregates => generated 235 bytes in 17 msecs (HTTP/1.1 404) 5 headers in 202 bytes (1 switches on core 0)
2026-04-21 18:19:41.671 8 INFO placement.requestlog [None req-728c0b45-e99f-4e8d-9ac8-e3103add9082 ebbd7968f0b2446c900d66bba107f38f 0c1985c4142c4cb390c20f753ce88d39 - - 090ca045ed114662afe406e2ba35f7ac 090ca045ed114662afe406e2ba35f7ac] 10.0.0.149 "DELETE /resource_providers/fe01dc1b-f067-4fc1-a11f-c4b3d52528cd" status: 404 len: 246 microversion: 1.1 [pid: 8|app: 0|req: 302/602] 10.0.0.149 () {34 vars in 814 bytes} [Tue Apr 21 18:19:41 2026] DELETE /resource_providers/fe01dc1b-f067-4fc1-a11f-c4b3d52528cd => generated 246 bytes in 13 msecs (HTTP/1.1 404) 6 headers in 231 bytes (1 switches on core 0)
2026-04-21 18:19:49.523 7 INFO placement.requestlog [None req-84a4234a-97c8-43b0-b32e-fd5ad406ff98 ebbd7968f0b2446c900d66bba107f38f 0c1985c4142c4cb390c20f753ce88d39 - - 090ca045ed114662afe406e2ba35f7ac 090ca045ed114662afe406e2ba35f7ac] 10.0.0.149 "GET /resource_providers/24dcd37e-ec89-4000-8bc8-6168801a4f27/aggregates" status: 404 len: 235 microversion: 1.1 [pid: 7|app: 0|req: 301/603] 10.0.0.149 () {32 vars in 814 bytes} [Tue Apr 21 18:19:49 2026] GET /resource_providers/24dcd37e-ec89-4000-8bc8-6168801a4f27/aggregates => generated 235 bytes in 164 msecs (HTTP/1.1 404) 5 headers in 202 bytes (1 switches on core 0)
2026-04-21 18:19:49.548 7 INFO placement.requestlog [None req-27b4d6c9-e93a-454b-b065-c8c3e5e386d6 ebbd7968f0b2446c900d66bba107f38f 0c1985c4142c4cb390c20f753ce88d39 - - 090ca045ed114662afe406e2ba35f7ac 090ca045ed114662afe406e2ba35f7ac] 10.0.0.149 "DELETE /resource_providers/24dcd37e-ec89-4000-8bc8-6168801a4f27" status: 404 len: 246 microversion: 1.1 [pid: 7|app: 0|req: 302/604] 10.0.0.149 () {34 vars in 814 bytes} [Tue Apr 21 18:19:49 2026] DELETE /resource_providers/24dcd37e-ec89-4000-8bc8-6168801a4f27 => generated 246 bytes in 13 msecs (HTTP/1.1 404) 6 headers in 231 bytes (1 switches on core 0)
2026-04-21 18:19:49.552 8 INFO placement.requestlog [None req-be70e4fc-da4a-4365-8865-1b29f85b84f1 ebbd7968f0b2446c900d66bba107f38f 0c1985c4142c4cb390c20f753ce88d39 - - 090ca045ed114662afe406e2ba35f7ac 090ca045ed114662afe406e2ba35f7ac] 10.0.0.149 "GET /resource_providers/24dcd37e-ec89-4000-8bc8-6168801a4f27/aggregates" status: 404 len: 235 microversion: 1.1 [pid: 8|app: 0|req: 303/605] 10.0.0.149 () {32 vars in 814 bytes} [Tue Apr 21 18:19:49 2026] GET /resource_providers/24dcd37e-ec89-4000-8bc8-6168801a4f27/aggregates => generated 235 bytes in 173 msecs (HTTP/1.1 404) 5 headers in 202 bytes (1 switches on core 0)
2026-04-21 18:19:49.584 7 INFO placement.requestlog [None req-bbfdcbad-881c-4304-964c-76dfdb6ef258 ebbd7968f0b2446c900d66bba107f38f 0c1985c4142c4cb390c20f753ce88d39 - - 090ca045ed114662afe406e2ba35f7ac 090ca045ed114662afe406e2ba35f7ac] 10.0.0.149 "DELETE /resource_providers/24dcd37e-ec89-4000-8bc8-6168801a4f27" status: 404 len: 246 microversion: 1.1 [pid: 7|app: 0|req: 303/606] 10.0.0.149 () {34 vars in 814 bytes} [Tue Apr 21 18:19:49 2026] DELETE /resource_providers/24dcd37e-ec89-4000-8bc8-6168801a4f27 => generated 246 bytes in 14 msecs (HTTP/1.1 404) 6 headers in 231 bytes (1 switches on core 0)
2026-04-21 18:19:50.554 8 INFO placement.requestlog [None req-3aed8d05-5056-406f-8dfe-daca837bfe19 - - - - - -] 10.0.0.36 "GET /" status: 200 len: 136 microversion: 1.0
2026-04-21 18:19:50.555 7 INFO placement.requestlog [None req-6aa0aea6-4144-4435-98c1-d34afbf22d47 - - - - - -] 10.0.0.36 "GET /" status: 200 len: 136 microversion: 1.0
2026-04-21 18:19:51.171 8 INFO placement.requestlog [None req-b0382543-2d2a-4437-a081-b4ede5d2971f ebbd7968f0b2446c900d66bba107f38f 0c1985c4142c4cb390c20f753ce88d39 - - 090ca045ed114662afe406e2ba35f7ac 090ca045ed114662afe406e2ba35f7ac] 10.0.0.149 "GET /resource_providers/1f58ce0e-7d77-4c22-954d-db955d450be1/aggregates" status: 404 len: 235 microversion: 1.1 [pid: 8|app: 0|req: 305/609] 10.0.0.149 () {32 vars in 814 bytes} [Tue Apr 21 18:19:51 2026] GET /resource_providers/1f58ce0e-7d77-4c22-954d-db955d450be1/aggregates => generated 235 bytes in 23 msecs (HTTP/1.1 404) 5 headers in 202 bytes (1 switches on core 0)
2026-04-21 18:19:51.173 7 INFO placement.requestlog [None req-8d6f7be9-60c3-41eb-869c-b879accf3ba9 ebbd7968f0b2446c900d66bba107f38f 0c1985c4142c4cb390c20f753ce88d39 - - 090ca045ed114662afe406e2ba35f7ac 090ca045ed114662afe406e2ba35f7ac] 10.0.0.149 "GET /resource_providers/1f58ce0e-7d77-4c22-954d-db955d450be1/aggregates" status: 404 len: 235 microversion: 1.1 [pid: 7|app: 0|req: 305/610] 10.0.0.149 () {32 vars in 814 bytes} [Tue Apr 21 18:19:51 2026] GET /resource_providers/1f58ce0e-7d77-4c22-954d-db955d450be1/aggregates => generated 235 bytes in 16 msecs (HTTP/1.1 404) 5 headers in 202 bytes (1 switches on core 0)
2026-04-21 18:19:51.211 7 INFO placement.requestlog [None req-3317bb94-dfbb-43b9-89b2-c301c25e72a2 ebbd7968f0b2446c900d66bba107f38f 0c1985c4142c4cb390c20f753ce88d39 - - 090ca045ed114662afe406e2ba35f7ac 090ca045ed114662afe406e2ba35f7ac] 10.0.0.149 "DELETE /resource_providers/1f58ce0e-7d77-4c22-954d-db955d450be1" status: 404 len: 246 microversion: 1.1 [pid: 7|app: 0|req: 306/611] 10.0.0.149 () {34 vars in 814 bytes} [Tue Apr 21 18:19:51 2026] DELETE /resource_providers/1f58ce0e-7d77-4c22-954d-db955d450be1 => generated 246 bytes in 22 msecs (HTTP/1.1 404) 6 headers in 231 bytes (1 switches on core 0)
2026-04-21 18:19:51.213 8 INFO placement.requestlog [None req-3b4969d5-f6b9-4377-98e0-35b47e5b7f68 ebbd7968f0b2446c900d66bba107f38f 0c1985c4142c4cb390c20f753ce88d39 - - 090ca045ed114662afe406e2ba35f7ac 090ca045ed114662afe406e2ba35f7ac] 10.0.0.149 "DELETE /resource_providers/1f58ce0e-7d77-4c22-954d-db955d450be1" status: 404 len: 246 microversion: 1.1 [pid: 8|app: 0|req: 306/612] 10.0.0.149 () {34 vars in 814 bytes} [Tue Apr 21 18:19:51 2026] DELETE /resource_providers/1f58ce0e-7d77-4c22-954d-db955d450be1 => generated 246 bytes in 25 msecs (HTTP/1.1 404) 6 headers in 231 bytes (1 switches on core 0)
2026-04-21 18:19:55.674 7 INFO placement.requestlog [req-16b59a4f-3250-44cb-8cc4-297314372d45 req-6b5a9fd1-0846-484e-a772-2aefc1b5d598 43d1576196ca40b9bc3763cbf1436c5f 0c1985c4142c4cb390c20f753ce88d39 - - 090ca045ed114662afe406e2ba35f7ac 090ca045ed114662afe406e2ba35f7ac] 199.19.213.78 "GET /resource_providers/7fc12569-9da6-4a50-b05f-c649004aeaa1/allocations" status: 200 len: 152 microversion: 1.0 [pid: 7|app: 0|req: 307/613] 199.19.213.78 () {32 vars in 854 bytes} [Tue Apr 21 18:19:55 2026] GET /resource_providers/7fc12569-9da6-4a50-b05f-c649004aeaa1/allocations => generated 152 bytes in 22 msecs (HTTP/1.1 200) 6 headers in 224 bytes (1 switches on core 0)
2026-04-21 18:19:55.705 8 INFO placement.requestlog [req-16b59a4f-3250-44cb-8cc4-297314372d45 req-372ed17a-e08d-4b03-89e1-ee4c603425e1 43d1576196ca40b9bc3763cbf1436c5f 0c1985c4142c4cb390c20f753ce88d39 - - 090ca045ed114662afe406e2ba35f7ac 090ca045ed114662afe406e2ba35f7ac] 199.19.213.78 "GET /allocations/a3daa5eb-daea-4478-ab92-9d91f8ad5649" status: 200 len: 257 microversion: 1.28 [pid: 8|app: 0|req: 307/614] 199.19.213.78 () {34 vars in 860 bytes} [Tue Apr 21 18:19:55 2026] GET /allocations/a3daa5eb-daea-4478-ab92-9d91f8ad5649 => generated 257 bytes in 22 msecs (HTTP/1.1 200) 8 headers in 296 bytes (1 switches on core 0)
2026-04-21 18:19:55.797 7 INFO placement.requestlog [req-16b59a4f-3250-44cb-8cc4-297314372d45 req-5694ebe2-befc-45af-b7b5-3ad0a9895cf3 43d1576196ca40b9bc3763cbf1436c5f 0c1985c4142c4cb390c20f753ce88d39 - - 090ca045ed114662afe406e2ba35f7ac 090ca045ed114662afe406e2ba35f7ac] 199.19.213.78 "DELETE /allocations/a3daa5eb-daea-4478-ab92-9d91f8ad5649" status: 204 len: 0 microversion: 1.0 [pid: 7|app: 0|req: 308/615] 199.19.213.78 () {34 vars in 838 bytes} [Tue Apr 21 18:19:55 2026] DELETE /allocations/a3daa5eb-daea-4478-ab92-9d91f8ad5649 => generated 0 bytes in 37 msecs (HTTP/1.1 204) 5 headers in 198 bytes (1 switches on core 0)
2026-04-21 18:19:58.542 8 INFO placement.requestlog [None req-48536e1e-0f66-4380-abe7-c0700ce04d78 ebbd7968f0b2446c900d66bba107f38f 0c1985c4142c4cb390c20f753ce88d39 - - 090ca045ed114662afe406e2ba35f7ac 090ca045ed114662afe406e2ba35f7ac] 10.0.0.149 "GET /resource_providers/cefadf8c-503d-4549-b8e7-80bfd3244146/aggregates" status: 404 len: 235 microversion: 1.1 [pid: 8|app: 0|req: 308/616] 10.0.0.149 () {32 vars in 814 bytes} [Tue Apr 21 18:19:58 2026] GET /resource_providers/cefadf8c-503d-4549-b8e7-80bfd3244146/aggregates => generated 235 bytes in 9 msecs (HTTP/1.1 404) 5 headers in 202 bytes (1 switches on core 0)
2026-04-21 18:19:58.544 7 INFO placement.requestlog [None req-25b4454d-ffd1-40aa-a978-1fd84052e095 ebbd7968f0b2446c900d66bba107f38f 0c1985c4142c4cb390c20f753ce88d39 - - 090ca045ed114662afe406e2ba35f7ac 090ca045ed114662afe406e2ba35f7ac] 10.0.0.149 "GET /resource_providers/cefadf8c-503d-4549-b8e7-80bfd3244146/aggregates" status: 404 len: 235 microversion: 1.1 [pid: 7|app: 0|req: 309/617] 10.0.0.149 () {32 vars in 814 bytes} [Tue Apr 21 18:19:58 2026] GET /resource_providers/cefadf8c-503d-4549-b8e7-80bfd3244146/aggregates => generated 235 bytes in 10 msecs (HTTP/1.1 404) 5 headers in 202 bytes (1 switches on core 0)
2026-04-21 18:19:58.575 7 INFO placement.requestlog [None req-540b2cda-2192-4a45-9d15-f21a0cd2947b ebbd7968f0b2446c900d66bba107f38f 0c1985c4142c4cb390c20f753ce88d39 - - 090ca045ed114662afe406e2ba35f7ac 090ca045ed114662afe406e2ba35f7ac] 10.0.0.149 "DELETE /resource_providers/cefadf8c-503d-4549-b8e7-80bfd3244146" status: 404 len: 246 microversion: 1.1 [pid: 7|app: 0|req: 310/618] 10.0.0.149 () {34 vars in 814 bytes} [Tue Apr 21 18:19:58 2026] DELETE /resource_providers/cefadf8c-503d-4549-b8e7-80bfd3244146 => generated 246 bytes in 9 msecs (HTTP/1.1 404) 6 headers in 231 bytes (1 switches on core 0)
2026-04-21 18:19:58.576 8 INFO placement.requestlog [None req-a2ca0566-5a7a-4baf-8485-9969ec5726d6 ebbd7968f0b2446c900d66bba107f38f 0c1985c4142c4cb390c20f753ce88d39 - - 090ca045ed114662afe406e2ba35f7ac 090ca045ed114662afe406e2ba35f7ac] 10.0.0.149 "DELETE /resource_providers/cefadf8c-503d-4549-b8e7-80bfd3244146" status: 404 len: 246 microversion: 1.1 [pid: 8|app: 0|req: 309/619] 10.0.0.149 () {34 vars in 814 bytes} [Tue Apr 21 18:19:58 2026] DELETE /resource_providers/cefadf8c-503d-4549-b8e7-80bfd3244146 => generated 246 bytes in 13 msecs (HTTP/1.1 404) 6 headers in 231 bytes (1 switches on core 0)
2026-04-21 18:19:59.002 7 INFO placement.requestlog [None req-8675b088-9a0f-458a-b08d-874beb01f0fe ebbd7968f0b2446c900d66bba107f38f 0c1985c4142c4cb390c20f753ce88d39 - - 090ca045ed114662afe406e2ba35f7ac 090ca045ed114662afe406e2ba35f7ac] 10.0.0.149 "GET /resource_providers/86d55b90-d5cc-4814-be58-10c4b96c5358/aggregates" status: 404 len: 235 microversion: 1.1 [pid: 7|app: 0|req: 311/620] 10.0.0.149 () {32 vars in 814 bytes} [Tue Apr 21 18:19:58 2026] GET /resource_providers/86d55b90-d5cc-4814-be58-10c4b96c5358/aggregates => generated 235 bytes in 11 msecs (HTTP/1.1 404) 5 headers in 202 bytes (1 switches on core 0)
2026-04-21 18:19:59.008 8 INFO placement.requestlog [None req-dfcf67cd-6e73-422b-88d5-1078c36334b1 ebbd7968f0b2446c900d66bba107f38f 0c1985c4142c4cb390c20f753ce88d39 - - 090ca045ed114662afe406e2ba35f7ac 090ca045ed114662afe406e2ba35f7ac] 10.0.0.149 "GET /resource_providers/86d55b90-d5cc-4814-be58-10c4b96c5358/aggregates" status: 404 len: 235 microversion: 1.1 [pid: 8|app: 0|req: 310/621] 10.0.0.149 () {32 vars in 814 bytes} [Tue Apr 21 18:19:58 2026] GET /resource_providers/86d55b90-d5cc-4814-be58-10c4b96c5358/aggregates => generated 235 bytes in 11 msecs (HTTP/1.1 404) 5 headers in 202 bytes (1 switches on core 0)
2026-04-21 18:19:59.037 7 INFO placement.requestlog [None req-d6b142c3-c7bb-40aa-a624-60ab00d02e94 ebbd7968f0b2446c900d66bba107f38f 0c1985c4142c4cb390c20f753ce88d39 - - 090ca045ed114662afe406e2ba35f7ac 090ca045ed114662afe406e2ba35f7ac] 10.0.0.149 "DELETE /resource_providers/86d55b90-d5cc-4814-be58-10c4b96c5358" status: 404 len: 246 microversion: 1.1
2026-04-21 18:19:59.037 8 INFO placement.requestlog [None req-b837c231-0938-438c-ab47-f1066ec531cb ebbd7968f0b2446c900d66bba107f38f 0c1985c4142c4cb390c20f753ce88d39 - - 090ca045ed114662afe406e2ba35f7ac 090ca045ed114662afe406e2ba35f7ac] 10.0.0.149 "DELETE /resource_providers/86d55b90-d5cc-4814-be58-10c4b96c5358" status: 404 len: 246 microversion: 1.1 [pid: 7|app: 0|req: 312/622] 10.0.0.149 () {34 vars in 814 bytes} [Tue Apr 21 18:19:59 2026] DELETE /resource_providers/86d55b90-d5cc-4814-be58-10c4b96c5358 => generated 246 bytes in 11 msecs (HTTP/1.1 404) 6 headers in 231 bytes (1 switches on core 0) [pid: 8|app: 0|req: 311/623] 10.0.0.149 () {34 vars in 814 bytes} [Tue Apr 21 18:19:59 2026] DELETE /resource_providers/86d55b90-d5cc-4814-be58-10c4b96c5358 => generated 246 bytes in 11 msecs (HTTP/1.1 404) 6 headers in 231 bytes (1 switches on core 0)
2026-04-21 18:20:00.555 7 INFO placement.requestlog [None req-a7663bb2-e6f2-4dd2-aebf-e8235f66595d - - - - - -] 10.0.0.36 "GET /" status: 200 len: 136 microversion: 1.0
2026-04-21 18:20:00.555 8 INFO placement.requestlog [None req-be98ab7a-4c9c-4c1a-9eaf-1694773c890c - - - - - -] 10.0.0.36 "GET /" status: 200 len: 136 microversion: 1.0
2026-04-21 18:20:01.968 7 INFO placement.requestlog [None req-0ba894c6-19fd-4c71-a97e-9064b4e6cc77 ebbd7968f0b2446c900d66bba107f38f 0c1985c4142c4cb390c20f753ce88d39 - - 090ca045ed114662afe406e2ba35f7ac 090ca045ed114662afe406e2ba35f7ac] 10.0.0.149 "GET /resource_providers/99e74b7b-44e3-45ed-8fac-b9ff897b7493/aggregates" status: 404 len: 235 microversion: 1.1 [pid: 7|app: 0|req: 314/626] 10.0.0.149 () {32 vars in 814 bytes} [Tue Apr 21 18:20:01 2026] GET /resource_providers/99e74b7b-44e3-45ed-8fac-b9ff897b7493/aggregates => generated 235 bytes in 27 msecs (HTTP/1.1 404) 5 headers in 202 bytes (1 switches on core 0)
2026-04-21 18:20:01.977 8 INFO placement.requestlog [None req-43724527-0411-4611-bf6f-2286b0da107d ebbd7968f0b2446c900d66bba107f38f 0c1985c4142c4cb390c20f753ce88d39 - - 090ca045ed114662afe406e2ba35f7ac 090ca045ed114662afe406e2ba35f7ac] 10.0.0.149 "GET /resource_providers/99e74b7b-44e3-45ed-8fac-b9ff897b7493/aggregates" status: 404 len: 235 microversion: 1.1 [pid: 8|app: 0|req: 313/627] 10.0.0.149 () {32 vars in 814 bytes} [Tue Apr 21 18:20:01 2026] GET /resource_providers/99e74b7b-44e3-45ed-8fac-b9ff897b7493/aggregates => generated 235 bytes in 31 msecs (HTTP/1.1 404) 5 headers in 202 bytes (1 switches on core 0)
2026-04-21 18:20:02.007 7 INFO placement.requestlog [None req-b42b8379-8290-41da-9088-7d797c89b167 ebbd7968f0b2446c900d66bba107f38f 0c1985c4142c4cb390c20f753ce88d39 - - 090ca045ed114662afe406e2ba35f7ac 090ca045ed114662afe406e2ba35f7ac] 10.0.0.149 "DELETE /resource_providers/99e74b7b-44e3-45ed-8fac-b9ff897b7493" status: 404 len: 246 microversion: 1.1 [pid: 7|app: 0|req: 315/628] 10.0.0.149 () {34 vars in 814 bytes} [Tue Apr 21 18:20:01 2026] DELETE /resource_providers/99e74b7b-44e3-45ed-8fac-b9ff897b7493 => generated 246 bytes in 13 msecs (HTTP/1.1 404) 6 headers in 231 bytes (1 switches on core 0)
2026-04-21 18:20:02.010 8 INFO placement.requestlog [None req-20a7d25d-702b-4f75-b074-042328a0eb64 ebbd7968f0b2446c900d66bba107f38f 0c1985c4142c4cb390c20f753ce88d39 - - 090ca045ed114662afe406e2ba35f7ac 090ca045ed114662afe406e2ba35f7ac] 10.0.0.149 "DELETE /resource_providers/99e74b7b-44e3-45ed-8fac-b9ff897b7493" status: 404 len: 246 microversion: 1.1 [pid: 8|app: 0|req: 314/629] 10.0.0.149 () {34 vars in 814 bytes} [Tue Apr 21 18:20:01 2026] DELETE /resource_providers/99e74b7b-44e3-45ed-8fac-b9ff897b7493 => generated 246 bytes in 11 msecs (HTTP/1.1 404) 6 headers in 231 bytes (1 switches on core 0)
2026-04-21 18:20:02.382 7 INFO placement.requestlog [req-0755b9e1-6cd7-42ed-b4f5-6f4ecd3aa58e req-31a799f1-24dd-4807-9c0e-92524829b178 43d1576196ca40b9bc3763cbf1436c5f 0c1985c4142c4cb390c20f753ce88d39 - - 090ca045ed114662afe406e2ba35f7ac 090ca045ed114662afe406e2ba35f7ac] 10.0.0.72 "GET /allocation_candidates?limit=1000&resources=MEMORY_MB%3A512%2CVCPU%3A1&root_required=%21COMPUTE_STATUS_DISABLED" status: 200 len: 2174 microversion: 1.36 [pid: 7|app: 0|req: 316/630] 10.0.0.72 () {34 vars in 981 bytes} [Tue Apr 21 18:20:02 2026] GET /allocation_candidates?limit=1000&resources=MEMORY_MB%3A512%2CVCPU%3A1&root_required=%21COMPUTE_STATUS_DISABLED => generated 2174 bytes in 64 msecs (HTTP/1.1 200) 8 headers in 297 bytes (1 switches on core 0)
2026-04-21 18:20:02.422 8 INFO placement.requestlog [req-0755b9e1-6cd7-42ed-b4f5-6f4ecd3aa58e req-089aaa70-eeac-4b13-8bb3-0a0528cfc26d 43d1576196ca40b9bc3763cbf1436c5f 0c1985c4142c4cb390c20f753ce88d39 - - 090ca045ed114662afe406e2ba35f7ac 090ca045ed114662afe406e2ba35f7ac] 10.0.0.72 "GET /allocations/1f25d879-4bb1-4f9c-abc5-39b948df3ed2" status: 200 len: 19 microversion: 1.28 [pid: 8|app: 0|req: 315/631] 10.0.0.72 () {34 vars in 858 bytes} [Tue Apr 21 18:20:02 2026] GET /allocations/1f25d879-4bb1-4f9c-abc5-39b948df3ed2 => generated 19 bytes in 9 msecs (HTTP/1.1 200) 8 headers in 295 bytes (1 switches on core 0)
2026-04-21 18:20:02.494 7 INFO placement.requestlog [req-0755b9e1-6cd7-42ed-b4f5-6f4ecd3aa58e req-a7262f8f-2698-4ae6-aeb2-7dee13c350be 43d1576196ca40b9bc3763cbf1436c5f 0c1985c4142c4cb390c20f753ce88d39 - - 090ca045ed114662afe406e2ba35f7ac 090ca045ed114662afe406e2ba35f7ac] 10.0.0.72 "PUT /allocations/1f25d879-4bb1-4f9c-abc5-39b948df3ed2" status: 204 len: 0 microversion: 1.36 [pid: 7|app: 0|req: 317/632] 10.0.0.72 () {38 vars in 911 bytes} [Tue Apr 21 18:20:02 2026] PUT /allocations/1f25d879-4bb1-4f9c-abc5-39b948df3ed2 => generated 0 bytes in 67 msecs (HTTP/1.1 204) 5 headers in 199 bytes (1 switches on core 0)
2026-04-21 18:20:02.947 8 INFO placement.requestlog [req-0755b9e1-6cd7-42ed-b4f5-6f4ecd3aa58e req-8180de04-de17-4223-b863-2e89ba1da34a 43d1576196ca40b9bc3763cbf1436c5f 0c1985c4142c4cb390c20f753ce88d39 - - 090ca045ed114662afe406e2ba35f7ac 090ca045ed114662afe406e2ba35f7ac] 199.19.213.78 "GET /allocations/1f25d879-4bb1-4f9c-abc5-39b948df3ed2" status: 200 len: 243 microversion: 1.28 [pid: 8|app: 0|req: 316/633] 199.19.213.78 () {34 vars in 860 bytes} [Tue Apr 21 18:20:02 2026] GET /allocations/1f25d879-4bb1-4f9c-abc5-39b948df3ed2 => generated 243 bytes in 14 msecs (HTTP/1.1 200) 8 headers in 296 bytes (1 switches on core 0)
2026-04-21 18:20:03.059 7 INFO placement.requestlog [req-0755b9e1-6cd7-42ed-b4f5-6f4ecd3aa58e req-da7a2684-77aa-4c6d-ad34-16bede6112e3 43d1576196ca40b9bc3763cbf1436c5f 0c1985c4142c4cb390c20f753ce88d39 - - 090ca045ed114662afe406e2ba35f7ac 090ca045ed114662afe406e2ba35f7ac] 199.19.213.78 "GET /resource_providers/7fc12569-9da6-4a50-b05f-c649004aeaa1/allocations" status: 200 len: 138 microversion: 1.0 [pid: 7|app: 0|req: 318/634] 199.19.213.78 () {32 vars in 854 bytes} [Tue Apr 21 18:20:03 2026] GET /resource_providers/7fc12569-9da6-4a50-b05f-c649004aeaa1/allocations => generated 138 bytes in 22 msecs (HTTP/1.1 200) 6 headers in 224 bytes (1 switches on core 0)
2026-04-21 18:20:03.079 8 INFO placement.requestlog [req-0755b9e1-6cd7-42ed-b4f5-6f4ecd3aa58e req-6a305cef-7776-4586-be3c-56b3cdf01cb4 43d1576196ca40b9bc3763cbf1436c5f 0c1985c4142c4cb390c20f753ce88d39 - - 090ca045ed114662afe406e2ba35f7ac 090ca045ed114662afe406e2ba35f7ac] 199.19.213.78 "GET /allocations/1f25d879-4bb1-4f9c-abc5-39b948df3ed2" status: 200 len: 243 microversion: 1.28 [pid: 8|app: 0|req: 317/635] 199.19.213.78 () {34 vars in 860 bytes} [Tue Apr 21 18:20:03 2026] GET /allocations/1f25d879-4bb1-4f9c-abc5-39b948df3ed2 => generated 243 bytes in 13 msecs (HTTP/1.1 200) 8 headers in 296 bytes (1 switches on core 0)
2026-04-21 18:20:04.045 7 INFO placement.requestlog [None req-7e59c271-c40e-47b2-b64b-fb979eaa769f ebbd7968f0b2446c900d66bba107f38f 0c1985c4142c4cb390c20f753ce88d39 - - 090ca045ed114662afe406e2ba35f7ac 090ca045ed114662afe406e2ba35f7ac] 10.0.0.149 "GET /resource_providers/41c21771-f9b4-45d1-abc3-cc3f761ea46f/aggregates" status: 404 len: 235 microversion: 1.1 [pid: 7|app: 0|req: 319/636] 10.0.0.149 () {32 vars in 814 bytes} [Tue Apr 21 18:20:04 2026] GET /resource_providers/41c21771-f9b4-45d1-abc3-cc3f761ea46f/aggregates => generated 235 bytes in 10 msecs (HTTP/1.1 404) 5 headers in 202 bytes (1 switches on core 0)
2026-04-21 18:20:04.060 8 INFO placement.requestlog [None req-cd01cdce-a0d2-4182-a66f-8d62d6b0332d ebbd7968f0b2446c900d66bba107f38f 0c1985c4142c4cb390c20f753ce88d39 - - 090ca045ed114662afe406e2ba35f7ac 090ca045ed114662afe406e2ba35f7ac] 10.0.0.149 "GET /resource_providers/41c21771-f9b4-45d1-abc3-cc3f761ea46f/aggregates" status: 404 len: 235 microversion: 1.1 [pid: 8|app: 0|req: 318/637] 10.0.0.149 () {32 vars in 814 bytes} [Tue Apr 21 18:20:04 2026] GET /resource_providers/41c21771-f9b4-45d1-abc3-cc3f761ea46f/aggregates => generated 235 bytes in 25 msecs (HTTP/1.1 404) 5 headers in 202 bytes (1 switches on core 0)
2026-04-21 18:20:04.085 8 INFO placement.requestlog [None req-823e6487-fd6d-4459-9076-f6ac20371d79 ebbd7968f0b2446c900d66bba107f38f 0c1985c4142c4cb390c20f753ce88d39 - - 090ca045ed114662afe406e2ba35f7ac 090ca045ed114662afe406e2ba35f7ac] 10.0.0.149 "DELETE /resource_providers/41c21771-f9b4-45d1-abc3-cc3f761ea46f" status: 404 len: 246 microversion: 1.1 [pid: 8|app: 0|req: 319/638] 10.0.0.149 () {34 vars in 814 bytes} [Tue Apr 21 18:20:04 2026] DELETE /resource_providers/41c21771-f9b4-45d1-abc3-cc3f761ea46f => generated 246 bytes in 12 msecs (HTTP/1.1 404) 6 headers in 231 bytes (1 switches on core 0)
2026-04-21 18:20:04.089 7 INFO placement.requestlog [None req-3d49f5ac-6766-4fa4-a498-2f0289b1e14d ebbd7968f0b2446c900d66bba107f38f 0c1985c4142c4cb390c20f753ce88d39 - - 090ca045ed114662afe406e2ba35f7ac 090ca045ed114662afe406e2ba35f7ac] 10.0.0.149 "DELETE /resource_providers/41c21771-f9b4-45d1-abc3-cc3f761ea46f" status: 404 len: 246 microversion: 1.1 [pid: 7|app: 0|req: 320/639] 10.0.0.149 () {34 vars in 814 bytes} [Tue Apr 21 18:20:04 2026] DELETE /resource_providers/41c21771-f9b4-45d1-abc3-cc3f761ea46f => generated 246 bytes in 18 msecs (HTTP/1.1 404) 6 headers in 231 bytes (1 switches on core 0)
2026-04-21 18:20:06.088 8 INFO placement.requestlog [req-bc20fd49-9216-4e72-adcd-90a80a7051f2 req-5b0fa817-7839-4c67-aa3f-6dd9070a8d17 43d1576196ca40b9bc3763cbf1436c5f 0c1985c4142c4cb390c20f753ce88d39 - - 090ca045ed114662afe406e2ba35f7ac 090ca045ed114662afe406e2ba35f7ac] 10.0.0.72 "GET /allocation_candidates?limit=1000&resources=DISK_GB%3A1%2CMEMORY_MB%3A512%2CVCPU%3A1&root_required=%21COMPUTE_STATUS_DISABLED" status: 200 len: 2190 microversion: 1.36 [pid: 8|app: 0|req: 320/640] 10.0.0.72 () {34 vars in 1009 bytes} [Tue Apr 21 18:20:06 2026] GET /allocation_candidates?limit=1000&resources=DISK_GB%3A1%2CMEMORY_MB%3A512%2CVCPU%3A1&root_required=%21COMPUTE_STATUS_DISABLED => generated 2190 bytes in 75 msecs (HTTP/1.1 200) 8 headers in 297 bytes (1 switches on core 0)
2026-04-21 18:20:06.114 7 INFO placement.requestlog [None req-c0ceb292-6b45-47bd-817e-af8a347b8d29 ebbd7968f0b2446c900d66bba107f38f 0c1985c4142c4cb390c20f753ce88d39 - - 090ca045ed114662afe406e2ba35f7ac 090ca045ed114662afe406e2ba35f7ac] 10.0.0.149 "GET /resource_providers/1a59a968-7e06-4ade-be55-31586905a7bf/aggregates" status: 404 len: 235 microversion: 1.1 [pid: 7|app: 0|req: 321/641] 10.0.0.149 () {32 vars in 814 bytes} [Tue Apr 21 18:20:06 2026] GET /resource_providers/1a59a968-7e06-4ade-be55-31586905a7bf/aggregates => generated 235 bytes in 19 msecs (HTTP/1.1 404) 5 headers in 202 bytes (1 switches on core 0)
2026-04-21 18:20:06.115 8 INFO placement.requestlog [None req-e82e80e2-18a6-436f-9330-91ce367fb69c ebbd7968f0b2446c900d66bba107f38f 0c1985c4142c4cb390c20f753ce88d39 - - 090ca045ed114662afe406e2ba35f7ac 090ca045ed114662afe406e2ba35f7ac] 10.0.0.149 "GET /resource_providers/1a59a968-7e06-4ade-be55-31586905a7bf/aggregates" status: 404 len: 235 microversion: 1.1 [pid: 8|app: 0|req: 321/642] 10.0.0.149 () {32 vars in 814 bytes} [Tue Apr 21 18:20:06 2026] GET /resource_providers/1a59a968-7e06-4ade-be55-31586905a7bf/aggregates => generated 235 bytes in 10 msecs (HTTP/1.1 404) 5 headers in 202 bytes (1 switches on core 0)
2026-04-21 18:20:06.138 8 INFO placement.requestlog [None req-5ee7d29a-362d-4d8e-a34f-26723e7f81f6 ebbd7968f0b2446c900d66bba107f38f 0c1985c4142c4cb390c20f753ce88d39 - - 090ca045ed114662afe406e2ba35f7ac 090ca045ed114662afe406e2ba35f7ac] 10.0.0.149 "DELETE /resource_providers/1a59a968-7e06-4ade-be55-31586905a7bf" status: 404 len: 246 microversion: 1.1 [pid: 8|app: 0|req: 322/643] 10.0.0.149 () {34 vars in 814 bytes} [Tue Apr 21 18:20:06 2026] DELETE /resource_providers/1a59a968-7e06-4ade-be55-31586905a7bf => generated 246 bytes in 12 msecs (HTTP/1.1 404) 6 headers in 231 bytes (1 switches on core 0)
2026-04-21 18:20:06.140 7 INFO placement.requestlog [req-bc20fd49-9216-4e72-adcd-90a80a7051f2 req-98efc39a-6b43-4ec9-b7e8-f3453b07631f 43d1576196ca40b9bc3763cbf1436c5f 0c1985c4142c4cb390c20f753ce88d39 - - 090ca045ed114662afe406e2ba35f7ac 090ca045ed114662afe406e2ba35f7ac] 10.0.0.72 "GET /allocations/bea577b4-fc8b-41cf-bbe8-e3ecb012ae53" status: 200 len: 19 microversion: 1.28 [pid: 7|app: 0|req: 322/644] 10.0.0.72 () {34 vars in 858 bytes} [Tue Apr 21 18:20:06 2026] GET /allocations/bea577b4-fc8b-41cf-bbe8-e3ecb012ae53 => generated 19 bytes in 16 msecs (HTTP/1.1 200) 8 headers in 295 bytes (1 switches on core 0)
2026-04-21 18:20:06.147 8 INFO placement.requestlog [None req-24372c45-9d7c-450e-9787-11511a60cb6e ebbd7968f0b2446c900d66bba107f38f 0c1985c4142c4cb390c20f753ce88d39 - - 090ca045ed114662afe406e2ba35f7ac 090ca045ed114662afe406e2ba35f7ac] 10.0.0.149 "DELETE /resource_providers/1a59a968-7e06-4ade-be55-31586905a7bf" status: 404 len: 246 microversion: 1.1 [pid: 8|app: 0|req: 323/645] 10.0.0.149 () {34 vars in 814 bytes} [Tue Apr 21 18:20:06 2026] DELETE /resource_providers/1a59a968-7e06-4ade-be55-31586905a7bf => generated 246 bytes in 8 msecs (HTTP/1.1 404) 6 headers in 231 bytes (1 switches on core 0)
2026-04-21 18:20:06.160 7 INFO placement.requestlog [None req-f5305985-852a-49ef-8400-be994900db60 ebbd7968f0b2446c900d66bba107f38f 0c1985c4142c4cb390c20f753ce88d39 - - 090ca045ed114662afe406e2ba35f7ac 090ca045ed114662afe406e2ba35f7ac] 10.0.0.149 "GET /resource_providers/6b40bbaa-9a63-4912-85c7-1bbbaa4b76bb/aggregates" status: 404 len: 235 microversion: 1.1 [pid: 7|app: 0|req: 323/646] 10.0.0.149 () {32 vars in 814 bytes} [Tue Apr 21 18:20:06 2026] GET /resource_providers/6b40bbaa-9a63-4912-85c7-1bbbaa4b76bb/aggregates => generated 235 bytes in 12 msecs (HTTP/1.1 404) 5 headers in 202 bytes (1 switches on core 0)
2026-04-21 18:20:06.180 7 INFO placement.requestlog [None req-04ee3865-d12d-483b-9645-a477916d7a3a ebbd7968f0b2446c900d66bba107f38f 0c1985c4142c4cb390c20f753ce88d39 - - 090ca045ed114662afe406e2ba35f7ac 090ca045ed114662afe406e2ba35f7ac] 10.0.0.149 "GET /resource_providers/6b40bbaa-9a63-4912-85c7-1bbbaa4b76bb/aggregates" status: 404 len: 235 microversion: 1.1 [pid: 7|app: 0|req: 324/647] 10.0.0.149 () {32 vars in 814 bytes} [Tue Apr 21 18:20:06 2026] GET /resource_providers/6b40bbaa-9a63-4912-85c7-1bbbaa4b76bb/aggregates => generated 235 bytes in 20 msecs (HTTP/1.1 404) 5 headers in 202 bytes (1 switches on core 0)
2026-04-21 18:20:06.194 7 INFO placement.requestlog [None req-6d8b0935-649e-472f-bf02-099dd130fcac ebbd7968f0b2446c900d66bba107f38f 0c1985c4142c4cb390c20f753ce88d39 - - 090ca045ed114662afe406e2ba35f7ac 090ca045ed114662afe406e2ba35f7ac] 10.0.0.149 "DELETE /resource_providers/6b40bbaa-9a63-4912-85c7-1bbbaa4b76bb" status: 404 len: 246 microversion: 1.1 [pid: 7|app: 0|req: 325/648] 10.0.0.149 () {34 vars in 814 bytes} [Tue Apr 21 18:20:06 2026] DELETE /resource_providers/6b40bbaa-9a63-4912-85c7-1bbbaa4b76bb => generated 246 bytes in 13 msecs (HTTP/1.1 404) 6 headers in 231 bytes (1 switches on core 0)
2026-04-21 18:20:06.209 7 INFO placement.requestlog [None req-e0b636a9-b5ee-467c-b1b9-80ec079107b8 ebbd7968f0b2446c900d66bba107f38f 0c1985c4142c4cb390c20f753ce88d39 - - 090ca045ed114662afe406e2ba35f7ac 090ca045ed114662afe406e2ba35f7ac] 10.0.0.149 "DELETE /resource_providers/6b40bbaa-9a63-4912-85c7-1bbbaa4b76bb" status: 404 len: 246 microversion: 1.1 [pid: 7|app: 0|req: 326/649] 10.0.0.149 () {34 vars in 814 bytes} [Tue Apr 21 18:20:06 2026] DELETE /resource_providers/6b40bbaa-9a63-4912-85c7-1bbbaa4b76bb => generated 246 bytes in 10 msecs (HTTP/1.1 404) 6 headers in 231 bytes (1 switches on core 0)
2026-04-21 18:20:06.260 8 INFO placement.requestlog [req-bc20fd49-9216-4e72-adcd-90a80a7051f2 req-1477a1ca-9126-43d7-a6db-015f8bfe0162 43d1576196ca40b9bc3763cbf1436c5f 0c1985c4142c4cb390c20f753ce88d39 - - 090ca045ed114662afe406e2ba35f7ac 090ca045ed114662afe406e2ba35f7ac] 10.0.0.72 "PUT /allocations/bea577b4-fc8b-41cf-bbe8-e3ecb012ae53" status: 204 len: 0 microversion: 1.36 [pid: 8|app: 0|req: 324/650] 10.0.0.72 () {38 vars in 911 bytes} [Tue Apr 21 18:20:06 2026] PUT /allocations/bea577b4-fc8b-41cf-bbe8-e3ecb012ae53 => generated 0 bytes in 109 msecs (HTTP/1.1 204) 5 headers in 199 bytes (1 switches on core 0)
2026-04-21 18:20:06.631 7 INFO placement.requestlog [req-bc20fd49-9216-4e72-adcd-90a80a7051f2 req-a0f86010-b70c-4939-aa92-366b69b3d27b 43d1576196ca40b9bc3763cbf1436c5f 0c1985c4142c4cb390c20f753ce88d39 - - 090ca045ed114662afe406e2ba35f7ac 090ca045ed114662afe406e2ba35f7ac] 199.19.213.78 "GET /allocations/bea577b4-fc8b-41cf-bbe8-e3ecb012ae53" status: 200 len: 257 microversion: 1.28 [pid: 7|app: 0|req: 327/651] 199.19.213.78 () {34 vars in 860 bytes} [Tue Apr 21 18:20:06 2026] GET /allocations/bea577b4-fc8b-41cf-bbe8-e3ecb012ae53 => generated 257 bytes in 23 msecs (HTTP/1.1 200) 8 headers in 296 bytes (1 switches on core 0)
2026-04-21 18:20:06.813 8 INFO placement.requestlog [req-bc20fd49-9216-4e72-adcd-90a80a7051f2 req-2dd61d5a-78c3-4659-9c0b-7ddedfa26681 43d1576196ca40b9bc3763cbf1436c5f 0c1985c4142c4cb390c20f753ce88d39 - - 090ca045ed114662afe406e2ba35f7ac 090ca045ed114662afe406e2ba35f7ac] 199.19.213.78 "GET /resource_providers/7fc12569-9da6-4a50-b05f-c649004aeaa1/allocations" status: 200 len: 238 microversion: 1.0 [pid: 8|app: 0|req: 325/652] 199.19.213.78 () {32 vars in 854 bytes} [Tue Apr 21 18:20:06 2026] GET /resource_providers/7fc12569-9da6-4a50-b05f-c649004aeaa1/allocations => generated 238 bytes in 23 msecs (HTTP/1.1 200) 6 headers in 224 bytes (1 switches on core 0)
2026-04-21 18:20:06.842 7 INFO placement.requestlog [req-bc20fd49-9216-4e72-adcd-90a80a7051f2 req-ef62d5dc-f9ae-4ff4-b21d-3502b6cb27a8 43d1576196ca40b9bc3763cbf1436c5f 0c1985c4142c4cb390c20f753ce88d39 - - 090ca045ed114662afe406e2ba35f7ac 090ca045ed114662afe406e2ba35f7ac] 199.19.213.78 "GET /allocations/bea577b4-fc8b-41cf-bbe8-e3ecb012ae53" status: 200 len: 257 microversion: 1.28 [pid: 7|app: 0|req: 328/653] 199.19.213.78 () {34 vars in 860 bytes} [Tue Apr 21 18:20:06 2026] GET /allocations/bea577b4-fc8b-41cf-bbe8-e3ecb012ae53 => generated 257 bytes in 21 msecs (HTTP/1.1 200) 8 headers in 296 bytes (1 switches on core 0)
2026-04-21 18:20:06.867 8 INFO placement.requestlog [req-bc20fd49-9216-4e72-adcd-90a80a7051f2 req-4618c06a-a1ba-45fa-9d37-a8b1389d1b64 43d1576196ca40b9bc3763cbf1436c5f 0c1985c4142c4cb390c20f753ce88d39 - - 090ca045ed114662afe406e2ba35f7ac 090ca045ed114662afe406e2ba35f7ac] 199.19.213.78 "GET /allocations/1f25d879-4bb1-4f9c-abc5-39b948df3ed2" status: 200 len: 243 microversion: 1.28 [pid: 8|app: 0|req: 326/654] 199.19.213.78 () {34 vars in 860 bytes} [Tue Apr 21 18:20:06 2026] GET /allocations/1f25d879-4bb1-4f9c-abc5-39b948df3ed2 => generated 243 bytes in 16 msecs (HTTP/1.1 200) 8 headers in 296 bytes (1 switches on core 0)
2026-04-21 18:20:10.554 8 INFO placement.requestlog [None req-f032de25-1cc6-40fc-b340-dfd21d6cd09a - - - - - -] 10.0.0.36 "GET /" status: 200 len: 136 microversion: 1.0
2026-04-21 18:20:10.554 7 INFO placement.requestlog [None req-a3598552-58ef-4bd6-bd6a-a7dbb888e045 - - - - - -] 10.0.0.36 "GET /" status: 200 len: 136 microversion: 1.0
2026-04-21 18:20:14.068 8 INFO placement.requestlog [None req-ad763fc7-42a1-45f5-9a33-a4c45f5230ec ebbd7968f0b2446c900d66bba107f38f 0c1985c4142c4cb390c20f753ce88d39 - - 090ca045ed114662afe406e2ba35f7ac 090ca045ed114662afe406e2ba35f7ac] 10.0.0.149 "GET /resource_providers/84f4a8d3-5e7a-4258-940c-56b564b55d66/aggregates" status: 404 len: 235 microversion: 1.1 [pid: 8|app: 0|req: 328/657] 10.0.0.149 () {32 vars in 814 bytes} [Tue Apr 21 18:20:14 2026] GET /resource_providers/84f4a8d3-5e7a-4258-940c-56b564b55d66/aggregates => generated 235 bytes in 18 msecs (HTTP/1.1 404) 5 headers in 202 bytes (1 switches on core 0)
2026-04-21 18:20:14.073 7 INFO placement.requestlog [None req-a8288e6f-e584-4f3c-8066-a873522b676b ebbd7968f0b2446c900d66bba107f38f 0c1985c4142c4cb390c20f753ce88d39 - - 090ca045ed114662afe406e2ba35f7ac 090ca045ed114662afe406e2ba35f7ac] 10.0.0.149 "GET /resource_providers/84f4a8d3-5e7a-4258-940c-56b564b55d66/aggregates" status: 404 len: 235 microversion: 1.1 [pid: 7|app: 0|req: 330/658] 10.0.0.149 () {32 vars in 814 bytes} [Tue Apr 21 18:20:14 2026] GET /resource_providers/84f4a8d3-5e7a-4258-940c-56b564b55d66/aggregates => generated 235 bytes in 23 msecs (HTTP/1.1 404) 5 headers in 202 bytes (1 switches on core 0)
2026-04-21 18:20:14.119 8 INFO placement.requestlog [None req-7f0d4c61-a31c-4d11-a2d5-ba2a1452b69b ebbd7968f0b2446c900d66bba107f38f 0c1985c4142c4cb390c20f753ce88d39 - - 090ca045ed114662afe406e2ba35f7ac 090ca045ed114662afe406e2ba35f7ac] 10.0.0.149 "DELETE /resource_providers/84f4a8d3-5e7a-4258-940c-56b564b55d66" status: 404 len: 246 microversion: 1.1 [pid: 8|app: 0|req: 329/659] 10.0.0.149 () {34 vars in 814 bytes} [Tue Apr 21 18:20:14 2026] DELETE /resource_providers/84f4a8d3-5e7a-4258-940c-56b564b55d66 => generated 246 bytes in 16 msecs (HTTP/1.1 404) 6 headers in 231 bytes (1 switches on core 0)
2026-04-21 18:20:14.127 7 INFO placement.requestlog [None req-392676af-2c8b-4298-902b-8b905f8a836d ebbd7968f0b2446c900d66bba107f38f 0c1985c4142c4cb390c20f753ce88d39 - - 090ca045ed114662afe406e2ba35f7ac 090ca045ed114662afe406e2ba35f7ac] 10.0.0.149 "DELETE /resource_providers/84f4a8d3-5e7a-4258-940c-56b564b55d66" status: 404 len: 246 microversion: 1.1 [pid: 7|app: 0|req: 331/660] 10.0.0.149 () {34 vars in 814 bytes} [Tue Apr 21 18:20:14 2026] DELETE /resource_providers/84f4a8d3-5e7a-4258-940c-56b564b55d66 => generated 246 bytes in 23 msecs (HTTP/1.1 404) 6 headers in 231 bytes (1 switches on core 0)
2026-04-21 18:20:16.165 7 INFO placement.requestlog [req-4b8f41b6-3b0e-497f-b1ea-c2296606bfe6 req-847d789f-7f6c-4fcc-b859-19aa43d1991e 43d1576196ca40b9bc3763cbf1436c5f 0c1985c4142c4cb390c20f753ce88d39 - - 090ca045ed114662afe406e2ba35f7ac 090ca045ed114662afe406e2ba35f7ac] 199.19.213.78 "GET /resource_providers/7fc12569-9da6-4a50-b05f-c649004aeaa1/allocations" status: 200 len: 238 microversion: 1.0 [pid: 7|app: 0|req: 332/661] 199.19.213.78 () {32 vars in 854 bytes} [Tue Apr 21 18:20:16 2026] GET /resource_providers/7fc12569-9da6-4a50-b05f-c649004aeaa1/allocations => generated 238 bytes in 16 msecs (HTTP/1.1 200) 6 headers in 224 bytes (1 switches on core 0)
2026-04-21 18:20:16.175 7 INFO placement.requestlog [None req-f8cbc76b-9b53-4815-beed-c979db773487 ebbd7968f0b2446c900d66bba107f38f 0c1985c4142c4cb390c20f753ce88d39 - - 090ca045ed114662afe406e2ba35f7ac 090ca045ed114662afe406e2ba35f7ac] 10.0.0.149 "GET /resource_providers/d1bc3a2a-0e88-4ceb-bd13-b473ab19d2e7/aggregates" status: 404 len: 235 microversion: 1.1 [pid: 7|app: 0|req: 333/662] 10.0.0.149 () {32 vars in 814 bytes} [Tue Apr 21 18:20:16 2026] GET /resource_providers/d1bc3a2a-0e88-4ceb-bd13-b473ab19d2e7/aggregates => generated 235 bytes in 10 msecs (HTTP/1.1 404) 5 headers in 202 bytes (1 switches on core 0)
2026-04-21 18:20:16.184 7 INFO placement.requestlog [None req-969c5f22-48e5-4175-a33b-1873d396c7e9 ebbd7968f0b2446c900d66bba107f38f 0c1985c4142c4cb390c20f753ce88d39 - - 090ca045ed114662afe406e2ba35f7ac 090ca045ed114662afe406e2ba35f7ac] 10.0.0.149 "GET /resource_providers/d1bc3a2a-0e88-4ceb-bd13-b473ab19d2e7/aggregates" status: 404 len: 235 microversion: 1.1 [pid: 7|app: 0|req: 334/663] 10.0.0.149 () {32 vars in 814 bytes} [Tue Apr 21 18:20:16 2026] GET /resource_providers/d1bc3a2a-0e88-4ceb-bd13-b473ab19d2e7/aggregates => generated 235 bytes in 8 msecs (HTTP/1.1 404) 5 headers in 202 bytes (1 switches on core 0)
2026-04-21 18:20:16.198 7 INFO placement.requestlog [req-4b8f41b6-3b0e-497f-b1ea-c2296606bfe6 req-2a892a81-3a6c-4cbf-bdb2-9bb1d1e7fc08 43d1576196ca40b9bc3763cbf1436c5f 0c1985c4142c4cb390c20f753ce88d39 - - 090ca045ed114662afe406e2ba35f7ac 090ca045ed114662afe406e2ba35f7ac] 199.19.213.78 "GET /allocations/bea577b4-fc8b-41cf-bbe8-e3ecb012ae53" status: 200 len: 257 microversion: 1.28 [pid: 7|app: 0|req: 335/664] 199.19.213.78 () {34 vars in 860 bytes} [Tue Apr 21 18:20:16 2026] GET /allocations/bea577b4-fc8b-41cf-bbe8-e3ecb012ae53 => generated 257 bytes in 13 msecs (HTTP/1.1 200) 8 headers in 296 bytes (1 switches on core 0)
2026-04-21 18:20:16.211 7 INFO placement.requestlog [None req-13d6ff4c-05c0-4e6d-8927-6782c1f23e28 ebbd7968f0b2446c900d66bba107f38f 0c1985c4142c4cb390c20f753ce88d39 - - 090ca045ed114662afe406e2ba35f7ac 090ca045ed114662afe406e2ba35f7ac] 10.0.0.149 "DELETE /resource_providers/d1bc3a2a-0e88-4ceb-bd13-b473ab19d2e7" status: 404 len: 246 microversion: 1.1 [pid: 7|app: 0|req: 336/665] 10.0.0.149 () {34 vars in 814 bytes} [Tue Apr 21 18:20:16 2026] DELETE /resource_providers/d1bc3a2a-0e88-4ceb-bd13-b473ab19d2e7 => generated 246 bytes in 13 msecs (HTTP/1.1 404) 6 headers in 231 bytes (1 switches on core 0)
2026-04-21 18:20:16.221 8 INFO placement.requestlog [req-093feafa-6823-41a0-ab15-be2e7f3b997d req-c2b10478-cc49-480c-bd63-1411a1653924 43d1576196ca40b9bc3763cbf1436c5f 0c1985c4142c4cb390c20f753ce88d39 - - 090ca045ed114662afe406e2ba35f7ac 090ca045ed114662afe406e2ba35f7ac] 10.0.0.72 "GET /allocation_candidates?limit=1000&resources=DISK_GB%3A1%2CMEMORY_MB%3A512%2CVCPU%3A1&root_required=%21COMPUTE_STATUS_DISABLED" status: 200 len: 2191 microversion: 1.36 [pid: 8|app: 0|req: 330/666] 10.0.0.72 () {34 vars in 1009 bytes} [Tue Apr 21 18:20:16 2026] GET /allocation_candidates?limit=1000&resources=DISK_GB%3A1%2CMEMORY_MB%3A512%2CVCPU%3A1&root_required=%21COMPUTE_STATUS_DISABLED => generated 2191 bytes in 81 msecs (HTTP/1.1 200) 8 headers in 297 bytes (1 switches on core 0)
2026-04-21 18:20:16.223 7 INFO placement.requestlog [None req-0cf3038d-564d-4ac3-94b7-fd049db7b347 ebbd7968f0b2446c900d66bba107f38f 0c1985c4142c4cb390c20f753ce88d39 - - 090ca045ed114662afe406e2ba35f7ac 090ca045ed114662afe406e2ba35f7ac] 10.0.0.149 "DELETE /resource_providers/d1bc3a2a-0e88-4ceb-bd13-b473ab19d2e7" status: 404 len: 246 microversion: 1.1 [pid: 7|app: 0|req: 337/667] 10.0.0.149 () {34 vars in 814 bytes} [Tue Apr 21 18:20:16 2026] DELETE /resource_providers/d1bc3a2a-0e88-4ceb-bd13-b473ab19d2e7 => generated 246 bytes in 12 msecs (HTTP/1.1 404) 6 headers in 231 bytes (1 switches on core 0)
2026-04-21 18:20:16.234 8 INFO placement.requestlog [req-4b8f41b6-3b0e-497f-b1ea-c2296606bfe6 req-d6b2f79d-23be-4d8b-90f0-135a69301ddb 43d1576196ca40b9bc3763cbf1436c5f 0c1985c4142c4cb390c20f753ce88d39 - - 090ca045ed114662afe406e2ba35f7ac 090ca045ed114662afe406e2ba35f7ac] 199.19.213.78 "GET /allocations/1f25d879-4bb1-4f9c-abc5-39b948df3ed2" status: 200 len: 243 microversion: 1.28 [pid: 8|app: 0|req: 331/668] 199.19.213.78 () {34 vars in 860 bytes} [Tue Apr 21 18:20:16 2026] GET /allocations/1f25d879-4bb1-4f9c-abc5-39b948df3ed2 => generated 243 bytes in 12 msecs (HTTP/1.1 200) 8 headers in 296 bytes (1 switches on core 0)
