2026-04-16 12:28:59.931 7 INFO placement.requestlog [None req-2131c4a0-c4ac-4926-9dde-a6272df8d57d eb0896fc865844f1bdb9a3ad90fc5c8a b6e24f40b7fa4d9abffd3c76603c9190 - - 3b185a9baaaa4f669a7825a70b8f7d4e 3b185a9baaaa4f669a7825a70b8f7d4e] 10.0.0.71 "DELETE /resource_providers/912f249c-5e80-4550-a41e-4e113e548942" status: 404 len: 246 microversion: 1.1 [pid: 7|app: 0|req: 307/611] 10.0.0.71 () {34 vars in 815 bytes} [Thu Apr 16 12:28:59 2026] DELETE /resource_providers/912f249c-5e80-4550-a41e-4e113e548942 => generated 246 bytes in 10 msecs (HTTP/1.1 404) 6 headers in 231 bytes (1 switches on core 0)
2026-04-16 12:28:59.939 8 INFO placement.requestlog [None req-46716561-a489-4c21-8a93-a46ac708ef79 eb0896fc865844f1bdb9a3ad90fc5c8a b6e24f40b7fa4d9abffd3c76603c9190 - - 3b185a9baaaa4f669a7825a70b8f7d4e 3b185a9baaaa4f669a7825a70b8f7d4e] 10.0.0.71 "DELETE /resource_providers/912f249c-5e80-4550-a41e-4e113e548942" status: 404 len: 246 microversion: 1.1 [pid: 8|app: 0|req: 305/612] 10.0.0.71 () {34 vars in 815 bytes} [Thu Apr 16 12:28:59 2026] DELETE /resource_providers/912f249c-5e80-4550-a41e-4e113e548942 => generated 246 bytes in 6 msecs (HTTP/1.1 404) 6 headers in 231 bytes (1 switches on core 0)
2026-04-16 12:29:00.767 7 INFO placement.requestlog [None req-8a6735ac-1bc8-4c5d-9898-1ae7bd08cb0e - - - - - -] 10.0.0.18 "GET /" status: 200 len: 136 microversion: 1.0
2026-04-16 12:29:00.767 8 INFO placement.requestlog [None req-3b675f33-aaef-4d0d-83f6-a64a38f460dd - - - - - -] 10.0.0.18 "GET /" status: 200 len: 136 microversion: 1.0
2026-04-16 12:29:04.929 8 INFO placement.requestlog [None req-1ae871c0-be60-497a-8b21-1f0f7c3c32ff eb0896fc865844f1bdb9a3ad90fc5c8a b6e24f40b7fa4d9abffd3c76603c9190 - - 3b185a9baaaa4f669a7825a70b8f7d4e 3b185a9baaaa4f669a7825a70b8f7d4e] 10.0.0.71 "GET /resource_providers/7660b4ed-6f73-4066-a187-113cb449eaf3/aggregates" status: 404 len: 235 microversion: 1.1 [pid: 8|app: 0|req: 307/615] 10.0.0.71 () {32 vars in 815 bytes} [Thu Apr 16 12:29:04 2026] GET /resource_providers/7660b4ed-6f73-4066-a187-113cb449eaf3/aggregates => generated 235 bytes in 9 msecs (HTTP/1.1 404) 5 headers in 202 bytes (1 switches on core 0)
2026-04-16 12:29:04.938 7 INFO placement.requestlog [None req-24d65ca8-8fbb-49c0-8e81-cefacada575c eb0896fc865844f1bdb9a3ad90fc5c8a b6e24f40b7fa4d9abffd3c76603c9190 - - 3b185a9baaaa4f669a7825a70b8f7d4e 3b185a9baaaa4f669a7825a70b8f7d4e] 10.0.0.71 "GET /resource_providers/7660b4ed-6f73-4066-a187-113cb449eaf3/aggregates" status: 404 len: 235 microversion: 1.1 [pid: 7|app: 0|req: 309/616] 10.0.0.71 () {32 vars in 815 bytes} [Thu Apr 16 12:29:04 2026] GET /resource_providers/7660b4ed-6f73-4066-a187-113cb449eaf3/aggregates => generated 235 bytes in 9 msecs (HTTP/1.1 404) 5 headers in 202 bytes (1 switches on core 0)
2026-04-16 12:29:04.949 8 INFO placement.requestlog [None req-476c6f6f-7278-46c1-845d-21d8e4d66750 eb0896fc865844f1bdb9a3ad90fc5c8a b6e24f40b7fa4d9abffd3c76603c9190 - - 3b185a9baaaa4f669a7825a70b8f7d4e 3b185a9baaaa4f669a7825a70b8f7d4e] 10.0.0.71 "DELETE /resource_providers/7660b4ed-6f73-4066-a187-113cb449eaf3" status: 404 len: 246 microversion: 1.1 [pid: 8|app: 0|req: 308/617] 10.0.0.71 () {34 vars in 815 bytes} [Thu Apr 16 12:29:04 2026] DELETE /resource_providers/7660b4ed-6f73-4066-a187-113cb449eaf3 => generated 246 bytes in 10 msecs (HTTP/1.1 404) 6 headers in 231 bytes (1 switches on core 0)
2026-04-16 12:29:04.955 7 INFO placement.requestlog [None req-d0761c84-76d1-40b0-a5bb-e80d9002a544 eb0896fc865844f1bdb9a3ad90fc5c8a b6e24f40b7fa4d9abffd3c76603c9190 - - 3b185a9baaaa4f669a7825a70b8f7d4e 3b185a9baaaa4f669a7825a70b8f7d4e] 10.0.0.71 "DELETE /resource_providers/7660b4ed-6f73-4066-a187-113cb449eaf3" status: 404 len: 246 microversion: 1.1 [pid: 7|app: 0|req: 310/618] 10.0.0.71 () {34 vars in 815 bytes} [Thu Apr 16 12:29:04 2026] DELETE /resource_providers/7660b4ed-6f73-4066-a187-113cb449eaf3 => generated 246 bytes in 8 msecs (HTTP/1.1 404) 6 headers in 231 bytes (1 switches on core 0)
2026-04-16 12:29:05.773 8 INFO placement.requestlog [None req-2754760d-a44a-4dbb-b0bc-43fc757908b7 eb0896fc865844f1bdb9a3ad90fc5c8a b6e24f40b7fa4d9abffd3c76603c9190 - - 3b185a9baaaa4f669a7825a70b8f7d4e 3b185a9baaaa4f669a7825a70b8f7d4e] 10.0.0.71 "GET /resource_providers/60153153-7bf4-4211-bd20-56b7a37e63b3/aggregates" status: 404 len: 235 microversion: 1.1 [pid: 8|app: 0|req: 309/619] 10.0.0.71 () {32 vars in 815 bytes} [Thu Apr 16 12:29:05 2026] GET /resource_providers/60153153-7bf4-4211-bd20-56b7a37e63b3/aggregates => generated 235 bytes in 14 msecs (HTTP/1.1 404) 5 headers in 202 bytes (1 switches on core 0)
2026-04-16 12:29:05.781 7 INFO placement.requestlog [None req-69b83ad5-c557-434e-b6ed-b00ae36e94d8 eb0896fc865844f1bdb9a3ad90fc5c8a b6e24f40b7fa4d9abffd3c76603c9190 - - 3b185a9baaaa4f669a7825a70b8f7d4e 3b185a9baaaa4f669a7825a70b8f7d4e] 10.0.0.71 "GET /resource_providers/60153153-7bf4-4211-bd20-56b7a37e63b3/aggregates" status: 404 len: 235 microversion: 1.1 [pid: 7|app: 0|req: 311/620] 10.0.0.71 () {32 vars in 815 bytes} [Thu Apr 16 12:29:05 2026] GET /resource_providers/60153153-7bf4-4211-bd20-56b7a37e63b3/aggregates => generated 235 bytes in 23 msecs (HTTP/1.1 404) 5 headers in 202 bytes (1 switches on core 0)
2026-04-16 12:29:05.797 8 INFO placement.requestlog [req-1630c423-06ba-4a7c-bcdb-a62b608bcc0a req-bb6de913-aea3-4a75-a453-f4ffd51f2c5d 11d3abeb067846dfbf3cc3efbc77dee3 b6e24f40b7fa4d9abffd3c76603c9190 - - 3b185a9baaaa4f669a7825a70b8f7d4e 3b185a9baaaa4f669a7825a70b8f7d4e] 199.204.45.227 "GET /resource_providers/122bf978-42e3-4dcf-b573-bf3ce15f47ed/allocations" status: 200 len: 253 microversion: 1.0 [pid: 8|app: 0|req: 310/621] 199.204.45.227 () {32 vars in 857 bytes} [Thu Apr 16 12:29:05 2026] GET /resource_providers/122bf978-42e3-4dcf-b573-bf3ce15f47ed/allocations => generated 253 bytes in 24 msecs (HTTP/1.1 200) 6 headers in 224 bytes (1 switches on core 0)
2026-04-16 12:29:05.811 8 INFO placement.requestlog [None req-230bdf3d-8ba2-4f8f-be0b-d3cb0c200fb4 eb0896fc865844f1bdb9a3ad90fc5c8a b6e24f40b7fa4d9abffd3c76603c9190 - - 3b185a9baaaa4f669a7825a70b8f7d4e 3b185a9baaaa4f669a7825a70b8f7d4e] 10.0.0.71 "DELETE /resource_providers/60153153-7bf4-4211-bd20-56b7a37e63b3" status: 404 len: 246 microversion: 1.1 [pid: 8|app: 0|req: 311/622] 10.0.0.71 () {34 vars in 815 bytes} [Thu Apr 16 12:29:05 2026] DELETE /resource_providers/60153153-7bf4-4211-bd20-56b7a37e63b3 => generated 246 bytes in 12 msecs (HTTP/1.1 404) 6 headers in 231 bytes (1 switches on core 0)
2026-04-16 12:29:05.812 7 INFO placement.requestlog [None req-df419978-c798-40e9-9e8a-ce1c4f863d8f eb0896fc865844f1bdb9a3ad90fc5c8a b6e24f40b7fa4d9abffd3c76603c9190 - - 3b185a9baaaa4f669a7825a70b8f7d4e 3b185a9baaaa4f669a7825a70b8f7d4e] 10.0.0.71 "DELETE /resource_providers/60153153-7bf4-4211-bd20-56b7a37e63b3" status: 404 len: 246 microversion: 1.1 [pid: 7|app: 0|req: 312/623] 10.0.0.71 () {34 vars in 815 bytes} [Thu Apr 16 12:29:05 2026] DELETE /resource_providers/60153153-7bf4-4211-bd20-56b7a37e63b3 => generated 246 bytes in 17 msecs (HTTP/1.1 404) 6 headers in 231 bytes (1 switches on core 0)
2026-04-16 12:29:05.838 8 INFO placement.requestlog [req-1630c423-06ba-4a7c-bcdb-a62b608bcc0a req-9e64cc36-d0e4-4e18-9531-9bfe43db6bdd 11d3abeb067846dfbf3cc3efbc77dee3 b6e24f40b7fa4d9abffd3c76603c9190 - - 3b185a9baaaa4f669a7825a70b8f7d4e 3b185a9baaaa4f669a7825a70b8f7d4e] 199.204.45.227 "GET /allocations/4416badb-b203-416e-9421-7c618c0bc6e6" status: 200 len: 258 microversion: 1.28 [pid: 8|app: 0|req: 312/624] 199.204.45.227 () {34 vars in 863 bytes} [Thu Apr 16 12:29:05 2026] GET /allocations/4416badb-b203-416e-9421-7c618c0bc6e6 => generated 258 bytes in 20 msecs (HTTP/1.1 200) 8 headers in 296 bytes (1 switches on core 0)
2026-04-16 12:29:05.854 7 INFO placement.requestlog [req-1630c423-06ba-4a7c-bcdb-a62b608bcc0a req-1109d8d1-6b35-430a-8d4a-408809c340ea 11d3abeb067846dfbf3cc3efbc77dee3 b6e24f40b7fa4d9abffd3c76603c9190 - - 3b185a9baaaa4f669a7825a70b8f7d4e 3b185a9baaaa4f669a7825a70b8f7d4e] 199.204.45.227 "GET /allocations/556c2602-474d-48bd-ac6c-ffaa116e898f" status: 200 len: 258 microversion: 1.28 [pid: 7|app: 0|req: 313/625] 199.204.45.227 () {34 vars in 863 bytes} [Thu Apr 16 12:29:05 2026] GET /allocations/556c2602-474d-48bd-ac6c-ffaa116e898f => generated 258 bytes in 9 msecs (HTTP/1.1 200) 8 headers in 296 bytes (1 switches on core 0)
2026-04-16 12:29:06.915 8 INFO placement.requestlog [req-1630c423-06ba-4a7c-bcdb-a62b608bcc0a req-ae44923d-335e-40fe-8bb5-4adf3671b73b 11d3abeb067846dfbf3cc3efbc77dee3 b6e24f40b7fa4d9abffd3c76603c9190 - - 3b185a9baaaa4f669a7825a70b8f7d4e 3b185a9baaaa4f669a7825a70b8f7d4e] 199.204.45.227 "DELETE /allocations/4416badb-b203-416e-9421-7c618c0bc6e6" status: 204 len: 0 microversion: 1.0 [pid: 8|app: 0|req: 313/626] 199.204.45.227 () {34 vars in 841 bytes} [Thu Apr 16 12:29:06 2026] DELETE /allocations/4416badb-b203-416e-9421-7c618c0bc6e6 => generated 0 bytes in 21 msecs (HTTP/1.1 204) 5 headers in 198 bytes (1 switches on core 0)
2026-04-16 12:29:06.979 7 INFO placement.requestlog [None req-6312355e-57c1-44b5-818b-1a067c4f2222 eb0896fc865844f1bdb9a3ad90fc5c8a b6e24f40b7fa4d9abffd3c76603c9190 - - 3b185a9baaaa4f669a7825a70b8f7d4e 3b185a9baaaa4f669a7825a70b8f7d4e] 10.0.0.71 "GET /resource_providers/ce35b07d-8255-4a68-b589-5af52c3782a0/aggregates" status: 404 len: 235 microversion: 1.1 [pid: 7|app: 0|req: 314/627] 10.0.0.71 () {32 vars in 815 bytes} [Thu Apr 16 12:29:06 2026] GET /resource_providers/ce35b07d-8255-4a68-b589-5af52c3782a0/aggregates => generated 235 bytes in 9 msecs (HTTP/1.1 404) 5 headers in 202 bytes (1 switches on core 0)
2026-04-16 12:29:06.980 8 INFO placement.requestlog [None req-8e963cbc-75e4-4c99-bdaa-91c76ee30f89 eb0896fc865844f1bdb9a3ad90fc5c8a b6e24f40b7fa4d9abffd3c76603c9190 - - 3b185a9baaaa4f669a7825a70b8f7d4e 3b185a9baaaa4f669a7825a70b8f7d4e] 10.0.0.71 "GET /resource_providers/ce35b07d-8255-4a68-b589-5af52c3782a0/aggregates" status: 404 len: 235 microversion: 1.1 [pid: 8|app: 0|req: 314/628] 10.0.0.71 () {32 vars in 815 bytes} [Thu Apr 16 12:29:06 2026] GET /resource_providers/ce35b07d-8255-4a68-b589-5af52c3782a0/aggregates => generated 235 bytes in 9 msecs (HTTP/1.1 404) 5 headers in 202 bytes (1 switches on core 0)
2026-04-16 12:29:07.001 7 INFO placement.requestlog [None req-35e11ab6-4dea-4b64-aa84-b466c84ff498 eb0896fc865844f1bdb9a3ad90fc5c8a b6e24f40b7fa4d9abffd3c76603c9190 - - 3b185a9baaaa4f669a7825a70b8f7d4e 3b185a9baaaa4f669a7825a70b8f7d4e] 10.0.0.71 "DELETE /resource_providers/ce35b07d-8255-4a68-b589-5af52c3782a0" status: 404 len: 246 microversion: 1.1 [pid: 7|app: 0|req: 315/629] 10.0.0.71 () {34 vars in 815 bytes} [Thu Apr 16 12:29:06 2026] DELETE /resource_providers/ce35b07d-8255-4a68-b589-5af52c3782a0 => generated 246 bytes in 8 msecs (HTTP/1.1 404) 6 headers in 231 bytes (1 switches on core 0)
2026-04-16 12:29:07.002 8 INFO placement.requestlog [None req-04f352af-97f2-4e11-9327-9aacbb7fe4f1 eb0896fc865844f1bdb9a3ad90fc5c8a b6e24f40b7fa4d9abffd3c76603c9190 - - 3b185a9baaaa4f669a7825a70b8f7d4e 3b185a9baaaa4f669a7825a70b8f7d4e] 10.0.0.71 "DELETE /resource_providers/ce35b07d-8255-4a68-b589-5af52c3782a0" status: 404 len: 246 microversion: 1.1 [pid: 8|app: 0|req: 315/630] 10.0.0.71 () {34 vars in 815 bytes} [Thu Apr 16 12:29:06 2026] DELETE /resource_providers/ce35b07d-8255-4a68-b589-5af52c3782a0 => generated 246 bytes in 9 msecs (HTTP/1.1 404) 6 headers in 231 bytes (1 switches on core 0)
2026-04-16 12:29:07.016 7 INFO placement.requestlog [None req-06ee3c50-b726-4e56-b506-6133dab73799 eb0896fc865844f1bdb9a3ad90fc5c8a b6e24f40b7fa4d9abffd3c76603c9190 - - 3b185a9baaaa4f669a7825a70b8f7d4e 3b185a9baaaa4f669a7825a70b8f7d4e] 10.0.0.71 "GET /resource_providers/62755446-b803-47fd-80cf-abb7c525a5ba/aggregates" status: 404 len: 235 microversion: 1.1 [pid: 7|app: 0|req: 316/631] 10.0.0.71 () {32 vars in 815 bytes} [Thu Apr 16 12:29:07 2026] GET /resource_providers/62755446-b803-47fd-80cf-abb7c525a5ba/aggregates => generated 235 bytes in 6 msecs (HTTP/1.1 404) 5 headers in 202 bytes (1 switches on core 0)
2026-04-16 12:29:07.017 8 INFO placement.requestlog [None req-7d985b83-2251-46e9-815c-c9f7d2345d8a eb0896fc865844f1bdb9a3ad90fc5c8a b6e24f40b7fa4d9abffd3c76603c9190 - - 3b185a9baaaa4f669a7825a70b8f7d4e 3b185a9baaaa4f669a7825a70b8f7d4e] 10.0.0.71 "GET /resource_providers/62755446-b803-47fd-80cf-abb7c525a5ba/aggregates" status: 404 len: 235 microversion: 1.1 [pid: 8|app: 0|req: 316/632] 10.0.0.71 () {32 vars in 815 bytes} [Thu Apr 16 12:29:07 2026] GET /resource_providers/62755446-b803-47fd-80cf-abb7c525a5ba/aggregates => generated 235 bytes in 7 msecs (HTTP/1.1 404) 5 headers in 202 bytes (1 switches on core 0)
2026-04-16 12:29:07.037 7 INFO placement.requestlog [None req-be5fc334-66ad-41d3-8d51-1a110f739588 eb0896fc865844f1bdb9a3ad90fc5c8a b6e24f40b7fa4d9abffd3c76603c9190 - - 3b185a9baaaa4f669a7825a70b8f7d4e 3b185a9baaaa4f669a7825a70b8f7d4e] 10.0.0.71 "DELETE /resource_providers/62755446-b803-47fd-80cf-abb7c525a5ba" status: 404 len: 246 microversion: 1.1 [pid: 7|app: 0|req: 317/633] 10.0.0.71 () {34 vars in 815 bytes} [Thu Apr 16 12:29:07 2026] DELETE /resource_providers/62755446-b803-47fd-80cf-abb7c525a5ba => generated 246 bytes in 7 msecs (HTTP/1.1 404) 6 headers in 231 bytes (1 switches on core 0)
2026-04-16 12:29:07.040 8 INFO placement.requestlog [None req-8cf64bfb-903f-4ec5-964d-fb4ac7abcd65 eb0896fc865844f1bdb9a3ad90fc5c8a b6e24f40b7fa4d9abffd3c76603c9190 - - 3b185a9baaaa4f669a7825a70b8f7d4e 3b185a9baaaa4f669a7825a70b8f7d4e] 10.0.0.71 "DELETE /resource_providers/62755446-b803-47fd-80cf-abb7c525a5ba" status: 404 len: 246 microversion: 1.1 [pid: 8|app: 0|req: 317/634] 10.0.0.71 () {34 vars in 815 bytes} [Thu Apr 16 12:29:07 2026] DELETE /resource_providers/62755446-b803-47fd-80cf-abb7c525a5ba => generated 246 bytes in 8 msecs (HTTP/1.1 404) 6 headers in 231 bytes (1 switches on core 0)
2026-04-16 12:29:07.844 7 INFO placement.requestlog [None req-3b41a92b-ec65-4e4c-bfe4-615e945f58b2 eb0896fc865844f1bdb9a3ad90fc5c8a b6e24f40b7fa4d9abffd3c76603c9190 - - 3b185a9baaaa4f669a7825a70b8f7d4e 3b185a9baaaa4f669a7825a70b8f7d4e] 10.0.0.71 "GET /resource_providers/b3240d91-b1db-4e82-a82f-162d262594bb/aggregates" status: 404 len: 235 microversion: 1.1
2026-04-16 12:29:07.844 8 INFO placement.requestlog [None req-1c9681f2-c848-4345-9a57-ce2e2ae80aec eb0896fc865844f1bdb9a3ad90fc5c8a b6e24f40b7fa4d9abffd3c76603c9190 - - 3b185a9baaaa4f669a7825a70b8f7d4e 3b185a9baaaa4f669a7825a70b8f7d4e] 10.0.0.71 "GET /resource_providers/b3240d91-b1db-4e82-a82f-162d262594bb/aggregates" status: 404 len: 235 microversion: 1.1 [pid: 8|app: 0|req: 318/635] 10.0.0.71 () {32 vars in 815 bytes} [Thu Apr 16 12:29:07 2026] GET /resource_providers/b3240d91-b1db-4e82-a82f-162d262594bb/aggregates => generated 235 bytes in 16 msecs (HTTP/1.1 404) 5 headers in 202 bytes (1 switches on core 0) [pid: 7|app: 0|req: 318/636] 10.0.0.71 () {32 vars in 815 bytes} [Thu Apr 16 12:29:07 2026] GET /resource_providers/b3240d91-b1db-4e82-a82f-162d262594bb/aggregates => generated 235 bytes in 18 msecs (HTTP/1.1 404) 5 headers in 202 bytes (1 switches on core 0)
2026-04-16 12:29:07.866 8 INFO placement.requestlog [None req-8df64fa3-4bae-4c7d-80f0-0eab84402d60 eb0896fc865844f1bdb9a3ad90fc5c8a b6e24f40b7fa4d9abffd3c76603c9190 - - 3b185a9baaaa4f669a7825a70b8f7d4e 3b185a9baaaa4f669a7825a70b8f7d4e] 10.0.0.71 "DELETE /resource_providers/b3240d91-b1db-4e82-a82f-162d262594bb" status: 404 len: 246 microversion: 1.1 [pid: 8|app: 0|req: 319/637] 10.0.0.71 () {34 vars in 815 bytes} [Thu Apr 16 12:29:07 2026] DELETE /resource_providers/b3240d91-b1db-4e82-a82f-162d262594bb => generated 246 bytes in 10 msecs (HTTP/1.1 404) 6 headers in 231 bytes (1 switches on core 0)
2026-04-16 12:29:07.868 7 INFO placement.requestlog [None req-5dfe005e-f892-49c6-b017-269fa6e8a8f2 eb0896fc865844f1bdb9a3ad90fc5c8a b6e24f40b7fa4d9abffd3c76603c9190 - - 3b185a9baaaa4f669a7825a70b8f7d4e 3b185a9baaaa4f669a7825a70b8f7d4e] 10.0.0.71 "DELETE /resource_providers/b3240d91-b1db-4e82-a82f-162d262594bb" status: 404 len: 246 microversion: 1.1 [pid: 7|app: 0|req: 319/638] 10.0.0.71 () {34 vars in 815 bytes} [Thu Apr 16 12:29:07 2026] DELETE /resource_providers/b3240d91-b1db-4e82-a82f-162d262594bb => generated 246 bytes in 10 msecs (HTTP/1.1 404) 6 headers in 231 bytes (1 switches on core 0)
2026-04-16 12:29:10.725 7 INFO placement.requestlog [None req-32f8219e-ff29-4369-b968-0f937789d16a eb0896fc865844f1bdb9a3ad90fc5c8a b6e24f40b7fa4d9abffd3c76603c9190 - - 3b185a9baaaa4f669a7825a70b8f7d4e 3b185a9baaaa4f669a7825a70b8f7d4e] 10.0.0.71 "GET /resource_providers/8293591d-ec8c-48ec-9ba5-6613ff3b09f2/aggregates" status: 404 len: 235 microversion: 1.1 [pid: 7|app: 0|req: 320/639] 10.0.0.71 () {32 vars in 815 bytes} [Thu Apr 16 12:29:10 2026] GET /resource_providers/8293591d-ec8c-48ec-9ba5-6613ff3b09f2/aggregates => generated 235 bytes in 7 msecs (HTTP/1.1 404) 5 headers in 202 bytes (1 switches on core 0)
2026-04-16 12:29:10.725 8 INFO placement.requestlog [None req-60852ee0-dceb-45ae-9386-d5d3ee1d58af eb0896fc865844f1bdb9a3ad90fc5c8a b6e24f40b7fa4d9abffd3c76603c9190 - - 3b185a9baaaa4f669a7825a70b8f7d4e 3b185a9baaaa4f669a7825a70b8f7d4e] 10.0.0.71 "GET /resource_providers/8293591d-ec8c-48ec-9ba5-6613ff3b09f2/aggregates" status: 404 len: 235 microversion: 1.1 [pid: 8|app: 0|req: 320/640] 10.0.0.71 () {32 vars in 815 bytes} [Thu Apr 16 12:29:10 2026] GET /resource_providers/8293591d-ec8c-48ec-9ba5-6613ff3b09f2/aggregates => generated 235 bytes in 11 msecs (HTTP/1.1 404) 5 headers in 202 bytes (1 switches on core 0)
2026-04-16 12:29:10.746 8 INFO placement.requestlog [None req-66a56853-52db-4c43-974d-4f7689f00e70 eb0896fc865844f1bdb9a3ad90fc5c8a b6e24f40b7fa4d9abffd3c76603c9190 - - 3b185a9baaaa4f669a7825a70b8f7d4e 3b185a9baaaa4f669a7825a70b8f7d4e] 10.0.0.71 "DELETE /resource_providers/8293591d-ec8c-48ec-9ba5-6613ff3b09f2" status: 404 len: 246 microversion: 1.1 [pid: 8|app: 0|req: 321/641] 10.0.0.71 () {34 vars in 815 bytes} [Thu Apr 16 12:29:10 2026] DELETE /resource_providers/8293591d-ec8c-48ec-9ba5-6613ff3b09f2 => generated 246 bytes in 11 msecs (HTTP/1.1 404) 6 headers in 231 bytes (1 switches on core 0)
2026-04-16 12:29:10.748 7 INFO placement.requestlog [None req-fa0d2e1f-9fdb-4462-b3b3-94588b4779f2 eb0896fc865844f1bdb9a3ad90fc5c8a b6e24f40b7fa4d9abffd3c76603c9190 - - 3b185a9baaaa4f669a7825a70b8f7d4e 3b185a9baaaa4f669a7825a70b8f7d4e] 10.0.0.71 "DELETE /resource_providers/8293591d-ec8c-48ec-9ba5-6613ff3b09f2" status: 404 len: 246 microversion: 1.1 [pid: 7|app: 0|req: 321/642] 10.0.0.71 () {34 vars in 815 bytes} [Thu Apr 16 12:29:10 2026] DELETE /resource_providers/8293591d-ec8c-48ec-9ba5-6613ff3b09f2 => generated 246 bytes in 15 msecs (HTTP/1.1 404) 6 headers in 231 bytes (1 switches on core 0)
2026-04-16 12:29:10.767 8 INFO placement.requestlog [None req-7e64d801-399c-4727-ac03-ed3594978db0 - - - - - -] 10.0.0.18 "GET /" status: 200 len: 136 microversion: 1.0
2026-04-16 12:29:10.768 7 INFO placement.requestlog [None req-ad33f9c8-a4d1-41c1-83d5-5911fc4f1508 - - - - - -] 10.0.0.18 "GET /" status: 200 len: 136 microversion: 1.0
2026-04-16 12:29:11.054 7 INFO placement.requestlog [None req-9804b89a-917e-4fff-931e-b4ca4f8013ed eb0896fc865844f1bdb9a3ad90fc5c8a b6e24f40b7fa4d9abffd3c76603c9190 - - 3b185a9baaaa4f669a7825a70b8f7d4e 3b185a9baaaa4f669a7825a70b8f7d4e] 10.0.0.71 "GET /resource_providers/79198aa6-bca1-4663-85ef-ba15044bf57f/aggregates" status: 404 len: 235 microversion: 1.1
2026-04-16 12:29:11.054 8 INFO placement.requestlog [None req-d3510209-e28d-4410-bced-118897e09050 eb0896fc865844f1bdb9a3ad90fc5c8a b6e24f40b7fa4d9abffd3c76603c9190 - - 3b185a9baaaa4f669a7825a70b8f7d4e 3b185a9baaaa4f669a7825a70b8f7d4e] 10.0.0.71 "GET /resource_providers/79198aa6-bca1-4663-85ef-ba15044bf57f/aggregates" status: 404 len: 235 microversion: 1.1 [pid: 7|app: 0|req: 323/645] 10.0.0.71 () {32 vars in 815 bytes} [Thu Apr 16 12:29:11 2026] GET /resource_providers/79198aa6-bca1-4663-85ef-ba15044bf57f/aggregates => generated 235 bytes in 10 msecs (HTTP/1.1 404) 5 headers in 202 bytes (1 switches on core 0) [pid: 8|app: 0|req: 323/646] 10.0.0.71 () {32 vars in 815 bytes} [Thu Apr 16 12:29:11 2026] GET /resource_providers/79198aa6-bca1-4663-85ef-ba15044bf57f/aggregates => generated 235 bytes in 10 msecs (HTTP/1.1 404) 5 headers in 202 bytes (1 switches on core 0)
2026-04-16 12:29:11.077 7 INFO placement.requestlog [None req-676eab41-f851-4d32-9da2-ad0c4a220ff5 eb0896fc865844f1bdb9a3ad90fc5c8a b6e24f40b7fa4d9abffd3c76603c9190 - - 3b185a9baaaa4f669a7825a70b8f7d4e 3b185a9baaaa4f669a7825a70b8f7d4e] 10.0.0.71 "DELETE /resource_providers/79198aa6-bca1-4663-85ef-ba15044bf57f" status: 404 len: 246 microversion: 1.1 [pid: 7|app: 0|req: 324/647] 10.0.0.71 () {34 vars in 815 bytes} [Thu Apr 16 12:29:11 2026] DELETE /resource_providers/79198aa6-bca1-4663-85ef-ba15044bf57f => generated 246 bytes in 9 msecs (HTTP/1.1 404) 6 headers in 231 bytes (1 switches on core 0)
2026-04-16 12:29:11.094 8 INFO placement.requestlog [None req-eb934a38-6823-4b84-92f9-679377dde2d4 eb0896fc865844f1bdb9a3ad90fc5c8a b6e24f40b7fa4d9abffd3c76603c9190 - - 3b185a9baaaa4f669a7825a70b8f7d4e 3b185a9baaaa4f669a7825a70b8f7d4e] 10.0.0.71 "DELETE /resource_providers/79198aa6-bca1-4663-85ef-ba15044bf57f" status: 404 len: 246 microversion: 1.1 [pid: 8|app: 0|req: 324/648] 10.0.0.71 () {34 vars in 815 bytes} [Thu Apr 16 12:29:11 2026] DELETE /resource_providers/79198aa6-bca1-4663-85ef-ba15044bf57f => generated 246 bytes in 14 msecs (HTTP/1.1 404) 6 headers in 231 bytes (1 switches on core 0)
2026-04-16 12:29:13.192 7 INFO placement.requestlog [req-7f22af46-1f7c-49ce-a730-acf7b27ccca9 req-2e727a66-a021-4882-b69b-0b547641415a 11d3abeb067846dfbf3cc3efbc77dee3 b6e24f40b7fa4d9abffd3c76603c9190 - - 3b185a9baaaa4f669a7825a70b8f7d4e 3b185a9baaaa4f669a7825a70b8f7d4e] 199.204.45.227 "GET /resource_providers/122bf978-42e3-4dcf-b573-bf3ce15f47ed/allocations" status: 200 len: 153 microversion: 1.0 [pid: 7|app: 0|req: 325/649] 199.204.45.227 () {32 vars in 857 bytes} [Thu Apr 16 12:29:13 2026] GET /resource_providers/122bf978-42e3-4dcf-b573-bf3ce15f47ed/allocations => generated 153 bytes in 17 msecs (HTTP/1.1 200) 6 headers in 224 bytes (1 switches on core 0)
2026-04-16 12:29:13.212 8 INFO placement.requestlog [req-7f22af46-1f7c-49ce-a730-acf7b27ccca9 req-3961e113-7370-4103-a261-5e55648e89de 11d3abeb067846dfbf3cc3efbc77dee3 b6e24f40b7fa4d9abffd3c76603c9190 - - 3b185a9baaaa4f669a7825a70b8f7d4e 3b185a9baaaa4f669a7825a70b8f7d4e] 199.204.45.227 "GET /allocations/556c2602-474d-48bd-ac6c-ffaa116e898f" status: 200 len: 258 microversion: 1.28 [pid: 8|app: 0|req: 325/650] 199.204.45.227 () {34 vars in 863 bytes} [Thu Apr 16 12:29:13 2026] GET /allocations/556c2602-474d-48bd-ac6c-ffaa116e898f => generated 258 bytes in 13 msecs (HTTP/1.1 200) 8 headers in 296 bytes (1 switches on core 0)
2026-04-16 12:29:14.271 7 INFO placement.requestlog [req-7f22af46-1f7c-49ce-a730-acf7b27ccca9 req-ea570e29-821e-47bd-a568-577baf03aaa5 11d3abeb067846dfbf3cc3efbc77dee3 b6e24f40b7fa4d9abffd3c76603c9190 - - 3b185a9baaaa4f669a7825a70b8f7d4e 3b185a9baaaa4f669a7825a70b8f7d4e] 199.204.45.227 "DELETE /allocations/556c2602-474d-48bd-ac6c-ffaa116e898f" status: 204 len: 0 microversion: 1.0 [pid: 7|app: 0|req: 326/651] 199.204.45.227 () {34 vars in 841 bytes} [Thu Apr 16 12:29:14 2026] DELETE /allocations/556c2602-474d-48bd-ac6c-ffaa116e898f => generated 0 bytes in 26 msecs (HTTP/1.1 204) 5 headers in 198 bytes (1 switches on core 0)
2026-04-16 12:29:16.606 8 INFO placement.requestlog [None req-58ec578d-9b11-4261-872c-57cc7216849d eb0896fc865844f1bdb9a3ad90fc5c8a b6e24f40b7fa4d9abffd3c76603c9190 - - 3b185a9baaaa4f669a7825a70b8f7d4e 3b185a9baaaa4f669a7825a70b8f7d4e] 10.0.0.71 "GET /resource_providers/fb065ac6-d1e5-4548-a431-7ef589974f7c/aggregates" status: 404 len: 235 microversion: 1.1 [pid: 8|app: 0|req: 326/652] 10.0.0.71 () {32 vars in 815 bytes} [Thu Apr 16 12:29:16 2026] GET /resource_providers/fb065ac6-d1e5-4548-a431-7ef589974f7c/aggregates => generated 235 bytes in 7 msecs (HTTP/1.1 404) 5 headers in 202 bytes (1 switches on core 0)
2026-04-16 12:29:16.611 7 INFO placement.requestlog [None req-21a78965-040e-4ef4-b993-e81a735b54c9 eb0896fc865844f1bdb9a3ad90fc5c8a b6e24f40b7fa4d9abffd3c76603c9190 - - 3b185a9baaaa4f669a7825a70b8f7d4e 3b185a9baaaa4f669a7825a70b8f7d4e] 10.0.0.71 "GET /resource_providers/fb065ac6-d1e5-4548-a431-7ef589974f7c/aggregates" status: 404 len: 235 microversion: 1.1 [pid: 7|app: 0|req: 327/653] 10.0.0.71 () {32 vars in 815 bytes} [Thu Apr 16 12:29:16 2026] GET /resource_providers/fb065ac6-d1e5-4548-a431-7ef589974f7c/aggregates => generated 235 bytes in 11 msecs (HTTP/1.1 404) 5 headers in 202 bytes (1 switches on core 0)
2026-04-16 12:29:16.628 8 INFO placement.requestlog [None req-32e19924-cdc1-4e94-ac8a-8997157cd435 eb0896fc865844f1bdb9a3ad90fc5c8a b6e24f40b7fa4d9abffd3c76603c9190 - - 3b185a9baaaa4f669a7825a70b8f7d4e 3b185a9baaaa4f669a7825a70b8f7d4e] 10.0.0.71 "DELETE /resource_providers/fb065ac6-d1e5-4548-a431-7ef589974f7c" status: 404 len: 246 microversion: 1.1 [pid: 8|app: 0|req: 327/654] 10.0.0.71 () {34 vars in 815 bytes} [Thu Apr 16 12:29:16 2026] DELETE /resource_providers/fb065ac6-d1e5-4548-a431-7ef589974f7c => generated 246 bytes in 10 msecs (HTTP/1.1 404) 6 headers in 231 bytes (1 switches on core 0)
2026-04-16 12:29:16.647 7 INFO placement.requestlog [None req-fd087606-7c71-4cbb-8f6f-98f31e9e6043 eb0896fc865844f1bdb9a3ad90fc5c8a b6e24f40b7fa4d9abffd3c76603c9190 - - 3b185a9baaaa4f669a7825a70b8f7d4e 3b185a9baaaa4f669a7825a70b8f7d4e] 10.0.0.71 "DELETE /resource_providers/fb065ac6-d1e5-4548-a431-7ef589974f7c" status: 404 len: 246 microversion: 1.1 [pid: 7|app: 0|req: 328/655] 10.0.0.71 () {34 vars in 815 bytes} [Thu Apr 16 12:29:16 2026] DELETE /resource_providers/fb065ac6-d1e5-4548-a431-7ef589974f7c => generated 246 bytes in 15 msecs (HTTP/1.1 404) 6 headers in 231 bytes (1 switches on core 0)
2026-04-16 12:29:17.282 8 INFO placement.requestlog [None req-917730fa-452c-4dfc-82b1-d07df6e3cf85 eb0896fc865844f1bdb9a3ad90fc5c8a b6e24f40b7fa4d9abffd3c76603c9190 - - 3b185a9baaaa4f669a7825a70b8f7d4e 3b185a9baaaa4f669a7825a70b8f7d4e] 10.0.0.71 "GET /resource_providers/e9a3a6c8-b72c-4e13-bbb7-d8cdab0d5673/aggregates" status: 404 len: 235 microversion: 1.1 [pid: 8|app: 0|req: 328/656] 10.0.0.71 () {32 vars in 815 bytes} [Thu Apr 16 12:29:17 2026] GET /resource_providers/e9a3a6c8-b72c-4e13-bbb7-d8cdab0d5673/aggregates => generated 235 bytes in 12 msecs (HTTP/1.1 404) 5 headers in 202 bytes (1 switches on core 0)
2026-04-16 12:29:17.286 7 INFO placement.requestlog [None req-68d386aa-9746-42ae-9a7a-f21b741416e4 eb0896fc865844f1bdb9a3ad90fc5c8a b6e24f40b7fa4d9abffd3c76603c9190 - - 3b185a9baaaa4f669a7825a70b8f7d4e 3b185a9baaaa4f669a7825a70b8f7d4e] 10.0.0.71 "GET /resource_providers/e9a3a6c8-b72c-4e13-bbb7-d8cdab0d5673/aggregates" status: 404 len: 235 microversion: 1.1 [pid: 7|app: 0|req: 329/657] 10.0.0.71 () {32 vars in 815 bytes} [Thu Apr 16 12:29:17 2026] GET /resource_providers/e9a3a6c8-b72c-4e13-bbb7-d8cdab0d5673/aggregates => generated 235 bytes in 11 msecs (HTTP/1.1 404) 5 headers in 202 bytes (1 switches on core 0)
2026-04-16 12:29:17.311 8 INFO placement.requestlog [None req-a85e39f5-a907-4933-9310-59346074b089 eb0896fc865844f1bdb9a3ad90fc5c8a b6e24f40b7fa4d9abffd3c76603c9190 - - 3b185a9baaaa4f669a7825a70b8f7d4e 3b185a9baaaa4f669a7825a70b8f7d4e] 10.0.0.71 "DELETE /resource_providers/e9a3a6c8-b72c-4e13-bbb7-d8cdab0d5673" status: 404 len: 246 microversion: 1.1 [pid: 8|app: 0|req: 329/658] 10.0.0.71 () {34 vars in 815 bytes} [Thu Apr 16 12:29:17 2026] DELETE /resource_providers/e9a3a6c8-b72c-4e13-bbb7-d8cdab0d5673 => generated 246 bytes in 12 msecs (HTTP/1.1 404) 6 headers in 231 bytes (1 switches on core 0)
2026-04-16 12:29:17.317 7 INFO placement.requestlog [None req-e2e93325-be5d-4c2a-921f-b952755855b4 eb0896fc865844f1bdb9a3ad90fc5c8a b6e24f40b7fa4d9abffd3c76603c9190 - - 3b185a9baaaa4f669a7825a70b8f7d4e 3b185a9baaaa4f669a7825a70b8f7d4e] 10.0.0.71 "DELETE /resource_providers/e9a3a6c8-b72c-4e13-bbb7-d8cdab0d5673" status: 404 len: 246 microversion: 1.1 [pid: 7|app: 0|req: 330/659] 10.0.0.71 () {34 vars in 815 bytes} [Thu Apr 16 12:29:17 2026] DELETE /resource_providers/e9a3a6c8-b72c-4e13-bbb7-d8cdab0d5673 => generated 246 bytes in 9 msecs (HTTP/1.1 404) 6 headers in 231 bytes (1 switches on core 0)
2026-04-16 12:29:18.652 8 INFO placement.requestlog [None req-32afffe7-7b5b-4981-b468-b74ae85e3106 eb0896fc865844f1bdb9a3ad90fc5c8a b6e24f40b7fa4d9abffd3c76603c9190 - - 3b185a9baaaa4f669a7825a70b8f7d4e 3b185a9baaaa4f669a7825a70b8f7d4e] 10.0.0.71 "GET /resource_providers/e452327f-018c-4d6d-9c5b-fc452aa993a4/aggregates" status: 404 len: 235 microversion: 1.1 [pid: 8|app: 0|req: 330/660] 10.0.0.71 () {32 vars in 815 bytes} [Thu Apr 16 12:29:18 2026] GET /resource_providers/e452327f-018c-4d6d-9c5b-fc452aa993a4/aggregates => generated 235 bytes in 11 msecs (HTTP/1.1 404) 5 headers in 202 bytes (1 switches on core 0)
2026-04-16 12:29:18.668 7 INFO placement.requestlog [None req-d9d54e63-ee45-4f0f-b290-379717e6ae2f eb0896fc865844f1bdb9a3ad90fc5c8a b6e24f40b7fa4d9abffd3c76603c9190 - - 3b185a9baaaa4f669a7825a70b8f7d4e 3b185a9baaaa4f669a7825a70b8f7d4e] 10.0.0.71 "GET /resource_providers/e452327f-018c-4d6d-9c5b-fc452aa993a4/aggregates" status: 404 len: 235 microversion: 1.1 [pid: 7|app: 0|req: 331/661] 10.0.0.71 () {32 vars in 815 bytes} [Thu Apr 16 12:29:18 2026] GET /resource_providers/e452327f-018c-4d6d-9c5b-fc452aa993a4/aggregates => generated 235 bytes in 10 msecs (HTTP/1.1 404) 5 headers in 202 bytes (1 switches on core 0)
2026-04-16 12:29:18.670 8 INFO placement.requestlog [None req-536d3dc4-aabf-4692-834e-64fe2bc0e9e1 eb0896fc865844f1bdb9a3ad90fc5c8a b6e24f40b7fa4d9abffd3c76603c9190 - - 3b185a9baaaa4f669a7825a70b8f7d4e 3b185a9baaaa4f669a7825a70b8f7d4e] 10.0.0.71 "DELETE /resource_providers/e452327f-018c-4d6d-9c5b-fc452aa993a4" status: 404 len: 246 microversion: 1.1 [pid: 8|app: 0|req: 331/662] 10.0.0.71 () {34 vars in 815 bytes} [Thu Apr 16 12:29:18 2026] DELETE /resource_providers/e452327f-018c-4d6d-9c5b-fc452aa993a4 => generated 246 bytes in 8 msecs (HTTP/1.1 404) 6 headers in 231 bytes (1 switches on core 0)
2026-04-16 12:29:18.688 7 INFO placement.requestlog [None req-d25dd017-0b3b-4dbb-9091-4cf1227f9ab5 eb0896fc865844f1bdb9a3ad90fc5c8a b6e24f40b7fa4d9abffd3c76603c9190 - - 3b185a9baaaa4f669a7825a70b8f7d4e 3b185a9baaaa4f669a7825a70b8f7d4e] 10.0.0.71 "GET /resource_providers/d5e2e311-bd32-4cb8-928d-65d3768fade9/aggregates" status: 404 len: 235 microversion: 1.1 [pid: 7|app: 0|req: 332/663] 10.0.0.71 () {32 vars in 815 bytes} [Thu Apr 16 12:29:18 2026] GET /resource_providers/d5e2e311-bd32-4cb8-928d-65d3768fade9/aggregates => generated 235 bytes in 7 msecs (HTTP/1.1 404) 5 headers in 202 bytes (1 switches on core 0)
2026-04-16 12:29:18.692 8 INFO placement.requestlog [None req-3b49f5b4-4fd8-46cb-b568-879dce70e3c7 eb0896fc865844f1bdb9a3ad90fc5c8a b6e24f40b7fa4d9abffd3c76603c9190 - - 3b185a9baaaa4f669a7825a70b8f7d4e 3b185a9baaaa4f669a7825a70b8f7d4e] 10.0.0.71 "DELETE /resource_providers/e452327f-018c-4d6d-9c5b-fc452aa993a4" status: 404 len: 246 microversion: 1.1 [pid: 8|app: 0|req: 332/664] 10.0.0.71 () {34 vars in 815 bytes} [Thu Apr 16 12:29:18 2026] DELETE /resource_providers/e452327f-018c-4d6d-9c5b-fc452aa993a4 => generated 246 bytes in 12 msecs (HTTP/1.1 404) 6 headers in 231 bytes (1 switches on core 0)
2026-04-16 12:29:18.699 7 INFO placement.requestlog [None req-6a397702-5c49-4d3a-b385-c6ab8baf6855 eb0896fc865844f1bdb9a3ad90fc5c8a b6e24f40b7fa4d9abffd3c76603c9190 - - 3b185a9baaaa4f669a7825a70b8f7d4e 3b185a9baaaa4f669a7825a70b8f7d4e] 10.0.0.71 "DELETE /resource_providers/d5e2e311-bd32-4cb8-928d-65d3768fade9" status: 404 len: 246 microversion: 1.1 [pid: 7|app: 0|req: 333/665] 10.0.0.71 () {34 vars in 815 bytes} [Thu Apr 16 12:29:18 2026] DELETE /resource_providers/d5e2e311-bd32-4cb8-928d-65d3768fade9 => generated 246 bytes in 6 msecs (HTTP/1.1 404) 6 headers in 231 bytes (1 switches on core 0)
2026-04-16 12:29:18.704 8 INFO placement.requestlog [None req-c7e3ab3f-1e59-47f1-8e50-8ee411d476de eb0896fc865844f1bdb9a3ad90fc5c8a b6e24f40b7fa4d9abffd3c76603c9190 - - 3b185a9baaaa4f669a7825a70b8f7d4e 3b185a9baaaa4f669a7825a70b8f7d4e] 10.0.0.71 "GET /resource_providers/d5e2e311-bd32-4cb8-928d-65d3768fade9/aggregates" status: 404 len: 235 microversion: 1.1 [pid: 8|app: 0|req: 333/666] 10.0.0.71 () {32 vars in 815 bytes} [Thu Apr 16 12:29:18 2026] GET /resource_providers/d5e2e311-bd32-4cb8-928d-65d3768fade9/aggregates => generated 235 bytes in 6 msecs (HTTP/1.1 404) 5 headers in 202 bytes (1 switches on core 0)
2026-04-16 12:29:18.724 7 INFO placement.requestlog [None req-94be9395-fe36-45de-a2e1-1d4fddf44655 eb0896fc865844f1bdb9a3ad90fc5c8a b6e24f40b7fa4d9abffd3c76603c9190 - - 3b185a9baaaa4f669a7825a70b8f7d4e 3b185a9baaaa4f669a7825a70b8f7d4e] 10.0.0.71 "DELETE /resource_providers/d5e2e311-bd32-4cb8-928d-65d3768fade9" status: 404 len: 246 microversion: 1.1 [pid: 7|app: 0|req: 334/667] 10.0.0.71 () {34 vars in 815 bytes} [Thu Apr 16 12:29:18 2026] DELETE /resource_providers/d5e2e311-bd32-4cb8-928d-65d3768fade9 => generated 246 bytes in 15 msecs (HTTP/1.1 404) 6 headers in 231 bytes (1 switches on core 0)
2026-04-16 12:29:19.331 8 INFO placement.requestlog [None req-bac5fe80-4378-4ffb-bdba-f0c076d1280e eb0896fc865844f1bdb9a3ad90fc5c8a b6e24f40b7fa4d9abffd3c76603c9190 - - 3b185a9baaaa4f669a7825a70b8f7d4e 3b185a9baaaa4f669a7825a70b8f7d4e] 10.0.0.71 "GET /resource_providers/60801e41-4878-4a2d-8ea9-2377d47fca0e/aggregates" status: 404 len: 235 microversion: 1.1 [pid: 8|app: 0|req: 334/668] 10.0.0.71 () {32 vars in 815 bytes} [Thu Apr 16 12:29:19 2026] GET /resource_providers/60801e41-4878-4a2d-8ea9-2377d47fca0e/aggregates => generated 235 bytes in 9 msecs (HTTP/1.1 404) 5 headers in 202 bytes (1 switches on core 0)
2026-04-16 12:29:19.333 7 INFO placement.requestlog [None req-616e9b19-2268-48d7-b1da-122b855b2a56 eb0896fc865844f1bdb9a3ad90fc5c8a b6e24f40b7fa4d9abffd3c76603c9190 - - 3b185a9baaaa4f669a7825a70b8f7d4e 3b185a9baaaa4f669a7825a70b8f7d4e] 10.0.0.71 "GET /resource_providers/60801e41-4878-4a2d-8ea9-2377d47fca0e/aggregates" status: 404 len: 235 microversion: 1.1 [pid: 7|app: 0|req: 335/669] 10.0.0.71 () {32 vars in 815 bytes} [Thu Apr 16 12:29:19 2026] GET /resource_providers/60801e41-4878-4a2d-8ea9-2377d47fca0e/aggregates => generated 235 bytes in 10 msecs (HTTP/1.1 404) 5 headers in 202 bytes (1 switches on core 0)
2026-04-16 12:29:19.353 8 INFO placement.requestlog [None req-c17ad3ea-2bc4-4908-95cb-ca540e55b193 eb0896fc865844f1bdb9a3ad90fc5c8a b6e24f40b7fa4d9abffd3c76603c9190 - - 3b185a9baaaa4f669a7825a70b8f7d4e 3b185a9baaaa4f669a7825a70b8f7d4e] 10.0.0.71 "DELETE /resource_providers/60801e41-4878-4a2d-8ea9-2377d47fca0e" status: 404 len: 246 microversion: 1.1 [pid: 8|app: 0|req: 335/670] 10.0.0.71 () {34 vars in 815 bytes} [Thu Apr 16 12:29:19 2026] DELETE /resource_providers/60801e41-4878-4a2d-8ea9-2377d47fca0e => generated 246 bytes in 8 msecs (HTTP/1.1 404) 6 headers in 231 bytes (1 switches on core 0)
2026-04-16 12:29:19.357 7 INFO placement.requestlog [None req-84eec479-8713-4d87-8b9b-4f5dbe32a7aa eb0896fc865844f1bdb9a3ad90fc5c8a b6e24f40b7fa4d9abffd3c76603c9190 - - 3b185a9baaaa4f669a7825a70b8f7d4e 3b185a9baaaa4f669a7825a70b8f7d4e] 10.0.0.71 "DELETE /resource_providers/60801e41-4878-4a2d-8ea9-2377d47fca0e" status: 404 len: 246 microversion: 1.1 [pid: 7|app: 0|req: 336/671] 10.0.0.71 () {34 vars in 815 bytes} [Thu Apr 16 12:29:19 2026] DELETE /resource_providers/60801e41-4878-4a2d-8ea9-2377d47fca0e => generated 246 bytes in 11 msecs (HTTP/1.1 404) 6 headers in 231 bytes (1 switches on core 0)
2026-04-16 12:29:20.767 8 INFO placement.requestlog [None req-a4b91f24-f28c-4792-82f9-1a68eaa6ff61 - - - - - -] 10.0.0.18 "GET /" status: 200 len: 136 microversion: 1.0
2026-04-16 12:29:20.767 7 INFO placement.requestlog [None req-f777d1eb-1f52-48e6-8816-6d60d7c9b5e4 - - - - - -] 10.0.0.18 "GET /" status: 200 len: 136 microversion: 1.0
2026-04-16 12:29:30.767 7 INFO placement.requestlog [None req-bb80e50e-8ca2-46ab-8fc4-007eac647b66 - - - - - -] 10.0.0.18 "GET /" status: 200 len: 136 microversion: 1.0
2026-04-16 12:29:30.767 8 INFO placement.requestlog [None req-808662a8-49db-4673-a906-51db385dcd66 - - - - - -] 10.0.0.18 "GET /" status: 200 len: 136 microversion: 1.0
2026-04-16 12:29:36.326 8 INFO placement.requestlog [req-4847b130-b4dd-4a79-bb7b-c61f16eaa01a req-ec8b0650-4f3b-4e08-b652-3b7934b170a0 11d3abeb067846dfbf3cc3efbc77dee3 b6e24f40b7fa4d9abffd3c76603c9190 - - 3b185a9baaaa4f669a7825a70b8f7d4e 3b185a9baaaa4f669a7825a70b8f7d4e] 10.0.0.47 "GET /allocation_candidates?limit=1000&resources=DISK_GB%3A1%2CMEMORY_MB%3A512%2CVCPU%3A1&root_required=%21COMPUTE_STATUS_DISABLED" status: 200 len: 2781 microversion: 1.36 [pid: 8|app: 0|req: 338/676] 10.0.0.47 () {34 vars in 1011 bytes} [Thu Apr 16 12:29:36 2026] GET /allocation_candidates?limit=1000&resources=DISK_GB%3A1%2CMEMORY_MB%3A512%2CVCPU%3A1&root_required=%21COMPUTE_STATUS_DISABLED => generated 2781 bytes in 41 msecs (HTTP/1.1 200) 8 headers in 297 bytes (1 switches on core 0)
2026-04-16 12:29:36.359 7 INFO placement.requestlog [req-4847b130-b4dd-4a79-bb7b-c61f16eaa01a req-d9a91237-87a0-4052-8fe0-2c1682af7d75 11d3abeb067846dfbf3cc3efbc77dee3 b6e24f40b7fa4d9abffd3c76603c9190 - - 3b185a9baaaa4f669a7825a70b8f7d4e 3b185a9baaaa4f669a7825a70b8f7d4e] 10.0.0.47 "GET /allocations/50e4d5ff-2e5c-4540-9def-13c04e0d41f2" status: 200 len: 19 microversion: 1.28 [pid: 7|app: 0|req: 339/677] 10.0.0.47 () {34 vars in 860 bytes} [Thu Apr 16 12:29:36 2026] GET /allocations/50e4d5ff-2e5c-4540-9def-13c04e0d41f2 => generated 19 bytes in 12 msecs (HTTP/1.1 200) 8 headers in 295 bytes (1 switches on core 0)
2026-04-16 12:29:36.452 8 INFO placement.requestlog [req-4847b130-b4dd-4a79-bb7b-c61f16eaa01a req-ff378704-b097-4141-89ef-9e25463189f0 11d3abeb067846dfbf3cc3efbc77dee3 b6e24f40b7fa4d9abffd3c76603c9190 - - 3b185a9baaaa4f669a7825a70b8f7d4e 3b185a9baaaa4f669a7825a70b8f7d4e] 10.0.0.47 "PUT /allocations/50e4d5ff-2e5c-4540-9def-13c04e0d41f2" status: 204 len: 0 microversion: 1.36 [pid: 8|app: 0|req: 339/678] 10.0.0.47 () {38 vars in 913 bytes} [Thu Apr 16 12:29:36 2026] PUT /allocations/50e4d5ff-2e5c-4540-9def-13c04e0d41f2 => generated 0 bytes in 85 msecs (HTTP/1.1 204) 5 headers in 199 bytes (1 switches on core 0)
2026-04-16 12:29:37.932 7 INFO placement.requestlog [req-4847b130-b4dd-4a79-bb7b-c61f16eaa01a req-4192bb56-6a28-4f6b-9481-c2c9cc36dfdb 11d3abeb067846dfbf3cc3efbc77dee3 b6e24f40b7fa4d9abffd3c76603c9190 - - 3b185a9baaaa4f669a7825a70b8f7d4e 3b185a9baaaa4f669a7825a70b8f7d4e] 199.204.45.227 "GET /allocations/50e4d5ff-2e5c-4540-9def-13c04e0d41f2" status: 200 len: 258 microversion: 1.28 [pid: 7|app: 0|req: 340/679] 199.204.45.227 () {34 vars in 863 bytes} [Thu Apr 16 12:29:37 2026] GET /allocations/50e4d5ff-2e5c-4540-9def-13c04e0d41f2 => generated 258 bytes in 15 msecs (HTTP/1.1 200) 8 headers in 296 bytes (1 switches on core 0)
2026-04-16 12:29:38.237 7 INFO placement.requestlog [None req-b6f0aa3a-f842-4a06-8463-4fffd9c5f064 eb0896fc865844f1bdb9a3ad90fc5c8a b6e24f40b7fa4d9abffd3c76603c9190 - - 3b185a9baaaa4f669a7825a70b8f7d4e 3b185a9baaaa4f669a7825a70b8f7d4e] 10.0.0.71 "GET /resource_providers/b09992b5-0eb2-4788-bb56-29faac8e01bd/aggregates" status: 404 len: 235 microversion: 1.1 [pid: 7|app: 0|req: 341/680] 10.0.0.71 () {32 vars in 815 bytes} [Thu Apr 16 12:29:38 2026] GET /resource_providers/b09992b5-0eb2-4788-bb56-29faac8e01bd/aggregates => generated 235 bytes in 11 msecs (HTTP/1.1 404) 5 headers in 202 bytes (1 switches on core 0)
2026-04-16 12:29:38.243 8 INFO placement.requestlog [None req-29dbb04e-ccf3-43a4-bd14-7cfae4080258 eb0896fc865844f1bdb9a3ad90fc5c8a b6e24f40b7fa4d9abffd3c76603c9190 - - 3b185a9baaaa4f669a7825a70b8f7d4e 3b185a9baaaa4f669a7825a70b8f7d4e] 10.0.0.71 "GET /resource_providers/b09992b5-0eb2-4788-bb56-29faac8e01bd/aggregates" status: 404 len: 235 microversion: 1.1 [pid: 8|app: 0|req: 340/681] 10.0.0.71 () {32 vars in 815 bytes} [Thu Apr 16 12:29:38 2026] GET /resource_providers/b09992b5-0eb2-4788-bb56-29faac8e01bd/aggregates => generated 235 bytes in 18 msecs (HTTP/1.1 404) 5 headers in 202 bytes (1 switches on core 0)
2026-04-16 12:29:38.258 7 INFO placement.requestlog [None req-5007b482-bf76-43fd-a723-2eb3e8d09a64 eb0896fc865844f1bdb9a3ad90fc5c8a b6e24f40b7fa4d9abffd3c76603c9190 - - 3b185a9baaaa4f669a7825a70b8f7d4e 3b185a9baaaa4f669a7825a70b8f7d4e] 10.0.0.71 "DELETE /resource_providers/b09992b5-0eb2-4788-bb56-29faac8e01bd" status: 404 len: 246 microversion: 1.1 [pid: 7|app: 0|req: 342/682] 10.0.0.71 () {34 vars in 815 bytes} [Thu Apr 16 12:29:38 2026] DELETE /resource_providers/b09992b5-0eb2-4788-bb56-29faac8e01bd => generated 246 bytes in 9 msecs (HTTP/1.1 404) 6 headers in 231 bytes (1 switches on core 0)
2026-04-16 12:29:38.265 8 INFO placement.requestlog [None req-7b024c03-0016-44ee-b426-916de4d9918e eb0896fc865844f1bdb9a3ad90fc5c8a b6e24f40b7fa4d9abffd3c76603c9190 - - 3b185a9baaaa4f669a7825a70b8f7d4e 3b185a9baaaa4f669a7825a70b8f7d4e] 10.0.0.71 "DELETE /resource_providers/b09992b5-0eb2-4788-bb56-29faac8e01bd" status: 404 len: 246 microversion: 1.1 [pid: 8|app: 0|req: 341/683] 10.0.0.71 () {34 vars in 815 bytes} [Thu Apr 16 12:29:38 2026] DELETE /resource_providers/b09992b5-0eb2-4788-bb56-29faac8e01bd => generated 246 bytes in 14 msecs (HTTP/1.1 404) 6 headers in 231 bytes (1 switches on core 0)
2026-04-16 12:29:38.640 7 INFO placement.requestlog [None req-b41f13be-bf87-4fbc-8283-c8cbf3fbdaa5 eb0896fc865844f1bdb9a3ad90fc5c8a b6e24f40b7fa4d9abffd3c76603c9190 - - 3b185a9baaaa4f669a7825a70b8f7d4e 3b185a9baaaa4f669a7825a70b8f7d4e] 10.0.0.71 "GET /resource_providers/c854910a-ab32-4179-8ac4-57757a886ccc/aggregates" status: 404 len: 235 microversion: 1.1 [pid: 7|app: 0|req: 343/684] 10.0.0.71 () {32 vars in 815 bytes} [Thu Apr 16 12:29:38 2026] GET /resource_providers/c854910a-ab32-4179-8ac4-57757a886ccc/aggregates => generated 235 bytes in 13 msecs (HTTP/1.1 404) 5 headers in 202 bytes (1 switches on core 0)
2026-04-16 12:29:38.641 8 INFO placement.requestlog [None req-6381ab2b-8f32-47cf-830b-ffe869931bf3 eb0896fc865844f1bdb9a3ad90fc5c8a b6e24f40b7fa4d9abffd3c76603c9190 - - 3b185a9baaaa4f669a7825a70b8f7d4e 3b185a9baaaa4f669a7825a70b8f7d4e] 10.0.0.71 "GET /resource_providers/c854910a-ab32-4179-8ac4-57757a886ccc/aggregates" status: 404 len: 235 microversion: 1.1 [pid: 8|app: 0|req: 342/685] 10.0.0.71 () {32 vars in 815 bytes} [Thu Apr 16 12:29:38 2026] GET /resource_providers/c854910a-ab32-4179-8ac4-57757a886ccc/aggregates => generated 235 bytes in 10 msecs (HTTP/1.1 404) 5 headers in 202 bytes (1 switches on core 0)
2026-04-16 12:29:38.662 7 INFO placement.requestlog [None req-45d64aae-22f7-440e-946b-353012e7beab eb0896fc865844f1bdb9a3ad90fc5c8a b6e24f40b7fa4d9abffd3c76603c9190 - - 3b185a9baaaa4f669a7825a70b8f7d4e 3b185a9baaaa4f669a7825a70b8f7d4e] 10.0.0.71 "DELETE /resource_providers/c854910a-ab32-4179-8ac4-57757a886ccc" status: 404 len: 246 microversion: 1.1
2026-04-16 12:29:38.662 8 INFO placement.requestlog [None req-16dd98aa-e5cc-4628-b4ee-3ce7045cab7e eb0896fc865844f1bdb9a3ad90fc5c8a b6e24f40b7fa4d9abffd3c76603c9190 - - 3b185a9baaaa4f669a7825a70b8f7d4e 3b185a9baaaa4f669a7825a70b8f7d4e] 10.0.0.71 "DELETE /resource_providers/c854910a-ab32-4179-8ac4-57757a886ccc" status: 404 len: 246 microversion: 1.1 [pid: 7|app: 0|req: 344/686] 10.0.0.71 () {34 vars in 815 bytes} [Thu Apr 16 12:29:38 2026] DELETE /resource_providers/c854910a-ab32-4179-8ac4-57757a886ccc => generated 246 bytes in 9 msecs (HTTP/1.1 404) 6 headers in 231 bytes (1 switches on core 0) [pid: 8|app: 0|req: 343/687] 10.0.0.71 () {34 vars in 815 bytes} [Thu Apr 16 12:29:38 2026] DELETE /resource_providers/c854910a-ab32-4179-8ac4-57757a886ccc => generated 246 bytes in 8 msecs (HTTP/1.1 404) 6 headers in 231 bytes (1 switches on core 0)
2026-04-16 12:29:38.974 7 INFO placement.requestlog [req-4847b130-b4dd-4a79-bb7b-c61f16eaa01a req-01e297f6-8a36-4914-9e2f-88f6d3dc1199 11d3abeb067846dfbf3cc3efbc77dee3 b6e24f40b7fa4d9abffd3c76603c9190 - - 3b185a9baaaa4f669a7825a70b8f7d4e 3b185a9baaaa4f669a7825a70b8f7d4e] 199.204.45.227 "GET /resource_providers/122bf978-42e3-4dcf-b573-bf3ce15f47ed/allocations" status: 200 len: 153 microversion: 1.0 [pid: 7|app: 0|req: 345/688] 199.204.45.227 () {32 vars in 857 bytes} [Thu Apr 16 12:29:38 2026] GET /resource_providers/122bf978-42e3-4dcf-b573-bf3ce15f47ed/allocations => generated 153 bytes in 23 msecs (HTTP/1.1 200) 6 headers in 224 bytes (1 switches on core 0)
2026-04-16 12:29:38.996 8 INFO placement.requestlog [req-4847b130-b4dd-4a79-bb7b-c61f16eaa01a req-07427d68-ad97-43d4-b692-bd6ee94bb821 11d3abeb067846dfbf3cc3efbc77dee3 b6e24f40b7fa4d9abffd3c76603c9190 - - 3b185a9baaaa4f669a7825a70b8f7d4e 3b185a9baaaa4f669a7825a70b8f7d4e] 199.204.45.227 "GET /allocations/50e4d5ff-2e5c-4540-9def-13c04e0d41f2" status: 200 len: 258 microversion: 1.28 [pid: 8|app: 0|req: 344/689] 199.204.45.227 () {34 vars in 863 bytes} [Thu Apr 16 12:29:38 2026] GET /allocations/50e4d5ff-2e5c-4540-9def-13c04e0d41f2 => generated 258 bytes in 10 msecs (HTTP/1.1 200) 8 headers in 296 bytes (1 switches on core 0)
2026-04-16 12:29:40.276 7 INFO placement.requestlog [None req-6f0a2481-ff9d-4be8-8f31-a3951cb3b0d0 eb0896fc865844f1bdb9a3ad90fc5c8a b6e24f40b7fa4d9abffd3c76603c9190 - - 3b185a9baaaa4f669a7825a70b8f7d4e 3b185a9baaaa4f669a7825a70b8f7d4e] 10.0.0.71 "GET /resource_providers/81e73eff-2c43-442f-992d-a373abfc2a96/aggregates" status: 404 len: 235 microversion: 1.1 [pid: 7|app: 0|req: 346/690] 10.0.0.71 () {32 vars in 815 bytes} [Thu Apr 16 12:29:40 2026] GET /resource_providers/81e73eff-2c43-442f-992d-a373abfc2a96/aggregates => generated 235 bytes in 9 msecs (HTTP/1.1 404) 5 headers in 202 bytes (1 switches on core 0)
2026-04-16 12:29:40.288 8 INFO placement.requestlog [None req-cd56992a-7ec4-49d5-bccb-17ea74339840 eb0896fc865844f1bdb9a3ad90fc5c8a b6e24f40b7fa4d9abffd3c76603c9190 - - 3b185a9baaaa4f669a7825a70b8f7d4e 3b185a9baaaa4f669a7825a70b8f7d4e] 10.0.0.71 "GET /resource_providers/81e73eff-2c43-442f-992d-a373abfc2a96/aggregates" status: 404 len: 235 microversion: 1.1 [pid: 8|app: 0|req: 345/691] 10.0.0.71 () {32 vars in 815 bytes} [Thu Apr 16 12:29:40 2026] GET /resource_providers/81e73eff-2c43-442f-992d-a373abfc2a96/aggregates => generated 235 bytes in 14 msecs (HTTP/1.1 404) 5 headers in 202 bytes (1 switches on core 0)
2026-04-16 12:29:40.289 7 INFO placement.requestlog [None req-14a469f1-1bf7-4130-ae1b-e4e17917cc2f eb0896fc865844f1bdb9a3ad90fc5c8a b6e24f40b7fa4d9abffd3c76603c9190 - - 3b185a9baaaa4f669a7825a70b8f7d4e 3b185a9baaaa4f669a7825a70b8f7d4e] 10.0.0.71 "DELETE /resource_providers/81e73eff-2c43-442f-992d-a373abfc2a96" status: 404 len: 246 microversion: 1.1 [pid: 7|app: 0|req: 347/692] 10.0.0.71 () {34 vars in 815 bytes} [Thu Apr 16 12:29:40 2026] DELETE /resource_providers/81e73eff-2c43-442f-992d-a373abfc2a96 => generated 246 bytes in 6 msecs (HTTP/1.1 404) 6 headers in 231 bytes (1 switches on core 0)
2026-04-16 12:29:40.301 7 INFO placement.requestlog [None req-47578786-12c4-4d49-b35a-63d63c39982f eb0896fc865844f1bdb9a3ad90fc5c8a b6e24f40b7fa4d9abffd3c76603c9190 - - 3b185a9baaaa4f669a7825a70b8f7d4e 3b185a9baaaa4f669a7825a70b8f7d4e] 10.0.0.71 "GET /resource_providers/79c9c852-8aa0-4097-8c64-19b0677ba0b9/aggregates" status: 404 len: 235 microversion: 1.1 [pid: 7|app: 0|req: 348/693] 10.0.0.71 () {32 vars in 815 bytes} [Thu Apr 16 12:29:40 2026] GET /resource_providers/79c9c852-8aa0-4097-8c64-19b0677ba0b9/aggregates => generated 235 bytes in 5 msecs (HTTP/1.1 404) 5 headers in 202 bytes (1 switches on core 0)
2026-04-16 12:29:40.303 8 INFO placement.requestlog [None req-d6a4cb58-7afd-4106-9abf-5d5719df3603 eb0896fc865844f1bdb9a3ad90fc5c8a b6e24f40b7fa4d9abffd3c76603c9190 - - 3b185a9baaaa4f669a7825a70b8f7d4e 3b185a9baaaa4f669a7825a70b8f7d4e] 10.0.0.71 "DELETE /resource_providers/81e73eff-2c43-442f-992d-a373abfc2a96" status: 404 len: 246 microversion: 1.1 [pid: 8|app: 0|req: 346/694] 10.0.0.71 () {34 vars in 815 bytes} [Thu Apr 16 12:29:40 2026] DELETE /resource_providers/81e73eff-2c43-442f-992d-a373abfc2a96 => generated 246 bytes in 8 msecs (HTTP/1.1 404) 6 headers in 231 bytes (1 switches on core 0)
2026-04-16 12:29:40.314 7 INFO placement.requestlog [None req-a2ad4828-9b41-4fc0-aeec-315100650e01 eb0896fc865844f1bdb9a3ad90fc5c8a b6e24f40b7fa4d9abffd3c76603c9190 - - 3b185a9baaaa4f669a7825a70b8f7d4e 3b185a9baaaa4f669a7825a70b8f7d4e] 10.0.0.71 "DELETE /resource_providers/79c9c852-8aa0-4097-8c64-19b0677ba0b9" status: 404 len: 246 microversion: 1.1 [pid: 7|app: 0|req: 349/695] 10.0.0.71 () {34 vars in 815 bytes} [Thu Apr 16 12:29:40 2026] DELETE /resource_providers/79c9c852-8aa0-4097-8c64-19b0677ba0b9 => generated 246 bytes in 6 msecs (HTTP/1.1 404) 6 headers in 231 bytes (1 switches on core 0)
2026-04-16 12:29:40.322 8 INFO placement.requestlog [None req-245362fe-8297-4183-862a-86bd9fad950f eb0896fc865844f1bdb9a3ad90fc5c8a b6e24f40b7fa4d9abffd3c76603c9190 - - 3b185a9baaaa4f669a7825a70b8f7d4e 3b185a9baaaa4f669a7825a70b8f7d4e] 10.0.0.71 "GET /resource_providers/79c9c852-8aa0-4097-8c64-19b0677ba0b9/aggregates" status: 404 len: 235 microversion: 1.1 [pid: 8|app: 0|req: 347/696] 10.0.0.71 () {32 vars in 815 bytes} [Thu Apr 16 12:29:40 2026] GET /resource_providers/79c9c852-8aa0-4097-8c64-19b0677ba0b9/aggregates => generated 235 bytes in 10 msecs (HTTP/1.1 404) 5 headers in 202 bytes (1 switches on core 0)
