2026-04-16 12:26:28.590 8 INFO neutron.services.segments.plugin [-] Segment 6bfb3674-34bd-450e-8f44-e41c822ca615 resource provider not found; error: Placement Client Error (4xx): {"errors": [{"status": 404, "title": "Not Found", "detail": "The resource could not be found.\n\n No resource provider with uuid 6bfb3674-34bd-450e-8f44-e41c822ca615 found for delete ", "request_id": "req-0ff7ceac-d163-4266-9205-1419bc79a1c1"}]} [pid: 8|app: 0|req: 482/901] 10.0.0.96 () {32 vars in 725 bytes} [Thu Apr 16 12:26:28 2026] DELETE /v2.0/networks/9872ffe0-a9f4-4181-8750-7b39114e2fcb => generated 0 bytes in 355 msecs (HTTP/1.1 204) 3 headers in 131 bytes (1 switches on core 0) [pid: 8|app: 0|req: 483/902] 10.0.0.198 () {34 vars in 1108 bytes} [Thu Apr 16 12:26:28 2026] GET /v2.0/networks/4fa968eb-1453-45d6-912e-3e5fcf7fbdc6?fields=provider%3Aphysical_network&fields=provider%3Anetwork_type => generated 79 bytes in 47 msecs (HTTP/1.1 200) 4 headers in 156 bytes (1 switches on core 0)
2026-04-16 12:26:28.665 7 INFO neutron.db.ovn_revision_numbers_db [None req-c93d33c2-eb45-440e-8c74-678784e822e7 7863e9300637441a88a23a39d7085cf4 a2650852c5a44542bde5f13e00a220df - - default default] Successfully bumped revision number for resource 17f31b74-d3cc-4b87-aa7e-c1e040c2e54e (type: networks) to 1
2026-04-16 12:26:28.742 8 INFO neutron.db.segments_db [None req-6259b976-29d8-429f-b31d-8526765607ab a17693b07a9a41aaa132dd1f3eff8c33 6b953e84cd6d42a2846978ba8bbbf2dc - - default default] Added segment b50bdd95-0325-43b1-9753-ed74ace76d8f of type geneve for network 9bc5724c-3aa3-46e5-988e-4cabe9a9d6a8
2026-04-16 12:26:28.860 8 INFO neutron.db.ovn_revision_numbers_db [None req-6259b976-29d8-429f-b31d-8526765607ab a17693b07a9a41aaa132dd1f3eff8c33 6b953e84cd6d42a2846978ba8bbbf2dc - - default default] Successfully bumped revision number for resource 9bc5724c-3aa3-46e5-988e-4cabe9a9d6a8 (type: networks) to 1
2026-04-16 12:26:28.868 7 WARNING neutron.scheduler.dhcp_agent_scheduler [None req-c93d33c2-eb45-440e-8c74-678784e822e7 7863e9300637441a88a23a39d7085cf4 a2650852c5a44542bde5f13e00a220df - - default default] No more DHCP agents
2026-04-16 12:26:28.871 7 WARNING neutron.api.rpc.agentnotifiers.dhcp_rpc_agent_api [None req-c93d33c2-eb45-440e-8c74-678784e822e7 7863e9300637441a88a23a39d7085cf4 a2650852c5a44542bde5f13e00a220df - - default default] Unable to schedule network 17f31b74-d3cc-4b87-aa7e-c1e040c2e54e: no agents available; will retry on subsequent port and subnet creation events.
2026-04-16 12:26:28.977 7 INFO neutron.db.ovn_revision_numbers_db [None req-c93d33c2-eb45-440e-8c74-678784e822e7 7863e9300637441a88a23a39d7085cf4 a2650852c5a44542bde5f13e00a220df - - default default] Successfully bumped revision number for resource ac9336a2-0d72-4a59-b5c4-925ba893aa71 (type: ports) to 1 [pid: 7|app: 0|req: 420/903] 10.0.0.96 () {34 vars in 669 bytes} [Thu Apr 16 12:26:28 2026] POST /v2.0/networks => generated 650 bytes in 549 msecs (HTTP/1.1 201) 4 headers in 162 bytes (1 switches on core 0) [pid: 7|app: 0|req: 421/904] 10.0.0.198 () {34 vars in 990 bytes} [Thu Apr 16 12:26:29 2026] GET /v2.0/ports?device_id=636cd296-54ed-41a3-beea-ffed3d733047 => generated 12 bytes in 25 msecs (HTTP/1.1 200) 4 headers in 156 bytes (1 switches on core 0)
2026-04-16 12:26:29.051 8 WARNING neutron.scheduler.dhcp_agent_scheduler [None req-6259b976-29d8-429f-b31d-8526765607ab a17693b07a9a41aaa132dd1f3eff8c33 6b953e84cd6d42a2846978ba8bbbf2dc - - default default] No more DHCP agents
2026-04-16 12:26:29.053 8 WARNING neutron.api.rpc.agentnotifiers.dhcp_rpc_agent_api [None req-6259b976-29d8-429f-b31d-8526765607ab a17693b07a9a41aaa132dd1f3eff8c33 6b953e84cd6d42a2846978ba8bbbf2dc - - default default] Unable to schedule network 9bc5724c-3aa3-46e5-988e-4cabe9a9d6a8: no agents available; will retry on subsequent port and subnet creation events.
2026-04-16 12:26:29.124 8 INFO neutron.db.ovn_revision_numbers_db [None req-6259b976-29d8-429f-b31d-8526765607ab a17693b07a9a41aaa132dd1f3eff8c33 6b953e84cd6d42a2846978ba8bbbf2dc - - default default] Successfully bumped revision number for resource 7780416e-3a99-4ca0-8526-769d99015c6d (type: ports) to 1 [pid: 8|app: 0|req: 484/905] 10.0.0.96 () {34 vars in 669 bytes} [Thu Apr 16 12:26:28 2026] POST /v2.0/networks => generated 654 bytes in 485 msecs (HTTP/1.1 201) 4 headers in 162 bytes (1 switches on core 0)
2026-04-16 12:26:29.298 8 WARNING neutron.scheduler.dhcp_agent_scheduler [None req-6cfba8c5-19a2-46f9-9e9f-c00065483260 7863e9300637441a88a23a39d7085cf4 a2650852c5a44542bde5f13e00a220df - - default default] No more DHCP agents
2026-04-16 12:26:29.299 8 WARNING neutron.api.rpc.agentnotifiers.dhcp_rpc_agent_api [None req-6cfba8c5-19a2-46f9-9e9f-c00065483260 7863e9300637441a88a23a39d7085cf4 a2650852c5a44542bde5f13e00a220df - - default default] Unable to schedule network 17f31b74-d3cc-4b87-aa7e-c1e040c2e54e: no agents available; will retry on subsequent port and subnet creation events.
2026-04-16 12:26:29.307 7 INFO neutron.db.ovn_revision_numbers_db [None req-3cc93d02-cbe4-4f3e-9f5a-4816fde89672 4531420fb6ef4e04a27f42f81d833109 fc85c0d08d7f4c25a322496eb64b6100 - - default default] Successfully bumped revision number for resource 26b20b9a-d841-4578-9663-c97c8e4f863f (type: security_groups) to 1
2026-04-16 12:26:29.320 7 INFO neutron.db.ovn_revision_numbers_db [None req-3cc93d02-cbe4-4f3e-9f5a-4816fde89672 4531420fb6ef4e04a27f42f81d833109 fc85c0d08d7f4c25a322496eb64b6100 - - default default] Successfully bumped revision number for resource aa6bfe43-5196-4adb-8a1f-abe83105d30a (type: security_group_rules) to 0
2026-04-16 12:26:29.332 7 INFO neutron.db.ovn_revision_numbers_db [None req-3cc93d02-cbe4-4f3e-9f5a-4816fde89672 4531420fb6ef4e04a27f42f81d833109 fc85c0d08d7f4c25a322496eb64b6100 - - default default] Successfully bumped revision number for resource af5096a2-45fa-4cc3-809b-f7e5b21b7114 (type: security_group_rules) to 0
2026-04-16 12:26:29.344 7 INFO neutron.db.ovn_revision_numbers_db [None req-3cc93d02-cbe4-4f3e-9f5a-4816fde89672 4531420fb6ef4e04a27f42f81d833109 fc85c0d08d7f4c25a322496eb64b6100 - - default default] Successfully bumped revision number for resource ca62a5a8-6f4d-4de3-849d-bb0938213938 (type: security_group_rules) to 0
2026-04-16 12:26:29.357 7 INFO neutron.db.ovn_revision_numbers_db [None req-3cc93d02-cbe4-4f3e-9f5a-4816fde89672 4531420fb6ef4e04a27f42f81d833109 fc85c0d08d7f4c25a322496eb64b6100 - - default default] Successfully bumped revision number for resource fb0e743c-d1ad-4e98-b21b-9b004daf53f7 (type: security_group_rules) to 0
2026-04-16 12:26:29.430 7 INFO neutron.db.segments_db [None req-3cc93d02-cbe4-4f3e-9f5a-4816fde89672 4531420fb6ef4e04a27f42f81d833109 fc85c0d08d7f4c25a322496eb64b6100 - - default default] Added segment 2873321b-4847-4c73-9e4e-344c3f2b1039 of type geneve for network 5e1cabf4-40c7-4eba-a524-6fdd71945099
2026-04-16 12:26:29.540 7 INFO neutron.db.ovn_revision_numbers_db [None req-3cc93d02-cbe4-4f3e-9f5a-4816fde89672 4531420fb6ef4e04a27f42f81d833109 fc85c0d08d7f4c25a322496eb64b6100 - - default default] Successfully bumped revision number for resource 5e1cabf4-40c7-4eba-a524-6fdd71945099 (type: networks) to 1
2026-04-16 12:26:29.711 8 INFO neutron.db.ovn_revision_numbers_db [None req-f0f0ba1e-523d-46ca-ab07-e1fdb3ec2119 - - - - - -] Successfully bumped revision number for resource ac9336a2-0d72-4a59-b5c4-925ba893aa71 (type: ports) to 2
2026-04-16 12:26:29.714 7 WARNING neutron.scheduler.dhcp_agent_scheduler [None req-3cc93d02-cbe4-4f3e-9f5a-4816fde89672 4531420fb6ef4e04a27f42f81d833109 fc85c0d08d7f4c25a322496eb64b6100 - - default default] No more DHCP agents
2026-04-16 12:26:29.715 7 WARNING neutron.api.rpc.agentnotifiers.dhcp_rpc_agent_api [None req-3cc93d02-cbe4-4f3e-9f5a-4816fde89672 4531420fb6ef4e04a27f42f81d833109 fc85c0d08d7f4c25a322496eb64b6100 - - default default] Unable to schedule network 5e1cabf4-40c7-4eba-a524-6fdd71945099: no agents available; will retry on subsequent port and subnet creation events.
2026-04-16 12:26:29.744 8 INFO neutron.db.ovn_revision_numbers_db [None req-f0f0ba1e-523d-46ca-ab07-e1fdb3ec2119 - - - - - -] Successfully bumped revision number for resource e1b6e677-4eab-4b1d-904a-2ba5600dce23 (type: subnets) to 0 [pid: 8|app: 0|req: 485/906] 10.0.0.96 () {34 vars in 668 bytes} [Thu Apr 16 12:26:29 2026] POST /v2.0/subnets => generated 626 bytes in 623 msecs (HTTP/1.1 201) 4 headers in 162 bytes (1 switches on core 0)
2026-04-16 12:26:29.802 7 INFO neutron.db.ovn_revision_numbers_db [None req-3cc93d02-cbe4-4f3e-9f5a-4816fde89672 4531420fb6ef4e04a27f42f81d833109 fc85c0d08d7f4c25a322496eb64b6100 - - default default] Successfully bumped revision number for resource 38572c15-81cd-4bf5-a72b-7ab29073d716 (type: ports) to 1 [pid: 7|app: 0|req: 422/907] 10.0.0.96 () {34 vars in 669 bytes} [Thu Apr 16 12:26:29 2026] POST /v2.0/networks => generated 663 bytes in 799 msecs (HTTP/1.1 201) 4 headers in 162 bytes (1 switches on core 0)
2026-04-16 12:26:29.927 8 WARNING neutron.scheduler.dhcp_agent_scheduler [None req-aef3d536-d80f-459e-91cd-6e0c65c86607 a17693b07a9a41aaa132dd1f3eff8c33 6b953e84cd6d42a2846978ba8bbbf2dc - - default default] No more DHCP agents
2026-04-16 12:26:29.928 8 WARNING neutron.api.rpc.agentnotifiers.dhcp_rpc_agent_api [None req-aef3d536-d80f-459e-91cd-6e0c65c86607 a17693b07a9a41aaa132dd1f3eff8c33 6b953e84cd6d42a2846978ba8bbbf2dc - - default default] Unable to schedule network 9bc5724c-3aa3-46e5-988e-4cabe9a9d6a8: no agents available; will retry on subsequent port and subnet creation events.
2026-04-16 12:26:29.950 8 INFO neutron.db.ovn_revision_numbers_db [None req-aef3d536-d80f-459e-91cd-6e0c65c86607 a17693b07a9a41aaa132dd1f3eff8c33 6b953e84cd6d42a2846978ba8bbbf2dc - - default default] Successfully bumped revision number for resource d7dfd41a-11de-4ad6-9ee5-85b6fc0b1f30 (type: subnets) to 0 [pid: 8|app: 0|req: 486/908] 10.0.0.96 () {34 vars in 668 bytes} [Thu Apr 16 12:26:29 2026] POST /v2.0/subnets => generated 646 bytes in 190 msecs (HTTP/1.1 201) 4 headers in 162 bytes (1 switches on core 0)
2026-04-16 12:26:30.100 7 WARNING neutron.scheduler.dhcp_agent_scheduler [None req-b7ea7537-43f7-45c8-bb7a-2def9be3ffaa 7863e9300637441a88a23a39d7085cf4 a2650852c5a44542bde5f13e00a220df - - default default] No more DHCP agents
2026-04-16 12:26:30.101 7 WARNING neutron.api.rpc.agentnotifiers.dhcp_rpc_agent_api [None req-b7ea7537-43f7-45c8-bb7a-2def9be3ffaa 7863e9300637441a88a23a39d7085cf4 a2650852c5a44542bde5f13e00a220df - - default default] Unable to schedule network 17f31b74-d3cc-4b87-aa7e-c1e040c2e54e: no agents available; will retry on subsequent port and subnet creation events.
2026-04-16 12:26:30.163 8 WARNING neutron.scheduler.dhcp_agent_scheduler [None req-f30051b1-30a2-4c29-ae4f-9b268a20e06c 4531420fb6ef4e04a27f42f81d833109 fc85c0d08d7f4c25a322496eb64b6100 - - default default] No more DHCP agents
2026-04-16 12:26:30.165 8 WARNING neutron.api.rpc.agentnotifiers.dhcp_rpc_agent_api [None req-f30051b1-30a2-4c29-ae4f-9b268a20e06c 4531420fb6ef4e04a27f42f81d833109 fc85c0d08d7f4c25a322496eb64b6100 - - default default] Unable to schedule network 5e1cabf4-40c7-4eba-a524-6fdd71945099: no agents available; will retry on subsequent port and subnet creation events.
2026-04-16 12:26:30.241 7 INFO neutron.db.ovn_revision_numbers_db [None req-b7ea7537-43f7-45c8-bb7a-2def9be3ffaa 7863e9300637441a88a23a39d7085cf4 a2650852c5a44542bde5f13e00a220df - - default default] Successfully bumped revision number for resource 1f407864-c604-4ac8-af82-56f5bfdf9231 (type: ports) to 1 [pid: 7|app: 0|req: 423/909] 10.0.0.96 () {34 vars in 664 bytes} [Thu Apr 16 12:26:29 2026] POST /v2.0/ports => generated 954 bytes in 475 msecs (HTTP/1.1 201) 4 headers in 162 bytes (1 switches on core 0) /var/lib/openstack/lib/python3.12/site-packages/pycadf/identifier.py:70: UserWarning: Invalid uuid: neutron. To ensure interoperability, identifiers should be a valid uuid. warnings.warn(('Invalid uuid: %s. To ensure interoperability, '
2026-04-16 12:26:30.477 7 WARNING neutron.plugins.ml2.drivers.ovn.mech_driver.ovsdb.ovn_client [None req-69f04118-737b-41be-a48e-8b14ad8f5fa9 - - - - - -] No hosting information found for port bfe5b1ef-2ec2-4955-9fba-caead6a6b9a6: RuntimeError: No hosting information found for port bfe5b1ef-2ec2-4955-9fba-caead6a6b9a6
2026-04-16 12:26:30.620 8 INFO neutron.db.ovn_revision_numbers_db [None req-5d7e709f-7a8e-44b0-85cd-23dfbfba2c7e - - - - - -] Successfully bumped revision number for resource 38572c15-81cd-4bf5-a72b-7ab29073d716 (type: ports) to 2
2026-04-16 12:26:30.626 7 INFO neutron.db.ovn_revision_numbers_db [None req-69f04118-737b-41be-a48e-8b14ad8f5fa9 - - - - - -] Successfully bumped revision number for resource bfe5b1ef-2ec2-4955-9fba-caead6a6b9a6 (type: router_ports) to 2
2026-04-16 12:26:30.643 7 WARNING neutron.scheduler.dhcp_agent_scheduler [None req-e16862b5-5e39-49a3-924e-25d481d20cf0 a17693b07a9a41aaa132dd1f3eff8c33 6b953e84cd6d42a2846978ba8bbbf2dc - - default default] No more DHCP agents
2026-04-16 12:26:30.644 8 INFO neutron.db.ovn_revision_numbers_db [None req-5d7e709f-7a8e-44b0-85cd-23dfbfba2c7e - - - - - -] Successfully bumped revision number for resource 266ca98d-9933-4f9f-b89d-f1f65a321446 (type: subnets) to 0
2026-04-16 12:26:30.645 7 WARNING neutron.api.rpc.agentnotifiers.dhcp_rpc_agent_api [None req-e16862b5-5e39-49a3-924e-25d481d20cf0 a17693b07a9a41aaa132dd1f3eff8c33 6b953e84cd6d42a2846978ba8bbbf2dc - - default default] Unable to schedule network 9bc5724c-3aa3-46e5-988e-4cabe9a9d6a8: no agents available; will retry on subsequent port and subnet creation events. [pid: 8|app: 0|req: 487/910] 10.0.0.96 () {34 vars in 668 bytes} [Thu Apr 16 12:26:29 2026] POST /v2.0/subnets => generated 641 bytes in 696 msecs (HTTP/1.1 201) 4 headers in 162 bytes (1 switches on core 0) [pid: 8|app: 0|req: 488/911] 10.0.0.198 () {34 vars in 990 bytes} [Thu Apr 16 12:26:30 2026] GET /v2.0/ports?device_id=636cd296-54ed-41a3-beea-ffed3d733047 => generated 12 bytes in 15 msecs (HTTP/1.1 200) 4 headers in 156 bytes (1 switches on core 0)
2026-04-16 12:26:30.697 7 INFO neutron.plugins.ml2.drivers.ovn.mech_driver.mech_driver [None req-69f04118-737b-41be-a48e-8b14ad8f5fa9 - - - - - -] OVN reports status down for port: 7af95b1b-39aa-4227-8678-a08e055843a5
2026-04-16 12:26:30.713 7 INFO neutron.plugins.ml2.drivers.ovn.mech_driver.mech_driver [None req-69f04118-737b-41be-a48e-8b14ad8f5fa9 - - - - - -] OVN reports status down for port: 79eebe84-c202-4a07-803e-cfbfb2eae912
2026-04-16 12:26:30.766 8 INFO neutron.plugins.ml2.drivers.ovn.mech_driver.mech_driver [None req-b5829723-6eb8-4a29-94ca-9018490bc5de - - - - - -] OVN reports status down for port: c53d740a-d1f2-4c60-906f-30eb40924ade
2026-04-16 12:26:30.812 7 INFO neutron.db.ovn_revision_numbers_db [None req-e16862b5-5e39-49a3-924e-25d481d20cf0 a17693b07a9a41aaa132dd1f3eff8c33 6b953e84cd6d42a2846978ba8bbbf2dc - - default default] Successfully bumped revision number for resource c53d740a-d1f2-4c60-906f-30eb40924ade (type: ports) to 1
2026-04-16 12:26:30.825 7 INFO neutron.plugins.ml2.drivers.ovn.mech_driver.mech_driver [None req-69f04118-737b-41be-a48e-8b14ad8f5fa9 - - - - - -] OVN reports status down for port: ac9336a2-0d72-4a59-b5c4-925ba893aa71
2026-04-16 12:26:30.890 8 INFO neutron_taas.services.taas.taas_plugin [None req-a8c9db8a-22f6-41a1-b8c7-386ef220a39b 7863e9300637441a88a23a39d7085cf4 a2650852c5a44542bde5f13e00a220df - - default default] TaaS: Handle Delete Port: 1f407864-c604-4ac8-af82-56f5bfdf9231
2026-04-16 12:26:30.895 8 INFO neutron_taas.services.taas.tap_mirror_plugin [None req-a8c9db8a-22f6-41a1-b8c7-386ef220a39b 7863e9300637441a88a23a39d7085cf4 a2650852c5a44542bde5f13e00a220df - - default default] Tap Mirror: Handle Delete Port: 1f407864-c604-4ac8-af82-56f5bfdf9231 [pid: 7|app: 0|req: 424/912] 10.0.0.96 () {34 vars in 664 bytes} [Thu Apr 16 12:26:30 2026] POST /v2.0/ports => generated 927 bytes in 614 msecs (HTTP/1.1 201) 4 headers in 162 bytes (1 switches on core 0)
2026-04-16 12:26:30.942 7 INFO neutron.plugins.ml2.drivers.ovn.mech_driver.mech_driver [None req-69f04118-737b-41be-a48e-8b14ad8f5fa9 - - - - - -] OVN reports status down for port: 7780416e-3a99-4ca0-8526-769d99015c6d
2026-04-16 12:26:31.018 7 INFO neutron.plugins.ml2.drivers.ovn.mech_driver.mech_driver [None req-69f04118-737b-41be-a48e-8b14ad8f5fa9 - - - - - -] OVN reports status down for port: 38572c15-81cd-4bf5-a72b-7ab29073d716
2026-04-16 12:26:31.049 7 INFO neutron.db.segments_db [None req-71514ebd-e2bc-46d7-908c-b09043ca8415 4531420fb6ef4e04a27f42f81d833109 fc85c0d08d7f4c25a322496eb64b6100 - - default default] Added segment 35b364c1-4816-40f4-b07d-306ff4de34e7 of type geneve for network a9c5d7d6-d36c-432d-95e4-05b7b5e9aaca [pid: 8|app: 0|req: 489/913] 10.0.0.96 () {32 vars in 719 bytes} [Thu Apr 16 12:26:30 2026] DELETE /v2.0/ports/1f407864-c604-4ac8-af82-56f5bfdf9231 => generated 0 bytes in 383 msecs (HTTP/1.1 204) 3 headers in 131 bytes (1 switches on core 0)
2026-04-16 12:26:31.138 7 INFO neutron.plugins.ml2.drivers.ovn.mech_driver.mech_driver [None req-69f04118-737b-41be-a48e-8b14ad8f5fa9 - - - - - -] OVN reports status down for port: 1f407864-c604-4ac8-af82-56f5bfdf9231
2026-04-16 12:26:31.166 8 INFO neutron_taas.services.taas.taas_plugin [None req-1628ffca-429d-4cc3-9504-86f0935a48c8 a17693b07a9a41aaa132dd1f3eff8c33 6b953e84cd6d42a2846978ba8bbbf2dc - - default default] TaaS: Handle Delete Port: c53d740a-d1f2-4c60-906f-30eb40924ade
2026-04-16 12:26:31.168 8 INFO neutron_taas.services.taas.tap_mirror_plugin [None req-1628ffca-429d-4cc3-9504-86f0935a48c8 a17693b07a9a41aaa132dd1f3eff8c33 6b953e84cd6d42a2846978ba8bbbf2dc - - default default] Tap Mirror: Handle Delete Port: c53d740a-d1f2-4c60-906f-30eb40924ade
2026-04-16 12:26:31.204 7 INFO neutron.db.ovn_revision_numbers_db [None req-71514ebd-e2bc-46d7-908c-b09043ca8415 4531420fb6ef4e04a27f42f81d833109 fc85c0d08d7f4c25a322496eb64b6100 - - default default] Successfully bumped revision number for resource a9c5d7d6-d36c-432d-95e4-05b7b5e9aaca (type: networks) to 1 [pid: 8|app: 0|req: 490/914] 10.0.0.96 () {32 vars in 719 bytes} [Thu Apr 16 12:26:31 2026] DELETE /v2.0/ports/c53d740a-d1f2-4c60-906f-30eb40924ade => generated 0 bytes in 226 msecs (HTTP/1.1 204) 3 headers in 131 bytes (1 switches on core 0)
2026-04-16 12:26:31.301 8 INFO neutron.pecan_wsgi.hooks.translation [None req-2bd39033-c777-467c-bbf2-54f0346c92d6 7863e9300637441a88a23a39d7085cf4 a2650852c5a44542bde5f13e00a220df - - default default] DELETE failed (client error): The resource could not be found. [pid: 8|app: 0|req: 491/915] 10.0.0.96 () {32 vars in 719 bytes} [Thu Apr 16 12:26:31 2026] DELETE /v2.0/ports/1f407864-c604-4ac8-af82-56f5bfdf9231 => generated 132 bytes in 16 msecs (HTTP/1.1 404) 4 headers in 164 bytes (1 switches on core 0)
2026-04-16 12:26:31.320 8 INFO neutron.pecan_wsgi.hooks.translation [None req-d707942c-c2cc-4efb-81d6-711e8b287612 a17693b07a9a41aaa132dd1f3eff8c33 6b953e84cd6d42a2846978ba8bbbf2dc - - default default] GET failed (client error): The resource could not be found. [pid: 8|app: 0|req: 492/916] 10.0.0.96 () {32 vars in 716 bytes} [Thu Apr 16 12:26:31 2026] GET /v2.0/ports/c53d740a-d1f2-4c60-906f-30eb40924ade => generated 132 bytes in 18 msecs (HTTP/1.1 404) 4 headers in 164 bytes (1 switches on core 0)
2026-04-16 12:26:31.332 8 INFO neutron.pecan_wsgi.hooks.translation [None req-4f1ac7af-9e18-4265-922d-6ce054536fad 7863e9300637441a88a23a39d7085cf4 a2650852c5a44542bde5f13e00a220df - - default default] GET failed (client error): The resource could not be found. [pid: 8|app: 0|req: 493/917] 10.0.0.96 () {32 vars in 716 bytes} [Thu Apr 16 12:26:31 2026] GET /v2.0/ports/1f407864-c604-4ac8-af82-56f5bfdf9231 => generated 132 bytes in 12 msecs (HTTP/1.1 404) 4 headers in 164 bytes (1 switches on core 0)
2026-04-16 12:26:31.390 7 WARNING neutron.scheduler.dhcp_agent_scheduler [None req-71514ebd-e2bc-46d7-908c-b09043ca8415 4531420fb6ef4e04a27f42f81d833109 fc85c0d08d7f4c25a322496eb64b6100 - - default default] No more DHCP agents
2026-04-16 12:26:31.391 7 WARNING neutron.api.rpc.agentnotifiers.dhcp_rpc_agent_api [None req-71514ebd-e2bc-46d7-908c-b09043ca8415 4531420fb6ef4e04a27f42f81d833109 fc85c0d08d7f4c25a322496eb64b6100 - - default default] Unable to schedule network a9c5d7d6-d36c-432d-95e4-05b7b5e9aaca: no agents available; will retry on subsequent port and subnet creation events.
2026-04-16 12:26:31.456 7 INFO neutron.plugins.ml2.drivers.ovn.mech_driver.mech_driver [None req-69f04118-737b-41be-a48e-8b14ad8f5fa9 - - - - - -] OVN reports status down for port: d8228099-6a61-4205-b937-4f1671dacf30 [pid: 8|app: 0|req: 494/918] 10.0.0.96 () {32 vars in 723 bytes} [Thu Apr 16 12:26:31 2026] DELETE /v2.0/subnets/d7dfd41a-11de-4ad6-9ee5-85b6fc0b1f30 => generated 0 bytes in 138 msecs (HTTP/1.1 204) 3 headers in 131 bytes (1 switches on core 0)
2026-04-16 12:26:31.509 7 INFO neutron.db.ovn_revision_numbers_db [None req-71514ebd-e2bc-46d7-908c-b09043ca8415 4531420fb6ef4e04a27f42f81d833109 fc85c0d08d7f4c25a322496eb64b6100 - - default default] Successfully bumped revision number for resource d8228099-6a61-4205-b937-4f1671dacf30 (type: ports) to 1 [pid: 7|app: 0|req: 425/919] 10.0.0.96 () {34 vars in 669 bytes} [Thu Apr 16 12:26:30 2026] POST /v2.0/networks => generated 663 bytes in 632 msecs (HTTP/1.1 201) 4 headers in 162 bytes (1 switches on core 0) [pid: 8|app: 0|req: 495/920] 10.0.0.96 () {32 vars in 723 bytes} [Thu Apr 16 12:26:31 2026] DELETE /v2.0/subnets/e1b6e677-4eab-4b1d-904a-2ba5600dce23 => generated 0 bytes in 137 msecs (HTTP/1.1 204) 3 headers in 131 bytes (1 switches on core 0)
2026-04-16 12:26:31.663 7 INFO neutron_taas.services.taas.taas_plugin [None req-8575fca2-2bba-4b9f-809c-aac3c41772da a17693b07a9a41aaa132dd1f3eff8c33 6b953e84cd6d42a2846978ba8bbbf2dc - - default default] TaaS: Handle Delete Port: 7780416e-3a99-4ca0-8526-769d99015c6d
2026-04-16 12:26:31.666 7 INFO neutron_taas.services.taas.tap_mirror_plugin [None req-8575fca2-2bba-4b9f-809c-aac3c41772da a17693b07a9a41aaa132dd1f3eff8c33 6b953e84cd6d42a2846978ba8bbbf2dc - - default default] Tap Mirror: Handle Delete Port: 7780416e-3a99-4ca0-8526-769d99015c6d
2026-04-16 12:26:31.739 8 INFO neutron.db.ovn_revision_numbers_db [None req-040a8248-8458-4b70-83df-525c2f5ba682 4531420fb6ef4e04a27f42f81d833109 fc85c0d08d7f4c25a322496eb64b6100 - - default default] Successfully bumped revision number for resource a9c5d7d6-d36c-432d-95e4-05b7b5e9aaca (type: networks) to 2 [pid: 8|app: 0|req: 496/921] 10.0.0.96 () {34 vars in 742 bytes} [Thu Apr 16 12:26:31 2026] PUT /v2.0/networks/a9c5d7d6-d36c-432d-95e4-05b7b5e9aaca => generated 636 bytes in 134 msecs (HTTP/1.1 200) 4 headers in 157 bytes (1 switches on core 0)
2026-04-16 12:26:31.850 7 INFO neutron.services.segments.plugin [-] Segment b50bdd95-0325-43b1-9753-ed74ace76d8f resource provider aggregate not found
2026-04-16 12:26:31.855 7 INFO neutron.services.segments.plugin [-] Segment b50bdd95-0325-43b1-9753-ed74ace76d8f resource provider aggregate not found
2026-04-16 12:26:31.865 8 INFO neutron_taas.services.taas.taas_plugin [None req-fc2aa190-4463-4c12-8393-306468451c62 7863e9300637441a88a23a39d7085cf4 a2650852c5a44542bde5f13e00a220df - - default default] TaaS: Handle Delete Port: ac9336a2-0d72-4a59-b5c4-925ba893aa71
2026-04-16 12:26:31.868 8 INFO neutron_taas.services.taas.tap_mirror_plugin [None req-fc2aa190-4463-4c12-8393-306468451c62 7863e9300637441a88a23a39d7085cf4 a2650852c5a44542bde5f13e00a220df - - default default] Tap Mirror: Handle Delete Port: ac9336a2-0d72-4a59-b5c4-925ba893aa71
2026-04-16 12:26:31.874 7 INFO neutron.services.segments.plugin [-] Segment b50bdd95-0325-43b1-9753-ed74ace76d8f resource provider not found; error: Placement Client Error (4xx): {"errors": [{"status": 404, "title": "Not Found", "detail": "The resource could not be found.\n\n No resource provider with uuid b50bdd95-0325-43b1-9753-ed74ace76d8f found for delete ", "request_id": "req-c7756c68-0c70-4956-86df-b9e8cb8a81ee"}]}
2026-04-16 12:26:31.875 7 INFO neutron.services.segments.plugin [-] Segment b50bdd95-0325-43b1-9753-ed74ace76d8f resource provider not found; error: Placement Client Error (4xx): {"errors": [{"status": 404, "title": "Not Found", "detail": "The resource could not be found.\n\n No resource provider with uuid b50bdd95-0325-43b1-9753-ed74ace76d8f found for delete ", "request_id": "req-ad68c18e-f76a-4c09-8c23-e69af83ff33f"}]} [pid: 7|app: 0|req: 426/922] 10.0.0.96 () {32 vars in 725 bytes} [Thu Apr 16 12:26:31 2026] DELETE /v2.0/networks/9bc5724c-3aa3-46e5-988e-4cabe9a9d6a8 => generated 0 bytes in 347 msecs (HTTP/1.1 204) 3 headers in 131 bytes (1 switches on core 0) [pid: 7|app: 0|req: 427/923] 10.0.0.198 () {34 vars in 990 bytes} [Thu Apr 16 12:26:31 2026] GET /v2.0/ports?device_id=636cd296-54ed-41a3-beea-ffed3d733047 => generated 12 bytes in 15 msecs (HTTP/1.1 200) 4 headers in 156 bytes (1 switches on core 0)
2026-04-16 12:26:32.037 8 INFO neutron.services.segments.plugin [-] Segment 0b907011-0b07-4955-b9b7-aae7725a94b1 resource provider aggregate not found
2026-04-16 12:26:32.042 8 INFO neutron.services.segments.plugin [-] Segment 0b907011-0b07-4955-b9b7-aae7725a94b1 resource provider aggregate not found
2026-04-16 12:26:32.060 8 INFO neutron.services.segments.plugin [-] Segment 0b907011-0b07-4955-b9b7-aae7725a94b1 resource provider not found; error: Placement Client Error (4xx): {"errors": [{"status": 404, "title": "Not Found", "detail": "The resource could not be found.\n\n No resource provider with uuid 0b907011-0b07-4955-b9b7-aae7725a94b1 found for delete ", "request_id": "req-148729ec-182e-4185-9820-3a1d3dabdc70"}]}
2026-04-16 12:26:32.064 8 INFO neutron.services.segments.plugin [-] Segment 0b907011-0b07-4955-b9b7-aae7725a94b1 resource provider not found; error: Placement Client Error (4xx): {"errors": [{"status": 404, "title": "Not Found", "detail": "The resource could not be found.\n\n No resource provider with uuid 0b907011-0b07-4955-b9b7-aae7725a94b1 found for delete ", "request_id": "req-e79833d5-1eb0-46d0-96ae-1c8aa64a83d6"}]} [pid: 8|app: 0|req: 497/924] 10.0.0.96 () {32 vars in 725 bytes} [Thu Apr 16 12:26:31 2026] DELETE /v2.0/networks/17f31b74-d3cc-4b87-aa7e-c1e040c2e54e => generated 0 bytes in 340 msecs (HTTP/1.1 204) 3 headers in 131 bytes (1 switches on core 0)
2026-04-16 12:26:32.115 7 WARNING neutron.scheduler.dhcp_agent_scheduler [None req-57fb241a-dde2-4e66-b6b6-f91622f53a92 4531420fb6ef4e04a27f42f81d833109 fc85c0d08d7f4c25a322496eb64b6100 - - default default] No more DHCP agents
2026-04-16 12:26:32.117 7 WARNING neutron.api.rpc.agentnotifiers.dhcp_rpc_agent_api [None req-57fb241a-dde2-4e66-b6b6-f91622f53a92 4531420fb6ef4e04a27f42f81d833109 fc85c0d08d7f4c25a322496eb64b6100 - - default default] Unable to schedule network a9c5d7d6-d36c-432d-95e4-05b7b5e9aaca: no agents available; will retry on subsequent port and subnet creation events.
2026-04-16 12:26:32.306 8 WARNING neutron.scheduler.dhcp_agent_scheduler [None req-9e34d8b5-5095-4087-8716-1a5f3ae922ca a17693b07a9a41aaa132dd1f3eff8c33 6b953e84cd6d42a2846978ba8bbbf2dc - - default default] No more DHCP agents
2026-04-16 12:26:32.307 8 WARNING neutron.api.rpc.agentnotifiers.dhcp_rpc_agent_api [None req-9e34d8b5-5095-4087-8716-1a5f3ae922ca a17693b07a9a41aaa132dd1f3eff8c33 6b953e84cd6d42a2846978ba8bbbf2dc - - default default] Unable to schedule network 3100eced-1b62-4b6b-b2fc-909a9163253d: no agents available; will retry on subsequent port and subnet creation events.
2026-04-16 12:26:32.378 7 INFO neutron.plugins.ml2.drivers.ovn.mech_driver.mech_driver [None req-69f04118-737b-41be-a48e-8b14ad8f5fa9 - - - - - -] OVN reports status down for port: 7d89d2e5-cba4-4095-8fe6-d2deb3d68fb0
2026-04-16 12:26:32.419 8 INFO neutron.db.ovn_revision_numbers_db [None req-9e34d8b5-5095-4087-8716-1a5f3ae922ca a17693b07a9a41aaa132dd1f3eff8c33 6b953e84cd6d42a2846978ba8bbbf2dc - - default default] Successfully bumped revision number for resource 7d89d2e5-cba4-4095-8fe6-d2deb3d68fb0 (type: ports) to 1 [pid: 8|app: 0|req: 498/925] 10.0.0.96 () {34 vars in 664 bytes} [Thu Apr 16 12:26:32 2026] POST /v2.0/ports => generated 779 bytes in 389 msecs (HTTP/1.1 201) 4 headers in 162 bytes (1 switches on core 0) /var/lib/openstack/lib/python3.12/site-packages/pycadf/identifier.py:70: UserWarning: Invalid uuid: neutron. To ensure interoperability, identifiers should be a valid uuid. warnings.warn(('Invalid uuid: %s. To ensure interoperability, '
2026-04-16 12:26:32.566 8 INFO neutron.db.segments_db [None req-019d9a94-6f97-44a7-a5d5-1a49182bd61c 7863e9300637441a88a23a39d7085cf4 a2650852c5a44542bde5f13e00a220df - - default default] Added segment 823ac0c1-2d20-4e05-a13a-328f1e333d6a of type geneve for network 24d9640a-b364-4953-8148-501005d6afcc
2026-04-16 12:26:32.594 7 INFO neutron.db.ovn_revision_numbers_db [None req-4f4e8833-aa5e-4994-86d1-91df2c266b40 - - - - - -] Successfully bumped revision number for resource d8228099-6a61-4205-b937-4f1671dacf30 (type: ports) to 2
2026-04-16 12:26:32.624 7 INFO neutron.db.ovn_revision_numbers_db [None req-4f4e8833-aa5e-4994-86d1-91df2c266b40 - - - - - -] Successfully bumped revision number for resource cb9186ec-df7a-4f56-86f4-c9d0983a6274 (type: subnets) to 0 [pid: 7|app: 0|req: 428/926] 10.0.0.96 () {34 vars in 668 bytes} [Thu Apr 16 12:26:31 2026] POST /v2.0/subnets => generated 626 bytes in 726 msecs (HTTP/1.1 201) 4 headers in 162 bytes (1 switches on core 0)
2026-04-16 12:26:32.676 8 INFO neutron.db.ovn_revision_numbers_db [None req-019d9a94-6f97-44a7-a5d5-1a49182bd61c 7863e9300637441a88a23a39d7085cf4 a2650852c5a44542bde5f13e00a220df - - default default] Successfully bumped revision number for resource 24d9640a-b364-4953-8148-501005d6afcc (type: networks) to 1
2026-04-16 12:26:32.825 8 WARNING neutron.scheduler.dhcp_agent_scheduler [None req-019d9a94-6f97-44a7-a5d5-1a49182bd61c 7863e9300637441a88a23a39d7085cf4 a2650852c5a44542bde5f13e00a220df - - default default] No more DHCP agents
2026-04-16 12:26:32.826 8 WARNING neutron.api.rpc.agentnotifiers.dhcp_rpc_agent_api [None req-019d9a94-6f97-44a7-a5d5-1a49182bd61c 7863e9300637441a88a23a39d7085cf4 a2650852c5a44542bde5f13e00a220df - - default default] Unable to schedule network 24d9640a-b364-4953-8148-501005d6afcc: no agents available; will retry on subsequent port and subnet creation events.
2026-04-16 12:26:32.883 7 INFO neutron.plugins.ml2.drivers.ovn.mech_driver.mech_driver [None req-69f04118-737b-41be-a48e-8b14ad8f5fa9 - - - - - -] OVN reports status down for port: ccf01d86-4ae8-49c0-997a-cea34713bd60
2026-04-16 12:26:32.902 8 INFO neutron.db.ovn_revision_numbers_db [None req-019d9a94-6f97-44a7-a5d5-1a49182bd61c 7863e9300637441a88a23a39d7085cf4 a2650852c5a44542bde5f13e00a220df - - default default] Successfully bumped revision number for resource ccf01d86-4ae8-49c0-997a-cea34713bd60 (type: ports) to 1 [pid: 8|app: 0|req: 499/927] 10.0.0.96 () {34 vars in 669 bytes} [Thu Apr 16 12:26:32 2026] POST /v2.0/networks => generated 651 bytes in 444 msecs (HTTP/1.1 201) 4 headers in 162 bytes (1 switches on core 0)
2026-04-16 12:26:32.942 7 INFO neutron.db.ovn_revision_numbers_db [None req-339f2317-42ee-48f7-a578-138e7464b52f a17693b07a9a41aaa132dd1f3eff8c33 6b953e84cd6d42a2846978ba8bbbf2dc - - default default] Successfully bumped revision number for resource 7d89d2e5-cba4-4095-8fe6-d2deb3d68fb0 (type: ports) to 2
2026-04-16 12:26:32.983 7 INFO neutron.plugins.ml2.drivers.ovn.mech_driver.mech_driver [None req-69f04118-737b-41be-a48e-8b14ad8f5fa9 - - - - - -] OVN reports status down for port: 7d89d2e5-cba4-4095-8fe6-d2deb3d68fb0 [pid: 7|app: 0|req: 429/928] 10.0.0.96 () {34 vars in 736 bytes} [Thu Apr 16 12:26:32 2026] PUT /v2.0/ports/7d89d2e5-cba4-4095-8fe6-d2deb3d68fb0 => generated 752 bytes in 392 msecs (HTTP/1.1 200) 4 headers in 157 bytes (1 switches on core 0) /var/lib/openstack/lib/python3.12/site-packages/pycadf/identifier.py:70: UserWarning: Invalid uuid: neutron. To ensure interoperability, identifiers should be a valid uuid. warnings.warn(('Invalid uuid: %s. To ensure interoperability, '
2026-04-16 12:26:33.160 8 INFO neutron.db.ovn_revision_numbers_db [None req-83476cf5-2fdb-410a-a674-5068069260b1 4531420fb6ef4e04a27f42f81d833109 fc85c0d08d7f4c25a322496eb64b6100 - - default default] Successfully bumped revision number for resource cb9186ec-df7a-4f56-86f4-c9d0983a6274 (type: subnets) to 1 [pid: 8|app: 0|req: 500/929] 10.0.0.96 () {34 vars in 740 bytes} [Thu Apr 16 12:26:32 2026] PUT /v2.0/subnets/cb9186ec-df7a-4f56-86f4-c9d0983a6274 => generated 636 bytes in 243 msecs (HTTP/1.1 200) 4 headers in 157 bytes (1 switches on core 0) [pid: 8|app: 0|req: 501/930] 10.0.0.198 () {34 vars in 990 bytes} [Thu Apr 16 12:26:33 2026] GET /v2.0/ports?device_id=636cd296-54ed-41a3-beea-ffed3d733047 => generated 12 bytes in 18 msecs (HTTP/1.1 200) 4 headers in 156 bytes (1 switches on core 0)
2026-04-16 12:26:33.238 7 WARNING neutron.scheduler.dhcp_agent_scheduler [None req-a4ab7de5-b621-400c-b498-792e8f306314 7863e9300637441a88a23a39d7085cf4 a2650852c5a44542bde5f13e00a220df - - default default] No more DHCP agents
2026-04-16 12:26:33.240 7 WARNING neutron.api.rpc.agentnotifiers.dhcp_rpc_agent_api [None req-a4ab7de5-b621-400c-b498-792e8f306314 7863e9300637441a88a23a39d7085cf4 a2650852c5a44542bde5f13e00a220df - - default default] Unable to schedule network 24d9640a-b364-4953-8148-501005d6afcc: no agents available; will retry on subsequent port and subnet creation events.
2026-04-16 12:26:33.290 8 INFO neutron_taas.services.taas.taas_plugin [None req-165b0a9f-486a-4c93-9330-39fae8146d6b a17693b07a9a41aaa132dd1f3eff8c33 6b953e84cd6d42a2846978ba8bbbf2dc - - default default] TaaS: Handle Delete Port: 7d89d2e5-cba4-4095-8fe6-d2deb3d68fb0
2026-04-16 12:26:33.293 8 INFO neutron_taas.services.taas.tap_mirror_plugin [None req-165b0a9f-486a-4c93-9330-39fae8146d6b a17693b07a9a41aaa132dd1f3eff8c33 6b953e84cd6d42a2846978ba8bbbf2dc - - default default] Tap Mirror: Handle Delete Port: 7d89d2e5-cba4-4095-8fe6-d2deb3d68fb0 [pid: 8|app: 0|req: 502/931] 10.0.0.96 () {32 vars in 719 bytes} [Thu Apr 16 12:26:33 2026] DELETE /v2.0/ports/7d89d2e5-cba4-4095-8fe6-d2deb3d68fb0 => generated 0 bytes in 210 msecs (HTTP/1.1 204) 3 headers in 131 bytes (1 switches on core 0) [pid: 8|app: 0|req: 503/932] 199.204.45.227 () {34 vars in 986 bytes} [Thu Apr 16 12:26:33 2026] GET /v2.0/networks?id=4fa968eb-1453-45d6-912e-3e5fcf7fbdc6 => generated 708 bytes in 33 msecs (HTTP/1.1 200) 4 headers in 157 bytes (1 switches on core 0)
2026-04-16 12:26:33.541 8 INFO neutron_taas.services.taas.taas_plugin [None req-e62e70b8-4c4d-47f5-af46-b887b8db89c6 4531420fb6ef4e04a27f42f81d833109 fc85c0d08d7f4c25a322496eb64b6100 - - default default] TaaS: Handle Delete Port: d8228099-6a61-4205-b937-4f1671dacf30
2026-04-16 12:26:33.544 8 INFO neutron_taas.services.taas.tap_mirror_plugin [None req-e62e70b8-4c4d-47f5-af46-b887b8db89c6 4531420fb6ef4e04a27f42f81d833109 fc85c0d08d7f4c25a322496eb64b6100 - - default default] Tap Mirror: Handle Delete Port: d8228099-6a61-4205-b937-4f1671dacf30
2026-04-16 12:26:33.688 7 INFO neutron.db.ovn_revision_numbers_db [None req-15be21a5-b11b-4fa1-956a-9291c4b011fb - - - - - -] Successfully bumped revision number for resource ccf01d86-4ae8-49c0-997a-cea34713bd60 (type: ports) to 2
2026-04-16 12:26:33.731 7 INFO neutron.db.ovn_revision_numbers_db [None req-15be21a5-b11b-4fa1-956a-9291c4b011fb - - - - - -] Successfully bumped revision number for resource 514cce5e-8647-4350-b8b7-9056a86ebbfe (type: subnets) to 0 [pid: 7|app: 0|req: 430/933] 10.0.0.96 () {34 vars in 668 bytes} [Thu Apr 16 12:26:33 2026] POST /v2.0/subnets => generated 626 bytes in 718 msecs (HTTP/1.1 201) 4 headers in 162 bytes (1 switches on core 0) [pid: 7|app: 0|req: 431/934] 10.0.0.3 () {28 vars in 577 bytes} [Thu Apr 16 12:26:33 2026] GET /v2.0/ports => generated 15038 bytes in 126 msecs (HTTP/1.1 200) 4 headers in 159 bytes (1 switches on core 0) [pid: 8|app: 0|req: 504/935] 10.0.0.96 () {32 vars in 725 bytes} [Thu Apr 16 12:26:33 2026] DELETE /v2.0/networks/a9c5d7d6-d36c-432d-95e4-05b7b5e9aaca => generated 0 bytes in 451 msecs (HTTP/1.1 204) 3 headers in 131 bytes (1 switches on core 0) [pid: 8|app: 0|req: 505/936] 199.204.45.227 () {34 vars in 1050 bytes} [Thu Apr 16 12:26:33 2026] GET /v2.0/security-groups?fields=id&fields=name&tenant_id=5036788c88ff41e1b326e5a756375401 => generated 181 bytes in 27 msecs (HTTP/1.1 200) 4 headers in 157 bytes (1 switches on core 0) [pid: 7|app: 0|req: 432/937] 10.0.0.96 () {32 vars in 642 bytes} [Thu Apr 16 12:26:33 2026] GET /v2.0/ports => generated 1538 bytes in 51 msecs (HTTP/1.1 200) 4 headers in 158 bytes (1 switches on core 0)
2026-04-16 12:26:33.935 7 INFO neutron.pecan_wsgi.hooks.translation [None req-a0d5b097-da3d-44de-8fe8-e4c9f90be9b2 4531420fb6ef4e04a27f42f81d833109 fc85c0d08d7f4c25a322496eb64b6100 - - default default] DELETE failed (client error): The resource could not be found. [pid: 7|app: 0|req: 433/938] 10.0.0.96 () {32 vars in 725 bytes} [Thu Apr 16 12:26:33 2026] DELETE /v2.0/networks/a9c5d7d6-d36c-432d-95e4-05b7b5e9aaca => generated 138 bytes in 10 msecs (HTTP/1.1 404) 4 headers in 164 bytes (1 switches on core 0) [pid: 7|app: 0|req: 434/939] 10.0.0.3 () {28 vars in 579 bytes} [Thu Apr 16 12:26:33 2026] GET /v2.0/agents => generated 1214 bytes in 30 msecs (HTTP/1.1 200) 4 headers in 158 bytes (1 switches on core 0)
2026-04-16 12:26:34.081 8 INFO neutron.services.segments.plugin [-] Segment 35b364c1-4816-40f4-b07d-306ff4de34e7 resource provider aggregate not found
2026-04-16 12:26:34.086 8 INFO neutron.services.segments.plugin [-] Segment 35b364c1-4816-40f4-b07d-306ff4de34e7 resource provider aggregate not found
2026-04-16 12:26:34.100 8 INFO neutron.services.segments.plugin [-] Segment 35b364c1-4816-40f4-b07d-306ff4de34e7 resource provider not found; error: Placement Client Error (4xx): {"errors": [{"status": 404, "title": "Not Found", "detail": "The resource could not be found.\n\n No resource provider with uuid 35b364c1-4816-40f4-b07d-306ff4de34e7 found for delete ", "request_id": "req-cd34df59-2007-4847-9363-2827f0aec912"}]}
2026-04-16 12:26:34.108 8 INFO neutron.services.segments.plugin [-] Segment 35b364c1-4816-40f4-b07d-306ff4de34e7 resource provider not found; error: Placement Client Error (4xx): {"errors": [{"status": 404, "title": "Not Found", "detail": "The resource could not be found.\n\n No resource provider with uuid 35b364c1-4816-40f4-b07d-306ff4de34e7 found for delete ", "request_id": "req-4a122992-755b-4ef7-902a-2ce2313a417b"}]}
2026-04-16 12:26:34.158 8 WARNING neutron.scheduler.dhcp_agent_scheduler [None req-727d6626-8510-4b77-9a76-d70dbc8002ee 7863e9300637441a88a23a39d7085cf4 a2650852c5a44542bde5f13e00a220df - - default default] No more DHCP agents
2026-04-16 12:26:34.160 8 WARNING neutron.api.rpc.agentnotifiers.dhcp_rpc_agent_api [None req-727d6626-8510-4b77-9a76-d70dbc8002ee 7863e9300637441a88a23a39d7085cf4 a2650852c5a44542bde5f13e00a220df - - default default] Unable to schedule network 24d9640a-b364-4953-8148-501005d6afcc: no agents available; will retry on subsequent port and subnet creation events.
2026-04-16 12:26:34.173 7 WARNING neutron.scheduler.dhcp_agent_scheduler [req-a84a2410-3c82-4917-af56-6916941720e4 req-3e3e5ef9-6228-421b-9ab1-aed7c9cb072c 1fb83e84eea245379578c1e1361006af 5036788c88ff41e1b326e5a756375401 - - default default] No more DHCP agents
2026-04-16 12:26:34.174 7 WARNING neutron.api.rpc.agentnotifiers.dhcp_rpc_agent_api [req-a84a2410-3c82-4917-af56-6916941720e4 req-3e3e5ef9-6228-421b-9ab1-aed7c9cb072c 1fb83e84eea245379578c1e1361006af 5036788c88ff41e1b326e5a756375401 - - default default] Unable to schedule network 4fa968eb-1453-45d6-912e-3e5fcf7fbdc6: no agents available; will retry on subsequent port and subnet creation events.
2026-04-16 12:26:34.271 8 INFO neutron.plugins.ml2.drivers.ovn.mech_driver.mech_driver [None req-b5829723-6eb8-4a29-94ca-9018490bc5de - - - - - -] OVN reports status down for port: 3a350089-8926-49cf-9736-6909a433826c
2026-04-16 12:26:34.281 7 INFO neutron.plugins.ml2.drivers.ovn.mech_driver.mech_driver [None req-69f04118-737b-41be-a48e-8b14ad8f5fa9 - - - - - -] OVN reports status down for port: d76e7223-0c0a-4f44-9ca3-2b131eef2eaa
2026-04-16 12:26:34.329 8 INFO neutron.db.ovn_revision_numbers_db [None req-727d6626-8510-4b77-9a76-d70dbc8002ee 7863e9300637441a88a23a39d7085cf4 a2650852c5a44542bde5f13e00a220df - - default default] Successfully bumped revision number for resource 3a350089-8926-49cf-9736-6909a433826c (type: ports) to 1
2026-04-16 12:26:34.351 7 INFO neutron.db.ovn_revision_numbers_db [req-a84a2410-3c82-4917-af56-6916941720e4 req-3e3e5ef9-6228-421b-9ab1-aed7c9cb072c 1fb83e84eea245379578c1e1361006af 5036788c88ff41e1b326e5a756375401 - - default default] Successfully bumped revision number for resource d76e7223-0c0a-4f44-9ca3-2b131eef2eaa (type: ports) to 1 [pid: 8|app: 0|req: 506/940] 10.0.0.96 () {34 vars in 664 bytes} [Thu Apr 16 12:26:33 2026] POST /v2.0/ports => generated 915 bytes in 534 msecs (HTTP/1.1 201) 4 headers in 162 bytes (1 switches on core 0) [pid: 7|app: 0|req: 435/941] 199.204.45.227 () {38 vars in 955 bytes} [Thu Apr 16 12:26:33 2026] POST /v2.0/ports => generated 954 bytes in 483 msecs (HTTP/1.1 201) 4 headers in 162 bytes (1 switches on core 0) /var/lib/openstack/lib/python3.12/site-packages/pycadf/identifier.py:70: UserWarning: Invalid uuid: neutron. To ensure interoperability, identifiers should be a valid uuid. warnings.warn(('Invalid uuid: %s. To ensure interoperability, '
2026-04-16 12:26:34.458 8 INFO neutron.pecan_wsgi.hooks.translation [None req-f06d2ec4-a4b6-4a9c-ba07-16575c393247 a17693b07a9a41aaa132dd1f3eff8c33 6b953e84cd6d42a2846978ba8bbbf2dc - - default default] GET failed (client error): The resource could not be found. [pid: 8|app: 0|req: 507/942] 10.0.0.96 () {32 vars in 716 bytes} [Thu Apr 16 12:26:34 2026] GET /v2.0/ports/7d89d2e5-cba4-4095-8fe6-d2deb3d68fb0 => generated 132 bytes in 18 msecs (HTTP/1.1 404) 4 headers in 164 bytes (1 switches on core 0) [pid: 8|app: 0|req: 508/943] 10.0.0.3 () {28 vars in 581 bytes} [Thu Apr 16 12:26:34 2026] GET /v2.0/subnets => generated 3266 bytes in 35 msecs (HTTP/1.1 200) 4 headers in 158 bytes (1 switches on core 0) [pid: 7|app: 0|req: 436/944] 10.0.0.96 () {32 vars in 693 bytes} [Thu Apr 16 12:26:34 2026] GET /v2.0/networks?router%3Aexternal=True => generated 689 bytes in 54 msecs (HTTP/1.1 200) 4 headers in 157 bytes (1 switches on core 0) [pid: 8|app: 0|req: 509/945] 10.0.0.198 () {34 vars in 990 bytes} [Thu Apr 16 12:26:34 2026] GET /v2.0/ports?device_id=636cd296-54ed-41a3-beea-ffed3d733047 => generated 957 bytes in 82 msecs (HTTP/1.1 200) 4 headers in 157 bytes (1 switches on core 0)
2026-04-16 12:26:34.625 7 INFO neutron_taas.services.taas.taas_plugin [None req-5c8f814e-e557-45a2-a1b5-a78123b0f443 7863e9300637441a88a23a39d7085cf4 a2650852c5a44542bde5f13e00a220df - - default default] TaaS: Handle Delete Port: 3a350089-8926-49cf-9736-6909a433826c
2026-04-16 12:26:34.629 7 INFO neutron_taas.services.taas.tap_mirror_plugin [None req-5c8f814e-e557-45a2-a1b5-a78123b0f443 7863e9300637441a88a23a39d7085cf4 a2650852c5a44542bde5f13e00a220df - - default default] Tap Mirror: Handle Delete Port: 3a350089-8926-49cf-9736-6909a433826c [pid: 7|app: 0|req: 437/946] 10.0.0.96 () {32 vars in 719 bytes} [Thu Apr 16 12:26:34 2026] DELETE /v2.0/ports/3a350089-8926-49cf-9736-6909a433826c => generated 0 bytes in 295 msecs (HTTP/1.1 204) 3 headers in 131 bytes (1 switches on core 0) [pid: 7|app: 0|req: 438/947] 10.0.0.96 () {32 vars in 642 bytes} [Thu Apr 16 12:26:34 2026] GET /v2.0/ports => generated 1538 bytes in 44 msecs (HTTP/1.1 200) 4 headers in 158 bytes (1 switches on core 0) [pid: 7|app: 0|req: 439/948] 10.0.0.3 () {28 vars in 589 bytes} [Thu Apr 16 12:26:34 2026] GET /v2.0/subnetpools => generated 19 bytes in 6 msecs (HTTP/1.1 200) 4 headers in 156 bytes (1 switches on core 0) [pid: 7|app: 0|req: 440/949] 10.0.0.96 () {32 vars in 741 bytes} [Thu Apr 16 12:26:34 2026] GET /v2.0/subnets?network_id=9321a3bd-dfe0-440b-9caa-a5df3ed08cb8 => generated 649 bytes in 24 msecs (HTTP/1.1 200) 4 headers in 157 bytes (1 switches on core 0) [pid: 7|app: 0|req: 441/950] 10.0.0.198 () {34 vars in 1040 bytes} [Thu Apr 16 12:26:34 2026] GET /v2.0/security-groups?id=7abeeaf8-a65d-495e-9e2b-51f400c0270f&fields=id&fields=name => generated 114 bytes in 46 msecs (HTTP/1.1 200) 4 headers in 157 bytes (1 switches on core 0)
2026-04-16 12:26:34.925 8 INFO neutron.db.ovn_revision_numbers_db [req-a84a2410-3c82-4917-af56-6916941720e4 req-9c16171e-a167-4a56-b4b1-db79b42f2382 eb0896fc865844f1bdb9a3ad90fc5c8a b6e24f40b7fa4d9abffd3c76603c9190 - - 3b185a9baaaa4f669a7825a70b8f7d4e 3b185a9baaaa4f669a7825a70b8f7d4e] Successfully bumped revision number for resource d76e7223-0c0a-4f44-9ca3-2b131eef2eaa (type: ports) to 2
2026-04-16 12:26:34.938 7 INFO neutron.pecan_wsgi.hooks.translation [None req-11ef8aa0-0ec5-495f-828a-0393469df6a5 7863e9300637441a88a23a39d7085cf4 a2650852c5a44542bde5f13e00a220df - - default default] GET failed (client error): The resource could not be found. [pid: 7|app: 0|req: 442/951] 10.0.0.96 () {32 vars in 716 bytes} [Thu Apr 16 12:26:34 2026] GET /v2.0/ports/3a350089-8926-49cf-9736-6909a433826c => generated 132 bytes in 15 msecs (HTTP/1.1 404) 4 headers in 164 bytes (1 switches on core 0) [pid: 7|app: 0|req: 443/952] 10.0.0.96 () {32 vars in 716 bytes} [Thu Apr 16 12:26:34 2026] GET /v2.0/ports/7e08d142-7aab-4a35-819a-ca6e469a1a19 => generated 779 bytes in 31 msecs (HTTP/1.1 200) 4 headers in 157 bytes (1 switches on core 0) [pid: 7|app: 0|req: 444/953] 10.0.0.3 () {28 vars in 589 bytes} [Thu Apr 16 12:26:34 2026] GET /v2.0/floatingips => generated 555 bytes in 18 msecs (HTTP/1.1 200) 4 headers in 157 bytes (1 switches on core 0) [pid: 7|app: 0|req: 445/954] 10.0.0.96 () {32 vars in 652 bytes} [Thu Apr 16 12:26:34 2026] GET /v2.0/extensions => generated 20541 bytes in 4 msecs (HTTP/1.1 200) 4 headers in 159 bytes (1 switches on core 0)
2026-04-16 12:26:35.140 8 INFO neutron.db.ovn_revision_numbers_db [req-a84a2410-3c82-4917-af56-6916941720e4 req-9c16171e-a167-4a56-b4b1-db79b42f2382 eb0896fc865844f1bdb9a3ad90fc5c8a b6e24f40b7fa4d9abffd3c76603c9190 - - 3b185a9baaaa4f669a7825a70b8f7d4e 3b185a9baaaa4f669a7825a70b8f7d4e] Successfully bumped revision number for resource d76e7223-0c0a-4f44-9ca3-2b131eef2eaa (type: ports) to 4 [pid: 8|app: 0|req: 510/955] 199.204.45.227 () {38 vars in 1028 bytes} [Thu Apr 16 12:26:34 2026] PUT /v2.0/ports/d76e7223-0c0a-4f44-9ca3-2b131eef2eaa => generated 1204 bytes in 585 msecs (HTTP/1.1 200) 4 headers in 158 bytes (1 switches on core 0) /var/lib/openstack/lib/python3.12/site-packages/pycadf/identifier.py:70: UserWarning: Invalid uuid: neutron. To ensure interoperability, identifiers should be a valid uuid. warnings.warn(('Invalid uuid: %s. To ensure interoperability, ' [pid: 7|app: 0|req: 446/956] 10.0.0.96 () {32 vars in 723 bytes} [Thu Apr 16 12:26:34 2026] DELETE /v2.0/subnets/514cce5e-8647-4350-b8b7-9056a86ebbfe => generated 0 bytes in 192 msecs (HTTP/1.1 204) 3 headers in 131 bytes (1 switches on core 0)
2026-04-16 12:26:35.186 8 INFO neutron.pecan_wsgi.hooks.translation [None req-4f7749ce-df66-4284-8965-622bfac177fd a17693b07a9a41aaa132dd1f3eff8c33 6b953e84cd6d42a2846978ba8bbbf2dc - - default default] DELETE failed (client error): The resource could not be found. [pid: 8|app: 0|req: 511/957] 10.0.0.96 () {32 vars in 719 bytes} [Thu Apr 16 12:26:35 2026] DELETE /v2.0/ports/c53d740a-d1f2-4c60-906f-30eb40924ade => generated 132 bytes in 25 msecs (HTTP/1.1 404) 4 headers in 164 bytes (1 switches on core 0)
2026-04-16 12:26:35.204 8 INFO neutron.notifiers.nova [-] Nova event matching ['req-7613ef9e-ff25-43e3-bd0b-8d4756693caa'] response: {'name': 'network-changed', 'server_uuid': '636cd296-54ed-41a3-beea-ffed3d733047', 'tag': 'd76e7223-0c0a-4f44-9ca3-2b131eef2eaa', 'status': 'completed', 'code': 200} [pid: 8|app: 0|req: 512/958] 10.0.0.96 () {32 vars in 648 bytes} [Thu Apr 16 12:26:35 2026] GET /v2.0/networks => generated 1385 bytes in 52 msecs (HTTP/1.1 200) 4 headers in 158 bytes (1 switches on core 0) [pid: 7|app: 0|req: 447/959] 10.0.0.3 () {28 vars in 583 bytes} [Thu Apr 16 12:26:35 2026] GET /v2.0/networks => generated 6139 bytes in 66 msecs (HTTP/1.1 200) 4 headers in 158 bytes (1 switches on core 0)
2026-04-16 12:26:35.262 7 INFO neutron.pecan_wsgi.hooks.translation [None req-fa97cb6a-9422-43c1-ac17-a2a450585074 a17693b07a9a41aaa132dd1f3eff8c33 6b953e84cd6d42a2846978ba8bbbf2dc - - default default] DELETE failed (client error): The resource could not be found. [pid: 7|app: 0|req: 448/960] 10.0.0.96 () {32 vars in 723 bytes} [Thu Apr 16 12:26:35 2026] DELETE /v2.0/subnets/d7dfd41a-11de-4ad6-9ee5-85b6fc0b1f30 => generated 136 bytes in 10 msecs (HTTP/1.1 404) 4 headers in 164 bytes (1 switches on core 0) [pid: 7|app: 0|req: 449/961] 10.0.0.96 () {32 vars in 646 bytes} [Thu Apr 16 12:26:35 2026] GET /v2.0/subnets => generated 1280 bytes in 26 msecs (HTTP/1.1 200) 4 headers in 158 bytes (1 switches on core 0) [pid: 7|app: 0|req: 450/962] 10.0.0.3 () {28 vars in 597 bytes} [Thu Apr 16 12:26:35 2026] GET /v2.0/security-groups => generated 31878 bytes in 38 msecs (HTTP/1.1 200) 4 headers in 159 bytes (1 switches on core 0)
2026-04-16 12:26:35.338 7 INFO neutron.pecan_wsgi.hooks.translation [None req-2a927668-b831-4618-be46-18368bf335f0 a17693b07a9a41aaa132dd1f3eff8c33 6b953e84cd6d42a2846978ba8bbbf2dc - - default default] DELETE failed (client error): The resource could not be found. [pid: 7|app: 0|req: 451/963] 10.0.0.96 () {32 vars in 723 bytes} [Thu Apr 16 12:26:35 2026] DELETE /v2.0/subnets/f0551427-bf9d-4ace-920e-bd66858b241d => generated 136 bytes in 11 msecs (HTTP/1.1 404) 4 headers in 164 bytes (1 switches on core 0)
