2026-04-16 12:26:19.739 7 INFO neutron.services.segments.plugin [-] Segment a3b221df-d3ee-4bc3-a3ee-7959baea435f resource provider not found; error: Placement Client Error (4xx): {"errors": [{"status": 404, "title": "Not Found", "detail": "The resource could not be found.\n\n No resource provider with uuid a3b221df-d3ee-4bc3-a3ee-7959baea435f found for delete ", "request_id": "req-010e5655-2bda-4b3a-ae88-446cb821e391"}]}
2026-04-16 12:26:19.764 7 INFO neutron.services.segments.plugin [-] Segment a3b221df-d3ee-4bc3-a3ee-7959baea435f resource provider not found; error: Placement Client Error (4xx): {"errors": [{"status": 404, "title": "Not Found", "detail": "The resource could not be found.\n\n No resource provider with uuid a3b221df-d3ee-4bc3-a3ee-7959baea435f found for delete ", "request_id": "req-fcb07b7e-7e0d-4c65-860b-ba0882750663"}]} [pid: 7|app: 0|req: 394/851] 10.0.0.96 () {32 vars in 725 bytes} [Thu Apr 16 12:26:19 2026] DELETE /v2.0/networks/89196ce0-4e3a-44b7-a0f6-7696388097e8 => generated 0 bytes in 470 msecs (HTTP/1.1 204) 3 headers in 131 bytes (1 switches on core 0)
2026-04-16 12:26:19.786 7 WARNING keystonemiddleware.audit [None req-97378f4a-06c5-45f1-8e7e-3c3d901c2042 654a906f6ef84c49ad327f49f47b28c0 b44c5af17aa94cb4832a36a35024a100 - - default default] Skipping service tempest-service-1552976545 as it have no endpoints.
2026-04-16 12:26:19.845 8 INFO neutron.db.ovn_revision_numbers_db [None req-1c1bd78c-687d-4342-aa73-632db82f20f1 9eca0fc6db374bef8db758aa53d2a238 90b78677a2bd4bd990975411f63f8d6a - - default default] Successfully bumped revision number for resource 30056dc5-0dc6-4d8e-b32f-d2686e01af5b (type: security_groups) to 1
2026-04-16 12:26:19.856 8 INFO neutron.db.ovn_revision_numbers_db [None req-1c1bd78c-687d-4342-aa73-632db82f20f1 9eca0fc6db374bef8db758aa53d2a238 90b78677a2bd4bd990975411f63f8d6a - - default default] Successfully bumped revision number for resource 32af6a9d-8aa1-4e95-9a38-1a98cc39eb41 (type: security_group_rules) to 0 [pid: 7|app: 0|req: 395/852] 10.0.0.96 () {32 vars in 735 bytes} [Thu Apr 16 12:26:19 2026] GET /v2.0/ports?device_id=a2805651-73c0-4ae4-a9b5-a32f1d4ee08f => generated 946 bytes in 83 msecs (HTTP/1.1 200) 4 headers in 157 bytes (1 switches on core 0)
2026-04-16 12:26:19.871 8 INFO neutron.db.ovn_revision_numbers_db [None req-1c1bd78c-687d-4342-aa73-632db82f20f1 9eca0fc6db374bef8db758aa53d2a238 90b78677a2bd4bd990975411f63f8d6a - - default default] Successfully bumped revision number for resource 796ecb18-d313-4490-8b58-e32fa41468a2 (type: security_group_rules) to 0
2026-04-16 12:26:19.882 8 INFO neutron.db.ovn_revision_numbers_db [None req-1c1bd78c-687d-4342-aa73-632db82f20f1 9eca0fc6db374bef8db758aa53d2a238 90b78677a2bd4bd990975411f63f8d6a - - default default] Successfully bumped revision number for resource 9a146f91-00d9-466c-a854-811742a0f09c (type: security_group_rules) to 0
2026-04-16 12:26:19.894 8 INFO neutron.db.ovn_revision_numbers_db [None req-1c1bd78c-687d-4342-aa73-632db82f20f1 9eca0fc6db374bef8db758aa53d2a238 90b78677a2bd4bd990975411f63f8d6a - - default default] Successfully bumped revision number for resource e1f7a402-18de-4f03-a57c-29f99d471135 (type: security_group_rules) to 0
2026-04-16 12:26:19.973 8 INFO neutron.db.segments_db [None req-1c1bd78c-687d-4342-aa73-632db82f20f1 9eca0fc6db374bef8db758aa53d2a238 90b78677a2bd4bd990975411f63f8d6a - - default default] Added segment 787d92de-9d74-4183-9a99-d6f07356051a of type geneve for network 4fa968eb-1453-45d6-912e-3e5fcf7fbdc6
2026-04-16 12:26:20.063 8 INFO neutron.db.ovn_revision_numbers_db [None req-1c1bd78c-687d-4342-aa73-632db82f20f1 9eca0fc6db374bef8db758aa53d2a238 90b78677a2bd4bd990975411f63f8d6a - - default default] Successfully bumped revision number for resource 4fa968eb-1453-45d6-912e-3e5fcf7fbdc6 (type: networks) to 1
2026-04-16 12:26:20.122 7 INFO neutron.db.ovn_revision_numbers_db [None req-bbbff771-ea5d-48a4-be55-1c85a73340a8 9eca0fc6db374bef8db758aa53d2a238 90b78677a2bd4bd990975411f63f8d6a - - default default] Successfully bumped revision number for resource c6a6f5df-5bd5-4aa3-9dd7-efe48334a762 (type: security_groups) to 1
2026-04-16 12:26:20.139 7 INFO neutron.db.ovn_revision_numbers_db [None req-bbbff771-ea5d-48a4-be55-1c85a73340a8 9eca0fc6db374bef8db758aa53d2a238 90b78677a2bd4bd990975411f63f8d6a - - default default] Successfully bumped revision number for resource 53165bea-1cf2-4add-a2e3-76c001171df2 (type: security_group_rules) to 0
2026-04-16 12:26:20.153 7 INFO neutron.db.ovn_revision_numbers_db [None req-bbbff771-ea5d-48a4-be55-1c85a73340a8 9eca0fc6db374bef8db758aa53d2a238 90b78677a2bd4bd990975411f63f8d6a - - default default] Successfully bumped revision number for resource 98ebe256-960a-4291-b667-3c101d886709 (type: security_group_rules) to 0
2026-04-16 12:26:20.165 7 INFO neutron.db.ovn_revision_numbers_db [None req-bbbff771-ea5d-48a4-be55-1c85a73340a8 9eca0fc6db374bef8db758aa53d2a238 90b78677a2bd4bd990975411f63f8d6a - - default default] Successfully bumped revision number for resource d47179b2-a029-428d-93d2-3c0403f00556 (type: security_group_rules) to 0
2026-04-16 12:26:20.182 7 INFO neutron.db.ovn_revision_numbers_db [None req-bbbff771-ea5d-48a4-be55-1c85a73340a8 9eca0fc6db374bef8db758aa53d2a238 90b78677a2bd4bd990975411f63f8d6a - - default default] Successfully bumped revision number for resource ecea096a-239f-456c-a331-a0326fb69be1 (type: security_group_rules) to 0 [pid: 7|app: 0|req: 396/853] 10.0.0.96 () {32 vars in 773 bytes} [Thu Apr 16 12:26:19 2026] GET /v2.0/security-groups?tenant_id=d1f52057633146f1b91a30db17dab6bc&name=default => generated 2925 bytes in 351 msecs (HTTP/1.1 200) 4 headers in 158 bytes (1 switches on core 0)
2026-04-16 12:26:20.229 8 WARNING neutron.scheduler.dhcp_agent_scheduler [None req-1c1bd78c-687d-4342-aa73-632db82f20f1 9eca0fc6db374bef8db758aa53d2a238 90b78677a2bd4bd990975411f63f8d6a - - default default] No more DHCP agents
2026-04-16 12:26:20.230 8 WARNING neutron.api.rpc.agentnotifiers.dhcp_rpc_agent_api [None req-1c1bd78c-687d-4342-aa73-632db82f20f1 9eca0fc6db374bef8db758aa53d2a238 90b78677a2bd4bd990975411f63f8d6a - - default default] Unable to schedule network 4fa968eb-1453-45d6-912e-3e5fcf7fbdc6: no agents available; will retry on subsequent port and subnet creation events.
2026-04-16 12:26:20.231 7 INFO neutron.pecan_wsgi.hooks.translation [None req-2ea89733-c5a8-4d3d-be18-aa7392ae09f1 654a906f6ef84c49ad327f49f47b28c0 b44c5af17aa94cb4832a36a35024a100 - - default default] DELETE failed (client error): The resource could not be found. [pid: 7|app: 0|req: 397/854] 10.0.0.96 () {32 vars in 725 bytes} [Thu Apr 16 12:26:20 2026] DELETE /v2.0/networks/89196ce0-4e3a-44b7-a0f6-7696388097e8 => generated 138 bytes in 14 msecs (HTTP/1.1 404) 4 headers in 164 bytes (1 switches on core 0)
2026-04-16 12:26:20.236 7 WARNING keystonemiddleware.audit [None req-2ea89733-c5a8-4d3d-be18-aa7392ae09f1 654a906f6ef84c49ad327f49f47b28c0 b44c5af17aa94cb4832a36a35024a100 - - default default] Skipping service tempest-service-1552976545 as it have no endpoints.
2026-04-16 12:26:20.315 8 INFO neutron.db.ovn_revision_numbers_db [None req-1c1bd78c-687d-4342-aa73-632db82f20f1 9eca0fc6db374bef8db758aa53d2a238 90b78677a2bd4bd990975411f63f8d6a - - default default] Successfully bumped revision number for resource 4f7cfcee-ce67-463b-924a-a7a2d02e2889 (type: ports) to 1 [pid: 8|app: 0|req: 458/855] 10.0.0.96 () {34 vars in 670 bytes} [Thu Apr 16 12:26:19 2026] POST /v2.0/networks => generated 760 bytes in 813 msecs (HTTP/1.1 201) 4 headers in 162 bytes (1 switches on core 0)
2026-04-16 12:26:20.537 7 INFO neutron_taas.services.taas.taas_plugin [None req-2b05b05d-aa04-4a7f-9955-3a3050a56934 59ef3dbe270140acab4a47aa08766fc9 75be2b1c5f4c431c80b3f30c11adc8d8 - - default default] TaaS: Handle Delete Port: 4668c8d9-8d9e-4fe6-b87d-d26c546b3e99
2026-04-16 12:26:20.541 7 INFO neutron_taas.services.taas.tap_mirror_plugin [None req-2b05b05d-aa04-4a7f-9955-3a3050a56934 59ef3dbe270140acab4a47aa08766fc9 75be2b1c5f4c431c80b3f30c11adc8d8 - - default default] Tap Mirror: Handle Delete Port: 4668c8d9-8d9e-4fe6-b87d-d26c546b3e99 [pid: 8|app: 0|req: 459/856] 10.0.0.96 () {32 vars in 739 bytes} [Thu Apr 16 12:26:20 2026] DELETE /v2.0/security-groups/c6a6f5df-5bd5-4aa3-9dd7-efe48334a762 => generated 0 bytes in 216 msecs (HTTP/1.1 204) 2 headers in 112 bytes (1 switches on core 0) [pid: 8|app: 0|req: 460/857] 10.0.0.96 () {32 vars in 693 bytes} [Thu Apr 16 12:26:20 2026] GET /v2.0/networks?router%3Aexternal=True => generated 689 bytes in 43 msecs (HTTP/1.1 200) 4 headers in 157 bytes (1 switches on core 0)
2026-04-16 12:26:20.721 8 WARNING neutron.scheduler.dhcp_agent_scheduler [None req-8c06429a-8ce3-4b41-9d9e-d5cb96bbbcba 9eca0fc6db374bef8db758aa53d2a238 90b78677a2bd4bd990975411f63f8d6a - - default default] No more DHCP agents
2026-04-16 12:26:20.723 8 WARNING neutron.api.rpc.agentnotifiers.dhcp_rpc_agent_api [None req-8c06429a-8ce3-4b41-9d9e-d5cb96bbbcba 9eca0fc6db374bef8db758aa53d2a238 90b78677a2bd4bd990975411f63f8d6a - - default default] Unable to schedule network 4fa968eb-1453-45d6-912e-3e5fcf7fbdc6: no agents available; will retry on subsequent port and subnet creation events. [pid: 7|app: 0|req: 398/858] 10.0.0.96 () {34 vars in 788 bytes} [Thu Apr 16 12:26:20 2026] PUT /v2.0/routers/a2805651-73c0-4ae4-a9b5-a32f1d4ee08f/remove_router_interface => generated 309 bytes in 807 msecs (HTTP/1.1 200) 4 headers in 157 bytes (1 switches on core 0) /var/lib/openstack/lib/python3.12/site-packages/pycadf/identifier.py:70: UserWarning: Invalid uuid: neutron. To ensure interoperability, identifiers should be a valid uuid. warnings.warn(('Invalid uuid: %s. To ensure interoperability, ' [pid: 7|app: 0|req: 399/859] 10.0.0.96 () {32 vars in 741 bytes} [Thu Apr 16 12:26:21 2026] GET /v2.0/subnets?network_id=9321a3bd-dfe0-440b-9caa-a5df3ed08cb8 => generated 649 bytes in 39 msecs (HTTP/1.1 200) 4 headers in 157 bytes (1 switches on core 0)
2026-04-16 12:26:21.082 7 WARNING keystonemiddleware.audit [None req-f570b8b5-58ee-448b-8470-ae5700e50295 654a906f6ef84c49ad327f49f47b28c0 b44c5af17aa94cb4832a36a35024a100 - - default default] Skipping service tempest-service-1552976545 as it have no endpoints.
2026-04-16 12:26:21.175 8 INFO neutron.db.ovn_revision_numbers_db [None req-cccff5eb-6f21-4ec2-9c98-1b8863fe361d - - - - - -] Successfully bumped revision number for resource 4f7cfcee-ce67-463b-924a-a7a2d02e2889 (type: ports) to 2
2026-04-16 12:26:21.199 8 INFO neutron.db.ovn_revision_numbers_db [None req-cccff5eb-6f21-4ec2-9c98-1b8863fe361d - - - - - -] Successfully bumped revision number for resource adcff354-7f1e-463a-8843-addbaab06c99 (type: subnets) to 0 [pid: 8|app: 0|req: 461/860] 10.0.0.96 () {34 vars in 668 bytes} [Thu Apr 16 12:26:20 2026] POST /v2.0/subnets => generated 685 bytes in 615 msecs (HTTP/1.1 201) 4 headers in 162 bytes (1 switches on core 0) [pid: 8|app: 0|req: 464/863] 10.0.0.96 () {32 vars in 652 bytes} [Thu Apr 16 12:26:21 2026] GET /v2.0/extensions => generated 20541 bytes in 7 msecs (HTTP/1.1 200) 4 headers in 159 bytes (1 switches on core 0)
2026-04-16 12:26:21.414 7 INFO neutron_taas.services.taas.taas_plugin [None req-82ed4fa4-c00e-4778-91ac-74f64b937be0 59ef3dbe270140acab4a47aa08766fc9 75be2b1c5f4c431c80b3f30c11adc8d8 - - default default] TaaS: Handle Delete Port: a665a3e4-bb44-4d8b-ad13-1bb8c000481b
2026-04-16 12:26:21.417 7 INFO neutron_taas.services.taas.tap_mirror_plugin [None req-82ed4fa4-c00e-4778-91ac-74f64b937be0 59ef3dbe270140acab4a47aa08766fc9 75be2b1c5f4c431c80b3f30c11adc8d8 - - default default] Tap Mirror: Handle Delete Port: a665a3e4-bb44-4d8b-ad13-1bb8c000481b
2026-04-16 12:26:21.626 8 WARNING neutron.scheduler.dhcp_agent_scheduler [None req-2e5ca221-f6ca-4357-88f4-ca48cab5742d 9eca0fc6db374bef8db758aa53d2a238 90b78677a2bd4bd990975411f63f8d6a - - default default] No more DHCP agents
2026-04-16 12:26:21.628 8 WARNING neutron.api.rpc.agentnotifiers.dhcp_rpc_agent_api [None req-2e5ca221-f6ca-4357-88f4-ca48cab5742d 9eca0fc6db374bef8db758aa53d2a238 90b78677a2bd4bd990975411f63f8d6a - - default default] Unable to schedule network 9321a3bd-dfe0-440b-9caa-a5df3ed08cb8: no agents available; will retry on subsequent port and subnet creation events.
2026-04-16 12:26:21.763 8 INFO neutron.db.ovn_revision_numbers_db [None req-2e5ca221-f6ca-4357-88f4-ca48cab5742d 9eca0fc6db374bef8db758aa53d2a238 90b78677a2bd4bd990975411f63f8d6a - - default default] Successfully bumped revision number for resource ad254050-c7bf-401c-9460-6128e45e49f6 (type: ports) to 1 [pid: 7|app: 0|req: 400/864] 10.0.0.96 () {32 vars in 723 bytes} [Thu Apr 16 12:26:21 2026] DELETE /v2.0/routers/a2805651-73c0-4ae4-a9b5-a32f1d4ee08f => generated 0 bytes in 717 msecs (HTTP/1.1 204) 2 headers in 112 bytes (1 switches on core 0) [pid: 7|app: 0|req: 401/865] 10.0.0.96 () {32 vars in 648 bytes} [Thu Apr 16 12:26:21 2026] GET /v2.0/networks => generated 1389 bytes in 59 msecs (HTTP/1.1 200) 4 headers in 158 bytes (1 switches on core 0)
2026-04-16 12:26:21.859 7 WARNING keystonemiddleware.audit [None req-a9a99a70-2187-47da-8f8d-61a44642e204 654a906f6ef84c49ad327f49f47b28c0 b44c5af17aa94cb4832a36a35024a100 - - default default] Skipping service tempest-service-1552976545 as it have no endpoints. [pid: 7|app: 0|req: 402/866] 10.0.0.96 () {32 vars in 723 bytes} [Thu Apr 16 12:26:21 2026] DELETE /v2.0/subnets/a6f53142-0724-4d34-bb0e-4e20238bc34d => generated 0 bytes in 137 msecs (HTTP/1.1 204) 3 headers in 131 bytes (1 switches on core 0) [pid: 7|app: 0|req: 403/867] 10.0.0.96 () {32 vars in 646 bytes} [Thu Apr 16 12:26:21 2026] GET /v2.0/subnets => generated 1312 bytes in 56 msecs (HTTP/1.1 200) 4 headers in 158 bytes (1 switches on core 0)
2026-04-16 12:26:22.053 7 WARNING keystonemiddleware.audit [None req-2c1ca5f3-9b99-4916-8806-1d30c29159d3 654a906f6ef84c49ad327f49f47b28c0 b44c5af17aa94cb4832a36a35024a100 - - default default] Skipping service tempest-service-1552976545 as it have no endpoints.
2026-04-16 12:26:22.174 8 WARNING neutron.plugins.ml2.drivers.ovn.mech_driver.ovsdb.ovn_client [None req-b5829723-6eb8-4a29-94ca-9018490bc5de - - - - - -] No port found with ID 4668c8d9-8d9e-4fe6-b87d-d26c546b3e99: RuntimeError: No port found with ID 4668c8d9-8d9e-4fe6-b87d-d26c546b3e99
2026-04-16 12:26:22.205 8 INFO neutron.plugins.ml2.drivers.ovn.mech_driver.mech_driver [None req-b5829723-6eb8-4a29-94ca-9018490bc5de - - - - - -] OVN reports status down for port: 12c0fa9f-d089-4d86-ab70-86d51fc46362
2026-04-16 12:26:22.207 7 INFO neutron_taas.services.taas.taas_plugin [None req-6f6c5c8d-08d2-46b4-a1b5-2159a4296a24 59ef3dbe270140acab4a47aa08766fc9 75be2b1c5f4c431c80b3f30c11adc8d8 - - default default] TaaS: Handle Delete Port: 3ac345a1-e2c1-4876-bf35-f615b06b819a
2026-04-16 12:26:22.210 7 INFO neutron_taas.services.taas.tap_mirror_plugin [None req-6f6c5c8d-08d2-46b4-a1b5-2159a4296a24 59ef3dbe270140acab4a47aa08766fc9 75be2b1c5f4c431c80b3f30c11adc8d8 - - default default] Tap Mirror: Handle Delete Port: 3ac345a1-e2c1-4876-bf35-f615b06b819a
2026-04-16 12:26:22.224 8 INFO neutron.plugins.ml2.drivers.ovn.mech_driver.mech_driver [None req-b5829723-6eb8-4a29-94ca-9018490bc5de - - - - - -] OVN reports status down for port: cc04529c-b206-4ead-b184-91930d18eb1a
2026-04-16 12:26:22.324 8 INFO neutron.plugins.ml2.drivers.ovn.mech_driver.mech_driver [None req-b5829723-6eb8-4a29-94ca-9018490bc5de - - - - - -] OVN reports status down for port: 4f7cfcee-ce67-463b-924a-a7a2d02e2889
2026-04-16 12:26:22.407 7 INFO neutron.services.segments.plugin [-] Segment 81be0d55-96f3-424a-82a7-7e1211e74816 resource provider aggregate not found
2026-04-16 12:26:22.412 7 INFO neutron.services.segments.plugin [-] Segment 81be0d55-96f3-424a-82a7-7e1211e74816 resource provider aggregate not found
2026-04-16 12:26:22.426 7 INFO neutron.services.segments.plugin [-] Segment 81be0d55-96f3-424a-82a7-7e1211e74816 resource provider not found; error: Placement Client Error (4xx): {"errors": [{"status": 404, "title": "Not Found", "detail": "The resource could not be found.\n\n No resource provider with uuid 81be0d55-96f3-424a-82a7-7e1211e74816 found for delete ", "request_id": "req-35385c4d-40ab-4a30-9b3d-ac64e72dbc64"}]}
2026-04-16 12:26:22.444 7 INFO neutron.services.segments.plugin [-] Segment 81be0d55-96f3-424a-82a7-7e1211e74816 resource provider not found; error: Placement Client Error (4xx): {"errors": [{"status": 404, "title": "Not Found", "detail": "The resource could not be found.\n\n No resource provider with uuid 81be0d55-96f3-424a-82a7-7e1211e74816 found for delete ", "request_id": "req-57433424-91fa-4e61-b6e3-f2743d6ba304"}]}
2026-04-16 12:26:22.457 8 INFO neutron.plugins.ml2.drivers.ovn.mech_driver.mech_driver [None req-b5829723-6eb8-4a29-94ca-9018490bc5de - - - - - -] OVN reports status down for port: ad254050-c7bf-401c-9460-6128e45e49f6 [pid: 7|app: 0|req: 404/868] 10.0.0.96 () {32 vars in 725 bytes} [Thu Apr 16 12:26:22 2026] DELETE /v2.0/networks/0291f8ed-b1ae-4790-9243-153e034a1834 => generated 0 bytes in 428 msecs (HTTP/1.1 204) 3 headers in 131 bytes (1 switches on core 0)
2026-04-16 12:26:22.504 8 INFO neutron.plugins.ml2.drivers.ovn.mech_driver.ovsdb.commands [None req-40a9b51a-5103-435a-aa28-8e9e620040bf - - - - - -] Schedule LRP lrp-ad254050-c7bf-401c-9460-6128e45e49f6 on gateway 0e929e0b-0aef-4cc3-81a3-f0b3435867b3 with priority 1
2026-04-16 12:26:22.574 7 INFO neutron.plugins.ml2.drivers.ovn.mech_driver.ovsdb.ovsdb_monitor [None req-b4535e01-3a0e-4367-a869-7b9a47ed56d0 - - - - - -] Router 46055dff-d814-4572-ab7c-643779ee04be is bound to host instance
2026-04-16 12:26:22.592 8 WARNING neutron.plugins.ml2.drivers.ovn.mech_driver.ovsdb.ovn_client [None req-b5829723-6eb8-4a29-94ca-9018490bc5de - - - - - -] Logical_Switch_Port %s host information not removed, the port state is up
2026-04-16 12:26:22.592 8 INFO neutron.plugins.ml2.drivers.ovn.mech_driver.mech_driver [None req-b5829723-6eb8-4a29-94ca-9018490bc5de - - - - - -] OVN reports status up for port: ad254050-c7bf-401c-9460-6128e45e49f6 [pid: 7|app: 0|req: 405/869] 10.0.0.96 () {32 vars in 722 bytes} [Thu Apr 16 12:26:22 2026] GET /v2.0/networks/5d05b3dc-addb-4c27-945b-668dce710e57 => generated 711 bytes in 127 msecs (HTTP/1.1 200) 4 headers in 157 bytes (1 switches on core 0)
2026-04-16 12:26:22.621 8 INFO neutron.plugins.ml2.plugin [None req-b5829723-6eb8-4a29-94ca-9018490bc5de - - - - - -] Attempt 1 to provision port ad254050-c7bf-401c-9460-6128e45e49f6
2026-04-16 12:26:22.623 8 INFO neutron.db.ovn_revision_numbers_db [None req-2e5ca221-f6ca-4357-88f4-ca48cab5742d 9eca0fc6db374bef8db758aa53d2a238 90b78677a2bd4bd990975411f63f8d6a - - default default] Successfully bumped revision number for resource ad254050-c7bf-401c-9460-6128e45e49f6 (type: router_ports) to 1
2026-04-16 12:26:22.727 8 INFO neutron.db.ovn_revision_numbers_db [None req-2e5ca221-f6ca-4357-88f4-ca48cab5742d 9eca0fc6db374bef8db758aa53d2a238 90b78677a2bd4bd990975411f63f8d6a - - default default] Successfully bumped revision number for resource 46055dff-d814-4572-ab7c-643779ee04be (type: routers) to 2 [pid: 8|app: 0|req: 465/870] 10.0.0.96 () {34 vars in 668 bytes} [Thu Apr 16 12:26:21 2026] POST /v2.0/routers => generated 963 bytes in 1522 msecs (HTTP/1.1 201) 4 headers in 162 bytes (1 switches on core 0) /var/lib/openstack/lib/python3.12/site-packages/pycadf/identifier.py:70: UserWarning: Invalid uuid: neutron. To ensure interoperability, identifiers should be a valid uuid. warnings.warn(('Invalid uuid: %s. To ensure interoperability, ' [pid: 8|app: 0|req: 466/871] 10.0.0.96 () {32 vars in 720 bytes} [Thu Apr 16 12:26:22 2026] GET /v2.0/subnets/ce194ca8-ee38-45a9-b702-1b173028e906 => generated 673 bytes in 36 msecs (HTTP/1.1 200) 4 headers in 157 bytes (1 switches on core 0)
2026-04-16 12:26:23.068 7 INFO neutron.db.ovn_revision_numbers_db [None req-efee2c5c-67fc-4873-800d-187901d54838 a17693b07a9a41aaa132dd1f3eff8c33 6b953e84cd6d42a2846978ba8bbbf2dc - - default default] Successfully bumped revision number for resource 8655c0f0-41a2-44d9-9631-a73b6dd64ece (type: security_groups) to 1
2026-04-16 12:26:23.084 7 INFO neutron.db.ovn_revision_numbers_db [None req-efee2c5c-67fc-4873-800d-187901d54838 a17693b07a9a41aaa132dd1f3eff8c33 6b953e84cd6d42a2846978ba8bbbf2dc - - default default] Successfully bumped revision number for resource 4a2bcb1b-4290-41b7-bd90-913af79a3f05 (type: security_group_rules) to 0
2026-04-16 12:26:23.100 7 INFO neutron.db.ovn_revision_numbers_db [None req-efee2c5c-67fc-4873-800d-187901d54838 a17693b07a9a41aaa132dd1f3eff8c33 6b953e84cd6d42a2846978ba8bbbf2dc - - default default] Successfully bumped revision number for resource 94be88ee-a366-4196-bf02-f22e4bf8e329 (type: security_group_rules) to 0
2026-04-16 12:26:23.121 7 INFO neutron.db.ovn_revision_numbers_db [None req-efee2c5c-67fc-4873-800d-187901d54838 a17693b07a9a41aaa132dd1f3eff8c33 6b953e84cd6d42a2846978ba8bbbf2dc - - default default] Successfully bumped revision number for resource c6a99704-3fd2-4aa7-82a4-8e92cc52d7bf (type: security_group_rules) to 0
2026-04-16 12:26:23.142 7 INFO neutron.db.ovn_revision_numbers_db [None req-efee2c5c-67fc-4873-800d-187901d54838 a17693b07a9a41aaa132dd1f3eff8c33 6b953e84cd6d42a2846978ba8bbbf2dc - - default default] Successfully bumped revision number for resource d7e7602e-78a0-4132-8c57-f46ae8ae55b3 (type: security_group_rules) to 0
2026-04-16 12:26:23.206 8 WARNING neutron.scheduler.dhcp_agent_scheduler [None req-ea45913b-ee43-49c4-84ab-06484164d5c6 9eca0fc6db374bef8db758aa53d2a238 90b78677a2bd4bd990975411f63f8d6a - - default default] No more DHCP agents
2026-04-16 12:26:23.208 8 WARNING neutron.api.rpc.agentnotifiers.dhcp_rpc_agent_api [None req-ea45913b-ee43-49c4-84ab-06484164d5c6 9eca0fc6db374bef8db758aa53d2a238 90b78677a2bd4bd990975411f63f8d6a - - default default] Unable to schedule network 4fa968eb-1453-45d6-912e-3e5fcf7fbdc6: no agents available; will retry on subsequent port and subnet creation events.
2026-04-16 12:26:23.252 7 INFO neutron.db.segments_db [None req-efee2c5c-67fc-4873-800d-187901d54838 a17693b07a9a41aaa132dd1f3eff8c33 6b953e84cd6d42a2846978ba8bbbf2dc - - default default] Added segment c4b30f44-f135-419b-8be5-6d77583261a2 of type geneve for network 3100eced-1b62-4b6b-b2fc-909a9163253d
2026-04-16 12:26:23.342 8 INFO neutron.db.ovn_revision_numbers_db [None req-ea45913b-ee43-49c4-84ab-06484164d5c6 9eca0fc6db374bef8db758aa53d2a238 90b78677a2bd4bd990975411f63f8d6a - - default default] Successfully bumped revision number for resource bfe5b1ef-2ec2-4955-9fba-caead6a6b9a6 (type: ports) to 1
2026-04-16 12:26:23.344 7 INFO neutron.plugins.ml2.drivers.ovn.mech_driver.mech_driver [None req-0efb2997-ad5e-45b4-b3c1-6de69305856c - - - - - -] OVN reports status down for port: bfe5b1ef-2ec2-4955-9fba-caead6a6b9a6
2026-04-16 12:26:23.536 7 INFO neutron.db.ovn_revision_numbers_db [None req-efee2c5c-67fc-4873-800d-187901d54838 a17693b07a9a41aaa132dd1f3eff8c33 6b953e84cd6d42a2846978ba8bbbf2dc - - default default] Successfully bumped revision number for resource 3100eced-1b62-4b6b-b2fc-909a9163253d (type: networks) to 1
2026-04-16 12:26:23.782 7 INFO neutron.db.ovn_revision_numbers_db [None req-8a9c544c-bf90-4f80-ab26-3284ccade92a - - - - - -] Successfully bumped revision number for resource ad254050-c7bf-401c-9460-6128e45e49f6 (type: ports) to 4
2026-04-16 12:26:23.864 7 WARNING neutron.scheduler.dhcp_agent_scheduler [None req-efee2c5c-67fc-4873-800d-187901d54838 a17693b07a9a41aaa132dd1f3eff8c33 6b953e84cd6d42a2846978ba8bbbf2dc - - default default] No more DHCP agents
2026-04-16 12:26:23.866 7 WARNING neutron.api.rpc.agentnotifiers.dhcp_rpc_agent_api [None req-efee2c5c-67fc-4873-800d-187901d54838 a17693b07a9a41aaa132dd1f3eff8c33 6b953e84cd6d42a2846978ba8bbbf2dc - - default default] Unable to schedule network 3100eced-1b62-4b6b-b2fc-909a9163253d: no agents available; will retry on subsequent port and subnet creation events.
2026-04-16 12:26:23.954 7 INFO neutron.plugins.ml2.drivers.ovn.mech_driver.mech_driver [None req-0efb2997-ad5e-45b4-b3c1-6de69305856c - - - - - -] OVN reports status down for port: 99e9e544-ff2f-4d83-b832-b59e9ec2ee04
2026-04-16 12:26:24.067 7 INFO neutron.db.ovn_revision_numbers_db [None req-efee2c5c-67fc-4873-800d-187901d54838 a17693b07a9a41aaa132dd1f3eff8c33 6b953e84cd6d42a2846978ba8bbbf2dc - - default default] Successfully bumped revision number for resource 99e9e544-ff2f-4d83-b832-b59e9ec2ee04 (type: ports) to 1
2026-04-16 12:26:24.111 8 WARNING neutron.scheduler.dhcp_agent_scheduler [None req-ea45913b-ee43-49c4-84ab-06484164d5c6 9eca0fc6db374bef8db758aa53d2a238 90b78677a2bd4bd990975411f63f8d6a - - default default] No more DHCP agents
2026-04-16 12:26:24.112 8 WARNING neutron.api.rpc.agentnotifiers.dhcp_rpc_agent_api [None req-ea45913b-ee43-49c4-84ab-06484164d5c6 9eca0fc6db374bef8db758aa53d2a238 90b78677a2bd4bd990975411f63f8d6a - - default default] Unable to schedule network 4fa968eb-1453-45d6-912e-3e5fcf7fbdc6: no agents available; will retry on subsequent port and subnet creation events. [pid: 7|app: 0|req: 406/872] 10.0.0.96 () {34 vars in 669 bytes} [Thu Apr 16 12:26:22 2026] POST /v2.0/networks => generated 667 bytes in 1552 msecs (HTTP/1.1 201) 4 headers in 162 bytes (1 switches on core 0)
2026-04-16 12:26:24.208 7 INFO neutron.pecan_wsgi.hooks.translation [None req-71365d96-78eb-41e4-9809-e0bf6744c417 654a906f6ef84c49ad327f49f47b28c0 b44c5af17aa94cb4832a36a35024a100 - - default default] DELETE failed (client error): The resource could not be found. [pid: 7|app: 0|req: 407/873] 10.0.0.96 () {32 vars in 723 bytes} [Thu Apr 16 12:26:24 2026] DELETE /v2.0/subnets/b37d094b-de37-4f24-808f-89ef3e89f34a => generated 136 bytes in 52 msecs (HTTP/1.1 404) 4 headers in 164 bytes (1 switches on core 0)
2026-04-16 12:26:24.220 7 INFO neutron.plugins.ml2.drivers.ovn.mech_driver.mech_driver [None req-0efb2997-ad5e-45b4-b3c1-6de69305856c - - - - - -] OVN reports status up for port: bfe5b1ef-2ec2-4955-9fba-caead6a6b9a6
2026-04-16 12:26:24.245 7 INFO neutron.plugins.ml2.plugin [None req-0efb2997-ad5e-45b4-b3c1-6de69305856c - - - - - -] Attempt 1 to provision port bfe5b1ef-2ec2-4955-9fba-caead6a6b9a6 [pid: 7|app: 0|req: 408/874] 10.0.0.96 () {32 vars in 773 bytes} [Thu Apr 16 12:26:24 2026] GET /v2.0/security-groups?tenant_id=75be2b1c5f4c431c80b3f30c11adc8d8&name=default => generated 2925 bytes in 176 msecs (HTTP/1.1 200) 4 headers in 158 bytes (1 switches on core 0)
2026-04-16 12:26:24.993 8 INFO neutron.db.ovn_revision_numbers_db [None req-ea45913b-ee43-49c4-84ab-06484164d5c6 9eca0fc6db374bef8db758aa53d2a238 90b78677a2bd4bd990975411f63f8d6a - - default default] Successfully bumped revision number for resource bfe5b1ef-2ec2-4955-9fba-caead6a6b9a6 (type: router_ports) to 1 [pid: 8|app: 0|req: 467/875] 10.0.0.96 () {34 vars in 782 bytes} [Thu Apr 16 12:26:22 2026] PUT /v2.0/routers/46055dff-d814-4572-ab7c-643779ee04be/add_router_interface => generated 309 bytes in 2214 msecs (HTTP/1.1 200) 4 headers in 157 bytes (1 switches on core 0)
2026-04-16 12:26:25.019 8 INFO neutron.pecan_wsgi.hooks.translation [None req-2cb3dbab-151a-42d3-b6be-61d506f6a407 654a906f6ef84c49ad327f49f47b28c0 b44c5af17aa94cb4832a36a35024a100 - - default default] DELETE failed (client error): The resource could not be found.
2026-04-16 12:26:25.021 7 INFO neutron.db.ovn_revision_numbers_db [None req-8a9c544c-bf90-4f80-ab26-3284ccade92a - - - - - -] Successfully bumped revision number for resource ad254050-c7bf-401c-9460-6128e45e49f6 (type: ports) to 5 [pid: 8|app: 0|req: 468/876] 10.0.0.96 () {32 vars in 725 bytes} [Thu Apr 16 12:26:24 2026] DELETE /v2.0/networks/89196ce0-4e3a-44b7-a0f6-7696388097e8 => generated 138 bytes in 26 msecs (HTTP/1.1 404) 4 headers in 164 bytes (1 switches on core 0) [pid: 8|app: 0|req: 469/877] 10.0.0.96 () {32 vars in 739 bytes} [Thu Apr 16 12:26:25 2026] DELETE /v2.0/security-groups/7cffdac3-7f54-4cb6-b563-6bc2d6982b36 => generated 0 bytes in 226 msecs (HTTP/1.1 204) 2 headers in 112 bytes (1 switches on core 0) [pid: 8|app: 0|req: 470/878] 10.0.0.96 () {32 vars in 723 bytes} [Thu Apr 16 12:26:25 2026] DELETE /v2.0/subnets/ce194ca8-ee38-45a9-b702-1b173028e906 => generated 0 bytes in 162 msecs (HTTP/1.1 204) 3 headers in 131 bytes (1 switches on core 0)
2026-04-16 12:26:25.552 8 INFO neutron_taas.services.taas.taas_plugin [None req-f3c75534-2ec9-4c5f-bae6-4bc3a977efed 654a906f6ef84c49ad327f49f47b28c0 b44c5af17aa94cb4832a36a35024a100 - - default default] TaaS: Handle Delete Port: 2a0eef0e-d843-4279-887a-a0f719abba02
2026-04-16 12:26:25.555 8 INFO neutron_taas.services.taas.tap_mirror_plugin [None req-f3c75534-2ec9-4c5f-bae6-4bc3a977efed 654a906f6ef84c49ad327f49f47b28c0 b44c5af17aa94cb4832a36a35024a100 - - default default] Tap Mirror: Handle Delete Port: 2a0eef0e-d843-4279-887a-a0f719abba02
2026-04-16 12:26:25.573 7 WARNING neutron.scheduler.dhcp_agent_scheduler [None req-0467b1fd-6156-4b8a-9aaf-db8c05f46e0e a17693b07a9a41aaa132dd1f3eff8c33 6b953e84cd6d42a2846978ba8bbbf2dc - - default default] No more DHCP agents
2026-04-16 12:26:25.577 7 WARNING neutron.api.rpc.agentnotifiers.dhcp_rpc_agent_api [None req-0467b1fd-6156-4b8a-9aaf-db8c05f46e0e a17693b07a9a41aaa132dd1f3eff8c33 6b953e84cd6d42a2846978ba8bbbf2dc - - default default] Unable to schedule network 3100eced-1b62-4b6b-b2fc-909a9163253d: no agents available; will retry on subsequent port and subnet creation events.
2026-04-16 12:26:25.685 8 INFO neutron.plugins.ml2.drivers.ovn.mech_driver.mech_driver [None req-b5829723-6eb8-4a29-94ca-9018490bc5de - - - - - -] OVN reports status down for port: 7e08d142-7aab-4a35-819a-ca6e469a1a19
2026-04-16 12:26:25.735 7 INFO neutron.db.ovn_revision_numbers_db [None req-0467b1fd-6156-4b8a-9aaf-db8c05f46e0e a17693b07a9a41aaa132dd1f3eff8c33 6b953e84cd6d42a2846978ba8bbbf2dc - - default default] Successfully bumped revision number for resource 7e08d142-7aab-4a35-819a-ca6e469a1a19 (type: ports) to 1 [pid: 7|app: 0|req: 409/879] 10.0.0.96 () {34 vars in 664 bytes} [Thu Apr 16 12:26:24 2026] POST /v2.0/ports => generated 779 bytes in 1481 msecs (HTTP/1.1 201) 4 headers in 162 bytes (1 switches on core 0) /var/lib/openstack/lib/python3.12/site-packages/pycadf/identifier.py:70: UserWarning: Invalid uuid: neutron. To ensure interoperability, identifiers should be a valid uuid. warnings.warn(('Invalid uuid: %s. To ensure interoperability, '
2026-04-16 12:26:25.874 7 INFO neutron.db.ovn_revision_numbers_db [None req-0efb2997-ad5e-45b4-b3c1-6de69305856c - - - - - -] Successfully bumped revision number for resource bfe5b1ef-2ec2-4955-9fba-caead6a6b9a6 (type: ports) to 2
2026-04-16 12:26:25.889 8 INFO neutron.services.segments.plugin [-] Segment cab21143-9661-4a10-a3f1-a54f8bd86996 resource provider aggregate not found
2026-04-16 12:26:25.895 8 INFO neutron.services.segments.plugin [-] Segment cab21143-9661-4a10-a3f1-a54f8bd86996 resource provider aggregate not found
2026-04-16 12:26:25.913 8 INFO neutron.services.segments.plugin [-] Segment cab21143-9661-4a10-a3f1-a54f8bd86996 resource provider not found; error: Placement Client Error (4xx): {"errors": [{"status": 404, "title": "Not Found", "detail": "The resource could not be found.\n\n No resource provider with uuid cab21143-9661-4a10-a3f1-a54f8bd86996 found for delete ", "request_id": "req-73f8df2b-e397-47bb-b280-d8569ed3690f"}]}
2026-04-16 12:26:25.922 8 INFO neutron.services.segments.plugin [-] Segment cab21143-9661-4a10-a3f1-a54f8bd86996 resource provider not found; error: Placement Client Error (4xx): {"errors": [{"status": 404, "title": "Not Found", "detail": "The resource could not be found.\n\n No resource provider with uuid cab21143-9661-4a10-a3f1-a54f8bd86996 found for delete ", "request_id": "req-e0edc633-7da4-434b-b77a-0925ec6db960"}]} [pid: 8|app: 0|req: 471/880] 10.0.0.96 () {32 vars in 725 bytes} [Thu Apr 16 12:26:25 2026] DELETE /v2.0/networks/5d05b3dc-addb-4c27-945b-668dce710e57 => generated 0 bytes in 539 msecs (HTTP/1.1 204) 3 headers in 131 bytes (1 switches on core 0)
2026-04-16 12:26:26.056 7 INFO neutron.db.ovn_revision_numbers_db [None req-154f943e-ba9d-47cc-862d-85520416217a 1fb83e84eea245379578c1e1361006af 5036788c88ff41e1b326e5a756375401 - - default default] Successfully bumped revision number for resource 7abeeaf8-a65d-495e-9e2b-51f400c0270f (type: security_groups) to 1
2026-04-16 12:26:26.058 8 INFO neutron.db.segments_db [None req-c3b9f30e-2193-43b5-8cd1-9bbf905569a1 a17693b07a9a41aaa132dd1f3eff8c33 6b953e84cd6d42a2846978ba8bbbf2dc - - default default] Added segment 6bfb3674-34bd-450e-8f44-e41c822ca615 of type geneve for network 9872ffe0-a9f4-4181-8750-7b39114e2fcb
2026-04-16 12:26:26.066 7 INFO neutron.db.ovn_revision_numbers_db [None req-154f943e-ba9d-47cc-862d-85520416217a 1fb83e84eea245379578c1e1361006af 5036788c88ff41e1b326e5a756375401 - - default default] Successfully bumped revision number for resource ae0deed9-865e-448e-bd11-b98036187b74 (type: security_group_rules) to 0
2026-04-16 12:26:26.079 7 INFO neutron.db.ovn_revision_numbers_db [None req-154f943e-ba9d-47cc-862d-85520416217a 1fb83e84eea245379578c1e1361006af 5036788c88ff41e1b326e5a756375401 - - default default] Successfully bumped revision number for resource b5d5a1fb-1fb6-40b9-9ccd-e00008b7c640 (type: security_group_rules) to 0 [pid: 7|app: 0|req: 410/881] 10.0.0.96 () {34 vars in 684 bytes} [Thu Apr 16 12:26:25 2026] POST /v2.0/security-groups => generated 1660 bytes in 240 msecs (HTTP/1.1 201) 4 headers in 163 bytes (1 switches on core 0)
2026-04-16 12:26:26.199 8 INFO neutron.db.ovn_revision_numbers_db [None req-c3b9f30e-2193-43b5-8cd1-9bbf905569a1 a17693b07a9a41aaa132dd1f3eff8c33 6b953e84cd6d42a2846978ba8bbbf2dc - - default default] Successfully bumped revision number for resource 9872ffe0-a9f4-4181-8750-7b39114e2fcb (type: networks) to 1
2026-04-16 12:26:26.279 7 INFO neutron.db.ovn_revision_numbers_db [None req-c85341fb-cb0c-4f22-9de3-a7ab732db49c 1fb83e84eea245379578c1e1361006af 5036788c88ff41e1b326e5a756375401 - - default default] Successfully bumped revision number for resource 2aa1ef2e-6af4-4adf-9bc2-599b473d8964 (type: security_group_rules) to 0 [pid: 7|app: 0|req: 411/882] 10.0.0.96 () {34 vars in 694 bytes} [Thu Apr 16 12:26:26 2026] POST /v2.0/security-group-rules => generated 597 bytes in 211 msecs (HTTP/1.1 201) 4 headers in 162 bytes (1 switches on core 0)
2026-04-16 12:26:26.369 8 WARNING neutron.scheduler.dhcp_agent_scheduler [None req-c3b9f30e-2193-43b5-8cd1-9bbf905569a1 a17693b07a9a41aaa132dd1f3eff8c33 6b953e84cd6d42a2846978ba8bbbf2dc - - default default] No more DHCP agents
2026-04-16 12:26:26.371 8 WARNING neutron.api.rpc.agentnotifiers.dhcp_rpc_agent_api [None req-c3b9f30e-2193-43b5-8cd1-9bbf905569a1 a17693b07a9a41aaa132dd1f3eff8c33 6b953e84cd6d42a2846978ba8bbbf2dc - - default default] Unable to schedule network 9872ffe0-a9f4-4181-8750-7b39114e2fcb: no agents available; will retry on subsequent port and subnet creation events.
2026-04-16 12:26:26.428 8 INFO neutron.plugins.ml2.drivers.ovn.mech_driver.mech_driver [None req-b5829723-6eb8-4a29-94ca-9018490bc5de - - - - - -] OVN reports status down for port: 553cb329-92f2-4ae9-8c5f-261d625672d5
2026-04-16 12:26:26.466 7 INFO neutron.db.ovn_revision_numbers_db [None req-330d52d0-25d4-483d-a1f9-cdb161083203 1fb83e84eea245379578c1e1361006af 5036788c88ff41e1b326e5a756375401 - - default default] Successfully bumped revision number for resource 0cd17453-e869-48b4-bcde-2cef370a3ddc (type: security_group_rules) to 0
2026-04-16 12:26:26.496 8 INFO neutron.db.ovn_revision_numbers_db [None req-c3b9f30e-2193-43b5-8cd1-9bbf905569a1 a17693b07a9a41aaa132dd1f3eff8c33 6b953e84cd6d42a2846978ba8bbbf2dc - - default default] Successfully bumped revision number for resource 553cb329-92f2-4ae9-8c5f-261d625672d5 (type: ports) to 1 [pid: 7|app: 0|req: 412/883] 10.0.0.96 () {34 vars in 694 bytes} [Thu Apr 16 12:26:26 2026] POST /v2.0/security-group-rules => generated 602 bytes in 168 msecs (HTTP/1.1 201) 4 headers in 162 bytes (1 switches on core 0) [pid: 8|app: 0|req: 472/884] 10.0.0.96 () {34 vars in 669 bytes} [Thu Apr 16 12:26:25 2026] POST /v2.0/networks => generated 654 bytes in 575 msecs (HTTP/1.1 201) 4 headers in 162 bytes (1 switches on core 0) [pid: 7|app: 0|req: 413/885] 10.0.0.96 () {32 vars in 773 bytes} [Thu Apr 16 12:26:26 2026] GET /v2.0/security-groups?tenant_id=b44c5af17aa94cb4832a36a35024a100&name=default => generated 2925 bytes in 185 msecs (HTTP/1.1 200) 4 headers in 158 bytes (1 switches on core 0)
2026-04-16 12:26:26.774 8 WARNING neutron.scheduler.dhcp_agent_scheduler [None req-e6a0836f-e3cf-474b-ac5a-7fb40cf80dea 1fb83e84eea245379578c1e1361006af 5036788c88ff41e1b326e5a756375401 - - default default] No more DHCP agents
2026-04-16 12:26:26.778 8 WARNING neutron.api.rpc.agentnotifiers.dhcp_rpc_agent_api [None req-e6a0836f-e3cf-474b-ac5a-7fb40cf80dea 1fb83e84eea245379578c1e1361006af 5036788c88ff41e1b326e5a756375401 - - default default] Unable to schedule network 9321a3bd-dfe0-440b-9caa-a5df3ed08cb8: no agents available; will retry on subsequent port and subnet creation events.
2026-04-16 12:26:26.923 7 WARNING neutron.scheduler.dhcp_agent_scheduler [None req-26b9de76-2fea-409b-92d2-ea4868837239 a17693b07a9a41aaa132dd1f3eff8c33 6b953e84cd6d42a2846978ba8bbbf2dc - - default default] No more DHCP agents
2026-04-16 12:26:26.928 7 WARNING neutron.api.rpc.agentnotifiers.dhcp_rpc_agent_api [None req-26b9de76-2fea-409b-92d2-ea4868837239 a17693b07a9a41aaa132dd1f3eff8c33 6b953e84cd6d42a2846978ba8bbbf2dc - - default default] Unable to schedule network 9872ffe0-a9f4-4181-8750-7b39114e2fcb: no agents available; will retry on subsequent port and subnet creation events.
2026-04-16 12:26:26.959 7 INFO neutron.db.ovn_revision_numbers_db [None req-26b9de76-2fea-409b-92d2-ea4868837239 a17693b07a9a41aaa132dd1f3eff8c33 6b953e84cd6d42a2846978ba8bbbf2dc - - default default] Successfully bumped revision number for resource f0551427-bf9d-4ace-920e-bd66858b241d (type: subnets) to 0 [pid: 7|app: 0|req: 414/886] 10.0.0.96 () {34 vars in 668 bytes} [Thu Apr 16 12:26:26 2026] POST /v2.0/subnets => generated 646 bytes in 289 msecs (HTTP/1.1 201) 4 headers in 162 bytes (1 switches on core 0) [pid: 8|app: 0|req: 473/887] 10.0.0.96 () {34 vars in 675 bytes} [Thu Apr 16 12:26:26 2026] POST /v2.0/floatingips => generated 552 bytes in 540 msecs (HTTP/1.1 201) 4 headers in 162 bytes (1 switches on core 0) [pid: 7|app: 0|req: 415/888] 10.0.0.96 () {32 vars in 739 bytes} [Thu Apr 16 12:26:26 2026] DELETE /v2.0/security-groups/99fd33ad-fa2e-4d10-b4a2-2e9fd72ff7fc => generated 0 bytes in 232 msecs (HTTP/1.1 204) 2 headers in 112 bytes (1 switches on core 0)
2026-04-16 12:26:27.356 8 WARNING neutron.scheduler.dhcp_agent_scheduler [None req-ff6651d9-f0fe-4c3c-931e-9276cbedc181 a17693b07a9a41aaa132dd1f3eff8c33 6b953e84cd6d42a2846978ba8bbbf2dc - - default default] No more DHCP agents
2026-04-16 12:26:27.357 8 WARNING neutron.api.rpc.agentnotifiers.dhcp_rpc_agent_api [None req-ff6651d9-f0fe-4c3c-931e-9276cbedc181 a17693b07a9a41aaa132dd1f3eff8c33 6b953e84cd6d42a2846978ba8bbbf2dc - - default default] Unable to schedule network 9872ffe0-a9f4-4181-8750-7b39114e2fcb: no agents available; will retry on subsequent port and subnet creation events.
2026-04-16 12:26:27.474 7 INFO neutron.db.ovn_revision_numbers_db [None req-7ae62c99-4c85-423a-82d2-fa7644b3f049 7863e9300637441a88a23a39d7085cf4 a2650852c5a44542bde5f13e00a220df - - default default] Successfully bumped revision number for resource dba297f2-0734-40e7-8e08-f5a70452c33a (type: security_groups) to 1
2026-04-16 12:26:27.490 7 INFO neutron.db.ovn_revision_numbers_db [None req-7ae62c99-4c85-423a-82d2-fa7644b3f049 7863e9300637441a88a23a39d7085cf4 a2650852c5a44542bde5f13e00a220df - - default default] Successfully bumped revision number for resource 04e2d263-8d1d-4dee-9094-626656553fbb (type: security_group_rules) to 0
2026-04-16 12:26:27.495 8 INFO neutron.db.ovn_revision_numbers_db [None req-ff6651d9-f0fe-4c3c-931e-9276cbedc181 a17693b07a9a41aaa132dd1f3eff8c33 6b953e84cd6d42a2846978ba8bbbf2dc - - default default] Successfully bumped revision number for resource 7af95b1b-39aa-4227-8678-a08e055843a5 (type: ports) to 1
2026-04-16 12:26:27.502 7 INFO neutron.db.ovn_revision_numbers_db [None req-7ae62c99-4c85-423a-82d2-fa7644b3f049 7863e9300637441a88a23a39d7085cf4 a2650852c5a44542bde5f13e00a220df - - default default] Successfully bumped revision number for resource 660d7e4a-1d6d-4008-b0f5-c37e4d8e7d70 (type: security_group_rules) to 0
2026-04-16 12:26:27.514 7 INFO neutron.db.ovn_revision_numbers_db [None req-7ae62c99-4c85-423a-82d2-fa7644b3f049 7863e9300637441a88a23a39d7085cf4 a2650852c5a44542bde5f13e00a220df - - default default] Successfully bumped revision number for resource 898b408c-d502-47c9-8e05-bc0ab90adfe5 (type: security_group_rules) to 0
2026-04-16 12:26:27.527 7 INFO neutron.db.ovn_revision_numbers_db [None req-7ae62c99-4c85-423a-82d2-fa7644b3f049 7863e9300637441a88a23a39d7085cf4 a2650852c5a44542bde5f13e00a220df - - default default] Successfully bumped revision number for resource ac7e503c-99f7-4f77-8f78-5016b3848689 (type: security_group_rules) to 0 [pid: 8|app: 0|req: 474/889] 10.0.0.96 () {34 vars in 664 bytes} [Thu Apr 16 12:26:27 2026] POST /v2.0/ports => generated 965 bytes in 486 msecs (HTTP/1.1 201) 4 headers in 162 bytes (1 switches on core 0) /var/lib/openstack/lib/python3.12/site-packages/pycadf/identifier.py:70: UserWarning: Invalid uuid: neutron. To ensure interoperability, identifiers should be a valid uuid. warnings.warn(('Invalid uuid: %s. To ensure interoperability, '
2026-04-16 12:26:27.597 7 INFO neutron.db.segments_db [None req-7ae62c99-4c85-423a-82d2-fa7644b3f049 7863e9300637441a88a23a39d7085cf4 a2650852c5a44542bde5f13e00a220df - - default default] Added segment c5824bae-906b-4a0d-aa3e-800aa1afccfa of type geneve for network 9b650970-7320-45de-8ee5-ca4851984702 [pid: 8|app: 0|req: 475/890] 10.0.0.198 () {34 vars in 1100 bytes} [Thu Apr 16 12:26:27 2026] GET /v2.0/security-groups?name=tempest-securitygroup--1272936836&fields=id&tenant_id=5036788c88ff41e1b326e5a756375401 => generated 69 bytes in 39 msecs (HTTP/1.1 200) 4 headers in 156 bytes (1 switches on core 0)
2026-04-16 12:26:27.683 7 INFO neutron.db.ovn_revision_numbers_db [None req-7ae62c99-4c85-423a-82d2-fa7644b3f049 7863e9300637441a88a23a39d7085cf4 a2650852c5a44542bde5f13e00a220df - - default default] Successfully bumped revision number for resource 9b650970-7320-45de-8ee5-ca4851984702 (type: networks) to 1
2026-04-16 12:26:27.763 8 INFO neutron_taas.services.taas.taas_plugin [None req-95179f93-d95b-4732-adff-6e3df1f5b8b4 a17693b07a9a41aaa132dd1f3eff8c33 6b953e84cd6d42a2846978ba8bbbf2dc - - default default] TaaS: Handle Delete Port: 7af95b1b-39aa-4227-8678-a08e055843a5
2026-04-16 12:26:27.766 8 INFO neutron_taas.services.taas.tap_mirror_plugin [None req-95179f93-d95b-4732-adff-6e3df1f5b8b4 a17693b07a9a41aaa132dd1f3eff8c33 6b953e84cd6d42a2846978ba8bbbf2dc - - default default] Tap Mirror: Handle Delete Port: 7af95b1b-39aa-4227-8678-a08e055843a5
2026-04-16 12:26:27.853 7 WARNING neutron.scheduler.dhcp_agent_scheduler [None req-7ae62c99-4c85-423a-82d2-fa7644b3f049 7863e9300637441a88a23a39d7085cf4 a2650852c5a44542bde5f13e00a220df - - default default] No more DHCP agents
2026-04-16 12:26:27.854 7 WARNING neutron.api.rpc.agentnotifiers.dhcp_rpc_agent_api [None req-7ae62c99-4c85-423a-82d2-fa7644b3f049 7863e9300637441a88a23a39d7085cf4 a2650852c5a44542bde5f13e00a220df - - default default] Unable to schedule network 9b650970-7320-45de-8ee5-ca4851984702: no agents available; will retry on subsequent port and subnet creation events. [pid: 8|app: 0|req: 476/891] 10.0.0.96 () {32 vars in 719 bytes} [Thu Apr 16 12:26:27 2026] DELETE /v2.0/ports/7af95b1b-39aa-4227-8678-a08e055843a5 => generated 0 bytes in 333 msecs (HTTP/1.1 204) 3 headers in 131 bytes (1 switches on core 0)
2026-04-16 12:26:27.960 8 INFO neutron.plugins.ml2.drivers.ovn.mech_driver.mech_driver [None req-b5829723-6eb8-4a29-94ca-9018490bc5de - - - - - -] OVN reports status down for port: 8472b45d-3a3b-4d26-8ad6-46b413c8785a
2026-04-16 12:26:27.970 7 INFO neutron.db.ovn_revision_numbers_db [None req-7ae62c99-4c85-423a-82d2-fa7644b3f049 7863e9300637441a88a23a39d7085cf4 a2650852c5a44542bde5f13e00a220df - - default default] Successfully bumped revision number for resource 8472b45d-3a3b-4d26-8ad6-46b413c8785a (type: ports) to 1 [pid: 7|app: 0|req: 416/892] 10.0.0.96 () {34 vars in 669 bytes} [Thu Apr 16 12:26:27 2026] POST /v2.0/networks => generated 664 bytes in 786 msecs (HTTP/1.1 201) 4 headers in 162 bytes (1 switches on core 0)
2026-04-16 12:26:28.007 7 INFO neutron.pecan_wsgi.hooks.translation [None req-d2555418-e4a8-41b4-bf9e-bbfcef60df06 a17693b07a9a41aaa132dd1f3eff8c33 6b953e84cd6d42a2846978ba8bbbf2dc - - default default] DELETE failed (client error): The resource could not be found. [pid: 7|app: 0|req: 417/893] 10.0.0.96 () {32 vars in 719 bytes} [Thu Apr 16 12:26:27 2026] DELETE /v2.0/ports/7af95b1b-39aa-4227-8678-a08e055843a5 => generated 132 bytes in 15 msecs (HTTP/1.1 404) 4 headers in 164 bytes (1 switches on core 0) [pid: 8|app: 0|req: 477/894] 10.0.0.198 () {34 vars in 982 bytes} [Thu Apr 16 12:26:27 2026] GET /v2.0/networks?id=4fa968eb-1453-45d6-912e-3e5fcf7fbdc6 => generated 708 bytes in 84 msecs (HTTP/1.1 200) 4 headers in 157 bytes (1 switches on core 0)
2026-04-16 12:26:28.043 8 INFO neutron.pecan_wsgi.hooks.translation [None req-4033a1f6-8af9-48ca-b3f6-7f83640fd0c9 a17693b07a9a41aaa132dd1f3eff8c33 6b953e84cd6d42a2846978ba8bbbf2dc - - default default] GET failed (client error): The resource could not be found. [pid: 8|app: 0|req: 478/895] 10.0.0.96 () {32 vars in 716 bytes} [Thu Apr 16 12:26:28 2026] GET /v2.0/ports/7af95b1b-39aa-4227-8678-a08e055843a5 => generated 132 bytes in 28 msecs (HTTP/1.1 404) 4 headers in 164 bytes (1 switches on core 0) [pid: 8|app: 0|req: 479/896] 10.0.0.198 () {34 vars in 965 bytes} [Thu Apr 16 12:26:28 2026] GET /v2.0/quotas/5036788c88ff41e1b326e5a756375401 => generated 292 bytes in 23 msecs (HTTP/1.1 200) 4 headers in 157 bytes (1 switches on core 0) [pid: 8|app: 0|req: 480/897] 10.0.0.96 () {32 vars in 723 bytes} [Thu Apr 16 12:26:28 2026] DELETE /v2.0/subnets/f0551427-bf9d-4ace-920e-bd66858b241d => generated 0 bytes in 127 msecs (HTTP/1.1 204) 3 headers in 131 bytes (1 switches on core 0) [pid: 8|app: 0|req: 481/898] 10.0.0.198 () {34 vars in 1002 bytes} [Thu Apr 16 12:26:28 2026] GET /v2.0/ports?tenant_id=5036788c88ff41e1b326e5a756375401&fields=id => generated 103 bytes in 62 msecs (HTTP/1.1 200) 4 headers in 157 bytes (1 switches on core 0)
2026-04-16 12:26:28.267 7 WARNING neutron.scheduler.dhcp_agent_scheduler [None req-c865c2bf-399e-4163-bed1-5aff9c64b3a7 7863e9300637441a88a23a39d7085cf4 a2650852c5a44542bde5f13e00a220df - - default default] No more DHCP agents
2026-04-16 12:26:28.269 7 WARNING neutron.api.rpc.agentnotifiers.dhcp_rpc_agent_api [None req-c865c2bf-399e-4163-bed1-5aff9c64b3a7 7863e9300637441a88a23a39d7085cf4 a2650852c5a44542bde5f13e00a220df - - default default] Unable to schedule network 9b650970-7320-45de-8ee5-ca4851984702: no agents available; will retry on subsequent port and subnet creation events.
2026-04-16 12:26:28.376 7 INFO neutron.db.ovn_revision_numbers_db [None req-c865c2bf-399e-4163-bed1-5aff9c64b3a7 7863e9300637441a88a23a39d7085cf4 a2650852c5a44542bde5f13e00a220df - - default default] Successfully bumped revision number for resource 79eebe84-c202-4a07-803e-cfbfb2eae912 (type: ports) to 1
2026-04-16 12:26:28.390 8 INFO neutron_taas.services.taas.taas_plugin [None req-bc31d73c-2f52-4a0d-b047-5b9c7af33f5c a17693b07a9a41aaa132dd1f3eff8c33 6b953e84cd6d42a2846978ba8bbbf2dc - - default default] TaaS: Handle Delete Port: 553cb329-92f2-4ae9-8c5f-261d625672d5
2026-04-16 12:26:28.393 8 INFO neutron_taas.services.taas.tap_mirror_plugin [None req-bc31d73c-2f52-4a0d-b047-5b9c7af33f5c a17693b07a9a41aaa132dd1f3eff8c33 6b953e84cd6d42a2846978ba8bbbf2dc - - default default] Tap Mirror: Handle Delete Port: 553cb329-92f2-4ae9-8c5f-261d625672d5 [pid: 7|app: 0|req: 418/899] 10.0.0.96 () {34 vars in 664 bytes} [Thu Apr 16 12:26:28 2026] POST /v2.0/ports => generated 775 bytes in 406 msecs (HTTP/1.1 201) 4 headers in 162 bytes (1 switches on core 0) /var/lib/openstack/lib/python3.12/site-packages/pycadf/identifier.py:70: UserWarning: Invalid uuid: neutron. To ensure interoperability, identifiers should be a valid uuid. warnings.warn(('Invalid uuid: %s. To ensure interoperability, ' [pid: 7|app: 0|req: 419/900] 10.0.0.198 () {34 vars in 1008 bytes} [Thu Apr 16 12:26:28 2026] GET /v2.0/networks/4fa968eb-1453-45d6-912e-3e5fcf7fbdc6?fields=segments => generated 14 bytes in 33 msecs (HTTP/1.1 200) 4 headers in 156 bytes (1 switches on core 0)
2026-04-16 12:26:28.543 7 INFO neutron.db.segments_db [None req-c93d33c2-eb45-440e-8c74-678784e822e7 7863e9300637441a88a23a39d7085cf4 a2650852c5a44542bde5f13e00a220df - - default default] Added segment 0b907011-0b07-4955-b9b7-aae7725a94b1 of type geneve for network 17f31b74-d3cc-4b87-aa7e-c1e040c2e54e
2026-04-16 12:26:28.566 8 INFO neutron.services.segments.plugin [-] Segment 6bfb3674-34bd-450e-8f44-e41c822ca615 resource provider aggregate not found
2026-04-16 12:26:28.572 8 INFO neutron.services.segments.plugin [-] Segment 6bfb3674-34bd-450e-8f44-e41c822ca615 resource provider aggregate not found
2026-04-16 12:26:28.588 8 INFO neutron.services.segments.plugin [-] Segment 6bfb3674-34bd-450e-8f44-e41c822ca615 resource provider not found; error: Placement Client Error (4xx): {"errors": [{"status": 404, "title": "Not Found", "detail": "The resource could not be found.\n\n No resource provider with uuid 6bfb3674-34bd-450e-8f44-e41c822ca615 found for delete ", "request_id": "req-3ce59f3d-43c9-473b-8f20-5b09d585f5a5"}]}
