2026-04-16 12:29:27.487 7 INFO neutron.db.ovn_revision_numbers_db [None req-d2ed86cc-9c1f-4138-a606-384e7716d848 9eca0fc6db374bef8db758aa53d2a238 90b78677a2bd4bd990975411f63f8d6a - - default default] Successfully bumped revision number for resource 19181dbe-f862-4395-acf4-9ca018f6e64e (type: security_group_rules) to 0
2026-04-16 12:29:27.499 7 INFO neutron.db.ovn_revision_numbers_db [None req-d2ed86cc-9c1f-4138-a606-384e7716d848 9eca0fc6db374bef8db758aa53d2a238 90b78677a2bd4bd990975411f63f8d6a - - default default] Successfully bumped revision number for resource c3e0e796-e2bb-4710-9ec7-89bb6074b1bd (type: security_group_rules) to 0
2026-04-16 12:29:27.511 7 INFO neutron.db.ovn_revision_numbers_db [None req-d2ed86cc-9c1f-4138-a606-384e7716d848 9eca0fc6db374bef8db758aa53d2a238 90b78677a2bd4bd990975411f63f8d6a - - default default] Successfully bumped revision number for resource c5cfe18b-8e45-48dd-a939-4e8d54823e2c (type: security_group_rules) to 0
2026-04-16 12:29:27.582 7 INFO neutron.db.segments_db [None req-d2ed86cc-9c1f-4138-a606-384e7716d848 9eca0fc6db374bef8db758aa53d2a238 90b78677a2bd4bd990975411f63f8d6a - - default default] Added segment 4db43e85-4039-4914-ad68-1e3a2930c512 of type geneve for network 2f52feb5-8259-447e-829b-e1da171edbfd
2026-04-16 12:29:27.698 7 INFO neutron.db.ovn_revision_numbers_db [None req-d2ed86cc-9c1f-4138-a606-384e7716d848 9eca0fc6db374bef8db758aa53d2a238 90b78677a2bd4bd990975411f63f8d6a - - default default] Successfully bumped revision number for resource 2f52feb5-8259-447e-829b-e1da171edbfd (type: networks) to 1
2026-04-16 12:29:27.827 7 WARNING neutron.scheduler.dhcp_agent_scheduler [None req-d2ed86cc-9c1f-4138-a606-384e7716d848 9eca0fc6db374bef8db758aa53d2a238 90b78677a2bd4bd990975411f63f8d6a - - default default] No more DHCP agents
2026-04-16 12:29:27.829 7 WARNING neutron.api.rpc.agentnotifiers.dhcp_rpc_agent_api [None req-d2ed86cc-9c1f-4138-a606-384e7716d848 9eca0fc6db374bef8db758aa53d2a238 90b78677a2bd4bd990975411f63f8d6a - - default default] Unable to schedule network 2f52feb5-8259-447e-829b-e1da171edbfd: no agents available; will retry on subsequent port and subnet creation events.
2026-04-16 12:29:27.886 8 INFO neutron.plugins.ml2.drivers.ovn.mech_driver.mech_driver [None req-fdf84ff7-7407-4d09-94b8-da75fea4fed3 - - - - - -] OVN reports status down for port: a517c6d6-f758-4cbb-8574-5151f19b2d3c
2026-04-16 12:29:27.909 7 INFO neutron.db.ovn_revision_numbers_db [None req-d2ed86cc-9c1f-4138-a606-384e7716d848 9eca0fc6db374bef8db758aa53d2a238 90b78677a2bd4bd990975411f63f8d6a - - default default] Successfully bumped revision number for resource a517c6d6-f758-4cbb-8574-5151f19b2d3c (type: ports) to 1 [pid: 7|app: 0|req: 1022/2096] 10.0.0.96 () {34 vars in 670 bytes} [Thu Apr 16 12:29:27 2026] POST /v2.0/networks => generated 762 bytes in 634 msecs (HTTP/1.1 201) 4 headers in 162 bytes (1 switches on core 0)
2026-04-16 12:29:28.098 8 WARNING neutron.scheduler.dhcp_agent_scheduler [None req-e3c502ae-9b21-45ac-84dd-4dc2535c51de 9eca0fc6db374bef8db758aa53d2a238 90b78677a2bd4bd990975411f63f8d6a - - default default] No more DHCP agents
2026-04-16 12:29:28.099 8 WARNING neutron.api.rpc.agentnotifiers.dhcp_rpc_agent_api [None req-e3c502ae-9b21-45ac-84dd-4dc2535c51de 9eca0fc6db374bef8db758aa53d2a238 90b78677a2bd4bd990975411f63f8d6a - - default default] Unable to schedule network 2f52feb5-8259-447e-829b-e1da171edbfd: no agents available; will retry on subsequent port and subnet creation events.
2026-04-16 12:29:28.544 8 INFO neutron.db.ovn_revision_numbers_db [None req-e75c4cb5-3dad-475a-96f6-b3b06373a6a6 - - - - - -] Successfully bumped revision number for resource a517c6d6-f758-4cbb-8574-5151f19b2d3c (type: ports) to 2
2026-04-16 12:29:28.575 8 INFO neutron.db.ovn_revision_numbers_db [None req-e75c4cb5-3dad-475a-96f6-b3b06373a6a6 - - - - - -] Successfully bumped revision number for resource bb50a8d1-8fa8-49ff-a9a6-1b1ec7d443fc (type: subnets) to 0 [pid: 8|app: 0|req: 1075/2097] 10.0.0.96 () {34 vars in 668 bytes} [Thu Apr 16 12:29:27 2026] POST /v2.0/subnets => generated 687 bytes in 653 msecs (HTTP/1.1 201) 4 headers in 162 bytes (1 switches on core 0)
2026-04-16 12:29:28.983 7 WARNING neutron.scheduler.dhcp_agent_scheduler [None req-605ebe80-fc77-4be2-b8c9-08249b351c24 9eca0fc6db374bef8db758aa53d2a238 90b78677a2bd4bd990975411f63f8d6a - - default default] No more DHCP agents
2026-04-16 12:29:28.985 7 WARNING neutron.api.rpc.agentnotifiers.dhcp_rpc_agent_api [None req-605ebe80-fc77-4be2-b8c9-08249b351c24 9eca0fc6db374bef8db758aa53d2a238 90b78677a2bd4bd990975411f63f8d6a - - default default] Unable to schedule network 9321a3bd-dfe0-440b-9caa-a5df3ed08cb8: no agents available; will retry on subsequent port and subnet creation events.
2026-04-16 12:29:29.098 8 INFO neutron.plugins.ml2.drivers.ovn.mech_driver.mech_driver [None req-fdf84ff7-7407-4d09-94b8-da75fea4fed3 - - - - - -] OVN reports status down for port: 9cfc7598-7fff-4949-a69f-1f097fafd764
2026-04-16 12:29:29.129 7 INFO neutron.db.ovn_revision_numbers_db [None req-605ebe80-fc77-4be2-b8c9-08249b351c24 9eca0fc6db374bef8db758aa53d2a238 90b78677a2bd4bd990975411f63f8d6a - - default default] Successfully bumped revision number for resource 9cfc7598-7fff-4949-a69f-1f097fafd764 (type: ports) to 1
2026-04-16 12:29:29.705 7 INFO neutron.plugins.ml2.drivers.ovn.mech_driver.ovsdb.commands [None req-28612474-cf37-4671-820b-6058494b464b - - - - - -] Schedule LRP lrp-9cfc7598-7fff-4949-a69f-1f097fafd764 on gateway 0e929e0b-0aef-4cc3-81a3-f0b3435867b3 with priority 1
2026-04-16 12:29:29.744 8 INFO neutron.plugins.ml2.drivers.ovn.mech_driver.ovsdb.ovsdb_monitor [None req-ae692d2c-bae0-4149-8265-f43c396d3d18 - - - - - -] Router bc02b1d7-48e5-47c8-877c-87ac036867c9 is bound to host instance
2026-04-16 12:29:29.756 8 INFO neutron.plugins.ml2.drivers.ovn.mech_driver.mech_driver [None req-fdf84ff7-7407-4d09-94b8-da75fea4fed3 - - - - - -] OVN reports status up for port: 9cfc7598-7fff-4949-a69f-1f097fafd764
2026-04-16 12:29:29.770 7 INFO neutron.db.ovn_revision_numbers_db [None req-605ebe80-fc77-4be2-b8c9-08249b351c24 9eca0fc6db374bef8db758aa53d2a238 90b78677a2bd4bd990975411f63f8d6a - - default default] Successfully bumped revision number for resource 9cfc7598-7fff-4949-a69f-1f097fafd764 (type: router_ports) to 1
2026-04-16 12:29:29.793 8 INFO neutron.plugins.ml2.plugin [None req-fdf84ff7-7407-4d09-94b8-da75fea4fed3 - - - - - -] Attempt 1 to provision port 9cfc7598-7fff-4949-a69f-1f097fafd764
2026-04-16 12:29:29.834 7 INFO neutron.db.ovn_revision_numbers_db [None req-605ebe80-fc77-4be2-b8c9-08249b351c24 9eca0fc6db374bef8db758aa53d2a238 90b78677a2bd4bd990975411f63f8d6a - - default default] Successfully bumped revision number for resource bc02b1d7-48e5-47c8-877c-87ac036867c9 (type: routers) to 2 [pid: 7|app: 0|req: 1023/2098] 10.0.0.96 () {34 vars in 668 bytes} [Thu Apr 16 12:29:28 2026] POST /v2.0/routers => generated 965 bytes in 1253 msecs (HTTP/1.1 201) 4 headers in 162 bytes (1 switches on core 0)
2026-04-16 12:29:30.302 7 INFO neutron.db.ovn_revision_numbers_db [None req-2a2fb4c4-8d80-4b6e-8828-03d7b889df00 9eca0fc6db374bef8db758aa53d2a238 90b78677a2bd4bd990975411f63f8d6a - - default default] Successfully bumped revision number for resource ec400717-038c-4692-a754-1a7d4bc7b78d (type: security_groups) to 1
2026-04-16 12:29:30.314 7 INFO neutron.db.ovn_revision_numbers_db [None req-2a2fb4c4-8d80-4b6e-8828-03d7b889df00 9eca0fc6db374bef8db758aa53d2a238 90b78677a2bd4bd990975411f63f8d6a - - default default] Successfully bumped revision number for resource 30bc8ac5-cb0c-4ba0-a845-e053deb6ea9a (type: security_group_rules) to 0
2026-04-16 12:29:30.324 7 INFO neutron.db.ovn_revision_numbers_db [None req-2a2fb4c4-8d80-4b6e-8828-03d7b889df00 9eca0fc6db374bef8db758aa53d2a238 90b78677a2bd4bd990975411f63f8d6a - - default default] Successfully bumped revision number for resource 5238cd7a-0411-45f1-97c9-b3dab349874e (type: security_group_rules) to 0
2026-04-16 12:29:30.335 7 INFO neutron.db.ovn_revision_numbers_db [None req-2a2fb4c4-8d80-4b6e-8828-03d7b889df00 9eca0fc6db374bef8db758aa53d2a238 90b78677a2bd4bd990975411f63f8d6a - - default default] Successfully bumped revision number for resource 862bbc00-a6c6-4245-9941-0dae274b3cbe (type: security_group_rules) to 0
2026-04-16 12:29:30.345 7 INFO neutron.db.ovn_revision_numbers_db [None req-2a2fb4c4-8d80-4b6e-8828-03d7b889df00 9eca0fc6db374bef8db758aa53d2a238 90b78677a2bd4bd990975411f63f8d6a - - default default] Successfully bumped revision number for resource f8a6f6de-cae4-4d9f-89c9-fd957d612c19 (type: security_group_rules) to 0 [pid: 7|app: 0|req: 1024/2099] 10.0.0.96 () {32 vars in 773 bytes} [Thu Apr 16 12:29:30 2026] GET /v2.0/security-groups?tenant_id=b6ab855672954ad19dd9b2e446583486&name=default => generated 2925 bytes in 352 msecs (HTTP/1.1 200) 4 headers in 158 bytes (1 switches on core 0) [pid: 7|app: 0|req: 1025/2100] 10.0.0.96 () {32 vars in 739 bytes} [Thu Apr 16 12:29:30 2026] DELETE /v2.0/security-groups/ec400717-038c-4692-a754-1a7d4bc7b78d => generated 0 bytes in 199 msecs (HTTP/1.1 204) 2 headers in 112 bytes (1 switches on core 0)
2026-04-16 12:29:30.701 8 WARNING neutron.scheduler.dhcp_agent_scheduler [None req-4b751d91-e067-44ec-a6a9-a0518fecd58d 9eca0fc6db374bef8db758aa53d2a238 90b78677a2bd4bd990975411f63f8d6a - - default default] No more DHCP agents
2026-04-16 12:29:30.702 8 WARNING neutron.api.rpc.agentnotifiers.dhcp_rpc_agent_api [None req-4b751d91-e067-44ec-a6a9-a0518fecd58d 9eca0fc6db374bef8db758aa53d2a238 90b78677a2bd4bd990975411f63f8d6a - - default default] Unable to schedule network 2f52feb5-8259-447e-829b-e1da171edbfd: no agents available; will retry on subsequent port and subnet creation events.
2026-04-16 12:29:30.924 8 INFO neutron.db.ovn_revision_numbers_db [None req-4b751d91-e067-44ec-a6a9-a0518fecd58d 9eca0fc6db374bef8db758aa53d2a238 90b78677a2bd4bd990975411f63f8d6a - - default default] Successfully bumped revision number for resource d5df087c-a910-4f82-a420-359a55fa1bae (type: ports) to 1
2026-04-16 12:29:31.244 8 INFO neutron.db.ovn_revision_numbers_db [None req-0dde92a8-8a89-4f89-b0a7-3d3018679ef7 - - - - - -] Successfully bumped revision number for resource 9cfc7598-7fff-4949-a69f-1f097fafd764 (type: ports) to 4
2026-04-16 12:29:31.848 8 INFO neutron.db.ovn_revision_numbers_db [None req-0dde92a8-8a89-4f89-b0a7-3d3018679ef7 - - - - - -] Successfully bumped revision number for resource 9cfc7598-7fff-4949-a69f-1f097fafd764 (type: ports) to 5
2026-04-16 12:29:32.049 8 WARNING neutron.scheduler.dhcp_agent_scheduler [None req-4b751d91-e067-44ec-a6a9-a0518fecd58d 9eca0fc6db374bef8db758aa53d2a238 90b78677a2bd4bd990975411f63f8d6a - - default default] No more DHCP agents
2026-04-16 12:29:32.051 8 WARNING neutron.api.rpc.agentnotifiers.dhcp_rpc_agent_api [None req-4b751d91-e067-44ec-a6a9-a0518fecd58d 9eca0fc6db374bef8db758aa53d2a238 90b78677a2bd4bd990975411f63f8d6a - - default default] Unable to schedule network 2f52feb5-8259-447e-829b-e1da171edbfd: no agents available; will retry on subsequent port and subnet creation events.
2026-04-16 12:29:32.119 7 WARNING neutron.plugins.ml2.drivers.ovn.mech_driver.ovsdb.ovn_client [None req-d017b1fd-c925-408f-a3cc-d813c4245656 - - - - - -] No hosting information found for port 2c719b3a-e0a9-4cb1-a36a-d73a47ba0405: RuntimeError: No hosting information found for port 2c719b3a-e0a9-4cb1-a36a-d73a47ba0405
2026-04-16 12:29:32.189 7 INFO neutron.db.ovn_revision_numbers_db [None req-d017b1fd-c925-408f-a3cc-d813c4245656 - - - - - -] Successfully bumped revision number for resource 2c719b3a-e0a9-4cb1-a36a-d73a47ba0405 (type: router_ports) to 2
2026-04-16 12:29:32.189 7 INFO neutron.plugins.ml2.drivers.ovn.mech_driver.mech_driver [None req-d017b1fd-c925-408f-a3cc-d813c4245656 - - - - - -] OVN reports status down for port: d5df087c-a910-4f82-a420-359a55fa1bae
2026-04-16 12:29:32.239 7 WARNING neutron.plugins.ml2.drivers.ovn.mech_driver.ovsdb.ovn_client [None req-d017b1fd-c925-408f-a3cc-d813c4245656 - - - - - -] Logical_Switch_Port %s host information not removed, the port state is up
2026-04-16 12:29:32.240 7 INFO neutron.plugins.ml2.drivers.ovn.mech_driver.mech_driver [None req-d017b1fd-c925-408f-a3cc-d813c4245656 - - - - - -] OVN reports status up for port: d5df087c-a910-4f82-a420-359a55fa1bae
2026-04-16 12:29:32.249 7 INFO neutron.plugins.ml2.plugin [None req-d017b1fd-c925-408f-a3cc-d813c4245656 - - - - - -] Attempt 1 to provision port d5df087c-a910-4f82-a420-359a55fa1bae
2026-04-16 12:29:32.486 8 INFO neutron.db.ovn_revision_numbers_db [None req-4b751d91-e067-44ec-a6a9-a0518fecd58d 9eca0fc6db374bef8db758aa53d2a238 90b78677a2bd4bd990975411f63f8d6a - - default default] Successfully bumped revision number for resource d5df087c-a910-4f82-a420-359a55fa1bae (type: router_ports) to 1 [pid: 8|app: 0|req: 1076/2101] 10.0.0.96 () {34 vars in 782 bytes} [Thu Apr 16 12:29:29 2026] PUT /v2.0/routers/bc02b1d7-48e5-47c8-877c-87ac036867c9/add_router_interface => generated 309 bytes in 2636 msecs (HTTP/1.1 200) 4 headers in 157 bytes (1 switches on core 0)
2026-04-16 12:29:32.683 7 INFO neutron.db.ovn_revision_numbers_db [None req-d017b1fd-c925-408f-a3cc-d813c4245656 - - - - - -] Successfully bumped revision number for resource d5df087c-a910-4f82-a420-359a55fa1bae (type: ports) to 2
2026-04-16 12:29:33.205 7 INFO neutron.db.ovn_revision_numbers_db [None req-8b2bbdd5-5ea6-4290-81d9-e9bf4362e4cb 870f01c417964cb9bd1a3b8a482b3e62 582b8cfd76df41a09b930a81fc344892 - - default default] Successfully bumped revision number for resource 863324a4-2757-4af6-b5dc-d7faf48ac2b6 (type: security_groups) to 1
2026-04-16 12:29:33.213 7 INFO neutron.db.ovn_revision_numbers_db [None req-8b2bbdd5-5ea6-4290-81d9-e9bf4362e4cb 870f01c417964cb9bd1a3b8a482b3e62 582b8cfd76df41a09b930a81fc344892 - - default default] Successfully bumped revision number for resource 8ccaba57-d77d-461d-b14e-de9611f86233 (type: security_group_rules) to 0
2026-04-16 12:29:33.223 7 INFO neutron.db.ovn_revision_numbers_db [None req-8b2bbdd5-5ea6-4290-81d9-e9bf4362e4cb 870f01c417964cb9bd1a3b8a482b3e62 582b8cfd76df41a09b930a81fc344892 - - default default] Successfully bumped revision number for resource a06364c4-2f73-4e8f-b887-5d5f3c05470a (type: security_group_rules) to 0 [pid: 7|app: 0|req: 1026/2102] 10.0.0.96 () {34 vars in 684 bytes} [Thu Apr 16 12:29:33 2026] POST /v2.0/security-groups => generated 1675 bytes in 162 msecs (HTTP/1.1 201) 4 headers in 163 bytes (1 switches on core 0)
2026-04-16 12:29:33.384 8 INFO neutron.db.ovn_revision_numbers_db [None req-0389d147-f40c-4120-baa7-68ac8da762eb 870f01c417964cb9bd1a3b8a482b3e62 582b8cfd76df41a09b930a81fc344892 - - default default] Successfully bumped revision number for resource 6aeb2780-a8a7-4e79-b510-7ca87560be38 (type: security_group_rules) to 0 [pid: 8|app: 0|req: 1077/2103] 10.0.0.96 () {34 vars in 694 bytes} [Thu Apr 16 12:29:33 2026] POST /v2.0/security-group-rules => generated 597 bytes in 171 msecs (HTTP/1.1 201) 4 headers in 162 bytes (1 switches on core 0) [pid: 7|app: 0|req: 1027/2104] 10.0.0.3 () {28 vars in 617 bytes} [Thu Apr 16 12:29:33 2026] GET /v2.0/network-ip-availabilities => generated 2046 bytes in 200 msecs (HTTP/1.1 200) 4 headers in 158 bytes (1 switches on core 0) [pid: 7|app: 0|req: 1028/2105] 10.0.0.3 () {28 vars in 583 bytes} [Thu Apr 16 12:29:33 2026] GET /v2.0/networks => generated 3878 bytes in 62 msecs (HTTP/1.1 200) 4 headers in 158 bytes (1 switches on core 0)
2026-04-16 12:29:33.587 8 INFO neutron.db.ovn_revision_numbers_db [None req-14de9522-0753-453a-b135-ded1a3f128ca 870f01c417964cb9bd1a3b8a482b3e62 582b8cfd76df41a09b930a81fc344892 - - default default] Successfully bumped revision number for resource bfd348df-1772-4924-8ea5-59df0a91bea2 (type: security_group_rules) to 0 [pid: 7|app: 0|req: 1029/2106] 10.0.0.3 () {28 vars in 581 bytes} [Thu Apr 16 12:29:33 2026] GET /v2.0/subnets => generated 2663 bytes in 40 msecs (HTTP/1.1 200) 4 headers in 158 bytes (1 switches on core 0) [pid: 8|app: 0|req: 1078/2107] 10.0.0.96 () {34 vars in 694 bytes} [Thu Apr 16 12:29:33 2026] POST /v2.0/security-group-rules => generated 596 bytes in 179 msecs (HTTP/1.1 201) 4 headers in 162 bytes (1 switches on core 0) [pid: 8|app: 0|req: 1079/2108] 10.0.0.3 () {28 vars in 577 bytes} [Thu Apr 16 12:29:33 2026] GET /v2.0/ports => generated 11621 bytes in 64 msecs (HTTP/1.1 200) 4 headers in 159 bytes (1 switches on core 0) [pid: 8|app: 0|req: 1080/2109] 10.0.0.3 () {28 vars in 579 bytes} [Thu Apr 16 12:29:33 2026] GET /v2.0/agents => generated 1214 bytes in 11 msecs (HTTP/1.1 200) 4 headers in 158 bytes (1 switches on core 0) [pid: 8|app: 0|req: 1081/2110] 10.0.0.3 () {28 vars in 581 bytes} [Thu Apr 16 12:29:33 2026] GET /v2.0/subnets => generated 2663 bytes in 27 msecs (HTTP/1.1 200) 4 headers in 158 bytes (1 switches on core 0) [pid: 8|app: 0|req: 1082/2111] 10.0.0.3 () {28 vars in 589 bytes} [Thu Apr 16 12:29:33 2026] GET /v2.0/subnetpools => generated 19 bytes in 15 msecs (HTTP/1.1 200) 4 headers in 156 bytes (1 switches on core 0)
2026-04-16 12:29:33.755 7 INFO neutron.db.ovn_revision_numbers_db [None req-d9837977-92e5-41fe-83e7-761d4b232fb6 870f01c417964cb9bd1a3b8a482b3e62 582b8cfd76df41a09b930a81fc344892 - - default default] Successfully bumped revision number for resource c70e050c-e4c9-4d62-9244-d52a0bbf5c0d (type: security_group_rules) to 0 [pid: 7|app: 0|req: 1030/2112] 10.0.0.96 () {34 vars in 694 bytes} [Thu Apr 16 12:29:33 2026] POST /v2.0/security-group-rules => generated 602 bytes in 159 msecs (HTTP/1.1 201) 4 headers in 162 bytes (1 switches on core 0) [pid: 8|app: 0|req: 1083/2113] 10.0.0.3 () {28 vars in 597 bytes} [Thu Apr 16 12:29:33 2026] GET /v2.0/security-groups => generated 26694 bytes in 37 msecs (HTTP/1.1 200) 4 headers in 159 bytes (1 switches on core 0) [pid: 8|app: 0|req: 1084/2114] 10.0.0.3 () {28 vars in 589 bytes} [Thu Apr 16 12:29:33 2026] GET /v2.0/floatingips => generated 19 bytes in 16 msecs (HTTP/1.1 200) 4 headers in 156 bytes (1 switches on core 0) [pid: 8|app: 0|req: 1085/2115] 10.0.0.3 () {28 vars in 581 bytes} [Thu Apr 16 12:29:33 2026] GET /v2.0/routers => generated 1936 bytes in 58 msecs (HTTP/1.1 200) 4 headers in 158 bytes (1 switches on core 0) [pid: 8|app: 0|req: 1086/2116] 10.0.0.3 () {28 vars in 622 bytes} [Thu Apr 16 12:29:33 2026] GET /v2.0/agents?binary=ovn-controller => generated 416 bytes in 11 msecs (HTTP/1.1 200) 4 headers in 157 bytes (1 switches on core 0)
2026-04-16 12:29:33.922 7 INFO neutron.db.ovn_revision_numbers_db [None req-2576535c-7d22-4be2-bfa9-5be9e83f1630 870f01c417964cb9bd1a3b8a482b3e62 582b8cfd76df41a09b930a81fc344892 - - default default] Successfully bumped revision number for resource fe3d2a1e-d321-45f2-a729-8fafa4e36831 (type: security_group_rules) to 0 [pid: 7|app: 0|req: 1031/2117] 10.0.0.96 () {34 vars in 694 bytes} [Thu Apr 16 12:29:33 2026] POST /v2.0/security-group-rules => generated 601 bytes in 167 msecs (HTTP/1.1 201) 4 headers in 162 bytes (1 switches on core 0)
2026-04-16 12:29:33.989 8 INFO neutron.db.securitygroups_db [None req-d02ea063-193f-4189-bec0-fee57773198f 870f01c417964cb9bd1a3b8a482b3e62 582b8cfd76df41a09b930a81fc344892 - - default default] Project 582b8cfd76df41a09b930a81fc344892 added a security group rule with legacy IPv6 ICMP protocol name icmp, ipv6-icmp should be used instead. It was automatically converted.
2026-04-16 12:29:34.095 8 INFO neutron.db.ovn_revision_numbers_db [None req-d02ea063-193f-4189-bec0-fee57773198f 870f01c417964cb9bd1a3b8a482b3e62 582b8cfd76df41a09b930a81fc344892 - - default default] Successfully bumped revision number for resource f27ddf20-d774-4cee-8ce5-5d29655d4c14 (type: security_group_rules) to 0 [pid: 8|app: 0|req: 1087/2118] 10.0.0.96 () {34 vars in 694 bytes} [Thu Apr 16 12:29:33 2026] POST /v2.0/security-group-rules => generated 607 bytes in 169 msecs (HTTP/1.1 201) 4 headers in 162 bytes (1 switches on core 0)
2026-04-16 12:29:34.162 7 INFO neutron.db.securitygroups_db [None req-0b8605df-fbc3-4c8e-8123-d6ccd3b2e47a 870f01c417964cb9bd1a3b8a482b3e62 582b8cfd76df41a09b930a81fc344892 - - default default] Project 582b8cfd76df41a09b930a81fc344892 added a security group rule with legacy IPv6 ICMP protocol name icmp, ipv6-icmp should be used instead. It was automatically converted.
2026-04-16 12:29:34.274 7 INFO neutron.db.ovn_revision_numbers_db [None req-0b8605df-fbc3-4c8e-8123-d6ccd3b2e47a 870f01c417964cb9bd1a3b8a482b3e62 582b8cfd76df41a09b930a81fc344892 - - default default] Successfully bumped revision number for resource 45ca0054-9de9-4d4e-90ed-8d2fde7f1672 (type: security_group_rules) to 0 [pid: 7|app: 0|req: 1032/2119] 10.0.0.96 () {34 vars in 694 bytes} [Thu Apr 16 12:29:34 2026] POST /v2.0/security-group-rules => generated 606 bytes in 169 msecs (HTTP/1.1 201) 4 headers in 162 bytes (1 switches on core 0)
2026-04-16 12:29:34.613 8 INFO neutron.db.ovn_revision_numbers_db [None req-0c3446f7-8586-4a93-ad93-6289a3ffa188 3cb0188fe39441b6b54c04e456ff163c 4851b4aa5b8344a0b6dabb313e418d55 - - default default] Successfully bumped revision number for resource ec62a0bc-fd63-4beb-93e8-1a2be42c8a02 (type: security_groups) to 1
2026-04-16 12:29:34.624 8 INFO neutron.db.ovn_revision_numbers_db [None req-0c3446f7-8586-4a93-ad93-6289a3ffa188 3cb0188fe39441b6b54c04e456ff163c 4851b4aa5b8344a0b6dabb313e418d55 - - default default] Successfully bumped revision number for resource 05b9a1be-61ed-48f2-a87a-e418a12df705 (type: security_group_rules) to 0
2026-04-16 12:29:34.634 8 INFO neutron.db.ovn_revision_numbers_db [None req-0c3446f7-8586-4a93-ad93-6289a3ffa188 3cb0188fe39441b6b54c04e456ff163c 4851b4aa5b8344a0b6dabb313e418d55 - - default default] Successfully bumped revision number for resource 68221ce7-607c-4cb8-83e4-6bd0a116a74c (type: security_group_rules) to 0
2026-04-16 12:29:34.645 8 INFO neutron.db.ovn_revision_numbers_db [None req-0c3446f7-8586-4a93-ad93-6289a3ffa188 3cb0188fe39441b6b54c04e456ff163c 4851b4aa5b8344a0b6dabb313e418d55 - - default default] Successfully bumped revision number for resource 88ba6763-9fba-4592-b52b-f13774a57e91 (type: security_group_rules) to 0
2026-04-16 12:29:34.658 8 INFO neutron.db.ovn_revision_numbers_db [None req-0c3446f7-8586-4a93-ad93-6289a3ffa188 3cb0188fe39441b6b54c04e456ff163c 4851b4aa5b8344a0b6dabb313e418d55 - - default default] Successfully bumped revision number for resource f0160196-9640-4549-809c-0933f03e4705 (type: security_group_rules) to 0
2026-04-16 12:29:34.737 8 INFO neutron.db.segments_db [None req-0c3446f7-8586-4a93-ad93-6289a3ffa188 3cb0188fe39441b6b54c04e456ff163c 4851b4aa5b8344a0b6dabb313e418d55 - - default default] Added segment b09992b5-0eb2-4788-bb56-29faac8e01bd of type geneve for network 2ad343ed-ac74-4839-816a-c7a7a0ead327
2026-04-16 12:29:34.817 7 INFO neutron.db.ovn_revision_numbers_db [None req-3fadcc05-544a-4462-9989-bc6b837618e8 870f01c417964cb9bd1a3b8a482b3e62 582b8cfd76df41a09b930a81fc344892 - - default default] Successfully bumped revision number for resource d3d73952-93e1-4709-9dcc-72d3d7ee1527 (type: security_groups) to 1
2026-04-16 12:29:34.837 7 INFO neutron.db.ovn_revision_numbers_db [None req-3fadcc05-544a-4462-9989-bc6b837618e8 870f01c417964cb9bd1a3b8a482b3e62 582b8cfd76df41a09b930a81fc344892 - - default default] Successfully bumped revision number for resource 25d53633-8f30-4c8c-9f97-a1cdaed898b1 (type: security_group_rules) to 0
2026-04-16 12:29:34.839 8 INFO neutron.db.ovn_revision_numbers_db [None req-0c3446f7-8586-4a93-ad93-6289a3ffa188 3cb0188fe39441b6b54c04e456ff163c 4851b4aa5b8344a0b6dabb313e418d55 - - default default] Successfully bumped revision number for resource 2ad343ed-ac74-4839-816a-c7a7a0ead327 (type: networks) to 1
2026-04-16 12:29:34.849 7 INFO neutron.db.ovn_revision_numbers_db [None req-3fadcc05-544a-4462-9989-bc6b837618e8 870f01c417964cb9bd1a3b8a482b3e62 582b8cfd76df41a09b930a81fc344892 - - default default] Successfully bumped revision number for resource 508d3b28-a5a0-4a45-bf35-bbafd4abb996 (type: security_group_rules) to 0 [pid: 7|app: 0|req: 1033/2120] 10.0.0.96 () {34 vars in 684 bytes} [Thu Apr 16 12:29:34 2026] POST /v2.0/security-groups => generated 1658 bytes in 175 msecs (HTTP/1.1 201) 4 headers in 163 bytes (1 switches on core 0)
2026-04-16 12:29:34.997 8 WARNING neutron.scheduler.dhcp_agent_scheduler [None req-0c3446f7-8586-4a93-ad93-6289a3ffa188 3cb0188fe39441b6b54c04e456ff163c 4851b4aa5b8344a0b6dabb313e418d55 - - default default] No more DHCP agents
2026-04-16 12:29:34.998 8 WARNING neutron.api.rpc.agentnotifiers.dhcp_rpc_agent_api [None req-0c3446f7-8586-4a93-ad93-6289a3ffa188 3cb0188fe39441b6b54c04e456ff163c 4851b4aa5b8344a0b6dabb313e418d55 - - default default] Unable to schedule network 2ad343ed-ac74-4839-816a-c7a7a0ead327: no agents available; will retry on subsequent port and subnet creation events.
2026-04-16 12:29:35.025 7 INFO neutron.db.ovn_revision_numbers_db [None req-40d72400-baf2-45db-b324-b05c217a766f 870f01c417964cb9bd1a3b8a482b3e62 582b8cfd76df41a09b930a81fc344892 - - default default] Successfully bumped revision number for resource b01a8b73-48c7-4fff-a667-6ecd474bc9e6 (type: security_group_rules) to 0
2026-04-16 12:29:35.046 8 INFO neutron.plugins.ml2.drivers.ovn.mech_driver.mech_driver [None req-fdf84ff7-7407-4d09-94b8-da75fea4fed3 - - - - - -] OVN reports status down for port: a417ea71-e364-486a-9a11-a20f12dd0613 [pid: 7|app: 0|req: 1034/2121] 10.0.0.96 () {34 vars in 694 bytes} [Thu Apr 16 12:29:34 2026] POST /v2.0/security-group-rules => generated 597 bytes in 193 msecs (HTTP/1.1 201) 4 headers in 162 bytes (1 switches on core 0)
2026-04-16 12:29:35.105 8 INFO neutron.db.ovn_revision_numbers_db [None req-0c3446f7-8586-4a93-ad93-6289a3ffa188 3cb0188fe39441b6b54c04e456ff163c 4851b4aa5b8344a0b6dabb313e418d55 - - default default] Successfully bumped revision number for resource a417ea71-e364-486a-9a11-a20f12dd0613 (type: ports) to 1 [pid: 8|app: 0|req: 1088/2122] 10.0.0.96 () {34 vars in 669 bytes} [Thu Apr 16 12:29:34 2026] POST /v2.0/networks => generated 651 bytes in 739 msecs (HTTP/1.1 201) 4 headers in 162 bytes (1 switches on core 0)
2026-04-16 12:29:35.208 7 INFO neutron.db.ovn_revision_numbers_db [None req-84c8b640-5a0e-4a72-80c1-58c5be2e5809 870f01c417964cb9bd1a3b8a482b3e62 582b8cfd76df41a09b930a81fc344892 - - default default] Successfully bumped revision number for resource 4f5517f5-69d4-4532-8346-99446af361d6 (type: security_group_rules) to 0 [pid: 7|app: 0|req: 1035/2123] 10.0.0.96 () {34 vars in 694 bytes} [Thu Apr 16 12:29:35 2026] POST /v2.0/security-group-rules => generated 602 bytes in 159 msecs (HTTP/1.1 201) 4 headers in 162 bytes (1 switches on core 0)
2026-04-16 12:29:35.252 8 INFO neutron.db.segments_db [None req-83806077-aa95-4601-8802-2a26cdc61121 3cb0188fe39441b6b54c04e456ff163c 4851b4aa5b8344a0b6dabb313e418d55 - - default default] Added segment c854910a-ab32-4179-8ac4-57757a886ccc of type geneve for network e5b0a333-939b-478e-9eee-c9384aab7271
2026-04-16 12:29:35.350 8 INFO neutron.db.ovn_revision_numbers_db [None req-83806077-aa95-4601-8802-2a26cdc61121 3cb0188fe39441b6b54c04e456ff163c 4851b4aa5b8344a0b6dabb313e418d55 - - default default] Successfully bumped revision number for resource e5b0a333-939b-478e-9eee-c9384aab7271 (type: networks) to 1
2026-04-16 12:29:35.469 7 WARNING neutron.scheduler.dhcp_agent_scheduler [None req-61d97f45-408d-4729-a26b-f1ec98856f7e 870f01c417964cb9bd1a3b8a482b3e62 582b8cfd76df41a09b930a81fc344892 - - default default] No more DHCP agents
2026-04-16 12:29:35.470 7 WARNING neutron.api.rpc.agentnotifiers.dhcp_rpc_agent_api [None req-61d97f45-408d-4729-a26b-f1ec98856f7e 870f01c417964cb9bd1a3b8a482b3e62 582b8cfd76df41a09b930a81fc344892 - - default default] Unable to schedule network 9321a3bd-dfe0-440b-9caa-a5df3ed08cb8: no agents available; will retry on subsequent port and subnet creation events.
2026-04-16 12:29:35.513 8 WARNING neutron.scheduler.dhcp_agent_scheduler [None req-83806077-aa95-4601-8802-2a26cdc61121 3cb0188fe39441b6b54c04e456ff163c 4851b4aa5b8344a0b6dabb313e418d55 - - default default] No more DHCP agents
2026-04-16 12:29:35.515 8 WARNING neutron.api.rpc.agentnotifiers.dhcp_rpc_agent_api [None req-83806077-aa95-4601-8802-2a26cdc61121 3cb0188fe39441b6b54c04e456ff163c 4851b4aa5b8344a0b6dabb313e418d55 - - default default] Unable to schedule network e5b0a333-939b-478e-9eee-c9384aab7271: no agents available; will retry on subsequent port and subnet creation events.
2026-04-16 12:29:35.587 8 INFO neutron.db.ovn_revision_numbers_db [None req-83806077-aa95-4601-8802-2a26cdc61121 3cb0188fe39441b6b54c04e456ff163c 4851b4aa5b8344a0b6dabb313e418d55 - - default default] Successfully bumped revision number for resource 8f0b42f3-ef73-4c41-8b21-858630feaa77 (type: ports) to 1 [pid: 8|app: 0|req: 1089/2124] 10.0.0.96 () {34 vars in 669 bytes} [Thu Apr 16 12:29:35 2026] POST /v2.0/networks => generated 651 bytes in 446 msecs (HTTP/1.1 201) 4 headers in 162 bytes (1 switches on core 0)
2026-04-16 12:29:35.682 8 INFO neutron.db.segments_db [None req-c5dab423-e0b4-4e08-ab61-90553704c0d0 3cb0188fe39441b6b54c04e456ff163c 4851b4aa5b8344a0b6dabb313e418d55 - - default default] Added segment 81e73eff-2c43-442f-992d-a373abfc2a96 of type geneve for network 79421c58-5607-4e56-a275-13045326ee09
2026-04-16 12:29:35.765 8 INFO neutron.db.ovn_revision_numbers_db [None req-c5dab423-e0b4-4e08-ab61-90553704c0d0 3cb0188fe39441b6b54c04e456ff163c 4851b4aa5b8344a0b6dabb313e418d55 - - default default] Successfully bumped revision number for resource 79421c58-5607-4e56-a275-13045326ee09 (type: networks) to 1 [pid: 7|app: 0|req: 1036/2125] 10.0.0.96 () {34 vars in 675 bytes} [Thu Apr 16 12:29:35 2026] POST /v2.0/floatingips => generated 552 bytes in 522 msecs (HTTP/1.1 201) 4 headers in 162 bytes (1 switches on core 0) [pid: 7|app: 0|req: 1037/2126] 10.0.0.198 () {34 vars in 1100 bytes} [Thu Apr 16 12:29:35 2026] GET /v2.0/security-groups?name=tempest-secgroup-smoke-1060479497&fields=id&tenant_id=582b8cfd76df41a09b930a81fc344892 => generated 69 bytes in 31 msecs (HTTP/1.1 200) 4 headers in 156 bytes (1 switches on core 0) [pid: 7|app: 0|req: 1038/2127] 10.0.0.198 () {34 vars in 1096 bytes} [Thu Apr 16 12:29:35 2026] GET /v2.0/security-groups?name=tempest-securitygroup--79874128&fields=id&tenant_id=582b8cfd76df41a09b930a81fc344892 => generated 69 bytes in 26 msecs (HTTP/1.1 200) 4 headers in 156 bytes (1 switches on core 0)
2026-04-16 12:29:35.919 8 WARNING neutron.scheduler.dhcp_agent_scheduler [None req-c5dab423-e0b4-4e08-ab61-90553704c0d0 3cb0188fe39441b6b54c04e456ff163c 4851b4aa5b8344a0b6dabb313e418d55 - - default default] No more DHCP agents
2026-04-16 12:29:35.920 8 WARNING neutron.api.rpc.agentnotifiers.dhcp_rpc_agent_api [None req-c5dab423-e0b4-4e08-ab61-90553704c0d0 3cb0188fe39441b6b54c04e456ff163c 4851b4aa5b8344a0b6dabb313e418d55 - - default default] Unable to schedule network 79421c58-5607-4e56-a275-13045326ee09: no agents available; will retry on subsequent port and subnet creation events.
2026-04-16 12:29:35.961 8 INFO neutron.plugins.ml2.drivers.ovn.mech_driver.mech_driver [None req-fdf84ff7-7407-4d09-94b8-da75fea4fed3 - - - - - -] OVN reports status down for port: c3768d66-d68a-4999-b863-4d2ed70c7910 [pid: 7|app: 0|req: 1039/2128] 10.0.0.198 () {34 vars in 982 bytes} [Thu Apr 16 12:29:35 2026] GET /v2.0/networks?id=4061bed8-de42-457e-ac64-75ab42b496d7 => generated 711 bytes in 67 msecs (HTTP/1.1 200) 4 headers in 157 bytes (1 switches on core 0) [pid: 7|app: 0|req: 1040/2129] 10.0.0.198 () {34 vars in 965 bytes} [Thu Apr 16 12:29:35 2026] GET /v2.0/quotas/582b8cfd76df41a09b930a81fc344892 => generated 292 bytes in 9 msecs (HTTP/1.1 200) 4 headers in 157 bytes (1 switches on core 0)
2026-04-16 12:29:36.012 8 INFO neutron.db.ovn_revision_numbers_db [None req-c5dab423-e0b4-4e08-ab61-90553704c0d0 3cb0188fe39441b6b54c04e456ff163c 4851b4aa5b8344a0b6dabb313e418d55 - - default default] Successfully bumped revision number for resource c3768d66-d68a-4999-b863-4d2ed70c7910 (type: ports) to 1 [pid: 8|app: 0|req: 1090/2130] 10.0.0.96 () {34 vars in 669 bytes} [Thu Apr 16 12:29:35 2026] POST /v2.0/networks => generated 651 bytes in 446 msecs (HTTP/1.1 201) 4 headers in 162 bytes (1 switches on core 0) [pid: 7|app: 0|req: 1041/2131] 10.0.0.198 () {34 vars in 1002 bytes} [Thu Apr 16 12:29:36 2026] GET /v2.0/ports?tenant_id=582b8cfd76df41a09b930a81fc344892&fields=id => generated 103 bytes in 72 msecs (HTTP/1.1 200) 4 headers in 157 bytes (1 switches on core 0) [pid: 7|app: 0|req: 1044/2134] 10.0.0.198 () {34 vars in 1008 bytes} [Thu Apr 16 12:29:36 2026] GET /v2.0/networks/4061bed8-de42-457e-ac64-75ab42b496d7?fields=segments => generated 14 bytes in 38 msecs (HTTP/1.1 200) 4 headers in 156 bytes (1 switches on core 0)
2026-04-16 12:29:36.149 8 INFO neutron.db.segments_db [None req-b07a1ed2-d97a-43b3-9c4b-f0f1db20ea56 3cb0188fe39441b6b54c04e456ff163c 4851b4aa5b8344a0b6dabb313e418d55 - - default default] Added segment 74d933c7-44e0-4210-a660-17d2cc4a751e of type geneve for network 3a3bb8b0-d667-4ced-8ea6-aa001b404470 [pid: 7|app: 0|req: 1045/2135] 10.0.0.198 () {34 vars in 1108 bytes} [Thu Apr 16 12:29:36 2026] GET /v2.0/networks/4061bed8-de42-457e-ac64-75ab42b496d7?fields=provider%3Aphysical_network&fields=provider%3Anetwork_type => generated 79 bytes in 35 msecs (HTTP/1.1 200) 4 headers in 156 bytes (1 switches on core 0)
2026-04-16 12:29:36.254 8 INFO neutron.db.ovn_revision_numbers_db [None req-b07a1ed2-d97a-43b3-9c4b-f0f1db20ea56 3cb0188fe39441b6b54c04e456ff163c 4851b4aa5b8344a0b6dabb313e418d55 - - default default] Successfully bumped revision number for resource 3a3bb8b0-d667-4ced-8ea6-aa001b404470 (type: networks) to 1 [pid: 7|app: 0|req: 1046/2136] 10.0.0.198 () {34 vars in 990 bytes} [Thu Apr 16 12:29:36 2026] GET /v2.0/ports?device_id=50e4d5ff-2e5c-4540-9def-13c04e0d41f2 => generated 12 bytes in 27 msecs (HTTP/1.1 200) 4 headers in 156 bytes (1 switches on core 0)
2026-04-16 12:29:36.444 8 WARNING neutron.scheduler.dhcp_agent_scheduler [None req-b07a1ed2-d97a-43b3-9c4b-f0f1db20ea56 3cb0188fe39441b6b54c04e456ff163c 4851b4aa5b8344a0b6dabb313e418d55 - - default default] No more DHCP agents
2026-04-16 12:29:36.446 8 WARNING neutron.api.rpc.agentnotifiers.dhcp_rpc_agent_api [None req-b07a1ed2-d97a-43b3-9c4b-f0f1db20ea56 3cb0188fe39441b6b54c04e456ff163c 4851b4aa5b8344a0b6dabb313e418d55 - - default default] Unable to schedule network 3a3bb8b0-d667-4ced-8ea6-aa001b404470: no agents available; will retry on subsequent port and subnet creation events.
2026-04-16 12:29:36.528 8 INFO neutron.db.ovn_revision_numbers_db [None req-b07a1ed2-d97a-43b3-9c4b-f0f1db20ea56 3cb0188fe39441b6b54c04e456ff163c 4851b4aa5b8344a0b6dabb313e418d55 - - default default] Successfully bumped revision number for resource b2242583-a275-4399-bd1d-18f5f122406d (type: ports) to 1 [pid: 8|app: 0|req: 1091/2137] 10.0.0.96 () {34 vars in 669 bytes} [Thu Apr 16 12:29:36 2026] POST /v2.0/networks => generated 651 bytes in 487 msecs (HTTP/1.1 201) 4 headers in 162 bytes (1 switches on core 0)
2026-04-16 12:29:36.653 7 INFO neutron.db.segments_db [None req-8d1afefe-a50e-40e2-b0c4-df797bc0fc2a 3cb0188fe39441b6b54c04e456ff163c 4851b4aa5b8344a0b6dabb313e418d55 - - default default] Added segment 79c9c852-8aa0-4097-8c64-19b0677ba0b9 of type geneve for network a062553a-f745-4771-b25b-64e1b6cbc2dc
2026-04-16 12:29:36.774 7 INFO neutron.db.ovn_revision_numbers_db [None req-8d1afefe-a50e-40e2-b0c4-df797bc0fc2a 3cb0188fe39441b6b54c04e456ff163c 4851b4aa5b8344a0b6dabb313e418d55 - - default default] Successfully bumped revision number for resource a062553a-f745-4771-b25b-64e1b6cbc2dc (type: networks) to 1
2026-04-16 12:29:36.974 7 WARNING neutron.plugins.ml2.drivers.ovn.mech_driver.ovsdb.ovn_client [None req-288d3e47-bbe4-4b87-95f5-9a4becc8f378 - - - - - -] No hosting information found for port d5df087c-a910-4f82-a420-359a55fa1bae: RuntimeError: No hosting information found for port d5df087c-a910-4f82-a420-359a55fa1bae
2026-04-16 12:29:36.981 7 WARNING neutron.scheduler.dhcp_agent_scheduler [None req-8d1afefe-a50e-40e2-b0c4-df797bc0fc2a 3cb0188fe39441b6b54c04e456ff163c 4851b4aa5b8344a0b6dabb313e418d55 - - default default] No more DHCP agents
2026-04-16 12:29:36.989 7 WARNING neutron.api.rpc.agentnotifiers.dhcp_rpc_agent_api [None req-8d1afefe-a50e-40e2-b0c4-df797bc0fc2a 3cb0188fe39441b6b54c04e456ff163c 4851b4aa5b8344a0b6dabb313e418d55 - - default default] Unable to schedule network a062553a-f745-4771-b25b-64e1b6cbc2dc: no agents available; will retry on subsequent port and subnet creation events.
2026-04-16 12:29:37.054 8 INFO neutron.plugins.ml2.drivers.ovn.mech_driver.mech_driver [None req-fdf84ff7-7407-4d09-94b8-da75fea4fed3 - - - - - -] OVN reports status down for port: 2fe1aa2c-883a-4665-972d-8d12b1f9b004
2026-04-16 12:29:37.118 7 INFO neutron.db.ovn_revision_numbers_db [None req-8d1afefe-a50e-40e2-b0c4-df797bc0fc2a 3cb0188fe39441b6b54c04e456ff163c 4851b4aa5b8344a0b6dabb313e418d55 - - default default] Successfully bumped revision number for resource 2fe1aa2c-883a-4665-972d-8d12b1f9b004 (type: ports) to 1
2026-04-16 12:29:37.127 7 INFO neutron.db.ovn_revision_numbers_db [None req-288d3e47-bbe4-4b87-95f5-9a4becc8f378 - - - - - -] Successfully bumped revision number for resource d5df087c-a910-4f82-a420-359a55fa1bae (type: router_ports) to 2 [pid: 7|app: 0|req: 1047/2138] 10.0.0.96 () {34 vars in 669 bytes} [Thu Apr 16 12:29:36 2026] POST /v2.0/networks => generated 650 bytes in 610 msecs (HTTP/1.1 201) 4 headers in 162 bytes (1 switches on core 0)
2026-04-16 12:29:37.178 7 INFO neutron.plugins.ml2.drivers.ovn.mech_driver.mech_driver [None req-288d3e47-bbe4-4b87-95f5-9a4becc8f378 - - - - - -] OVN reports status down for port: 8f0b42f3-ef73-4c41-8b21-858630feaa77 [pid: 8|app: 0|req: 1092/2139] 10.0.0.96 () {34 vars in 752 bytes} [Thu Apr 16 12:29:37 2026] PUT /v2.0/networks/2ad343ed-ac74-4839-816a-c7a7a0ead327/tags => generated 17 bytes in 56 msecs (HTTP/1.1 200) 4 headers in 156 bytes (1 switches on core 0)
2026-04-16 12:29:37.230 7 INFO neutron.plugins.ml2.drivers.ovn.mech_driver.mech_driver [None req-288d3e47-bbe4-4b87-95f5-9a4becc8f378 - - - - - -] OVN reports status down for port: b2242583-a275-4399-bd1d-18f5f122406d [pid: 7|app: 0|req: 1048/2140] 10.0.0.96 () {34 vars in 752 bytes} [Thu Apr 16 12:29:37 2026] PUT /v2.0/networks/e5b0a333-939b-478e-9eee-c9384aab7271/tags => generated 25 bytes in 84 msecs (HTTP/1.1 200) 4 headers in 156 bytes (1 switches on core 0) [pid: 8|app: 0|req: 1093/2141] 10.0.0.96 () {34 vars in 752 bytes} [Thu Apr 16 12:29:37 2026] PUT /v2.0/networks/79421c58-5607-4e56-a275-13045326ee09/tags => generated 34 bytes in 56 msecs (HTTP/1.1 200) 4 headers in 156 bytes (1 switches on core 0) [pid: 8|app: 0|req: 1094/2142] 10.0.0.198 () {34 vars in 990 bytes} [Thu Apr 16 12:29:37 2026] GET /v2.0/ports?device_id=50e4d5ff-2e5c-4540-9def-13c04e0d41f2 => generated 12 bytes in 25 msecs (HTTP/1.1 200) 4 headers in 156 bytes (1 switches on core 0) [pid: 7|app: 0|req: 1049/2143] 10.0.0.96 () {34 vars in 752 bytes} [Thu Apr 16 12:29:37 2026] PUT /v2.0/networks/3a3bb8b0-d667-4ced-8ea6-aa001b404470/tags => generated 19 bytes in 71 msecs (HTTP/1.1 200) 4 headers in 156 bytes (1 switches on core 0) [pid: 8|app: 0|req: 1095/2144] 10.0.0.96 () {32 vars in 665 bytes} [Thu Apr 16 12:29:37 2026] GET /v2.0/networks?tags=red => generated 1989 bytes in 51 msecs (HTTP/1.1 200) 4 headers in 158 bytes (1 switches on core 0) [pid: 7|app: 0|req: 1050/2145] 10.0.0.96 () {32 vars in 679 bytes} [Thu Apr 16 12:29:37 2026] GET /v2.0/networks?tags=red%2Cblue => generated 1338 bytes in 46 msecs (HTTP/1.1 200) 4 headers in 158 bytes (1 switches on core 0) [pid: 8|app: 0|req: 1096/2146] 10.0.0.96 () {32 vars in 675 bytes} [Thu Apr 16 12:29:37 2026] GET /v2.0/networks?tags-any=blue => generated 1338 bytes in 48 msecs (HTTP/1.1 200) 4 headers in 158 bytes (1 switches on core 0) [pid: 7|app: 0|req: 1051/2147] 10.0.0.96 () {32 vars in 687 bytes} [Thu Apr 16 12:29:37 2026] GET /v2.0/networks?tags-any=red%2Cblue => generated 1989 bytes in 52 msecs (HTTP/1.1 200) 4 headers in 158 bytes (1 switches on core 0) [pid: 8|app: 0|req: 1097/2148] 10.0.0.96 () {32 vars in 673 bytes} [Thu Apr 16 12:29:37 2026] GET /v2.0/networks?not-tags=red => generated 1987 bytes in 64 msecs (HTTP/1.1 200) 4 headers in 158 bytes (1 switches on core 0) [pid: 7|app: 0|req: 1052/2149] 10.0.0.96 () {32 vars in 687 bytes} [Thu Apr 16 12:29:37 2026] GET /v2.0/networks?not-tags=red%2Cblue => generated 2638 bytes in 66 msecs (HTTP/1.1 200) 4 headers in 158 bytes (1 switches on core 0) [pid: 8|app: 0|req: 1098/2150] 10.0.0.96 () {32 vars in 683 bytes} [Thu Apr 16 12:29:37 2026] GET /v2.0/networks?not-tags-any=blue => generated 2638 bytes in 69 msecs (HTTP/1.1 200) 4 headers in 158 bytes (1 switches on core 0) [pid: 7|app: 0|req: 1053/2151] 10.0.0.96 () {32 vars in 695 bytes} [Thu Apr 16 12:29:37 2026] GET /v2.0/networks?not-tags-any=red%2Cblue => generated 1987 bytes in 61 msecs (HTTP/1.1 200) 4 headers in 158 bytes (1 switches on core 0)
2026-04-16 12:29:38.061 8 INFO neutron_taas.services.taas.taas_plugin [None req-6e7df69a-ce25-4489-bed0-558ecf40f73e 3cb0188fe39441b6b54c04e456ff163c 4851b4aa5b8344a0b6dabb313e418d55 - - default default] TaaS: Handle Delete Port: a417ea71-e364-486a-9a11-a20f12dd0613
2026-04-16 12:29:38.064 8 INFO neutron_taas.services.taas.tap_mirror_plugin [None req-6e7df69a-ce25-4489-bed0-558ecf40f73e 3cb0188fe39441b6b54c04e456ff163c 4851b4aa5b8344a0b6dabb313e418d55 - - default default] Tap Mirror: Handle Delete Port: a417ea71-e364-486a-9a11-a20f12dd0613
2026-04-16 12:29:38.239 8 INFO neutron.services.segments.plugin [-] Segment b09992b5-0eb2-4788-bb56-29faac8e01bd resource provider aggregate not found
2026-04-16 12:29:38.245 8 INFO neutron.services.segments.plugin [-] Segment b09992b5-0eb2-4788-bb56-29faac8e01bd resource provider aggregate not found
2026-04-16 12:29:38.260 8 INFO neutron.services.segments.plugin [-] Segment b09992b5-0eb2-4788-bb56-29faac8e01bd resource provider not found; error: Placement Client Error (4xx): {"errors": [{"status": 404, "title": "Not Found", "detail": "The resource could not be found.\n\n No resource provider with uuid b09992b5-0eb2-4788-bb56-29faac8e01bd found for delete ", "request_id": "req-5007b482-bf76-43fd-a723-2eb3e8d09a64"}]}
2026-04-16 12:29:38.267 8 INFO neutron.services.segments.plugin [-] Segment b09992b5-0eb2-4788-bb56-29faac8e01bd resource provider not found; error: Placement Client Error (4xx): {"errors": [{"status": 404, "title": "Not Found", "detail": "The resource could not be found.\n\n No resource provider with uuid b09992b5-0eb2-4788-bb56-29faac8e01bd found for delete ", "request_id": "req-7b024c03-0016-44ee-b426-916de4d9918e"}]} [pid: 8|app: 0|req: 1099/2152] 10.0.0.96 () {32 vars in 725 bytes} [Thu Apr 16 12:29:37 2026] DELETE /v2.0/networks/2ad343ed-ac74-4839-816a-c7a7a0ead327 => generated 0 bytes in 351 msecs (HTTP/1.1 204) 3 headers in 131 bytes (1 switches on core 0)
2026-04-16 12:29:38.448 7 INFO neutron_taas.services.taas.taas_plugin [None req-8daeb605-15a6-4808-b1f3-28e9840b32b8 3cb0188fe39441b6b54c04e456ff163c 4851b4aa5b8344a0b6dabb313e418d55 - - default default] TaaS: Handle Delete Port: 8f0b42f3-ef73-4c41-8b21-858630feaa77
2026-04-16 12:29:38.450 7 INFO neutron_taas.services.taas.tap_mirror_plugin [None req-8daeb605-15a6-4808-b1f3-28e9840b32b8 3cb0188fe39441b6b54c04e456ff163c 4851b4aa5b8344a0b6dabb313e418d55 - - default default] Tap Mirror: Handle Delete Port: 8f0b42f3-ef73-4c41-8b21-858630feaa77 [pid: 8|app: 0|req: 1100/2153] 10.0.0.198 () {34 vars in 990 bytes} [Thu Apr 16 12:29:38 2026] GET /v2.0/ports?device_id=50e4d5ff-2e5c-4540-9def-13c04e0d41f2 => generated 12 bytes in 22 msecs (HTTP/1.1 200) 4 headers in 156 bytes (1 switches on core 0)
2026-04-16 12:29:38.644 7 INFO neutron.services.segments.plugin [-] Segment c854910a-ab32-4179-8ac4-57757a886ccc resource provider aggregate not found
2026-04-16 12:29:38.649 7 INFO neutron.services.segments.plugin [-] Segment c854910a-ab32-4179-8ac4-57757a886ccc resource provider aggregate not found
2026-04-16 12:29:38.668 7 INFO neutron.services.segments.plugin [-] Segment c854910a-ab32-4179-8ac4-57757a886ccc resource provider not found; error: Placement Client Error (4xx): {"errors": [{"status": 404, "title": "Not Found", "detail": "The resource could not be found.\n\n No resource provider with uuid c854910a-ab32-4179-8ac4-57757a886ccc found for delete ", "request_id": "req-16dd98aa-e5cc-4628-b4ee-3ce7045cab7e"}]}
2026-04-16 12:29:38.671 7 INFO neutron.services.segments.plugin [-] Segment c854910a-ab32-4179-8ac4-57757a886ccc resource provider not found; error: Placement Client Error (4xx): {"errors": [{"status": 404, "title": "Not Found", "detail": "The resource could not be found.\n\n No resource provider with uuid c854910a-ab32-4179-8ac4-57757a886ccc found for delete ", "request_id": "req-45d64aae-22f7-440e-946b-353012e7beab"}]} [pid: 7|app: 0|req: 1054/2154] 10.0.0.96 () {32 vars in 725 bytes} [Thu Apr 16 12:29:38 2026] DELETE /v2.0/networks/e5b0a333-939b-478e-9eee-c9384aab7271 => generated 0 bytes in 371 msecs (HTTP/1.1 204) 3 headers in 131 bytes (1 switches on core 0)
2026-04-16 12:29:38.799 8 INFO neutron_taas.services.taas.taas_plugin [None req-dcc8b2ba-c690-4c8c-a12d-7e477fa8adec 3cb0188fe39441b6b54c04e456ff163c 4851b4aa5b8344a0b6dabb313e418d55 - - default default] TaaS: Handle Delete Port: c3768d66-d68a-4999-b863-4d2ed70c7910
2026-04-16 12:29:38.801 8 INFO neutron_taas.services.taas.tap_mirror_plugin [None req-dcc8b2ba-c690-4c8c-a12d-7e477fa8adec 3cb0188fe39441b6b54c04e456ff163c 4851b4aa5b8344a0b6dabb313e418d55 - - default default] Tap Mirror: Handle Delete Port: c3768d66-d68a-4999-b863-4d2ed70c7910 [pid: 8|app: 0|req: 1101/2155] 10.0.0.96 () {32 vars in 725 bytes} [Thu Apr 16 12:29:38 2026] DELETE /v2.0/networks/79421c58-5607-4e56-a275-13045326ee09 => generated 0 bytes in 298 msecs (HTTP/1.1 204) 3 headers in 131 bytes (1 switches on core 0)
2026-04-16 12:29:39.108 7 INFO neutron_taas.services.taas.taas_plugin [None req-c84bba42-5ef8-40cb-b340-683cdc440312 3cb0188fe39441b6b54c04e456ff163c 4851b4aa5b8344a0b6dabb313e418d55 - - default default] TaaS: Handle Delete Port: b2242583-a275-4399-bd1d-18f5f122406d
2026-04-16 12:29:39.110 7 INFO neutron_taas.services.taas.tap_mirror_plugin [None req-c84bba42-5ef8-40cb-b340-683cdc440312 3cb0188fe39441b6b54c04e456ff163c 4851b4aa5b8344a0b6dabb313e418d55 - - default default] Tap Mirror: Handle Delete Port: b2242583-a275-4399-bd1d-18f5f122406d [pid: 7|app: 0|req: 1055/2156] 10.0.0.96 () {32 vars in 725 bytes} [Thu Apr 16 12:29:39 2026] DELETE /v2.0/networks/3a3bb8b0-d667-4ced-8ea6-aa001b404470 => generated 0 bytes in 341 msecs (HTTP/1.1 204) 3 headers in 131 bytes (1 switches on core 0)
2026-04-16 12:29:39.487 8 INFO neutron_taas.services.taas.taas_plugin [None req-ed50d448-32d7-441c-b624-db37770fbaa7 3cb0188fe39441b6b54c04e456ff163c 4851b4aa5b8344a0b6dabb313e418d55 - - default default] TaaS: Handle Delete Port: 2fe1aa2c-883a-4665-972d-8d12b1f9b004
2026-04-16 12:29:39.490 8 INFO neutron_taas.services.taas.tap_mirror_plugin [None req-ed50d448-32d7-441c-b624-db37770fbaa7 3cb0188fe39441b6b54c04e456ff163c 4851b4aa5b8344a0b6dabb313e418d55 - - default default] Tap Mirror: Handle Delete Port: 2fe1aa2c-883a-4665-972d-8d12b1f9b004 [pid: 7|app: 0|req: 1056/2157] 10.0.0.198 () {34 vars in 990 bytes} [Thu Apr 16 12:29:39 2026] GET /v2.0/ports?device_id=50e4d5ff-2e5c-4540-9def-13c04e0d41f2 => generated 12 bytes in 28 msecs (HTTP/1.1 200) 4 headers in 156 bytes (1 switches on core 0) [pid: 8|app: 0|req: 1102/2158] 10.0.0.96 () {32 vars in 725 bytes} [Thu Apr 16 12:29:39 2026] DELETE /v2.0/networks/a062553a-f745-4771-b25b-64e1b6cbc2dc => generated 0 bytes in 335 msecs (HTTP/1.1 204) 3 headers in 131 bytes (1 switches on core 0)
2026-04-16 12:29:40.277 8 INFO neutron.services.segments.plugin [-] Segment 81e73eff-2c43-442f-992d-a373abfc2a96 resource provider aggregate not found
2026-04-16 12:29:40.289 8 INFO neutron.services.segments.plugin [-] Segment 81e73eff-2c43-442f-992d-a373abfc2a96 resource provider aggregate not found
2026-04-16 12:29:40.292 8 INFO neutron.services.segments.plugin [-] Segment 81e73eff-2c43-442f-992d-a373abfc2a96 resource provider not found; error: Placement Client Error (4xx): {"errors": [{"status": 404, "title": "Not Found", "detail": "The resource could not be found.\n\n No resource provider with uuid 81e73eff-2c43-442f-992d-a373abfc2a96 found for delete ", "request_id": "req-14a469f1-1bf7-4130-ae1b-e4e17917cc2f"}]}
2026-04-16 12:29:40.302 8 INFO neutron.services.segments.plugin [-] Segment 79c9c852-8aa0-4097-8c64-19b0677ba0b9 resource provider aggregate not found
2026-04-16 12:29:40.305 8 INFO neutron.services.segments.plugin [-] Segment 81e73eff-2c43-442f-992d-a373abfc2a96 resource provider not found; error: Placement Client Error (4xx): {"errors": [{"status": 404, "title": "Not Found", "detail": "The resource could not be found.\n\n No resource provider with uuid 81e73eff-2c43-442f-992d-a373abfc2a96 found for delete ", "request_id": "req-d6a4cb58-7afd-4106-9abf-5d5719df3603"}]}
2026-04-16 12:29:40.315 8 INFO neutron.services.segments.plugin [-] Segment 79c9c852-8aa0-4097-8c64-19b0677ba0b9 resource provider not found; error: Placement Client Error (4xx): {"errors": [{"status": 404, "title": "Not Found", "detail": "The resource could not be found.\n\n No resource provider with uuid 79c9c852-8aa0-4097-8c64-19b0677ba0b9 found for delete ", "request_id": "req-a2ad4828-9b41-4fc0-aeec-315100650e01"}]}
2026-04-16 12:29:40.324 8 INFO neutron.services.segments.plugin [-] Segment 79c9c852-8aa0-4097-8c64-19b0677ba0b9 resource provider aggregate not found
