Apr 03 01:28:58.620309 np0000163292 devstack@neutron-api.service[102279]: DEBUG ovsdbapp.backend.ovs_idl [None req-e23db164-58f1-4e57-b493-eca119805197 None None] Created lookup_table index Port_Binding.logical_port {{(pid=102279) autocreate_indices /opt/stack/data/venv/lib/python3.12/site-packages/ovsdbapp/backend/ovs_idl/__init__.py:87}}
Apr 03 01:28:58.620587 np0000163292 devstack@neutron-api.service[102279]: DEBUG ovsdbapp.backend.ovs_idl [None req-e23db164-58f1-4e57-b493-eca119805197 None None] Created schema index Chassis_Private.name {{(pid=102279) autocreate_indices /opt/stack/data/venv/lib/python3.12/site-packages/ovsdbapp/backend/ovs_idl/__init__.py:106}}
Apr 03 01:28:58.620683 np0000163292 devstack@neutron-api.service[102279]: DEBUG ovsdbapp.backend.ovs_idl [None req-e23db164-58f1-4e57-b493-eca119805197 None None] Created schema index Datapath_Binding.tunnel_key {{(pid=102279) autocreate_indices /opt/stack/data/venv/lib/python3.12/site-packages/ovsdbapp/backend/ovs_idl/__init__.py:106}}
Apr 03 01:28:58.622811 np0000163292 devstack@neutron-api.service[102279]: INFO ovsdbapp.backend.ovs_idl.vlog [None req-e23db164-58f1-4e57-b493-eca119805197 None None] ssl:162.253.55.200:6642: connecting...
Apr 03 01:28:58.624373 np0000163292 devstack@neutron-api.service[102276]: DEBUG ovsdbapp.backend.ovs_idl [None req-53618fad-7fc8-409c-b6b8-ba7c0b6bc7c4 None None] Created lookup_table index Chassis.name {{(pid=102276) autocreate_indices /opt/stack/data/venv/lib/python3.12/site-packages/ovsdbapp/backend/ovs_idl/__init__.py:87}}
Apr 03 01:28:58.624373 np0000163292 devstack@neutron-api.service[102276]: DEBUG ovsdbapp.backend.ovs_idl [None req-53618fad-7fc8-409c-b6b8-ba7c0b6bc7c4 None None] Created lookup_table index Port_Binding.logical_port {{(pid=102276) autocreate_indices /opt/stack/data/venv/lib/python3.12/site-packages/ovsdbapp/backend/ovs_idl/__init__.py:87}}
Apr 03 01:28:58.624515 np0000163292 devstack@neutron-api.service[102276]: DEBUG ovsdbapp.backend.ovs_idl [None req-53618fad-7fc8-409c-b6b8-ba7c0b6bc7c4 None None] Created schema index Chassis_Private.name {{(pid=102276) autocreate_indices /opt/stack/data/venv/lib/python3.12/site-packages/ovsdbapp/backend/ovs_idl/__init__.py:106}}
Apr 03 01:28:58.624603 np0000163292 devstack@neutron-api.service[102276]: DEBUG ovsdbapp.backend.ovs_idl [None req-53618fad-7fc8-409c-b6b8-ba7c0b6bc7c4 None None] Created schema index Datapath_Binding.tunnel_key {{(pid=102276) autocreate_indices /opt/stack/data/venv/lib/python3.12/site-packages/ovsdbapp/backend/ovs_idl/__init__.py:106}}
Apr 03 01:28:58.626831 np0000163292 devstack@neutron-api.service[102276]: INFO ovsdbapp.backend.ovs_idl.vlog [None req-53618fad-7fc8-409c-b6b8-ba7c0b6bc7c4 None None] ssl:162.253.55.200:6642: connecting...
Apr 03 01:28:58.629223 np0000163292 devstack@neutron-api.service[102279]: INFO ovsdbapp.backend.ovs_idl.vlog [None req-e23db164-58f1-4e57-b493-eca119805197 None None] ssl:162.253.55.200:6642: connected
Apr 03 01:28:58.630948 np0000163292 devstack@neutron-api.service[102276]: INFO ovsdbapp.backend.ovs_idl.vlog [None req-53618fad-7fc8-409c-b6b8-ba7c0b6bc7c4 None None] ssl:162.253.55.200:6642: connected
Apr 03 01:28:58.643960 np0000163292 devstack@neutron-api.service[102278]: DEBUG ovsdbapp.backend.ovs_idl [None req-ee258e2a-515e-4506-aa34-92d6adea64eb None None] Created lookup_table index Chassis.name {{(pid=102278) autocreate_indices /opt/stack/data/venv/lib/python3.12/site-packages/ovsdbapp/backend/ovs_idl/__init__.py:87}}
Apr 03 01:28:58.644066 np0000163292 devstack@neutron-api.service[102278]: DEBUG ovsdbapp.backend.ovs_idl [None req-ee258e2a-515e-4506-aa34-92d6adea64eb None None] Created lookup_table index Port_Binding.logical_port {{(pid=102278) autocreate_indices /opt/stack/data/venv/lib/python3.12/site-packages/ovsdbapp/backend/ovs_idl/__init__.py:87}}
Apr 03 01:28:58.644145 np0000163292 devstack@neutron-api.service[102278]: DEBUG ovsdbapp.backend.ovs_idl [None req-ee258e2a-515e-4506-aa34-92d6adea64eb None None] Created schema index Chassis_Private.name {{(pid=102278) autocreate_indices /opt/stack/data/venv/lib/python3.12/site-packages/ovsdbapp/backend/ovs_idl/__init__.py:106}}
Apr 03 01:28:58.644272 np0000163292 devstack@neutron-api.service[102278]: DEBUG ovsdbapp.backend.ovs_idl [None req-ee258e2a-515e-4506-aa34-92d6adea64eb None None] Created schema index Datapath_Binding.tunnel_key {{(pid=102278) autocreate_indices /opt/stack/data/venv/lib/python3.12/site-packages/ovsdbapp/backend/ovs_idl/__init__.py:106}}
Apr 03 01:28:58.646166 np0000163292 devstack@neutron-api.service[102278]: INFO ovsdbapp.backend.ovs_idl.vlog [None req-ee258e2a-515e-4506-aa34-92d6adea64eb None None] ssl:162.253.55.200:6642: connecting...
Apr 03 01:28:58.650542 np0000163292 devstack@neutron-api.service[102278]: INFO ovsdbapp.backend.ovs_idl.vlog [None req-ee258e2a-515e-4506-aa34-92d6adea64eb None None] ssl:162.253.55.200:6642: connected
Apr 03 01:28:58.657840 np0000163292 devstack@neutron-api.service[102279]: DEBUG neutron.common.ovn.hash_ring_manager [None req-e23db164-58f1-4e57-b493-eca119805197 None None] Allow caching, nodes 4>=4 {{(pid=102279) _wait_startup_before_caching /opt/stack/neutron/neutron/common/ovn/hash_ring_manager.py:65}}
Apr 03 01:28:58.661523 np0000163292 devstack@neutron-api.service[102279]: DEBUG neutron.common.ovn.hash_ring_manager [None req-e23db164-58f1-4e57-b493-eca119805197 None None] Hash Ring loaded. 4 active nodes. 0 offline nodes {{(pid=102279) _load_hash_ring /opt/stack/neutron/neutron/common/ovn/hash_ring_manager.py:102}}
Apr 03 01:28:58.661711 np0000163292 devstack@neutron-api.service[102279]: DEBUG neutron.plugins.ml2.drivers.ovn.mech_driver.ovsdb.ovsdb_monitor [None req-e23db164-58f1-4e57-b493-eca119805197 None None] ChassisOVNAgentWriteEvent : Matched Chassis_Private, create, None None {{(pid=102279) matches /opt/stack/neutron/neutron/plugins/ml2/drivers/ovn/mech_driver/ovsdb/ovsdb_monitor.py:64}}
Apr 03 01:28:58.661792 np0000163292 devstack@neutron-api.service[102276]: DEBUG neutron.common.ovn.hash_ring_manager [None req-53618fad-7fc8-409c-b6b8-ba7c0b6bc7c4 None None] Allow caching, nodes 4>=4 {{(pid=102276) _wait_startup_before_caching /opt/stack/neutron/neutron/common/ovn/hash_ring_manager.py:65}}
Apr 03 01:28:58.661856 np0000163292 devstack@neutron-api.service[102279]: DEBUG neutron.plugins.ml2.drivers.ovn.mech_driver.ovsdb.ovsdb_monitor [None req-e23db164-58f1-4e57-b493-eca119805197 None None] ChassisAgentWriteEvent : Matched Chassis_Private, create, None None {{(pid=102279) matches /opt/stack/neutron/neutron/plugins/ml2/drivers/ovn/mech_driver/ovsdb/ovsdb_monitor.py:64}}
Apr 03 01:28:58.662096 np0000163292 devstack@neutron-api.service[102279]: DEBUG neutron.plugins.ml2.drivers.ovn.mech_driver.ovsdb.ovsdb_monitor [None req-e23db164-58f1-4e57-b493-eca119805197 None None] Hash Ring: Node 8fbd4b9d17e5585d879a04bcc08217ee (host: np0000163292) handling event "create" for row 40330134-bea5-46a6-8530-646d1c3bf446 (table: Chassis_Private) {{(pid=102279) notify /opt/stack/neutron/neutron/plugins/ml2/drivers/ovn/mech_driver/ovsdb/ovsdb_monitor.py:912}}
Apr 03 01:28:58.662262 np0000163292 devstack@neutron-api.service[102279]: DEBUG neutron.plugins.ml2.drivers.ovn.mech_driver.ovsdb.ovsdb_monitor [None req-e23db164-58f1-4e57-b493-eca119805197 None None] Hash Ring: Node 8fbd4b9d17e5585d879a04bcc08217ee (host: np0000163292) handling event "create" for row ecaadd76-7c43-48ed-b04c-928c90089cfc (table: Encap) {{(pid=102279) notify /opt/stack/neutron/neutron/plugins/ml2/drivers/ovn/mech_driver/ovsdb/ovsdb_monitor.py:912}}
Apr 03 01:28:58.665562 np0000163292 devstack@neutron-api.service[102279]: INFO neutron.plugins.ml2.drivers.ovn.mech_driver.mech_driver [None req-e23db164-58f1-4e57-b493-eca119805197 None None] WorkerService process has finished the post initialization
Apr 03 01:28:58.666200 np0000163292 devstack@neutron-api.service[102276]: DEBUG neutron.common.ovn.hash_ring_manager [None req-53618fad-7fc8-409c-b6b8-ba7c0b6bc7c4 None None] Hash Ring loaded. 4 active nodes. 0 offline nodes {{(pid=102276) _load_hash_ring /opt/stack/neutron/neutron/common/ovn/hash_ring_manager.py:102}}
Apr 03 01:28:58.666392 np0000163292 devstack@neutron-api.service[102276]: DEBUG neutron.plugins.ml2.drivers.ovn.mech_driver.ovsdb.ovsdb_monitor [None req-53618fad-7fc8-409c-b6b8-ba7c0b6bc7c4 None None] ChassisAgentWriteEvent : Matched Chassis_Private, create, None None {{(pid=102276) matches /opt/stack/neutron/neutron/plugins/ml2/drivers/ovn/mech_driver/ovsdb/ovsdb_monitor.py:64}}
Apr 03 01:28:58.666557 np0000163292 devstack@neutron-api.service[102276]: DEBUG neutron.plugins.ml2.drivers.ovn.mech_driver.ovsdb.ovsdb_monitor [None req-53618fad-7fc8-409c-b6b8-ba7c0b6bc7c4 None None] ChassisOVNAgentWriteEvent : Matched Chassis_Private, create, None None {{(pid=102276) matches /opt/stack/neutron/neutron/plugins/ml2/drivers/ovn/mech_driver/ovsdb/ovsdb_monitor.py:64}}
Apr 03 01:28:58.668338 np0000163292 devstack@neutron-api.service[102279]: WSGI app 0 (mountpoint='') ready in 7 seconds on interpreter 0x79b77e0a3668 pid: 102279 (default app)
Apr 03 01:28:58.668900 np0000163292 devstack@neutron-api.service[102276]: INFO neutron.plugins.ml2.drivers.ovn.mech_driver.mech_driver [None req-53618fad-7fc8-409c-b6b8-ba7c0b6bc7c4 None None] WorkerService process has finished the post initialization
Apr 03 01:28:58.670626 np0000163292 devstack@neutron-api.service[102276]: WSGI app 0 (mountpoint='') ready in 7 seconds on interpreter 0x79b77e0a3668 pid: 102276 (default app)
Apr 03 01:28:58.680029 np0000163292 devstack@neutron-api.service[102278]: DEBUG neutron.common.ovn.hash_ring_manager [None req-ee258e2a-515e-4506-aa34-92d6adea64eb None None] Allow caching, nodes 4>=4 {{(pid=102278) _wait_startup_before_caching /opt/stack/neutron/neutron/common/ovn/hash_ring_manager.py:65}}
Apr 03 01:28:58.683640 np0000163292 devstack@neutron-api.service[102278]: DEBUG neutron.common.ovn.hash_ring_manager [None req-ee258e2a-515e-4506-aa34-92d6adea64eb None None] Hash Ring loaded. 4 active nodes. 0 offline nodes {{(pid=102278) _load_hash_ring /opt/stack/neutron/neutron/common/ovn/hash_ring_manager.py:102}}
Apr 03 01:28:58.683775 np0000163292 devstack@neutron-api.service[102278]: DEBUG neutron.plugins.ml2.drivers.ovn.mech_driver.ovsdb.ovsdb_monitor [None req-ee258e2a-515e-4506-aa34-92d6adea64eb None None] ChassisAgentWriteEvent : Matched Chassis_Private, create, None None {{(pid=102278) matches /opt/stack/neutron/neutron/plugins/ml2/drivers/ovn/mech_driver/ovsdb/ovsdb_monitor.py:64}}
Apr 03 01:28:58.683978 np0000163292 devstack@neutron-api.service[102278]: DEBUG neutron.plugins.ml2.drivers.ovn.mech_driver.ovsdb.ovsdb_monitor [None req-ee258e2a-515e-4506-aa34-92d6adea64eb None None] ChassisOVNAgentWriteEvent : Matched Chassis_Private, create, None None {{(pid=102278) matches /opt/stack/neutron/neutron/plugins/ml2/drivers/ovn/mech_driver/ovsdb/ovsdb_monitor.py:64}}
Apr 03 01:28:58.686189 np0000163292 devstack@neutron-api.service[102278]: INFO neutron.plugins.ml2.drivers.ovn.mech_driver.mech_driver [None req-ee258e2a-515e-4506-aa34-92d6adea64eb None None] WorkerService process has finished the post initialization
Apr 03 01:28:58.687339 np0000163292 devstack@neutron-api.service[102278]: WSGI app 0 (mountpoint='') ready in 7 seconds on interpreter 0x79b77e0a3668 pid: 102278 (default app)
Apr 03 01:29:00.774645 np0000163292 devstack@neutron-api.service[102276]: DEBUG neutron.plugins.ml2.drivers.ovn.mech_driver.ovsdb.ovsdb_monitor [-] Hash Ring: Node 7c447381398d5b5ba8f534926098a28d (host: np0000163292) handling event "update" for row 565d8c75-8833-46d4-a6dc-043f72769a4d (table: Connection) {{(pid=102276) notify /opt/stack/neutron/neutron/plugins/ml2/drivers/ovn/mech_driver/ovsdb/ovsdb_monitor.py:912}}
Apr 03 01:29:00.781491 np0000163292 devstack@neutron-api.service[102277]: DEBUG neutron.common.ovn.hash_ring_manager [-] Allow caching, nodes 4>=4 {{(pid=102277) _wait_startup_before_caching /opt/stack/neutron/neutron/common/ovn/hash_ring_manager.py:65}}
Apr 03 01:29:00.781491 np0000163292 devstack@neutron-api.service[102277]: DEBUG neutron.plugins.ml2.drivers.ovn.mech_driver.ovsdb.ovsdb_monitor [-] Hash Ring: Node f003c83022bf5ea1a8146633f29e83c1 (host: np0000163292) handling event "update" for row 565d8c75-8833-46d4-a6dc-043f72769a4d (table: Connection) {{(pid=102277) notify /opt/stack/neutron/neutron/plugins/ml2/drivers/ovn/mech_driver/ovsdb/ovsdb_monitor.py:912}}
Apr 03 01:29:03.693933 np0000163292 devstack@neutron-api.service[102277]: DEBUG neutron.api.wsgi [None req-2c62ef5b-d500-4c09-b3f2-0d0606c02e92 admin admin] Missing Content-Type {{(pid=102277) get_content_type /opt/stack/neutron/neutron/api/wsgi.py:85}}
Apr 03 01:29:03.694779 np0000163292 devstack@neutron-api.service[102277]: DEBUG neutron.api.wsgi [None req-2c62ef5b-d500-4c09-b3f2-0d0606c02e92 admin admin] https://162.253.55.200/networking/v2.0/extensions returned with HTTP 200 {{(pid=102277) __call__ /opt/stack/neutron/neutron/api/wsgi.py:545}}
Apr 03 01:29:03.694901 np0000163292 devstack@neutron-api.service[102277]: [pid: 102277|app: 0|req: 2/2] 162.253.55.200 () {64 vars in 1323 bytes} [Fri Apr 3 01:29:03 2026] GET /networking/v2.0/extensions => generated 15208 bytes in 275 msecs (HTTP/1.1 200) 4 headers in 159 bytes (1 switches on core 0)
Apr 03 01:29:04.093380 np0000163292 devstack@neutron-api.service[102279]: DEBUG neutron.api.v2.base [None req-9cb06958-4c79-491d-9706-ca57839ddf96 admin admin] Request body: {'subnetpool': {'default_prefixlen': 26, 'prefixes': ['10.1.0.0/20'], 'name': 'shared-default-subnetpool-v4', 'shared': True, 'is_default': True}} {{(pid=102279) prepare_request_body /opt/stack/neutron/neutron/api/v2/base.py:729}}
Apr 03 01:29:04.293758 np0000163292 devstack@neutron-api.service[102279]: DEBUG neutron.policy [None req-9cb06958-4c79-491d-9706-ca57839ddf96 admin admin] Loaded default policies from ['neutron'] under neutron.policies entry points {{(pid=102279) register_rules /opt/stack/neutron/neutron/policy.py:65}}
Apr 03 01:29:04.442179 np0000163292 devstack@neutron-api.service[102279]: DEBUG neutron_lib.callbacks.manager [None req-9cb06958-4c79-491d-9706-ca57839ddf96 admin admin] Publish callbacks ['neutron.objects.securitygroup.RbacNeutronDbObjectMixin.validate_rbac_policy_change-1911212563068', 'neutron.objects.address_group.RbacNeutronDbObjectMixin.validate_rbac_policy_change-1911212586731', 'neutron.objects.network.RbacNeutronDbObjectMixin.validate_rbac_policy_change-1911212516990', 'neutron.objects.qos.policy.RbacNeutronDbObjectMixin.validate_rbac_policy_change-1911212530893', 'neutron.objects.subnetpool.RbacNeutronDbObjectMixin.validate_rbac_policy_change-1911212683003', 'neutron.objects.address_scope.RbacNeutronDbObjectMixin.validate_rbac_policy_change-1911212682284', 'neutron.plugins.ml2.plugin.External_net_db_mixin._process_ext_policy_create-1045596', 'neutron.plugins.ml2.plugin.NeutronDbPluginV2.validate_network_rbac_policy_change-1017108'] for rbac-policy (None), before_create {{(pid=102279) _notify_loop /opt/stack/data/venv/lib/python3.12/site-packages/neutron_lib/callbacks/manager.py:184}}
Apr 03 01:29:04.487670 np0000163292 devstack@neutron-api.service[102279]: DEBUG neutron_lib.callbacks.manager [None req-9cb06958-4c79-491d-9706-ca57839ddf96 admin admin] Publish callbacks [] for subnetpool (None), before_response {{(pid=102279) _notify_loop /opt/stack/data/venv/lib/python3.12/site-packages/neutron_lib/callbacks/manager.py:184}}
Apr 03 01:29:04.488441 np0000163292 devstack@neutron-api.service[102279]: [pid: 102279|app: 0|req: 1/3] 162.253.55.200 () {68 vars in 1367 bytes} [Fri Apr 3 01:29:03 2026] POST /networking/v2.0/subnetpools => generated 533 bytes in 504 msecs (HTTP/1.1 201) 4 headers in 162 bytes (1 switches on core 0)
Apr 03 01:29:04.811020 np0000163292 devstack@neutron-api.service[102276]: DEBUG neutron.api.v2.base [None req-ffc09028-4ea9-461e-93ac-e8869dfdb696 admin admin] Request body: {'subnetpool': {'default_prefixlen': 64, 'prefixes': ['fd6b:bb7b:e192::/56'], 'name': 'shared-default-subnetpool-v6', 'shared': True, 'is_default': True}} {{(pid=102276) prepare_request_body /opt/stack/neutron/neutron/api/v2/base.py:729}}
Apr 03 01:29:04.996645 np0000163292 devstack@neutron-api.service[102276]: DEBUG neutron.policy [None req-ffc09028-4ea9-461e-93ac-e8869dfdb696 admin admin] Loaded default policies from ['neutron'] under neutron.policies entry points {{(pid=102276) register_rules /opt/stack/neutron/neutron/policy.py:65}}
Apr 03 01:29:05.138261 np0000163292 devstack@neutron-api.service[102276]: DEBUG neutron_lib.callbacks.manager [None req-ffc09028-4ea9-461e-93ac-e8869dfdb696 admin admin] Publish callbacks ['neutron.objects.securitygroup.RbacNeutronDbObjectMixin.validate_rbac_policy_change-1911211841676', 'neutron.objects.address_group.RbacNeutronDbObjectMixin.validate_rbac_policy_change-1911211867672', 'neutron.objects.network.RbacNeutronDbObjectMixin.validate_rbac_policy_change-1911212519020', 'neutron.objects.qos.policy.RbacNeutronDbObjectMixin.validate_rbac_policy_change-1911212516033', 'neutron.objects.subnetpool.RbacNeutronDbObjectMixin.validate_rbac_policy_change-1911212683156', 'neutron.objects.address_scope.RbacNeutronDbObjectMixin.validate_rbac_policy_change-1911212681336', 'neutron.plugins.ml2.plugin.External_net_db_mixin._process_ext_policy_create-47361', 'neutron.plugins.ml2.plugin.NeutronDbPluginV2.validate_network_rbac_policy_change-62689'] for rbac-policy (None), before_create {{(pid=102276) _notify_loop /opt/stack/data/venv/lib/python3.12/site-packages/neutron_lib/callbacks/manager.py:184}}
Apr 03 01:29:05.182953 np0000163292 devstack@neutron-api.service[102276]: DEBUG neutron_lib.callbacks.manager [None req-ffc09028-4ea9-461e-93ac-e8869dfdb696 admin admin] Publish callbacks [] for subnetpool (None), before_response {{(pid=102276) _notify_loop /opt/stack/data/venv/lib/python3.12/site-packages/neutron_lib/callbacks/manager.py:184}}
Apr 03 01:29:05.184093 np0000163292 devstack@neutron-api.service[102276]: [pid: 102276|app: 0|req: 1/4] 162.253.55.200 () {68 vars in 1367 bytes} [Fri Apr 3 01:29:04 2026] POST /networking/v2.0/subnetpools => generated 543 bytes in 481 msecs (HTTP/1.1 201) 4 headers in 162 bytes (1 switches on core 0)
Apr 03 01:29:05.578267 np0000163292 devstack@neutron-api.service[102278]: DEBUG neutron.api.v2.base [None req-63546e13-2773-4e9a-87f3-6a85b2862795 admin admin] Request body: {'network': {'admin_state_up': True, 'name': 'private'}} {{(pid=102278) prepare_request_body /opt/stack/neutron/neutron/api/v2/base.py:729}}
Apr 03 01:29:05.601703 np0000163292 devstack@neutron-api.service[102278]: DEBUG neutron.pecan_wsgi.hooks.quota_enforcement [None req-63546e13-2773-4e9a-87f3-6a85b2862795 admin admin] Made reservation on behalf of cfe6fc5f283c4a4fb8e89af145244d2b for: {'network': 1} {{(pid=102278) before /opt/stack/neutron/neutron/pecan_wsgi/hooks/quota_enforcement.py:66}}
Apr 03 01:29:05.781428 np0000163292 devstack@neutron-api.service[102278]: DEBUG neutron.policy [None req-63546e13-2773-4e9a-87f3-6a85b2862795 admin admin] Loaded default policies from ['neutron'] under neutron.policies entry points {{(pid=102278) register_rules /opt/stack/neutron/neutron/policy.py:65}}
Apr 03 01:29:05.887998 np0000163292 devstack@neutron-api.service[102278]: DEBUG neutron_lib.callbacks.manager [None req-63546e13-2773-4e9a-87f3-6a85b2862795 admin admin] Publish callbacks ['neutron.plugins.ml2.plugin.SecurityGroupDbMixin._ensure_default_security_group_handler-190663'] for network (None), before_create {{(pid=102278) _notify_loop /opt/stack/data/venv/lib/python3.12/site-packages/neutron_lib/callbacks/manager.py:184}}
Apr 03 01:29:05.908915 np0000163292 devstack@neutron-api.service[102278]: DEBUG neutron_lib.callbacks.manager [None req-63546e13-2773-4e9a-87f3-6a85b2862795 admin admin] Publish callbacks [] for security_group (None), before_create {{(pid=102278) _notify_loop /opt/stack/data/venv/lib/python3.12/site-packages/neutron_lib/callbacks/manager.py:184}}
Apr 03 01:29:06.005131 np0000163292 devstack@neutron-api.service[102278]: DEBUG neutron_lib.callbacks.manager [None req-63546e13-2773-4e9a-87f3-6a85b2862795 admin admin] Publish callbacks ['neutron.plugins.ml2.drivers.ovn.mech_driver.mech_driver.OVNMechanismDriver._create_security_group_precommit-254516'] for security_group (42ccdca6-bb49-4ff7-823a-472f932598a5), precommit_create {{(pid=102278) _notify_loop /opt/stack/data/venv/lib/python3.12/site-packages/neutron_lib/callbacks/manager.py:184}}
Apr 03 01:29:06.005360 np0000163292 devstack@neutron-api.service[102278]: DEBUG neutron.db.ovn_revision_numbers_db [None req-63546e13-2773-4e9a-87f3-6a85b2862795 admin admin] create_initial_revision uuid=42ccdca6-bb49-4ff7-823a-472f932598a5, type=security_groups, rev=-1 {{(pid=102278) create_initial_revision /opt/stack/neutron/neutron/db/ovn_revision_numbers_db.py:98}}
Apr 03 01:29:06.007844 np0000163292 devstack@neutron-api.service[102278]: DEBUG neutron.db.ovn_revision_numbers_db [None req-63546e13-2773-4e9a-87f3-6a85b2862795 admin admin] create_initial_revision uuid=7ab939e5-bde6-48fb-87d2-689c819c598c, type=security_group_rules, rev=-1 {{(pid=102278) create_initial_revision /opt/stack/neutron/neutron/db/ovn_revision_numbers_db.py:98}}
Apr 03 01:29:06.008890 np0000163292 devstack@neutron-api.service[102278]: DEBUG neutron.db.ovn_revision_numbers_db [None req-63546e13-2773-4e9a-87f3-6a85b2862795 admin admin] create_initial_revision uuid=aac1c29a-4f21-4491-9859-083417d9a6f5, type=security_group_rules, rev=-1 {{(pid=102278) create_initial_revision /opt/stack/neutron/neutron/db/ovn_revision_numbers_db.py:98}}
Apr 03 01:29:06.009867 np0000163292 devstack@neutron-api.service[102278]: DEBUG neutron.db.ovn_revision_numbers_db [None req-63546e13-2773-4e9a-87f3-6a85b2862795 admin admin] create_initial_revision uuid=ba2b93e7-19f8-49e9-9f5a-c647127c608a, type=security_group_rules, rev=-1 {{(pid=102278) create_initial_revision /opt/stack/neutron/neutron/db/ovn_revision_numbers_db.py:98}}
Apr 03 01:29:06.010883 np0000163292 devstack@neutron-api.service[102278]: DEBUG neutron.db.ovn_revision_numbers_db [None req-63546e13-2773-4e9a-87f3-6a85b2862795 admin admin] create_initial_revision uuid=e4b94a3e-d617-45f3-95be-76b3461b13f1, type=security_group_rules, rev=-1 {{(pid=102278) create_initial_revision /opt/stack/neutron/neutron/db/ovn_revision_numbers_db.py:98}}
Apr 03 01:29:06.018354 np0000163292 devstack@neutron-api.service[102278]: DEBUG neutron_lib.callbacks.manager [None req-63546e13-2773-4e9a-87f3-6a85b2862795 admin admin] Publish callbacks ['neutron.plugins.ml2.drivers.ovn.mech_driver.mech_driver.OVNMechanismDriver._create_security_group-254522', 'neutron.plugins.ml2.ovo_rpc._ObjectChangeHandler.handle_event-3013923'] for security_group (42ccdca6-bb49-4ff7-823a-472f932598a5), after_create {{(pid=102278) _notify_loop /opt/stack/data/venv/lib/python3.12/site-packages/neutron_lib/callbacks/manager.py:184}}
Apr 03 01:29:06.018595 np0000163292 devstack@neutron-api.service[102278]: INFO neutron.plugins.ml2.drivers.ovn.mech_driver.ovsdb.extensions.qos [None req-63546e13-2773-4e9a-87f3-6a85b2862795 admin admin] Starting OVNClientQosExtension
Apr 03 01:29:06.018701 np0000163292 devstack@neutron-api.service[102278]: INFO neutron.plugins.ml2.drivers.ovn.mech_driver.ovsdb.extensions.placement [None req-63546e13-2773-4e9a-87f3-6a85b2862795 admin admin] Starting OVNClientPlacementExtension
Apr 03 01:29:06.019641 np0000163292 devstack@neutron-api.service[102278]: DEBUG ovsdbapp.backend.ovs_idl.transaction [-] Running txn n=1 command(idx=0): PgAddCommand(_result=None, name=pg_42ccdca6_bb49_4ff7_823a_472f932598a5, may_exist=False, columns={'acls': [], 'external_ids': {'neutron:security_group_id': '42ccdca6-bb49-4ff7-823a-472f932598a5'}}) {{(pid=102278) do_commit /opt/stack/data/venv/lib/python3.12/site-packages/ovsdbapp/backend/ovs_idl/transaction.py:89}}
Apr 03 01:29:06.020929 np0000163292 devstack@neutron-api.service[102278]: DEBUG ovsdbapp.backend.ovs_idl.transaction [-] Running txn n=1 command(idx=1): PgAclAddCommand(_result=None, entity=pg_42ccdca6_bb49_4ff7_823a_472f932598a5, direction=from-lport, priority=1002, match=inport == @pg_42ccdca6_bb49_4ff7_823a_472f932598a5 && ip4, action=allow-related, log=False, may_exist=True, severity=[], name=[], meter=[], external_ids={'neutron:security_group_rule_id': '7ab939e5-bde6-48fb-87d2-689c819c598c'}) {{(pid=102278) do_commit /opt/stack/data/venv/lib/python3.12/site-packages/ovsdbapp/backend/ovs_idl/transaction.py:89}}
Apr 03 01:29:06.021306 np0000163292 devstack@neutron-api.service[102278]: DEBUG ovsdbapp.backend.ovs_idl.transaction [-] Running txn n=1 command(idx=2): PgAclAddCommand(_result=None, entity=pg_42ccdca6_bb49_4ff7_823a_472f932598a5, direction=to-lport, priority=1002, match=outport == @pg_42ccdca6_bb49_4ff7_823a_472f932598a5 && ip6 && ip6.src == $pg_42ccdca6_bb49_4ff7_823a_472f932598a5_ip6, action=allow-related, log=False, may_exist=True, severity=[], name=[], meter=[], external_ids={'neutron:security_group_rule_id': 'aac1c29a-4f21-4491-9859-083417d9a6f5'}) {{(pid=102278) do_commit /opt/stack/data/venv/lib/python3.12/site-packages/ovsdbapp/backend/ovs_idl/transaction.py:89}}
Apr 03 01:29:06.021652 np0000163292 devstack@neutron-api.service[102278]: DEBUG ovsdbapp.backend.ovs_idl.transaction [-] Running txn n=1 command(idx=3): PgAclAddCommand(_result=None, entity=pg_42ccdca6_bb49_4ff7_823a_472f932598a5, direction=to-lport, priority=1002, match=outport == @pg_42ccdca6_bb49_4ff7_823a_472f932598a5 && ip4 && ip4.src == $pg_42ccdca6_bb49_4ff7_823a_472f932598a5_ip4, action=allow-related, log=False, may_exist=True, severity=[], name=[], meter=[], external_ids={'neutron:security_group_rule_id': 'ba2b93e7-19f8-49e9-9f5a-c647127c608a'}) {{(pid=102278) do_commit /opt/stack/data/venv/lib/python3.12/site-packages/ovsdbapp/backend/ovs_idl/transaction.py:89}}
Apr 03 01:29:06.021899 np0000163292 devstack@neutron-api.service[102278]: DEBUG ovsdbapp.backend.ovs_idl.transaction [-] Running txn n=1 command(idx=4): PgAclAddCommand(_result=None, entity=pg_42ccdca6_bb49_4ff7_823a_472f932598a5, direction=from-lport, priority=1002, match=inport == @pg_42ccdca6_bb49_4ff7_823a_472f932598a5 && ip6, action=allow-related, log=False, may_exist=True, severity=[], name=[], meter=[], external_ids={'neutron:security_group_rule_id': 'e4b94a3e-d617-45f3-95be-76b3461b13f1'}) {{(pid=102278) do_commit /opt/stack/data/venv/lib/python3.12/site-packages/ovsdbapp/backend/ovs_idl/transaction.py:89}}
Apr 03 01:29:06.029468 np0000163292 devstack@neutron-api.service[102278]: DEBUG neutron.plugins.ml2.drivers.ovn.mech_driver.ovsdb.ovsdb_monitor [-] Hash Ring: Node 810d6e232b735b42b62ae062e62c0cfd (host: np0000163292) handling event "create" for row 8cffa268-88a4-4dc4-858f-46263985636b (table: ACL) {{(pid=102278) notify /opt/stack/neutron/neutron/plugins/ml2/drivers/ovn/mech_driver/ovsdb/ovsdb_monitor.py:912}}
Apr 03 01:29:06.029697 np0000163292 devstack@neutron-api.service[102278]: DEBUG neutron.plugins.ml2.drivers.ovn.mech_driver.ovsdb.ovsdb_monitor [-] Hash Ring: Node 810d6e232b735b42b62ae062e62c0cfd (host: np0000163292) handling event "create" for row ee9ed3df-514a-45c8-a054-69347ae8cbde (table: ACL) {{(pid=102278) notify /opt/stack/neutron/neutron/plugins/ml2/drivers/ovn/mech_driver/ovsdb/ovsdb_monitor.py:912}}
Apr 03 01:29:06.029785 np0000163292 devstack@neutron-api.service[102278]: DEBUG neutron.plugins.ml2.drivers.ovn.mech_driver.ovsdb.ovsdb_monitor [-] Hash Ring: Node 810d6e232b735b42b62ae062e62c0cfd (host: np0000163292) handling event "create" for row e2add922-cd52-4e94-9837-0657c8aa0031 (table: Port_Group) {{(pid=102278) notify /opt/stack/neutron/neutron/plugins/ml2/drivers/ovn/mech_driver/ovsdb/ovsdb_monitor.py:912}}
Apr 03 01:29:06.029942 np0000163292 devstack@neutron-api.service[102279]: DEBUG neutron.plugins.ml2.drivers.ovn.mech_driver.ovsdb.ovsdb_monitor [-] Hash Ring: Node 8fbd4b9d17e5585d879a04bcc08217ee (host: np0000163292) handling event "create" for row 51f7fe48-cc60-4353-ab69-4eafbbb7e818 (table: ACL) {{(pid=102279) notify /opt/stack/neutron/neutron/plugins/ml2/drivers/ovn/mech_driver/ovsdb/ovsdb_monitor.py:912}}
Apr 03 01:29:06.030966 np0000163292 devstack@neutron-api.service[102276]: DEBUG neutron.plugins.ml2.drivers.ovn.mech_driver.ovsdb.ovsdb_monitor [-] Hash Ring: Node 7c447381398d5b5ba8f534926098a28d (host: np0000163292) handling event "create" for row 66648438-87d1-45b2-8b17-f1bd4fdd3fd6 (table: ACL) {{(pid=102276) notify /opt/stack/neutron/neutron/plugins/ml2/drivers/ovn/mech_driver/ovsdb/ovsdb_monitor.py:912}}
Apr 03 01:29:06.033058 np0000163292 devstack@neutron-api.service[102277]: DEBUG neutron.plugins.ml2.drivers.ovn.mech_driver.ovsdb.ovsdb_monitor [-] Hash Ring: Node f003c83022bf5ea1a8146633f29e83c1 (host: np0000163292) handling event "create" for row 51f7fe48-cc60-4353-ab69-4eafbbb7e818 (table: ACL) {{(pid=102277) notify /opt/stack/neutron/neutron/plugins/ml2/drivers/ovn/mech_driver/ovsdb/ovsdb_monitor.py:912}}
Apr 03 01:29:06.033567 np0000163292 devstack@neutron-api.service[102277]: DEBUG neutron.plugins.ml2.drivers.ovn.mech_driver.ovsdb.ovsdb_monitor [-] Hash Ring: Node f003c83022bf5ea1a8146633f29e83c1 (host: np0000163292) handling event "create" for row 66648438-87d1-45b2-8b17-f1bd4fdd3fd6 (table: ACL) {{(pid=102277) notify /opt/stack/neutron/neutron/plugins/ml2/drivers/ovn/mech_driver/ovsdb/ovsdb_monitor.py:912}}
Apr 03 01:29:06.033641 np0000163292 devstack@neutron-api.service[102277]: DEBUG neutron.plugins.ml2.drivers.ovn.mech_driver.ovsdb.ovsdb_monitor [-] Hash Ring: Node f003c83022bf5ea1a8146633f29e83c1 (host: np0000163292) handling event "create" for row 8cffa268-88a4-4dc4-858f-46263985636b (table: ACL) {{(pid=102277) notify /opt/stack/neutron/neutron/plugins/ml2/drivers/ovn/mech_driver/ovsdb/ovsdb_monitor.py:912}}
Apr 03 01:29:06.033931 np0000163292 devstack@neutron-api.service[102277]: DEBUG neutron.plugins.ml2.drivers.ovn.mech_driver.ovsdb.ovsdb_monitor [-] Hash Ring: Node f003c83022bf5ea1a8146633f29e83c1 (host: np0000163292) handling event "create" for row ee9ed3df-514a-45c8-a054-69347ae8cbde (table: ACL) {{(pid=102277) notify /opt/stack/neutron/neutron/plugins/ml2/drivers/ovn/mech_driver/ovsdb/ovsdb_monitor.py:912}}
Apr 03 01:29:06.034368 np0000163292 devstack@neutron-api.service[102277]: DEBUG neutron.plugins.ml2.drivers.ovn.mech_driver.ovsdb.ovsdb_monitor [-] Hash Ring: Node f003c83022bf5ea1a8146633f29e83c1 (host: np0000163292) handling event "create" for row e2add922-cd52-4e94-9837-0657c8aa0031 (table: Port_Group) {{(pid=102277) notify /opt/stack/neutron/neutron/plugins/ml2/drivers/ovn/mech_driver/ovsdb/ovsdb_monitor.py:912}}
Apr 03 01:29:06.059737 np0000163292 devstack@neutron-api.service[102278]: INFO neutron.db.ovn_revision_numbers_db [None req-63546e13-2773-4e9a-87f3-6a85b2862795 admin admin] Successfully bumped revision number for resource 42ccdca6-bb49-4ff7-823a-472f932598a5 (type: security_groups) to 1
Apr 03 01:29:06.077578 np0000163292 devstack@neutron-api.service[102278]: INFO neutron.db.ovn_revision_numbers_db [None req-63546e13-2773-4e9a-87f3-6a85b2862795 admin admin] Successfully bumped revision number for resource 7ab939e5-bde6-48fb-87d2-689c819c598c (type: security_group_rules) to 0
Apr 03 01:29:06.091151 np0000163292 devstack@neutron-api.service[102278]: INFO neutron.db.ovn_revision_numbers_db [None req-63546e13-2773-4e9a-87f3-6a85b2862795 admin admin] Successfully bumped revision number for resource aac1c29a-4f21-4491-9859-083417d9a6f5 (type: security_group_rules) to 0
Apr 03 01:29:06.104363 np0000163292 devstack@neutron-api.service[102278]: INFO neutron.db.ovn_revision_numbers_db [None req-63546e13-2773-4e9a-87f3-6a85b2862795 admin admin] Successfully bumped revision number for resource ba2b93e7-19f8-49e9-9f5a-c647127c608a (type: security_group_rules) to 0
Apr 03 01:29:06.118250 np0000163292 devstack@neutron-api.service[102278]: INFO neutron.db.ovn_revision_numbers_db [None req-63546e13-2773-4e9a-87f3-6a85b2862795 admin admin] Successfully bumped revision number for resource e4b94a3e-d617-45f3-95be-76b3461b13f1 (type: security_group_rules) to 0
Apr 03 01:29:06.142315 np0000163292 devstack@neutron-api.service[102278]: DEBUG neutron.api.rpc.handlers.resources_rpc [None req-63546e13-2773-4e9a-87f3-6a85b2862795 admin admin] Pushing event updated for resources: {'SecurityGroup': ['ID=42ccdca6-bb49-4ff7-823a-472f932598a5,revision_number=1']} {{(pid=102278) push /opt/stack/neutron/neutron/api/rpc/handlers/resources_rpc.py:237}}
Apr 03 01:29:06.150419 np0000163292 devstack@neutron-api.service[102278]: DEBUG ovsdbapp.backend.ovs_idl.transaction [-] Running txn n=1 command(idx=0): CheckLivenessCommand(_result=None) {{(pid=102278) do_commit /opt/stack/data/venv/lib/python3.12/site-packages/ovsdbapp/backend/ovs_idl/transaction.py:89}}
Apr 03 01:29:06.152620 np0000163292 devstack@neutron-api.service[102278]: DEBUG neutron.plugins.ml2.drivers.ovn.mech_driver.ovsdb.ovsdb_monitor [-] Hash Ring: Node 810d6e232b735b42b62ae062e62c0cfd (host: np0000163292) handling event "update" for row b316563b-2d2d-4dd5-9c15-b04e0cc759d2 (table: NB_Global) {{(pid=102278) notify /opt/stack/neutron/neutron/plugins/ml2/drivers/ovn/mech_driver/ovsdb/ovsdb_monitor.py:912}}
Apr 03 01:29:06.153900 np0000163292 devstack@neutron-api.service[102277]: DEBUG neutron.plugins.ml2.drivers.ovn.mech_driver.ovsdb.ovsdb_monitor [-] Hash Ring: Node f003c83022bf5ea1a8146633f29e83c1 (host: np0000163292) handling event "update" for row b316563b-2d2d-4dd5-9c15-b04e0cc759d2 (table: NB_Global) {{(pid=102277) notify /opt/stack/neutron/neutron/plugins/ml2/drivers/ovn/mech_driver/ovsdb/ovsdb_monitor.py:912}}
Apr 03 01:29:06.154916 np0000163292 devstack@neutron-api.service[102277]: DEBUG neutron.plugins.ml2.drivers.ovn.mech_driver.ovsdb.ovsdb_monitor [-] Hash Ring: Node f003c83022bf5ea1a8146633f29e83c1 (host: np0000163292) handling event "update" for row b316563b-2d2d-4dd5-9c15-b04e0cc759d2 (table: NB_Global) {{(pid=102277) notify /opt/stack/neutron/neutron/plugins/ml2/drivers/ovn/mech_driver/ovsdb/ovsdb_monitor.py:912}}
Apr 03 01:29:06.155043 np0000163292 devstack@neutron-api.service[102278]: DEBUG neutron.api.rpc.callbacks.version_manager [None req-63546e13-2773-4e9a-87f3-6a85b2862795 admin admin] Tracked resource versions report:
Apr 03 01:29:06.155043 np0000163292 devstack@neutron-api.service[102278]: pushed versions:
Apr 03 01:29:06.155043 np0000163292 devstack@neutron-api.service[102278]: { 'AddressGroup': {'1.2'},
Apr 03 01:29:06.155043 np0000163292 devstack@neutron-api.service[102278]: 'Agent': {'1.1'},
Apr 03 01:29:06.155043 np0000163292 devstack@neutron-api.service[102278]: 'ConntrackHelper': {'1.0'},
Apr 03 01:29:06.155043 np0000163292 devstack@neutron-api.service[102278]: 'LocalIPAssociation': {'1.0'},
Apr 03 01:29:06.155043 np0000163292 devstack@neutron-api.service[102278]: 'Log': {'1.0'},
Apr 03 01:29:06.155043 np0000163292 devstack@neutron-api.service[102278]: 'NDPProxy': {'1.0'},
Apr 03 01:29:06.155043 np0000163292 devstack@neutron-api.service[102278]: 'Network': {'1.2'},
Apr 03 01:29:06.155043 np0000163292 devstack@neutron-api.service[102278]: 'Port': {'1.10'},
Apr 03 01:29:06.155043 np0000163292 devstack@neutron-api.service[102278]: 'PortForwarding': {'1.3'},
Apr 03 01:29:06.155043 np0000163292 devstack@neutron-api.service[102278]: 'QosPolicy': {'1.10'},
Apr 03 01:29:06.155043 np0000163292 devstack@neutron-api.service[102278]: 'SecurityGroup': {'1.6'},
Apr 03 01:29:06.155043 np0000163292 devstack@neutron-api.service[102278]: 'SecurityGroupRule': {'1.3'},
Apr 03 01:29:06.155043 np0000163292 devstack@neutron-api.service[102278]: 'SubPort': {'1.0'},
Apr 03 01:29:06.155043 np0000163292 devstack@neutron-api.service[102278]: 'Subnet': {'1.2'},
Apr 03 01:29:06.155043 np0000163292 devstack@neutron-api.service[102278]: 'Trunk': {'1.1'}}
Apr 03 01:29:06.155043 np0000163292 devstack@neutron-api.service[102278]: consumer versions:
Apr 03 01:29:06.155043 np0000163292 devstack@neutron-api.service[102278]: {}
Apr 03 01:29:06.155043 np0000163292 devstack@neutron-api.service[102278]: {{(pid=102278) report /opt/stack/neutron/neutron/api/rpc/callbacks/version_manager.py:183}}
Apr 03 01:29:06.156961 np0000163292 devstack@neutron-api.service[102277]: DEBUG neutron.plugins.ml2.drivers.ovn.mech_driver.ovsdb.ovsdb_monitor [-] Hash Ring: Node f003c83022bf5ea1a8146633f29e83c1 (host: np0000163292) handling event "update" for row b316563b-2d2d-4dd5-9c15-b04e0cc759d2 (table: NB_Global) {{(pid=102277) notify /opt/stack/neutron/neutron/plugins/ml2/drivers/ovn/mech_driver/ovsdb/ovsdb_monitor.py:912}}
Apr 03 01:29:06.157724 np0000163292 devstack@neutron-api.service[102276]: DEBUG neutron.plugins.ml2.drivers.ovn.mech_driver.ovsdb.ovsdb_monitor [-] ChassisAgentWriteEvent : Matched Chassis_Private, update, None None {{(pid=102276) matches /opt/stack/neutron/neutron/plugins/ml2/drivers/ovn/mech_driver/ovsdb/ovsdb_monitor.py:64}}
Apr 03 01:29:06.158261 np0000163292 devstack@neutron-api.service[102277]: DEBUG neutron.plugins.ml2.drivers.ovn.mech_driver.ovsdb.ovsdb_monitor [-] ChassisAgentWriteEvent : Matched Chassis_Private, update, None None {{(pid=102277) matches /opt/stack/neutron/neutron/plugins/ml2/drivers/ovn/mech_driver/ovsdb/ovsdb_monitor.py:64}}
Apr 03 01:29:06.159945 np0000163292 devstack@neutron-api.service[102279]: DEBUG neutron.plugins.ml2.drivers.ovn.mech_driver.ovsdb.ovsdb_monitor [-] ChassisAgentWriteEvent : Matched Chassis_Private, update, None None {{(pid=102279) matches /opt/stack/neutron/neutron/plugins/ml2/drivers/ovn/mech_driver/ovsdb/ovsdb_monitor.py:64}}
Apr 03 01:29:06.160577 np0000163292 devstack@neutron-api.service[102278]: DEBUG neutron.plugins.ml2.drivers.ovn.mech_driver.ovsdb.ovsdb_monitor [-] ChassisAgentWriteEvent : Matched Chassis_Private, update, None None {{(pid=102278) matches /opt/stack/neutron/neutron/plugins/ml2/drivers/ovn/mech_driver/ovsdb/ovsdb_monitor.py:64}}
Apr 03 01:29:06.161385 np0000163292 devstack@neutron-api.service[102279]: DEBUG neutron.plugins.ml2.drivers.ovn.mech_driver.ovsdb.ovsdb_monitor [-] Hash Ring: Node 8fbd4b9d17e5585d879a04bcc08217ee (host: np0000163292) handling event "update" for row 40330134-bea5-46a6-8530-646d1c3bf446 (table: Chassis_Private) {{(pid=102279) notify /opt/stack/neutron/neutron/plugins/ml2/drivers/ovn/mech_driver/ovsdb/ovsdb_monitor.py:912}}
Apr 03 01:29:06.161854 np0000163292 devstack@neutron-api.service[102277]: DEBUG neutron.plugins.ml2.drivers.ovn.mech_driver.ovsdb.ovsdb_monitor [-] Hash Ring: Node f003c83022bf5ea1a8146633f29e83c1 (host: np0000163292) handling event "update" for row b316563b-2d2d-4dd5-9c15-b04e0cc759d2 (table: NB_Global) {{(pid=102277) notify /opt/stack/neutron/neutron/plugins/ml2/drivers/ovn/mech_driver/ovsdb/ovsdb_monitor.py:912}}
Apr 03 01:29:06.162648 np0000163292 devstack@neutron-api.service[102278]: DEBUG neutron.plugins.ml2.drivers.ovn.mech_driver.ovsdb.ovsdb_monitor [-] Hash Ring: Node 810d6e232b735b42b62ae062e62c0cfd (host: np0000163292) handling event "update" for row b316563b-2d2d-4dd5-9c15-b04e0cc759d2 (table: NB_Global) {{(pid=102278) notify /opt/stack/neutron/neutron/plugins/ml2/drivers/ovn/mech_driver/ovsdb/ovsdb_monitor.py:912}}
Apr 03 01:29:06.164090 np0000163292 devstack@neutron-api.service[102277]: DEBUG neutron.common.ovn.hash_ring_manager [-] Allow caching, nodes 4>=4 {{(pid=102277) _wait_startup_before_caching /opt/stack/neutron/neutron/common/ovn/hash_ring_manager.py:65}}
Apr 03 01:29:06.164337 np0000163292 devstack@neutron-api.service[102277]: DEBUG neutron.plugins.ml2.drivers.ovn.mech_driver.ovsdb.ovsdb_monitor [-] Hash Ring: Node f003c83022bf5ea1a8146633f29e83c1 (host: np0000163292) handling event "update" for row 40330134-bea5-46a6-8530-646d1c3bf446 (table: Chassis_Private) {{(pid=102277) notify /opt/stack/neutron/neutron/plugins/ml2/drivers/ovn/mech_driver/ovsdb/ovsdb_monitor.py:912}}
Apr 03 01:29:06.164438 np0000163292 devstack@neutron-api.service[102279]: DEBUG neutron.plugins.ml2.drivers.ovn.mech_driver.ovsdb.ovsdb_monitor [-] ChassisOVNAgentWriteEvent : Matched Chassis_Private, update, None None {{(pid=102279) matches /opt/stack/neutron/neutron/plugins/ml2/drivers/ovn/mech_driver/ovsdb/ovsdb_monitor.py:64}}
Apr 03 01:29:06.164523 np0000163292 devstack@neutron-api.service[102278]: DEBUG neutron.plugins.ml2.drivers.ovn.mech_driver.ovsdb.ovsdb_monitor [-] Hash Ring: Node 810d6e232b735b42b62ae062e62c0cfd (host: np0000163292) handling event "update" for row b316563b-2d2d-4dd5-9c15-b04e0cc759d2 (table: NB_Global) {{(pid=102278) notify /opt/stack/neutron/neutron/plugins/ml2/drivers/ovn/mech_driver/ovsdb/ovsdb_monitor.py:912}}
Apr 03 01:29:06.164730 np0000163292 devstack@neutron-api.service[102279]: DEBUG neutron.plugins.ml2.drivers.ovn.mech_driver.ovsdb.ovsdb_monitor [-] Hash Ring: Node 8fbd4b9d17e5585d879a04bcc08217ee (host: np0000163292) handling event "update" for row 40330134-bea5-46a6-8530-646d1c3bf446 (table: Chassis_Private) {{(pid=102279) notify /opt/stack/neutron/neutron/plugins/ml2/drivers/ovn/mech_driver/ovsdb/ovsdb_monitor.py:912}}
Apr 03 01:29:06.164829 np0000163292 devstack@neutron-api.service[102276]: DEBUG neutron.plugins.ml2.drivers.ovn.mech_driver.ovsdb.ovsdb_monitor [-] ChassisOVNAgentWriteEvent : Matched Chassis_Private, update, None None {{(pid=102276) matches /opt/stack/neutron/neutron/plugins/ml2/drivers/ovn/mech_driver/ovsdb/ovsdb_monitor.py:64}}
Apr 03 01:29:06.165254 np0000163292 devstack@neutron-api.service[102278]: DEBUG neutron.plugins.ml2.drivers.ovn.mech_driver.ovsdb.ovsdb_monitor [-] ChassisOVNAgentWriteEvent : Matched Chassis_Private, update, None None {{(pid=102278) matches /opt/stack/neutron/neutron/plugins/ml2/drivers/ovn/mech_driver/ovsdb/ovsdb_monitor.py:64}}
Apr 03 01:29:06.166393 np0000163292 devstack@neutron-api.service[102277]: DEBUG neutron.plugins.ml2.drivers.ovn.mech_driver.ovsdb.ovsdb_monitor [-] ChassisOVNAgentWriteEvent : Matched Chassis_Private, update, None None {{(pid=102277) matches /opt/stack/neutron/neutron/plugins/ml2/drivers/ovn/mech_driver/ovsdb/ovsdb_monitor.py:64}}
Apr 03 01:29:06.166458 np0000163292 devstack@neutron-api.service[102278]: DEBUG neutron.plugins.ml2.drivers.ovn.mech_driver.ovsdb.ovsdb_monitor [-] Hash Ring: Node 810d6e232b735b42b62ae062e62c0cfd (host: np0000163292) handling event "update" for row b316563b-2d2d-4dd5-9c15-b04e0cc759d2 (table: NB_Global) {{(pid=102278) notify /opt/stack/neutron/neutron/plugins/ml2/drivers/ovn/mech_driver/ovsdb/ovsdb_monitor.py:912}}
Apr 03 01:29:06.166502 np0000163292 devstack@neutron-api.service[102277]: DEBUG neutron.plugins.ml2.drivers.ovn.mech_driver.ovsdb.ovsdb_monitor [-] Hash Ring: Node f003c83022bf5ea1a8146633f29e83c1 (host: np0000163292) handling event "update" for row 40330134-bea5-46a6-8530-646d1c3bf446 (table: Chassis_Private) {{(pid=102277) notify /opt/stack/neutron/neutron/plugins/ml2/drivers/ovn/mech_driver/ovsdb/ovsdb_monitor.py:912}}
Apr 03 01:29:06.224524 np0000163292 devstack@neutron-api.service[102278]: DEBUG neutron.plugins.ml2.drivers.helpers [None req-63546e13-2773-4e9a-87f3-6a85b2862795 admin admin] geneve segment allocate from pool success with {'geneve_vni': 43618} {{(pid=102278) allocate_partially_specified_segment /opt/stack/neutron/neutron/plugins/ml2/drivers/helpers.py:142}}
Apr 03 01:29:06.240584 np0000163292 devstack@neutron-api.service[102278]: DEBUG neutron_lib.callbacks.manager [None req-63546e13-2773-4e9a-87f3-6a85b2862795 admin admin] Publish callbacks ['neutron.services.segments.db._add_segment_host_mapping_for_segment-8364305604238', 'neutron.plugins.ml2.plugin.Ml2Plugin._handle_segment_change-70461'] for segment (dc0db114-e005-4165-883c-7a938b4eb1b0), precommit_create {{(pid=102278) _notify_loop /opt/stack/data/venv/lib/python3.12/site-packages/neutron_lib/callbacks/manager.py:184}}
Apr 03 01:29:06.240829 np0000163292 devstack@neutron-api.service[102278]: INFO neutron.db.segments_db [None req-63546e13-2773-4e9a-87f3-6a85b2862795 admin admin] Added segment dc0db114-e005-4165-883c-7a938b4eb1b0 of type geneve for network 4ff6e09d-461a-4f8b-bfaa-e2bbbb331305
Apr 03 01:29:06.284429 np0000163292 devstack@neutron-api.service[102278]: DEBUG neutron_lib.callbacks.manager [None req-63546e13-2773-4e9a-87f3-6a85b2862795 admin admin] Publish callbacks ['neutron.services.auto_allocate.db._ensure_external_network_default_value_callback-8364303606254'] for network (4ff6e09d-461a-4f8b-bfaa-e2bbbb331305), precommit_create {{(pid=102278) _notify_loop /opt/stack/data/venv/lib/python3.12/site-packages/neutron_lib/callbacks/manager.py:184}}
Apr 03 01:29:06.303105 np0000163292 devstack@neutron-api.service[102278]: DEBUG neutron.plugins.ml2.drivers.ovn.mech_driver.mech_driver [None req-63546e13-2773-4e9a-87f3-6a85b2862795 admin admin] Validating network segment with type geneve, segmentation ID 43618, physical network None {{(pid=102278) _validate_network_segments /opt/stack/neutron/neutron/plugins/ml2/drivers/ovn/mech_driver/mech_driver.py:631}}
Apr 03 01:29:06.303291 np0000163292 devstack@neutron-api.service[102278]: DEBUG neutron.db.ovn_revision_numbers_db [None req-63546e13-2773-4e9a-87f3-6a85b2862795 admin admin] create_initial_revision uuid=4ff6e09d-461a-4f8b-bfaa-e2bbbb331305, type=networks, rev=-1 {{(pid=102278) create_initial_revision /opt/stack/neutron/neutron/db/ovn_revision_numbers_db.py:98}}
Apr 03 01:29:06.319691 np0000163292 devstack@neutron-api.service[102278]: DEBUG neutron_lib.callbacks.manager [None req-63546e13-2773-4e9a-87f3-6a85b2862795 admin admin] Publish callbacks ['neutron.plugins.ml2.ovo_rpc._ObjectChangeHandler.handle_event-3013926'] for network (4ff6e09d-461a-4f8b-bfaa-e2bbbb331305), after_create {{(pid=102278) _notify_loop /opt/stack/data/venv/lib/python3.12/site-packages/neutron_lib/callbacks/manager.py:184}}
Apr 03 01:29:06.368913 np0000163292 devstack@neutron-api.service[102278]: DEBUG neutron.api.rpc.handlers.resources_rpc [None req-63546e13-2773-4e9a-87f3-6a85b2862795 admin admin] Pushing event updated for resources: {'Network': ['ID=4ff6e09d-461a-4f8b-bfaa-e2bbbb331305,revision_number=1']} {{(pid=102278) push /opt/stack/neutron/neutron/api/rpc/handlers/resources_rpc.py:237}}
Apr 03 01:29:06.378495 np0000163292 devstack@neutron-api.service[102278]: DEBUG ovsdbapp.backend.ovs_idl.transaction [-] Running txn n=1 command(idx=0): AddNetworkCommand(_result=None, network_uuid=4ff6e09d-461a-4f8b-bfaa-e2bbbb331305, may_exist=True, columns={'external_ids': {'neutron:network_name': 'private', 'neutron:mtu': '1372', 'neutron:revision_number': '1', 'neutron:availability_zone_hints': '', 'neutron:provnet-network-type': 'geneve'}, 'other_config': {'mcast_snoop': 'false', 'mcast_flood_unregistered': 'false', 'vlan-passthru': 'false'}}) {{(pid=102278) do_commit /opt/stack/data/venv/lib/python3.12/site-packages/ovsdbapp/backend/ovs_idl/transaction.py:89}}
Apr 03 01:29:06.378977 np0000163292 devstack@neutron-api.service[102278]: DEBUG neutron.common.ovn.utils [-] OVS persist_uuid supported=True {{(pid=102278) ovs_persist_uuid_supported /opt/stack/neutron/neutron/common/ovn/utils.py:1535}}
Apr 03 01:29:06.382953 np0000163292 devstack@neutron-api.service[102277]: DEBUG neutron.plugins.ml2.drivers.ovn.mech_driver.ovsdb.ovsdb_monitor [-] Hash Ring: Node f003c83022bf5ea1a8146633f29e83c1 (host: np0000163292) handling event "create" for row 4ff6e09d-461a-4f8b-bfaa-e2bbbb331305 (table: Logical_Switch) {{(pid=102277) notify /opt/stack/neutron/neutron/plugins/ml2/drivers/ovn/mech_driver/ovsdb/ovsdb_monitor.py:912}}
Apr 03 01:29:06.390669 np0000163292 devstack@neutron-api.service[102277]: DEBUG neutron.plugins.ml2.drivers.ovn.mech_driver.ovsdb.ovsdb_monitor [-] Hash Ring: Node f003c83022bf5ea1a8146633f29e83c1 (host: np0000163292) handling event "create" for row 37df18cd-32f8-4c68-9083-4c7b171ce6cb (table: Datapath_Binding) {{(pid=102277) notify /opt/stack/neutron/neutron/plugins/ml2/drivers/ovn/mech_driver/ovsdb/ovsdb_monitor.py:912}}
Apr 03 01:29:06.417717 np0000163292 devstack@neutron-api.service[102278]: INFO neutron.db.ovn_revision_numbers_db [None req-63546e13-2773-4e9a-87f3-6a85b2862795 admin admin] Successfully bumped revision number for resource 4ff6e09d-461a-4f8b-bfaa-e2bbbb331305 (type: networks) to 1
Apr 03 01:29:06.485348 np0000163292 devstack@neutron-api.service[102278]: DEBUG neutron_lib.callbacks.manager [None req-63546e13-2773-4e9a-87f3-6a85b2862795 admin admin] Publish callbacks ['neutron.plugins.ml2.plugin.SecurityGroupDbMixin._ensure_default_security_group_handler-190663'] for port (None), before_create {{(pid=102278) _notify_loop /opt/stack/data/venv/lib/python3.12/site-packages/neutron_lib/callbacks/manager.py:184}}
Apr 03 01:29:06.570174 np0000163292 devstack@neutron-api.service[102278]: DEBUG neutron_lib.callbacks.manager [None req-63546e13-2773-4e9a-87f3-6a85b2862795 admin admin] Publish callbacks ['neutron.plugins.ml2.drivers.ovn.mech_driver.mech_driver.OVNMechanismDriver._validate_allowed_address_pairs-254380'] for allowed_address_pair (afc94dbc-e2f0-4f36-a785-e17807857b8c), before_create {{(pid=102278) _notify_loop /opt/stack/data/venv/lib/python3.12/site-packages/neutron_lib/callbacks/manager.py:184}}
Apr 03 01:29:06.570653 np0000163292 devstack@neutron-api.service[102278]: DEBUG neutron_lib.callbacks.manager [None req-63546e13-2773-4e9a-87f3-6a85b2862795 admin admin] Publish callbacks [] for port (afc94dbc-e2f0-4f36-a785-e17807857b8c), precommit_create {{(pid=102278) _notify_loop /opt/stack/data/venv/lib/python3.12/site-packages/neutron_lib/callbacks/manager.py:184}}
Apr 03 01:29:06.570824 np0000163292 devstack@neutron-api.service[102278]: DEBUG neutron.plugins.ml2.drivers.ovn.mech_driver.mech_driver [None req-63546e13-2773-4e9a-87f3-6a85b2862795 admin admin] No provisioning block for port afc94dbc-e2f0-4f36-a785-e17807857b8c since it does not have a host {{(pid=102278) _is_port_provisioning_required /opt/stack/neutron/neutron/plugins/ml2/drivers/ovn/mech_driver/mech_driver.py:884}}
