Apr 03 01:32:42.003980 np0000163292 devstack@neutron-api.service[102278]: DEBUG ovsdbapp.backend.ovs_idl.transaction [None req-e9ed3219-7b70-4335-80c1-5a52af5588f7 None None] Running txn n=1 command(idx=0): AddLSwitchPortCommand(_result=None, lport=4f052991-f65a-49f7-bff9-a1bc9b936a25, lswitch=neutron-26bf65e9-5a96-4990-bd8f-dea346fbdb3a, may_exist=True, network_uuid=26bf65e9-5a96-4990-bd8f-dea346fbdb3a, columns={'addresses': ['fa:16:3e:57:4d:de'], 'external_ids': {'neutron:port_name': '', 'neutron:device_id': 'ovnmeta-26bf65e9-5a96-4990-bd8f-dea346fbdb3a', 'neutron:project_id': 'b16b4cb2e6924d639ea82bed4260e10a', 'neutron:cidrs': '', 'neutron:device_owner': 'network:distributed', 'neutron:subnet_pool_addr_scope4': '', 'neutron:subnet_pool_addr_scope6': '', 'neutron:network_name': 'neutron-26bf65e9-5a96-4990-bd8f-dea346fbdb3a', 'neutron:security_group_ids': '', 'neutron:revision_number': '1', 'neutron:vnic_type': 'normal', 'neutron:port_capabilities': '', 'neutron:mtu': ''}, 'parent_name': [], 'tag': [], 'enabled': True, 'options': {}, 'type': 'localport', 'port_security': [], 'dhcpv4_options': [], 'dhcpv6_options': []}) {{(pid=102278) do_commit /opt/stack/data/venv/lib/python3.12/site-packages/ovsdbapp/backend/ovs_idl/transaction.py:89}}
Apr 03 01:32:42.004873 np0000163292 devstack@neutron-api.service[102278]: DEBUG ovsdbapp.backend.ovs_idl.transaction [None req-e9ed3219-7b70-4335-80c1-5a52af5588f7 None None] Running txn n=1 command(idx=1): QoSDelCommand(_result=None, switch=neutron-26bf65e9-5a96-4990-bd8f-dea346fbdb3a, conditions=[('direction', '=', 'to-lport'), ('priority', '=', 2002), ('match', '=', 'outport == "4f052991-f65a-49f7-bff9-a1bc9b936a25"')], if_exists=True) {{(pid=102278) do_commit /opt/stack/data/venv/lib/python3.12/site-packages/ovsdbapp/backend/ovs_idl/transaction.py:89}}
Apr 03 01:32:42.005202 np0000163292 devstack@neutron-api.service[102278]: DEBUG ovsdbapp.backend.ovs_idl.transaction [None req-e9ed3219-7b70-4335-80c1-5a52af5588f7 None None] Running txn n=1 command(idx=2): QoSDelCommand(_result=None, switch=neutron-26bf65e9-5a96-4990-bd8f-dea346fbdb3a, conditions=[('direction', '=', 'from-lport'), ('priority', '=', 2002), ('match', '=', 'inport == "4f052991-f65a-49f7-bff9-a1bc9b936a25"')], if_exists=True) {{(pid=102278) do_commit /opt/stack/data/venv/lib/python3.12/site-packages/ovsdbapp/backend/ovs_idl/transaction.py:89}}
Apr 03 01:32:42.010705 np0000163292 devstack@neutron-api.service[102277]: DEBUG neutron.plugins.ml2.drivers.ovn.mech_driver.ovsdb.ovsdb_monitor [None req-d0feca10-a83c-47b2-a5bd-53fee0a69fff None None] Hash Ring: Node f003c83022bf5ea1a8146633f29e83c1 (host: np0000163292) handling event "create" for row 61a211ef-7077-4e33-a8fa-f436245752e7 (table: Logical_Switch_Port) {{(pid=102277) notify /opt/stack/neutron/neutron/plugins/ml2/drivers/ovn/mech_driver/ovsdb/ovsdb_monitor.py:912}}
Apr 03 01:32:42.011816 np0000163292 devstack@neutron-api.service[102277]: DEBUG ovsdbapp.backend.ovs_idl.event [None req-d0feca10-a83c-47b2-a5bd-53fee0a69fff None None] Matched CREATE: LogicalSwitchPortCreateEvent(events=('create',), table='Logical_Switch_Port', conditions=[], old_conditions=None), priority=20 to row=Logical_Switch_Port(uuid=61a211ef-7077-4e33-a8fa-f436245752e7, addresses=['fa:16:3e:57:4d:de'], dhcpv4_options=[], dhcpv6_options=[], dynamic_addresses=[], enabled=True, external_ids={'neutron:cidrs': '', 'neutron:device_id': 'ovnmeta-26bf65e9-5a96-4990-bd8f-dea346fbdb3a', 'neutron:device_owner': 'network:distributed', 'neutron:mtu': '', 'neutron:network_name': 'neutron-26bf65e9-5a96-4990-bd8f-dea346fbdb3a', 'neutron:port_capabilities': '', 'neutron:port_name': '', 'neutron:project_id': 'b16b4cb2e6924d639ea82bed4260e10a', 'neutron:revision_number': '1', 'neutron:security_group_ids': '', 'neutron:subnet_pool_addr_scope4': '', 'neutron:subnet_pool_addr_scope6': '', 'neutron:vnic_type': 'normal'}, ha_chassis_group=[], mirror_rules=[], name='4f052991-f65a-49f7-bff9-a1bc9b936a25', options={}, parent_name=[], port_security=[], tag=[], tag_request=[], type='localport', up=[]) old= {{(pid=102277) matches /opt/stack/data/venv/lib/python3.12/site-packages/ovsdbapp/backend/ovs_idl/event.py:55}}
Apr 03 01:32:42.013041 np0000163292 devstack@neutron-api.service[102277]: DEBUG neutron.plugins.ml2.drivers.ovn.mech_driver.ovsdb.ovsdb_monitor [None req-d0feca10-a83c-47b2-a5bd-53fee0a69fff None None] Hash Ring: Node f003c83022bf5ea1a8146633f29e83c1 (host: np0000163292) handling event "update" for row 61a211ef-7077-4e33-a8fa-f436245752e7 (table: Logical_Switch_Port) {{(pid=102277) notify /opt/stack/neutron/neutron/plugins/ml2/drivers/ovn/mech_driver/ovsdb/ovsdb_monitor.py:912}}
Apr 03 01:32:42.013493 np0000163292 devstack@neutron-api.service[102279]: DEBUG neutron.plugins.ml2.drivers.ovn.mech_driver.ovsdb.ovsdb_monitor [None req-c839f2cb-48a5-4eb6-b6d6-c77bed2410c2 None None] Hash Ring: Node 8fbd4b9d17e5585d879a04bcc08217ee (host: np0000163292) handling event "update" for row 26bf65e9-5a96-4990-bd8f-dea346fbdb3a (table: Logical_Switch) {{(pid=102279) notify /opt/stack/neutron/neutron/plugins/ml2/drivers/ovn/mech_driver/ovsdb/ovsdb_monitor.py:912}}
Apr 03 01:32:42.014740 np0000163292 devstack@neutron-api.service[102277]: INFO neutron.plugins.ml2.drivers.ovn.mech_driver.mech_driver [None req-666e5406-2847-459d-816a-81746b76250a None None] OVN reports status down for port: 4f052991-f65a-49f7-bff9-a1bc9b936a25
Apr 03 01:32:42.017004 np0000163292 devstack@neutron-api.service[102279]: DEBUG neutron.plugins.ml2.drivers.ovn.mech_driver.ovsdb.ovsdb_monitor [None req-45df6c19-8ade-4680-a67d-5812ec13d9f1 None None] Hash Ring: Node 8fbd4b9d17e5585d879a04bcc08217ee (host: np0000163292) handling event "create" for row 78ad5781-9237-4498-b114-b25e7ccad6d6 (table: Port_Binding) {{(pid=102279) notify /opt/stack/neutron/neutron/plugins/ml2/drivers/ovn/mech_driver/ovsdb/ovsdb_monitor.py:912}}
Apr 03 01:32:42.038887 np0000163292 devstack@neutron-api.service[102277]: DEBUG neutron.db.provisioning_blocks [None req-666e5406-2847-459d-816a-81746b76250a None None] Transition to ACTIVE for port object 4f052991-f65a-49f7-bff9-a1bc9b936a25 will not be triggered until provisioned by entity L2. {{(pid=102277) add_provisioning_component /opt/stack/neutron/neutron/db/provisioning_blocks.py:74}}
Apr 03 01:32:42.048225 np0000163292 devstack@neutron-api.service[102278]: INFO neutron.db.ovn_revision_numbers_db [None req-ee4d0a10-55ef-4b87-b74e-5c111aaffdd6 admin admin] Successfully bumped revision number for resource 4f052991-f65a-49f7-bff9-a1bc9b936a25 (type: ports) to 1
Apr 03 01:32:42.063196 np0000163292 devstack@neutron-api.service[102278]: DEBUG neutron.pecan_wsgi.hooks.policy_enforcement [None req-ee4d0a10-55ef-4b87-b74e-5c111aaffdd6 admin admin] Attributes excluded by policy engine: ['standard_attr_id'] {{(pid=102278) _exclude_attributes_by_policy /opt/stack/neutron/neutron/pecan_wsgi/hooks/policy_enforcement.py:258}}
Apr 03 01:32:42.063452 np0000163292 devstack@neutron-api.service[102278]: DEBUG neutron_lib.callbacks.manager [None req-ee4d0a10-55ef-4b87-b74e-5c111aaffdd6 admin admin] Publish callbacks [] for network (None), before_response {{(pid=102278) _notify_loop /opt/stack/data/venv/lib/python3.12/site-packages/neutron_lib/callbacks/manager.py:184}}
Apr 03 01:32:42.064401 np0000163292 devstack@neutron-api.service[102277]: DEBUG neutron.plugins.ml2.plugin [None req-666e5406-2847-459d-816a-81746b76250a None None] Current status of the port 4f052991-f65a-49f7-bff9-a1bc9b936a25 is: DOWN; New status is: DOWN {{(pid=102277) _update_individual_port_db_status /opt/stack/neutron/neutron/plugins/ml2/plugin.py:2468}}
Apr 03 01:32:42.065770 np0000163292 devstack@neutron-api.service[102277]: DEBUG ovsdbapp.backend.ovs_idl.transaction [None req-d0feca10-a83c-47b2-a5bd-53fee0a69fff None None] Running txn n=1 command(idx=0): DbRemoveCommand(_result=None, table=Logical_Switch_Port, record=4f052991-f65a-49f7-bff9-a1bc9b936a25, column=external_ids, values=('neutron:host_id',), keyvalues={}, if_exists=True) {{(pid=102277) do_commit /opt/stack/data/venv/lib/python3.12/site-packages/ovsdbapp/backend/ovs_idl/transaction.py:89}}
Apr 03 01:32:42.076372 np0000163292 devstack@neutron-api.service[102278]: [pid: 102278|app: 0|req: 23/93] 162.253.55.200 () {68 vars in 1358 bytes} [Fri Apr 3 01:32:41 2026] POST /networking/v2.0/networks => generated 683 bytes in 673 msecs (HTTP/1.1 201) 4 headers in 162 bytes (1 switches on core 0)
Apr 03 01:32:42.289724 np0000163292 devstack@neutron-api.service[102277]: INFO neutron.pecan_wsgi.hooks.translation [None req-72502ca1-b0a3-4832-9bf4-1e2c4d1a08c4 admin admin] GET failed (client error): The resource could not be found.
Apr 03 01:32:42.290497 np0000163292 devstack@neutron-api.service[102277]: [pid: 102277|app: 0|req: 25/94] 162.253.55.200 () {64 vars in 1334 bytes} [Fri Apr 3 01:32:42 2026] GET /networking/v2.0/networks/admin_net => generated 111 bytes in 12 msecs (HTTP/1.1 404) 4 headers in 164 bytes (1 switches on core 0)
Apr 03 01:32:42.342302 np0000163292 devstack@neutron-api.service[102279]: DEBUG neutron.pecan_wsgi.hooks.policy_enforcement [None req-c9ab2486-8082-41aa-b8d9-0786cd76fd9b admin admin] Attributes excluded by policy engine: ['standard_attr_id'] {{(pid=102279) _exclude_attributes_by_policy /opt/stack/neutron/neutron/pecan_wsgi/hooks/policy_enforcement.py:258}}
Apr 03 01:32:42.343164 np0000163292 devstack@neutron-api.service[102279]: [pid: 102279|app: 0|req: 24/95] 162.253.55.200 () {64 vars in 1346 bytes} [Fri Apr 3 01:32:42 2026] GET /networking/v2.0/networks?name=admin_net => generated 667 bytes in 44 msecs (HTTP/1.1 200) 4 headers in 157 bytes (1 switches on core 0)
Apr 03 01:32:42.549743 np0000163292 devstack@neutron-api.service[102276]: INFO neutron.pecan_wsgi.hooks.translation [None req-b69ac188-c2a5-424f-ad59-79b6ae3323a2 admin admin] GET failed (client error): The resource could not be found.
Apr 03 01:32:42.550493 np0000163292 devstack@neutron-api.service[102276]: [pid: 102276|app: 0|req: 24/96] 162.253.55.200 () {64 vars in 1340 bytes} [Fri Apr 3 01:32:42 2026] GET /networking/v2.0/subnets/admin_subnet => generated 112 bytes in 8 msecs (HTTP/1.1 404) 4 headers in 164 bytes (1 switches on core 0)
Apr 03 01:32:42.582505 np0000163292 devstack@neutron-api.service[102278]: [pid: 102278|app: 0|req: 24/97] 162.253.55.200 () {64 vars in 1349 bytes} [Fri Apr 3 01:32:42 2026] GET /networking/v2.0/subnets?name=admin_subnet => generated 14 bytes in 23 msecs (HTTP/1.1 200) 4 headers in 156 bytes (1 switches on core 0)
Apr 03 01:32:42.607928 np0000163292 devstack@neutron-api.service[102277]: DEBUG futurist.periodics [-] Submitting periodic callback 'neutron.plugins.ml2.drivers.ovn.mech_driver.ovsdb.maintenance.HashRingHealthCheckPeriodics.touch_hash_ring_node' {{(pid=102277) _process_scheduled /opt/stack/data/venv/lib/python3.12/site-packages/futurist/periodics.py:784}}
Apr 03 01:32:42.609058 np0000163292 devstack@neutron-api.service[102277]: DEBUG neutron.plugins.ml2.drivers.ovn.mech_driver.ovsdb.maintenance [-] Touching Hash Ring node "f003c83022bf5ea1a8146633f29e83c1" from periodic health check thread {{(pid=102277) touch_hash_ring_node /opt/stack/neutron/neutron/plugins/ml2/drivers/ovn/mech_driver/ovsdb/maintenance.py:1232}}
Apr 03 01:32:42.871484 np0000163292 devstack@neutron-api.service[102277]: DEBUG neutron.pecan_wsgi.hooks.policy_enforcement [None req-1cb0482d-05e0-49d7-8cf7-ee310559ddcf admin admin] Attributes excluded by policy engine: ['standard_attr_id'] {{(pid=102277) _exclude_attributes_by_policy /opt/stack/neutron/neutron/pecan_wsgi/hooks/policy_enforcement.py:258}}
Apr 03 01:32:42.872128 np0000163292 devstack@neutron-api.service[102277]: [pid: 102277|app: 0|req: 26/98] 162.253.55.200 () {64 vars in 1415 bytes} [Fri Apr 3 01:32:42 2026] GET /networking/v2.0/networks/26bf65e9-5a96-4990-bd8f-dea346fbdb3a => generated 664 bytes in 63 msecs (HTTP/1.1 200) 4 headers in 157 bytes (1 switches on core 0)
Apr 03 01:32:42.890354 np0000163292 devstack@neutron-api.service[102279]: DEBUG neutron.api.v2.base [None req-268929fe-9faf-4022-90a8-e41290971c48 admin admin] Request body: {'subnet': {'cidr': '10.2.5.0/24', 'project_id': 'b16b4cb2e6924d639ea82bed4260e10a', 'name': 'admin_subnet', 'network_id': '26bf65e9-5a96-4990-bd8f-dea346fbdb3a', 'ip_version': 4, 'gateway_ip': None}} {{(pid=102279) prepare_request_body /opt/stack/neutron/neutron/api/v2/base.py:729}}
Apr 03 01:32:43.209856 np0000163292 devstack@neutron-api.service[102279]: DEBUG neutron.pecan_wsgi.hooks.quota_enforcement [None req-268929fe-9faf-4022-90a8-e41290971c48 admin admin] Made reservation on behalf of b16b4cb2e6924d639ea82bed4260e10a for: {'subnet': 1} {{(pid=102279) before /opt/stack/neutron/neutron/pecan_wsgi/hooks/quota_enforcement.py:66}}
Apr 03 01:32:43.213572 np0000163292 devstack@neutron-api.service[102279]: DEBUG neutron_lib.callbacks.manager [None req-268929fe-9faf-4022-90a8-e41290971c48 admin admin] Publish callbacks [] for subnet (None), before_create {{(pid=102279) _notify_loop /opt/stack/data/venv/lib/python3.12/site-packages/neutron_lib/callbacks/manager.py:184}}
Apr 03 01:32:43.315655 np0000163292 devstack@neutron-api.service[102279]: DEBUG neutron.db.ovn_revision_numbers_db [None req-268929fe-9faf-4022-90a8-e41290971c48 admin admin] create_initial_revision uuid=ab59086f-c502-45cf-ade9-74dac1649c4b, type=subnets, rev=-1 {{(pid=102279) create_initial_revision /opt/stack/neutron/neutron/db/ovn_revision_numbers_db.py:98}}
Apr 03 01:32:43.472405 np0000163292 devstack@neutron-api.service[102276]: DEBUG futurist.periodics [-] Submitting periodic callback 'neutron.plugins.ml2.drivers.ovn.mech_driver.ovsdb.maintenance.HashRingHealthCheckPeriodics.touch_hash_ring_node' {{(pid=102276) _process_scheduled /opt/stack/data/venv/lib/python3.12/site-packages/futurist/periodics.py:784}}
Apr 03 01:32:43.473448 np0000163292 devstack@neutron-api.service[102276]: DEBUG neutron.plugins.ml2.drivers.ovn.mech_driver.ovsdb.maintenance [-] Touching Hash Ring node "7c447381398d5b5ba8f534926098a28d" from periodic health check thread {{(pid=102276) touch_hash_ring_node /opt/stack/neutron/neutron/plugins/ml2/drivers/ovn/mech_driver/ovsdb/maintenance.py:1232}}
Apr 03 01:32:43.486914 np0000163292 devstack@neutron-api.service[102279]: DEBUG futurist.periodics [-] Submitting periodic callback 'neutron.plugins.ml2.drivers.ovn.mech_driver.ovsdb.maintenance.HashRingHealthCheckPeriodics.touch_hash_ring_node' {{(pid=102279) _process_scheduled /opt/stack/data/venv/lib/python3.12/site-packages/futurist/periodics.py:784}}
Apr 03 01:32:43.488073 np0000163292 devstack@neutron-api.service[102279]: DEBUG neutron.plugins.ml2.drivers.ovn.mech_driver.ovsdb.maintenance [-] Touching Hash Ring node "8fbd4b9d17e5585d879a04bcc08217ee" from periodic health check thread {{(pid=102279) touch_hash_ring_node /opt/stack/neutron/neutron/plugins/ml2/drivers/ovn/mech_driver/ovsdb/maintenance.py:1232}}
Apr 03 01:32:43.493017 np0000163292 devstack@neutron-api.service[102279]: DEBUG neutron_lib.callbacks.manager [None req-268929fe-9faf-4022-90a8-e41290971c48 admin admin] Publish callbacks ['neutron.plugins.ml2.ovo_rpc._ObjectChangeHandler.handle_event-2685123'] for subnet (ab59086f-c502-45cf-ade9-74dac1649c4b), after_create {{(pid=102279) _notify_loop /opt/stack/data/venv/lib/python3.12/site-packages/neutron_lib/callbacks/manager.py:184}}
Apr 03 01:32:43.494473 np0000163292 devstack@neutron-api.service[102278]: DEBUG futurist.periodics [-] Submitting periodic callback 'neutron.plugins.ml2.drivers.ovn.mech_driver.ovsdb.maintenance.HashRingHealthCheckPeriodics.touch_hash_ring_node' {{(pid=102278) _process_scheduled /opt/stack/data/venv/lib/python3.12/site-packages/futurist/periodics.py:784}}
Apr 03 01:32:43.496061 np0000163292 devstack@neutron-api.service[102278]: DEBUG neutron.plugins.ml2.drivers.ovn.mech_driver.ovsdb.maintenance [-] Touching Hash Ring node "810d6e232b735b42b62ae062e62c0cfd" from periodic health check thread {{(pid=102278) touch_hash_ring_node /opt/stack/neutron/neutron/plugins/ml2/drivers/ovn/mech_driver/ovsdb/maintenance.py:1232}}
Apr 03 01:32:43.508656 np0000163292 devstack@neutron-api.service[102279]: DEBUG neutron.api.rpc.handlers.resources_rpc [None req-268929fe-9faf-4022-90a8-e41290971c48 admin admin] Pushing event updated for resources: {'Subnet': ['ID=ab59086f-c502-45cf-ade9-74dac1649c4b,revision_number=0']} {{(pid=102279) push /opt/stack/neutron/neutron/api/rpc/handlers/resources_rpc.py:237}}
Apr 03 01:32:43.512778 np0000163292 devstack@neutron-api.service[102279]: DEBUG neutron.api.rpc.callbacks.version_manager [None req-268929fe-9faf-4022-90a8-e41290971c48 admin admin] Tracked resource versions report:
Apr 03 01:32:43.512778 np0000163292 devstack@neutron-api.service[102279]: pushed versions:
Apr 03 01:32:43.512778 np0000163292 devstack@neutron-api.service[102279]: { 'AddressGroup': {'1.2'},
Apr 03 01:32:43.512778 np0000163292 devstack@neutron-api.service[102279]: 'Agent': {'1.1'},
Apr 03 01:32:43.512778 np0000163292 devstack@neutron-api.service[102279]: 'ConntrackHelper': {'1.0'},
Apr 03 01:32:43.512778 np0000163292 devstack@neutron-api.service[102279]: 'LocalIPAssociation': {'1.0'},
Apr 03 01:32:43.512778 np0000163292 devstack@neutron-api.service[102279]: 'Log': {'1.0'},
Apr 03 01:32:43.512778 np0000163292 devstack@neutron-api.service[102279]: 'NDPProxy': {'1.0'},
Apr 03 01:32:43.512778 np0000163292 devstack@neutron-api.service[102279]: 'Network': {'1.2'},
Apr 03 01:32:43.512778 np0000163292 devstack@neutron-api.service[102279]: 'Port': {'1.10'},
Apr 03 01:32:43.512778 np0000163292 devstack@neutron-api.service[102279]: 'PortForwarding': {'1.3'},
Apr 03 01:32:43.512778 np0000163292 devstack@neutron-api.service[102279]: 'QosPolicy': {'1.10'},
Apr 03 01:32:43.512778 np0000163292 devstack@neutron-api.service[102279]: 'SecurityGroup': {'1.6'},
Apr 03 01:32:43.512778 np0000163292 devstack@neutron-api.service[102279]: 'SecurityGroupRule': {'1.3'},
Apr 03 01:32:43.512778 np0000163292 devstack@neutron-api.service[102279]: 'SubPort': {'1.0'},
Apr 03 01:32:43.512778 np0000163292 devstack@neutron-api.service[102279]: 'Subnet': {'1.2'},
Apr 03 01:32:43.512778 np0000163292 devstack@neutron-api.service[102279]: 'Trunk': {'1.1'}}
Apr 03 01:32:43.512778 np0000163292 devstack@neutron-api.service[102279]: consumer versions:
Apr 03 01:32:43.512778 np0000163292 devstack@neutron-api.service[102279]: { OVN Neutron agent@np0000163292: {},
Apr 03 01:32:43.512778 np0000163292 devstack@neutron-api.service[102279]: OVN Controller Gateway agent@np0000163292: {}}
Apr 03 01:32:43.512778 np0000163292 devstack@neutron-api.service[102279]: {{(pid=102279) report /opt/stack/neutron/neutron/api/rpc/callbacks/version_manager.py:183}}
Apr 03 01:32:43.557534 np0000163292 devstack@neutron-api.service[102279]: DEBUG neutron_lib.callbacks.manager [None req-268929fe-9faf-4022-90a8-e41290971c48 admin admin] Publish callbacks ['neutron.plugins.ml2.plugin.SecurityGroupDbMixin._ensure_default_security_group_handler-74938', 'neutron.services.ovn_l3.plugin.OVNL3RouterPlugin._port_update-8364303966352', 'neutron.db.l3_db.L3_NAT_dbonly_mixin._prevent_internal_ip_change_for_fip-8364305483656'] for port (4f052991-f65a-49f7-bff9-a1bc9b936a25), before_update {{(pid=102279) _notify_loop /opt/stack/data/venv/lib/python3.12/site-packages/neutron_lib/callbacks/manager.py:184}}
Apr 03 01:32:43.631758 np0000163292 devstack@neutron-api.service[102277]: DEBUG neutron.plugins.ml2.drivers.ovn.mech_driver.ovsdb.ovsdb_monitor [None req-21bd4378-1b12-458f-bd1d-6a39aa31778a None None] ChassisOVNAgentWriteEvent : Matched Chassis_Private, update, None None {{(pid=102277) matches /opt/stack/neutron/neutron/plugins/ml2/drivers/ovn/mech_driver/ovsdb/ovsdb_monitor.py:64}}
Apr 03 01:32:43.632590 np0000163292 devstack@neutron-api.service[102276]: DEBUG neutron.plugins.ml2.drivers.ovn.mech_driver.ovsdb.ovsdb_monitor [None req-f64b10c3-627b-47f3-87a4-c10c97fdcc13 None None] ChassisOVNAgentWriteEvent : Matched Chassis_Private, update, None None {{(pid=102276) matches /opt/stack/neutron/neutron/plugins/ml2/drivers/ovn/mech_driver/ovsdb/ovsdb_monitor.py:64}}
Apr 03 01:32:43.632829 np0000163292 devstack@neutron-api.service[102278]: DEBUG neutron.plugins.ml2.drivers.ovn.mech_driver.ovsdb.ovsdb_monitor [None req-215a82a6-710c-4f0b-a72e-e6938c21343c None None] ChassisOVNAgentWriteEvent : Matched Chassis_Private, update, None None {{(pid=102278) matches /opt/stack/neutron/neutron/plugins/ml2/drivers/ovn/mech_driver/ovsdb/ovsdb_monitor.py:64}}
Apr 03 01:32:43.634420 np0000163292 devstack@neutron-api.service[102279]: DEBUG neutron.plugins.ml2.drivers.ovn.mech_driver.ovsdb.ovsdb_monitor [None req-45df6c19-8ade-4680-a67d-5812ec13d9f1 None None] ChassisOVNAgentWriteEvent : Matched Chassis_Private, update, None None {{(pid=102279) matches /opt/stack/neutron/neutron/plugins/ml2/drivers/ovn/mech_driver/ovsdb/ovsdb_monitor.py:64}}
Apr 03 01:32:43.643106 np0000163292 devstack@neutron-api.service[102279]: DEBUG neutron.plugins.ml2.drivers.ovn.mech_driver.ovsdb.ovsdb_monitor [None req-45df6c19-8ade-4680-a67d-5812ec13d9f1 None None] Touching Hash Ring node "8fbd4b9d17e5585d879a04bcc08217ee" from IDL notify handler {{(pid=102279) notify /opt/stack/neutron/neutron/plugins/ml2/drivers/ovn/mech_driver/ovsdb/ovsdb_monitor.py:904}}
Apr 03 01:32:43.647487 np0000163292 devstack@neutron-api.service[102279]: DEBUG neutron.db.db_base_plugin_common [None req-268929fe-9faf-4022-90a8-e41290971c48 admin admin] Allocated IP 10.2.5.1 (26bf65e9-5a96-4990-bd8f-dea346fbdb3a/ab59086f-c502-45cf-ade9-74dac1649c4b/4f052991-f65a-49f7-bff9-a1bc9b936a25) {{(pid=102279) _store_ip_allocation /opt/stack/neutron/neutron/db/db_base_plugin_common.py:131}}
Apr 03 01:32:43.664763 np0000163292 devstack@neutron-api.service[102279]: DEBUG neutron.plugins.ml2.drivers.ovn.mech_driver.ovsdb.ovsdb_monitor [None req-45df6c19-8ade-4680-a67d-5812ec13d9f1 None None] Hash Ring: Node 8fbd4b9d17e5585d879a04bcc08217ee (host: np0000163292) handling event "update" for row 40330134-bea5-46a6-8530-646d1c3bf446 (table: Chassis_Private) {{(pid=102279) notify /opt/stack/neutron/neutron/plugins/ml2/drivers/ovn/mech_driver/ovsdb/ovsdb_monitor.py:912}}
Apr 03 01:32:43.713264 np0000163292 devstack@neutron-api.service[102279]: DEBUG neutron_lib.callbacks.manager [None req-268929fe-9faf-4022-90a8-e41290971c48 admin admin] Publish callbacks [] for port (4f052991-f65a-49f7-bff9-a1bc9b936a25), precommit_update {{(pid=102279) _notify_loop /opt/stack/data/venv/lib/python3.12/site-packages/neutron_lib/callbacks/manager.py:184}}
Apr 03 01:32:43.713415 np0000163292 devstack@neutron-api.service[102279]: DEBUG neutron.plugins.ml2.drivers.ovn.mech_driver.mech_driver [None req-268929fe-9faf-4022-90a8-e41290971c48 admin admin] No provisioning block for port 4f052991-f65a-49f7-bff9-a1bc9b936a25 since it does not have a host {{(pid=102279) _is_port_provisioning_required /opt/stack/neutron/neutron/plugins/ml2/drivers/ovn/mech_driver/mech_driver.py:884}}
Apr 03 01:32:43.826852 np0000163292 devstack@neutron-api.service[102279]: DEBUG neutron_lib.callbacks.manager [None req-268929fe-9faf-4022-90a8-e41290971c48 admin admin] Publish callbacks ['neutron.plugins.ml2.ovo_rpc._ObjectChangeHandler.handle_event-2685128', 'neutron.db.l3_db.L3RpcNotifierMixin._notify_gateway_port_ip_changed-8364305488846', 'neutron.services.ovn_l3.plugin.OVNL3RouterPlugin._port_update-8364303966352'] for port (4f052991-f65a-49f7-bff9-a1bc9b936a25), after_update {{(pid=102279) _notify_loop /opt/stack/data/venv/lib/python3.12/site-packages/neutron_lib/callbacks/manager.py:184}}
Apr 03 01:32:43.859289 np0000163292 devstack@neutron-api.service[102279]: DEBUG neutron.api.rpc.handlers.resources_rpc [None req-268929fe-9faf-4022-90a8-e41290971c48 admin admin] Pushing event updated for resources: {'Port': ['ID=4f052991-f65a-49f7-bff9-a1bc9b936a25,revision_number=2']} {{(pid=102279) push /opt/stack/neutron/neutron/api/rpc/handlers/resources_rpc.py:237}}
Apr 03 01:32:43.945632 np0000163292 devstack@neutron-api.service[102279]: DEBUG ovsdbapp.backend.ovs_idl.transaction [None req-c839f2cb-48a5-4eb6-b6d6-c77bed2410c2 None None] Running txn n=1 command(idx=0): CheckRevisionNumberCommand(_result=None, name=4f052991-f65a-49f7-bff9-a1bc9b936a25, resource={'id': '4f052991-f65a-49f7-bff9-a1bc9b936a25', 'name': '', 'network_id': '26bf65e9-5a96-4990-bd8f-dea346fbdb3a', 'project_id': 'b16b4cb2e6924d639ea82bed4260e10a', 'mac_address': 'fa:16:3e:57:4d:de', 'admin_state_up': True, 'status': 'DOWN', 'device_id': 'ovnmeta-26bf65e9-5a96-4990-bd8f-dea346fbdb3a', 'device_owner': 'network:distributed', 'standard_attr_id': 44, 'fixed_ips': [{'subnet_id': 'ab59086f-c502-45cf-ade9-74dac1649c4b', 'ip_address': '10.2.5.1'}], 'allowed_address_pairs': [], 'extra_dhcp_opts': [], 'security_groups': [], 'description': '', 'binding:vnic_type': 'normal', 'binding:profile': {}, 'binding:host_id': '', 'binding:vif_type': 'unbound', 'binding:vif_details': {}, 'port_security_enabled': False, 'tags': [], 'created_at': '2026-04-03T01:32:41Z', 'updated_at': '2026-04-03T01:32:43Z', 'revision_number': 2, 'tenant_id': 'b16b4cb2e6924d639ea82bed4260e10a', 'network': {'id': '26bf65e9-5a96-4990-bd8f-dea346fbdb3a', 'name': 'admin_net', 'tenant_id': 'b16b4cb2e6924d639ea82bed4260e10a', 'project_id': 'b16b4cb2e6924d639ea82bed4260e10a', 'admin_state_up': True, 'mtu': 1372, 'status': 'ACTIVE', 'subnets': ['ab59086f-c502-45cf-ade9-74dac1649c4b'], 'standard_attr_id': 42, 'shared': False, 'availability_zone_hints': [], 'availability_zones': [], 'ipv4_address_scope': None, 'ipv6_address_scope': None, 'router:external': False, 'qinq': False, 'vlan_transparent': False, 'description': '', 'port_security_enabled': True, 'tags': [], 'created_at': '2026-04-03T01:32:41Z', 'updated_at': '2026-04-03T01:32:43Z', 'revision_number': 2, 'provider:network_type': 'geneve', 'provider:physical_network': None, 'provider:segmentation_id': 36078}}, resource_type=ports, if_exists=True) {{(pid=102279) do_commit /opt/stack/data/venv/lib/python3.12/site-packages/ovsdbapp/backend/ovs_idl/transaction.py:89}}
Apr 03 01:32:43.946267 np0000163292 devstack@neutron-api.service[102279]: DEBUG ovsdbapp.backend.ovs_idl.transaction [None req-c839f2cb-48a5-4eb6-b6d6-c77bed2410c2 None None] Running txn n=1 command(idx=1): AddDHCPOptionsCommand(_result=None, columns={'cidr': '10.2.5.0/24', 'options': {'server_id': '10.2.5.1', 'lease_time': '43200', 'mtu': '1372', 'server_mac': 'fa:16:3e:bf:33:4e', 'dns_server': '{127.0.0.53}', 'classless_static_route': '{169.254.169.254/32,10.2.5.1}'}, 'external_ids': {'subnet_id': 'ab59086f-c502-45cf-ade9-74dac1649c4b', 'neutron:network_id': '26bf65e9-5a96-4990-bd8f-dea346fbdb3a', 'neutron:revision_number': '0'}}, may_exist=True, subnet_id=ab59086f-c502-45cf-ade9-74dac1649c4b, port_id=None, new_insert=False) {{(pid=102279) do_commit /opt/stack/data/venv/lib/python3.12/site-packages/ovsdbapp/backend/ovs_idl/transaction.py:89}}
Apr 03 01:32:43.946850 np0000163292 devstack@neutron-api.service[102279]: DEBUG ovsdbapp.backend.ovs_idl.transaction [None req-c839f2cb-48a5-4eb6-b6d6-c77bed2410c2 None None] Running txn n=1 command(idx=2): SetLSwitchPortCommand(_result=None, lport=4f052991-f65a-49f7-bff9-a1bc9b936a25, external_ids_update=None, columns={'external_ids': {'neutron:port_name': '', 'neutron:device_id': 'ovnmeta-26bf65e9-5a96-4990-bd8f-dea346fbdb3a', 'neutron:project_id': 'b16b4cb2e6924d639ea82bed4260e10a', 'neutron:cidrs': '10.2.5.1/24', 'neutron:device_owner': 'network:distributed', 'neutron:subnet_pool_addr_scope4': '', 'neutron:subnet_pool_addr_scope6': '', 'neutron:network_name': 'neutron-26bf65e9-5a96-4990-bd8f-dea346fbdb3a', 'neutron:security_group_ids': '', 'neutron:revision_number': '2', 'neutron:vnic_type': 'normal', 'neutron:port_capabilities': '', 'neutron:mtu': ''}, 'parent_name': [], 'tag': [], 'options': {}, 'enabled': True, 'port_security': [], 'dhcpv4_options': [], 'dhcpv6_options': [], 'type': 'localport', 'addresses': ['fa:16:3e:57:4d:de 10.2.5.1'], 'ha_chassis_group': []}, if_exists=False) {{(pid=102279) do_commit /opt/stack/data/venv/lib/python3.12/site-packages/ovsdbapp/backend/ovs_idl/transaction.py:89}}
Apr 03 01:32:43.948169 np0000163292 devstack@neutron-api.service[102279]: DEBUG ovsdbapp.backend.ovs_idl.transaction [None req-c839f2cb-48a5-4eb6-b6d6-c77bed2410c2 None None] Running txn n=1 command(idx=3): PgDelPortCommand(_result=None, port_group=neutron_pg_drop, lsp=['4f052991-f65a-49f7-bff9-a1bc9b936a25'], if_exists=False) {{(pid=102279) do_commit /opt/stack/data/venv/lib/python3.12/site-packages/ovsdbapp/backend/ovs_idl/transaction.py:89}}
Apr 03 01:32:43.955554 np0000163292 devstack@neutron-api.service[102278]: DEBUG neutron.plugins.ml2.drivers.ovn.mech_driver.ovsdb.ovsdb_monitor [None req-e9ed3219-7b70-4335-80c1-5a52af5588f7 None None] Touching Hash Ring node "810d6e232b735b42b62ae062e62c0cfd" from IDL notify handler {{(pid=102278) notify /opt/stack/neutron/neutron/plugins/ml2/drivers/ovn/mech_driver/ovsdb/ovsdb_monitor.py:904}}
Apr 03 01:32:43.955991 np0000163292 devstack@neutron-api.service[102277]: DEBUG neutron.plugins.ml2.drivers.ovn.mech_driver.ovsdb.ovsdb_monitor [None req-d0feca10-a83c-47b2-a5bd-53fee0a69fff None None] Touching Hash Ring node "f003c83022bf5ea1a8146633f29e83c1" from IDL notify handler {{(pid=102277) notify /opt/stack/neutron/neutron/plugins/ml2/drivers/ovn/mech_driver/ovsdb/ovsdb_monitor.py:904}}
Apr 03 01:32:43.960346 np0000163292 devstack@neutron-api.service[102279]: DEBUG neutron.plugins.ml2.drivers.ovn.mech_driver.ovsdb.ovsdb_monitor [None req-45df6c19-8ade-4680-a67d-5812ec13d9f1 None None] Touching Hash Ring node "8fbd4b9d17e5585d879a04bcc08217ee" from IDL notify handler {{(pid=102279) notify /opt/stack/neutron/neutron/plugins/ml2/drivers/ovn/mech_driver/ovsdb/ovsdb_monitor.py:904}}
Apr 03 01:32:43.971118 np0000163292 devstack@neutron-api.service[102279]: DEBUG neutron.plugins.ml2.drivers.ovn.mech_driver.ovsdb.ovsdb_monitor [None req-45df6c19-8ade-4680-a67d-5812ec13d9f1 None None] Hash Ring: Node 8fbd4b9d17e5585d879a04bcc08217ee (host: np0000163292) handling event "update" for row 78ad5781-9237-4498-b114-b25e7ccad6d6 (table: Port_Binding) {{(pid=102279) notify /opt/stack/neutron/neutron/plugins/ml2/drivers/ovn/mech_driver/ovsdb/ovsdb_monitor.py:912}}
Apr 03 01:32:43.976961 np0000163292 devstack@neutron-api.service[102277]: DEBUG neutron.plugins.ml2.drivers.ovn.mech_driver.ovsdb.ovsdb_monitor [None req-d0feca10-a83c-47b2-a5bd-53fee0a69fff None None] Hash Ring: Node f003c83022bf5ea1a8146633f29e83c1 (host: np0000163292) handling event "update" for row 61a211ef-7077-4e33-a8fa-f436245752e7 (table: Logical_Switch_Port) {{(pid=102277) notify /opt/stack/neutron/neutron/plugins/ml2/drivers/ovn/mech_driver/ovsdb/ovsdb_monitor.py:912}}
Apr 03 01:32:44.012259 np0000163292 devstack@neutron-api.service[102278]: DEBUG neutron.plugins.ml2.drivers.ovn.mech_driver.ovsdb.ovsdb_monitor [None req-e9ed3219-7b70-4335-80c1-5a52af5588f7 None None] Hash Ring: Node 810d6e232b735b42b62ae062e62c0cfd (host: np0000163292) handling event "create" for row ed0d8c69-9898-4dbc-81e5-fc352002b422 (table: DHCP_Options) {{(pid=102278) notify /opt/stack/neutron/neutron/plugins/ml2/drivers/ovn/mech_driver/ovsdb/ovsdb_monitor.py:912}}
Apr 03 01:32:44.032126 np0000163292 devstack@neutron-api.service[102279]: INFO neutron.db.ovn_revision_numbers_db [None req-268929fe-9faf-4022-90a8-e41290971c48 admin admin] Successfully bumped revision number for resource 4f052991-f65a-49f7-bff9-a1bc9b936a25 (type: ports) to 2
Apr 03 01:32:44.043448 np0000163292 devstack@neutron-api.service[102279]: DEBUG neutron.plugins.ml2.plugin [None req-268929fe-9faf-4022-90a8-e41290971c48 admin admin] In _notify_port_updated(), no bound segment for port 4f052991-f65a-49f7-bff9-a1bc9b936a25 on network 26bf65e9-5a96-4990-bd8f-dea346fbdb3a {{(pid=102279) _notify_port_updated /opt/stack/neutron/neutron/plugins/ml2/plugin.py:1036}}
Apr 03 01:32:44.123691 np0000163292 devstack@neutron-api.service[102279]: INFO neutron.db.ovn_revision_numbers_db [None req-268929fe-9faf-4022-90a8-e41290971c48 admin admin] Successfully bumped revision number for resource ab59086f-c502-45cf-ade9-74dac1649c4b (type: subnets) to 0
Apr 03 01:32:44.126124 np0000163292 devstack@neutron-api.service[102279]: DEBUG neutron.pecan_wsgi.hooks.policy_enforcement [None req-268929fe-9faf-4022-90a8-e41290971c48 admin admin] Attributes excluded by policy engine: ['standard_attr_id', 'shared', 'network'] {{(pid=102279) _exclude_attributes_by_policy /opt/stack/neutron/neutron/pecan_wsgi/hooks/policy_enforcement.py:258}}
Apr 03 01:32:44.126668 np0000163292 devstack@neutron-api.service[102279]: DEBUG neutron_lib.callbacks.manager [None req-268929fe-9faf-4022-90a8-e41290971c48 admin admin] Publish callbacks [] for subnet (None), before_response {{(pid=102279) _notify_loop /opt/stack/data/venv/lib/python3.12/site-packages/neutron_lib/callbacks/manager.py:184}}
Apr 03 01:32:44.199672 np0000163292 devstack@neutron-api.service[102279]: [pid: 102279|app: 0|req: 25/99] 162.253.55.200 () {68 vars in 1355 bytes} [Fri Apr 3 01:32:42 2026] POST /networking/v2.0/subnets => generated 625 bytes in 1314 msecs (HTTP/1.1 201) 4 headers in 162 bytes (1 switches on core 0)
Apr 03 01:32:44.409167 np0000163292 devstack@neutron-api.service[102276]: INFO neutron.pecan_wsgi.hooks.translation [None req-5fc79735-1e93-4e39-b677-4a3152206e46 admin admin] GET failed (client error): The resource could not be found.
Apr 03 01:32:44.409925 np0000163292 devstack@neutron-api.service[102276]: [pid: 102276|app: 0|req: 25/100] 162.253.55.200 () {64 vars in 1340 bytes} [Fri Apr 3 01:32:44 2026] GET /networking/v2.0/subnets/admin_subnet => generated 112 bytes in 9 msecs (HTTP/1.1 404) 4 headers in 164 bytes (1 switches on core 0)
Apr 03 01:32:44.447222 np0000163292 devstack@neutron-api.service[102278]: DEBUG neutron.pecan_wsgi.hooks.policy_enforcement [None req-9f6364b1-79bc-4e49-ae35-6dd252cb1ebd admin admin] Attributes excluded by policy engine: ['standard_attr_id', 'shared'] {{(pid=102278) _exclude_attributes_by_policy /opt/stack/neutron/neutron/pecan_wsgi/hooks/policy_enforcement.py:258}}
Apr 03 01:32:44.448272 np0000163292 devstack@neutron-api.service[102278]: [pid: 102278|app: 0|req: 25/101] 162.253.55.200 () {64 vars in 1349 bytes} [Fri Apr 3 01:32:44 2026] GET /networking/v2.0/subnets?name=admin_subnet => generated 628 bytes in 28 msecs (HTTP/1.1 200) 4 headers in 157 bytes (1 switches on core 0)
Apr 03 01:32:49.732414 np0000163292 devstack@neutron-api.service[102277]: [pid: 102277|app: 0|req: 27/102] 162.253.55.200 () {64 vars in 1369 bytes} [Fri Apr 3 01:32:49 2026] GET /networking/v2.0/ports?device_id=manila-admin-share&binding%3Ahost_id=np0000163292 => generated 12 bytes in 63 msecs (HTTP/1.1 200) 4 headers in 156 bytes (1 switches on core 0)
Apr 03 01:32:49.778050 np0000163292 devstack@neutron-api.service[102279]: DEBUG neutron.api.wsgi [None req-2d1c3562-07ee-4c5c-9d6c-9473922be40f service neutron] Missing Content-Type {{(pid=102279) get_content_type /opt/stack/neutron/neutron/api/wsgi.py:85}}
Apr 03 01:32:49.778551 np0000163292 devstack@neutron-api.service[102279]: DEBUG neutron.api.wsgi [None req-2d1c3562-07ee-4c5c-9d6c-9473922be40f service neutron] https://162.253.55.200/networking/v2.0/extensions returned with HTTP 200 {{(pid=102279) __call__ /opt/stack/neutron/neutron/api/wsgi.py:545}}
Apr 03 01:32:49.778976 np0000163292 devstack@neutron-api.service[102279]: [pid: 102279|app: 0|req: 26/103] 162.253.55.200 () {64 vars in 1265 bytes} [Fri Apr 3 01:32:49 2026] GET /networking/v2.0/extensions => generated 15208 bytes in 4 msecs (HTTP/1.1 200) 4 headers in 159 bytes (2 switches on core 0)
Apr 03 01:32:49.827598 np0000163292 devstack@neutron-api.service[102276]: DEBUG neutron.api.v2.base [None req-d0a2a107-e5e0-40ed-b72c-d2432488ad1b service neutron] Request body: {'port': {'network_id': '26bf65e9-5a96-4990-bd8f-dea346fbdb3a', 'admin_state_up': True, 'tenant_id': 'b16b4cb2e6924d639ea82bed4260e10a', 'port_security_enabled': False, 'binding:host_id': 'np0000163292', 'fixed_ips': [{'subnet_id': 'ab59086f-c502-45cf-ade9-74dac1649c4b'}], 'device_owner': 'manila:share', 'device_id': 'manila-admin-share'}} {{(pid=102276) prepare_request_body /opt/stack/neutron/neutron/api/v2/base.py:729}}
Apr 03 01:32:49.946408 np0000163292 devstack@neutron-api.service[102276]: DEBUG neutron.pecan_wsgi.hooks.quota_enforcement [None req-d0a2a107-e5e0-40ed-b72c-d2432488ad1b service neutron] Made reservation on behalf of b16b4cb2e6924d639ea82bed4260e10a for: {'port': 1} {{(pid=102276) before /opt/stack/neutron/neutron/pecan_wsgi/hooks/quota_enforcement.py:66}}
Apr 03 01:32:49.954773 np0000163292 devstack@neutron-api.service[102276]: DEBUG neutron_lib.callbacks.manager [None req-d0a2a107-e5e0-40ed-b72c-d2432488ad1b service neutron] Publish callbacks ['neutron.plugins.ml2.plugin.SecurityGroupDbMixin._ensure_default_security_group_handler-109899'] for port (None), before_create {{(pid=102276) _notify_loop /opt/stack/data/venv/lib/python3.12/site-packages/neutron_lib/callbacks/manager.py:184}}
Apr 03 01:32:50.027972 np0000163292 devstack@neutron-api.service[102276]: DEBUG neutron.db.db_base_plugin_common [None req-d0a2a107-e5e0-40ed-b72c-d2432488ad1b service neutron] Allocated IP 10.2.5.34 (26bf65e9-5a96-4990-bd8f-dea346fbdb3a/ab59086f-c502-45cf-ade9-74dac1649c4b/606953d1-0b78-4864-a8ca-a9046e2bbb54) {{(pid=102276) _store_ip_allocation /opt/stack/neutron/neutron/db/db_base_plugin_common.py:131}}
Apr 03 01:32:50.088203 np0000163292 devstack@neutron-api.service[102276]: DEBUG neutron_lib.callbacks.manager [None req-d0a2a107-e5e0-40ed-b72c-d2432488ad1b service neutron] Publish callbacks ['neutron.plugins.ml2.drivers.ovn.mech_driver.mech_driver.OVNMechanismDriver._validate_allowed_address_pairs-222898'] for allowed_address_pair (606953d1-0b78-4864-a8ca-a9046e2bbb54), before_create {{(pid=102276) _notify_loop /opt/stack/data/venv/lib/python3.12/site-packages/neutron_lib/callbacks/manager.py:184}}
Apr 03 01:32:50.089581 np0000163292 devstack@neutron-api.service[102276]: DEBUG neutron_lib.callbacks.manager [None req-d0a2a107-e5e0-40ed-b72c-d2432488ad1b service neutron] Publish callbacks [] for port (606953d1-0b78-4864-a8ca-a9046e2bbb54), precommit_create {{(pid=102276) _notify_loop /opt/stack/data/venv/lib/python3.12/site-packages/neutron_lib/callbacks/manager.py:184}}
Apr 03 01:32:50.092665 np0000163292 devstack@neutron-api.service[102276]: DEBUG neutron.db.provisioning_blocks [None req-d0a2a107-e5e0-40ed-b72c-d2432488ad1b service neutron] Transition to ACTIVE for port object 606953d1-0b78-4864-a8ca-a9046e2bbb54 will not be triggered until provisioned by entity L2. {{(pid=102276) add_provisioning_component /opt/stack/neutron/neutron/db/provisioning_blocks.py:74}}
Apr 03 01:32:50.092847 np0000163292 devstack@neutron-api.service[102276]: DEBUG neutron.db.ovn_revision_numbers_db [None req-d0a2a107-e5e0-40ed-b72c-d2432488ad1b service neutron] create_initial_revision uuid=606953d1-0b78-4864-a8ca-a9046e2bbb54, type=ports, rev=-1 {{(pid=102276) create_initial_revision /opt/stack/neutron/neutron/db/ovn_revision_numbers_db.py:98}}
Apr 03 01:32:50.229695 np0000163292 devstack@neutron-api.service[102276]: DEBUG neutron_lib.callbacks.manager [None req-d0a2a107-e5e0-40ed-b72c-d2432488ad1b service neutron] Publish callbacks ['neutron.plugins.ml2.ovo_rpc._ObjectChangeHandler.handle_event-2954327'] for port (606953d1-0b78-4864-a8ca-a9046e2bbb54), after_create {{(pid=102276) _notify_loop /opt/stack/data/venv/lib/python3.12/site-packages/neutron_lib/callbacks/manager.py:184}}
Apr 03 01:32:50.257663 np0000163292 devstack@neutron-api.service[102276]: DEBUG neutron.api.rpc.handlers.resources_rpc [None req-d0a2a107-e5e0-40ed-b72c-d2432488ad1b service neutron] Pushing event updated for resources: {'Port': ['ID=606953d1-0b78-4864-a8ca-a9046e2bbb54,revision_number=1']} {{(pid=102276) push /opt/stack/neutron/neutron/api/rpc/handlers/resources_rpc.py:237}}
Apr 03 01:32:50.292628 np0000163292 devstack@neutron-api.service[102276]: DEBUG ovsdbapp.backend.ovs_idl.transaction [None req-3b2b3816-7e03-4b01-9412-7b08929d027f None None] Running txn n=1 command(idx=0): AddLSwitchPortCommand(_result=None, lport=606953d1-0b78-4864-a8ca-a9046e2bbb54, lswitch=neutron-26bf65e9-5a96-4990-bd8f-dea346fbdb3a, may_exist=True, network_uuid=26bf65e9-5a96-4990-bd8f-dea346fbdb3a, columns={'addresses': ['fa:16:3e:37:96:f6 10.2.5.34', 'unknown'], 'external_ids': {'neutron:port_name': '', 'neutron:device_id': 'manila-admin-share', 'neutron:project_id': 'b16b4cb2e6924d639ea82bed4260e10a', 'neutron:cidrs': '10.2.5.34/24', 'neutron:device_owner': 'manila:share', 'neutron:subnet_pool_addr_scope4': '', 'neutron:subnet_pool_addr_scope6': '', 'neutron:network_name': 'neutron-26bf65e9-5a96-4990-bd8f-dea346fbdb3a', 'neutron:security_group_ids': '', 'neutron:revision_number': '1', 'neutron:vnic_type': 'normal', 'neutron:port_capabilities': '', 'neutron:mtu': ''}, 'parent_name': [], 'tag': [], 'enabled': True, 'options': {'requested-chassis': 'np0000163292'}, 'type': '', 'port_security': [], 'dhcpv4_options': [UUID('ed0d8c69-9898-4dbc-81e5-fc352002b422')], 'dhcpv6_options': []}) {{(pid=102276) do_commit /opt/stack/data/venv/lib/python3.12/site-packages/ovsdbapp/backend/ovs_idl/transaction.py:89}}
Apr 03 01:32:50.293610 np0000163292 devstack@neutron-api.service[102276]: DEBUG ovsdbapp.backend.ovs_idl.transaction [None req-3b2b3816-7e03-4b01-9412-7b08929d027f None None] Running txn n=1 command(idx=1): QoSDelCommand(_result=None, switch=neutron-26bf65e9-5a96-4990-bd8f-dea346fbdb3a, conditions=[('direction', '=', 'to-lport'), ('priority', '=', 2002), ('match', '=', 'outport == "606953d1-0b78-4864-a8ca-a9046e2bbb54"')], if_exists=True) {{(pid=102276) do_commit /opt/stack/data/venv/lib/python3.12/site-packages/ovsdbapp/backend/ovs_idl/transaction.py:89}}
Apr 03 01:32:50.293975 np0000163292 devstack@neutron-api.service[102276]: DEBUG ovsdbapp.backend.ovs_idl.transaction [None req-3b2b3816-7e03-4b01-9412-7b08929d027f None None] Running txn n=1 command(idx=2): QoSDelCommand(_result=None, switch=neutron-26bf65e9-5a96-4990-bd8f-dea346fbdb3a, conditions=[('direction', '=', 'from-lport'), ('priority', '=', 2002), ('match', '=', 'inport == "606953d1-0b78-4864-a8ca-a9046e2bbb54"')], if_exists=True) {{(pid=102276) do_commit /opt/stack/data/venv/lib/python3.12/site-packages/ovsdbapp/backend/ovs_idl/transaction.py:89}}
Apr 03 01:32:50.302334 np0000163292 devstack@neutron-api.service[102278]: DEBUG neutron.plugins.ml2.drivers.ovn.mech_driver.ovsdb.ovsdb_monitor [None req-e9ed3219-7b70-4335-80c1-5a52af5588f7 None None] Touching Hash Ring node "810d6e232b735b42b62ae062e62c0cfd" from IDL notify handler {{(pid=102278) notify /opt/stack/neutron/neutron/plugins/ml2/drivers/ovn/mech_driver/ovsdb/ovsdb_monitor.py:904}}
Apr 03 01:32:50.302929 np0000163292 devstack@neutron-api.service[102279]: DEBUG neutron.plugins.ml2.drivers.ovn.mech_driver.ovsdb.ovsdb_monitor [None req-c839f2cb-48a5-4eb6-b6d6-c77bed2410c2 None None] Touching Hash Ring node "8fbd4b9d17e5585d879a04bcc08217ee" from IDL notify handler {{(pid=102279) notify /opt/stack/neutron/neutron/plugins/ml2/drivers/ovn/mech_driver/ovsdb/ovsdb_monitor.py:904}}
Apr 03 01:32:50.310964 np0000163292 devstack@neutron-api.service[102279]: DEBUG neutron.plugins.ml2.drivers.ovn.mech_driver.ovsdb.ovsdb_monitor [None req-45df6c19-8ade-4680-a67d-5812ec13d9f1 None None] Touching Hash Ring node "8fbd4b9d17e5585d879a04bcc08217ee" from IDL notify handler {{(pid=102279) notify /opt/stack/neutron/neutron/plugins/ml2/drivers/ovn/mech_driver/ovsdb/ovsdb_monitor.py:904}}
Apr 03 01:32:50.420534 np0000163292 devstack@neutron-api.service[102279]: DEBUG neutron.plugins.ml2.drivers.ovn.mech_driver.ovsdb.ovsdb_monitor [None req-45df6c19-8ade-4680-a67d-5812ec13d9f1 None None] Hash Ring: Node 8fbd4b9d17e5585d879a04bcc08217ee (host: np0000163292) handling event "create" for row bbb893ba-6372-42de-89ec-6c85f7d44a94 (table: Port_Binding) {{(pid=102279) notify /opt/stack/neutron/neutron/plugins/ml2/drivers/ovn/mech_driver/ovsdb/ovsdb_monitor.py:912}}
Apr 03 01:32:50.422774 np0000163292 devstack@neutron-api.service[102279]: DEBUG neutron.plugins.ml2.drivers.ovn.mech_driver.ovsdb.ovsdb_monitor [None req-c839f2cb-48a5-4eb6-b6d6-c77bed2410c2 None None] Hash Ring: Node 8fbd4b9d17e5585d879a04bcc08217ee (host: np0000163292) handling event "update" for row 26bf65e9-5a96-4990-bd8f-dea346fbdb3a (table: Logical_Switch) {{(pid=102279) notify /opt/stack/neutron/neutron/plugins/ml2/drivers/ovn/mech_driver/ovsdb/ovsdb_monitor.py:912}}
Apr 03 01:32:50.447787 np0000163292 devstack@neutron-api.service[102276]: INFO neutron.db.ovn_revision_numbers_db [None req-d0a2a107-e5e0-40ed-b72c-d2432488ad1b service neutron] Successfully bumped revision number for resource 606953d1-0b78-4864-a8ca-a9046e2bbb54 (type: ports) to 1
Apr 03 01:32:50.447897 np0000163292 devstack@neutron-api.service[102278]: DEBUG neutron.plugins.ml2.drivers.ovn.mech_driver.ovsdb.ovsdb_monitor [None req-e9ed3219-7b70-4335-80c1-5a52af5588f7 None None] Hash Ring: Node 810d6e232b735b42b62ae062e62c0cfd (host: np0000163292) handling event "create" for row eafebc25-2726-48f0-88c7-388c0dffbbbb (table: Logical_Switch_Port) {{(pid=102278) notify /opt/stack/neutron/neutron/plugins/ml2/drivers/ovn/mech_driver/ovsdb/ovsdb_monitor.py:912}}
Apr 03 01:32:50.453172 np0000163292 devstack@neutron-api.service[102278]: DEBUG ovsdbapp.backend.ovs_idl.event [None req-e9ed3219-7b70-4335-80c1-5a52af5588f7 None None] Matched CREATE: LogicalSwitchPortCreateEvent(events=('create',), table='Logical_Switch_Port', conditions=[], old_conditions=None), priority=20 to row=Logical_Switch_Port(uuid=eafebc25-2726-48f0-88c7-388c0dffbbbb, addresses=['fa:16:3e:37:96:f6 10.2.5.34', 'unknown'], dhcpv4_options=ed0d8c69-9898-4dbc-81e5-fc352002b422, dhcpv6_options=[], dynamic_addresses=[], enabled=True, external_ids={'neutron:cidrs': '10.2.5.34/24', 'neutron:device_id': 'manila-admin-share', 'neutron:device_owner': 'manila:share', 'neutron:mtu': '', 'neutron:network_name': 'neutron-26bf65e9-5a96-4990-bd8f-dea346fbdb3a', 'neutron:port_capabilities': '', 'neutron:port_name': '', 'neutron:project_id': 'b16b4cb2e6924d639ea82bed4260e10a', 'neutron:revision_number': '1', 'neutron:security_group_ids': '', 'neutron:subnet_pool_addr_scope4': '', 'neutron:subnet_pool_addr_scope6': '', 'neutron:vnic_type': 'normal'}, ha_chassis_group=[], mirror_rules=[], name='606953d1-0b78-4864-a8ca-a9046e2bbb54', options={'requested-chassis': 'np0000163292'}, parent_name=[], port_security=[], tag=[], tag_request=[], type='', up=[]) old= {{(pid=102278) matches /opt/stack/data/venv/lib/python3.12/site-packages/ovsdbapp/backend/ovs_idl/event.py:55}}
Apr 03 01:32:50.453172 np0000163292 devstack@neutron-api.service[102278]: INFO neutron.plugins.ml2.drivers.ovn.mech_driver.mech_driver [None req-25518273-0c2e-4fca-b9c7-ce26a5615f3f None None] OVN reports status down for port: 606953d1-0b78-4864-a8ca-a9046e2bbb54
Apr 03 01:32:50.461797 np0000163292 devstack@neutron-api.service[102278]: DEBUG neutron.plugins.ml2.drivers.ovn.mech_driver.ovsdb.ovsdb_monitor [None req-e9ed3219-7b70-4335-80c1-5a52af5588f7 None None] Touching Hash Ring node "810d6e232b735b42b62ae062e62c0cfd" from IDL notify handler {{(pid=102278) notify /opt/stack/neutron/neutron/plugins/ml2/drivers/ovn/mech_driver/ovsdb/ovsdb_monitor.py:904}}
Apr 03 01:32:50.461797 np0000163292 devstack@neutron-api.service[102278]: DEBUG neutron.plugins.ml2.drivers.ovn.mech_driver.ovsdb.ovsdb_monitor [None req-e9ed3219-7b70-4335-80c1-5a52af5588f7 None None] Hash Ring: Node 810d6e232b735b42b62ae062e62c0cfd (host: np0000163292) handling event "update" for row eafebc25-2726-48f0-88c7-388c0dffbbbb (table: Logical_Switch_Port) {{(pid=102278) notify /opt/stack/neutron/neutron/plugins/ml2/drivers/ovn/mech_driver/ovsdb/ovsdb_monitor.py:912}}
Apr 03 01:32:50.469930 np0000163292 devstack@neutron-api.service[102276]: DEBUG neutron.plugins.ml2.managers [None req-d0a2a107-e5e0-40ed-b72c-d2432488ad1b service neutron] Attempting to bind port 606953d1-0b78-4864-a8ca-a9046e2bbb54 on host np0000163292 for vnic_type normal with profile {{(pid=102276) bind_port /opt/stack/neutron/neutron/plugins/ml2/managers.py:814}}
Apr 03 01:32:50.470081 np0000163292 devstack@neutron-api.service[102276]: DEBUG neutron.plugins.ml2.managers [None req-d0a2a107-e5e0-40ed-b72c-d2432488ad1b service neutron] Attempting to bind port 606953d1-0b78-4864-a8ca-a9046e2bbb54 by drivers ovn on host np0000163292 at level 0 using segments [{'id': 'a072c9a3-d9d1-4de2-91bd-ba5f41f6b456', 'network_type': 'geneve', 'physical_network': None, 'segmentation_id': 36078, 'network_id': '26bf65e9-5a96-4990-bd8f-dea346fbdb3a'}] {{(pid=102276) _bind_port_level /opt/stack/neutron/neutron/plugins/ml2/managers.py:839}}
Apr 03 01:32:50.471161 np0000163292 devstack@neutron-api.service[102276]: DEBUG neutron.plugins.ml2.drivers.ovn.mech_driver.mech_driver [None req-d0a2a107-e5e0-40ed-b72c-d2432488ad1b service neutron] Attempting to bind port 606953d1-0b78-4864-a8ca-a9046e2bbb54 on host np0000163292 for network segment with type geneve, segmentation ID 36078, physical network None {{(pid=102276) bind_port /opt/stack/neutron/neutron/plugins/ml2/drivers/ovn/mech_driver/mech_driver.py:1194}}
