Apr 03 01:28:29.780747 np0000163292 systemd[1]: Starting devstack@n-api.service - Devstack devstack@n-api.service...
Apr 03 01:28:29.789816 np0000163292 devstack@n-api.service[98931]: [uWSGI] getting INI configuration from /etc/nova/nova-api-uwsgi.ini
Apr 03 01:28:29.790415 np0000163292 devstack@n-api.service[98931]: open("./http_plugin.so"): No such file or directory [core/utils.c line 3709]
Apr 03 01:28:29.790415 np0000163292 devstack@n-api.service[98931]: !!! UNABLE to load uWSGI plugin: ./http_plugin.so: cannot open shared object file: No such file or directory !!!
Apr 03 01:28:29.790415 np0000163292 devstack@n-api.service[98931]: open("./python3_plugin.so"): No such file or directory [core/utils.c line 3709]
Apr 03 01:28:29.790415 np0000163292 devstack@n-api.service[98931]: !!! UNABLE to load uWSGI plugin: ./python3_plugin.so: cannot open shared object file: No such file or directory !!!
Apr 03 01:28:29.790415 np0000163292 devstack@n-api.service[98931]: *** Starting uWSGI 2.0.31 (64bit) on [Fri Apr 3 01:28:29 2026] ***
Apr 03 01:28:29.790415 np0000163292 devstack@n-api.service[98931]: compiled with version: 13.3.0 on 03 April 2026 01:19:13
Apr 03 01:28:29.790415 np0000163292 devstack@n-api.service[98931]: os: Linux-6.8.0-107-generic #107-Ubuntu SMP PREEMPT_DYNAMIC Fri Mar 13 19:51:50 UTC 2026
Apr 03 01:28:29.790415 np0000163292 devstack@n-api.service[98931]: nodename: np0000163292
Apr 03 01:28:29.790415 np0000163292 devstack@n-api.service[98931]: machine: x86_64
Apr 03 01:28:29.790415 np0000163292 devstack@n-api.service[98931]: clock source: unix
Apr 03 01:28:29.790415 np0000163292 devstack@n-api.service[98931]: pcre jit disabled
Apr 03 01:28:29.790415 np0000163292 devstack@n-api.service[98931]: detected number of CPU cores: 16
Apr 03 01:28:29.790415 np0000163292 devstack@n-api.service[98931]: current working directory: /
Apr 03 01:28:29.790415 np0000163292 devstack@n-api.service[98931]: detected binary path: /opt/stack/data/venv/bin/uwsgi
Apr 03 01:28:29.790415 np0000163292 devstack@n-api.service[98931]: your processes number limit is 256917
Apr 03 01:28:29.790415 np0000163292 devstack@n-api.service[98931]: your memory page size is 4096 bytes
Apr 03 01:28:29.790415 np0000163292 devstack@n-api.service[98931]: detected max file descriptor number: 2048
Apr 03 01:28:29.790415 np0000163292 devstack@n-api.service[98931]: lock engine: pthread robust mutexes
Apr 03 01:28:29.790415 np0000163292 devstack@n-api.service[98931]: thunder lock: enabled
Apr 03 01:28:29.791168 np0000163292 devstack@n-api.service[98931]: uwsgi socket 0 bound to UNIX address /var/run/uwsgi/nova-api.socket fd 4
Apr 03 01:28:29.791168 np0000163292 devstack@n-api.service[98931]: Python version: 3.12.3 (main, Mar 3 2026, 12:15:18) [GCC 13.3.0]
Apr 03 01:28:29.791168 np0000163292 devstack@n-api.service[98931]: PEP 405 virtualenv detected: /opt/stack/data/venv
Apr 03 01:28:29.791168 np0000163292 devstack@n-api.service[98931]: Set PythonHome to /opt/stack/data/venv
Apr 03 01:28:29.827813 np0000163292 devstack@n-api.service[98931]: Python main interpreter initialized at 0x755ef26a3668
Apr 03 01:28:29.827813 np0000163292 devstack@n-api.service[98931]: python threads support enabled
Apr 03 01:28:29.827813 np0000163292 devstack@n-api.service[98931]: your server socket listen backlog is limited to 100 connections
Apr 03 01:28:29.827813 np0000163292 devstack@n-api.service[98931]: your mercy for graceful operations on workers is 80 seconds
Apr 03 01:28:29.828283 np0000163292 devstack@n-api.service[98931]: mapped 671795 bytes (656 KB) for 4 cores
Apr 03 01:28:29.828469 np0000163292 devstack@n-api.service[98931]: *** Operational MODE: preforking ***
Apr 03 01:28:29.828700 np0000163292 devstack@n-api.service[98931]: *** uWSGI is running in multiple interpreter mode ***
Apr 03 01:28:29.828700 np0000163292 devstack@n-api.service[98931]: spawned uWSGI master process (pid: 98931)
Apr 03 01:28:29.828938 np0000163292 systemd[1]: Started devstack@n-api.service - Devstack devstack@n-api.service.
Apr 03 01:28:29.829302 np0000163292 devstack@n-api.service[98931]: spawned uWSGI worker 1 (pid: 98932, cores: 1)
Apr 03 01:28:29.829793 np0000163292 devstack@n-api.service[98931]: spawned uWSGI worker 2 (pid: 98933, cores: 1)
Apr 03 01:28:29.830308 np0000163292 devstack@n-api.service[98931]: spawned uWSGI worker 3 (pid: 98934, cores: 1)
Apr 03 01:28:29.830846 np0000163292 devstack@n-api.service[98931]: spawned uWSGI worker 4 (pid: 98935, cores: 1)
Apr 03 01:28:29.830846 np0000163292 devstack@n-api.service[98931]: running "unix_signal:15 gracefully_kill_them_all" (master-start)...
Apr 03 01:28:30.185489 np0000163292 devstack@n-api.service[98934]: Service is starting with native threading. This is currently experimental. Do not use it in production without first testing it in pre-production.
Apr 03 01:28:30.193190 np0000163292 devstack@n-api.service[98933]: Service is starting with native threading. This is currently experimental. Do not use it in production without first testing it in pre-production.
Apr 03 01:28:30.205847 np0000163292 devstack@n-api.service[98935]: Service is starting with native threading. This is currently experimental. Do not use it in production without first testing it in pre-production.
Apr 03 01:28:30.207812 np0000163292 devstack@n-api.service[98932]: Service is starting with native threading. This is currently experimental. Do not use it in production without first testing it in pre-production.
Apr 03 01:28:32.203807 np0000163292 devstack@n-api.service[98933]: INFO dbcounter [None req-00cf2efd-6f9e-46cf-b4eb-9990c6400262 None None] Registered counter for database nova_api
Apr 03 01:28:32.218913 np0000163292 devstack@n-api.service[98933]: DEBUG oslo_db.sqlalchemy.engines [None req-00cf2efd-6f9e-46cf-b4eb-9990c6400262 None None] MySQL server mode set to STRICT_TRANS_TABLES,STRICT_ALL_TABLES,NO_ZERO_IN_DATE,NO_ZERO_DATE,ERROR_FOR_DIVISION_BY_ZERO,TRADITIONAL,NO_ENGINE_SUBSTITUTION {{(pid=98933) _check_effective_sql_mode /opt/stack/data/venv/lib/python3.12/site-packages/oslo_db/sqlalchemy/engines.py:325}}
Apr 03 01:28:32.233179 np0000163292 devstack@n-api.service[98934]: INFO dbcounter [None req-cda95597-614a-4105-b3dd-91219f4bbfa1 None None] Registered counter for database nova_api
Apr 03 01:28:32.243629 np0000163292 devstack@n-api.service[98934]: DEBUG oslo_db.sqlalchemy.engines [None req-cda95597-614a-4105-b3dd-91219f4bbfa1 None None] MySQL server mode set to STRICT_TRANS_TABLES,STRICT_ALL_TABLES,NO_ZERO_IN_DATE,NO_ZERO_DATE,ERROR_FOR_DIVISION_BY_ZERO,TRADITIONAL,NO_ENGINE_SUBSTITUTION {{(pid=98934) _check_effective_sql_mode /opt/stack/data/venv/lib/python3.12/site-packages/oslo_db/sqlalchemy/engines.py:325}}
Apr 03 01:28:32.253011 np0000163292 devstack@n-api.service[98933]: DEBUG dbcounter [-] [98933] Writer thread running {{(pid=98933) stat_writer /opt/stack/data/venv/lib/python3.12/site-packages/dbcounter.py:102}}
Apr 03 01:28:32.255499 np0000163292 devstack@n-api.service[98933]: DEBUG nova.context [None req-00cf2efd-6f9e-46cf-b4eb-9990c6400262 None None] Found 2 cells: 00000000-0000-0000-0000-000000000000(cell0),b8f0d824-16f9-4dca-aa96-dd997208da24(cell1) {{(pid=98933) load_cells /opt/stack/nova/nova/context.py:509}}
Apr 03 01:28:32.255695 np0000163292 devstack@n-api.service[98933]: INFO nova.utils [None req-00cf2efd-6f9e-46cf-b4eb-9990c6400262 None None] The cell worker thread pool MainProcess.cell_worker is initialized
Apr 03 01:28:32.257403 np0000163292 devstack@n-api.service[98933]: DEBUG oslo_concurrency.lockutils [None req-00cf2efd-6f9e-46cf-b4eb-9990c6400262 None None] Acquiring lock "00000000-0000-0000-0000-000000000000" by "nova.context.set_target_cell..get_or_set_cached_cell_and_set_connections" {{(pid=98933) inner /opt/stack/data/venv/lib/python3.12/site-packages/oslo_concurrency/lockutils.py:506}}
Apr 03 01:28:32.257514 np0000163292 devstack@n-api.service[98933]: DEBUG oslo_concurrency.lockutils [None req-00cf2efd-6f9e-46cf-b4eb-9990c6400262 None None] Lock "00000000-0000-0000-0000-000000000000" acquired by "nova.context.set_target_cell..get_or_set_cached_cell_and_set_connections" :: waited 0.000s {{(pid=98933) inner /opt/stack/data/venv/lib/python3.12/site-packages/oslo_concurrency/lockutils.py:519}}
Apr 03 01:28:32.257885 np0000163292 devstack@n-api.service[98933]: DEBUG oslo_concurrency.lockutils [None req-00cf2efd-6f9e-46cf-b4eb-9990c6400262 None None] Lock "00000000-0000-0000-0000-000000000000" "released" by "nova.context.set_target_cell..get_or_set_cached_cell_and_set_connections" :: held 0.000s {{(pid=98933) inner /opt/stack/data/venv/lib/python3.12/site-packages/oslo_concurrency/lockutils.py:538}}
Apr 03 01:28:32.258618 np0000163292 devstack@n-api.service[98933]: DEBUG oslo_concurrency.lockutils [None req-00cf2efd-6f9e-46cf-b4eb-9990c6400262 None None] Acquiring lock "b8f0d824-16f9-4dca-aa96-dd997208da24" by "nova.context.set_target_cell..get_or_set_cached_cell_and_set_connections" {{(pid=98933) inner /opt/stack/data/venv/lib/python3.12/site-packages/oslo_concurrency/lockutils.py:506}}
Apr 03 01:28:32.258777 np0000163292 devstack@n-api.service[98933]: DEBUG oslo_concurrency.lockutils [None req-00cf2efd-6f9e-46cf-b4eb-9990c6400262 None None] Lock "b8f0d824-16f9-4dca-aa96-dd997208da24" acquired by "nova.context.set_target_cell..get_or_set_cached_cell_and_set_connections" :: waited 0.000s {{(pid=98933) inner /opt/stack/data/venv/lib/python3.12/site-packages/oslo_concurrency/lockutils.py:519}}
Apr 03 01:28:32.259591 np0000163292 devstack@n-api.service[98933]: DEBUG oslo_concurrency.lockutils [None req-00cf2efd-6f9e-46cf-b4eb-9990c6400262 None None] Lock "b8f0d824-16f9-4dca-aa96-dd997208da24" "released" by "nova.context.set_target_cell..get_or_set_cached_cell_and_set_connections" :: held 0.001s {{(pid=98933) inner /opt/stack/data/venv/lib/python3.12/site-packages/oslo_concurrency/lockutils.py:538}}
Apr 03 01:28:32.262074 np0000163292 devstack@n-api.service[98933]: INFO dbcounter [None req-00cf2efd-6f9e-46cf-b4eb-9990c6400262 None None] Registered counter for database nova_cell0
Apr 03 01:28:32.267780 np0000163292 devstack@n-api.service[98933]: INFO dbcounter [None req-00cf2efd-6f9e-46cf-b4eb-9990c6400262 None None] Registered counter for database nova_cell1
Apr 03 01:28:32.277470 np0000163292 devstack@n-api.service[98933]: DEBUG oslo_db.sqlalchemy.engines [None req-00cf2efd-6f9e-46cf-b4eb-9990c6400262 None None] MySQL server mode set to STRICT_TRANS_TABLES,STRICT_ALL_TABLES,NO_ZERO_IN_DATE,NO_ZERO_DATE,ERROR_FOR_DIVISION_BY_ZERO,TRADITIONAL,NO_ENGINE_SUBSTITUTION {{(pid=98933) _check_effective_sql_mode /opt/stack/data/venv/lib/python3.12/site-packages/oslo_db/sqlalchemy/engines.py:325}}
Apr 03 01:28:32.277881 np0000163292 devstack@n-api.service[98934]: DEBUG dbcounter [-] [98934] Writer thread running {{(pid=98934) stat_writer /opt/stack/data/venv/lib/python3.12/site-packages/dbcounter.py:102}}
Apr 03 01:28:32.280106 np0000163292 devstack@n-api.service[98934]: DEBUG nova.context [None req-cda95597-614a-4105-b3dd-91219f4bbfa1 None None] Found 2 cells: 00000000-0000-0000-0000-000000000000(cell0),b8f0d824-16f9-4dca-aa96-dd997208da24(cell1) {{(pid=98934) load_cells /opt/stack/nova/nova/context.py:509}}
Apr 03 01:28:32.280325 np0000163292 devstack@n-api.service[98934]: INFO nova.utils [None req-cda95597-614a-4105-b3dd-91219f4bbfa1 None None] The cell worker thread pool MainProcess.cell_worker is initialized
Apr 03 01:28:32.282038 np0000163292 devstack@n-api.service[98934]: DEBUG oslo_concurrency.lockutils [None req-cda95597-614a-4105-b3dd-91219f4bbfa1 None None] Acquiring lock "00000000-0000-0000-0000-000000000000" by "nova.context.set_target_cell..get_or_set_cached_cell_and_set_connections" {{(pid=98934) inner /opt/stack/data/venv/lib/python3.12/site-packages/oslo_concurrency/lockutils.py:506}}
Apr 03 01:28:32.282201 np0000163292 devstack@n-api.service[98934]: DEBUG oslo_concurrency.lockutils [None req-cda95597-614a-4105-b3dd-91219f4bbfa1 None None] Lock "00000000-0000-0000-0000-000000000000" acquired by "nova.context.set_target_cell..get_or_set_cached_cell_and_set_connections" :: waited 0.000s {{(pid=98934) inner /opt/stack/data/venv/lib/python3.12/site-packages/oslo_concurrency/lockutils.py:519}}
Apr 03 01:28:32.282563 np0000163292 devstack@n-api.service[98934]: DEBUG oslo_concurrency.lockutils [None req-cda95597-614a-4105-b3dd-91219f4bbfa1 None None] Lock "00000000-0000-0000-0000-000000000000" "released" by "nova.context.set_target_cell..get_or_set_cached_cell_and_set_connections" :: held 0.000s {{(pid=98934) inner /opt/stack/data/venv/lib/python3.12/site-packages/oslo_concurrency/lockutils.py:538}}
Apr 03 01:28:32.283364 np0000163292 devstack@n-api.service[98934]: DEBUG oslo_concurrency.lockutils [None req-cda95597-614a-4105-b3dd-91219f4bbfa1 None None] Acquiring lock "b8f0d824-16f9-4dca-aa96-dd997208da24" by "nova.context.set_target_cell..get_or_set_cached_cell_and_set_connections" {{(pid=98934) inner /opt/stack/data/venv/lib/python3.12/site-packages/oslo_concurrency/lockutils.py:506}}
Apr 03 01:28:32.283497 np0000163292 devstack@n-api.service[98934]: DEBUG oslo_concurrency.lockutils [None req-cda95597-614a-4105-b3dd-91219f4bbfa1 None None] Lock "b8f0d824-16f9-4dca-aa96-dd997208da24" acquired by "nova.context.set_target_cell..get_or_set_cached_cell_and_set_connections" :: waited 0.000s {{(pid=98934) inner /opt/stack/data/venv/lib/python3.12/site-packages/oslo_concurrency/lockutils.py:519}}
Apr 03 01:28:32.284301 np0000163292 devstack@n-api.service[98934]: DEBUG oslo_concurrency.lockutils [None req-cda95597-614a-4105-b3dd-91219f4bbfa1 None None] Lock "b8f0d824-16f9-4dca-aa96-dd997208da24" "released" by "nova.context.set_target_cell..get_or_set_cached_cell_and_set_connections" :: held 0.001s {{(pid=98934) inner /opt/stack/data/venv/lib/python3.12/site-packages/oslo_concurrency/lockutils.py:538}}
Apr 03 01:28:32.284522 np0000163292 devstack@n-api.service[98933]: DEBUG oslo_db.sqlalchemy.engines [None req-00cf2efd-6f9e-46cf-b4eb-9990c6400262 None None] MySQL server mode set to STRICT_TRANS_TABLES,STRICT_ALL_TABLES,NO_ZERO_IN_DATE,NO_ZERO_DATE,ERROR_FOR_DIVISION_BY_ZERO,TRADITIONAL,NO_ENGINE_SUBSTITUTION {{(pid=98933) _check_effective_sql_mode /opt/stack/data/venv/lib/python3.12/site-packages/oslo_db/sqlalchemy/engines.py:325}}
Apr 03 01:28:32.287686 np0000163292 devstack@n-api.service[98934]: INFO dbcounter [None req-cda95597-614a-4105-b3dd-91219f4bbfa1 None None] Registered counter for database nova_cell0
Apr 03 01:28:32.288207 np0000163292 devstack@n-api.service[98932]: INFO dbcounter [None req-154f1049-4767-4730-9005-70f04eac95b1 None None] Registered counter for database nova_api
Apr 03 01:28:32.293456 np0000163292 devstack@n-api.service[98934]: INFO dbcounter [None req-cda95597-614a-4105-b3dd-91219f4bbfa1 None None] Registered counter for database nova_cell1
Apr 03 01:28:32.303977 np0000163292 devstack@n-api.service[98934]: DEBUG oslo_db.sqlalchemy.engines [None req-cda95597-614a-4105-b3dd-91219f4bbfa1 None None] MySQL server mode set to STRICT_TRANS_TABLES,STRICT_ALL_TABLES,NO_ZERO_IN_DATE,NO_ZERO_DATE,ERROR_FOR_DIVISION_BY_ZERO,TRADITIONAL,NO_ENGINE_SUBSTITUTION {{(pid=98934) _check_effective_sql_mode /opt/stack/data/venv/lib/python3.12/site-packages/oslo_db/sqlalchemy/engines.py:325}}
Apr 03 01:28:32.311269 np0000163292 devstack@n-api.service[98935]: INFO dbcounter [None req-6b23d084-7276-4e2b-b9d2-e86d58d07dbf None None] Registered counter for database nova_api
Apr 03 01:28:32.311769 np0000163292 devstack@n-api.service[98934]: DEBUG oslo_db.sqlalchemy.engines [None req-cda95597-614a-4105-b3dd-91219f4bbfa1 None None] MySQL server mode set to STRICT_TRANS_TABLES,STRICT_ALL_TABLES,NO_ZERO_IN_DATE,NO_ZERO_DATE,ERROR_FOR_DIVISION_BY_ZERO,TRADITIONAL,NO_ENGINE_SUBSTITUTION {{(pid=98934) _check_effective_sql_mode /opt/stack/data/venv/lib/python3.12/site-packages/oslo_db/sqlalchemy/engines.py:325}}
Apr 03 01:28:32.316085 np0000163292 devstack@n-api.service[98932]: DEBUG oslo_db.sqlalchemy.engines [None req-154f1049-4767-4730-9005-70f04eac95b1 None None] MySQL server mode set to STRICT_TRANS_TABLES,STRICT_ALL_TABLES,NO_ZERO_IN_DATE,NO_ZERO_DATE,ERROR_FOR_DIVISION_BY_ZERO,TRADITIONAL,NO_ENGINE_SUBSTITUTION {{(pid=98932) _check_effective_sql_mode /opt/stack/data/venv/lib/python3.12/site-packages/oslo_db/sqlalchemy/engines.py:325}}
Apr 03 01:28:32.326468 np0000163292 devstack@n-api.service[98935]: DEBUG oslo_db.sqlalchemy.engines [None req-6b23d084-7276-4e2b-b9d2-e86d58d07dbf None None] MySQL server mode set to STRICT_TRANS_TABLES,STRICT_ALL_TABLES,NO_ZERO_IN_DATE,NO_ZERO_DATE,ERROR_FOR_DIVISION_BY_ZERO,TRADITIONAL,NO_ENGINE_SUBSTITUTION {{(pid=98935) _check_effective_sql_mode /opt/stack/data/venv/lib/python3.12/site-packages/oslo_db/sqlalchemy/engines.py:325}}
Apr 03 01:28:32.352094 np0000163292 devstack@n-api.service[98932]: DEBUG dbcounter [-] [98932] Writer thread running {{(pid=98932) stat_writer /opt/stack/data/venv/lib/python3.12/site-packages/dbcounter.py:102}}
Apr 03 01:28:32.354946 np0000163292 devstack@n-api.service[98932]: DEBUG nova.context [None req-154f1049-4767-4730-9005-70f04eac95b1 None None] Found 2 cells: 00000000-0000-0000-0000-000000000000(cell0),b8f0d824-16f9-4dca-aa96-dd997208da24(cell1) {{(pid=98932) load_cells /opt/stack/nova/nova/context.py:509}}
Apr 03 01:28:32.355163 np0000163292 devstack@n-api.service[98932]: INFO nova.utils [None req-154f1049-4767-4730-9005-70f04eac95b1 None None] The cell worker thread pool MainProcess.cell_worker is initialized
Apr 03 01:28:32.357002 np0000163292 devstack@n-api.service[98932]: DEBUG oslo_concurrency.lockutils [None req-154f1049-4767-4730-9005-70f04eac95b1 None None] Acquiring lock "00000000-0000-0000-0000-000000000000" by "nova.context.set_target_cell..get_or_set_cached_cell_and_set_connections" {{(pid=98932) inner /opt/stack/data/venv/lib/python3.12/site-packages/oslo_concurrency/lockutils.py:506}}
Apr 03 01:28:32.357151 np0000163292 devstack@n-api.service[98932]: DEBUG oslo_concurrency.lockutils [None req-154f1049-4767-4730-9005-70f04eac95b1 None None] Lock "00000000-0000-0000-0000-000000000000" acquired by "nova.context.set_target_cell..get_or_set_cached_cell_and_set_connections" :: waited 0.000s {{(pid=98932) inner /opt/stack/data/venv/lib/python3.12/site-packages/oslo_concurrency/lockutils.py:519}}
Apr 03 01:28:32.357536 np0000163292 devstack@n-api.service[98932]: DEBUG oslo_concurrency.lockutils [None req-154f1049-4767-4730-9005-70f04eac95b1 None None] Lock "00000000-0000-0000-0000-000000000000" "released" by "nova.context.set_target_cell..get_or_set_cached_cell_and_set_connections" :: held 0.000s {{(pid=98932) inner /opt/stack/data/venv/lib/python3.12/site-packages/oslo_concurrency/lockutils.py:538}}
Apr 03 01:28:32.358384 np0000163292 devstack@n-api.service[98932]: DEBUG oslo_concurrency.lockutils [None req-154f1049-4767-4730-9005-70f04eac95b1 None None] Acquiring lock "b8f0d824-16f9-4dca-aa96-dd997208da24" by "nova.context.set_target_cell..get_or_set_cached_cell_and_set_connections" {{(pid=98932) inner /opt/stack/data/venv/lib/python3.12/site-packages/oslo_concurrency/lockutils.py:506}}
Apr 03 01:28:32.358558 np0000163292 devstack@n-api.service[98932]: DEBUG oslo_concurrency.lockutils [None req-154f1049-4767-4730-9005-70f04eac95b1 None None] Lock "b8f0d824-16f9-4dca-aa96-dd997208da24" acquired by "nova.context.set_target_cell..get_or_set_cached_cell_and_set_connections" :: waited 0.000s {{(pid=98932) inner /opt/stack/data/venv/lib/python3.12/site-packages/oslo_concurrency/lockutils.py:519}}
Apr 03 01:28:32.359470 np0000163292 devstack@n-api.service[98932]: DEBUG oslo_concurrency.lockutils [None req-154f1049-4767-4730-9005-70f04eac95b1 None None] Lock "b8f0d824-16f9-4dca-aa96-dd997208da24" "released" by "nova.context.set_target_cell..get_or_set_cached_cell_and_set_connections" :: held 0.001s {{(pid=98932) inner /opt/stack/data/venv/lib/python3.12/site-packages/oslo_concurrency/lockutils.py:538}}
Apr 03 01:28:32.361425 np0000163292 devstack@n-api.service[98935]: DEBUG dbcounter [-] [98935] Writer thread running {{(pid=98935) stat_writer /opt/stack/data/venv/lib/python3.12/site-packages/dbcounter.py:102}}
Apr 03 01:28:32.362470 np0000163292 devstack@n-api.service[98932]: INFO dbcounter [None req-154f1049-4767-4730-9005-70f04eac95b1 None None] Registered counter for database nova_cell0
Apr 03 01:28:32.363840 np0000163292 devstack@n-api.service[98935]: DEBUG nova.context [None req-6b23d084-7276-4e2b-b9d2-e86d58d07dbf None None] Found 2 cells: 00000000-0000-0000-0000-000000000000(cell0),b8f0d824-16f9-4dca-aa96-dd997208da24(cell1) {{(pid=98935) load_cells /opt/stack/nova/nova/context.py:509}}
Apr 03 01:28:32.364067 np0000163292 devstack@n-api.service[98935]: INFO nova.utils [None req-6b23d084-7276-4e2b-b9d2-e86d58d07dbf None None] The cell worker thread pool MainProcess.cell_worker is initialized
Apr 03 01:28:32.366031 np0000163292 devstack@n-api.service[98935]: DEBUG oslo_concurrency.lockutils [None req-6b23d084-7276-4e2b-b9d2-e86d58d07dbf None None] Acquiring lock "00000000-0000-0000-0000-000000000000" by "nova.context.set_target_cell..get_or_set_cached_cell_and_set_connections" {{(pid=98935) inner /opt/stack/data/venv/lib/python3.12/site-packages/oslo_concurrency/lockutils.py:506}}
Apr 03 01:28:32.366155 np0000163292 devstack@n-api.service[98935]: DEBUG oslo_concurrency.lockutils [None req-6b23d084-7276-4e2b-b9d2-e86d58d07dbf None None] Lock "00000000-0000-0000-0000-000000000000" acquired by "nova.context.set_target_cell..get_or_set_cached_cell_and_set_connections" :: waited 0.000s {{(pid=98935) inner /opt/stack/data/venv/lib/python3.12/site-packages/oslo_concurrency/lockutils.py:519}}
Apr 03 01:28:32.366587 np0000163292 devstack@n-api.service[98935]: DEBUG oslo_concurrency.lockutils [None req-6b23d084-7276-4e2b-b9d2-e86d58d07dbf None None] Lock "00000000-0000-0000-0000-000000000000" "released" by "nova.context.set_target_cell..get_or_set_cached_cell_and_set_connections" :: held 0.000s {{(pid=98935) inner /opt/stack/data/venv/lib/python3.12/site-packages/oslo_concurrency/lockutils.py:538}}
Apr 03 01:28:32.367358 np0000163292 devstack@n-api.service[98935]: DEBUG oslo_concurrency.lockutils [None req-6b23d084-7276-4e2b-b9d2-e86d58d07dbf None None] Acquiring lock "b8f0d824-16f9-4dca-aa96-dd997208da24" by "nova.context.set_target_cell..get_or_set_cached_cell_and_set_connections" {{(pid=98935) inner /opt/stack/data/venv/lib/python3.12/site-packages/oslo_concurrency/lockutils.py:506}}
Apr 03 01:28:32.367495 np0000163292 devstack@n-api.service[98935]: DEBUG oslo_concurrency.lockutils [None req-6b23d084-7276-4e2b-b9d2-e86d58d07dbf None None] Lock "b8f0d824-16f9-4dca-aa96-dd997208da24" acquired by "nova.context.set_target_cell..get_or_set_cached_cell_and_set_connections" :: waited 0.000s {{(pid=98935) inner /opt/stack/data/venv/lib/python3.12/site-packages/oslo_concurrency/lockutils.py:519}}
Apr 03 01:28:32.368360 np0000163292 devstack@n-api.service[98932]: INFO dbcounter [None req-154f1049-4767-4730-9005-70f04eac95b1 None None] Registered counter for database nova_cell1
Apr 03 01:28:32.368597 np0000163292 devstack@n-api.service[98935]: DEBUG oslo_concurrency.lockutils [None req-6b23d084-7276-4e2b-b9d2-e86d58d07dbf None None] Lock "b8f0d824-16f9-4dca-aa96-dd997208da24" "released" by "nova.context.set_target_cell..get_or_set_cached_cell_and_set_connections" :: held 0.001s {{(pid=98935) inner /opt/stack/data/venv/lib/python3.12/site-packages/oslo_concurrency/lockutils.py:538}}
Apr 03 01:28:32.371688 np0000163292 devstack@n-api.service[98935]: INFO dbcounter [None req-6b23d084-7276-4e2b-b9d2-e86d58d07dbf None None] Registered counter for database nova_cell0
Apr 03 01:28:32.378459 np0000163292 devstack@n-api.service[98935]: INFO dbcounter [None req-6b23d084-7276-4e2b-b9d2-e86d58d07dbf None None] Registered counter for database nova_cell1
Apr 03 01:28:32.378680 np0000163292 devstack@n-api.service[98932]: DEBUG oslo_db.sqlalchemy.engines [None req-154f1049-4767-4730-9005-70f04eac95b1 None None] MySQL server mode set to STRICT_TRANS_TABLES,STRICT_ALL_TABLES,NO_ZERO_IN_DATE,NO_ZERO_DATE,ERROR_FOR_DIVISION_BY_ZERO,TRADITIONAL,NO_ENGINE_SUBSTITUTION {{(pid=98932) _check_effective_sql_mode /opt/stack/data/venv/lib/python3.12/site-packages/oslo_db/sqlalchemy/engines.py:325}}
Apr 03 01:28:32.385388 np0000163292 devstack@n-api.service[98932]: DEBUG oslo_db.sqlalchemy.engines [None req-154f1049-4767-4730-9005-70f04eac95b1 None None] MySQL server mode set to STRICT_TRANS_TABLES,STRICT_ALL_TABLES,NO_ZERO_IN_DATE,NO_ZERO_DATE,ERROR_FOR_DIVISION_BY_ZERO,TRADITIONAL,NO_ENGINE_SUBSTITUTION {{(pid=98932) _check_effective_sql_mode /opt/stack/data/venv/lib/python3.12/site-packages/oslo_db/sqlalchemy/engines.py:325}}
Apr 03 01:28:32.385458 np0000163292 devstack@n-api.service[98935]: DEBUG oslo_db.sqlalchemy.engines [None req-6b23d084-7276-4e2b-b9d2-e86d58d07dbf None None] MySQL server mode set to STRICT_TRANS_TABLES,STRICT_ALL_TABLES,NO_ZERO_IN_DATE,NO_ZERO_DATE,ERROR_FOR_DIVISION_BY_ZERO,TRADITIONAL,NO_ENGINE_SUBSTITUTION {{(pid=98935) _check_effective_sql_mode /opt/stack/data/venv/lib/python3.12/site-packages/oslo_db/sqlalchemy/engines.py:325}}
Apr 03 01:28:32.395676 np0000163292 devstack@n-api.service[98933]: DEBUG dbcounter [-] [98933] Writer thread running {{(pid=98933) stat_writer /opt/stack/data/venv/lib/python3.12/site-packages/dbcounter.py:102}}
Apr 03 01:28:32.398253 np0000163292 devstack@n-api.service[98933]: DEBUG dbcounter [-] [98933] Writer thread running {{(pid=98933) stat_writer /opt/stack/data/venv/lib/python3.12/site-packages/dbcounter.py:102}}
Apr 03 01:28:32.402109 np0000163292 devstack@n-api.service[98933]: INFO dbcounter [None req-00cf2efd-6f9e-46cf-b4eb-9990c6400262 None None] Registered counter for database nova_cell0
Apr 03 01:28:32.405814 np0000163292 devstack@n-api.service[98935]: DEBUG oslo_db.sqlalchemy.engines [None req-6b23d084-7276-4e2b-b9d2-e86d58d07dbf None None] MySQL server mode set to STRICT_TRANS_TABLES,STRICT_ALL_TABLES,NO_ZERO_IN_DATE,NO_ZERO_DATE,ERROR_FOR_DIVISION_BY_ZERO,TRADITIONAL,NO_ENGINE_SUBSTITUTION {{(pid=98935) _check_effective_sql_mode /opt/stack/data/venv/lib/python3.12/site-packages/oslo_db/sqlalchemy/engines.py:325}}
Apr 03 01:28:32.406547 np0000163292 devstack@n-api.service[98934]: DEBUG dbcounter [-] [98934] Writer thread running {{(pid=98934) stat_writer /opt/stack/data/venv/lib/python3.12/site-packages/dbcounter.py:102}}
Apr 03 01:28:32.407302 np0000163292 devstack@n-api.service[98934]: DEBUG dbcounter [-] [98934] Writer thread running {{(pid=98934) stat_writer /opt/stack/data/venv/lib/python3.12/site-packages/dbcounter.py:102}}
Apr 03 01:28:32.419115 np0000163292 devstack@n-api.service[98933]: DEBUG oslo_db.sqlalchemy.engines [None req-00cf2efd-6f9e-46cf-b4eb-9990c6400262 None None] MySQL server mode set to STRICT_TRANS_TABLES,STRICT_ALL_TABLES,NO_ZERO_IN_DATE,NO_ZERO_DATE,ERROR_FOR_DIVISION_BY_ZERO,TRADITIONAL,NO_ENGINE_SUBSTITUTION {{(pid=98933) _check_effective_sql_mode /opt/stack/data/venv/lib/python3.12/site-packages/oslo_db/sqlalchemy/engines.py:325}}
Apr 03 01:28:32.435190 np0000163292 devstack@n-api.service[98933]: DEBUG dbcounter [-] [98933] Writer thread running {{(pid=98933) stat_writer /opt/stack/data/venv/lib/python3.12/site-packages/dbcounter.py:102}}
Apr 03 01:28:32.466595 np0000163292 devstack@n-api.service[98934]: INFO dbcounter [None req-cda95597-614a-4105-b3dd-91219f4bbfa1 None None] Registered counter for database nova_cell0
Apr 03 01:28:32.474338 np0000163292 devstack@n-api.service[98934]: DEBUG oslo_db.sqlalchemy.engines [None req-cda95597-614a-4105-b3dd-91219f4bbfa1 None None] MySQL server mode set to STRICT_TRANS_TABLES,STRICT_ALL_TABLES,NO_ZERO_IN_DATE,NO_ZERO_DATE,ERROR_FOR_DIVISION_BY_ZERO,TRADITIONAL,NO_ENGINE_SUBSTITUTION {{(pid=98934) _check_effective_sql_mode /opt/stack/data/venv/lib/python3.12/site-packages/oslo_db/sqlalchemy/engines.py:325}}
Apr 03 01:28:32.482032 np0000163292 devstack@n-api.service[98934]: DEBUG dbcounter [-] [98934] Writer thread running {{(pid=98934) stat_writer /opt/stack/data/venv/lib/python3.12/site-packages/dbcounter.py:102}}
Apr 03 01:28:32.484761 np0000163292 devstack@n-api.service[98932]: DEBUG dbcounter [-] [98932] Writer thread running {{(pid=98932) stat_writer /opt/stack/data/venv/lib/python3.12/site-packages/dbcounter.py:102}}
Apr 03 01:28:32.485473 np0000163292 devstack@n-api.service[98932]: DEBUG dbcounter [-] [98932] Writer thread running {{(pid=98932) stat_writer /opt/stack/data/venv/lib/python3.12/site-packages/dbcounter.py:102}}
Apr 03 01:28:32.486789 np0000163292 devstack@n-api.service[98935]: DEBUG dbcounter [-] [98935] Writer thread running {{(pid=98935) stat_writer /opt/stack/data/venv/lib/python3.12/site-packages/dbcounter.py:102}}
Apr 03 01:28:32.493026 np0000163292 devstack@n-api.service[98932]: INFO dbcounter [None req-154f1049-4767-4730-9005-70f04eac95b1 None None] Registered counter for database nova_cell0
Apr 03 01:28:32.495065 np0000163292 devstack@n-api.service[98935]: DEBUG dbcounter [-] [98935] Writer thread running {{(pid=98935) stat_writer /opt/stack/data/venv/lib/python3.12/site-packages/dbcounter.py:102}}
Apr 03 01:28:32.499487 np0000163292 devstack@n-api.service[98935]: INFO dbcounter [None req-6b23d084-7276-4e2b-b9d2-e86d58d07dbf None None] Registered counter for database nova_cell0
Apr 03 01:28:32.502879 np0000163292 devstack@n-api.service[98932]: DEBUG oslo_db.sqlalchemy.engines [None req-154f1049-4767-4730-9005-70f04eac95b1 None None] MySQL server mode set to STRICT_TRANS_TABLES,STRICT_ALL_TABLES,NO_ZERO_IN_DATE,NO_ZERO_DATE,ERROR_FOR_DIVISION_BY_ZERO,TRADITIONAL,NO_ENGINE_SUBSTITUTION {{(pid=98932) _check_effective_sql_mode /opt/stack/data/venv/lib/python3.12/site-packages/oslo_db/sqlalchemy/engines.py:325}}
Apr 03 01:28:32.509749 np0000163292 devstack@n-api.service[98935]: DEBUG oslo_db.sqlalchemy.engines [None req-6b23d084-7276-4e2b-b9d2-e86d58d07dbf None None] MySQL server mode set to STRICT_TRANS_TABLES,STRICT_ALL_TABLES,NO_ZERO_IN_DATE,NO_ZERO_DATE,ERROR_FOR_DIVISION_BY_ZERO,TRADITIONAL,NO_ENGINE_SUBSTITUTION {{(pid=98935) _check_effective_sql_mode /opt/stack/data/venv/lib/python3.12/site-packages/oslo_db/sqlalchemy/engines.py:325}}
Apr 03 01:28:32.512591 np0000163292 devstack@n-api.service[98932]: DEBUG dbcounter [-] [98932] Writer thread running {{(pid=98932) stat_writer /opt/stack/data/venv/lib/python3.12/site-packages/dbcounter.py:102}}
Apr 03 01:28:32.518645 np0000163292 devstack@n-api.service[98935]: DEBUG dbcounter [-] [98935] Writer thread running {{(pid=98935) stat_writer /opt/stack/data/venv/lib/python3.12/site-packages/dbcounter.py:102}}
Apr 03 01:28:32.851841 np0000163292 devstack@n-api.service[98934]: DEBUG oslo_concurrency.processutils [None req-cda95597-614a-4105-b3dd-91219f4bbfa1 None None] Running cmd (subprocess): grep -F node.session.scan /sbin/iscsiadm {{(pid=98934) execute /opt/stack/data/venv/lib/python3.12/site-packages/oslo_concurrency/processutils.py:440}}
Apr 03 01:28:32.862982 np0000163292 devstack@n-api.service[98933]: DEBUG oslo_concurrency.processutils [None req-00cf2efd-6f9e-46cf-b4eb-9990c6400262 None None] Running cmd (subprocess): grep -F node.session.scan /sbin/iscsiadm {{(pid=98933) execute /opt/stack/data/venv/lib/python3.12/site-packages/oslo_concurrency/processutils.py:440}}
Apr 03 01:28:32.873094 np0000163292 devstack@n-api.service[98935]: DEBUG oslo_concurrency.processutils [None req-6b23d084-7276-4e2b-b9d2-e86d58d07dbf None None] Running cmd (subprocess): grep -F node.session.scan /sbin/iscsiadm {{(pid=98935) execute /opt/stack/data/venv/lib/python3.12/site-packages/oslo_concurrency/processutils.py:440}}
Apr 03 01:28:32.874378 np0000163292 devstack@n-api.service[98934]: DEBUG oslo_concurrency.processutils [None req-cda95597-614a-4105-b3dd-91219f4bbfa1 None None] CMD "grep -F node.session.scan /sbin/iscsiadm" returned: 0 in 0.022s {{(pid=98934) execute /opt/stack/data/venv/lib/python3.12/site-packages/oslo_concurrency/processutils.py:468}}
Apr 03 01:28:32.881503 np0000163292 devstack@n-api.service[98933]: DEBUG oslo_concurrency.processutils [None req-00cf2efd-6f9e-46cf-b4eb-9990c6400262 None None] CMD "grep -F node.session.scan /sbin/iscsiadm" returned: 0 in 0.018s {{(pid=98933) execute /opt/stack/data/venv/lib/python3.12/site-packages/oslo_concurrency/processutils.py:468}}
Apr 03 01:28:32.895178 np0000163292 devstack@n-api.service[98935]: DEBUG oslo_concurrency.processutils [None req-6b23d084-7276-4e2b-b9d2-e86d58d07dbf None None] CMD "grep -F node.session.scan /sbin/iscsiadm" returned: 0 in 0.022s {{(pid=98935) execute /opt/stack/data/venv/lib/python3.12/site-packages/oslo_concurrency/processutils.py:468}}
Apr 03 01:28:32.901730 np0000163292 devstack@n-api.service[98932]: DEBUG oslo_concurrency.processutils [None req-154f1049-4767-4730-9005-70f04eac95b1 None None] Running cmd (subprocess): grep -F node.session.scan /sbin/iscsiadm {{(pid=98932) execute /opt/stack/data/venv/lib/python3.12/site-packages/oslo_concurrency/processutils.py:440}}
Apr 03 01:28:32.922595 np0000163292 devstack@n-api.service[98932]: DEBUG oslo_concurrency.processutils [None req-154f1049-4767-4730-9005-70f04eac95b1 None None] CMD "grep -F node.session.scan /sbin/iscsiadm" returned: 0 in 0.021s {{(pid=98932) execute /opt/stack/data/venv/lib/python3.12/site-packages/oslo_concurrency/processutils.py:468}}
Apr 03 01:28:33.382659 np0000163292 devstack@n-api.service[98935]: WARNING keystonemiddleware.auth_token [None req-6b23d084-7276-4e2b-b9d2-e86d58d07dbf None None] AuthToken middleware is set with keystone_authtoken.service_token_roles_required set to False. This is backwards compatible but deprecated behaviour. Please set this to True.
Apr 03 01:28:33.383981 np0000163292 devstack@n-api.service[98933]: WARNING keystonemiddleware.auth_token [None req-00cf2efd-6f9e-46cf-b4eb-9990c6400262 None None] AuthToken middleware is set with keystone_authtoken.service_token_roles_required set to False. This is backwards compatible but deprecated behaviour. Please set this to True.
Apr 03 01:28:33.387008 np0000163292 devstack@n-api.service[98934]: WARNING keystonemiddleware.auth_token [None req-cda95597-614a-4105-b3dd-91219f4bbfa1 None None] AuthToken middleware is set with keystone_authtoken.service_token_roles_required set to False. This is backwards compatible but deprecated behaviour. Please set this to True.
Apr 03 01:28:33.389857 np0000163292 devstack@n-api.service[98932]: WARNING keystonemiddleware.auth_token [None req-154f1049-4767-4730-9005-70f04eac95b1 None None] AuthToken middleware is set with keystone_authtoken.service_token_roles_required set to False. This is backwards compatible but deprecated behaviour. Please set this to True.
Apr 03 01:28:33.448197 np0000163292 devstack@n-api.service[98935]: WARNING keystonemiddleware.auth_token [None req-6b23d084-7276-4e2b-b9d2-e86d58d07dbf None None] AuthToken middleware is set with keystone_authtoken.service_token_roles_required set to False. This is backwards compatible but deprecated behaviour. Please set this to True.
Apr 03 01:28:33.453741 np0000163292 devstack@n-api.service[98935]: DEBUG nova.api.openstack.wsgi_app [None req-6b23d084-7276-4e2b-b9d2-e86d58d07dbf None None] ******************************************************************************** {{(pid=98935) log_opt_values /opt/stack/data/venv/lib/python3.12/site-packages/oslo_config/cfg.py:2979}}
Apr 03 01:28:33.453892 np0000163292 devstack@n-api.service[98935]: DEBUG nova.api.openstack.wsgi_app [None req-6b23d084-7276-4e2b-b9d2-e86d58d07dbf None None] Configuration options gathered from: {{(pid=98935) log_opt_values /opt/stack/data/venv/lib/python3.12/site-packages/oslo_config/cfg.py:2980}}
Apr 03 01:28:33.454145 np0000163292 devstack@n-api.service[98935]: DEBUG nova.api.openstack.wsgi_app [None req-6b23d084-7276-4e2b-b9d2-e86d58d07dbf None None] command line args: [] {{(pid=98935) log_opt_values /opt/stack/data/venv/lib/python3.12/site-packages/oslo_config/cfg.py:2981}}
Apr 03 01:28:33.454321 np0000163292 devstack@n-api.service[98935]: DEBUG nova.api.openstack.wsgi_app [None req-6b23d084-7276-4e2b-b9d2-e86d58d07dbf None None] config files: ['/etc/nova/api-paste.ini', '/etc/nova/nova.conf'] {{(pid=98935) log_opt_values /opt/stack/data/venv/lib/python3.12/site-packages/oslo_config/cfg.py:2982}}
Apr 03 01:28:33.454430 np0000163292 devstack@n-api.service[98935]: DEBUG nova.api.openstack.wsgi_app [None req-6b23d084-7276-4e2b-b9d2-e86d58d07dbf None None] ================================================================================ {{(pid=98935) log_opt_values /opt/stack/data/venv/lib/python3.12/site-packages/oslo_config/cfg.py:2987}}
Apr 03 01:28:33.454577 np0000163292 devstack@n-api.service[98935]: DEBUG nova.api.openstack.wsgi_app [None req-6b23d084-7276-4e2b-b9d2-e86d58d07dbf None None] allow_resize_to_same_host = True {{(pid=98935) log_opt_values /opt/stack/data/venv/lib/python3.12/site-packages/oslo_config/cfg.py:2995}}
Apr 03 01:28:33.454703 np0000163292 devstack@n-api.service[98935]: DEBUG nova.api.openstack.wsgi_app [None req-6b23d084-7276-4e2b-b9d2-e86d58d07dbf None None] arq_binding_timeout = 300 {{(pid=98935) log_opt_values /opt/stack/data/venv/lib/python3.12/site-packages/oslo_config/cfg.py:2995}}
Apr 03 01:28:33.454889 np0000163292 devstack@n-api.service[98935]: DEBUG nova.api.openstack.wsgi_app [None req-6b23d084-7276-4e2b-b9d2-e86d58d07dbf None None] block_device_allocate_retries = 60 {{(pid=98935) log_opt_values /opt/stack/data/venv/lib/python3.12/site-packages/oslo_config/cfg.py:2995}}
Apr 03 01:28:33.454974 np0000163292 devstack@n-api.service[98935]: DEBUG nova.api.openstack.wsgi_app [None req-6b23d084-7276-4e2b-b9d2-e86d58d07dbf None None] block_device_allocate_retries_interval = 3 {{(pid=98935) log_opt_values /opt/stack/data/venv/lib/python3.12/site-packages/oslo_config/cfg.py:2995}}
Apr 03 01:28:33.455139 np0000163292 devstack@n-api.service[98935]: DEBUG nova.api.openstack.wsgi_app [None req-6b23d084-7276-4e2b-b9d2-e86d58d07dbf None None] cell_worker_thread_pool_size = 5 {{(pid=98935) log_opt_values /opt/stack/data/venv/lib/python3.12/site-packages/oslo_config/cfg.py:2995}}
Apr 03 01:28:33.455274 np0000163292 devstack@n-api.service[98935]: DEBUG nova.api.openstack.wsgi_app [None req-6b23d084-7276-4e2b-b9d2-e86d58d07dbf None None] cert = self.pem {{(pid=98935) log_opt_values /opt/stack/data/venv/lib/python3.12/site-packages/oslo_config/cfg.py:2995}}
Apr 03 01:28:33.455422 np0000163292 devstack@n-api.service[98935]: DEBUG nova.api.openstack.wsgi_app [None req-6b23d084-7276-4e2b-b9d2-e86d58d07dbf None None] compute_driver = libvirt.LibvirtDriver {{(pid=98935) log_opt_values /opt/stack/data/venv/lib/python3.12/site-packages/oslo_config/cfg.py:2995}}
Apr 03 01:28:33.455574 np0000163292 devstack@n-api.service[98935]: DEBUG nova.api.openstack.wsgi_app [None req-6b23d084-7276-4e2b-b9d2-e86d58d07dbf None None] compute_monitors = [] {{(pid=98935) log_opt_values /opt/stack/data/venv/lib/python3.12/site-packages/oslo_config/cfg.py:2995}}
Apr 03 01:28:33.455677 np0000163292 devstack@n-api.service[98935]: DEBUG nova.api.openstack.wsgi_app [None req-6b23d084-7276-4e2b-b9d2-e86d58d07dbf None None] config_dir = [] {{(pid=98935) log_opt_values /opt/stack/data/venv/lib/python3.12/site-packages/oslo_config/cfg.py:2995}}
Apr 03 01:28:33.455774 np0000163292 devstack@n-api.service[98935]: DEBUG nova.api.openstack.wsgi_app [None req-6b23d084-7276-4e2b-b9d2-e86d58d07dbf None None] config_drive_format = iso9660 {{(pid=98935) log_opt_values /opt/stack/data/venv/lib/python3.12/site-packages/oslo_config/cfg.py:2995}}
Apr 03 01:28:33.455895 np0000163292 devstack@n-api.service[98935]: DEBUG nova.api.openstack.wsgi_app [None req-6b23d084-7276-4e2b-b9d2-e86d58d07dbf None None] config_file = ['/etc/nova/api-paste.ini', '/etc/nova/nova.conf'] {{(pid=98935) log_opt_values /opt/stack/data/venv/lib/python3.12/site-packages/oslo_config/cfg.py:2995}}
Apr 03 01:28:33.456010 np0000163292 devstack@n-api.service[98935]: DEBUG nova.api.openstack.wsgi_app [None req-6b23d084-7276-4e2b-b9d2-e86d58d07dbf None None] config_source = [] {{(pid=98935) log_opt_values /opt/stack/data/venv/lib/python3.12/site-packages/oslo_config/cfg.py:2995}}
Apr 03 01:28:33.456217 np0000163292 devstack@n-api.service[98935]: DEBUG nova.api.openstack.wsgi_app [None req-6b23d084-7276-4e2b-b9d2-e86d58d07dbf None None] console_host = np0000163292 {{(pid=98935) log_opt_values /opt/stack/data/venv/lib/python3.12/site-packages/oslo_config/cfg.py:2995}}
Apr 03 01:28:33.456312 np0000163292 devstack@n-api.service[98935]: DEBUG nova.api.openstack.wsgi_app [None req-6b23d084-7276-4e2b-b9d2-e86d58d07dbf None None] control_exchange = nova {{(pid=98935) log_opt_values /opt/stack/data/venv/lib/python3.12/site-packages/oslo_config/cfg.py:2995}}
Apr 03 01:28:33.456422 np0000163292 devstack@n-api.service[98935]: DEBUG nova.api.openstack.wsgi_app [None req-6b23d084-7276-4e2b-b9d2-e86d58d07dbf None None] cpu_allocation_ratio = None {{(pid=98935) log_opt_values /opt/stack/data/venv/lib/python3.12/site-packages/oslo_config/cfg.py:2995}}
Apr 03 01:28:33.456547 np0000163292 devstack@n-api.service[98935]: DEBUG nova.api.openstack.wsgi_app [None req-6b23d084-7276-4e2b-b9d2-e86d58d07dbf None None] daemon = False {{(pid=98935) log_opt_values /opt/stack/data/venv/lib/python3.12/site-packages/oslo_config/cfg.py:2995}}
Apr 03 01:28:33.456677 np0000163292 devstack@n-api.service[98935]: DEBUG nova.api.openstack.wsgi_app [None req-6b23d084-7276-4e2b-b9d2-e86d58d07dbf None None] debug = True {{(pid=98935) log_opt_values /opt/stack/data/venv/lib/python3.12/site-packages/oslo_config/cfg.py:2995}}
Apr 03 01:28:33.456805 np0000163292 devstack@n-api.service[98935]: DEBUG nova.api.openstack.wsgi_app [None req-6b23d084-7276-4e2b-b9d2-e86d58d07dbf None None] default_access_ip_network_name = None {{(pid=98935) log_opt_values /opt/stack/data/venv/lib/python3.12/site-packages/oslo_config/cfg.py:2995}}
Apr 03 01:28:33.456933 np0000163292 devstack@n-api.service[98935]: DEBUG nova.api.openstack.wsgi_app [None req-6b23d084-7276-4e2b-b9d2-e86d58d07dbf None None] default_availability_zone = nova {{(pid=98935) log_opt_values /opt/stack/data/venv/lib/python3.12/site-packages/oslo_config/cfg.py:2995}}
Apr 03 01:28:33.457074 np0000163292 devstack@n-api.service[98935]: DEBUG nova.api.openstack.wsgi_app [None req-6b23d084-7276-4e2b-b9d2-e86d58d07dbf None None] default_ephemeral_format = ext4 {{(pid=98935) log_opt_values /opt/stack/data/venv/lib/python3.12/site-packages/oslo_config/cfg.py:2995}}
Apr 03 01:28:33.457203 np0000163292 devstack@n-api.service[98935]: DEBUG nova.api.openstack.wsgi_app [None req-6b23d084-7276-4e2b-b9d2-e86d58d07dbf None None] default_green_pool_size = 1000 {{(pid=98935) log_opt_values /opt/stack/data/venv/lib/python3.12/site-packages/oslo_config/cfg.py:2995}}
Apr 03 01:28:33.457413 np0000163292 devstack@n-api.service[98935]: DEBUG nova.api.openstack.wsgi_app [None req-6b23d084-7276-4e2b-b9d2-e86d58d07dbf None None] default_log_levels = ['amqp=WARN', 'boto=WARN', 'sqlalchemy=WARN', 'suds=INFO', 'oslo.messaging=INFO', 'oslo_messaging=INFO', 'iso8601=WARN', 'requests.packages.urllib3.connectionpool=WARN', 'urllib3.connectionpool=WARN', 'websocket=WARN', 'requests.packages.urllib3.util.retry=WARN', 'urllib3.util.retry=WARN', 'keystonemiddleware=WARN', 'routes.middleware=WARN', 'stevedore=WARN', 'taskflow=WARN', 'keystoneauth=WARN', 'oslo.cache=INFO', 'oslo_policy=INFO', 'dogpile.core.dogpile=INFO', 'glanceclient=WARN', 'oslo.privsep.daemon=INFO'] {{(pid=98935) log_opt_values /opt/stack/data/venv/lib/python3.12/site-packages/oslo_config/cfg.py:2995}}
Apr 03 01:28:33.457563 np0000163292 devstack@n-api.service[98935]: DEBUG nova.api.openstack.wsgi_app [None req-6b23d084-7276-4e2b-b9d2-e86d58d07dbf None None] default_schedule_zone = None {{(pid=98935) log_opt_values /opt/stack/data/venv/lib/python3.12/site-packages/oslo_config/cfg.py:2995}}
Apr 03 01:28:33.457675 np0000163292 devstack@n-api.service[98935]: DEBUG nova.api.openstack.wsgi_app [None req-6b23d084-7276-4e2b-b9d2-e86d58d07dbf None None] default_thread_pool_size = 10 {{(pid=98935) log_opt_values /opt/stack/data/venv/lib/python3.12/site-packages/oslo_config/cfg.py:2995}}
Apr 03 01:28:33.457776 np0000163292 devstack@n-api.service[98935]: DEBUG nova.api.openstack.wsgi_app [None req-6b23d084-7276-4e2b-b9d2-e86d58d07dbf None None] disk_allocation_ratio = None {{(pid=98935) log_opt_values /opt/stack/data/venv/lib/python3.12/site-packages/oslo_config/cfg.py:2995}}
Apr 03 01:28:33.457965 np0000163292 devstack@n-api.service[98935]: DEBUG nova.api.openstack.wsgi_app [None req-6b23d084-7276-4e2b-b9d2-e86d58d07dbf None None] enable_new_services = True {{(pid=98935) log_opt_values /opt/stack/data/venv/lib/python3.12/site-packages/oslo_config/cfg.py:2995}}
Apr 03 01:28:33.458075 np0000163292 devstack@n-api.service[98932]: WARNING keystonemiddleware.auth_token [None req-154f1049-4767-4730-9005-70f04eac95b1 None None] AuthToken middleware is set with keystone_authtoken.service_token_roles_required set to False. This is backwards compatible but deprecated behaviour. Please set this to True.
Apr 03 01:28:33.458151 np0000163292 devstack@n-api.service[98935]: DEBUG nova.api.openstack.wsgi_app [None req-6b23d084-7276-4e2b-b9d2-e86d58d07dbf None None] flat_injected = False {{(pid=98935) log_opt_values /opt/stack/data/venv/lib/python3.12/site-packages/oslo_config/cfg.py:2995}}
Apr 03 01:28:33.458151 np0000163292 devstack@n-api.service[98935]: DEBUG nova.api.openstack.wsgi_app [None req-6b23d084-7276-4e2b-b9d2-e86d58d07dbf None None] force_config_drive = False {{(pid=98935) log_opt_values /opt/stack/data/venv/lib/python3.12/site-packages/oslo_config/cfg.py:2995}}
Apr 03 01:28:33.458342 np0000163292 devstack@n-api.service[98935]: DEBUG nova.api.openstack.wsgi_app [None req-6b23d084-7276-4e2b-b9d2-e86d58d07dbf None None] force_raw_images = True {{(pid=98935) log_opt_values /opt/stack/data/venv/lib/python3.12/site-packages/oslo_config/cfg.py:2995}}
Apr 03 01:28:33.458449 np0000163292 devstack@n-api.service[98935]: DEBUG nova.api.openstack.wsgi_app [None req-6b23d084-7276-4e2b-b9d2-e86d58d07dbf None None] graceful_shutdown_timeout = 5 {{(pid=98935) log_opt_values /opt/stack/data/venv/lib/python3.12/site-packages/oslo_config/cfg.py:2995}}
Apr 03 01:28:33.458568 np0000163292 devstack@n-api.service[98935]: DEBUG nova.api.openstack.wsgi_app [None req-6b23d084-7276-4e2b-b9d2-e86d58d07dbf None None] heal_instance_info_cache_interval = -1 {{(pid=98935) log_opt_values /opt/stack/data/venv/lib/python3.12/site-packages/oslo_config/cfg.py:2995}}
Apr 03 01:28:33.458772 np0000163292 devstack@n-api.service[98935]: DEBUG nova.api.openstack.wsgi_app [None req-6b23d084-7276-4e2b-b9d2-e86d58d07dbf None None] host = np0000163292 {{(pid=98935) log_opt_values /opt/stack/data/venv/lib/python3.12/site-packages/oslo_config/cfg.py:2995}}
Apr 03 01:28:33.458859 np0000163292 devstack@n-api.service[98935]: DEBUG nova.api.openstack.wsgi_app [None req-6b23d084-7276-4e2b-b9d2-e86d58d07dbf None None] initial_cpu_allocation_ratio = 4.0 {{(pid=98935) log_opt_values /opt/stack/data/venv/lib/python3.12/site-packages/oslo_config/cfg.py:2995}}
Apr 03 01:28:33.459019 np0000163292 devstack@n-api.service[98935]: DEBUG nova.api.openstack.wsgi_app [None req-6b23d084-7276-4e2b-b9d2-e86d58d07dbf None None] initial_disk_allocation_ratio = 1.0 {{(pid=98935) log_opt_values /opt/stack/data/venv/lib/python3.12/site-packages/oslo_config/cfg.py:2995}}
Apr 03 01:28:33.459134 np0000163292 devstack@n-api.service[98935]: DEBUG nova.api.openstack.wsgi_app [None req-6b23d084-7276-4e2b-b9d2-e86d58d07dbf None None] initial_ram_allocation_ratio = 1.0 {{(pid=98935) log_opt_values /opt/stack/data/venv/lib/python3.12/site-packages/oslo_config/cfg.py:2995}}
Apr 03 01:28:33.459324 np0000163292 devstack@n-api.service[98935]: DEBUG nova.api.openstack.wsgi_app [None req-6b23d084-7276-4e2b-b9d2-e86d58d07dbf None None] injected_network_template = /opt/stack/nova/nova/virt/interfaces.template {{(pid=98935) log_opt_values /opt/stack/data/venv/lib/python3.12/site-packages/oslo_config/cfg.py:2995}}
Apr 03 01:28:33.459525 np0000163292 devstack@n-api.service[98935]: DEBUG nova.api.openstack.wsgi_app [None req-6b23d084-7276-4e2b-b9d2-e86d58d07dbf None None] instance_build_timeout = 0 {{(pid=98935) log_opt_values /opt/stack/data/venv/lib/python3.12/site-packages/oslo_config/cfg.py:2995}}
Apr 03 01:28:33.459608 np0000163292 devstack@n-api.service[98935]: DEBUG nova.api.openstack.wsgi_app [None req-6b23d084-7276-4e2b-b9d2-e86d58d07dbf None None] instance_delete_interval = 300 {{(pid=98935) log_opt_values /opt/stack/data/venv/lib/python3.12/site-packages/oslo_config/cfg.py:2995}}
Apr 03 01:28:33.459840 np0000163292 devstack@n-api.service[98935]: DEBUG nova.api.openstack.wsgi_app [None req-6b23d084-7276-4e2b-b9d2-e86d58d07dbf None None] instance_format = [instance: %(uuid)s] {{(pid=98935) log_opt_values /opt/stack/data/venv/lib/python3.12/site-packages/oslo_config/cfg.py:2995}}
Apr 03 01:28:33.459840 np0000163292 devstack@n-api.service[98935]: DEBUG nova.api.openstack.wsgi_app [None req-6b23d084-7276-4e2b-b9d2-e86d58d07dbf None None] instance_name_template = instance-%08x {{(pid=98935) log_opt_values /opt/stack/data/venv/lib/python3.12/site-packages/oslo_config/cfg.py:2995}}
Apr 03 01:28:33.460167 np0000163292 devstack@n-api.service[98935]: DEBUG nova.api.openstack.wsgi_app [None req-6b23d084-7276-4e2b-b9d2-e86d58d07dbf None None] instance_usage_audit = False {{(pid=98935) log_opt_values /opt/stack/data/venv/lib/python3.12/site-packages/oslo_config/cfg.py:2995}}
Apr 03 01:28:33.460167 np0000163292 devstack@n-api.service[98935]: DEBUG nova.api.openstack.wsgi_app [None req-6b23d084-7276-4e2b-b9d2-e86d58d07dbf None None] instance_usage_audit_period = month {{(pid=98935) log_opt_values /opt/stack/data/venv/lib/python3.12/site-packages/oslo_config/cfg.py:2995}}
