+ COMMAND=start + start + for KEYSTONE_WSGI_SCRIPT in keystone-wsgi-public ++ type -p keystone-wsgi-public + cp -a /var/lib/openstack/bin/keystone-wsgi-public /var/www/cgi-bin/keystone/ + '[' -f /etc/apache2/envvars ']' + source /etc/apache2/envvars ++ unset HOME ++ '[' '' '!=' '' ']' ++ SUFFIX= ++ export APACHE_RUN_USER=www-data ++ APACHE_RUN_USER=www-data ++ export APACHE_RUN_GROUP=www-data ++ APACHE_RUN_GROUP=www-data ++ export APACHE_PID_FILE=/var/run/apache2/apache2.pid ++ APACHE_PID_FILE=/var/run/apache2/apache2.pid ++ export APACHE_RUN_DIR=/var/run/apache2 ++ APACHE_RUN_DIR=/var/run/apache2 ++ export APACHE_LOCK_DIR=/var/lock/apache2 ++ APACHE_LOCK_DIR=/var/lock/apache2 ++ export APACHE_LOG_DIR=/var/log/apache2 ++ APACHE_LOG_DIR=/var/log/apache2 ++ export LANG=C ++ LANG=C ++ export LANG + '[' -f /var/run/apache2/apache2.pid ']' + exec apache2 -DFOREGROUND AH00558: apache2: Could not reliably determine the server's fully qualified domain name, using 10.0.0.184. Set the 'ServerName' directive globally to suppress this message AH00558: apache2: Could not reliably determine the server's fully qualified domain name, using 10.0.0.184. Set the 'ServerName' directive globally to suppress this message
[Wed Jul 08 23:47:12.606346 2026] [mpm_event:notice] [pid 1:tid 140706940974976] AH00489: Apache/2.4.58 (Ubuntu) mod_wsgi/5.0.0 Python/3.12 configured -- resuming normal operations
[Wed Jul 08 23:47:12.606510 2026] [core:notice] [pid 1:tid 140706940974976] AH00094: Command line: 'apache2 -D FOREGROUND'
[Wed Jul 08 23:48:11.743169 2026] [wsgi:error] [pid 10:tid 140706304202432] /var/lib/openstack/lib/python3.12/site-packages/oslo_utils/importutils.py:77: EventletDeprecationWarning:
[Wed Jul 08 23:48:11.743223 2026] [wsgi:error] [pid 10:tid 140706304202432] Eventlet is deprecated. It is currently being maintained in bugfix mode, and
[Wed Jul 08 23:48:11.743225 2026] [wsgi:error] [pid 10:tid 140706304202432] we strongly recommend against using it for new projects.
[Wed Jul 08 23:48:11.743227 2026] [wsgi:error] [pid 10:tid 140706304202432]
[Wed Jul 08 23:48:11.743228 2026] [wsgi:error] [pid 10:tid 140706304202432] If you are already using Eventlet, we recommend migrating to a different
[Wed Jul 08 23:48:11.743229 2026] [wsgi:error] [pid 10:tid 140706304202432] framework. For more detail see
[Wed Jul 08 23:48:11.743231 2026] [wsgi:error] [pid 10:tid 140706304202432] https://eventlet.readthedocs.io/en/latest/asyncio/migration.html
[Wed Jul 08 23:48:11.743232 2026] [wsgi:error] [pid 10:tid 140706304202432]
[Wed Jul 08 23:48:11.743234 2026] [wsgi:error] [pid 10:tid 140706304202432] __import__(import_str)
[Wed Jul 08 23:48:11.808746 2026] [wsgi:error] [pid 12:tid 140706304202432] /var/lib/openstack/lib/python3.12/site-packages/oslo_utils/importutils.py:77: EventletDeprecationWarning:
[Wed Jul 08 23:48:11.808803 2026] [wsgi:error] [pid 12:tid 140706304202432] Eventlet is deprecated. It is currently being maintained in bugfix mode, and
[Wed Jul 08 23:48:11.808805 2026] [wsgi:error] [pid 12:tid 140706304202432] we strongly recommend against using it for new projects.
[Wed Jul 08 23:48:11.808807 2026] [wsgi:error] [pid 12:tid 140706304202432]
[Wed Jul 08 23:48:11.808808 2026] [wsgi:error] [pid 12:tid 140706304202432] If you are already using Eventlet, we recommend migrating to a different
[Wed Jul 08 23:48:11.808810 2026] [wsgi:error] [pid 12:tid 140706304202432] framework. For more detail see
[Wed Jul 08 23:48:11.808811 2026] [wsgi:error] [pid 12:tid 140706304202432] https://eventlet.readthedocs.io/en/latest/asyncio/migration.html
[Wed Jul 08 23:48:11.808813 2026] [wsgi:error] [pid 12:tid 140706304202432]
[Wed Jul 08 23:48:11.808814 2026] [wsgi:error] [pid 12:tid 140706304202432] __import__(import_str) 10.0.0.206 - - [08/Jul/2026:23:48:10 +0000] "GET /v3/ HTTP/1.1" 200 250 10.0.0.206 - - [08/Jul/2026:23:48:10 +0000] "GET /v3/ HTTP/1.1" 200 250
[Wed Jul 08 23:48:24.774808 2026] [wsgi:error] [pid 11:tid 140706304202432] /var/lib/openstack/lib/python3.12/site-packages/oslo_utils/importutils.py:77: EventletDeprecationWarning:
[Wed Jul 08 23:48:24.774947 2026] [wsgi:error] [pid 11:tid 140706304202432] Eventlet is deprecated. It is currently being maintained in bugfix mode, and
[Wed Jul 08 23:48:24.774967 2026] [wsgi:error] [pid 11:tid 140706304202432] we strongly recommend against using it for new projects.
[Wed Jul 08 23:48:24.774979 2026] [wsgi:error] [pid 11:tid 140706304202432]
[Wed Jul 08 23:48:24.774989 2026] [wsgi:error] [pid 11:tid 140706304202432] If you are already using Eventlet, we recommend migrating to a different
[Wed Jul 08 23:48:24.774999 2026] [wsgi:error] [pid 11:tid 140706304202432] framework. For more detail see
[Wed Jul 08 23:48:24.775011 2026] [wsgi:error] [pid 11:tid 140706304202432] https://eventlet.readthedocs.io/en/latest/asyncio/migration.html
[Wed Jul 08 23:48:24.775020 2026] [wsgi:error] [pid 11:tid 140706304202432]
[Wed Jul 08 23:48:24.775033 2026] [wsgi:error] [pid 11:tid 140706304202432] __import__(import_str) 10.0.0.3 - - [08/Jul/2026:23:48:23 +0000] "GET / HTTP/1.1" 300 295
[Wed Jul 08 23:48:30.153021 2026] [wsgi:error] [pid 9:tid 140706304202432] /var/lib/openstack/lib/python3.12/site-packages/oslo_utils/importutils.py:77: EventletDeprecationWarning:
[Wed Jul 08 23:48:30.153072 2026] [wsgi:error] [pid 9:tid 140706304202432] Eventlet is deprecated. It is currently being maintained in bugfix mode, and
[Wed Jul 08 23:48:30.153074 2026] [wsgi:error] [pid 9:tid 140706304202432] we strongly recommend against using it for new projects.
[Wed Jul 08 23:48:30.153075 2026] [wsgi:error] [pid 9:tid 140706304202432]
[Wed Jul 08 23:48:30.153076 2026] [wsgi:error] [pid 9:tid 140706304202432] If you are already using Eventlet, we recommend migrating to a different
[Wed Jul 08 23:48:30.153077 2026] [wsgi:error] [pid 9:tid 140706304202432] framework. For more detail see
[Wed Jul 08 23:48:30.153079 2026] [wsgi:error] [pid 9:tid 140706304202432] https://eventlet.readthedocs.io/en/latest/asyncio/migration.html
[Wed Jul 08 23:48:30.153080 2026] [wsgi:error] [pid 9:tid 140706304202432]
[Wed Jul 08 23:48:30.153081 2026] [wsgi:error] [pid 9:tid 140706304202432] __import__(import_str)
[Wed Jul 08 23:48:34.778063 2026] [wsgi:error] [pid 9:tid 140706304202432] [remote 10.0.0.3:37528] 2026-07-08 23:48:34.775 9 WARNING keystone.identity.core [None req-4e3a7a09-8db5-4a29-989f-961d389c84db - - - - - -] Invalid domain name (atmosphere) found in config file name: keystone.exception.DomainNotFound: Could not find domain: atmosphere.
[Wed Jul 08 23:48:34.833563 2026] [wsgi:error] [pid 9:tid 140706304202432] [remote 10.0.0.3:37528] 2026-07-08 23:48:34.833 9 WARNING keystone.common.password_hashing [None req-4e3a7a09-8db5-4a29-989f-961d389c84db - - - - - -] Truncating password to algorithm specific maximum length 72 characters.
[Wed Jul 08 23:48:35.120638 2026] [wsgi:error] [pid 9:tid 140706304202432] [remote 10.0.0.3:37528] 2026-07-08 23:48:35.120 9 WARNING keystone.common.fernet_utils [None req-4e3a7a09-8db5-4a29-989f-961d389c84db - - - - - -] key_repository is world readable: /etc/keystone/fernet-keys/ 10.0.0.3 - - [08/Jul/2026:23:48:29 +0000] "POST /v3/auth/tokens HTTP/1.1" 201 1359
[Wed Jul 08 23:48:35.510146 2026] [wsgi:error] [pid 10:tid 140706304202432] [remote 10.0.0.3:37528] 2026-07-08 23:48:35.507 10 WARNING keystone.identity.core [None req-67525a1a-0ec3-46e7-bae8-88b068ab809c - - - - - -] Invalid domain name (atmosphere) found in config file name: keystone.exception.DomainNotFound: Could not find domain: atmosphere. 10.0.0.3 - - [08/Jul/2026:23:48:35 +0000] "POST /v3/domains HTTP/1.1" 201 261 10.0.0.7 - - [08/Jul/2026:23:48:48 +0000] "GET / HTTP/1.1" 300 295
[Wed Jul 08 23:48:48.552054 2026] [wsgi:error] [pid 11:tid 140706304202432] [remote 10.0.0.7:37912] 2026-07-08 23:48:48.551 11 WARNING keystone.common.password_hashing [None req-16c86bb0-414b-4b89-9a32-00d818ab4f65 - - - - - -] Truncating password to algorithm specific maximum length 72 characters.
[Wed Jul 08 23:48:48.844799 2026] [wsgi:error] [pid 11:tid 140706304202432] [remote 10.0.0.7:37912] 2026-07-08 23:48:48.844 11 WARNING keystone.common.fernet_utils [None req-16c86bb0-414b-4b89-9a32-00d818ab4f65 - - - - - -] key_repository is world readable: /etc/keystone/fernet-keys/ 10.0.0.7 - - [08/Jul/2026:23:48:48 +0000] "POST /v3/auth/tokens HTTP/1.1" 201 1359 10.0.0.7 - - [08/Jul/2026:23:48:49 +0000] "GET /v3/roles/admin HTTP/1.1" 404 83
[Wed Jul 08 23:48:49.099560 2026] [wsgi:error] [pid 10:tid 140706304202432] [remote 10.0.0.7:37912] 2026-07-08 23:48:49.099 10 WARNING keystone.common.rbac_enforcer.enforcer [None req-db40b18c-b013-470f-855c-2ec218202749 cb318ce92f1648d8a7892a387321de55 5bcf7eba457f43d2a458730ceacffaa3 - - default default] Deprecated policy rules found. Use oslopolicy-policy-generator and oslopolicy-policy-upgrade to detect and resolve deprecated policies in your configuration. 10.0.0.7 - - [08/Jul/2026:23:48:49 +0000] "GET /v3/roles?name=admin HTTP/1.1" 200 389
[Wed Jul 08 23:48:49.669407 2026] [wsgi:error] [pid 12:tid 140706304202432] [remote 10.0.0.7:37912] 2026-07-08 23:48:49.669 12 WARNING keystone.common.rbac_enforcer.enforcer [None req-1a468cb9-0dbb-4d69-9a9b-9b8460e91438 cb318ce92f1648d8a7892a387321de55 5bcf7eba457f43d2a458730ceacffaa3 - - default default] Deprecated policy rules found. Use oslopolicy-policy-generator and oslopolicy-policy-upgrade to detect and resolve deprecated policies in your configuration. 10.0.0.7 - - [08/Jul/2026:23:48:49 +0000] "GET /v3/users/admin-RegionOne HTTP/1.1" 404 93
[Wed Jul 08 23:48:49.916153 2026] [wsgi:error] [pid 11:tid 140706304202432] [remote 10.0.0.7:37912] 2026-07-08 23:48:49.915 11 WARNING keystone.common.rbac_enforcer.enforcer [None req-40d86a52-3373-4a6b-a6f5-138e891dc4c7 cb318ce92f1648d8a7892a387321de55 5bcf7eba457f43d2a458730ceacffaa3 - - default default] Deprecated policy rules found. Use oslopolicy-policy-generator and oslopolicy-policy-upgrade to detect and resolve deprecated policies in your configuration. 10.0.0.7 - - [08/Jul/2026:23:48:49 +0000] "GET /v3/users?name=admin-RegionOne HTTP/1.1" 200 422
[Wed Jul 08 23:48:50.110587 2026] [wsgi:error] [pid 9:tid 140706304202432] [remote 10.0.0.7:37912] 2026-07-08 23:48:50.110 9 WARNING keystone.common.rbac_enforcer.enforcer [None req-64de8e1e-1771-40a7-84d7-90fa99e89682 cb318ce92f1648d8a7892a387321de55 5bcf7eba457f43d2a458730ceacffaa3 - - default default] Deprecated policy rules found. Use oslopolicy-policy-generator and oslopolicy-policy-upgrade to detect and resolve deprecated policies in your configuration. 10.0.0.7 - - [08/Jul/2026:23:48:49 +0000] "GET /v3/domains/default HTTP/1.1" 200 224 10.0.0.7 - - [08/Jul/2026:23:48:50 +0000] "PUT /v3/domains/default/users/cb318ce92f1648d8a7892a387321de55/roles/a9b32496fb7c4ba4be01817e9b5268e3 HTTP/1.1" 204 - 10.0.0.206 - - [08/Jul/2026:23:49:06 +0000] "GET / HTTP/1.1" 300 280 10.0.0.206 - - [08/Jul/2026:23:49:08 +0000] "GET /v3 HTTP/1.1" 200 265
[Wed Jul 08 23:49:08.258539 2026] [wsgi:error] [pid 9:tid 140706304202432] [remote 10.0.0.206:59996] 2026-07-08 23:49:08.258 9 WARNING keystone.common.password_hashing [None req-20591d3a-ec3a-4975-8b5b-ed9882c16680 - - - - - -] Truncating password to algorithm specific maximum length 72 characters.
[Wed Jul 08 23:49:08.534151 2026] [wsgi:error] [pid 9:tid 140706304202432] [remote 10.0.0.206:59996] 2026-07-08 23:49:08.533 9 WARNING keystone.common.fernet_utils [None req-20591d3a-ec3a-4975-8b5b-ed9882c16680 - - - - - -] key_repository is world readable: /etc/keystone/fernet-keys/ 10.0.0.206 - - [08/Jul/2026:23:49:08 +0000] "POST /v3/auth/tokens HTTP/1.1" 201 1359 10.0.0.206 - - [08/Jul/2026:23:49:08 +0000] "GET / HTTP/1.1" 300 280 10.0.0.206 - - [08/Jul/2026:23:49:08 +0000] "GET /v3/domains/atmosphere HTTP/1.1" 404 90 10.0.0.206 - - [08/Jul/2026:23:49:08 +0000] "GET /v3/domains?name=atmosphere HTTP/1.1" 200 368 10.0.0.206 - - [08/Jul/2026:23:49:08 +0000] "GET /v3/domains/c7f3b8b1c7b84e62bf774b53270fe16e HTTP/1.1" 200 246 10.0.0.206 - - [08/Jul/2026:23:49:09 +0000] "GET /v3 HTTP/1.1" 200 265
[Wed Jul 08 23:49:09.843509 2026] [wsgi:error] [pid 12:tid 140706304202432] [remote 10.0.0.206:59996] 2026-07-08 23:49:09.842 12 WARNING keystone.common.password_hashing [None req-dca76752-95b7-4f03-9270-ace40486ead5 - - - - - -] Truncating password to algorithm specific maximum length 72 characters.
[Wed Jul 08 23:49:10.113539 2026] [wsgi:error] [pid 12:tid 140706304202432] [remote 10.0.0.206:59996] 2026-07-08 23:49:10.113 12 WARNING keystone.common.fernet_utils [None req-dca76752-95b7-4f03-9270-ace40486ead5 - - - - - -] key_repository is world readable: /etc/keystone/fernet-keys/ 10.0.0.206 - - [08/Jul/2026:23:49:09 +0000] "POST /v3/auth/tokens HTTP/1.1" 201 1359 10.0.0.206 - - [08/Jul/2026:23:49:10 +0000] "GET / HTTP/1.1" 300 280 10.0.0.206 - - [08/Jul/2026:23:49:10 +0000] "GET /v3/OS-FEDERATION/identity_providers/atmosphere HTTP/1.1" 404 101 10.0.0.206 - - [08/Jul/2026:23:49:10 +0000] "GET /v3/OS-FEDERATION/identity_providers HTTP/1.1" 200 155 10.0.0.206 - - [08/Jul/2026:23:49:10 +0000] "PUT /v3/OS-FEDERATION/identity_providers/atmosphere HTTP/1.1" 201 340 10.0.0.206 - - [08/Jul/2026:23:49:10 +0000] "GET /v3/ HTTP/1.1" 200 250 10.0.0.206 - - [08/Jul/2026:23:49:10 +0000] "GET /v3/ HTTP/1.1" 200 250 10.0.0.206 - - [08/Jul/2026:23:49:10 +0000] "GET /v3 HTTP/1.1" 200 265
[Wed Jul 08 23:49:11.019922 2026] [wsgi:error] [pid 12:tid 140706304202432] [remote 10.0.0.206:59996] 2026-07-08 23:49:11.019 12 WARNING keystone.common.password_hashing [None req-832431a5-3841-41de-ade8-57e55b7c3446 - - - - - -] Truncating password to algorithm specific maximum length 72 characters.
[Wed Jul 08 23:49:11.311322 2026] [wsgi:error] [pid 12:tid 140706304202432] [remote 10.0.0.206:59996] 2026-07-08 23:49:11.311 12 WARNING keystone.common.fernet_utils [None req-832431a5-3841-41de-ade8-57e55b7c3446 - - - - - -] key_repository is world readable: /etc/keystone/fernet-keys/ 10.0.0.206 - - [08/Jul/2026:23:49:11 +0000] "POST /v3/auth/tokens HTTP/1.1" 201 1359 10.0.0.206 - - [08/Jul/2026:23:49:11 +0000] "GET / HTTP/1.1" 300 280 10.0.0.206 - - [08/Jul/2026:23:49:11 +0000] "GET /v3/OS-FEDERATION/mappings/atmosphere-openid HTTP/1.1" 404 98 10.0.0.206 - - [08/Jul/2026:23:49:11 +0000] "GET /v3/OS-FEDERATION/mappings HTTP/1.1" 200 135 10.0.0.206 - - [08/Jul/2026:23:49:11 +0000] "PUT /v3/OS-FEDERATION/mappings/atmosphere-openid HTTP/1.1" 201 356 10.0.0.206 - - [08/Jul/2026:23:49:12 +0000] "GET /v3 HTTP/1.1" 200 265
[Wed Jul 08 23:49:12.195600 2026] [wsgi:error] [pid 9:tid 140706304202432] [remote 10.0.0.206:60028] 2026-07-08 23:49:12.195 9 WARNING keystone.common.password_hashing [None req-9e87638c-c222-44df-9530-150297cff3e1 - - - - - -] Truncating password to algorithm specific maximum length 72 characters.
[Wed Jul 08 23:49:12.481543 2026] [wsgi:error] [pid 9:tid 140706304202432] [remote 10.0.0.206:60028] 2026-07-08 23:49:12.481 9 WARNING keystone.common.fernet_utils [None req-9e87638c-c222-44df-9530-150297cff3e1 - - - - - -] key_repository is world readable: /etc/keystone/fernet-keys/ 10.0.0.206 - - [08/Jul/2026:23:49:12 +0000] "POST /v3/auth/tokens HTTP/1.1" 201 1359 10.0.0.206 - - [08/Jul/2026:23:49:12 +0000] "GET / HTTP/1.1" 300 280 10.0.0.206 - - [08/Jul/2026:23:49:12 +0000] "GET /v3/OS-FEDERATION/identity_providers/atmosphere/protocols/openid?idp_id=atmosphere HTTP/1.1" 404 131 10.0.0.206 - - [08/Jul/2026:23:49:12 +0000] "GET /v3/OS-FEDERATION/identity_providers/atmosphere/protocols HTTP/1.1" 200 167 10.0.0.206 - - [08/Jul/2026:23:49:12 +0000] "PUT /v3/OS-FEDERATION/identity_providers/atmosphere/protocols/openid HTTP/1.1" 201 222 10.0.0.206 - - [08/Jul/2026:23:50:10 +0000] "GET /v3/ HTTP/1.1" 200 250 10.0.0.206 - - [08/Jul/2026:23:50:10 +0000] "GET /v3/ HTTP/1.1" 200 250 10.0.0.252 - - [08/Jul/2026:23:50:37 +0000] "GET / HTTP/1.1" 300 295
[Wed Jul 08 23:50:37.066936 2026] [wsgi:error] [pid 9:tid 140706304202432] [remote 10.0.0.252:36042] 2026-07-08 23:50:37.066 9 WARNING keystone.common.password_hashing [None req-25b1733f-d1cc-4405-98b2-c44fceb689a5 - - - - - -] Truncating password to algorithm specific maximum length 72 characters.
[Wed Jul 08 23:50:37.350003 2026] [wsgi:error] [pid 9:tid 140706304202432] [remote 10.0.0.252:36042] 2026-07-08 23:50:37.349 9 WARNING keystone.common.fernet_utils [None req-25b1733f-d1cc-4405-98b2-c44fceb689a5 - - - - - -] key_repository is world readable: /etc/keystone/fernet-keys/ 10.0.0.252 - - [08/Jul/2026:23:50:37 +0000] "POST /v3/auth/tokens HTTP/1.1" 201 1359 10.0.0.252 - - [08/Jul/2026:23:50:37 +0000] "GET /v3/services HTTP/1.1" 200 355 10.0.0.252 - - [08/Jul/2026:23:50:41 +0000] "GET / HTTP/1.1" 300 295
[Wed Jul 08 23:50:41.042478 2026] [wsgi:error] [pid 11:tid 140706304202432] [remote 10.0.0.252:36046] 2026-07-08 23:50:41.042 11 WARNING keystone.common.password_hashing [None req-23fba921-129a-47e8-8c64-9e96e11d8713 - - - - - -] Truncating password to algorithm specific maximum length 72 characters.
[Wed Jul 08 23:50:41.320033 2026] [wsgi:error] [pid 11:tid 140706304202432] [remote 10.0.0.252:36046] 2026-07-08 23:50:41.319 11 WARNING keystone.common.fernet_utils [None req-23fba921-129a-47e8-8c64-9e96e11d8713 - - - - - -] key_repository is world readable: /etc/keystone/fernet-keys/ 10.0.0.252 - - [08/Jul/2026:23:50:41 +0000] "POST /v3/auth/tokens HTTP/1.1" 201 1359 10.0.0.252 - - [08/Jul/2026:23:50:41 +0000] "GET /v3/services HTTP/1.1" 200 355 10.0.0.252 - - [08/Jul/2026:23:50:44 +0000] "GET / HTTP/1.1" 300 295
[Wed Jul 08 23:50:44.961652 2026] [wsgi:error] [pid 12:tid 140706304202432] [remote 10.0.0.252:50574] 2026-07-08 23:50:44.961 12 WARNING keystone.common.password_hashing [None req-69085d37-ad82-4996-a503-1382598cf4dc - - - - - -] Truncating password to algorithm specific maximum length 72 characters.
[Wed Jul 08 23:50:45.246316 2026] [wsgi:error] [pid 12:tid 140706304202432] [remote 10.0.0.252:50574] 2026-07-08 23:50:45.246 12 WARNING keystone.common.fernet_utils [None req-69085d37-ad82-4996-a503-1382598cf4dc - - - - - -] key_repository is world readable: /etc/keystone/fernet-keys/ 10.0.0.252 - - [08/Jul/2026:23:50:44 +0000] "POST /v3/auth/tokens HTTP/1.1" 201 1359 10.0.0.252 - - [08/Jul/2026:23:50:45 +0000] "GET /v3/services HTTP/1.1" 200 355 10.0.0.252 - - [08/Jul/2026:23:50:48 +0000] "GET / HTTP/1.1" 300 295
[Wed Jul 08 23:50:49.008209 2026] [wsgi:error] [pid 10:tid 140706304202432] [remote 10.0.0.252:50582] 2026-07-08 23:50:49.007 10 WARNING keystone.common.password_hashing [None req-41f49d2a-fd00-4c36-9ef2-a8d06853e1da - - - - - -] Truncating password to algorithm specific maximum length 72 characters.
[Wed Jul 08 23:50:49.300994 2026] [wsgi:error] [pid 10:tid 140706304202432] [remote 10.0.0.252:50582] 2026-07-08 23:50:49.300 10 WARNING keystone.common.fernet_utils [None req-41f49d2a-fd00-4c36-9ef2-a8d06853e1da - - - - - -] key_repository is world readable: /etc/keystone/fernet-keys/ 10.0.0.252 - - [08/Jul/2026:23:50:48 +0000] "POST /v3/auth/tokens HTTP/1.1" 201 1359 10.0.0.252 - - [08/Jul/2026:23:50:49 +0000] "POST /v3/services HTTP/1.1" 201 296 10.0.0.187 - - [08/Jul/2026:23:51:01 +0000] "GET / HTTP/1.1" 300 295
[Wed Jul 08 23:51:01.458140 2026] [wsgi:error] [pid 9:tid 140706304202432] [remote 10.0.0.187:44310] 2026-07-08 23:51:01.457 9 WARNING keystone.common.password_hashing [None req-cd18440d-b323-4389-984a-5989afe5d1b6 - - - - - -] Truncating password to algorithm specific maximum length 72 characters. 10.0.0.187 - - [08/Jul/2026:23:51:01 +0000] "GET / HTTP/1.1" 300 295
[Wed Jul 08 23:51:01.494701 2026] [wsgi:error] [pid 12:tid 140706304202432] [remote 10.0.0.187:44320] 2026-07-08 23:51:01.493 12 WARNING keystone.common.password_hashing [None req-ee23a729-983c-4ca8-9de5-3495de4fa59c - - - - - -] Truncating password to algorithm specific maximum length 72 characters. 10.0.0.187 - - [08/Jul/2026:23:51:01 +0000] "GET / HTTP/1.1" 300 295
[Wed Jul 08 23:51:01.559977 2026] [wsgi:error] [pid 10:tid 140706304202432] [remote 10.0.0.187:44334] 2026-07-08 23:51:01.559 10 WARNING keystone.common.password_hashing [None req-4c6a83f8-8b3c-455d-adf8-33045c2d4aab - - - - - -] Truncating password to algorithm specific maximum length 72 characters.
[Wed Jul 08 23:51:01.728514 2026] [wsgi:error] [pid 9:tid 140706304202432] [remote 10.0.0.187:44310] 2026-07-08 23:51:01.728 9 WARNING keystone.common.fernet_utils [None req-cd18440d-b323-4389-984a-5989afe5d1b6 - - - - - -] key_repository is world readable: /etc/keystone/fernet-keys/ 10.0.0.187 - - [08/Jul/2026:23:51:01 +0000] "POST /v3/auth/tokens HTTP/1.1" 201 1463
[Wed Jul 08 23:51:01.774036 2026] [wsgi:error] [pid 12:tid 140706304202432] [remote 10.0.0.187:44320] 2026-07-08 23:51:01.773 12 WARNING keystone.common.fernet_utils [None req-ee23a729-983c-4ca8-9de5-3495de4fa59c - - - - - -] key_repository is world readable: /etc/keystone/fernet-keys/ 10.0.0.187 - - [08/Jul/2026:23:51:01 +0000] "POST /v3/auth/tokens HTTP/1.1" 201 1463
[Wed Jul 08 23:51:01.838866 2026] [wsgi:error] [pid 10:tid 140706304202432] [remote 10.0.0.187:44334] 2026-07-08 23:51:01.838 10 WARNING keystone.common.fernet_utils [None req-4c6a83f8-8b3c-455d-adf8-33045c2d4aab - - - - - -] key_repository is world readable: /etc/keystone/fernet-keys/ 10.0.0.187 - - [08/Jul/2026:23:51:01 +0000] "POST /v3/auth/tokens HTTP/1.1" 201 1463 10.0.0.187 - - [08/Jul/2026:23:51:01 +0000] "GET /v3/services HTTP/1.1" 200 639 10.0.0.187 - - [08/Jul/2026:23:51:01 +0000] "GET /v3/services HTTP/1.1" 200 639 10.0.0.187 - - [08/Jul/2026:23:51:01 +0000] "GET /v3/services HTTP/1.1" 200 639 10.0.0.187 - - [08/Jul/2026:23:51:03 +0000] "GET / HTTP/1.1" 300 295
[Wed Jul 08 23:51:03.521471 2026] [wsgi:error] [pid 11:tid 140706304202432] [remote 10.0.0.187:44342] 2026-07-08 23:51:03.521 11 WARNING keystone.common.password_hashing [None req-f256e955-1778-405c-9bff-a0e0141470ef - - - - - -] Truncating password to algorithm specific maximum length 72 characters. 10.0.0.187 - - [08/Jul/2026:23:51:03 +0000] "GET / HTTP/1.1" 300 295
[Wed Jul 08 23:51:03.612883 2026] [wsgi:error] [pid 12:tid 140706304202432] [remote 10.0.0.187:44356] 2026-07-08 23:51:03.612 12 WARNING keystone.common.password_hashing [None req-deb52e55-bfa4-4de8-9c66-a74d3da70771 - - - - - -] Truncating password to algorithm specific maximum length 72 characters. 10.0.0.187 - - [08/Jul/2026:23:51:03 +0000] "GET / HTTP/1.1" 300 295
[Wed Jul 08 23:51:03.752310 2026] [wsgi:error] [pid 9:tid 140706304202432] [remote 10.0.0.187:44364] 2026-07-08 23:51:03.752 9 WARNING keystone.common.password_hashing [None req-57a01ff2-b356-47d2-93f8-aa360f9cfbee - - - - - -] Truncating password to algorithm specific maximum length 72 characters.
[Wed Jul 08 23:51:03.810469 2026] [wsgi:error] [pid 11:tid 140706304202432] [remote 10.0.0.187:44342] 2026-07-08 23:51:03.810 11 WARNING keystone.common.fernet_utils [None req-f256e955-1778-405c-9bff-a0e0141470ef - - - - - -] key_repository is world readable: /etc/keystone/fernet-keys/ 10.0.0.187 - - [08/Jul/2026:23:51:03 +0000] "POST /v3/auth/tokens HTTP/1.1" 201 1463
[Wed Jul 08 23:51:03.886847 2026] [wsgi:error] [pid 12:tid 140706304202432] [remote 10.0.0.187:44356] 2026-07-08 23:51:03.886 12 WARNING keystone.common.fernet_utils [None req-deb52e55-bfa4-4de8-9c66-a74d3da70771 - - - - - -] key_repository is world readable: /etc/keystone/fernet-keys/ 10.0.0.187 - - [08/Jul/2026:23:51:03 +0000] "POST /v3/auth/tokens HTTP/1.1" 201 1463 10.0.0.187 - - [08/Jul/2026:23:51:03 +0000] "GET /v3/endpoints HTTP/1.1" 200 1226 10.0.0.187 - - [08/Jul/2026:23:51:03 +0000] "GET /v3/services/7913ac5df4bc4a04988af5a2a0fe7ee9 HTTP/1.1" 200 233 10.0.0.187 - - [08/Jul/2026:23:51:03 +0000] "GET /v3/services/7913ac5df4bc4a04988af5a2a0fe7ee9 HTTP/1.1" 200 233 10.0.0.187 - - [08/Jul/2026:23:51:03 +0000] "GET /v3/services/7913ac5df4bc4a04988af5a2a0fe7ee9 HTTP/1.1" 200 233 10.0.0.187 - - [08/Jul/2026:23:51:03 +0000] "GET /v3/endpoints HTTP/1.1" 200 1226 10.0.0.187 - - [08/Jul/2026:23:51:04 +0000] "GET /v3/services/7913ac5df4bc4a04988af5a2a0fe7ee9 HTTP/1.1" 200 233
[Wed Jul 08 23:51:04.029059 2026] [wsgi:error] [pid 9:tid 140706304202432] [remote 10.0.0.187:44364] 2026-07-08 23:51:04.028 9 WARNING keystone.common.fernet_utils [None req-57a01ff2-b356-47d2-93f8-aa360f9cfbee - - - - - -] key_repository is world readable: /etc/keystone/fernet-keys/ 10.0.0.187 - - [08/Jul/2026:23:51:03 +0000] "POST /v3/auth/tokens HTTP/1.1" 201 1463 10.0.0.187 - - [08/Jul/2026:23:51:04 +0000] "GET /v3/services/7913ac5df4bc4a04988af5a2a0fe7ee9 HTTP/1.1" 200 233 10.0.0.187 - - [08/Jul/2026:23:51:04 +0000] "GET /v3/services/7913ac5df4bc4a04988af5a2a0fe7ee9 HTTP/1.1" 200 233 10.0.0.187 - - [08/Jul/2026:23:51:04 +0000] "GET /v3/endpoints HTTP/1.1" 200 1226 10.0.0.187 - - [08/Jul/2026:23:51:04 +0000] "GET /v3/services/7913ac5df4bc4a04988af5a2a0fe7ee9 HTTP/1.1" 200 233 10.0.0.187 - - [08/Jul/2026:23:51:04 +0000] "GET /v3/services/7913ac5df4bc4a04988af5a2a0fe7ee9 HTTP/1.1" 200 233 10.0.0.187 - - [08/Jul/2026:23:51:04 +0000] "GET /v3/services/7913ac5df4bc4a04988af5a2a0fe7ee9 HTTP/1.1" 200 233 10.0.0.187 - - [08/Jul/2026:23:51:05 +0000] "GET / HTTP/1.1" 300 295
[Wed Jul 08 23:51:05.572149 2026] [wsgi:error] [pid 9:tid 140706304202432] [remote 10.0.0.187:59486] 2026-07-08 23:51:05.572 9 WARNING keystone.common.password_hashing [None req-82cbb2c0-020f-43c1-9686-f20fd4e9f208 - - - - - -] Truncating password to algorithm specific maximum length 72 characters. 10.0.0.187 - - [08/Jul/2026:23:51:05 +0000] "GET / HTTP/1.1" 300 295
[Wed Jul 08 23:51:05.666890 2026] [wsgi:error] [pid 10:tid 140706304202432] [remote 10.0.0.187:59500] 2026-07-08 23:51:05.666 10 WARNING keystone.common.password_hashing [None req-e5e86fce-6b70-48bd-82dd-b8a8e1aeadd7 - - - - - -] Truncating password to algorithm specific maximum length 72 characters. 10.0.0.187 - - [08/Jul/2026:23:51:05 +0000] "GET / HTTP/1.1" 300 295
[Wed Jul 08 23:51:05.750448 2026] [wsgi:error] [pid 11:tid 140706304202432] [remote 10.0.0.187:59504] 2026-07-08 23:51:05.750 11 WARNING keystone.common.password_hashing [None req-2079503c-8a27-4c16-a106-fe5215ae5830 - - - - - -] Truncating password to algorithm specific maximum length 72 characters.
[Wed Jul 08 23:51:05.859658 2026] [wsgi:error] [pid 9:tid 140706304202432] [remote 10.0.0.187:59486] 2026-07-08 23:51:05.859 9 WARNING keystone.common.fernet_utils [None req-82cbb2c0-020f-43c1-9686-f20fd4e9f208 - - - - - -] key_repository is world readable: /etc/keystone/fernet-keys/ 10.0.0.187 - - [08/Jul/2026:23:51:05 +0000] "POST /v3/auth/tokens HTTP/1.1" 201 1463
[Wed Jul 08 23:51:05.936226 2026] [wsgi:error] [pid 10:tid 140706304202432] [remote 10.0.0.187:59500] 2026-07-08 23:51:05.936 10 WARNING keystone.common.fernet_utils [None req-e5e86fce-6b70-48bd-82dd-b8a8e1aeadd7 - - - - - -] key_repository is world readable: /etc/keystone/fernet-keys/ 10.0.0.187 - - [08/Jul/2026:23:51:05 +0000] "POST /v3/auth/tokens HTTP/1.1" 201 1463 10.0.0.187 - - [08/Jul/2026:23:51:05 +0000] "GET /v3/services/9bc907481f3a4faa84229cbc16f686ae HTTP/1.1" 200 296 10.0.0.187 - - [08/Jul/2026:23:51:05 +0000] "GET /v3/regions/RegionOne HTTP/1.1" 200 173
[Wed Jul 08 23:51:06.024220 2026] [wsgi:error] [pid 11:tid 140706304202432] [remote 10.0.0.187:59504] 2026-07-08 23:51:06.023 11 WARNING keystone.common.fernet_utils [None req-2079503c-8a27-4c16-a106-fe5215ae5830 - - - - - -] key_repository is world readable: /etc/keystone/fernet-keys/ 10.0.0.187 - - [08/Jul/2026:23:51:05 +0000] "POST /v3/auth/tokens HTTP/1.1" 201 1463 10.0.0.187 - - [08/Jul/2026:23:51:06 +0000] "POST /v3/endpoints HTTP/1.1" 201 383 10.0.0.187 - - [08/Jul/2026:23:51:06 +0000] "GET /v3/services/9bc907481f3a4faa84229cbc16f686ae HTTP/1.1" 200 296 10.0.0.187 - - [08/Jul/2026:23:51:06 +0000] "GET /v3/regions/RegionOne HTTP/1.1" 200 173 10.0.0.187 - - [08/Jul/2026:23:51:06 +0000] "GET /v3/services/9bc907481f3a4faa84229cbc16f686ae HTTP/1.1" 200 296 10.0.0.187 - - [08/Jul/2026:23:51:06 +0000] "GET /v3/regions/RegionOne HTTP/1.1" 200 173 10.0.0.187 - - [08/Jul/2026:23:51:06 +0000] "POST /v3/endpoints HTTP/1.1" 201 380 10.0.0.187 - - [08/Jul/2026:23:51:06 +0000] "POST /v3/endpoints HTTP/1.1" 201 369 10.0.0.187 - - [08/Jul/2026:23:51:07 +0000] "GET / HTTP/1.1" 300 295
[Wed Jul 08 23:51:07.540349 2026] [wsgi:error] [pid 12:tid 140706304202432] [remote 10.0.0.187:59514] 2026-07-08 23:51:07.540 12 WARNING keystone.common.password_hashing [None req-fcd621f1-0f12-4fc9-9989-fbd130936634 - - - - - -] Truncating password to algorithm specific maximum length 72 characters.
[Wed Jul 08 23:51:07.838367 2026] [wsgi:error] [pid 12:tid 140706304202432] [remote 10.0.0.187:59514] 2026-07-08 23:51:07.838 12 WARNING keystone.common.fernet_utils [None req-fcd621f1-0f12-4fc9-9989-fbd130936634 - - - - - -] key_repository is world readable: /etc/keystone/fernet-keys/ 10.0.0.187 - - [08/Jul/2026:23:51:07 +0000] "POST /v3/auth/tokens HTTP/1.1" 201 1990 10.0.0.187 - - [08/Jul/2026:23:51:07 +0000] "GET / HTTP/1.1" 300 295 10.0.0.187 - - [08/Jul/2026:23:51:07 +0000] "GET / HTTP/1.1" 300 295
[Wed Jul 08 23:51:07.941011 2026] [wsgi:error] [pid 9:tid 140706304202432] [remote 10.0.0.187:59518] 2026-07-08 23:51:07.940 9 WARNING keystone.common.password_hashing [None req-01ed131c-6602-4da3-afe9-66b55bc2b769 - - - - - -] Truncating password to algorithm specific maximum length 72 characters.
[Wed Jul 08 23:51:07.955295 2026] [wsgi:error] [pid 12:tid 140706304202432] [remote 10.0.0.187:59526] 2026-07-08 23:51:07.955 12 WARNING keystone.common.password_hashing [None req-979dd6cd-8b99-40c2-9952-6c637b81509a - - - - - -] Truncating password to algorithm specific maximum length 72 characters. 10.0.0.187 - - [08/Jul/2026:23:51:07 +0000] "GET /v3/endpoints/0ac780b3344642a28760f50bd296f546 HTTP/1.1" 200 383 10.0.0.187 - - [08/Jul/2026:23:51:07 +0000] "GET /v3/services/9bc907481f3a4faa84229cbc16f686ae HTTP/1.1" 200 296
[Wed Jul 08 23:51:08.231986 2026] [wsgi:error] [pid 9:tid 140706304202432] [remote 10.0.0.187:59518] 2026-07-08 23:51:08.231 9 WARNING keystone.common.fernet_utils [None req-01ed131c-6602-4da3-afe9-66b55bc2b769 - - - - - -] key_repository is world readable: /etc/keystone/fernet-keys/ 10.0.0.187 - - [08/Jul/2026:23:51:07 +0000] "POST /v3/auth/tokens HTTP/1.1" 201 1990
[Wed Jul 08 23:51:08.246445 2026] [wsgi:error] [pid 12:tid 140706304202432] [remote 10.0.0.187:59526] 2026-07-08 23:51:08.246 12 WARNING keystone.common.fernet_utils [None req-979dd6cd-8b99-40c2-9952-6c637b81509a - - - - - -] key_repository is world readable: /etc/keystone/fernet-keys/ 10.0.0.187 - - [08/Jul/2026:23:51:07 +0000] "POST /v3/auth/tokens HTTP/1.1" 201 1990 10.0.0.187 - - [08/Jul/2026:23:51:08 +0000] "GET /v3/endpoints/fd1e5858131f4fd896b53ce223be891f HTTP/1.1" 200 380 10.0.0.187 - - [08/Jul/2026:23:51:08 +0000] "GET /v3/endpoints/3fd84ec789b34a90b13db51d265950f7 HTTP/1.1" 200 369 10.0.0.187 - - [08/Jul/2026:23:51:08 +0000] "GET /v3/services/9bc907481f3a4faa84229cbc16f686ae HTTP/1.1" 200 296 10.0.0.187 - - [08/Jul/2026:23:51:08 +0000] "GET /v3/services/9bc907481f3a4faa84229cbc16f686ae HTTP/1.1" 200 296 10.0.0.206 - - [08/Jul/2026:23:51:10 +0000] "GET /v3/ HTTP/1.1" 200 250 10.0.0.206 - - [08/Jul/2026:23:51:10 +0000] "GET /v3/ HTTP/1.1" 200 250 10.0.0.16 - - [08/Jul/2026:23:51:20 +0000] "GET / HTTP/1.1" 300 295
[Wed Jul 08 23:51:20.720795 2026] [wsgi:error] [pid 12:tid 140706304202432] [remote 10.0.0.16:40862] 2026-07-08 23:51:20.720 12 WARNING keystone.common.password_hashing [None req-8b1e3650-b67f-4985-bd2c-196bb0969f90 - - - - - -] Truncating password to algorithm specific maximum length 72 characters.
[Wed Jul 08 23:51:20.995154 2026] [wsgi:error] [pid 12:tid 140706304202432] [remote 10.0.0.16:40862] 2026-07-08 23:51:20.994 12 WARNING keystone.common.fernet_utils [None req-8b1e3650-b67f-4985-bd2c-196bb0969f90 - - - - - -] key_repository is world readable: /etc/keystone/fernet-keys/ 10.0.0.16 - - [08/Jul/2026:23:51:20 +0000] "POST /v3/auth/tokens HTTP/1.1" 201 1990 10.0.0.16 - - [08/Jul/2026:23:51:21 +0000] "POST /v3/domains HTTP/1.1" 201 284 10.0.0.16 - - [08/Jul/2026:23:51:22 +0000] "GET / HTTP/1.1" 300 295
[Wed Jul 08 23:51:22.961457 2026] [wsgi:error] [pid 9:tid 140706304202432] [remote 10.0.0.16:40866] 2026-07-08 23:51:22.961 9 WARNING keystone.common.password_hashing [None req-81cd77ea-7d1b-49b0-9d5f-58ad2c427e1f - - - - - -] Truncating password to algorithm specific maximum length 72 characters.
[Wed Jul 08 23:51:23.247573 2026] [wsgi:error] [pid 9:tid 140706304202432] [remote 10.0.0.16:40866] 2026-07-08 23:51:23.247 9 WARNING keystone.common.fernet_utils [None req-81cd77ea-7d1b-49b0-9d5f-58ad2c427e1f - - - - - -] key_repository is world readable: /etc/keystone/fernet-keys/ 10.0.0.16 - - [08/Jul/2026:23:51:22 +0000] "POST /v3/auth/tokens HTTP/1.1" 201 1990
[Wed Jul 08 23:51:23.416468 2026] [wsgi:error] [pid 12:tid 140706304202432] [remote 10.0.0.16:40866] 2026-07-08 23:51:23.403 12 ERROR keystone.server.flask.application [None req-abd709d0-eabe-429e-9da7-db8597a9e8d3 cb318ce92f1648d8a7892a387321de55 5bcf7eba457f43d2a458730ceacffaa3 - - default default] Conflict occurred attempting to store project - it is not permitted to have two projects acting as domains with the same name: service.: keystone.exception.Conflict: Conflict occurred attempting to store project - it is not permitted to have two projects acting as domains with the same name: service.
[Wed Jul 08 23:51:23.416499 2026] [wsgi:error] [pid 12:tid 140706304202432] [remote 10.0.0.16:40866] 2026-07-08 23:51:23.403 12 ERROR keystone.server.flask.application
Traceback (most recent call last):
[Wed Jul 08 23:51:23.416501 2026] [wsgi:error] [pid 12:tid 140706304202432] [remote 10.0.0.16:40866] 2026-07-08 23:51:23.403 12 ERROR keystone.server.flask.application
File "/var/lib/openstack/lib/python3.12/site-packages/sqlalchemy/engine/base.py", line 1969, in _exec_single_context
[Wed Jul 08 23:51:23.416503 2026] [wsgi:error] [pid 12:tid 140706304202432] [remote 10.0.0.16:40866] 2026-07-08 23:51:23.403 12 ERROR keystone.server.flask.application self.dialect.do_execute(
[Wed Jul 08 23:51:23.416504 2026] [wsgi:error] [pid 12:tid 140706304202432] [remote 10.0.0.16:40866] 2026-07-08 23:51:23.403 12 ERROR keystone.server.flask.application
File "/var/lib/openstack/lib/python3.12/site-packages/sqlalchemy/engine/default.py", line 952, in do_execute
[Wed Jul 08 23:51:23.416506 2026] [wsgi:error] [pid 12:tid 140706304202432] [remote 10.0.0.16:40866] 2026-07-08 23:51:23.403 12 ERROR keystone.server.flask.application cursor.execute(statement, parameters)
[Wed Jul 08 23:51:23.416507 2026] [wsgi:error] [pid 12:tid 140706304202432] [remote 10.0.0.16:40866] 2026-07-08 23:51:23.403 12 ERROR keystone.server.flask.application
File "/var/lib/openstack/lib/python3.12/site-packages/pymysql/cursors.py", line 159, in execute
[Wed Jul 08 23:51:23.416509 2026] [wsgi:error] [pid 12:tid 140706304202432] [remote 10.0.0.16:40866] 2026-07-08 23:51:23.403 12 ERROR keystone.server.flask.application result = self._query(query)
[Wed Jul 08 23:51:23.416510 2026] [wsgi:error] [pid 12:tid 140706304202432] [remote 10.0.0.16:40866] 2026-07-08 23:51:23.403 12 ERROR keystone.server.flask.application ^^^^^^^^^^^^^^^^^^
[Wed Jul 08 23:51:23.416512 2026] [wsgi:error] [pid 12:tid 140706304202432] [remote 10.0.0.16:40866] 2026-07-08 23:51:23.403 12 ERROR keystone.server.flask.application
File "/var/lib/openstack/lib/python3.12/site-packages/pymysql/cursors.py", line 330, in _query
[Wed Jul 08 23:51:23.416513 2026] [wsgi:error] [pid 12:tid 140706304202432] [remote 10.0.0.16:40866] 2026-07-08 23:51:23.403 12 ERROR keystone.server.flask.application conn.query(q)
[Wed Jul 08 23:51:23.416515 2026] [wsgi:error] [pid 12:tid 140706304202432] [remote 10.0.0.16:40866] 2026-07-08 23:51:23.403 12 ERROR keystone.server.flask.application
File "/var/lib/openstack/lib/python3.12/site-packages/pymysql/connections.py", line 582, in query
[Wed Jul 08 23:51:23.416517 2026] [wsgi:error] [pid 12:tid 140706304202432] [remote 10.0.0.16:40866] 2026-07-08 23:51:23.403 12 ERROR keystone.server.flask.application self._affected_rows = self._read_query_result(unbuffered=unbuffered)
[Wed Jul 08 23:51:23.416519 2026] [wsgi:error] [pid 12:tid 140706304202432] [remote 10.0.0.16:40866] 2026-07-08 23:51:23.403 12 ERROR keystone.server.flask.application ^^^^^^^^^^^^^^^^^^^^^^^^^^^^^^^^^^^^^^^^^^^^^^
[Wed Jul 08 23:51:23.416521 2026] [wsgi:error] [pid 12:tid 140706304202432] [remote 10.0.0.16:40866] 2026-07-08 23:51:23.403 12 ERROR keystone.server.flask.application
File "/var/lib/openstack/lib/python3.12/site-packages/pymysql/connections.py", line 847, in _read_query_result
[Wed Jul 08 23:51:23.416522 2026] [wsgi:error] [pid 12:tid 140706304202432] [remote 10.0.0.16:40866] 2026-07-08 23:51:23.403 12 ERROR keystone.server.flask.application result.read()
[Wed Jul 08 23:51:23.416525 2026] [wsgi:error] [pid 12:tid 140706304202432] [remote 10.0.0.16:40866] 2026-07-08 23:51:23.403 12 ERROR keystone.server.flask.application
File "/var/lib/openstack/lib/python3.12/site-packages/pymysql/connections.py", line 1245, in read
[Wed Jul 08 23:51:23.416527 2026] [wsgi:error] [pid 12:tid 140706304202432] [remote 10.0.0.16:40866] 2026-07-08 23:51:23.403 12 ERROR keystone.server.flask.application first_packet = self.connection._read_packet()
[Wed Jul 08 23:51:23.416528 2026] [wsgi:error] [pid 12:tid 140706304202432] [remote 10.0.0.16:40866] 2026-07-08 23:51:23.403 12 ERROR keystone.server.flask.application ^^^^^^^^^^^^^^^^^^^^^^^^^^^^^^
[Wed Jul 08 23:51:23.416529 2026] [wsgi:error] [pid 12:tid 140706304202432] [remote 10.0.0.16:40866] 2026-07-08 23:51:23.403 12 ERROR keystone.server.flask.application
File "/var/lib/openstack/lib/python3.12/site-packages/pymysql/connections.py", line 803, in _read_packet
[Wed Jul 08 23:51:23.416531 2026] [wsgi:error] [pid 12:tid 140706304202432] [remote 10.0.0.16:40866] 2026-07-08 23:51:23.403 12 ERROR keystone.server.flask.application packet.raise_for_error()
[Wed Jul 08 23:51:23.416532 2026] [wsgi:error] [pid 12:tid 140706304202432] [remote 10.0.0.16:40866] 2026-07-08 23:51:23.403 12 ERROR keystone.server.flask.application
File "/var/lib/openstack/lib/python3.12/site-packages/pymysql/protocol.py", line 219, in raise_for_error
[Wed Jul 08 23:51:23.416534 2026] [wsgi:error] [pid 12:tid 140706304202432] [remote 10.0.0.16:40866] 2026-07-08 23:51:23.403 12 ERROR keystone.server.flask.application err.raise_mysql_exception(self._data)
[Wed Jul 08 23:51:23.416535 2026] [wsgi:error] [pid 12:tid 140706304202432] [remote 10.0.0.16:40866] 2026-07-08 23:51:23.403 12 ERROR keystone.server.flask.application
File "/var/lib/openstack/lib/python3.12/site-packages/pymysql/err.py", line 154, in raise_mysql_exception
[Wed Jul 08 23:51:23.416536 2026] [wsgi:error] [pid 12:tid 140706304202432] [remote 10.0.0.16:40866] 2026-07-08 23:51:23.403 12 ERROR keystone.server.flask.application raise errorclass(errno, errval, sqlstate=sqlstate)
[Wed Jul 08 23:51:23.416538 2026] [wsgi:error] [pid 12:tid 140706304202432] [remote 10.0.0.16:40866] 2026-07-08 23:51:23.403 12 ERROR keystone.server.flask.application pymysql.err.IntegrityError: (1062, "Duplicate entry '<>-service' for key 'project.ixu_project_name_domain_id'")
[Wed Jul 08 23:51:23.416539 2026] [wsgi:error] [pid 12:tid 140706304202432] [remote 10.0.0.16:40866] 2026-07-08 23:51:23.403 12 ERROR keystone.server.flask.application
[Wed Jul 08 23:51:23.416552 2026] [wsgi:error] [pid 12:tid 140706304202432] [remote 10.0.0.16:40866] 2026-07-08 23:51:23.403 12 ERROR keystone.server.flask.application The above exception was the direct cause of the following exception:
[Wed Jul 08 23:51:23.416569 2026] [wsgi:error] [pid 12:tid 140706304202432] [remote 10.0.0.16:40866] 2026-07-08 23:51:23.403 12 ERROR keystone.server.flask.application
[Wed Jul 08 23:51:23.416571 2026] [wsgi:error] [pid 12:tid 140706304202432] [remote 10.0.0.16:40866] 2026-07-08 23:51:23.403 12 ERROR keystone.server.flask.application
Traceback (most recent call last):
[Wed Jul 08 23:51:23.416572 2026] [wsgi:error] [pid 12:tid 140706304202432] [remote 10.0.0.16:40866] 2026-07-08 23:51:23.403 12 ERROR keystone.server.flask.application
File "/var/lib/openstack/lib/python3.12/site-packages/keystone/common/sql/core.py", line 575, in wrapper
[Wed Jul 08 23:51:23.416574 2026] [wsgi:error] [pid 12:tid 140706304202432] [remote 10.0.0.16:40866] 2026-07-08 23:51:23.403 12 ERROR keystone.server.flask.application return method(*args, **kwargs)
[Wed Jul 08 23:51:23.416576 2026] [wsgi:error] [pid 12:tid 140706304202432] [remote 10.0.0.16:40866] 2026-07-08 23:51:23.403 12 ERROR keystone.server.flask.application ^^^^^^^^^^^^^^^^^^^^^^^
[Wed Jul 08 23:51:23.416577 2026] [wsgi:error] [pid 12:tid 140706304202432] [remote 10.0.0.16:40866] 2026-07-08 23:51:23.403 12 ERROR keystone.server.flask.application
File "/var/lib/openstack/lib/python3.12/site-packages/keystone/resource/backends/sql.py", line 278, in create_project
[Wed Jul 08 23:51:23.416579 2026] [wsgi:error] [pid 12:tid 140706304202432] [remote 10.0.0.16:40866] 2026-07-08 23:51:23.403 12 ERROR keystone.server.flask.application with sql.session_for_write() as session:
[Wed Jul 08 23:51:23.416581 2026] [wsgi:error] [pid 12:tid 140706304202432] [remote 10.0.0.16:40866] 2026-07-08 23:51:23.403 12 ERROR keystone.server.flask.application
File "/usr/lib/python3.12/contextlib.py", line 144, in __exit__
[Wed Jul 08 23:51:23.416582 2026] [wsgi:error] [pid 12:tid 140706304202432] [remote 10.0.0.16:40866] 2026-07-08 23:51:23.403 12 ERROR keystone.server.flask.application next(self.gen)
[Wed Jul 08 23:51:23.416584 2026] [wsgi:error] [pid 12:tid 140706304202432] [remote 10.0.0.16:40866] 2026-07-08 23:51:23.403 12 ERROR keystone.server.flask.application
File "/var/lib/openstack/lib/python3.12/site-packages/oslo_db/sqlalchemy/enginefacade.py", line 1175, in _transaction_scope
[Wed Jul 08 23:51:23.416586 2026] [wsgi:error] [pid 12:tid 140706304202432] [remote 10.0.0.16:40866] 2026-07-08 23:51:23.403 12 ERROR keystone.server.flask.application with current._produce_block(
[Wed Jul 08 23:51:23.416587 2026] [wsgi:error] [pid 12:tid 140706304202432] [remote 10.0.0.16:40866] 2026-07-08 23:51:23.403 12 ERROR keystone.server.flask.application
File "/usr/lib/python3.12/contextlib.py", line 144, in __exit__
[Wed Jul 08 23:51:23.416589 2026] [wsgi:error] [pid 12:tid 140706304202432] [remote 10.0.0.16:40866] 2026-07-08 23:51:23.403 12 ERROR keystone.server.flask.application next(self.gen)
[Wed Jul 08 23:51:23.416591 2026] [wsgi:error] [pid 12:tid 140706304202432] [remote 10.0.0.16:40866] 2026-07-08 23:51:23.403 12 ERROR keystone.server.flask.application
File "/var/lib/openstack/lib/python3.12/site-packages/oslo_db/sqlalchemy/enginefacade.py", line 837, in _session
[Wed Jul 08 23:51:23.416592 2026] [wsgi:error] [pid 12:tid 140706304202432] [remote 10.0.0.16:40866] 2026-07-08 23:51:23.403 12 ERROR keystone.server.flask.application with excutils.save_and_reraise_exception():
[Wed Jul 08 23:51:23.416594 2026] [wsgi:error] [pid 12:tid 140706304202432] [remote 10.0.0.16:40866] 2026-07-08 23:51:23.403 12 ERROR keystone.server.flask.application
File "/var/lib/openstack/lib/python3.12/site-packages/oslo_utils/excutils.py", line 266, in __exit__
[Wed Jul 08 23:51:23.416596 2026] [wsgi:error] [pid 12:tid 140706304202432] [remote 10.0.0.16:40866] 2026-07-08 23:51:23.403 12 ERROR keystone.server.flask.application self.force_reraise()
[Wed Jul 08 23:51:23.416599 2026] [wsgi:error] [pid 12:tid 140706304202432] [remote 10.0.0.16:40866] 2026-07-08 23:51:23.403 12 ERROR keystone.server.flask.application
File "/var/lib/openstack/lib/python3.12/site-packages/oslo_utils/excutils.py", line 232, in force_reraise
[Wed Jul 08 23:51:23.416600 2026] [wsgi:error] [pid 12:tid 140706304202432] [remote 10.0.0.16:40866] 2026-07-08 23:51:23.403 12 ERROR keystone.server.flask.application raise self.value
[Wed Jul 08 23:51:23.416602 2026] [wsgi:error] [pid 12:tid 140706304202432] [remote 10.0.0.16:40866] 2026-07-08 23:51:23.403 12 ERROR keystone.server.flask.application
File "/var/lib/openstack/lib/python3.12/site-packages/oslo_db/sqlalchemy/enginefacade.py", line 835, in _session
[Wed Jul 08 23:51:23.416603 2026] [wsgi:error] [pid 12:tid 140706304202432] [remote 10.0.0.16:40866] 2026-07-08 23:51:23.403 12 ERROR keystone.server.flask.application self._end_session_transaction(self.session)
[Wed Jul 08 23:51:23.416604 2026] [wsgi:error] [pid 12:tid 140706304202432] [remote 10.0.0.16:40866] 2026-07-08 23:51:23.403 12 ERROR keystone.server.flask.application
File "/var/lib/openstack/lib/python3.12/site-packages/oslo_db/sqlalchemy/enginefacade.py", line 748, in _end_session_transaction
[Wed Jul 08 23:51:23.416606 2026] [wsgi:error] [pid 12:tid 140706304202432] [remote 10.0.0.16:40866] 2026-07-08 23:51:23.403 12 ERROR keystone.server.flask.application session.commit()
[Wed Jul 08 23:51:23.416607 2026] [wsgi:error] [pid 12:tid 140706304202432] [remote 10.0.0.16:40866] 2026-07-08 23:51:23.403 12 ERROR keystone.server.flask.application
File "/var/lib/openstack/lib/python3.12/site-packages/sqlalchemy/orm/session.py", line 2034, in commit
[Wed Jul 08 23:51:23.416615 2026] [wsgi:error] [pid 12:tid 140706304202432] [remote 10.0.0.16:40866] 2026-07-08 23:51:23.403 12 ERROR keystone.server.flask.application trans.commit(_to_root=True)
[Wed Jul 08 23:51:23.416617 2026] [wsgi:error] [pid 12:tid 140706304202432] [remote 10.0.0.16:40866] 2026-07-08 23:51:23.403 12 ERROR keystone.server.flask.application File "", line 2, in commit
[Wed Jul 08 23:51:23.416619 2026] [wsgi:error] [pid 12:tid 140706304202432] [remote 10.0.0.16:40866] 2026-07-08 23:51:23.403 12 ERROR keystone.server.flask.application
File "/var/lib/openstack/lib/python3.12/site-packages/sqlalchemy/orm/state_changes.py", line 137, in _go
[Wed Jul 08 23:51:23.416621 2026] [wsgi:error] [pid 12:tid 140706304202432] [remote 10.0.0.16:40866] 2026-07-08 23:51:23.403 12 ERROR keystone.server.flask.application ret_value = fn(self, *arg, **kw)
[Wed Jul 08 23:51:23.416623 2026] [wsgi:error] [pid 12:tid 140706304202432] [remote 10.0.0.16:40866] 2026-07-08 23:51:23.403 12 ERROR keystone.server.flask.application ^^^^^^^^^^^^^^^^^^^^
[Wed Jul 08 23:51:23.416626 2026] [wsgi:error] [pid 12:tid 140706304202432] [remote 10.0.0.16:40866] 2026-07-08 23:51:23.403 12 ERROR keystone.server.flask.application
File "/var/lib/openstack/lib/python3.12/site-packages/sqlalchemy/orm/session.py", line 1315, in commit
[Wed Jul 08 23:51:23.416629 2026] [wsgi:error] [pid 12:tid 140706304202432] [remote 10.0.0.16:40866] 2026-07-08 23:51:23.403 12 ERROR keystone.server.flask.application self._prepare_impl()
[Wed Jul 08 23:51:23.416631 2026] [wsgi:error] [pid 12:tid 140706304202432] [remote 10.0.0.16:40866] 2026-07-08 23:51:23.403 12 ERROR keystone.server.flask.application File "", line 2, in _prepare_impl
[Wed Jul 08 23:51:23.416635 2026] [wsgi:error] [pid 12:tid 140706304202432] [remote 10.0.0.16:40866] 2026-07-08 23:51:23.403 12 ERROR keystone.server.flask.application
File "/var/lib/openstack/lib/python3.12/site-packages/sqlalchemy/orm/state_changes.py", line 137, in _go
[Wed Jul 08 23:51:23.416638 2026] [wsgi:error] [pid 12:tid 140706304202432] [remote 10.0.0.16:40866] 2026-07-08 23:51:23.403 12 ERROR keystone.server.flask.application ret_value = fn(self, *arg, **kw)
[Wed Jul 08 23:51:23.416641 2026] [wsgi:error] [pid 12:tid 140706304202432] [remote 10.0.0.16:40866] 2026-07-08 23:51:23.403 12 ERROR keystone.server.flask.application ^^^^^^^^^^^^^^^^^^^^
[Wed Jul 08 23:51:23.416643 2026] [wsgi:error] [pid 12:tid 140706304202432] [remote 10.0.0.16:40866] 2026-07-08 23:51:23.403 12 ERROR keystone.server.flask.application
File "/var/lib/openstack/lib/python3.12/site-packages/sqlalchemy/orm/session.py", line 1290, in _prepare_impl
[Wed Jul 08 23:51:23.416646 2026] [wsgi:error] [pid 12:tid 140706304202432] [remote 10.0.0.16:40866] 2026-07-08 23:51:23.403 12 ERROR keystone.server.flask.application self.session.flush()
[Wed Jul 08 23:51:23.416649 2026] [wsgi:error] [pid 12:tid 140706304202432] [remote 10.0.0.16:40866] 2026-07-08 23:51:23.403 12 ERROR keystone.server.flask.application
File "/var/lib/openstack/lib/python3.12/site-packages/sqlalchemy/orm/session.py", line 4352, in flush
[Wed Jul 08 23:51:23.416652 2026] [wsgi:error] [pid 12:tid 140706304202432] [remote 10.0.0.16:40866] 2026-07-08 23:51:23.403 12 ERROR keystone.server.flask.application self._flush(objects)
[Wed Jul 08 23:51:23.416655 2026] [wsgi:error] [pid 12:tid 140706304202432] [remote 10.0.0.16:40866] 2026-07-08 23:51:23.403 12 ERROR keystone.server.flask.application
File "/var/lib/openstack/lib/python3.12/site-packages/sqlalchemy/orm/session.py", line 4487, in _flush
[Wed Jul 08 23:51:23.416657 2026] [wsgi:error] [pid 12:tid 140706304202432] [remote 10.0.0.16:40866] 2026-07-08 23:51:23.403 12 ERROR keystone.server.flask.application with util.safe_reraise():
[Wed Jul 08 23:51:23.416661 2026] [wsgi:error] [pid 12:tid 140706304202432] [remote 10.0.0.16:40866] 2026-07-08 23:51:23.403 12 ERROR keystone.server.flask.application
File "/var/lib/openstack/lib/python3.12/site-packages/sqlalchemy/util/langhelpers.py", line 122, in __exit__
[Wed Jul 08 23:51:23.416663 2026] [wsgi:error] [pid 12:tid 140706304202432] [remote 10.0.0.16:40866] 2026-07-08 23:51:23.403 12 ERROR keystone.server.flask.application raise exc_value.with_traceback(exc_tb)
[Wed Jul 08 23:51:23.416665 2026] [wsgi:error] [pid 12:tid 140706304202432] [remote 10.0.0.16:40866] 2026-07-08 23:51:23.403 12 ERROR keystone.server.flask.application
File "/var/lib/openstack/lib/python3.12/site-packages/sqlalchemy/orm/session.py", line 4448, in _flush
[Wed Jul 08 23:51:23.416666 2026] [wsgi:error] [pid 12:tid 140706304202432] [remote 10.0.0.16:40866] 2026-07-08 23:51:23.403 12 ERROR keystone.server.flask.application flush_context.execute()
[Wed Jul 08 23:51:23.416668 2026] [wsgi:error] [pid 12:tid 140706304202432] [remote 10.0.0.16:40866] 2026-07-08 23:51:23.403 12 ERROR keystone.server.flask.application
