2026-06-30 19:03:25.842 9 INFO neutron.wsgi [req-479ce0e4-5d7d-4245-88f6-b52c358dadea req-0503c572-019d-4544-a557-efc963c11924 4cb05f392a8e4253b49567a80e16c3bc 7f99b634af1d45c0a96352aea564cd51 - - bfdd529dde0f4ab7b942fd931fe7815e bfdd529dde0f4ab7b942fd931fe7815e] 10.0.0.132 "GET /v2.0/ports?device_id=03425db8-5e47-4137-b84a-b64828a0d376 HTTP/1.1" status: 200 len: 1409 time: 0.0329013
2026-06-30 19:03:25.893 9 INFO neutron.wsgi [req-479ce0e4-5d7d-4245-88f6-b52c358dadea req-acf2ce44-deb3-4136-bef8-b77ceb459e28 4cb05f392a8e4253b49567a80e16c3bc 7f99b634af1d45c0a96352aea564cd51 - - bfdd529dde0f4ab7b942fd931fe7815e bfdd529dde0f4ab7b942fd931fe7815e] 10.0.0.132 "GET /v2.0/security-groups?id=93e94f81-b2ce-4f63-a996-7f00bdf0b5d5&fields=id&fields=name HTTP/1.1" status: 200 len: 312 time: 0.0422502
2026-06-30 19:03:25.903 10 WARNING neutron.scheduler.dhcp_agent_scheduler [None req-f4ee6660-2a7c-4df3-9914-225926a8eb07 b3533d03d004497094861d75a48245e8 8a1eeb7758414fce9d58bfdb149c25c2 - - default default] No more DHCP agents
2026-06-30 19:03:25.905 10 WARNING neutron.api.rpc.agentnotifiers.dhcp_rpc_agent_api [None req-f4ee6660-2a7c-4df3-9914-225926a8eb07 b3533d03d004497094861d75a48245e8 8a1eeb7758414fce9d58bfdb149c25c2 - - default default] Unable to schedule network 54b9ccf7-f41c-439a-b6ac-4a20bf6cabe6: no agents available; will retry on subsequent port and subnet creation events.
2026-06-30 19:03:26.480 10 INFO neutron.db.ovn_revision_numbers_db [None req-f4ee6660-2a7c-4df3-9914-225926a8eb07 b3533d03d004497094861d75a48245e8 8a1eeb7758414fce9d58bfdb149c25c2 - - default default] Successfully bumped revision number for resource ba232a2e-40d1-4031-928e-5fb2c0e9bde2 (type: ports) to 2
2026-06-30 19:03:26.520 10 INFO neutron.db.ovn_revision_numbers_db [None req-f4ee6660-2a7c-4df3-9914-225926a8eb07 b3533d03d004497094861d75a48245e8 8a1eeb7758414fce9d58bfdb149c25c2 - - default default] Successfully bumped revision number for resource d05d67bd-bd40-4684-bee2-630b0d3fdde3 (type: subnets) to 0
2026-06-30 19:03:26.538 10 INFO neutron.wsgi [None req-f4ee6660-2a7c-4df3-9914-225926a8eb07 b3533d03d004497094861d75a48245e8 8a1eeb7758414fce9d58bfdb149c25c2 - - default default] 10.0.0.54 "POST /v2.0/subnets HTTP/1.1" status: 201 len: 804 time: 0.8760459
2026-06-30 19:03:26.635 10 INFO neutron.db.segments_db [None req-47aa482c-92e1-4094-a95f-dfdf5d149bce b3533d03d004497094861d75a48245e8 8a1eeb7758414fce9d58bfdb149c25c2 - - default default] Added segment 9bacd36c-f5e5-4232-ab44-dd79b13e5266 of type geneve for network 70568c30-12ff-4959-bb28-819b1023c844
2026-06-30 19:03:26.832 10 INFO neutron.db.ovn_revision_numbers_db [None req-47aa482c-92e1-4094-a95f-dfdf5d149bce b3533d03d004497094861d75a48245e8 8a1eeb7758414fce9d58bfdb149c25c2 - - default default] Successfully bumped revision number for resource 70568c30-12ff-4959-bb28-819b1023c844 (type: networks) to 1
2026-06-30 19:03:26.997 10 WARNING neutron.scheduler.dhcp_agent_scheduler [None req-47aa482c-92e1-4094-a95f-dfdf5d149bce b3533d03d004497094861d75a48245e8 8a1eeb7758414fce9d58bfdb149c25c2 - - default default] No more DHCP agents
2026-06-30 19:03:26.999 10 WARNING neutron.api.rpc.agentnotifiers.dhcp_rpc_agent_api [None req-47aa482c-92e1-4094-a95f-dfdf5d149bce b3533d03d004497094861d75a48245e8 8a1eeb7758414fce9d58bfdb149c25c2 - - default default] Unable to schedule network 70568c30-12ff-4959-bb28-819b1023c844: no agents available; will retry on subsequent port and subnet creation events.
2026-06-30 19:03:27.084 10 INFO neutron.db.ovn_revision_numbers_db [None req-47aa482c-92e1-4094-a95f-dfdf5d149bce b3533d03d004497094861d75a48245e8 8a1eeb7758414fce9d58bfdb149c25c2 - - default default] Successfully bumped revision number for resource 04369467-975b-466a-a36c-8a62ef697c59 (type: ports) to 1
2026-06-30 19:03:27.107 10 INFO neutron.wsgi [None req-47aa482c-92e1-4094-a95f-dfdf5d149bce b3533d03d004497094861d75a48245e8 8a1eeb7758414fce9d58bfdb149c25c2 - - default default] 10.0.0.54 "POST /v2.0/networks HTTP/1.1" status: 201 len: 831 time: 0.5632079
2026-06-30 19:03:27.408 9 WARNING neutron.scheduler.dhcp_agent_scheduler [None req-0f69f100-6495-45fe-b01d-bb62762b713b b3533d03d004497094861d75a48245e8 8a1eeb7758414fce9d58bfdb149c25c2 - - default default] No more DHCP agents
2026-06-30 19:03:27.412 9 WARNING neutron.api.rpc.agentnotifiers.dhcp_rpc_agent_api [None req-0f69f100-6495-45fe-b01d-bb62762b713b b3533d03d004497094861d75a48245e8 8a1eeb7758414fce9d58bfdb149c25c2 - - default default] Unable to schedule network 70568c30-12ff-4959-bb28-819b1023c844: no agents available; will retry on subsequent port and subnet creation events.
2026-06-30 19:03:27.961 9 INFO neutron.db.ovn_revision_numbers_db [None req-0f69f100-6495-45fe-b01d-bb62762b713b b3533d03d004497094861d75a48245e8 8a1eeb7758414fce9d58bfdb149c25c2 - - default default] Successfully bumped revision number for resource 04369467-975b-466a-a36c-8a62ef697c59 (type: ports) to 2
2026-06-30 19:03:27.994 9 INFO neutron.db.ovn_revision_numbers_db [None req-0f69f100-6495-45fe-b01d-bb62762b713b b3533d03d004497094861d75a48245e8 8a1eeb7758414fce9d58bfdb149c25c2 - - default default] Successfully bumped revision number for resource d1e172b8-b34a-4f84-8d7f-15b197f7f3b8 (type: subnets) to 0
2026-06-30 19:03:28.009 9 INFO neutron.wsgi [None req-0f69f100-6495-45fe-b01d-bb62762b713b b3533d03d004497094861d75a48245e8 8a1eeb7758414fce9d58bfdb149c25c2 - - default default] 10.0.0.54 "POST /v2.0/subnets HTTP/1.1" status: 201 len: 804 time: 0.8963621
2026-06-30 19:03:28.090 9 INFO neutron.db.segments_db [None req-511f51da-927a-4cee-8c73-d06ac8c77e83 b3533d03d004497094861d75a48245e8 8a1eeb7758414fce9d58bfdb149c25c2 - - default default] Added segment 86b76f3d-c5d5-4129-8cdc-a724b2c25f80 of type geneve for network dd36de1a-4f1f-48f0-b7c7-5a1f0771b65d
2026-06-30 19:03:28.175 9 INFO neutron.wsgi [req-dbea7fd4-98ac-4543-8a79-8801783cf298 req-a0725024-c6ef-4380-b10e-9d1343f8d31c 4cb05f392a8e4253b49567a80e16c3bc 7f99b634af1d45c0a96352aea564cd51 - - bfdd529dde0f4ab7b942fd931fe7815e bfdd529dde0f4ab7b942fd931fe7815e] 199.204.45.23 "GET /v2.0/ports?device_id=03425db8-5e47-4137-b84a-b64828a0d376&fields=binding%3Ahost_id&fields=binding%3Avif_type HTTP/1.1" status: 200 len: 265 time: 0.0285199
2026-06-30 19:03:28.251 9 INFO neutron.wsgi [req-dbea7fd4-98ac-4543-8a79-8801783cf298 req-6786fffd-072d-47b6-8f16-892bbe5d7915 4cb05f392a8e4253b49567a80e16c3bc 7f99b634af1d45c0a96352aea564cd51 - - bfdd529dde0f4ab7b942fd931fe7815e bfdd529dde0f4ab7b942fd931fe7815e] 199.204.45.23 "GET /v2.0/ports?tenant_id=3ab6e6863a2a40b48db06ff9f87239a5&device_id=03425db8-5e47-4137-b84a-b64828a0d376 HTTP/1.1" status: 200 len: 1409 time: 0.0390227
2026-06-30 19:03:28.253 9 INFO neutron.db.ovn_revision_numbers_db [None req-511f51da-927a-4cee-8c73-d06ac8c77e83 b3533d03d004497094861d75a48245e8 8a1eeb7758414fce9d58bfdb149c25c2 - - default default] Successfully bumped revision number for resource dd36de1a-4f1f-48f0-b7c7-5a1f0771b65d (type: networks) to 1
2026-06-30 19:03:28.446 10 INFO neutron.db.ovn_revision_numbers_db [None req-bd20844f-2b6d-47cd-a11f-5b8dd2f988cc 0a849cf52d1f4e599d060988ec3c332c efd6ea1b7a084da28a689bda3633f044 - - default default] Successfully bumped revision number for resource fe0f8b97-5de9-4beb-a5cf-74e568e30da0 (type: security_groups) to 1
2026-06-30 19:03:28.460 10 INFO neutron.db.ovn_revision_numbers_db [None req-bd20844f-2b6d-47cd-a11f-5b8dd2f988cc 0a849cf52d1f4e599d060988ec3c332c efd6ea1b7a084da28a689bda3633f044 - - default default] Successfully bumped revision number for resource 1753cd6c-cefc-4733-9d6c-8e96a53c24a6 (type: security_group_rules) to 0
2026-06-30 19:03:28.476 10 INFO neutron.db.ovn_revision_numbers_db [None req-bd20844f-2b6d-47cd-a11f-5b8dd2f988cc 0a849cf52d1f4e599d060988ec3c332c efd6ea1b7a084da28a689bda3633f044 - - default default] Successfully bumped revision number for resource 1996a4e2-db0d-4aa1-9928-34bc6ade176c (type: security_group_rules) to 0
2026-06-30 19:03:28.491 10 INFO neutron.db.ovn_revision_numbers_db [None req-bd20844f-2b6d-47cd-a11f-5b8dd2f988cc 0a849cf52d1f4e599d060988ec3c332c efd6ea1b7a084da28a689bda3633f044 - - default default] Successfully bumped revision number for resource 9fbce562-261f-4146-878d-ecd3e9a73401 (type: security_group_rules) to 0
2026-06-30 19:03:28.504 9 INFO neutron.wsgi [req-12daa858-56fb-4204-a7f9-b2a5ae362504 req-8fb0a941-0675-41a0-a392-4f3df418f2e0 4cb05f392a8e4253b49567a80e16c3bc 7f99b634af1d45c0a96352aea564cd51 - - bfdd529dde0f4ab7b942fd931fe7815e bfdd529dde0f4ab7b942fd931fe7815e] 10.0.0.132 "GET /v2.0/ports?device_id=636d350f-2c96-4130-a4e9-fc7ebcf5aea7 HTTP/1.1" status: 200 len: 1642 time: 0.2384739
2026-06-30 19:03:28.508 10 INFO neutron.db.ovn_revision_numbers_db [None req-bd20844f-2b6d-47cd-a11f-5b8dd2f988cc 0a849cf52d1f4e599d060988ec3c332c efd6ea1b7a084da28a689bda3633f044 - - default default] Successfully bumped revision number for resource f3a4cc87-d9ec-429f-b697-fbc9195d4ae3 (type: security_group_rules) to 0
2026-06-30 19:03:28.531 10 INFO neutron.wsgi [None req-bd20844f-2b6d-47cd-a11f-5b8dd2f988cc 0a849cf52d1f4e599d060988ec3c332c efd6ea1b7a084da28a689bda3633f044 - - default default] 10.0.0.54 "GET /v2.0/security-groups?tenant_id=a6d767e0663a4f18ae549f0b054d5d7d&name=default HTTP/1.1" status: 200 len: 2996 time: 0.4009204
2026-06-30 19:03:28.562 9 INFO neutron.wsgi [req-dbea7fd4-98ac-4543-8a79-8801783cf298 req-f3eb36a4-9e70-47f8-be0b-c1e0ad908d25 4cb05f392a8e4253b49567a80e16c3bc 7f99b634af1d45c0a96352aea564cd51 - - bfdd529dde0f4ab7b942fd931fe7815e bfdd529dde0f4ab7b942fd931fe7815e] 199.204.45.23 "GET /v2.0/networks?id=88957be7-cf47-47e1-a2f6-13c639f73ba7 HTTP/1.1" status: 200 len: 972 time: 0.2866223
2026-06-30 19:03:28.612 9 INFO neutron.wsgi [req-12daa858-56fb-4204-a7f9-b2a5ae362504 req-7491f661-2f30-4546-b753-792c8a31869f 4cb05f392a8e4253b49567a80e16c3bc 7f99b634af1d45c0a96352aea564cd51 - - bfdd529dde0f4ab7b942fd931fe7815e bfdd529dde0f4ab7b942fd931fe7815e] 10.0.0.132 "GET /v2.0/security-groups?id=60697c2e-87cf-483e-a1bc-2d9f66dad185&fields=id&fields=name HTTP/1.1" status: 200 len: 310 time: 0.0998285
2026-06-30 19:03:28.633 9 INFO neutron.wsgi [req-dbea7fd4-98ac-4543-8a79-8801783cf298 req-935c4069-b3bb-4a3c-b4be-e5309163c09b 4cb05f392a8e4253b49567a80e16c3bc 7f99b634af1d45c0a96352aea564cd51 - - bfdd529dde0f4ab7b942fd931fe7815e bfdd529dde0f4ab7b942fd931fe7815e] 199.204.45.23 "GET /v2.0/floatingips?fixed_ip_address=10.100.0.5&port_id=30caf57e-9aa8-460c-9a83-4f324fa6e939 HTTP/1.1" status: 200 len: 1059 time: 0.0612681
2026-06-30 19:03:28.698 9 INFO neutron.wsgi [req-dbea7fd4-98ac-4543-8a79-8801783cf298 req-48e2f7b1-2171-4ffa-84ef-c16be80cb021 4cb05f392a8e4253b49567a80e16c3bc 7f99b634af1d45c0a96352aea564cd51 - - bfdd529dde0f4ab7b942fd931fe7815e bfdd529dde0f4ab7b942fd931fe7815e] 199.204.45.23 "GET /v2.0/subnets?id=a0c99b8a-f9df-4b08-8cf7-8e86a34d0509 HTTP/1.1" status: 200 len: 867 time: 0.0564463
2026-06-30 19:03:28.742 9 INFO neutron.wsgi [req-dbea7fd4-98ac-4543-8a79-8801783cf298 req-290139a3-b420-4420-93be-aa7f35b02534 4cb05f392a8e4253b49567a80e16c3bc 7f99b634af1d45c0a96352aea564cd51 - - bfdd529dde0f4ab7b942fd931fe7815e bfdd529dde0f4ab7b942fd931fe7815e] 199.204.45.23 "GET /v2.0/ports?network_id=88957be7-cf47-47e1-a2f6-13c639f73ba7&device_owner=network%3Adhcp HTTP/1.1" status: 200 len: 210 time: 0.0349684
2026-06-30 19:03:28.752 9 WARNING neutron.scheduler.dhcp_agent_scheduler [None req-511f51da-927a-4cee-8c73-d06ac8c77e83 b3533d03d004497094861d75a48245e8 8a1eeb7758414fce9d58bfdb149c25c2 - - default default] No more DHCP agents
2026-06-30 19:03:28.764 9 WARNING neutron.api.rpc.agentnotifiers.dhcp_rpc_agent_api [None req-511f51da-927a-4cee-8c73-d06ac8c77e83 b3533d03d004497094861d75a48245e8 8a1eeb7758414fce9d58bfdb149c25c2 - - default default] Unable to schedule network dd36de1a-4f1f-48f0-b7c7-5a1f0771b65d: no agents available; will retry on subsequent port and subnet creation events.
2026-06-30 19:03:28.840 9 INFO neutron.wsgi [req-dbea7fd4-98ac-4543-8a79-8801783cf298 req-5af0ab8e-fcd5-4a00-b78c-b92fe9ed2492 4cb05f392a8e4253b49567a80e16c3bc 7f99b634af1d45c0a96352aea564cd51 - - bfdd529dde0f4ab7b942fd931fe7815e bfdd529dde0f4ab7b942fd931fe7815e] 199.204.45.23 "GET /v2.0/networks/88957be7-cf47-47e1-a2f6-13c639f73ba7?fields=segments HTTP/1.1" status: 200 len: 212 time: 0.0916448
2026-06-30 19:03:28.903 9 INFO neutron.db.ovn_revision_numbers_db [None req-511f51da-927a-4cee-8c73-d06ac8c77e83 b3533d03d004497094861d75a48245e8 8a1eeb7758414fce9d58bfdb149c25c2 - - default default] Successfully bumped revision number for resource 37c355c2-7c53-4b25-8609-7de90114de2d (type: ports) to 1
2026-06-30 19:03:28.926 9 INFO neutron.wsgi [req-dbea7fd4-98ac-4543-8a79-8801783cf298 req-be64d494-e5f3-4284-91f6-8358636f8310 4cb05f392a8e4253b49567a80e16c3bc 7f99b634af1d45c0a96352aea564cd51 - - bfdd529dde0f4ab7b942fd931fe7815e bfdd529dde0f4ab7b942fd931fe7815e] 199.204.45.23 "GET /v2.0/networks/88957be7-cf47-47e1-a2f6-13c639f73ba7?fields=provider%3Aphysical_network&fields=provider%3Anetwork_type HTTP/1.1" status: 200 len: 277 time: 0.0694742
2026-06-30 19:03:28.936 9 INFO neutron.wsgi [None req-511f51da-927a-4cee-8c73-d06ac8c77e83 b3533d03d004497094861d75a48245e8 8a1eeb7758414fce9d58bfdb149c25c2 - - default default] 10.0.0.54 "POST /v2.0/networks HTTP/1.1" status: 201 len: 830 time: 0.9223244
2026-06-30 19:03:28.979 10 INFO neutron.wsgi [None req-a7d29085-09ee-4c19-9c48-6876449c22a9 0a849cf52d1f4e599d060988ec3c332c efd6ea1b7a084da28a689bda3633f044 - - default default] 10.0.0.54 "DELETE /v2.0/security-groups/fe0f8b97-5de9-4beb-a5cf-74e568e30da0 HTTP/1.1" status: 204 len: 168 time: 0.4426906
2026-06-30 19:03:29.196 9 WARNING neutron.scheduler.dhcp_agent_scheduler [None req-b9047645-87a5-40db-93c3-8476dc6d612c b3533d03d004497094861d75a48245e8 8a1eeb7758414fce9d58bfdb149c25c2 - - default default] No more DHCP agents
2026-06-30 19:03:29.198 9 WARNING neutron.api.rpc.agentnotifiers.dhcp_rpc_agent_api [None req-b9047645-87a5-40db-93c3-8476dc6d612c b3533d03d004497094861d75a48245e8 8a1eeb7758414fce9d58bfdb149c25c2 - - default default] Unable to schedule network dd36de1a-4f1f-48f0-b7c7-5a1f0771b65d: no agents available; will retry on subsequent port and subnet creation events.
2026-06-30 19:03:29.708 9 INFO neutron.db.ovn_revision_numbers_db [None req-b9047645-87a5-40db-93c3-8476dc6d612c b3533d03d004497094861d75a48245e8 8a1eeb7758414fce9d58bfdb149c25c2 - - default default] Successfully bumped revision number for resource 37c355c2-7c53-4b25-8609-7de90114de2d (type: ports) to 2
2026-06-30 19:03:29.756 9 INFO neutron.db.ovn_revision_numbers_db [None req-b9047645-87a5-40db-93c3-8476dc6d612c b3533d03d004497094861d75a48245e8 8a1eeb7758414fce9d58bfdb149c25c2 - - default default] Successfully bumped revision number for resource d7ba6240-c238-4f7d-9e8b-b1af736203da (type: subnets) to 0
2026-06-30 19:03:29.776 9 INFO neutron.wsgi [None req-b9047645-87a5-40db-93c3-8476dc6d612c b3533d03d004497094861d75a48245e8 8a1eeb7758414fce9d58bfdb149c25c2 - - default default] 10.0.0.54 "POST /v2.0/subnets HTTP/1.1" status: 201 len: 804 time: 0.8348143
2026-06-30 19:03:29.841 9 INFO neutron.wsgi [None req-645d7e60-0bda-418a-8bca-ba5673aa911d b3533d03d004497094861d75a48245e8 8a1eeb7758414fce9d58bfdb149c25c2 - - default default] 10.0.0.54 "PUT /v2.0/subnets/4b1dacf9-ffff-4d92-aea6-49aa1575a2d7/tags HTTP/1.1" status: 200 len: 210 time: 0.0611701
2026-06-30 19:03:29.927 10 INFO neutron.wsgi [None req-5277875d-56b3-43da-ab23-90752d2ff7fd b3533d03d004497094861d75a48245e8 8a1eeb7758414fce9d58bfdb149c25c2 - - default default] 10.0.0.54 "PUT /v2.0/subnets/732a4f5d-7c67-402e-b07d-5ac4074528d7/tags HTTP/1.1" status: 200 len: 218 time: 0.0706244
2026-06-30 19:03:29.989 9 INFO neutron.wsgi [None req-69cac627-dc0e-4bb8-8f6e-9c2033567628 b3533d03d004497094861d75a48245e8 8a1eeb7758414fce9d58bfdb149c25c2 - - default default] 10.0.0.54 "PUT /v2.0/subnets/d05d67bd-bd40-4684-bee2-630b0d3fdde3/tags HTTP/1.1" status: 200 len: 227 time: 0.0529974
2026-06-30 19:03:30.029 10 INFO neutron.wsgi [req-346abfa1-e3ae-4f0d-915c-6e3171081adc req-de09fe7d-498a-4b9f-9526-24836c0d2135 ec29be456a5a4fbf8e0f2de818a20779 3ab6e6863a2a40b48db06ff9f87239a5 - - default default] 10.0.0.67 "GET /v2.0/ports?device_id=03425db8-5e47-4137-b84a-b64828a0d376 HTTP/1.1" status: 200 len: 1170 time: 0.1429257
2026-06-30 19:03:30.055 9 INFO neutron.wsgi [None req-53d589ff-39b5-46c3-ad17-7a2d169abd55 b3533d03d004497094861d75a48245e8 8a1eeb7758414fce9d58bfdb149c25c2 - - default default] 10.0.0.54 "PUT /v2.0/subnets/d1e172b8-b34a-4f84-8d7f-15b197f7f3b8/tags HTTP/1.1" status: 200 len: 212 time: 0.0587392
2026-06-30 19:03:30.084 10 INFO neutron.wsgi [req-346abfa1-e3ae-4f0d-915c-6e3171081adc req-8089cb18-ffb5-408f-ad97-1f3047e3648d ec29be456a5a4fbf8e0f2de818a20779 3ab6e6863a2a40b48db06ff9f87239a5 - - default default] 10.0.0.67 "GET /v2.0/security-groups?id=93e94f81-b2ce-4f63-a996-7f00bdf0b5d5&fields=id&fields=name HTTP/1.1" status: 200 len: 312 time: 0.0489042
2026-06-30 19:03:30.112 9 INFO neutron.wsgi [None req-acfc90ec-6382-492a-92f6-5fd1ed68b0f3 b3533d03d004497094861d75a48245e8 8a1eeb7758414fce9d58bfdb149c25c2 - - default default] 10.0.0.54 "GET /v2.0/subnets?tags=red HTTP/1.1" status: 200 len: 2027 time: 0.0522273
2026-06-30 19:03:30.174 9 INFO neutron.wsgi [None req-75756ee7-a9ac-4a80-9031-a179cbaf5375 b3533d03d004497094861d75a48245e8 8a1eeb7758414fce9d58bfdb149c25c2 - - default default] 10.0.0.54 "GET /v2.0/subnets?tags=red%2Cblue HTTP/1.1" status: 200 len: 1430 time: 0.0532877
2026-06-30 19:03:30.229 9 INFO neutron.wsgi [None req-4ef45e71-6e5f-48d3-a91f-36ab76834b53 b3533d03d004497094861d75a48245e8 8a1eeb7758414fce9d58bfdb149c25c2 - - default default] 10.0.0.54 "GET /v2.0/subnets?tags-any=blue HTTP/1.1" status: 200 len: 1430 time: 0.0501823
2026-06-30 19:03:30.285 9 INFO neutron.wsgi [None req-69defb6e-73dd-49b8-b261-9fcb0951c76a b3533d03d004497094861d75a48245e8 8a1eeb7758414fce9d58bfdb149c25c2 - - default default] 10.0.0.54 "GET /v2.0/subnets?tags-any=red%2Cblue HTTP/1.1" status: 200 len: 2027 time: 0.0493984
2026-06-30 19:03:30.302 10 INFO neutron.wsgi [-] 10.0.0.74 "GET / HTTP/1.1" status: 200 len: 247 time: 0.0016220
2026-06-30 19:03:30.304 10 INFO neutron.wsgi [-] 10.0.0.74 "GET / HTTP/1.1" status: 200 len: 247 time: 0.0012209
2026-06-30 19:03:30.352 9 INFO neutron.wsgi [None req-dba342e6-790e-4bd3-b7eb-6b4b5f43524f b3533d03d004497094861d75a48245e8 8a1eeb7758414fce9d58bfdb149c25c2 - - default default] 10.0.0.54 "GET /v2.0/subnets?not-tags=red HTTP/1.1" status: 200 len: 2018 time: 0.0619059
2026-06-30 19:03:30.358 10 INFO neutron.plugins.ml2.drivers.ovn.mech_driver.mech_driver [None req-927cb639-e77b-4ed0-8acd-af16ea5cce02 - - - - - -] OVN reports status down for port: 30caf57e-9aa8-460c-9a83-4f324fa6e939
2026-06-30 19:03:30.380 10 INFO neutron.wsgi [req-c89a6c9a-25a9-4365-8c0f-803a73e0f9d6 req-8d350075-9c1f-45b3-aa01-354b7d6f5ba6 ec29be456a5a4fbf8e0f2de818a20779 3ab6e6863a2a40b48db06ff9f87239a5 - - default default] 10.0.0.67 "GET /v2.0/ports?device_id=03425db8-5e47-4137-b84a-b64828a0d376 HTTP/1.1" status: 200 len: 1170 time: 0.0564127
2026-06-30 19:03:30.424 9 INFO neutron.wsgi [None req-549a07c2-c7dd-46ac-b9e3-cac883e7724e b3533d03d004497094861d75a48245e8 8a1eeb7758414fce9d58bfdb149c25c2 - - default default] 10.0.0.54 "GET /v2.0/subnets?not-tags=red%2Cblue HTTP/1.1" status: 200 len: 2615 time: 0.0642223
2026-06-30 19:03:30.441 10 INFO neutron.wsgi [req-c89a6c9a-25a9-4365-8c0f-803a73e0f9d6 req-46c5ee17-63f1-49af-bca4-3a19c8d2f1ca ec29be456a5a4fbf8e0f2de818a20779 3ab6e6863a2a40b48db06ff9f87239a5 - - default default] 10.0.0.67 "GET /v2.0/security-groups?id=93e94f81-b2ce-4f63-a996-7f00bdf0b5d5&fields=id&fields=name HTTP/1.1" status: 200 len: 312 time: 0.0440540
2026-06-30 19:03:30.516 10 INFO neutron.notifiers.nova [-] Nova event matching ['req-60b56f18-b40b-4e15-a6f4-498152137113'] response: {'server_uuid': '03425db8-5e47-4137-b84a-b64828a0d376', 'name': 'network-vif-unplugged', 'status': 'completed', 'tag': '30caf57e-9aa8-460c-9a83-4f324fa6e939', 'code': 200}
2026-06-30 19:03:30.520 9 INFO neutron.wsgi [None req-17ee464b-4d29-42f8-badf-1c705ec28f74 b3533d03d004497094861d75a48245e8 8a1eeb7758414fce9d58bfdb149c25c2 - - default default] 10.0.0.54 "GET /v2.0/subnets?not-tags-any=blue HTTP/1.1" status: 200 len: 2615 time: 0.0918028
2026-06-30 19:03:30.569 9 INFO neutron.wsgi [None req-71e1775a-2f1e-4599-9e0f-48070914ec17 b3533d03d004497094861d75a48245e8 8a1eeb7758414fce9d58bfdb149c25c2 - - default default] 10.0.0.54 "GET /v2.0/subnets?not-tags-any=red%2Cblue HTTP/1.1" status: 200 len: 2018 time: 0.0453651
2026-06-30 19:03:30.734 10 INFO neutron.db.ovn_revision_numbers_db [None req-927cb639-e77b-4ed0-8acd-af16ea5cce02 - - - - - -] Successfully bumped revision number for resource 30caf57e-9aa8-460c-9a83-4f324fa6e939 (type: ports) to 7
2026-06-30 19:03:30.775 9 INFO neutron.wsgi [req-76dcbd40-7089-4f9e-a42e-b95a34b6405b req-0c7e37dc-6dcc-4650-82a2-ad1357938e90 ec29be456a5a4fbf8e0f2de818a20779 3ab6e6863a2a40b48db06ff9f87239a5 - - default default] 199.204.45.23 "GET /v2.0/ports?device_id=03425db8-5e47-4137-b84a-b64828a0d376 HTTP/1.1" status: 200 len: 1168 time: 0.1287472
2026-06-30 19:03:30.871 9 INFO neutron.wsgi [None req-edb45a31-d952-4f2c-b8a4-15fe28c40d16 b3533d03d004497094861d75a48245e8 8a1eeb7758414fce9d58bfdb149c25c2 - - default default] 10.0.0.54 "DELETE /v2.0/subnets/4b1dacf9-ffff-4d92-aea6-49aa1575a2d7 HTTP/1.1" status: 204 len: 168 time: 0.2931168 /var/lib/openstack/lib/python3.10/site-packages/pycadf/identifier.py:71: UserWarning: Invalid uuid: neutron. To ensure interoperability, identifiers should be a valid uuid. warnings.warn(('Invalid uuid: %s. To ensure interoperability, '
2026-06-30 19:03:31.093 10 INFO neutron.wsgi [None req-c3ad9870-1fe2-44cf-8bf0-551ea0511daa b3533d03d004497094861d75a48245e8 8a1eeb7758414fce9d58bfdb149c25c2 - - default default] 10.0.0.54 "DELETE /v2.0/subnets/732a4f5d-7c67-402e-b07d-5ac4074528d7 HTTP/1.1" status: 204 len: 168 time: 0.2170422
2026-06-30 19:03:31.327 10 INFO neutron.wsgi [None req-520d85fe-0d47-4ce8-ae31-2e1e7e8aae50 b3533d03d004497094861d75a48245e8 8a1eeb7758414fce9d58bfdb149c25c2 - - default default] 10.0.0.54 "DELETE /v2.0/subnets/d05d67bd-bd40-4684-bee2-630b0d3fdde3 HTTP/1.1" status: 204 len: 168 time: 0.2286441
2026-06-30 19:03:31.337 9 INFO neutron.db.l3_db [req-76dcbd40-7089-4f9e-a42e-b95a34b6405b req-e73f2359-b73c-4856-9a7c-e46568326925 ec29be456a5a4fbf8e0f2de818a20779 3ab6e6863a2a40b48db06ff9f87239a5 - - default default] Floating IP 184476e7-0f19-4ae6-bab5-2e941ba4fdc7 disassociated. External IP: 10.96.250.218, port: 30caf57e-9aa8-460c-9a83-4f324fa6e939.
2026-06-30 19:03:31.529 9 INFO neutron.wsgi [req-76dcbd40-7089-4f9e-a42e-b95a34b6405b req-e73f2359-b73c-4856-9a7c-e46568326925 ec29be456a5a4fbf8e0f2de818a20779 3ab6e6863a2a40b48db06ff9f87239a5 - - default default] 199.204.45.23 "DELETE /v2.0/ports/30caf57e-9aa8-460c-9a83-4f324fa6e939 HTTP/1.1" status: 204 len: 173 time: 0.7478468
2026-06-30 19:03:31.541 10 INFO neutron.wsgi [req-d08c1e4f-2537-4248-b43b-c9b0532ca5d3 req-c1b4f07f-3afa-458d-a366-5ef7b6dd6efa ec29be456a5a4fbf8e0f2de818a20779 3ab6e6863a2a40b48db06ff9f87239a5 - - default default] 10.0.0.67 "GET /v2.0/ports?device_id=03425db8-5e47-4137-b84a-b64828a0d376 HTTP/1.1" status: 200 len: 210 time: 0.0344107
2026-06-30 19:03:31.566 9 INFO neutron.notifiers.nova [-] Nova event matching ['req-b09abfd8-a23b-4fae-a768-ca4aa841fc3c'] response: {'server_uuid': '03425db8-5e47-4137-b84a-b64828a0d376', 'name': 'network-vif-deleted', 'tag': '30caf57e-9aa8-460c-9a83-4f324fa6e939', 'status': 'completed', 'code': 200}
2026-06-30 19:03:31.588 10 INFO neutron.wsgi [None req-e3dcb47b-e710-41ae-be5e-1a7213b3c4d8 b3533d03d004497094861d75a48245e8 8a1eeb7758414fce9d58bfdb149c25c2 - - default default] 10.0.0.54 "DELETE /v2.0/subnets/d1e172b8-b34a-4f84-8d7f-15b197f7f3b8 HTTP/1.1" status: 204 len: 168 time: 0.2560811
2026-06-30 19:03:31.843 10 INFO neutron.wsgi [None req-261a72ee-1920-49e1-a0ab-0e652ba4550f b3533d03d004497094861d75a48245e8 8a1eeb7758414fce9d58bfdb149c25c2 - - default default] 10.0.0.54 "DELETE /v2.0/subnets/d7ba6240-c238-4f7d-9e8b-b1af736203da HTTP/1.1" status: 204 len: 168 time: 0.2506852
2026-06-30 19:03:32.212 10 INFO neutron.services.segments.plugin [-] Segment 2e73a427-c316-4d77-8c70-ff33cb74831b resource provider aggregate not found
2026-06-30 19:03:32.227 10 INFO neutron.services.segments.plugin [-] Segment 2e73a427-c316-4d77-8c70-ff33cb74831b resource provider aggregate not found
2026-06-30 19:03:32.231 10 INFO neutron.services.segments.plugin [-] Segment 2e73a427-c316-4d77-8c70-ff33cb74831b resource provider not found; error: Placement Client Error (4xx): {"errors": [{"status": 404, "title": "Not Found", "detail": "The resource could not be found.\n\n No resource provider with uuid 2e73a427-c316-4d77-8c70-ff33cb74831b found for delete ", "request_id": "req-08cebc52-62e8-44aa-9f55-23176e52eecd"}]}
2026-06-30 19:03:32.265 10 INFO neutron.wsgi [None req-7462b0e1-746f-45cc-9cc5-cc8ca9dbadb8 b3533d03d004497094861d75a48245e8 8a1eeb7758414fce9d58bfdb149c25c2 - - default default] 10.0.0.54 "DELETE /v2.0/networks/17159429-663e-49fd-9457-9ae950451f06 HTTP/1.1" status: 204 len: 168 time: 0.4164274
2026-06-30 19:03:32.294 10 INFO neutron.services.segments.plugin [-] Segment 2e73a427-c316-4d77-8c70-ff33cb74831b resource provider not found; error: Placement Client Error (4xx): {"errors": [{"status": 404, "title": "Not Found", "detail": "The resource could not be found.\n\n No resource provider with uuid 2e73a427-c316-4d77-8c70-ff33cb74831b found for delete ", "request_id": "req-e3d42ed4-a111-4c5b-817d-c30ae4211cea"}]}
2026-06-30 19:03:32.556 10 INFO neutron.notifiers.nova [-] Nova event matching ['req-1295b577-1454-44b9-9e81-065b67172547'] response: {'server_uuid': '03425db8-5e47-4137-b84a-b64828a0d376', 'name': 'network-vif-plugged', 'status': 'completed', 'tag': '30caf57e-9aa8-460c-9a83-4f324fa6e939', 'code': 200} /var/lib/openstack/lib/python3.10/site-packages/pycadf/identifier.py:71: UserWarning: Invalid uuid: neutron. To ensure interoperability, identifiers should be a valid uuid. warnings.warn(('Invalid uuid: %s. To ensure interoperability, '
2026-06-30 19:03:32.700 10 INFO neutron.wsgi [None req-d42ea85d-b4c3-4475-ade2-653e1e68a30e b3533d03d004497094861d75a48245e8 8a1eeb7758414fce9d58bfdb149c25c2 - - default default] 10.0.0.54 "DELETE /v2.0/networks/b237ec47-d202-4e46-be5c-9bb34a971e9a HTTP/1.1" status: 204 len: 168 time: 0.4307687
2026-06-30 19:03:32.779 9 INFO neutron.wsgi [None req-10ae8370-7de3-4c41-9e89-bfbf25ee3d60 ec29be456a5a4fbf8e0f2de818a20779 3ab6e6863a2a40b48db06ff9f87239a5 - - default default] 10.0.0.54 "DELETE /v2.0/security-groups/93e94f81-b2ce-4f63-a996-7f00bdf0b5d5 HTTP/1.1" status: 204 len: 168 time: 0.1543412
2026-06-30 19:03:32.798 10 INFO neutron.api.v2.resource [None req-600fd8f3-5c12-4e76-9fec-55c2459df537 ec29be456a5a4fbf8e0f2de818a20779 3ab6e6863a2a40b48db06ff9f87239a5 - - default default] show failed (client error): The resource could not be found.
2026-06-30 19:03:32.799 10 INFO neutron.wsgi [None req-600fd8f3-5c12-4e76-9fec-55c2459df537 ec29be456a5a4fbf8e0f2de818a20779 3ab6e6863a2a40b48db06ff9f87239a5 - - default default] 10.0.0.54 "GET /v2.0/security-groups/93e94f81-b2ce-4f63-a996-7f00bdf0b5d5 HTTP/1.1" status: 404 len: 347 time: 0.0130825
2026-06-30 19:03:33.038 9 INFO neutron.services.segments.plugin [-] Segment f3bbaa18-d3e2-4394-b09e-3a5c87fd62c5 resource provider aggregate not found
2026-06-30 19:03:33.054 9 INFO neutron.services.segments.plugin [-] Segment f3bbaa18-d3e2-4394-b09e-3a5c87fd62c5 resource provider aggregate not found
2026-06-30 19:03:33.060 9 INFO neutron.services.segments.plugin [-] Segment f3bbaa18-d3e2-4394-b09e-3a5c87fd62c5 resource provider not found; error: Placement Client Error (4xx): {"errors": [{"status": 404, "title": "Not Found", "detail": "The resource could not be found.\n\n No resource provider with uuid f3bbaa18-d3e2-4394-b09e-3a5c87fd62c5 found for delete ", "request_id": "req-aadeffac-7c35-4659-b22c-377e1936ce32"}]}
2026-06-30 19:03:33.077 9 INFO neutron.services.segments.plugin [-] Segment f3bbaa18-d3e2-4394-b09e-3a5c87fd62c5 resource provider not found; error: Placement Client Error (4xx): {"errors": [{"status": 404, "title": "Not Found", "detail": "The resource could not be found.\n\n No resource provider with uuid f3bbaa18-d3e2-4394-b09e-3a5c87fd62c5 found for delete ", "request_id": "req-7d6bddb3-641e-45c8-8fc8-38319c201b9b"}]}
2026-06-30 19:03:33.097 9 INFO neutron.wsgi [None req-aa76e49b-75a3-4acf-a24b-d561a1767640 b3533d03d004497094861d75a48245e8 8a1eeb7758414fce9d58bfdb149c25c2 - - default default] 10.0.0.54 "DELETE /v2.0/networks/54b9ccf7-f41c-439a-b6ac-4a20bf6cabe6 HTTP/1.1" status: 204 len: 168 time: 0.3920369
2026-06-30 19:03:33.168 10 INFO neutron.wsgi [None req-dfb62b3f-41f7-4a2a-9fe1-c1e40640adc4 ec29be456a5a4fbf8e0f2de818a20779 3ab6e6863a2a40b48db06ff9f87239a5 - - default default] 10.0.0.54 "DELETE /v2.0/floatingips/184476e7-0f19-4ae6-bab5-2e941ba4fdc7 HTTP/1.1" status: 204 len: 168 time: 0.3641717
2026-06-30 19:03:33.487 10 INFO neutron.wsgi [None req-4df5dfd8-449f-4d36-8c5c-f0629802a29e b3533d03d004497094861d75a48245e8 8a1eeb7758414fce9d58bfdb149c25c2 - - default default] 10.0.0.54 "DELETE /v2.0/networks/70568c30-12ff-4959-bb28-819b1023c844 HTTP/1.1" status: 204 len: 168 time: 0.3841295
2026-06-30 19:03:33.920 10 INFO neutron.wsgi [None req-aa0b5507-e372-48f0-8c07-ba15665f47ba b3533d03d004497094861d75a48245e8 8a1eeb7758414fce9d58bfdb149c25c2 - - default default] 10.0.0.54 "DELETE /v2.0/networks/dd36de1a-4f1f-48f0-b7c7-5a1f0771b65d HTTP/1.1" status: 204 len: 168 time: 0.4249606
2026-06-30 19:03:34.291 10 INFO neutron.services.segments.plugin [-] Segment ce0b5617-69c1-40ee-b56a-ec9769e1dbbb resource provider aggregate not found
2026-06-30 19:03:34.313 10 INFO neutron.services.segments.plugin [-] Segment ce0b5617-69c1-40ee-b56a-ec9769e1dbbb resource provider aggregate not found
2026-06-30 19:03:34.320 10 INFO neutron.services.segments.plugin [-] Segment ce0b5617-69c1-40ee-b56a-ec9769e1dbbb resource provider not found; error: Placement Client Error (4xx): {"errors": [{"status": 404, "title": "Not Found", "detail": "The resource could not be found.\n\n No resource provider with uuid ce0b5617-69c1-40ee-b56a-ec9769e1dbbb found for delete ", "request_id": "req-5f41d2b9-0f32-4a7c-9766-b77c274f70b6"}]}
2026-06-30 19:03:34.328 10 INFO neutron.services.segments.plugin [-] Segment ce0b5617-69c1-40ee-b56a-ec9769e1dbbb resource provider not found; error: Placement Client Error (4xx): {"errors": [{"status": 404, "title": "Not Found", "detail": "The resource could not be found.\n\n No resource provider with uuid ce0b5617-69c1-40ee-b56a-ec9769e1dbbb found for delete ", "request_id": "req-0484a3ee-9a36-4d9e-a89b-3edee4552d96"}]}
2026-06-30 19:03:34.337 10 INFO neutron.services.segments.plugin [-] Segment 9bacd36c-f5e5-4232-ab44-dd79b13e5266 resource provider aggregate not found
2026-06-30 19:03:34.344 9 INFO neutron.wsgi [None req-7996f35e-16a3-4001-b626-03446271f42a 0a849cf52d1f4e599d060988ec3c332c efd6ea1b7a084da28a689bda3633f044 - - default default] 10.0.0.54 "PUT /v2.0/routers/704cd14b-2477-494b-9f6c-64fdb0fbcda1/remove_router_interface HTTP/1.1" status: 200 len: 503 time: 1.1709032
2026-06-30 19:03:34.347 10 INFO neutron.services.segments.plugin [-] Segment 9bacd36c-f5e5-4232-ab44-dd79b13e5266 resource provider aggregate not found /var/lib/openstack/lib/python3.10/site-packages/pycadf/identifier.py:71: UserWarning: Invalid uuid: neutron. To ensure interoperability, identifiers should be a valid uuid. warnings.warn(('Invalid uuid: %s. To ensure interoperability, '
2026-06-30 19:03:34.356 10 INFO neutron.services.segments.plugin [-] Segment 9bacd36c-f5e5-4232-ab44-dd79b13e5266 resource provider not found; error: Placement Client Error (4xx): {"errors": [{"status": 404, "title": "Not Found", "detail": "The resource could not be found.\n\n No resource provider with uuid 9bacd36c-f5e5-4232-ab44-dd79b13e5266 found for delete ", "request_id": "req-1c6f3953-c006-4bec-b6bf-a562321e03fc"}]}
2026-06-30 19:03:34.361 10 INFO neutron.services.segments.plugin [-] Segment 9bacd36c-f5e5-4232-ab44-dd79b13e5266 resource provider not found; error: Placement Client Error (4xx): {"errors": [{"status": 404, "title": "Not Found", "detail": "The resource could not be found.\n\n No resource provider with uuid 9bacd36c-f5e5-4232-ab44-dd79b13e5266 found for delete ", "request_id": "req-8ec3a041-7386-4507-ac5b-8c7ba5a58578"}]}
2026-06-30 19:03:34.373 10 INFO neutron.services.segments.plugin [-] Segment 86b76f3d-c5d5-4129-8cdc-a724b2c25f80 resource provider aggregate not found
2026-06-30 19:03:34.379 10 INFO neutron.services.segments.plugin [-] Segment 86b76f3d-c5d5-4129-8cdc-a724b2c25f80 resource provider aggregate not found
2026-06-30 19:03:34.397 10 INFO neutron.services.segments.plugin [-] Segment 86b76f3d-c5d5-4129-8cdc-a724b2c25f80 resource provider not found; error: Placement Client Error (4xx): {"errors": [{"status": 404, "title": "Not Found", "detail": "The resource could not be found.\n\n No resource provider with uuid 86b76f3d-c5d5-4129-8cdc-a724b2c25f80 found for delete ", "request_id": "req-eb0428c4-1b78-4a7f-9715-cb56bf927be5"}]}
2026-06-30 19:03:34.398 10 INFO neutron.services.segments.plugin [-] Segment 86b76f3d-c5d5-4129-8cdc-a724b2c25f80 resource provider not found; error: Placement Client Error (4xx): {"errors": [{"status": 404, "title": "Not Found", "detail": "The resource could not be found.\n\n No resource provider with uuid 86b76f3d-c5d5-4129-8cdc-a724b2c25f80 found for delete ", "request_id": "req-6bbf976f-26d1-40bb-8ba9-5c33eafde9b1"}]}
2026-06-30 19:03:34.971 9 INFO neutron.wsgi [None req-fc560248-a697-4017-88c0-a4addbc02fca 0a849cf52d1f4e599d060988ec3c332c efd6ea1b7a084da28a689bda3633f044 - - default default] 10.0.0.54 "DELETE /v2.0/routers/704cd14b-2477-494b-9f6c-64fdb0fbcda1 HTTP/1.1" status: 204 len: 168 time: 0.6230593
2026-06-30 19:03:35.054 10 INFO neutron.db.ovn_revision_numbers_db [None req-acd2350c-3937-4947-906b-4d0b664ac40a 0a849cf52d1f4e599d060988ec3c332c efd6ea1b7a084da28a689bda3633f044 - - default default] Successfully bumped revision number for resource 06292bc2-f540-42e9-a34d-ee07f2188463 (type: security_groups) to 1
2026-06-30 19:03:35.074 10 INFO neutron.db.ovn_revision_numbers_db [None req-acd2350c-3937-4947-906b-4d0b664ac40a 0a849cf52d1f4e599d060988ec3c332c efd6ea1b7a084da28a689bda3633f044 - - default default] Successfully bumped revision number for resource 49b15089-cafb-4e0d-b170-58821b4dcd3f (type: security_group_rules) to 0
2026-06-30 19:03:35.089 10 INFO neutron.db.ovn_revision_numbers_db [None req-acd2350c-3937-4947-906b-4d0b664ac40a 0a849cf52d1f4e599d060988ec3c332c efd6ea1b7a084da28a689bda3633f044 - - default default] Successfully bumped revision number for resource 52e9deb9-27d5-4939-8032-0889d6c07b4f (type: security_group_rules) to 0
2026-06-30 19:03:35.109 10 INFO neutron.db.ovn_revision_numbers_db [None req-acd2350c-3937-4947-906b-4d0b664ac40a 0a849cf52d1f4e599d060988ec3c332c efd6ea1b7a084da28a689bda3633f044 - - default default] Successfully bumped revision number for resource dab5baa2-26de-47fa-b66a-73c9820d8a4d (type: security_group_rules) to 0
2026-06-30 19:03:35.132 10 INFO neutron.db.ovn_revision_numbers_db [None req-acd2350c-3937-4947-906b-4d0b664ac40a 0a849cf52d1f4e599d060988ec3c332c efd6ea1b7a084da28a689bda3633f044 - - default default] Successfully bumped revision number for resource dcada8bd-ea52-4e29-931d-ee1e1bf8021c (type: security_group_rules) to 0
2026-06-30 19:03:35.159 10 INFO neutron.wsgi [None req-acd2350c-3937-4947-906b-4d0b664ac40a 0a849cf52d1f4e599d060988ec3c332c efd6ea1b7a084da28a689bda3633f044 - - default default] 10.0.0.54 "GET /v2.0/security-groups?tenant_id=a0ab7e70372e47cc887b614a21433361&name=default HTTP/1.1" status: 200 len: 2996 time: 0.4090996
2026-06-30 19:03:35.200 10 INFO neutron.wsgi [None req-492b2351-046a-4db6-abe5-1cf9b721e963 0a849cf52d1f4e599d060988ec3c332c efd6ea1b7a084da28a689bda3633f044 - - default default] 10.0.0.54 "DELETE /v2.0/subnets/a0c99b8a-f9df-4b08-8cf7-8e86a34d0509 HTTP/1.1" status: 204 len: 168 time: 0.2245839
2026-06-30 19:03:35.240 9 INFO neutron.wsgi [None req-4f3e271a-5e23-44de-9b35-336187e7a797 9b0b4b19a3c84798b2397d1eb90fd0ec f09f6051f89749b0ac37cca8302c6d51 - - default default] 10.0.0.54 "GET /v2.0/subnets/bc6d4956-09fe-46f9-b3d0-630911e72e55 HTTP/1.1" status: 200 len: 846 time: 0.0413868
2026-06-30 19:03:35.469 10 INFO neutron.wsgi [None req-b45625b5-9dff-40a9-b348-a944ccdf1cb5 0a849cf52d1f4e599d060988ec3c332c efd6ea1b7a084da28a689bda3633f044 - - default default] 10.0.0.54 "DELETE /v2.0/security-groups/06292bc2-f540-42e9-a34d-ee07f2188463 HTTP/1.1" status: 204 len: 168 time: 0.3033061
2026-06-30 19:03:35.610 10 INFO neutron.wsgi [None req-2db49b4c-2e0d-4eba-87d0-f5c1d85afee0 0a849cf52d1f4e599d060988ec3c332c efd6ea1b7a084da28a689bda3633f044 - - default default] 10.0.0.54 "DELETE /v2.0/networks/88957be7-cf47-47e1-a2f6-13c639f73ba7 HTTP/1.1" status: 204 len: 168 time: 0.4037218
2026-06-30 19:03:35.690 9 INFO neutron.db.ovn_revision_numbers_db [None req-6af0d917-2846-4cf9-a68a-14ed01436563 0a849cf52d1f4e599d060988ec3c332c efd6ea1b7a084da28a689bda3633f044 - - default default] Successfully bumped revision number for resource 9fa37621-c241-428e-a9cd-79803f154186 (type: security_groups) to 1
2026-06-30 19:03:35.709 9 INFO neutron.db.ovn_revision_numbers_db [None req-6af0d917-2846-4cf9-a68a-14ed01436563 0a849cf52d1f4e599d060988ec3c332c efd6ea1b7a084da28a689bda3633f044 - - default default] Successfully bumped revision number for resource 20342e65-acb2-470b-abf2-e0288d818854 (type: security_group_rules) to 0
2026-06-30 19:03:35.729 9 INFO neutron.db.ovn_revision_numbers_db [None req-6af0d917-2846-4cf9-a68a-14ed01436563 0a849cf52d1f4e599d060988ec3c332c efd6ea1b7a084da28a689bda3633f044 - - default default] Successfully bumped revision number for resource b64c6887-24ed-4732-9b42-ce7a0913c415 (type: security_group_rules) to 0
2026-06-30 19:03:35.753 9 INFO neutron.db.ovn_revision_numbers_db [None req-6af0d917-2846-4cf9-a68a-14ed01436563 0a849cf52d1f4e599d060988ec3c332c efd6ea1b7a084da28a689bda3633f044 - - default default] Successfully bumped revision number for resource bdaf5f72-9a0d-4c8e-85ad-426f27d63089 (type: security_group_rules) to 0
2026-06-30 19:03:35.766 9 INFO neutron.db.ovn_revision_numbers_db [None req-6af0d917-2846-4cf9-a68a-14ed01436563 0a849cf52d1f4e599d060988ec3c332c efd6ea1b7a084da28a689bda3633f044 - - default default] Successfully bumped revision number for resource ee55c704-2cfb-4105-98e1-7e3f7b280708 (type: security_group_rules) to 0
2026-06-30 19:03:35.789 9 INFO neutron.wsgi [None req-6af0d917-2846-4cf9-a68a-14ed01436563 0a849cf52d1f4e599d060988ec3c332c efd6ea1b7a084da28a689bda3633f044 - - default default] 10.0.0.54 "GET /v2.0/security-groups?tenant_id=b1f339689b964d569c6b992dfbb90ad5&name=default HTTP/1.1" status: 200 len: 2996 time: 0.2196550
2026-06-30 19:03:35.808 10 INFO neutron.wsgi [None req-752cceea-23c3-4f63-9cad-6dced121bfcc 0a849cf52d1f4e599d060988ec3c332c efd6ea1b7a084da28a689bda3633f044 - - default default] 10.0.0.54 "GET /v2.0/security-groups?tenant_id=3ab6e6863a2a40b48db06ff9f87239a5&name=default HTTP/1.1" status: 200 len: 2996 time: 0.0327108
2026-06-30 19:03:35.950 9 INFO neutron.wsgi [None req-31542582-6308-476e-aa42-e3936692a1f5 0a849cf52d1f4e599d060988ec3c332c efd6ea1b7a084da28a689bda3633f044 - - default default] 10.0.0.2 "GET /v2.0/extensions/security-group HTTP/1.1" status: 200 len: 369 time: 0.2147462
2026-06-30 19:03:35.959 9 INFO neutron.wsgi [None req-7fdab2b4-30d1-4b25-91ba-7da70ec51dfe 0a849cf52d1f4e599d060988ec3c332c efd6ea1b7a084da28a689bda3633f044 - - default default] 10.0.0.2 "GET /v2.0/extensions/dns-integration HTTP/1.1" status: 200 len: 371 time: 0.0049596
2026-06-30 19:03:35.972 9 INFO neutron.wsgi [None req-7bbba6b0-b5f1-4efa-8042-a1c03c89de65 0a849cf52d1f4e599d060988ec3c332c efd6ea1b7a084da28a689bda3633f044 - - default default] 10.0.0.2 "GET /v2.0/extensions/qos HTTP/1.1" status: 200 len: 365 time: 0.0056477
2026-06-30 19:03:35.990 9 INFO neutron.wsgi [None req-058169ed-4975-463a-bb63-283d0a58be40 0a849cf52d1f4e599d060988ec3c332c efd6ea1b7a084da28a689bda3633f044 - - default default] 10.0.0.2 "GET /v2.0/extensions/allowed-address-pairs HTTP/1.1" status: 200 len: 383 time: 0.0063591
2026-06-30 19:03:35.999 9 INFO neutron.wsgi [None req-13a3a8da-1c4c-4726-ab42-1b742bd667fb 0a849cf52d1f4e599d060988ec3c332c efd6ea1b7a084da28a689bda3633f044 - - default default] 10.0.0.54 "DELETE /v2.0/security-groups/9fa37621-c241-428e-a9cd-79803f154186 HTTP/1.1" status: 204 len: 168 time: 0.2063849
2026-06-30 19:03:36.006 10 INFO neutron.wsgi [None req-c68b1bf1-fd03-4b41-8962-cdf4a1353472 0a849cf52d1f4e599d060988ec3c332c efd6ea1b7a084da28a689bda3633f044 - - default default] 10.0.0.54 "DELETE /v2.0/security-groups/688d3da6-9f4d-4061-b865-80620a2565b8 HTTP/1.1" status: 204 len: 168 time: 0.1938472
2026-06-30 19:03:36.138 10 INFO neutron.wsgi [None req-a89688c6-b573-403d-a59f-702ed2e8754c 0a849cf52d1f4e599d060988ec3c332c efd6ea1b7a084da28a689bda3633f044 - - default default] 10.0.0.54 "GET /v2.0/security-groups?tenant_id=8a1eeb7758414fce9d58bfdb149c25c2&name=default HTTP/1.1" status: 200 len: 2996 time: 0.0394077
2026-06-30 19:03:36.395 10 INFO neutron.wsgi [None req-e9ed9343-05ed-4f07-9f89-b241320400ad 0a849cf52d1f4e599d060988ec3c332c efd6ea1b7a084da28a689bda3633f044 - - default default] 10.0.0.54 "DELETE /v2.0/security-groups/7974ba77-2676-43cd-a2a8-1f478556e98d HTTP/1.1" status: 204 len: 168 time: 0.2524271
2026-06-30 19:03:36.415 10 INFO neutron.services.segments.plugin [-] Segment aa8d1e06-f478-4b61-9692-5bf37b85adbb resource provider aggregate not found
2026-06-30 19:03:36.422 10 INFO neutron.services.segments.plugin [-] Segment aa8d1e06-f478-4b61-9692-5bf37b85adbb resource provider aggregate not found
2026-06-30 19:03:36.429 10 INFO neutron.services.segments.plugin [-] Segment aa8d1e06-f478-4b61-9692-5bf37b85adbb resource provider not found; error: Placement Client Error (4xx): {"errors": [{"status": 404, "title": "Not Found", "detail": "The resource could not be found.\n\n No resource provider with uuid aa8d1e06-f478-4b61-9692-5bf37b85adbb found for delete ", "request_id": "req-4e0b09cb-19d9-4038-b4c1-333aed102ce7"}]}
2026-06-30 19:03:36.438 10 INFO neutron.services.segments.plugin [-] Segment aa8d1e06-f478-4b61-9692-5bf37b85adbb resource provider not found; error: Placement Client Error (4xx): {"errors": [{"status": 404, "title": "Not Found", "detail": "The resource could not be found.\n\n No resource provider with uuid aa8d1e06-f478-4b61-9692-5bf37b85adbb found for delete ", "request_id": "req-ad57bc30-f481-4743-a762-05475c790118"}]}
2026-06-30 19:03:36.538 10 INFO neutron.wsgi [-] 10.0.0.2 "GET / HTTP/1.1" status: 200 len: 284 time: 0.0022831
2026-06-30 19:03:36.613 9 INFO neutron.wsgi [None req-d606d2ee-affd-4766-969a-1389af19e5e8 9d6b0588b41446b6b1c8953eaffafc15 496eb3ce493345cd85e271d76a9a721b - - default default] 10.0.0.2 "GET /v2.0/subnets/bc6d4956-09fe-46f9-b3d0-630911e72e55 HTTP/1.1" status: 200 len: 833 time: 0.0678961
2026-06-30 19:03:36.627 9 INFO neutron.wsgi [None req-26126901-c28d-4b1e-b345-c3f63aaa518f 0a849cf52d1f4e599d060988ec3c332c efd6ea1b7a084da28a689bda3633f044 - - default default] 10.0.0.2 "GET /v2.0/extensions/security-group HTTP/1.1" status: 200 len: 369 time: 0.0049727
2026-06-30 19:03:36.644 9 INFO neutron.wsgi [None req-236be62d-c7a1-4de3-9e1b-be76993260f9 0a849cf52d1f4e599d060988ec3c332c efd6ea1b7a084da28a689bda3633f044 - - default default] 10.0.0.2 "GET /v2.0/extensions/dns-integration HTTP/1.1" status: 200 len: 371 time: 0.0058801
2026-06-30 19:03:36.655 9 INFO neutron.wsgi [None req-2168dee1-0e94-4b3d-bb5b-33d58c167ea5 0a849cf52d1f4e599d060988ec3c332c efd6ea1b7a084da28a689bda3633f044 - - default default] 10.0.0.2 "GET /v2.0/extensions/qos HTTP/1.1" status: 200 len: 365 time: 0.0051517
2026-06-30 19:03:36.670 9 INFO neutron.wsgi [None req-99d35583-0c20-41fe-9525-a6f0f2117d64 0a849cf52d1f4e599d060988ec3c332c efd6ea1b7a084da28a689bda3633f044 - - default default] 10.0.0.2 "GET /v2.0/extensions/allowed-address-pairs HTTP/1.1" status: 200 len: 383 time: 0.0050285
2026-06-30 19:03:36.720 9 INFO neutron.wsgi [None req-b4917e1c-0414-42c4-ad48-b468e5db9d88 0a849cf52d1f4e599d060988ec3c332c efd6ea1b7a084da28a689bda3633f044 - - default default] 10.0.0.2 "GET /v2.0/subnets/bc6d4956-09fe-46f9-b3d0-630911e72e55 HTTP/1.1" status: 200 len: 851 time: 0.0397627
2026-06-30 19:03:36.928 9 INFO neutron.wsgi [None req-11f94369-5440-4034-b114-fcadc01ef18a 0a849cf52d1f4e599d060988ec3c332c efd6ea1b7a084da28a689bda3633f044 - - default default] 10.0.0.2 "GET /v2.0/extensions/security-group HTTP/1.1" status: 200 len: 369 time: 0.0082381
2026-06-30 19:03:36.935 9 INFO neutron.wsgi [None req-fe167a4a-53da-4408-9825-5cfb70926577 0a849cf52d1f4e599d060988ec3c332c efd6ea1b7a084da28a689bda3633f044 - - default default] 10.0.0.2 "GET /v2.0/extensions/dns-integration HTTP/1.1" status: 200 len: 371 time: 0.0034692
2026-06-30 19:03:36.944 9 INFO neutron.wsgi [None req-de9eb76e-a1d0-43f3-9ba5-ca854735a4ff 0a849cf52d1f4e599d060988ec3c332c efd6ea1b7a084da28a689bda3633f044 - - default default] 10.0.0.2 "GET /v2.0/extensions/qos HTTP/1.1" status: 200 len: 365 time: 0.0042896
2026-06-30 19:03:36.960 9 INFO neutron.wsgi [None req-b9290224-3256-4bc9-838c-ac6d13493bd2 0a849cf52d1f4e599d060988ec3c332c efd6ea1b7a084da28a689bda3633f044 - - default default] 10.0.0.2 "GET /v2.0/extensions/allowed-address-pairs HTTP/1.1" status: 200 len: 383 time: 0.0079751
2026-06-30 19:03:37.035 9 INFO neutron.wsgi [None req-60e36592-cd80-412f-86cb-cf00c1068dfc 0a849cf52d1f4e599d060988ec3c332c efd6ea1b7a084da28a689bda3633f044 - - default default] 10.0.0.2 "GET /v2.0/networks/8a62d356-d960-4ed4-93ed-954ef8bcf8a1 HTTP/1.1" status: 200 len: 1001 time: 0.0641060
2026-06-30 19:03:37.056 9 INFO neutron.wsgi [None req-64beaeaf-541f-4505-ab77-f7f57b840fa5 0a849cf52d1f4e599d060988ec3c332c efd6ea1b7a084da28a689bda3633f044 - - default default] 10.0.0.2 "GET /v2.0/extensions/project-id HTTP/1.1" status: 200 len: 403 time: 0.0049386
2026-06-30 19:03:37.350 9 WARNING neutron.scheduler.dhcp_agent_scheduler [None req-482c11ff-7fc3-4989-8e56-706677f416c6 0a849cf52d1f4e599d060988ec3c332c efd6ea1b7a084da28a689bda3633f044 - - default default] No more DHCP agents
2026-06-30 19:03:37.353 9 WARNING neutron.api.rpc.agentnotifiers.dhcp_rpc_agent_api [None req-482c11ff-7fc3-4989-8e56-706677f416c6 0a849cf52d1f4e599d060988ec3c332c efd6ea1b7a084da28a689bda3633f044 - - default default] Unable to schedule network 8a62d356-d960-4ed4-93ed-954ef8bcf8a1: no agents available; will retry on subsequent port and subnet creation events.
2026-06-30 19:03:37.510 9 INFO neutron.db.ovn_revision_numbers_db [None req-482c11ff-7fc3-4989-8e56-706677f416c6 0a849cf52d1f4e599d060988ec3c332c efd6ea1b7a084da28a689bda3633f044 - - default default] Successfully bumped revision number for resource ae8b5d89-00b9-46cd-b5fb-4e5951d202ea (type: ports) to 1
2026-06-30 19:03:37.530 9 INFO neutron.wsgi [None req-482c11ff-7fc3-4989-8e56-706677f416c6 0a849cf52d1f4e599d060988ec3c332c efd6ea1b7a084da28a689bda3633f044 - - default default] 10.0.0.2 "POST /v2.0/ports HTTP/1.1" status: 201 len: 1333 time: 0.4694920
2026-06-30 19:03:38.138 10 INFO neutron.db.ovn_revision_numbers_db [None req-b4d821c3-b3a4-4561-b816-f432b40f648a 0a849cf52d1f4e599d060988ec3c332c efd6ea1b7a084da28a689bda3633f044 - - default default] Successfully bumped revision number for resource 8b98c3e3-8e13-4eab-b614-66803377a7ae (type: security_groups) to 1
2026-06-30 19:03:38.152 10 INFO neutron.db.ovn_revision_numbers_db [None req-b4d821c3-b3a4-4561-b816-f432b40f648a 0a849cf52d1f4e599d060988ec3c332c efd6ea1b7a084da28a689bda3633f044 - - default default] Successfully bumped revision number for resource 16cf7808-0440-4aa0-b138-e2aebeb996ae (type: security_group_rules) to 0
2026-06-30 19:03:38.168 10 INFO neutron.db.ovn_revision_numbers_db [None req-b4d821c3-b3a4-4561-b816-f432b40f648a 0a849cf52d1f4e599d060988ec3c332c efd6ea1b7a084da28a689bda3633f044 - - default default] Successfully bumped revision number for resource 2f529096-d9d4-4a0c-b64c-3473cf0b5844 (type: security_group_rules) to 0
2026-06-30 19:03:38.184 10 INFO neutron.db.ovn_revision_numbers_db [None req-b4d821c3-b3a4-4561-b816-f432b40f648a 0a849cf52d1f4e599d060988ec3c332c efd6ea1b7a084da28a689bda3633f044 - - default default] Successfully bumped revision number for resource 56189821-9672-49de-a408-dc2a3756e290 (type: security_group_rules) to 0
2026-06-30 19:03:38.199 10 INFO neutron.db.ovn_revision_numbers_db [None req-b4d821c3-b3a4-4561-b816-f432b40f648a 0a849cf52d1f4e599d060988ec3c332c efd6ea1b7a084da28a689bda3633f044 - - default default] Successfully bumped revision number for resource ea22a0aa-44b7-4b1c-aede-3fe81a6301f2 (type: security_group_rules) to 0
2026-06-30 19:03:38.251 10 INFO neutron.db.segments_db [None req-b4d821c3-b3a4-4561-b816-f432b40f648a 0a849cf52d1f4e599d060988ec3c332c efd6ea1b7a084da28a689bda3633f044 - - default default] Added segment 01c1ccb6-1f4b-4683-9b9e-3a4244cbd879 of type geneve for network b6fcf98f-b2c7-4681-8a49-a7cb39bcb1fb
2026-06-30 19:03:38.405 10 INFO neutron.db.ovn_revision_numbers_db [None req-b4d821c3-b3a4-4561-b816-f432b40f648a 0a849cf52d1f4e599d060988ec3c332c efd6ea1b7a084da28a689bda3633f044 - - default default] Successfully bumped revision number for resource b6fcf98f-b2c7-4681-8a49-a7cb39bcb1fb (type: networks) to 1
2026-06-30 19:03:38.768 10 WARNING neutron.scheduler.dhcp_agent_scheduler [None req-b4d821c3-b3a4-4561-b816-f432b40f648a 0a849cf52d1f4e599d060988ec3c332c efd6ea1b7a084da28a689bda3633f044 - - default default] No more DHCP agents
