2026-06-30 19:05:19.103 10 INFO neutron.wsgi [req-8f2a755f-fbff-4746-9513-aab3726a9fb0 req-42e09a9e-8ad9-4b76-a2e7-2af37c5c9e6c 4cb05f392a8e4253b49567a80e16c3bc 7f99b634af1d45c0a96352aea564cd51 - - bfdd529dde0f4ab7b942fd931fe7815e bfdd529dde0f4ab7b942fd931fe7815e] 199.204.45.23 "GET /v2.0/networks/dbcc97d2-bd53-4658-87b9-43cd69a3f0a6?fields=segments HTTP/1.1" status: 200 len: 212 time: 0.0663702
2026-06-30 19:05:19.187 10 INFO neutron.wsgi [req-8f2a755f-fbff-4746-9513-aab3726a9fb0 req-227fc987-104b-4d55-9119-631909e40345 4cb05f392a8e4253b49567a80e16c3bc 7f99b634af1d45c0a96352aea564cd51 - - bfdd529dde0f4ab7b942fd931fe7815e bfdd529dde0f4ab7b942fd931fe7815e] 199.204.45.23 "GET /v2.0/networks/dbcc97d2-bd53-4658-87b9-43cd69a3f0a6?fields=provider%3Aphysical_network&fields=provider%3Anetwork_type HTTP/1.1" status: 200 len: 277 time: 0.0761418
2026-06-30 19:05:19.258 9 INFO neutron.db.ovn_revision_numbers_db [None req-0e5114e8-2a33-4d5f-8f0f-b2d85549e4d9 fed33466a71e481b8b615e3b32e165f3 ce61e89dce5f4ef789d09c102f002bd6 - - default default] Successfully bumped revision number for resource 63b05e4b-8fdc-44cd-847f-ab3c25a88c24 (type: security_group_rules) to 0
2026-06-30 19:05:19.287 9 INFO neutron.wsgi [None req-0e5114e8-2a33-4d5f-8f0f-b2d85549e4d9 fed33466a71e481b8b615e3b32e165f3 ce61e89dce5f4ef789d09c102f002bd6 - - default default] 10.0.0.54 "POST /v2.0/security-group-rules HTTP/1.1" status: 201 len: 764 time: 0.1837323
2026-06-30 19:05:19.432 9 INFO neutron.db.ovn_revision_numbers_db [None req-b0b90a3c-e9dc-4a10-baaa-32b6b798803b fed33466a71e481b8b615e3b32e165f3 ce61e89dce5f4ef789d09c102f002bd6 - - default default] Successfully bumped revision number for resource a04d2fb6-7c68-4c33-a9ef-891d457d58ea (type: security_group_rules) to 0
2026-06-30 19:05:19.460 9 INFO neutron.wsgi [None req-b0b90a3c-e9dc-4a10-baaa-32b6b798803b fed33466a71e481b8b615e3b32e165f3 ce61e89dce5f4ef789d09c102f002bd6 - - default default] 10.0.0.54 "POST /v2.0/security-group-rules HTTP/1.1" status: 201 len: 763 time: 0.1677115
2026-06-30 19:05:19.585 9 INFO neutron.db.ovn_revision_numbers_db [None req-2c7e48aa-761f-450b-b000-0bd7cdd18595 fed33466a71e481b8b615e3b32e165f3 ce61e89dce5f4ef789d09c102f002bd6 - - default default] Successfully bumped revision number for resource 0c5ce20b-de19-4591-9896-6925bfb012ab (type: security_group_rules) to 0
2026-06-30 19:05:19.611 9 INFO neutron.wsgi [None req-2c7e48aa-761f-450b-b000-0bd7cdd18595 fed33466a71e481b8b615e3b32e165f3 ce61e89dce5f4ef789d09c102f002bd6 - - default default] 10.0.0.54 "POST /v2.0/security-group-rules HTTP/1.1" status: 201 len: 769 time: 0.1462955
2026-06-30 19:05:19.766 9 INFO neutron.db.ovn_revision_numbers_db [None req-432aff35-cce2-4a01-b5ac-f8743e50dff0 fed33466a71e481b8b615e3b32e165f3 ce61e89dce5f4ef789d09c102f002bd6 - - default default] Successfully bumped revision number for resource 30fe02c5-dcda-4c9d-a59f-9c4c66d34ecc (type: security_group_rules) to 0
2026-06-30 19:05:19.797 9 INFO neutron.wsgi [None req-432aff35-cce2-4a01-b5ac-f8743e50dff0 fed33466a71e481b8b615e3b32e165f3 ce61e89dce5f4ef789d09c102f002bd6 - - default default] 10.0.0.54 "POST /v2.0/security-group-rules HTTP/1.1" status: 201 len: 768 time: 0.1812685
2026-06-30 19:05:19.826 9 INFO neutron.db.securitygroups_db [None req-66c3d36b-8ad8-4842-92dd-8fa8eac30937 fed33466a71e481b8b615e3b32e165f3 ce61e89dce5f4ef789d09c102f002bd6 - - default default] Project ce61e89dce5f4ef789d09c102f002bd6 added a security group rule with legacy IPv6 ICMP protocol name icmp, ipv6-icmp should be used instead. It was automatically converted.
2026-06-30 19:05:19.924 9 INFO neutron.db.ovn_revision_numbers_db [None req-66c3d36b-8ad8-4842-92dd-8fa8eac30937 fed33466a71e481b8b615e3b32e165f3 ce61e89dce5f4ef789d09c102f002bd6 - - default default] Successfully bumped revision number for resource a119cc54-9e21-406f-932b-901d22d1068b (type: security_group_rules) to 0
2026-06-30 19:05:19.945 9 INFO neutron.wsgi [None req-66c3d36b-8ad8-4842-92dd-8fa8eac30937 fed33466a71e481b8b615e3b32e165f3 ce61e89dce5f4ef789d09c102f002bd6 - - default default] 10.0.0.54 "POST /v2.0/security-group-rules HTTP/1.1" status: 201 len: 774 time: 0.1436377
2026-06-30 19:05:19.972 9 INFO neutron.db.securitygroups_db [None req-64bd5afd-b097-4237-88c8-9aea731fe361 fed33466a71e481b8b615e3b32e165f3 ce61e89dce5f4ef789d09c102f002bd6 - - default default] Project ce61e89dce5f4ef789d09c102f002bd6 added a security group rule with legacy IPv6 ICMP protocol name icmp, ipv6-icmp should be used instead. It was automatically converted.
2026-06-30 19:05:20.097 9 INFO neutron.db.ovn_revision_numbers_db [None req-64bd5afd-b097-4237-88c8-9aea731fe361 fed33466a71e481b8b615e3b32e165f3 ce61e89dce5f4ef789d09c102f002bd6 - - default default] Successfully bumped revision number for resource 4d97a208-d5d4-4d28-b708-17f8da031905 (type: security_group_rules) to 0
2026-06-30 19:05:20.123 9 INFO neutron.wsgi [None req-64bd5afd-b097-4237-88c8-9aea731fe361 fed33466a71e481b8b615e3b32e165f3 ce61e89dce5f4ef789d09c102f002bd6 - - default default] 10.0.0.54 "POST /v2.0/security-group-rules HTTP/1.1" status: 201 len: 773 time: 0.1723790
2026-06-30 19:05:20.785 10 INFO neutron.wsgi [None req-28b6e27f-b1c2-4417-a9e9-7996e496bcb3 fed33466a71e481b8b615e3b32e165f3 ce61e89dce5f4ef789d09c102f002bd6 - - default default] 10.0.0.54 "GET /v2.0/networks HTTP/1.1" status: 200 len: 1492 time: 0.2660251
2026-06-30 19:05:20.939 10 INFO neutron.wsgi [req-4e000a0f-0b88-43a7-8560-1ae47958673e req-3d131a47-c04c-405f-a137-fd9d7432f82d fed33466a71e481b8b615e3b32e165f3 ce61e89dce5f4ef789d09c102f002bd6 - - default default] 10.0.0.67 "GET /v2.0/security-groups?name=tempest-secgroup-smoke-1464709433&fields=id&tenant_id=ce61e89dce5f4ef789d09c102f002bd6 HTTP/1.1" status: 200 len: 267 time: 0.0503621
2026-06-30 19:05:21.021 10 INFO neutron.wsgi [req-4e000a0f-0b88-43a7-8560-1ae47958673e req-e1f29ce1-5727-4f8a-9949-daecbf7b86ce fed33466a71e481b8b615e3b32e165f3 ce61e89dce5f4ef789d09c102f002bd6 - - default default] 10.0.0.67 "GET /v2.0/networks?id=cc29431b-92f6-4c03-89cb-6008fef4f40b HTTP/1.1" status: 200 len: 859 time: 0.0746017
2026-06-30 19:05:21.040 10 INFO neutron.wsgi [req-4e000a0f-0b88-43a7-8560-1ae47958673e req-8815323e-8554-4402-bd48-ae909106b895 fed33466a71e481b8b615e3b32e165f3 ce61e89dce5f4ef789d09c102f002bd6 - - default default] 10.0.0.67 "GET /v2.0/quotas/ce61e89dce5f4ef789d09c102f002bd6 HTTP/1.1" status: 200 len: 386 time: 0.0118906
2026-06-30 19:05:21.137 10 INFO neutron.wsgi [req-4e000a0f-0b88-43a7-8560-1ae47958673e req-5e5379b0-1e35-4416-b795-5ff2125204d9 fed33466a71e481b8b615e3b32e165f3 ce61e89dce5f4ef789d09c102f002bd6 - - default default] 10.0.0.67 "GET /v2.0/ports?tenant_id=ce61e89dce5f4ef789d09c102f002bd6&fields=id HTTP/1.1" status: 200 len: 348 time: 0.0917361
2026-06-30 19:05:21.210 10 INFO neutron.wsgi [req-4e000a0f-0b88-43a7-8560-1ae47958673e req-2e194617-b027-49e6-a237-74faf0f5e03b 4cb05f392a8e4253b49567a80e16c3bc 7f99b634af1d45c0a96352aea564cd51 - - bfdd529dde0f4ab7b942fd931fe7815e bfdd529dde0f4ab7b942fd931fe7815e] 10.0.0.67 "GET /v2.0/networks/cc29431b-92f6-4c03-89cb-6008fef4f40b?fields=segments HTTP/1.1" status: 200 len: 212 time: 0.0613246
2026-06-30 19:05:21.282 10 INFO neutron.wsgi [req-4e000a0f-0b88-43a7-8560-1ae47958673e req-8b85eb10-03a5-48c9-9b50-06ea7a7d0653 4cb05f392a8e4253b49567a80e16c3bc 7f99b634af1d45c0a96352aea564cd51 - - bfdd529dde0f4ab7b942fd931fe7815e bfdd529dde0f4ab7b942fd931fe7815e] 10.0.0.67 "GET /v2.0/networks/cc29431b-92f6-4c03-89cb-6008fef4f40b?fields=provider%3Aphysical_network&fields=provider%3Anetwork_type HTTP/1.1" status: 200 len: 277 time: 0.0638835
2026-06-30 19:05:21.418 10 INFO neutron.wsgi [req-81e44a33-3e42-476c-8b4a-3d25b603f5c0 req-c1aa67ec-28c3-4f0a-a1ed-7b6dff43c2de fed33466a71e481b8b615e3b32e165f3 ce61e89dce5f4ef789d09c102f002bd6 - - default default] 10.0.0.67 "GET /v2.0/ports?device_id=12b9a023-4575-4cf0-ada1-5eb88cb815e3 HTTP/1.1" status: 200 len: 210 time: 0.0235023
2026-06-30 19:05:22.232 10 INFO neutron.wsgi [req-4e000a0f-0b88-43a7-8560-1ae47958673e req-83a35e68-f29d-4907-bf11-8ab7923b232e fed33466a71e481b8b615e3b32e165f3 ce61e89dce5f4ef789d09c102f002bd6 - - default default] 199.204.45.23 "GET /v2.0/networks?id=cc29431b-92f6-4c03-89cb-6008fef4f40b HTTP/1.1" status: 200 len: 859 time: 0.0857651
2026-06-30 19:05:22.308 10 INFO neutron.wsgi [req-4e000a0f-0b88-43a7-8560-1ae47958673e req-82bcdfc2-47fd-4200-ac95-a8c5e4216eff fed33466a71e481b8b615e3b32e165f3 ce61e89dce5f4ef789d09c102f002bd6 - - default default] 199.204.45.23 "GET /v2.0/security-groups?fields=id&fields=name&tenant_id=ce61e89dce5f4ef789d09c102f002bd6 HTTP/1.1" status: 200 len: 473 time: 0.0671589
2026-06-30 19:05:22.528 10 INFO neutron.wsgi [req-99e95d73-5299-47a4-912d-28e96b623e1b req-c599e7f7-b194-41b8-b364-7c322356a46c fed33466a71e481b8b615e3b32e165f3 ce61e89dce5f4ef789d09c102f002bd6 - - default default] 10.0.0.67 "GET /v2.0/ports?device_id=12b9a023-4575-4cf0-ada1-5eb88cb815e3 HTTP/1.1" status: 200 len: 210 time: 0.0339477
2026-06-30 19:05:22.614 9 INFO neutron.wsgi [None req-ebd513f9-24aa-45dd-b64b-2b25f96668a0 0a849cf52d1f4e599d060988ec3c332c efd6ea1b7a084da28a689bda3633f044 - - default default] 10.0.0.155 "GET /v2.0/networks HTTP/1.1" status: 200 len: 5460 time: 0.1441050
2026-06-30 19:05:22.634 9 INFO neutron.wsgi [None req-3c041d81-f9d8-4720-af5c-0bb4fb80883c 0a849cf52d1f4e599d060988ec3c332c efd6ea1b7a084da28a689bda3633f044 - - default default] 10.0.0.155 "GET /v2.0/network-ip-availabilities HTTP/1.1" status: 200 len: 3807 time: 0.0161788
2026-06-30 19:05:22.695 9 INFO neutron.wsgi [None req-223d8f29-fb28-49dd-8a9c-c7213ec2788f 0a849cf52d1f4e599d060988ec3c332c efd6ea1b7a084da28a689bda3633f044 - - default default] 10.0.0.155 "GET /v2.0/subnets HTTP/1.1" status: 200 len: 6136 time: 0.0577762
2026-06-30 19:05:22.757 10 WARNING neutron.scheduler.dhcp_agent_scheduler [req-4e000a0f-0b88-43a7-8560-1ae47958673e req-784e1668-374d-4937-b237-2ebfabaf31ee fed33466a71e481b8b615e3b32e165f3 ce61e89dce5f4ef789d09c102f002bd6 - - default default] No more DHCP agents
2026-06-30 19:05:22.759 9 INFO neutron.wsgi [None req-92b01a54-4a6f-4075-a3de-3fe070a12b1f 0a849cf52d1f4e599d060988ec3c332c efd6ea1b7a084da28a689bda3633f044 - - default default] 10.0.0.155 "GET /v2.0/ports HTTP/1.1" status: 200 len: 30026 time: 0.0590789
2026-06-30 19:05:22.762 10 WARNING neutron.api.rpc.agentnotifiers.dhcp_rpc_agent_api [req-4e000a0f-0b88-43a7-8560-1ae47958673e req-784e1668-374d-4937-b237-2ebfabaf31ee fed33466a71e481b8b615e3b32e165f3 ce61e89dce5f4ef789d09c102f002bd6 - - default default] Unable to schedule network cc29431b-92f6-4c03-89cb-6008fef4f40b: no agents available; will retry on subsequent port and subnet creation events.
2026-06-30 19:05:22.856 9 INFO neutron.wsgi [None req-e264b171-611e-4baf-a573-bfe5038a5c53 0a849cf52d1f4e599d060988ec3c332c efd6ea1b7a084da28a689bda3633f044 - - default default] 10.0.0.155 "GET /v2.0/routers HTTP/1.1" status: 200 len: 1521 time: 0.0820098
2026-06-30 19:05:22.876 9 INFO neutron.wsgi [None req-38573a5c-3246-4e81-88a9-c7f0cdf40a63 0a849cf52d1f4e599d060988ec3c332c efd6ea1b7a084da28a689bda3633f044 - - default default] 10.0.0.155 "GET /v2.0/agents?binary=ovn-controller HTTP/1.1" status: 200 len: 591 time: 0.0186167
2026-06-30 19:05:22.959 10 INFO neutron.db.ovn_revision_numbers_db [req-4e000a0f-0b88-43a7-8560-1ae47958673e req-784e1668-374d-4937-b237-2ebfabaf31ee fed33466a71e481b8b615e3b32e165f3 ce61e89dce5f4ef789d09c102f002bd6 - - default default] Successfully bumped revision number for resource 266afcaf-798b-40d2-9053-4f55bb29d7ab (type: ports) to 1
2026-06-30 19:05:22.970 9 INFO neutron.wsgi [None req-d184495b-d030-4d99-89f2-3c719be5c12f 0a849cf52d1f4e599d060988ec3c332c efd6ea1b7a084da28a689bda3633f044 - - default default] 10.0.0.155 "GET /v2.0/security-groups HTTP/1.1" status: 200 len: 43198 time: 0.0924659
2026-06-30 19:05:22.989 10 INFO neutron.wsgi [req-4e000a0f-0b88-43a7-8560-1ae47958673e req-784e1668-374d-4937-b237-2ebfabaf31ee fed33466a71e481b8b615e3b32e165f3 ce61e89dce5f4ef789d09c102f002bd6 - - default default] 199.204.45.23 "POST /v2.0/ports HTTP/1.1" status: 201 len: 1158 time: 0.6601214 /var/lib/openstack/lib/python3.10/site-packages/pycadf/identifier.py:71: UserWarning: Invalid uuid: neutron. To ensure interoperability, identifiers should be a valid uuid. warnings.warn(('Invalid uuid: %s. To ensure interoperability, '
2026-06-30 19:05:23.026 9 INFO neutron.wsgi [None req-abc3bca9-f9fe-4f32-bfb6-dfb866326859 0a849cf52d1f4e599d060988ec3c332c efd6ea1b7a084da28a689bda3633f044 - - default default] 10.0.0.155 "GET /v2.0/floatingips HTTP/1.1" status: 200 len: 3303 time: 0.0457494
2026-06-30 19:05:23.039 9 INFO neutron.wsgi [None req-987a7e70-fa67-4db9-a801-5b3fd8611d58 0a849cf52d1f4e599d060988ec3c332c efd6ea1b7a084da28a689bda3633f044 - - default default] 10.0.0.155 "GET /v2.0/agents HTTP/1.1" status: 200 len: 997 time: 0.0108130
2026-06-30 19:05:23.080 9 INFO neutron.wsgi [None req-3d561eab-f62a-4bbf-9585-ffab89dc9d09 0a849cf52d1f4e599d060988ec3c332c efd6ea1b7a084da28a689bda3633f044 - - default default] 10.0.0.155 "GET /v2.0/subnets HTTP/1.1" status: 200 len: 6136 time: 0.0394199
2026-06-30 19:05:23.093 9 INFO neutron.wsgi [None req-832951cd-471f-49c3-bcf2-5b85aadd2191 0a849cf52d1f4e599d060988ec3c332c efd6ea1b7a084da28a689bda3633f044 - - default default] 10.0.0.155 "GET /v2.0/subnetpools HTTP/1.1" status: 200 len: 193 time: 0.0112469 /var/lib/openstack/lib/python3.10/site-packages/pycadf/identifier.py:71: UserWarning: Invalid uuid: neutron. To ensure interoperability, identifiers should be a valid uuid. warnings.warn(('Invalid uuid: %s. To ensure interoperability, '
2026-06-30 19:05:23.715 10 INFO neutron.wsgi [req-4ab12405-edfe-4861-8752-b356234a4200 req-e8c7e62b-59ec-498b-9612-1e6777b631db fed33466a71e481b8b615e3b32e165f3 ce61e89dce5f4ef789d09c102f002bd6 - - default default] 10.0.0.67 "GET /v2.0/ports?device_id=12b9a023-4575-4cf0-ada1-5eb88cb815e3 HTTP/1.1" status: 200 len: 1168 time: 0.0541499
2026-06-30 19:05:23.785 10 INFO neutron.wsgi [req-4ab12405-edfe-4861-8752-b356234a4200 req-6a6d3719-da58-402a-9bad-a2404de7bea1 fed33466a71e481b8b615e3b32e165f3 ce61e89dce5f4ef789d09c102f002bd6 - - default default] 10.0.0.67 "GET /v2.0/security-groups?id=dcb65690-057f-448e-a578-abfac31a3afc&fields=id&fields=name HTTP/1.1" status: 200 len: 313 time: 0.0591493
2026-06-30 19:05:23.849 10 INFO neutron.db.ovn_revision_numbers_db [req-4e000a0f-0b88-43a7-8560-1ae47958673e req-bef7737a-44a2-45da-97bc-937843b6ca26 4cb05f392a8e4253b49567a80e16c3bc 7f99b634af1d45c0a96352aea564cd51 - - bfdd529dde0f4ab7b942fd931fe7815e bfdd529dde0f4ab7b942fd931fe7815e] Successfully bumped revision number for resource 266afcaf-798b-40d2-9053-4f55bb29d7ab (type: ports) to 2
2026-06-30 19:05:24.065 10 INFO neutron.db.ovn_revision_numbers_db [req-4e000a0f-0b88-43a7-8560-1ae47958673e req-bef7737a-44a2-45da-97bc-937843b6ca26 4cb05f392a8e4253b49567a80e16c3bc 7f99b634af1d45c0a96352aea564cd51 - - bfdd529dde0f4ab7b942fd931fe7815e bfdd529dde0f4ab7b942fd931fe7815e] Successfully bumped revision number for resource 266afcaf-798b-40d2-9053-4f55bb29d7ab (type: ports) to 2
2026-06-30 19:05:24.085 10 INFO neutron.wsgi [req-4e000a0f-0b88-43a7-8560-1ae47958673e req-bef7737a-44a2-45da-97bc-937843b6ca26 4cb05f392a8e4253b49567a80e16c3bc 7f99b634af1d45c0a96352aea564cd51 - - bfdd529dde0f4ab7b942fd931fe7815e bfdd529dde0f4ab7b942fd931fe7815e] 199.204.45.23 "PUT /v2.0/ports/266afcaf-798b-40d2-9053-4f55bb29d7ab HTTP/1.1" status: 200 len: 1376 time: 1.0885544
2026-06-30 19:05:24.130 10 INFO neutron.notifiers.nova [-] Nova event matching ['req-3b65be4e-d8a9-4ce5-83e0-72914dc930dd'] response: {'name': 'network-changed', 'server_uuid': '12b9a023-4575-4cf0-ada1-5eb88cb815e3', 'tag': '266afcaf-798b-40d2-9053-4f55bb29d7ab', 'status': 'completed', 'code': 200} /var/lib/openstack/lib/python3.10/site-packages/pycadf/identifier.py:71: UserWarning: Invalid uuid: neutron. To ensure interoperability, identifiers should be a valid uuid. warnings.warn(('Invalid uuid: %s. To ensure interoperability, '
2026-06-30 19:05:24.176 10 INFO neutron.wsgi [req-4e000a0f-0b88-43a7-8560-1ae47958673e req-cbebb5f5-f92f-497e-bfc4-c47e4c25bf77 4cb05f392a8e4253b49567a80e16c3bc 7f99b634af1d45c0a96352aea564cd51 - - bfdd529dde0f4ab7b942fd931fe7815e bfdd529dde0f4ab7b942fd931fe7815e] 199.204.45.23 "GET /v2.0/ports?tenant_id=ce61e89dce5f4ef789d09c102f002bd6&device_id=12b9a023-4575-4cf0-ada1-5eb88cb815e3 HTTP/1.1" status: 200 len: 1407 time: 0.0428534
2026-06-30 19:05:24.203 10 INFO neutron.wsgi [req-4e000a0f-0b88-43a7-8560-1ae47958673e req-07841bf8-aece-46a3-abb2-c0421283981e 4cb05f392a8e4253b49567a80e16c3bc 7f99b634af1d45c0a96352aea564cd51 - - bfdd529dde0f4ab7b942fd931fe7815e bfdd529dde0f4ab7b942fd931fe7815e] 199.204.45.23 "GET /v2.0/floatingips?fixed_ip_address=10.100.0.7&port_id=266afcaf-798b-40d2-9053-4f55bb29d7ab HTTP/1.1" status: 200 len: 217 time: 0.0217166
2026-06-30 19:05:24.251 10 INFO neutron.wsgi [req-4e000a0f-0b88-43a7-8560-1ae47958673e req-30ba6be4-639c-46e2-b8ce-90e5918d899e 4cb05f392a8e4253b49567a80e16c3bc 7f99b634af1d45c0a96352aea564cd51 - - bfdd529dde0f4ab7b942fd931fe7815e bfdd529dde0f4ab7b942fd931fe7815e] 199.204.45.23 "GET /v2.0/subnets?id=903f7d36-d55a-4e7e-8308-c7052bf027f1 HTTP/1.1" status: 200 len: 853 time: 0.0423906
2026-06-30 19:05:24.286 10 INFO neutron.wsgi [req-4e000a0f-0b88-43a7-8560-1ae47958673e req-ac74df79-09c9-48d3-a51d-970939d293ce 4cb05f392a8e4253b49567a80e16c3bc 7f99b634af1d45c0a96352aea564cd51 - - bfdd529dde0f4ab7b942fd931fe7815e bfdd529dde0f4ab7b942fd931fe7815e] 199.204.45.23 "GET /v2.0/ports?network_id=cc29431b-92f6-4c03-89cb-6008fef4f40b&device_owner=network%3Adhcp HTTP/1.1" status: 200 len: 210 time: 0.0279863
2026-06-30 19:05:24.359 10 INFO neutron.wsgi [req-4e000a0f-0b88-43a7-8560-1ae47958673e req-6a8f3d34-dda4-41c5-b9f7-a3ded20e9e81 4cb05f392a8e4253b49567a80e16c3bc 7f99b634af1d45c0a96352aea564cd51 - - bfdd529dde0f4ab7b942fd931fe7815e bfdd529dde0f4ab7b942fd931fe7815e] 199.204.45.23 "GET /v2.0/networks/cc29431b-92f6-4c03-89cb-6008fef4f40b?fields=segments HTTP/1.1" status: 200 len: 212 time: 0.0684412
2026-06-30 19:05:24.437 10 INFO neutron.wsgi [req-4e000a0f-0b88-43a7-8560-1ae47958673e req-145cfc76-43b3-47b6-929e-1b84879bdd87 4cb05f392a8e4253b49567a80e16c3bc 7f99b634af1d45c0a96352aea564cd51 - - bfdd529dde0f4ab7b942fd931fe7815e bfdd529dde0f4ab7b942fd931fe7815e] 199.204.45.23 "GET /v2.0/networks/cc29431b-92f6-4c03-89cb-6008fef4f40b?fields=provider%3Aphysical_network&fields=provider%3Anetwork_type HTTP/1.1" status: 200 len: 277 time: 0.0714695
2026-06-30 19:05:24.529 10 INFO neutron.wsgi [req-14aa42b3-ce44-4057-8e10-cfb463bd323e req-8d62fbe0-aeb3-4269-8a84-6ff5f038f305 4cb05f392a8e4253b49567a80e16c3bc 7f99b634af1d45c0a96352aea564cd51 - - bfdd529dde0f4ab7b942fd931fe7815e bfdd529dde0f4ab7b942fd931fe7815e] 199.204.45.23 "GET /v2.0/ports?tenant_id=ce61e89dce5f4ef789d09c102f002bd6&device_id=12b9a023-4575-4cf0-ada1-5eb88cb815e3 HTTP/1.1" status: 200 len: 1407 time: 0.0513501
2026-06-30 19:05:24.630 10 INFO neutron.wsgi [req-14aa42b3-ce44-4057-8e10-cfb463bd323e req-b8b7d52c-d16a-4740-8a36-d8f4328de252 4cb05f392a8e4253b49567a80e16c3bc 7f99b634af1d45c0a96352aea564cd51 - - bfdd529dde0f4ab7b942fd931fe7815e bfdd529dde0f4ab7b942fd931fe7815e] 199.204.45.23 "GET /v2.0/networks?id=cc29431b-92f6-4c03-89cb-6008fef4f40b HTTP/1.1" status: 200 len: 957 time: 0.0937705
2026-06-30 19:05:24.658 9 INFO neutron.plugins.ml2.drivers.ovn.mech_driver.mech_driver [None req-29632e1d-96b4-4d76-964f-c7a8f6ae78a0 - - - - - -] OVN reports status up for port: 266afcaf-798b-40d2-9053-4f55bb29d7ab
2026-06-30 19:05:24.668 10 INFO neutron.wsgi [req-14aa42b3-ce44-4057-8e10-cfb463bd323e req-ecbc967b-b570-41d6-8b77-dcae187d5357 4cb05f392a8e4253b49567a80e16c3bc 7f99b634af1d45c0a96352aea564cd51 - - bfdd529dde0f4ab7b942fd931fe7815e bfdd529dde0f4ab7b942fd931fe7815e] 199.204.45.23 "GET /v2.0/floatingips?fixed_ip_address=10.100.0.7&port_id=266afcaf-798b-40d2-9053-4f55bb29d7ab HTTP/1.1" status: 200 len: 217 time: 0.0319984
2026-06-30 19:05:24.681 9 INFO neutron.plugins.ml2.plugin [None req-29632e1d-96b4-4d76-964f-c7a8f6ae78a0 - - - - - -] Attempt 1 to provision port 266afcaf-798b-40d2-9053-4f55bb29d7ab
2026-06-30 19:05:24.743 10 INFO neutron.wsgi [req-14aa42b3-ce44-4057-8e10-cfb463bd323e req-a199874f-a19e-4919-a747-9a121af2b2c2 4cb05f392a8e4253b49567a80e16c3bc 7f99b634af1d45c0a96352aea564cd51 - - bfdd529dde0f4ab7b942fd931fe7815e bfdd529dde0f4ab7b942fd931fe7815e] 199.204.45.23 "GET /v2.0/subnets?id=903f7d36-d55a-4e7e-8308-c7052bf027f1 HTTP/1.1" status: 200 len: 853 time: 0.0674000
2026-06-30 19:05:24.790 10 INFO neutron.wsgi [req-14aa42b3-ce44-4057-8e10-cfb463bd323e req-f5cc1277-e387-4600-8ea7-7c0612f7e485 4cb05f392a8e4253b49567a80e16c3bc 7f99b634af1d45c0a96352aea564cd51 - - bfdd529dde0f4ab7b942fd931fe7815e bfdd529dde0f4ab7b942fd931fe7815e] 199.204.45.23 "GET /v2.0/ports?network_id=cc29431b-92f6-4c03-89cb-6008fef4f40b&device_owner=network%3Adhcp HTTP/1.1" status: 200 len: 210 time: 0.0385251
2026-06-30 19:05:24.861 9 INFO neutron.notifiers.nova [-] Nova event matching ['req-9a6ec650-2a6b-4702-932a-449ee2c331bd'] response: {'server_uuid': '12b9a023-4575-4cf0-ada1-5eb88cb815e3', 'name': 'network-vif-plugged', 'status': 'completed', 'tag': '266afcaf-798b-40d2-9053-4f55bb29d7ab', 'code': 200}
2026-06-30 19:05:24.896 10 INFO neutron.wsgi [req-14aa42b3-ce44-4057-8e10-cfb463bd323e req-c633117f-2718-4713-b6e5-4d72f01a36f7 4cb05f392a8e4253b49567a80e16c3bc 7f99b634af1d45c0a96352aea564cd51 - - bfdd529dde0f4ab7b942fd931fe7815e bfdd529dde0f4ab7b942fd931fe7815e] 199.204.45.23 "GET /v2.0/networks/cc29431b-92f6-4c03-89cb-6008fef4f40b?fields=segments HTTP/1.1" status: 200 len: 212 time: 0.0948987
2026-06-30 19:05:24.911 10 INFO neutron.wsgi [req-a55ce7f4-8007-4a5f-9d41-bb70c7e93140 req-f97d9d0c-3292-431d-b7f3-60e96d3c6260 fed33466a71e481b8b615e3b32e165f3 ce61e89dce5f4ef789d09c102f002bd6 - - default default] 10.0.0.67 "GET /v2.0/ports?device_id=12b9a023-4575-4cf0-ada1-5eb88cb815e3 HTTP/1.1" status: 200 len: 1170 time: 0.0427210
2026-06-30 19:05:24.969 10 INFO neutron.wsgi [req-a55ce7f4-8007-4a5f-9d41-bb70c7e93140 req-9f1941b7-c368-4e35-9170-732dd690b4bb fed33466a71e481b8b615e3b32e165f3 ce61e89dce5f4ef789d09c102f002bd6 - - default default] 10.0.0.67 "GET /v2.0/security-groups?id=dcb65690-057f-448e-a578-abfac31a3afc&fields=id&fields=name HTTP/1.1" status: 200 len: 313 time: 0.0509031
2026-06-30 19:05:24.990 10 INFO neutron.wsgi [req-14aa42b3-ce44-4057-8e10-cfb463bd323e req-86e3a71a-3984-4f49-9974-17abf7a64fcb 4cb05f392a8e4253b49567a80e16c3bc 7f99b634af1d45c0a96352aea564cd51 - - bfdd529dde0f4ab7b942fd931fe7815e bfdd529dde0f4ab7b942fd931fe7815e] 199.204.45.23 "GET /v2.0/networks/cc29431b-92f6-4c03-89cb-6008fef4f40b?fields=provider%3Aphysical_network&fields=provider%3Anetwork_type HTTP/1.1" status: 200 len: 277 time: 0.0778856
2026-06-30 19:05:25.022 9 INFO neutron.db.ovn_revision_numbers_db [None req-29632e1d-96b4-4d76-964f-c7a8f6ae78a0 - - - - - -] Successfully bumped revision number for resource 266afcaf-798b-40d2-9053-4f55bb29d7ab (type: ports) to 4
2026-06-30 19:05:26.126 10 INFO neutron.wsgi [req-77c2cc7a-6310-41d0-93cf-033fba5a7a10 req-c1a193c1-a202-46b7-ba79-a1753e856661 fed33466a71e481b8b615e3b32e165f3 ce61e89dce5f4ef789d09c102f002bd6 - - default default] 10.0.0.67 "GET /v2.0/ports?device_id=12b9a023-4575-4cf0-ada1-5eb88cb815e3 HTTP/1.1" status: 200 len: 1170 time: 0.0575211
2026-06-30 19:05:26.181 10 INFO neutron.wsgi [req-77c2cc7a-6310-41d0-93cf-033fba5a7a10 req-3b21b7f9-ec5b-4b30-9dfc-28acc5502cdf fed33466a71e481b8b615e3b32e165f3 ce61e89dce5f4ef789d09c102f002bd6 - - default default] 10.0.0.67 "GET /v2.0/security-groups?id=dcb65690-057f-448e-a578-abfac31a3afc&fields=id&fields=name HTTP/1.1" status: 200 len: 313 time: 0.0483694
2026-06-30 19:05:26.341 10 INFO neutron.wsgi [req-194d1493-13b3-473b-9a2e-2dd8c588240d req-502d5dec-97a1-4c1a-b0ce-43defd042ecd fed33466a71e481b8b615e3b32e165f3 ce61e89dce5f4ef789d09c102f002bd6 - - default default] 10.0.0.67 "GET /v2.0/ports?device_id=12b9a023-4575-4cf0-ada1-5eb88cb815e3 HTTP/1.1" status: 200 len: 1170 time: 0.0971105
2026-06-30 19:05:26.389 10 INFO neutron.wsgi [req-194d1493-13b3-473b-9a2e-2dd8c588240d req-9eacc7b8-1fb9-4fd4-b634-28ab23766dbe fed33466a71e481b8b615e3b32e165f3 ce61e89dce5f4ef789d09c102f002bd6 - - default default] 10.0.0.67 "GET /v2.0/security-groups?id=dcb65690-057f-448e-a578-abfac31a3afc&fields=id&fields=name HTTP/1.1" status: 200 len: 313 time: 0.0416119 /var/lib/openstack/lib/python3.10/site-packages/pycadf/identifier.py:71: UserWarning: Invalid uuid: neutron. To ensure interoperability, identifiers should be a valid uuid. warnings.warn(('Invalid uuid: %s. To ensure interoperability, '
2026-06-30 19:05:26.450 9 INFO neutron.wsgi [None req-47b89c37-7a35-4dd0-9a52-819d82634f1e f83751660cec49cbad3af32257c81597 b23ad25ccf3c4be38d8ffce178b3359b - - default default] 10.0.0.54 "GET /v2.0/ports?device_id=12b9a023-4575-4cf0-ada1-5eb88cb815e3 HTTP/1.1" status: 200 len: 1404 time: 0.0337412
2026-06-30 19:05:26.770 9 INFO neutron.db.l3_db [None req-bb6eb181-90b3-43ae-bf5d-1522d4c237a3 fed33466a71e481b8b615e3b32e165f3 ce61e89dce5f4ef789d09c102f002bd6 - - default default] Floating IP 7add71af-1404-40a1-84a7-68a7b23c6262 associated. External IP: 10.96.250.218, port: 266afcaf-798b-40d2-9053-4f55bb29d7ab.
2026-06-30 19:05:26.931 9 INFO neutron.notifiers.nova [-] Nova event matching ['req-11425667-2b10-4d17-885b-ee8f35d2adc4'] response: {'server_uuid': '12b9a023-4575-4cf0-ada1-5eb88cb815e3', 'name': 'network-vif-plugged', 'status': 'completed', 'tag': '266afcaf-798b-40d2-9053-4f55bb29d7ab', 'code': 200}
2026-06-30 19:05:27.018 9 INFO neutron.db.ovn_revision_numbers_db [None req-bb6eb181-90b3-43ae-bf5d-1522d4c237a3 fed33466a71e481b8b615e3b32e165f3 ce61e89dce5f4ef789d09c102f002bd6 - - default default] Successfully bumped revision number for resource 7add71af-1404-40a1-84a7-68a7b23c6262 (type: floatingips) to 4
2026-06-30 19:05:27.144 9 INFO neutron.db.ovn_revision_numbers_db [None req-bb6eb181-90b3-43ae-bf5d-1522d4c237a3 fed33466a71e481b8b615e3b32e165f3 ce61e89dce5f4ef789d09c102f002bd6 - - default default] Successfully bumped revision number for resource 7add71af-1404-40a1-84a7-68a7b23c6262 (type: floatingips) to 5
2026-06-30 19:05:27.165 9 INFO neutron.wsgi [None req-bb6eb181-90b3-43ae-bf5d-1522d4c237a3 fed33466a71e481b8b615e3b32e165f3 ce61e89dce5f4ef789d09c102f002bd6 - - default default] 10.0.0.54 "PUT /v2.0/floatingips/7add71af-1404-40a1-84a7-68a7b23c6262 HTTP/1.1" status: 200 len: 1049 time: 0.7058847 /var/lib/openstack/lib/python3.10/site-packages/pycadf/identifier.py:71: UserWarning: Invalid uuid: neutron. To ensure interoperability, identifiers should be a valid uuid. warnings.warn(('Invalid uuid: %s. To ensure interoperability, '
2026-06-30 19:05:27.229 9 INFO neutron.wsgi [None req-808f755c-9350-44c2-9d9d-029d7ce354da fed33466a71e481b8b615e3b32e165f3 ce61e89dce5f4ef789d09c102f002bd6 - - default default] 10.0.0.54 "GET /v2.0/floatingips/7add71af-1404-40a1-84a7-68a7b23c6262 HTTP/1.1" status: 200 len: 1051 time: 0.0524871
2026-06-30 19:05:27.236 10 INFO neutron.wsgi [None req-10cdd777-d92d-4128-b280-095e8b60c454 0a849cf52d1f4e599d060988ec3c332c efd6ea1b7a084da28a689bda3633f044 - - default default] 199.204.45.23 "GET /v2.0/extensions/security-group HTTP/1.1" status: 200 len: 369 time: 0.0086896
2026-06-30 19:05:27.247 10 INFO neutron.wsgi [None req-40a15d8d-df2c-4f1e-b970-72b97267cc5d 0a849cf52d1f4e599d060988ec3c332c efd6ea1b7a084da28a689bda3633f044 - - default default] 199.204.45.23 "GET /v2.0/extensions/dns-integration HTTP/1.1" status: 200 len: 371 time: 0.0041883
2026-06-30 19:05:27.254 10 INFO neutron.wsgi [None req-74e7af86-7e2e-4d31-b010-36ddf23173a8 0a849cf52d1f4e599d060988ec3c332c efd6ea1b7a084da28a689bda3633f044 - - default default] 199.204.45.23 "GET /v2.0/extensions/qos HTTP/1.1" status: 200 len: 365 time: 0.0040371
2026-06-30 19:05:27.264 10 INFO neutron.wsgi [None req-8da3c291-f3a2-40b8-8fc3-34f140951aff 0a849cf52d1f4e599d060988ec3c332c efd6ea1b7a084da28a689bda3633f044 - - default default] 199.204.45.23 "GET /v2.0/extensions/allowed-address-pairs HTTP/1.1" status: 200 len: 383 time: 0.0047452
2026-06-30 19:05:27.303 10 INFO neutron.wsgi [None req-05ae9d66-227a-4798-9878-68ba7c15623e 0a849cf52d1f4e599d060988ec3c332c efd6ea1b7a084da28a689bda3633f044 - - default default] 199.204.45.23 "GET /v2.0/subnets/508b98d4-5f7f-4393-a81d-7d24aef1ee0a HTTP/1.1" status: 200 len: 848 time: 0.0329885
2026-06-30 19:05:27.345 10 INFO neutron.wsgi [None req-7c6e09db-298a-4049-95fa-a51ba65b2906 0a849cf52d1f4e599d060988ec3c332c efd6ea1b7a084da28a689bda3633f044 - - default default] 199.204.45.23 "GET /v2.0/ports?device_id=2d519328-24f2-4fef-9b4c-f10d86a56995 HTTP/1.1" status: 200 len: 5111 time: 0.0367458
2026-06-30 19:05:27.500 10 INFO neutron.wsgi [None req-3ef58729-f24a-4e52-ad79-e60a1abf7c4b 0a849cf52d1f4e599d060988ec3c332c efd6ea1b7a084da28a689bda3633f044 - - default default] 199.204.45.23 "GET /v2.0/extensions/security-group HTTP/1.1" status: 200 len: 369 time: 0.0125868
2026-06-30 19:05:27.514 10 INFO neutron.wsgi [None req-d606694d-99e1-4dc2-892c-3729958857ec 0a849cf52d1f4e599d060988ec3c332c efd6ea1b7a084da28a689bda3633f044 - - default default] 199.204.45.23 "GET /v2.0/extensions/dns-integration HTTP/1.1" status: 200 len: 371 time: 0.0084932
2026-06-30 19:05:27.524 10 INFO neutron.wsgi [None req-4fa3c413-c365-4a1b-8372-d86239300333 0a849cf52d1f4e599d060988ec3c332c efd6ea1b7a084da28a689bda3633f044 - - default default] 199.204.45.23 "GET /v2.0/extensions/qos HTTP/1.1" status: 200 len: 365 time: 0.0035806
2026-06-30 19:05:27.535 10 INFO neutron.wsgi [None req-f41831f1-5715-4286-a0e1-8e496cf4bfd1 0a849cf52d1f4e599d060988ec3c332c efd6ea1b7a084da28a689bda3633f044 - - default default] 199.204.45.23 "GET /v2.0/extensions/allowed-address-pairs HTTP/1.1" status: 200 len: 383 time: 0.0063708
2026-06-30 19:05:27.584 10 INFO neutron.wsgi [None req-f35acaa3-57ee-4d21-aa94-0bdac3e0e20b 0a849cf52d1f4e599d060988ec3c332c efd6ea1b7a084da28a689bda3633f044 - - default default] 199.204.45.23 "GET /v2.0/ports/f896307b-d4a5-443c-b729-fa3d953a7770 HTTP/1.1" status: 200 len: 1406 time: 0.0397818
2026-06-30 19:05:28.013 10 INFO neutron.db.ovn_revision_numbers_db [None req-338e70f9-a2df-4f05-a82a-1d9b031cd791 0a849cf52d1f4e599d060988ec3c332c efd6ea1b7a084da28a689bda3633f044 - - default default] Successfully bumped revision number for resource f896307b-d4a5-443c-b729-fa3d953a7770 (type: ports) to 6
2026-06-30 19:05:28.025 10 INFO neutron.wsgi [None req-338e70f9-a2df-4f05-a82a-1d9b031cd791 0a849cf52d1f4e599d060988ec3c332c efd6ea1b7a084da28a689bda3633f044 - - default default] 199.204.45.23 "PUT /v2.0/ports/f896307b-d4a5-443c-b729-fa3d953a7770 HTTP/1.1" status: 200 len: 1203 time: 0.4343128 /var/lib/openstack/lib/python3.10/site-packages/pycadf/identifier.py:71: UserWarning: Invalid uuid: neutron. To ensure interoperability, identifiers should be a valid uuid. warnings.warn(('Invalid uuid: %s. To ensure interoperability, '
2026-06-30 19:05:28.085 10 INFO neutron.notifiers.nova [-] Nova event matching ['req-09cfd1c4-cb9c-41e3-8456-5b4a3a07af5c'] response: {'name': 'network-changed', 'server_uuid': '2d519328-24f2-4fef-9b4c-f10d86a56995', 'tag': 'f896307b-d4a5-443c-b729-fa3d953a7770', 'status': 'completed', 'code': 200}
2026-06-30 19:05:28.133 10 INFO neutron.wsgi [None req-8caffe74-fe83-4063-bcb8-e3ef8995f87c 0a849cf52d1f4e599d060988ec3c332c efd6ea1b7a084da28a689bda3633f044 - - default default] 199.204.45.23 "GET /v2.0/networks/dbcc97d2-bd53-4658-87b9-43cd69a3f0a6 HTTP/1.1" status: 200 len: 998 time: 0.0968230
2026-06-30 19:05:28.169 10 INFO neutron.wsgi [req-e5d38c3d-1a25-48e9-bee2-e7292cfe0687 req-c1d249c8-bd82-4dbf-a5a0-6383320b5985 4cb05f392a8e4253b49567a80e16c3bc 7f99b634af1d45c0a96352aea564cd51 - - bfdd529dde0f4ab7b942fd931fe7815e bfdd529dde0f4ab7b942fd931fe7815e] 199.204.45.23 "GET /v2.0/ports?tenant_id=efd6ea1b7a084da28a689bda3633f044&device_id=2d519328-24f2-4fef-9b4c-f10d86a56995 HTTP/1.1" status: 200 len: 4936 time: 0.0530677
2026-06-30 19:05:28.180 10 INFO neutron.wsgi [None req-dd6fce06-5b32-4cc4-a755-79b4ee04bc24 0a849cf52d1f4e599d060988ec3c332c efd6ea1b7a084da28a689bda3633f044 - - default default] 199.204.45.23 "GET /v2.0/ports?device_id=2d519328-24f2-4fef-9b4c-f10d86a56995 HTTP/1.1" status: 200 len: 4936 time: 0.0369966
2026-06-30 19:05:28.277 10 INFO neutron.wsgi [req-e5d38c3d-1a25-48e9-bee2-e7292cfe0687 req-5603515e-2e9c-4bfa-8fd9-dbc3a3efbe7e 4cb05f392a8e4253b49567a80e16c3bc 7f99b634af1d45c0a96352aea564cd51 - - bfdd529dde0f4ab7b942fd931fe7815e bfdd529dde0f4ab7b942fd931fe7815e] 199.204.45.23 "GET /v2.0/networks?id=dbcc97d2-bd53-4658-87b9-43cd69a3f0a6 HTTP/1.1" status: 200 len: 1001 time: 0.0969138
2026-06-30 19:05:28.341 10 INFO neutron.wsgi [None req-07bcc814-ecdd-4373-b2eb-7685d7572185 0a849cf52d1f4e599d060988ec3c332c efd6ea1b7a084da28a689bda3633f044 - - default default] 199.204.45.23 "GET /v2.0/ports?device_id=2d519328-24f2-4fef-9b4c-f10d86a56995 HTTP/1.1" status: 200 len: 4936 time: 0.0581279
2026-06-30 19:05:28.373 10 INFO neutron.wsgi [req-e5d38c3d-1a25-48e9-bee2-e7292cfe0687 req-0e31b4db-3b24-4970-9ad3-d852f69e9b4c 4cb05f392a8e4253b49567a80e16c3bc 7f99b634af1d45c0a96352aea564cd51 - - bfdd529dde0f4ab7b942fd931fe7815e bfdd529dde0f4ab7b942fd931fe7815e] 199.204.45.23 "GET /v2.0/networks/dbcc97d2-bd53-4658-87b9-43cd69a3f0a6?fields=segments HTTP/1.1" status: 200 len: 212 time: 0.0823386
2026-06-30 19:05:28.450 10 INFO neutron.wsgi [req-e5d38c3d-1a25-48e9-bee2-e7292cfe0687 req-8b201bbf-8d5a-497a-8bf7-c09bbd269685 4cb05f392a8e4253b49567a80e16c3bc 7f99b634af1d45c0a96352aea564cd51 - - bfdd529dde0f4ab7b942fd931fe7815e bfdd529dde0f4ab7b942fd931fe7815e] 199.204.45.23 "GET /v2.0/networks/dbcc97d2-bd53-4658-87b9-43cd69a3f0a6?fields=provider%3Aphysical_network&fields=provider%3Anetwork_type HTTP/1.1" status: 200 len: 277 time: 0.0685809
2026-06-30 19:05:28.627 9 INFO neutron.plugins.ml2.drivers.ovn.mech_driver.mech_driver [None req-29632e1d-96b4-4d76-964f-c7a8f6ae78a0 - - - - - -] OVN reports status down for port: f896307b-d4a5-443c-b729-fa3d953a7770
2026-06-30 19:05:28.677 10 INFO neutron.wsgi [req-2fa824d2-d068-4cb0-bc2f-d7c999fc5ee3 req-65cf48b4-a185-4f15-b15b-dbab94b86a72 4cb05f392a8e4253b49567a80e16c3bc 7f99b634af1d45c0a96352aea564cd51 - - bfdd529dde0f4ab7b942fd931fe7815e bfdd529dde0f4ab7b942fd931fe7815e] 199.204.45.23 "GET /v2.0/ports/f896307b-d4a5-443c-b729-fa3d953a7770 HTTP/1.1" status: 200 len: 1231 time: 0.0413094
2026-06-30 19:05:28.907 10 INFO neutron.wsgi [req-2fa824d2-d068-4cb0-bc2f-d7c999fc5ee3 req-604045c5-1594-499a-8660-35eff8d0193e 0a849cf52d1f4e599d060988ec3c332c efd6ea1b7a084da28a689bda3633f044 - - default default] 199.204.45.23 "DELETE /v2.0/ports/f896307b-d4a5-443c-b729-fa3d953a7770 HTTP/1.1" status: 204 len: 173 time: 0.2243781
2026-06-30 19:05:28.913 9 ERROR ovsdbapp.backend.ovs_idl.command [None req-29632e1d-96b4-4d76-964f-c7a8f6ae78a0 - - - - - -] Error executing command (LspGetUpCommand): ovsdbapp.backend.ovs_idl.idlutils.RowNotFound: Cannot find Logical_Switch_Port with name=f896307b-d4a5-443c-b729-fa3d953a7770
2026-06-30 19:05:28.913 9 ERROR ovsdbapp.backend.ovs_idl.command
Traceback (most recent call last):
2026-06-30 19:05:28.913 9 ERROR ovsdbapp.backend.ovs_idl.command
File "/var/lib/openstack/lib/python3.10/site-packages/ovsdbapp/backend/ovs_idl/command.py", line 47, in execute
2026-06-30 19:05:28.913 9 ERROR ovsdbapp.backend.ovs_idl.command self.run_idl(None)
2026-06-30 19:05:28.913 9 ERROR ovsdbapp.backend.ovs_idl.command
File "/var/lib/openstack/lib/python3.10/site-packages/ovsdbapp/schema/ovn_northbound/commands.py", line 650, in run_idl
2026-06-30 19:05:28.913 9 ERROR ovsdbapp.backend.ovs_idl.command lsp = self.api.lookup('Logical_Switch_Port', self.port)
2026-06-30 19:05:28.913 9 ERROR ovsdbapp.backend.ovs_idl.command
File "/var/lib/openstack/lib/python3.10/site-packages/ovsdbapp/backend/ovs_idl/__init__.py", line 183, in lookup
2026-06-30 19:05:28.913 9 ERROR ovsdbapp.backend.ovs_idl.command return self._lookup(table, record)
2026-06-30 19:05:28.913 9 ERROR ovsdbapp.backend.ovs_idl.command
File "/var/lib/openstack/lib/python3.10/site-packages/ovsdbapp/backend/ovs_idl/__init__.py", line 234, in _lookup
2026-06-30 19:05:28.913 9 ERROR ovsdbapp.backend.ovs_idl.command row = idlutils.row_by_value(self, rl.table, rl.column, record)
2026-06-30 19:05:28.913 9 ERROR ovsdbapp.backend.ovs_idl.command
File "/var/lib/openstack/lib/python3.10/site-packages/ovsdbapp/backend/ovs_idl/idlutils.py", line 114, in row_by_value
2026-06-30 19:05:28.913 9 ERROR ovsdbapp.backend.ovs_idl.command raise RowNotFound(table=table, col=column, match=match)
2026-06-30 19:05:28.913 9 ERROR ovsdbapp.backend.ovs_idl.command ovsdbapp.backend.ovs_idl.idlutils.RowNotFound: Cannot find Logical_Switch_Port with name=f896307b-d4a5-443c-b729-fa3d953a7770
2026-06-30 19:05:28.913 9 ERROR ovsdbapp.backend.ovs_idl.command 
2026-06-30 19:05:28.914 9 ERROR ovsdbapp.event [None req-29632e1d-96b4-4d76-964f-c7a8f6ae78a0 - - - - - -] Unexpected exception in notify_loop: ovsdbapp.backend.ovs_idl.idlutils.RowNotFound: Cannot find Logical_Switch_Port with name=f896307b-d4a5-443c-b729-fa3d953a7770
2026-06-30 19:05:28.914 9 ERROR ovsdbapp.event
Traceback (most recent call last):
2026-06-30 19:05:28.914 9 ERROR ovsdbapp.event
File "/var/lib/openstack/lib/python3.10/site-packages/ovsdbapp/event.py", line 177, in notify_loop
2026-06-30 19:05:28.914 9 ERROR ovsdbapp.event match.run(event, row, updates)
2026-06-30 19:05:28.914 9 ERROR ovsdbapp.event
File "/var/lib/openstack/lib/python3.10/site-packages/neutron/plugins/ml2/drivers/ovn/mech_driver/ovsdb/ovsdb_monitor.py", line 543, in run
2026-06-30 19:05:28.914 9 ERROR ovsdbapp.event self.driver.set_port_status_down(row.name)
2026-06-30 19:05:28.914 9 ERROR ovsdbapp.event
File "/var/lib/openstack/lib/python3.10/site-packages/neutron/plugins/ml2/drivers/ovn/mech_driver/mech_driver.py", line 1231, in set_port_status_down
2026-06-30 19:05:28.914 9 ERROR ovsdbapp.event self._ovn_client.update_lsp_host_info(
2026-06-30 19:05:28.914 9 ERROR ovsdbapp.event
File "/var/lib/openstack/lib/python3.10/site-packages/neutron/plugins/ml2/drivers/ovn/mech_driver/ovsdb/ovn_client.py", line 297, in update_lsp_host_info
2026-06-30 19:05:28.914 9 ERROR ovsdbapp.event port_up = self._nb_idl.lsp_get_up(db_port.id).execute(
2026-06-30 19:05:28.914 9 ERROR ovsdbapp.event
File "/var/lib/openstack/lib/python3.10/site-packages/ovsdbapp/backend/ovs_idl/command.py", line 47, in execute
2026-06-30 19:05:28.914 9 ERROR ovsdbapp.event self.run_idl(None)
2026-06-30 19:05:28.914 9 ERROR ovsdbapp.event
File "/var/lib/openstack/lib/python3.10/site-packages/ovsdbapp/schema/ovn_northbound/commands.py", line 650, in run_idl
2026-06-30 19:05:28.914 9 ERROR ovsdbapp.event lsp = self.api.lookup('Logical_Switch_Port', self.port)
2026-06-30 19:05:28.914 9 ERROR ovsdbapp.event
File "/var/lib/openstack/lib/python3.10/site-packages/ovsdbapp/backend/ovs_idl/__init__.py", line 183, in lookup
2026-06-30 19:05:28.914 9 ERROR ovsdbapp.event return self._lookup(table, record)
2026-06-30 19:05:28.914 9 ERROR ovsdbapp.event
File "/var/lib/openstack/lib/python3.10/site-packages/ovsdbapp/backend/ovs_idl/__init__.py", line 234, in _lookup
2026-06-30 19:05:28.914 9 ERROR ovsdbapp.event row = idlutils.row_by_value(self, rl.table, rl.column, record)
2026-06-30 19:05:28.914 9 ERROR ovsdbapp.event
File "/var/lib/openstack/lib/python3.10/site-packages/ovsdbapp/backend/ovs_idl/idlutils.py", line 114, in row_by_value
2026-06-30 19:05:28.914 9 ERROR ovsdbapp.event raise RowNotFound(table=table, col=column, match=match)
2026-06-30 19:05:28.914 9 ERROR ovsdbapp.event ovsdbapp.backend.ovs_idl.idlutils.RowNotFound: Cannot find Logical_Switch_Port with name=f896307b-d4a5-443c-b729-fa3d953a7770
2026-06-30 19:05:28.914 9 ERROR ovsdbapp.event 
2026-06-30 19:05:28.983 9 INFO neutron.notifiers.nova [-] Nova event matching ['req-726f3efe-da2c-4f76-ad5d-2a6b983f7833'] response: {'name': 'network-changed', 'server_uuid': '12b9a023-4575-4cf0-ada1-5eb88cb815e3', 'tag': '266afcaf-798b-40d2-9053-4f55bb29d7ab', 'status': 'completed', 'code': 200}
2026-06-30 19:05:28.983 9 INFO neutron.notifiers.nova [-] Nova event matching ['req-726f3efe-da2c-4f76-ad5d-2a6b983f7833'] response: {'server_uuid': '2d519328-24f2-4fef-9b4c-f10d86a56995', 'name': 'network-vif-unplugged', 'status': 'completed', 'tag': 'f896307b-d4a5-443c-b729-fa3d953a7770', 'code': 200}
2026-06-30 19:05:28.984 9 INFO neutron.notifiers.nova [-] Nova event matching ['req-726f3efe-da2c-4f76-ad5d-2a6b983f7833'] response: {'server_uuid': '2d519328-24f2-4fef-9b4c-f10d86a56995', 'name': 'network-vif-plugged', 'status': 'completed', 'tag': 'f896307b-d4a5-443c-b729-fa3d953a7770', 'code': 200}
2026-06-30 19:05:29.028 10 INFO neutron.wsgi [req-2fa824d2-d068-4cb0-bc2f-d7c999fc5ee3 req-22f49aaf-6c8c-48d2-880c-69cccbf0377e 4cb05f392a8e4253b49567a80e16c3bc 7f99b634af1d45c0a96352aea564cd51 - - bfdd529dde0f4ab7b942fd931fe7815e bfdd529dde0f4ab7b942fd931fe7815e] 199.204.45.23 "GET /v2.0/ports?tenant_id=efd6ea1b7a084da28a689bda3633f044&device_id=2d519328-24f2-4fef-9b4c-f10d86a56995 HTTP/1.1" status: 200 len: 3913 time: 0.0395291
2026-06-30 19:05:29.063 9 INFO neutron.wsgi [req-f0182b68-1599-4e0f-a4c6-46f3f744f6bc req-e6c3c865-2210-4eb0-8ca3-ff930aecf86a 4cb05f392a8e4253b49567a80e16c3bc 7f99b634af1d45c0a96352aea564cd51 - - bfdd529dde0f4ab7b942fd931fe7815e bfdd529dde0f4ab7b942fd931fe7815e] 199.204.45.23 "GET /v2.0/ports?tenant_id=ce61e89dce5f4ef789d09c102f002bd6&device_id=12b9a023-4575-4cf0-ada1-5eb88cb815e3 HTTP/1.1" status: 200 len: 1409 time: 0.0551958
2026-06-30 19:05:29.102 10 INFO neutron.wsgi [req-2fa824d2-d068-4cb0-bc2f-d7c999fc5ee3 req-8707d792-83df-4545-ad0e-4f631f4e24f1 4cb05f392a8e4253b49567a80e16c3bc 7f99b634af1d45c0a96352aea564cd51 - - bfdd529dde0f4ab7b942fd931fe7815e bfdd529dde0f4ab7b942fd931fe7815e] 199.204.45.23 "GET /v2.0/networks?id=9efee5a0-0082-47d7-a17d-961ee231a411&id=8a62d356-d960-4ed4-93ed-954ef8bcf8a1&id=856baa50-de77-4fc0-b979-5f1786d91b07&id=dbcc97d2-bd53-4658-87b9-43cd69a3f0a6 HTTP/1.1" status: 200 len: 3306 time: 0.0671713
2026-06-30 19:05:29.136 10 INFO neutron.wsgi [req-2fa824d2-d068-4cb0-bc2f-d7c999fc5ee3 req-a44d098d-a162-479a-a8d5-00b08afcbe91 4cb05f392a8e4253b49567a80e16c3bc 7f99b634af1d45c0a96352aea564cd51 - - bfdd529dde0f4ab7b942fd931fe7815e bfdd529dde0f4ab7b942fd931fe7815e] 199.204.45.23 "GET /v2.0/floatingips?fixed_ip_address=172.24.3.87&port_id=f8d4399b-084d-4831-ad98-2ae442ebe0b3 HTTP/1.1" status: 200 len: 217 time: 0.0289733
2026-06-30 19:05:29.150 9 INFO neutron.wsgi [req-f0182b68-1599-4e0f-a4c6-46f3f744f6bc req-5ffe7d68-520c-4ab2-9479-2c9c36fa0d6f 4cb05f392a8e4253b49567a80e16c3bc 7f99b634af1d45c0a96352aea564cd51 - - bfdd529dde0f4ab7b942fd931fe7815e bfdd529dde0f4ab7b942fd931fe7815e] 199.204.45.23 "GET /v2.0/networks?id=cc29431b-92f6-4c03-89cb-6008fef4f40b HTTP/1.1" status: 200 len: 957 time: 0.0788386
2026-06-30 19:05:29.177 10 INFO neutron.wsgi [req-2fa824d2-d068-4cb0-bc2f-d7c999fc5ee3 req-0d1f8ad8-0a75-476a-91d3-dedf913add81 4cb05f392a8e4253b49567a80e16c3bc 7f99b634af1d45c0a96352aea564cd51 - - bfdd529dde0f4ab7b942fd931fe7815e bfdd529dde0f4ab7b942fd931fe7815e] 199.204.45.23 "GET /v2.0/subnets?id=27c86ef6-515a-4fc0-a87d-6358942557ba HTTP/1.1" status: 200 len: 829 time: 0.0321558
2026-06-30 19:05:29.195 9 INFO neutron.wsgi [req-f0182b68-1599-4e0f-a4c6-46f3f744f6bc req-2a667a41-41dd-484d-ba72-75a807b6ee99 4cb05f392a8e4253b49567a80e16c3bc 7f99b634af1d45c0a96352aea564cd51 - - bfdd529dde0f4ab7b942fd931fe7815e bfdd529dde0f4ab7b942fd931fe7815e] 199.204.45.23 "GET /v2.0/floatingips?fixed_ip_address=10.100.0.7&port_id=266afcaf-798b-40d2-9053-4f55bb29d7ab HTTP/1.1" status: 200 len: 1059 time: 0.0408187
2026-06-30 19:05:29.199 10 INFO neutron.wsgi [req-2fa824d2-d068-4cb0-bc2f-d7c999fc5ee3 req-7362ab20-df15-493a-849d-3796c666f8b9 4cb05f392a8e4253b49567a80e16c3bc 7f99b634af1d45c0a96352aea564cd51 - - bfdd529dde0f4ab7b942fd931fe7815e bfdd529dde0f4ab7b942fd931fe7815e] 199.204.45.23 "GET /v2.0/ports?network_id=9efee5a0-0082-47d7-a17d-961ee231a411&device_owner=network%3Adhcp HTTP/1.1" status: 200 len: 210 time: 0.0178468
2026-06-30 19:05:29.253 9 INFO neutron.wsgi [req-f0182b68-1599-4e0f-a4c6-46f3f744f6bc req-4365bce9-bebf-4856-aaaf-268673cc3d6a 4cb05f392a8e4253b49567a80e16c3bc 7f99b634af1d45c0a96352aea564cd51 - - bfdd529dde0f4ab7b942fd931fe7815e bfdd529dde0f4ab7b942fd931fe7815e] 199.204.45.23 "GET /v2.0/subnets?id=903f7d36-d55a-4e7e-8308-c7052bf027f1 HTTP/1.1" status: 200 len: 853 time: 0.0460749
2026-06-30 19:05:29.266 10 INFO neutron.wsgi [req-2fa824d2-d068-4cb0-bc2f-d7c999fc5ee3 req-71f20364-ec97-4932-8a28-8924147ce6ce 4cb05f392a8e4253b49567a80e16c3bc 7f99b634af1d45c0a96352aea564cd51 - - bfdd529dde0f4ab7b942fd931fe7815e bfdd529dde0f4ab7b942fd931fe7815e] 199.204.45.23 "GET /v2.0/networks/9efee5a0-0082-47d7-a17d-961ee231a411?fields=segments HTTP/1.1" status: 200 len: 212 time: 0.0591404
2026-06-30 19:05:29.333 10 INFO neutron.wsgi [req-2fa824d2-d068-4cb0-bc2f-d7c999fc5ee3 req-8f2f1594-737f-4f7e-8c73-37f4f52049a3 4cb05f392a8e4253b49567a80e16c3bc 7f99b634af1d45c0a96352aea564cd51 - - bfdd529dde0f4ab7b942fd931fe7815e bfdd529dde0f4ab7b942fd931fe7815e] 199.204.45.23 "GET /v2.0/networks/9efee5a0-0082-47d7-a17d-961ee231a411?fields=provider%3Aphysical_network&fields=provider%3Anetwork_type HTTP/1.1" status: 200 len: 277 time: 0.0624251
2026-06-30 19:05:29.365 10 INFO neutron.wsgi [req-2fa824d2-d068-4cb0-bc2f-d7c999fc5ee3 req-e2fe947a-30b8-462e-a33b-c886586da044 4cb05f392a8e4253b49567a80e16c3bc 7f99b634af1d45c0a96352aea564cd51 - - bfdd529dde0f4ab7b942fd931fe7815e bfdd529dde0f4ab7b942fd931fe7815e] 199.204.45.23 "GET /v2.0/floatingips?fixed_ip_address=10.1.1.44&port_id=9674ed79-c5f8-47ac-87f2-0da677edbd4f HTTP/1.1" status: 200 len: 217 time: 0.0252280
2026-06-30 19:05:29.419 10 INFO neutron.wsgi [None req-d8c34d40-2560-4d1c-8ddc-3dc914b4f7c3 0a849cf52d1f4e599d060988ec3c332c efd6ea1b7a084da28a689bda3633f044 - - default default] 199.204.45.23 "GET /v2.0/ports?device_id=2d519328-24f2-4fef-9b4c-f10d86a56995 HTTP/1.1" status: 200 len: 3913 time: 0.0710118
2026-06-30 19:05:29.432 10 INFO neutron.wsgi [req-2fa824d2-d068-4cb0-bc2f-d7c999fc5ee3 req-857dccbf-ff96-42a5-925d-faa70db7f227 4cb05f392a8e4253b49567a80e16c3bc 7f99b634af1d45c0a96352aea564cd51 - - bfdd529dde0f4ab7b942fd931fe7815e bfdd529dde0f4ab7b942fd931fe7815e] 199.204.45.23 "GET /v2.0/subnets?id=bc6d4956-09fe-46f9-b3d0-630911e72e55 HTTP/1.1" status: 200 len: 854 time: 0.0615101
2026-06-30 19:05:29.448 10 INFO neutron.pecan_wsgi.hooks.translation [None req-ea227b8f-d6aa-410a-97af-c189b2ad66fb 0a849cf52d1f4e599d060988ec3c332c efd6ea1b7a084da28a689bda3633f044 - - default default] DELETE failed (client error): The resource could not be found.
2026-06-30 19:05:29.450 10 INFO neutron.wsgi [None req-ea227b8f-d6aa-410a-97af-c189b2ad66fb 0a849cf52d1f4e599d060988ec3c332c efd6ea1b7a084da28a689bda3633f044 - - default default] 199.204.45.23 "DELETE /v2.0/ports/f896307b-d4a5-443c-b729-fa3d953a7770 HTTP/1.1" status: 404 len: 338 time: 0.0241494
2026-06-30 19:05:29.469 10 INFO neutron.wsgi [req-2fa824d2-d068-4cb0-bc2f-d7c999fc5ee3 req-9af2d71f-179e-4240-9537-f9365554d882 4cb05f392a8e4253b49567a80e16c3bc 7f99b634af1d45c0a96352aea564cd51 - - bfdd529dde0f4ab7b942fd931fe7815e bfdd529dde0f4ab7b942fd931fe7815e] 199.204.45.23 "GET /v2.0/ports?network_id=8a62d356-d960-4ed4-93ed-954ef8bcf8a1&device_owner=network%3Adhcp HTTP/1.1" status: 200 len: 210 time: 0.0285261
2026-06-30 19:05:29.528 10 INFO neutron.wsgi [None req-0dce2954-00f7-4090-b80a-b72b11ec3636 0a849cf52d1f4e599d060988ec3c332c efd6ea1b7a084da28a689bda3633f044 - - default default] 199.204.45.23 "GET /v2.0/extensions/security-group HTTP/1.1" status: 200 len: 369 time: 0.0054281
2026-06-30 19:05:29.534 10 INFO neutron.wsgi [req-2fa824d2-d068-4cb0-bc2f-d7c999fc5ee3 req-1fa63aa3-0754-4b8a-8a92-7c9ab2deb89c 4cb05f392a8e4253b49567a80e16c3bc 7f99b634af1d45c0a96352aea564cd51 - - bfdd529dde0f4ab7b942fd931fe7815e bfdd529dde0f4ab7b942fd931fe7815e] 199.204.45.23 "GET /v2.0/networks/8a62d356-d960-4ed4-93ed-954ef8bcf8a1?fields=segments HTTP/1.1" status: 200 len: 212 time: 0.0605133
2026-06-30 19:05:29.537 10 INFO neutron.wsgi [None req-ad80e43a-f658-43ed-8868-a02f6fb2053d 0a849cf52d1f4e599d060988ec3c332c efd6ea1b7a084da28a689bda3633f044 - - default default] 199.204.45.23 "GET /v2.0/extensions/dns-integration HTTP/1.1" status: 200 len: 371 time: 0.0053132
2026-06-30 19:05:29.545 10 INFO neutron.wsgi [None req-824bd522-f8bc-49a3-a369-b03faffab58b 0a849cf52d1f4e599d060988ec3c332c efd6ea1b7a084da28a689bda3633f044 - - default default] 199.204.45.23 "GET /v2.0/extensions/qos HTTP/1.1" status: 200 len: 365 time: 0.0040925
2026-06-30 19:05:29.550 9 INFO neutron.wsgi [req-f0182b68-1599-4e0f-a4c6-46f3f744f6bc req-4d89b54c-ae19-4631-8526-df237e6f8d89 4cb05f392a8e4253b49567a80e16c3bc 7f99b634af1d45c0a96352aea564cd51 - - bfdd529dde0f4ab7b942fd931fe7815e bfdd529dde0f4ab7b942fd931fe7815e] 199.204.45.23 "GET /v2.0/ports?network_id=cc29431b-92f6-4c03-89cb-6008fef4f40b&device_owner=network%3Adhcp HTTP/1.1" status: 200 len: 210 time: 0.2892518
2026-06-30 19:05:29.560 10 INFO neutron.wsgi [None req-4a0ca77b-5cb5-421d-8743-12ee4277f70b 0a849cf52d1f4e599d060988ec3c332c efd6ea1b7a084da28a689bda3633f044 - - default default] 199.204.45.23 "GET /v2.0/extensions/allowed-address-pairs HTTP/1.1" status: 200 len: 383 time: 0.0065293
2026-06-30 19:05:29.617 10 INFO neutron.wsgi [None req-d0f64e31-c3cc-475b-8042-6bb589a7291c 0a849cf52d1f4e599d060988ec3c332c efd6ea1b7a084da28a689bda3633f044 - - default default] 199.204.45.23 "GET /v2.0/subnets/bc6d4956-09fe-46f9-b3d0-630911e72e55 HTTP/1.1" status: 200 len: 851 time: 0.0507929
