2026-06-30 19:03:14.568 10 INFO neutron.db.ovn_revision_numbers_db [None req-927cb639-e77b-4ed0-8acd-af16ea5cce02 - - - - - -] Successfully bumped revision number for resource 30caf57e-9aa8-460c-9a83-4f324fa6e939 (type: ports) to 5
2026-06-30 19:03:14.573 10 INFO neutron.services.segments.plugin [-] Segment 8c15e9fb-c800-4dbf-b3e0-7b350228faa0 resource provider aggregate not found
2026-06-30 19:03:14.579 10 INFO neutron.services.segments.plugin [-] Segment 8c15e9fb-c800-4dbf-b3e0-7b350228faa0 resource provider aggregate not found
2026-06-30 19:03:14.581 9 INFO neutron.db.ovn_revision_numbers_db [None req-873d48ea-7a75-4365-9330-5a4abafd5f97 f901d26a4f8643819410f7da277406e5 383f5b73286b4b519290d172f1a92de0 - - default default] Successfully bumped revision number for resource 47cf179d-3437-4d8a-8acc-8c77393b04f6 (type: security_group_rules) to 0
2026-06-30 19:03:14.603 10 INFO neutron.services.segments.plugin [-] Segment 8c15e9fb-c800-4dbf-b3e0-7b350228faa0 resource provider not found; error: Placement Client Error (4xx): {"errors": [{"status": 404, "title": "Not Found", "detail": "The resource could not be found.\n\n No resource provider with uuid 8c15e9fb-c800-4dbf-b3e0-7b350228faa0 found for delete ", "request_id": "req-3b4a508e-18cf-4c13-8dee-59d2f6ad6d0c"}]}
2026-06-30 19:03:14.604 10 INFO neutron.services.segments.plugin [-] Segment 8c15e9fb-c800-4dbf-b3e0-7b350228faa0 resource provider not found; error: Placement Client Error (4xx): {"errors": [{"status": 404, "title": "Not Found", "detail": "The resource could not be found.\n\n No resource provider with uuid 8c15e9fb-c800-4dbf-b3e0-7b350228faa0 found for delete ", "request_id": "req-4d52f99b-ae47-4b50-a1bf-561fe27c1b53"}]}
2026-06-30 19:03:14.605 9 INFO neutron.db.ovn_revision_numbers_db [None req-873d48ea-7a75-4365-9330-5a4abafd5f97 f901d26a4f8643819410f7da277406e5 383f5b73286b4b519290d172f1a92de0 - - default default] Successfully bumped revision number for resource 783ac03f-680b-48a6-8980-435324fa0c7f (type: security_group_rules) to 0
2026-06-30 19:03:14.610 9 INFO neutron.wsgi [req-3904a3fe-7c95-4583-8cbd-6c711c5bc53d req-19ee78d6-57d6-4122-9c09-716b6a9de12e 4cb05f392a8e4253b49567a80e16c3bc 7f99b634af1d45c0a96352aea564cd51 - - bfdd529dde0f4ab7b942fd931fe7815e bfdd529dde0f4ab7b942fd931fe7815e] 199.204.45.23 "GET /v2.0/subnets?id=fe272a81-b446-46a5-9c2c-5016f7752ebf&id=b47af571-8861-4715-95b3-64fa79651b51 HTTP/1.1" status: 200 len: 1566 time: 0.0473559
2026-06-30 19:03:14.611 10 WARNING neutron.plugins.ml2.drivers.ovn.mech_driver.ovsdb.ovn_client [None req-927cb639-e77b-4ed0-8acd-af16ea5cce02 - - - - - -] Logical_Switch_Port %s host information not removed, the port state is up
2026-06-30 19:03:14.611 10 INFO neutron.plugins.ml2.drivers.ovn.mech_driver.mech_driver [None req-927cb639-e77b-4ed0-8acd-af16ea5cce02 - - - - - -] OVN reports status up for port: 30caf57e-9aa8-460c-9a83-4f324fa6e939
2026-06-30 19:03:14.639 9 INFO neutron.wsgi [req-3904a3fe-7c95-4583-8cbd-6c711c5bc53d req-5f08b0b0-dada-401e-850e-88984662a9c6 4cb05f392a8e4253b49567a80e16c3bc 7f99b634af1d45c0a96352aea564cd51 - - bfdd529dde0f4ab7b942fd931fe7815e bfdd529dde0f4ab7b942fd931fe7815e] 199.204.45.23 "GET /v2.0/ports?network_id=dbcc97d2-bd53-4658-87b9-43cd69a3f0a6&device_owner=network%3Adhcp HTTP/1.1" status: 200 len: 210 time: 0.0224116
2026-06-30 19:03:14.640 10 INFO neutron.plugins.ml2.plugin [None req-927cb639-e77b-4ed0-8acd-af16ea5cce02 - - - - - -] Attempt 1 to provision port 30caf57e-9aa8-460c-9a83-4f324fa6e939
2026-06-30 19:03:14.658 9 INFO neutron.db.ovn_revision_numbers_db [None req-873d48ea-7a75-4365-9330-5a4abafd5f97 f901d26a4f8643819410f7da277406e5 383f5b73286b4b519290d172f1a92de0 - - default default] Successfully bumped revision number for resource 9df8bf06-e31e-4bb7-ac86-9ea5d13f0a54 (type: security_group_rules) to 0
2026-06-30 19:03:14.679 9 INFO neutron.wsgi [req-3904a3fe-7c95-4583-8cbd-6c711c5bc53d req-ad59607d-33a1-42c5-8c87-e99d77e6015d 4cb05f392a8e4253b49567a80e16c3bc 7f99b634af1d45c0a96352aea564cd51 - - bfdd529dde0f4ab7b942fd931fe7815e bfdd529dde0f4ab7b942fd931fe7815e] 199.204.45.23 "GET /v2.0/ports?network_id=dbcc97d2-bd53-4658-87b9-43cd69a3f0a6&device_owner=network%3Adhcp HTTP/1.1" status: 200 len: 210 time: 0.0341074
2026-06-30 19:03:14.695 9 INFO neutron.db.ovn_revision_numbers_db [None req-873d48ea-7a75-4365-9330-5a4abafd5f97 f901d26a4f8643819410f7da277406e5 383f5b73286b4b519290d172f1a92de0 - - default default] Successfully bumped revision number for resource a84ea0c4-5072-4f61-8e97-aca4a46007c3 (type: security_group_rules) to 0
2026-06-30 19:03:14.809 9 INFO neutron.wsgi [req-3904a3fe-7c95-4583-8cbd-6c711c5bc53d req-e52f318a-5061-4501-91c7-6e38b89a75ad 4cb05f392a8e4253b49567a80e16c3bc 7f99b634af1d45c0a96352aea564cd51 - - bfdd529dde0f4ab7b942fd931fe7815e bfdd529dde0f4ab7b942fd931fe7815e] 199.204.45.23 "GET /v2.0/networks/dbcc97d2-bd53-4658-87b9-43cd69a3f0a6?fields=segments HTTP/1.1" status: 200 len: 212 time: 0.1227150
2026-06-30 19:03:14.830 9 INFO neutron.wsgi [req-2dab473a-d92a-4966-9cda-ccff76466e0b req-6a2e0fb8-1fbc-46cd-bda2-8066da3b0a04 4cb05f392a8e4253b49567a80e16c3bc 7f99b634af1d45c0a96352aea564cd51 - - bfdd529dde0f4ab7b942fd931fe7815e bfdd529dde0f4ab7b942fd931fe7815e] 10.0.0.132 "GET /v2.0/ports?device_id=9600ef53-cfe6-4afa-906f-3afb801d7caa HTTP/1.1" status: 200 len: 1638 time: 0.0654430
2026-06-30 19:03:14.887 9 INFO neutron.db.ovn_revision_numbers_db [None req-873d48ea-7a75-4365-9330-5a4abafd5f97 f901d26a4f8643819410f7da277406e5 383f5b73286b4b519290d172f1a92de0 - - default default] Successfully bumped revision number for resource 02fce689-8c83-4592-8e48-94f0782fa954 (type: security_groups) to 1
2026-06-30 19:03:14.926 9 INFO neutron.db.ovn_revision_numbers_db [None req-873d48ea-7a75-4365-9330-5a4abafd5f97 f901d26a4f8643819410f7da277406e5 383f5b73286b4b519290d172f1a92de0 - - default default] Successfully bumped revision number for resource 481e62b8-94b8-417e-9a03-ce7a27b4be89 (type: security_group_rules) to 0
2026-06-30 19:03:14.935 9 INFO neutron.wsgi [req-3904a3fe-7c95-4583-8cbd-6c711c5bc53d req-ae1fe612-0514-43de-a40a-9c0f77a80e76 4cb05f392a8e4253b49567a80e16c3bc 7f99b634af1d45c0a96352aea564cd51 - - bfdd529dde0f4ab7b942fd931fe7815e bfdd529dde0f4ab7b942fd931fe7815e] 199.204.45.23 "GET /v2.0/networks/dbcc97d2-bd53-4658-87b9-43cd69a3f0a6?fields=provider%3Aphysical_network&fields=provider%3Anetwork_type HTTP/1.1" status: 200 len: 277 time: 0.1118412
2026-06-30 19:03:14.941 9 INFO neutron.wsgi [req-2dab473a-d92a-4966-9cda-ccff76466e0b req-8bdd4171-ab8e-434b-be9c-30c40a120261 4cb05f392a8e4253b49567a80e16c3bc 7f99b634af1d45c0a96352aea564cd51 - - bfdd529dde0f4ab7b942fd931fe7815e bfdd529dde0f4ab7b942fd931fe7815e] 10.0.0.132 "GET /v2.0/security-groups?id=60697c2e-87cf-483e-a1bc-2d9f66dad185&fields=id&fields=name HTTP/1.1" status: 200 len: 310 time: 0.1017678
2026-06-30 19:03:14.941 10 INFO neutron.db.ovn_revision_numbers_db [None req-927cb639-e77b-4ed0-8acd-af16ea5cce02 - - - - - -] Successfully bumped revision number for resource 30caf57e-9aa8-460c-9a83-4f324fa6e939 (type: ports) to 6
2026-06-30 19:03:14.952 9 INFO neutron.db.ovn_revision_numbers_db [None req-873d48ea-7a75-4365-9330-5a4abafd5f97 f901d26a4f8643819410f7da277406e5 383f5b73286b4b519290d172f1a92de0 - - default default] Successfully bumped revision number for resource d4a5580f-a3e6-4c7e-9d5f-6267446ad26f (type: security_group_rules) to 0
2026-06-30 19:03:14.975 9 INFO neutron.wsgi [None req-873d48ea-7a75-4365-9330-5a4abafd5f97 f901d26a4f8643819410f7da277406e5 383f5b73286b4b519290d172f1a92de0 - - default default] 10.0.0.54 "POST /v2.0/security-groups HTTP/1.1" status: 201 len: 1761 time: 0.8831215
2026-06-30 19:03:15.038 9 INFO neutron.wsgi [None req-d04f89ba-898b-45c8-8538-e7c408f9eed1 f901d26a4f8643819410f7da277406e5 383f5b73286b4b519290d172f1a92de0 - - default default] 10.0.0.54 "GET /v2.0/security-groups HTTP/1.1" status: 200 len: 4539 time: 0.0516996
2026-06-30 19:03:15.093 9 INFO neutron.db.ovn_revision_numbers_db [None req-29632e1d-96b4-4d76-964f-c7a8f6ae78a0 - - - - - -] Successfully bumped revision number for resource 6a7d4b33-213e-416e-8ec2-9aa5ece5f1ab (type: ports) to 4
2026-06-30 19:03:15.158 9 INFO neutron.db.ovn_revision_numbers_db [None req-7306e969-095c-4bb0-b7cf-4d689447b168 f901d26a4f8643819410f7da277406e5 383f5b73286b4b519290d172f1a92de0 - - default default] Successfully bumped revision number for resource 02fce689-8c83-4592-8e48-94f0782fa954 (type: security_groups) to 2
2026-06-30 19:03:15.162 9 INFO neutron.wsgi [None req-7306e969-095c-4bb0-b7cf-4d689447b168 f901d26a4f8643819410f7da277406e5 383f5b73286b4b519290d172f1a92de0 - - default default] 10.0.0.54 "PUT /v2.0/security-groups/02fce689-8c83-4592-8e48-94f0782fa954 HTTP/1.1" status: 200 len: 1795 time: 0.1192696 /var/lib/openstack/lib/python3.10/site-packages/pycadf/identifier.py:71: UserWarning: Invalid uuid: neutron. To ensure interoperability, identifiers should be a valid uuid. warnings.warn(('Invalid uuid: %s. To ensure interoperability, '
2026-06-30 19:03:15.200 10 INFO neutron.wsgi [None req-36e7db3d-5156-4146-a04c-2aedd966d28d f901d26a4f8643819410f7da277406e5 383f5b73286b4b519290d172f1a92de0 - - default default] 10.0.0.54 "GET /v2.0/security-groups/02fce689-8c83-4592-8e48-94f0782fa954 HTTP/1.1" status: 200 len: 1795 time: 0.0295517
2026-06-30 19:03:15.301 10 INFO neutron.wsgi [-] 10.0.0.74 "GET / HTTP/1.1" status: 200 len: 247 time: 0.0012767
2026-06-30 19:03:15.303 9 INFO neutron.wsgi [-] 10.0.0.74 "GET / HTTP/1.1" status: 200 len: 247 time: 0.0023472
2026-06-30 19:03:15.331 10 INFO neutron.wsgi [None req-cead291f-52a0-4751-8221-0ee7409816bf f901d26a4f8643819410f7da277406e5 383f5b73286b4b519290d172f1a92de0 - - default default] 10.0.0.54 "DELETE /v2.0/security-groups/02fce689-8c83-4592-8e48-94f0782fa954 HTTP/1.1" status: 204 len: 168 time: 0.1279480
2026-06-30 19:03:15.391 10 INFO neutron.wsgi [None req-bb0ca0fd-f058-4f1c-9af0-121b03d0a22a f901d26a4f8643819410f7da277406e5 383f5b73286b4b519290d172f1a92de0 - - default default] 10.0.0.54 "GET /v2.0/security-groups HTTP/1.1" status: 200 len: 2996 time: 0.0545843
2026-06-30 19:03:15.409 10 INFO neutron.api.v2.resource [None req-c88ce91f-ee72-434e-bd87-edb49f157dab f901d26a4f8643819410f7da277406e5 383f5b73286b4b519290d172f1a92de0 - - default default] delete failed (client error): The resource could not be found.
2026-06-30 19:03:15.411 10 INFO neutron.wsgi [None req-c88ce91f-ee72-434e-bd87-edb49f157dab f901d26a4f8643819410f7da277406e5 383f5b73286b4b519290d172f1a92de0 - - default default] 10.0.0.54 "DELETE /v2.0/security-groups/02fce689-8c83-4592-8e48-94f0782fa954 HTTP/1.1" status: 404 len: 347 time: 0.0125978 /var/lib/openstack/lib/python3.10/site-packages/pycadf/identifier.py:71: UserWarning: Invalid uuid: neutron. To ensure interoperability, identifiers should be a valid uuid. warnings.warn(('Invalid uuid: %s. To ensure interoperability, '
2026-06-30 19:03:15.520 9 INFO neutron.db.ovn_revision_numbers_db [None req-73cf83d6-5e11-4fd8-ae59-c4137fd67c9b 0a849cf52d1f4e599d060988ec3c332c efd6ea1b7a084da28a689bda3633f044 - - default default] Successfully bumped revision number for resource ad591df2-82f9-4f40-9f2b-074629a95ec5 (type: security_groups) to 1
2026-06-30 19:03:15.532 10 INFO neutron.db.ovn_revision_numbers_db [None req-f6ded52c-1a95-448c-a3d2-6bfe2aa55e41 f901d26a4f8643819410f7da277406e5 383f5b73286b4b519290d172f1a92de0 - - default default] Successfully bumped revision number for resource f81ae118-0385-4592-b2ba-c0462ed2337c (type: security_groups) to 1
2026-06-30 19:03:15.537 9 INFO neutron.db.ovn_revision_numbers_db [None req-73cf83d6-5e11-4fd8-ae59-c4137fd67c9b 0a849cf52d1f4e599d060988ec3c332c efd6ea1b7a084da28a689bda3633f044 - - default default] Successfully bumped revision number for resource 1cef9e24-3b35-4cce-ba53-af8971153cdf (type: security_group_rules) to 0
2026-06-30 19:03:15.546 10 INFO neutron.db.ovn_revision_numbers_db [None req-f6ded52c-1a95-448c-a3d2-6bfe2aa55e41 f901d26a4f8643819410f7da277406e5 383f5b73286b4b519290d172f1a92de0 - - default default] Successfully bumped revision number for resource 4d8a604d-a886-4567-895f-3007b38b1d8c (type: security_group_rules) to 0
2026-06-30 19:03:15.551 9 INFO neutron.db.ovn_revision_numbers_db [None req-73cf83d6-5e11-4fd8-ae59-c4137fd67c9b 0a849cf52d1f4e599d060988ec3c332c efd6ea1b7a084da28a689bda3633f044 - - default default] Successfully bumped revision number for resource 2f188629-869c-45e2-8c92-d4d8a5062119 (type: security_group_rules) to 0
2026-06-30 19:03:15.561 10 INFO neutron.db.ovn_revision_numbers_db [None req-f6ded52c-1a95-448c-a3d2-6bfe2aa55e41 f901d26a4f8643819410f7da277406e5 383f5b73286b4b519290d172f1a92de0 - - default default] Successfully bumped revision number for resource 7b8a11bc-ed69-46f6-8873-5af77888a7bf (type: security_group_rules) to 0
2026-06-30 19:03:15.569 9 INFO neutron.db.ovn_revision_numbers_db [None req-73cf83d6-5e11-4fd8-ae59-c4137fd67c9b 0a849cf52d1f4e599d060988ec3c332c efd6ea1b7a084da28a689bda3633f044 - - default default] Successfully bumped revision number for resource 31bf915e-b72e-486f-9e12-26e8cd1a45b6 (type: security_group_rules) to 0
2026-06-30 19:03:15.580 10 INFO neutron.wsgi [None req-f6ded52c-1a95-448c-a3d2-6bfe2aa55e41 f901d26a4f8643819410f7da277406e5 383f5b73286b4b519290d172f1a92de0 - - default default] 10.0.0.54 "POST /v2.0/security-groups HTTP/1.1" status: 201 len: 1761 time: 0.1639459
2026-06-30 19:03:15.583 9 INFO neutron.db.ovn_revision_numbers_db [None req-73cf83d6-5e11-4fd8-ae59-c4137fd67c9b 0a849cf52d1f4e599d060988ec3c332c efd6ea1b7a084da28a689bda3633f044 - - default default] Successfully bumped revision number for resource 4c9d3984-b3c8-4573-88c9-ec63b0d8baaa (type: security_group_rules) to 0
2026-06-30 19:03:15.610 9 INFO neutron.wsgi [None req-73cf83d6-5e11-4fd8-ae59-c4137fd67c9b 0a849cf52d1f4e599d060988ec3c332c efd6ea1b7a084da28a689bda3633f044 - - default default] 10.0.0.54 "GET /v2.0/security-groups?tenant_id=a90d71fc92e84b3b8db4f1c0d09c7c7d&name=default HTTP/1.1" status: 200 len: 2996 time: 0.3809984
2026-06-30 19:03:15.737 10 INFO neutron.db.ovn_revision_numbers_db [None req-0199d458-5741-4989-9a6e-eb7fc07f04f2 f901d26a4f8643819410f7da277406e5 383f5b73286b4b519290d172f1a92de0 - - default default] Successfully bumped revision number for resource d197cb3e-7164-42cd-bdac-8c1c4a4db3de (type: security_group_rules) to 0
2026-06-30 19:03:15.766 10 INFO neutron.wsgi [None req-0199d458-5741-4989-9a6e-eb7fc07f04f2 f901d26a4f8643819410f7da277406e5 383f5b73286b4b519290d172f1a92de0 - - default default] 10.0.0.54 "POST /v2.0/security-group-rules HTTP/1.1" status: 201 len: 768 time: 0.1786158
2026-06-30 19:03:15.796 10 INFO neutron.wsgi [None req-3a5ca68e-363c-4e1e-a56a-d7268bd2fe37 f901d26a4f8643819410f7da277406e5 383f5b73286b4b519290d172f1a92de0 - - default default] 10.0.0.54 "GET /v2.0/security-group-rules/d197cb3e-7164-42cd-bdac-8c1c4a4db3de HTTP/1.1" status: 200 len: 763 time: 0.0217960
2026-06-30 19:03:15.853 9 INFO neutron.wsgi [None req-b90a6aa7-20df-4b26-93e4-0cc7048038c1 f901d26a4f8643819410f7da277406e5 383f5b73286b4b519290d172f1a92de0 - - default default] 10.0.0.54 "GET /v2.0/security-group-rules HTTP/1.1" status: 200 len: 4113 time: 0.0466564
2026-06-30 19:03:15.878 9 INFO neutron.wsgi [None req-8296cc7f-1f6e-4224-a405-cba69e13e0f7 0a849cf52d1f4e599d060988ec3c332c efd6ea1b7a084da28a689bda3633f044 - - default default] 10.0.0.54 "DELETE /v2.0/security-groups/ad591df2-82f9-4f40-9f2b-074629a95ec5 HTTP/1.1" status: 204 len: 168 time: 0.2586465
2026-06-30 19:03:15.888 9 INFO neutron.notifiers.nova [-] Nova event matching ['req-4633a08e-a4b8-45e4-aff8-83ccfa452137'] response: {'server_uuid': '636d350f-2c96-4130-a4e9-fc7ebcf5aea7', 'name': 'network-vif-plugged', 'status': 'completed', 'tag': '6a7d4b33-213e-416e-8ec2-9aa5ece5f1ab', 'code': 200}
2026-06-30 19:03:15.889 9 INFO neutron.notifiers.nova [-] Nova event matching ['req-4633a08e-a4b8-45e4-aff8-83ccfa452137'] response: {'server_uuid': '636d350f-2c96-4130-a4e9-fc7ebcf5aea7', 'name': 'network-vif-plugged', 'status': 'completed', 'tag': '6a7d4b33-213e-416e-8ec2-9aa5ece5f1ab', 'code': 200}
2026-06-30 19:03:16.034 9 INFO neutron.wsgi [None req-4677cd1a-ef32-4b44-ad0b-d950bba677c7 f901d26a4f8643819410f7da277406e5 383f5b73286b4b519290d172f1a92de0 - - default default] 10.0.0.54 "DELETE /v2.0/security-group-rules/d197cb3e-7164-42cd-bdac-8c1c4a4db3de HTTP/1.1" status: 204 len: 168 time: 0.1744211
2026-06-30 19:03:16.087 9 INFO neutron.wsgi [None req-4ee69f0d-0929-4f66-9ebb-7411570f32b0 f901d26a4f8643819410f7da277406e5 383f5b73286b4b519290d172f1a92de0 - - default default] 10.0.0.54 "GET /v2.0/security-group-rules HTTP/1.1" status: 200 len: 3567 time: 0.0465088
2026-06-30 19:03:16.198 9 INFO neutron.db.ovn_revision_numbers_db [None req-713d80e6-b860-46a2-8e30-e25be145cdbc 0a849cf52d1f4e599d060988ec3c332c efd6ea1b7a084da28a689bda3633f044 - - default default] Successfully bumped revision number for resource 6a8d5fdb-c8f7-4864-beab-62cb29d61997 (type: security_groups) to 1
2026-06-30 19:03:16.210 10 INFO neutron.db.ovn_revision_numbers_db [None req-de9a5867-3b8a-4c9a-a9f6-35ab76a76b13 f901d26a4f8643819410f7da277406e5 383f5b73286b4b519290d172f1a92de0 - - default default] Successfully bumped revision number for resource b62af609-c88f-4e8b-8966-e10cbebb0c8b (type: security_group_rules) to 0
2026-06-30 19:03:16.214 9 INFO neutron.db.ovn_revision_numbers_db [None req-713d80e6-b860-46a2-8e30-e25be145cdbc 0a849cf52d1f4e599d060988ec3c332c efd6ea1b7a084da28a689bda3633f044 - - default default] Successfully bumped revision number for resource 1c1a03ff-0115-4ddb-b3a3-def6210cbdd8 (type: security_group_rules) to 0
2026-06-30 19:03:16.243 10 INFO neutron.wsgi [None req-de9a5867-3b8a-4c9a-a9f6-35ab76a76b13 f901d26a4f8643819410f7da277406e5 383f5b73286b4b519290d172f1a92de0 - - default default] 10.0.0.54 "POST /v2.0/security-group-rules HTTP/1.1" status: 201 len: 768 time: 0.1512268
2026-06-30 19:03:16.244 9 INFO neutron.db.ovn_revision_numbers_db [None req-713d80e6-b860-46a2-8e30-e25be145cdbc 0a849cf52d1f4e599d060988ec3c332c efd6ea1b7a084da28a689bda3633f044 - - default default] Successfully bumped revision number for resource 2236e945-bfc1-4043-9c13-2747c2c1ace8 (type: security_group_rules) to 0
2026-06-30 19:03:16.264 10 INFO neutron.wsgi [None req-59b3ff3e-c766-471e-a581-43e2b83037bd f901d26a4f8643819410f7da277406e5 383f5b73286b4b519290d172f1a92de0 - - default default] 10.0.0.54 "GET /v2.0/security-group-rules/b62af609-c88f-4e8b-8966-e10cbebb0c8b HTTP/1.1" status: 200 len: 763 time: 0.0170956
2026-06-30 19:03:16.277 9 INFO neutron.db.ovn_revision_numbers_db [None req-713d80e6-b860-46a2-8e30-e25be145cdbc 0a849cf52d1f4e599d060988ec3c332c efd6ea1b7a084da28a689bda3633f044 - - default default] Successfully bumped revision number for resource 23ed0ea5-269b-49e4-9b6d-95793256c5fb (type: security_group_rules) to 0
2026-06-30 19:03:16.301 9 INFO neutron.db.ovn_revision_numbers_db [None req-713d80e6-b860-46a2-8e30-e25be145cdbc 0a849cf52d1f4e599d060988ec3c332c efd6ea1b7a084da28a689bda3633f044 - - default default] Successfully bumped revision number for resource e74916cf-bbda-4a16-9e68-129259f78e90 (type: security_group_rules) to 0
2026-06-30 19:03:16.338 9 INFO neutron.wsgi [None req-713d80e6-b860-46a2-8e30-e25be145cdbc 0a849cf52d1f4e599d060988ec3c332c efd6ea1b7a084da28a689bda3633f044 - - default default] 10.0.0.54 "GET /v2.0/security-groups?tenant_id=ae76b8aae481425a8aeef047455dad7c&name=default HTTP/1.1" status: 200 len: 2996 time: 0.2805953
2026-06-30 19:03:16.346 9 INFO neutron.wsgi [None req-488532f2-03da-4aa7-b195-6ee445926743 f901d26a4f8643819410f7da277406e5 383f5b73286b4b519290d172f1a92de0 - - default default] 10.0.0.54 "GET /v2.0/security-group-rules HTTP/1.1" status: 200 len: 4113 time: 0.0752454
2026-06-30 19:03:16.405 10 INFO neutron.wsgi [req-cf5afea0-0d3b-49d2-b6f7-d0d47141beff req-708dd309-b80e-4d17-9a01-f73700018a8b 9d6b0588b41446b6b1c8953eaffafc15 496eb3ce493345cd85e271d76a9a721b - - default default] 10.0.0.67 "GET /v2.0/ports?device_id=636d350f-2c96-4130-a4e9-fc7ebcf5aea7 HTTP/1.1" status: 200 len: 1404 time: 0.1138668
2026-06-30 19:03:16.406 10 INFO neutron.notifiers.nova [-] Nova event matching ['req-1d3ae9d2-ec44-4377-b630-52caf89776c5'] response: {'server_uuid': '03425db8-5e47-4137-b84a-b64828a0d376', 'name': 'network-vif-plugged', 'status': 'completed', 'tag': '30caf57e-9aa8-460c-9a83-4f324fa6e939', 'code': 200}
2026-06-30 19:03:16.407 10 INFO neutron.notifiers.nova [-] Nova event matching ['req-1d3ae9d2-ec44-4377-b630-52caf89776c5'] response: {'server_uuid': '03425db8-5e47-4137-b84a-b64828a0d376', 'name': 'network-vif-plugged', 'status': 'completed', 'tag': '30caf57e-9aa8-460c-9a83-4f324fa6e939', 'code': 200}
2026-06-30 19:03:16.407 10 INFO neutron.notifiers.nova [-] Nova event matching ['req-1d3ae9d2-ec44-4377-b630-52caf89776c5'] response: {'server_uuid': '03425db8-5e47-4137-b84a-b64828a0d376', 'name': 'network-vif-plugged', 'status': 'completed', 'tag': '30caf57e-9aa8-460c-9a83-4f324fa6e939', 'code': 200}
2026-06-30 19:03:16.468 10 INFO neutron.wsgi [req-cf5afea0-0d3b-49d2-b6f7-d0d47141beff req-ed94f693-f41e-4698-b24e-f3bb0d9dfa85 9d6b0588b41446b6b1c8953eaffafc15 496eb3ce493345cd85e271d76a9a721b - - default default] 10.0.0.67 "GET /v2.0/security-groups?id=60697c2e-87cf-483e-a1bc-2d9f66dad185&fields=id&fields=name HTTP/1.1" status: 200 len: 310 time: 0.0552850
2026-06-30 19:03:16.473 9 INFO neutron.wsgi [None req-1ac62ecd-a62b-4036-915b-7bcf922e5ffe f901d26a4f8643819410f7da277406e5 383f5b73286b4b519290d172f1a92de0 - - default default] 10.0.0.54 "DELETE /v2.0/security-group-rules/b62af609-c88f-4e8b-8966-e10cbebb0c8b HTTP/1.1" status: 204 len: 168 time: 0.1227841
2026-06-30 19:03:16.541 9 INFO neutron.wsgi [None req-c8527985-c818-421d-af7c-fb9f41017bac f901d26a4f8643819410f7da277406e5 383f5b73286b4b519290d172f1a92de0 - - default default] 10.0.0.54 "GET /v2.0/security-group-rules HTTP/1.1" status: 200 len: 3567 time: 0.0632091
2026-06-30 19:03:16.602 9 INFO neutron.wsgi [None req-6be1b647-0ace-4c45-81aa-ebaa915fd743 9d6b0588b41446b6b1c8953eaffafc15 496eb3ce493345cd85e271d76a9a721b - - default default] 10.0.0.54 "GET /v2.0/ports?network_id=dbcc97d2-bd53-4658-87b9-43cd69a3f0a6&mac_address=fa%3A16%3A3e%3A98%3Aec%3Ac4 HTTP/1.1" status: 200 len: 1399 time: 0.1078823
2026-06-30 19:03:16.605 10 INFO neutron.wsgi [None req-323cb36c-6fea-43c1-aa10-35dd8fc2d1d3 0a849cf52d1f4e599d060988ec3c332c efd6ea1b7a084da28a689bda3633f044 - - default default] 10.0.0.54 "DELETE /v2.0/security-groups/6a8d5fdb-c8f7-4864-beab-62cb29d61997 HTTP/1.1" status: 204 len: 168 time: 0.2618070
2026-06-30 19:03:16.743 10 INFO neutron.db.ovn_revision_numbers_db [None req-0629f021-bff2-4a5c-bf94-4d9fe97695c5 f901d26a4f8643819410f7da277406e5 383f5b73286b4b519290d172f1a92de0 - - default default] Successfully bumped revision number for resource 0859a56b-7298-4ce0-bd9d-a0de2a60995e (type: security_group_rules) to 0
2026-06-30 19:03:16.778 10 INFO neutron.wsgi [None req-0629f021-bff2-4a5c-bf94-4d9fe97695c5 f901d26a4f8643819410f7da277406e5 383f5b73286b4b519290d172f1a92de0 - - default default] 10.0.0.54 "POST /v2.0/security-group-rules HTTP/1.1" status: 201 len: 769 time: 0.2304308
2026-06-30 19:03:16.805 9 INFO neutron.wsgi [None req-4ed50bf7-9543-49b4-8739-80e4325313df f901d26a4f8643819410f7da277406e5 383f5b73286b4b519290d172f1a92de0 - - default default] 10.0.0.54 "GET /v2.0/security-group-rules/0859a56b-7298-4ce0-bd9d-a0de2a60995e HTTP/1.1" status: 200 len: 764 time: 0.0205958
2026-06-30 19:03:16.828 9 INFO neutron.wsgi [None req-aabe5dac-622d-42ae-a63b-fe6ddac25221 0a849cf52d1f4e599d060988ec3c332c efd6ea1b7a084da28a689bda3633f044 - - default default] 10.0.0.54 "GET /v2.0/security-groups?tenant_id=e0976d44cd91436787f167463ad219b4&name=default HTTP/1.1" status: 200 len: 2996 time: 0.0515215
2026-06-30 19:03:16.867 9 INFO neutron.wsgi [None req-1add3fd0-8316-4252-89ca-0e7ef50d5453 f901d26a4f8643819410f7da277406e5 383f5b73286b4b519290d172f1a92de0 - - default default] 10.0.0.54 "GET /v2.0/security-group-rules HTTP/1.1" status: 200 len: 4114 time: 0.0558374
2026-06-30 19:03:16.946 10 WARNING neutron.scheduler.dhcp_agent_scheduler [None req-c4adaa57-d1b8-4ad3-b729-f4e687c9a6cc 9d6b0588b41446b6b1c8953eaffafc15 496eb3ce493345cd85e271d76a9a721b - - default default] No more DHCP agents
2026-06-30 19:03:16.952 10 WARNING neutron.api.rpc.agentnotifiers.dhcp_rpc_agent_api [None req-c4adaa57-d1b8-4ad3-b729-f4e687c9a6cc 9d6b0588b41446b6b1c8953eaffafc15 496eb3ce493345cd85e271d76a9a721b - - default default] Unable to schedule network b0cef5e3-e16a-47ee-810b-982ccfffa0d1: no agents available; will retry on subsequent port and subnet creation events.
2026-06-30 19:03:17.010 9 INFO neutron.wsgi [None req-1906bbcf-a286-4845-aaed-c6636821e9af f901d26a4f8643819410f7da277406e5 383f5b73286b4b519290d172f1a92de0 - - default default] 10.0.0.54 "DELETE /v2.0/security-group-rules/0859a56b-7298-4ce0-bd9d-a0de2a60995e HTTP/1.1" status: 204 len: 168 time: 0.1366854
2026-06-30 19:03:17.068 9 INFO neutron.wsgi [None req-394706f5-c813-4183-89a4-577c6d380dcd f901d26a4f8643819410f7da277406e5 383f5b73286b4b519290d172f1a92de0 - - default default] 10.0.0.54 "GET /v2.0/security-group-rules HTTP/1.1" status: 200 len: 3567 time: 0.0540645
2026-06-30 19:03:17.100 9 INFO neutron.wsgi [None req-a53c656c-45a4-49c1-a0bb-8181d85b6ec8 0a849cf52d1f4e599d060988ec3c332c efd6ea1b7a084da28a689bda3633f044 - - default default] 10.0.0.54 "DELETE /v2.0/security-groups/c14976de-1c32-4488-8a3b-6536624505a0 HTTP/1.1" status: 204 len: 168 time: 0.2650077
2026-06-30 19:03:17.516 10 INFO neutron.wsgi [None req-61dc08a5-bad1-4145-8dd8-7ccdda0b76d0 f901d26a4f8643819410f7da277406e5 383f5b73286b4b519290d172f1a92de0 - - default default] 10.0.0.54 "DELETE /v2.0/security-groups/f81ae118-0385-4592-b2ba-c0462ed2337c HTTP/1.1" status: 204 len: 168 time: 0.4418182
2026-06-30 19:03:17.562 9 INFO neutron.wsgi [None req-2ab13dd6-96ae-47bd-9c7d-9e367a823640 f901d26a4f8643819410f7da277406e5 383f5b73286b4b519290d172f1a92de0 - - default default] 10.0.0.54 "GET /v2.0/security-groups HTTP/1.1" status: 200 len: 2996 time: 0.0408914
2026-06-30 19:03:17.628 10 INFO neutron.wsgi [None req-1557925b-1510-4f06-8f6f-15c151530ce5 f901d26a4f8643819410f7da277406e5 383f5b73286b4b519290d172f1a92de0 - - default default] 10.0.0.54 "GET /v2.0/security-groups HTTP/1.1" status: 200 len: 2996 time: 0.0598009
2026-06-30 19:03:17.663 10 INFO neutron.db.l3_db [None req-c4adaa57-d1b8-4ad3-b729-f4e687c9a6cc 9d6b0588b41446b6b1c8953eaffafc15 496eb3ce493345cd85e271d76a9a721b - - default default] Floating IP 54f90e16-9d8a-427f-a311-7afa105bcfc7 associated. External IP: 10.96.250.219, port: 6a7d4b33-213e-416e-8ec2-9aa5ece5f1ab.
2026-06-30 19:03:17.838 10 INFO neutron.db.ovn_revision_numbers_db [None req-c4adaa57-d1b8-4ad3-b729-f4e687c9a6cc 9d6b0588b41446b6b1c8953eaffafc15 496eb3ce493345cd85e271d76a9a721b - - default default] Successfully bumped revision number for resource 54f90e16-9d8a-427f-a311-7afa105bcfc7 (type: floatingips) to 0
2026-06-30 19:03:17.972 10 INFO neutron.db.ovn_revision_numbers_db [None req-c4adaa57-d1b8-4ad3-b729-f4e687c9a6cc 9d6b0588b41446b6b1c8953eaffafc15 496eb3ce493345cd85e271d76a9a721b - - default default] Successfully bumped revision number for resource 54f90e16-9d8a-427f-a311-7afa105bcfc7 (type: floatingips) to 1
2026-06-30 19:03:18.011 10 INFO neutron.wsgi [None req-c4adaa57-d1b8-4ad3-b729-f4e687c9a6cc 9d6b0588b41446b6b1c8953eaffafc15 496eb3ce493345cd85e271d76a9a721b - - default default] 10.0.0.54 "POST /v2.0/floatingips HTTP/1.1" status: 201 len: 1054 time: 1.3980014
2026-06-30 19:03:18.364 10 INFO neutron.wsgi [None req-2aaf517b-25cb-4ba6-bb63-e117299ab441 0a849cf52d1f4e599d060988ec3c332c efd6ea1b7a084da28a689bda3633f044 - - default default] 10.0.0.54 "GET /v2.0/security-groups?tenant_id=383f5b73286b4b519290d172f1a92de0&name=default HTTP/1.1" status: 200 len: 2996 time: 0.2173059
2026-06-30 19:03:18.452 10 INFO neutron.notifiers.nova [-] Nova event matching ['req-33ffe909-5a19-4bb7-9312-1c7ca56b6ff7'] response: {'name': 'network-changed', 'server_uuid': '636d350f-2c96-4130-a4e9-fc7ebcf5aea7', 'tag': '6a7d4b33-213e-416e-8ec2-9aa5ece5f1ab', 'status': 'completed', 'code': 200} /var/lib/openstack/lib/python3.10/site-packages/pycadf/identifier.py:71: UserWarning: Invalid uuid: neutron. To ensure interoperability, identifiers should be a valid uuid. warnings.warn(('Invalid uuid: %s. To ensure interoperability, '
2026-06-30 19:03:18.516 9 INFO neutron.wsgi [req-f68cc42c-2769-4d75-a484-16044292c505 req-a2d735c6-76d6-4a61-8f56-c90a0d33b477 4cb05f392a8e4253b49567a80e16c3bc 7f99b634af1d45c0a96352aea564cd51 - - bfdd529dde0f4ab7b942fd931fe7815e bfdd529dde0f4ab7b942fd931fe7815e] 199.204.45.23 "GET /v2.0/ports?tenant_id=496eb3ce493345cd85e271d76a9a721b&device_id=636d350f-2c96-4130-a4e9-fc7ebcf5aea7 HTTP/1.1" status: 200 len: 1642 time: 0.0407529
2026-06-30 19:03:18.585 10 INFO neutron.wsgi [None req-01beaaa7-9152-446b-afaf-c13cefb9de1b 0a849cf52d1f4e599d060988ec3c332c efd6ea1b7a084da28a689bda3633f044 - - default default] 10.0.0.54 "DELETE /v2.0/security-groups/220349a8-412b-463a-9365-e01ced9b9830 HTTP/1.1" status: 204 len: 168 time: 0.2156069
2026-06-30 19:03:18.624 9 INFO neutron.wsgi [req-f68cc42c-2769-4d75-a484-16044292c505 req-f0cfd23f-6a97-4138-b765-62cec8d27ced 4cb05f392a8e4253b49567a80e16c3bc 7f99b634af1d45c0a96352aea564cd51 - - bfdd529dde0f4ab7b942fd931fe7815e bfdd529dde0f4ab7b942fd931fe7815e] 199.204.45.23 "GET /v2.0/networks?id=dbcc97d2-bd53-4658-87b9-43cd69a3f0a6 HTTP/1.1" status: 200 len: 1001 time: 0.1026344
2026-06-30 19:03:18.691 9 INFO neutron.wsgi [req-f68cc42c-2769-4d75-a484-16044292c505 req-6ede5665-fd45-48de-871d-f9cc76987207 4cb05f392a8e4253b49567a80e16c3bc 7f99b634af1d45c0a96352aea564cd51 - - bfdd529dde0f4ab7b942fd931fe7815e bfdd529dde0f4ab7b942fd931fe7815e] 199.204.45.23 "GET /v2.0/floatingips?fixed_ip_address=10.2.2.252&port_id=6a7d4b33-213e-416e-8ec2-9aa5ece5f1ab HTTP/1.1" status: 200 len: 1059 time: 0.0602551
2026-06-30 19:03:18.736 9 INFO neutron.wsgi [req-f68cc42c-2769-4d75-a484-16044292c505 req-39a154ec-6f6a-40cd-b73a-ea2ad2e01da1 4cb05f392a8e4253b49567a80e16c3bc 7f99b634af1d45c0a96352aea564cd51 - - bfdd529dde0f4ab7b942fd931fe7815e bfdd529dde0f4ab7b942fd931fe7815e] 199.204.45.23 "GET /v2.0/floatingips?fixed_ip_address=fd77%3A1457%3A4cf0%3A26a8%3A%3A39b&port_id=6a7d4b33-213e-416e-8ec2-9aa5ece5f1ab HTTP/1.1" status: 200 len: 217 time: 0.0345836
2026-06-30 19:03:18.794 9 INFO neutron.wsgi [req-f68cc42c-2769-4d75-a484-16044292c505 req-e6dfa011-ceb8-4b09-a928-aa88a4a539a4 4cb05f392a8e4253b49567a80e16c3bc 7f99b634af1d45c0a96352aea564cd51 - - bfdd529dde0f4ab7b942fd931fe7815e bfdd529dde0f4ab7b942fd931fe7815e] 199.204.45.23 "GET /v2.0/subnets?id=fe272a81-b446-46a5-9c2c-5016f7752ebf&id=b47af571-8861-4715-95b3-64fa79651b51 HTTP/1.1" status: 200 len: 1566 time: 0.0515120
2026-06-30 19:03:18.824 9 INFO neutron.wsgi [req-f68cc42c-2769-4d75-a484-16044292c505 req-bbfb7a1f-715b-468b-a07c-fc60a7a4a9b2 4cb05f392a8e4253b49567a80e16c3bc 7f99b634af1d45c0a96352aea564cd51 - - bfdd529dde0f4ab7b942fd931fe7815e bfdd529dde0f4ab7b942fd931fe7815e] 199.204.45.23 "GET /v2.0/ports?network_id=dbcc97d2-bd53-4658-87b9-43cd69a3f0a6&device_owner=network%3Adhcp HTTP/1.1" status: 200 len: 210 time: 0.0225024
2026-06-30 19:03:19.060 9 INFO neutron.wsgi [req-f68cc42c-2769-4d75-a484-16044292c505 req-a67cd751-f301-46f5-8d95-b497dc03e866 4cb05f392a8e4253b49567a80e16c3bc 7f99b634af1d45c0a96352aea564cd51 - - bfdd529dde0f4ab7b942fd931fe7815e bfdd529dde0f4ab7b942fd931fe7815e] 199.204.45.23 "GET /v2.0/ports?network_id=dbcc97d2-bd53-4658-87b9-43cd69a3f0a6&device_owner=network%3Adhcp HTTP/1.1" status: 200 len: 210 time: 0.2211685
2026-06-30 19:03:19.149 9 INFO neutron.wsgi [req-f68cc42c-2769-4d75-a484-16044292c505 req-c2a7c633-fffd-435f-8c54-282d4c2f6be0 4cb05f392a8e4253b49567a80e16c3bc 7f99b634af1d45c0a96352aea564cd51 - - bfdd529dde0f4ab7b942fd931fe7815e bfdd529dde0f4ab7b942fd931fe7815e] 199.204.45.23 "GET /v2.0/networks/dbcc97d2-bd53-4658-87b9-43cd69a3f0a6?fields=segments HTTP/1.1" status: 200 len: 212 time: 0.0786898
2026-06-30 19:03:19.244 9 INFO neutron.wsgi [req-f68cc42c-2769-4d75-a484-16044292c505 req-8a1fd976-ac8c-44b9-8d33-0978ceac6e4b 4cb05f392a8e4253b49567a80e16c3bc 7f99b634af1d45c0a96352aea564cd51 - - bfdd529dde0f4ab7b942fd931fe7815e bfdd529dde0f4ab7b942fd931fe7815e] 199.204.45.23 "GET /v2.0/networks/dbcc97d2-bd53-4658-87b9-43cd69a3f0a6?fields=provider%3Aphysical_network&fields=provider%3Anetwork_type HTTP/1.1" status: 200 len: 277 time: 0.0863628
2026-06-30 19:03:21.974 9 INFO neutron.db.ovn_revision_numbers_db [None req-3d16825c-0d4e-4e66-b9a9-513e24a49adb b3533d03d004497094861d75a48245e8 8a1eeb7758414fce9d58bfdb149c25c2 - - default default] Successfully bumped revision number for resource 7974ba77-2676-43cd-a2a8-1f478556e98d (type: security_groups) to 1
2026-06-30 19:03:21.992 9 INFO neutron.db.ovn_revision_numbers_db [None req-3d16825c-0d4e-4e66-b9a9-513e24a49adb b3533d03d004497094861d75a48245e8 8a1eeb7758414fce9d58bfdb149c25c2 - - default default] Successfully bumped revision number for resource 1ac24761-9f65-4f40-a7db-9ce24113889d (type: security_group_rules) to 0
2026-06-30 19:03:22.008 9 INFO neutron.db.ovn_revision_numbers_db [None req-3d16825c-0d4e-4e66-b9a9-513e24a49adb b3533d03d004497094861d75a48245e8 8a1eeb7758414fce9d58bfdb149c25c2 - - default default] Successfully bumped revision number for resource 2a76b2d7-929d-4255-acec-4b55b229a09b (type: security_group_rules) to 0
2026-06-30 19:03:22.033 9 INFO neutron.db.ovn_revision_numbers_db [None req-3d16825c-0d4e-4e66-b9a9-513e24a49adb b3533d03d004497094861d75a48245e8 8a1eeb7758414fce9d58bfdb149c25c2 - - default default] Successfully bumped revision number for resource 7d04cced-0797-4eaf-b951-df8ad87d634f (type: security_group_rules) to 0
2026-06-30 19:03:22.050 9 INFO neutron.db.ovn_revision_numbers_db [None req-3d16825c-0d4e-4e66-b9a9-513e24a49adb b3533d03d004497094861d75a48245e8 8a1eeb7758414fce9d58bfdb149c25c2 - - default default] Successfully bumped revision number for resource bb097104-12d6-4ad0-b071-deff1c48bab1 (type: security_group_rules) to 0
2026-06-30 19:03:22.102 9 INFO neutron.db.segments_db [None req-3d16825c-0d4e-4e66-b9a9-513e24a49adb b3533d03d004497094861d75a48245e8 8a1eeb7758414fce9d58bfdb149c25c2 - - default default] Added segment 2e73a427-c316-4d77-8c70-ff33cb74831b of type geneve for network 17159429-663e-49fd-9457-9ae950451f06
2026-06-30 19:03:22.262 9 INFO neutron.db.ovn_revision_numbers_db [None req-3d16825c-0d4e-4e66-b9a9-513e24a49adb b3533d03d004497094861d75a48245e8 8a1eeb7758414fce9d58bfdb149c25c2 - - default default] Successfully bumped revision number for resource 17159429-663e-49fd-9457-9ae950451f06 (type: networks) to 1
2026-06-30 19:03:22.466 9 WARNING neutron.scheduler.dhcp_agent_scheduler [None req-3d16825c-0d4e-4e66-b9a9-513e24a49adb b3533d03d004497094861d75a48245e8 8a1eeb7758414fce9d58bfdb149c25c2 - - default default] No more DHCP agents
2026-06-30 19:03:22.468 9 WARNING neutron.api.rpc.agentnotifiers.dhcp_rpc_agent_api [None req-3d16825c-0d4e-4e66-b9a9-513e24a49adb b3533d03d004497094861d75a48245e8 8a1eeb7758414fce9d58bfdb149c25c2 - - default default] Unable to schedule network 17159429-663e-49fd-9457-9ae950451f06: no agents available; will retry on subsequent port and subnet creation events.
2026-06-30 19:03:22.608 9 INFO neutron.db.ovn_revision_numbers_db [None req-3d16825c-0d4e-4e66-b9a9-513e24a49adb b3533d03d004497094861d75a48245e8 8a1eeb7758414fce9d58bfdb149c25c2 - - default default] Successfully bumped revision number for resource 5a721262-ebbc-4123-9494-22928f227323 (type: ports) to 1
2026-06-30 19:03:22.648 9 INFO neutron.wsgi [None req-285cb734-15bc-498f-860d-9cdaf76793f1 0a849cf52d1f4e599d060988ec3c332c efd6ea1b7a084da28a689bda3633f044 - - default default] 10.0.0.155 "GET /v2.0/agents HTTP/1.1" status: 200 len: 997 time: 0.0890849
2026-06-30 19:03:22.651 9 INFO neutron.wsgi [None req-3d16825c-0d4e-4e66-b9a9-513e24a49adb b3533d03d004497094861d75a48245e8 8a1eeb7758414fce9d58bfdb149c25c2 - - default default] 10.0.0.54 "POST /v2.0/networks HTTP/1.1" status: 201 len: 830 time: 0.9272680
2026-06-30 19:03:22.714 9 INFO neutron.wsgi [None req-ccd6d636-2fbc-4c65-b9e9-cbb58f2b6dff 0a849cf52d1f4e599d060988ec3c332c efd6ea1b7a084da28a689bda3633f044 - - default default] 10.0.0.155 "GET /v2.0/subnets HTTP/1.1" status: 200 len: 6150 time: 0.0618761
2026-06-30 19:03:22.728 9 INFO neutron.wsgi [None req-8cd9c3eb-c799-447c-86bd-ca22b90b3c28 0a849cf52d1f4e599d060988ec3c332c efd6ea1b7a084da28a689bda3633f044 - - default default] 10.0.0.155 "GET /v2.0/subnetpools HTTP/1.1" status: 200 len: 193 time: 0.0129251
2026-06-30 19:03:22.833 9 INFO neutron.wsgi [None req-e29ec2fd-9613-4566-971b-fcc1be688834 0a849cf52d1f4e599d060988ec3c332c efd6ea1b7a084da28a689bda3633f044 - - default default] 10.0.0.155 "GET /v2.0/networks HTTP/1.1" status: 200 len: 6180 time: 0.1037371
2026-06-30 19:03:22.852 9 INFO neutron.wsgi [None req-80d13e1e-5c93-4b6c-95f7-313cb22a8818 0a849cf52d1f4e599d060988ec3c332c efd6ea1b7a084da28a689bda3633f044 - - default default] 10.0.0.155 "GET /v2.0/network-ip-availabilities HTTP/1.1" status: 200 len: 4102 time: 0.0156200
2026-06-30 19:03:22.920 9 INFO neutron.wsgi [None req-44ba658d-afe4-40ae-bd52-63965f13a5b7 0a849cf52d1f4e599d060988ec3c332c efd6ea1b7a084da28a689bda3633f044 - - default default] 10.0.0.155 "GET /v2.0/floatingips HTTP/1.1" status: 200 len: 2722 time: 0.0659215
2026-06-30 19:03:22.962 10 WARNING neutron.scheduler.dhcp_agent_scheduler [None req-a4462e75-300b-450b-8ae6-d25c6e72c58c b3533d03d004497094861d75a48245e8 8a1eeb7758414fce9d58bfdb149c25c2 - - default default] No more DHCP agents
2026-06-30 19:03:22.964 10 WARNING neutron.api.rpc.agentnotifiers.dhcp_rpc_agent_api [None req-a4462e75-300b-450b-8ae6-d25c6e72c58c b3533d03d004497094861d75a48245e8 8a1eeb7758414fce9d58bfdb149c25c2 - - default default] Unable to schedule network 17159429-663e-49fd-9457-9ae950451f06: no agents available; will retry on subsequent port and subnet creation events.
2026-06-30 19:03:22.974 9 INFO neutron.wsgi [None req-12aa1c09-2949-4bdf-abb9-611e397a31b7 0a849cf52d1f4e599d060988ec3c332c efd6ea1b7a084da28a689bda3633f044 - - default default] 10.0.0.155 "GET /v2.0/subnets HTTP/1.1" status: 200 len: 6760 time: 0.0523629
2026-06-30 19:03:23.044 9 INFO neutron.wsgi [None req-7d6ba306-d8f1-4504-a7cb-65a70c0001c5 0a849cf52d1f4e599d060988ec3c332c efd6ea1b7a084da28a689bda3633f044 - - default default] 10.0.0.155 "GET /v2.0/ports HTTP/1.1" status: 200 len: 23880 time: 0.0668643
2026-06-30 19:03:23.186 9 INFO neutron.wsgi [None req-d648e06a-f5a5-4271-bbc4-1e55bef6d931 0a849cf52d1f4e599d060988ec3c332c efd6ea1b7a084da28a689bda3633f044 - - default default] 10.0.0.155 "GET /v2.0/routers HTTP/1.1" status: 200 len: 1522 time: 0.1253979
2026-06-30 19:03:23.197 9 INFO neutron.wsgi [None req-9bfc4dcc-d7e3-47fc-a7e0-cd1ae0431d23 0a849cf52d1f4e599d060988ec3c332c efd6ea1b7a084da28a689bda3633f044 - - default default] 10.0.0.155 "GET /v2.0/agents?binary=ovn-controller HTTP/1.1" status: 200 len: 591 time: 0.0099859
2026-06-30 19:03:23.258 9 INFO neutron.wsgi [None req-bd4fcd0c-bc06-49d3-9a20-af48f5e5850a 0a849cf52d1f4e599d060988ec3c332c efd6ea1b7a084da28a689bda3633f044 - - default default] 10.0.0.155 "GET /v2.0/security-groups HTTP/1.1" status: 200 len: 35815 time: 0.0597079
2026-06-30 19:03:23.585 10 INFO neutron.db.ovn_revision_numbers_db [None req-a4462e75-300b-450b-8ae6-d25c6e72c58c b3533d03d004497094861d75a48245e8 8a1eeb7758414fce9d58bfdb149c25c2 - - default default] Successfully bumped revision number for resource 5a721262-ebbc-4123-9494-22928f227323 (type: ports) to 2
2026-06-30 19:03:23.636 10 INFO neutron.db.ovn_revision_numbers_db [None req-a4462e75-300b-450b-8ae6-d25c6e72c58c b3533d03d004497094861d75a48245e8 8a1eeb7758414fce9d58bfdb149c25c2 - - default default] Successfully bumped revision number for resource 4b1dacf9-ffff-4d92-aea6-49aa1575a2d7 (type: subnets) to 0
2026-06-30 19:03:23.651 10 INFO neutron.wsgi [None req-a4462e75-300b-450b-8ae6-d25c6e72c58c b3533d03d004497094861d75a48245e8 8a1eeb7758414fce9d58bfdb149c25c2 - - default default] 10.0.0.54 "POST /v2.0/subnets HTTP/1.1" status: 201 len: 801 time: 0.9921610
2026-06-30 19:03:23.757 10 INFO neutron.db.segments_db [None req-da729b07-5539-4a39-b1d8-3b3f89cc13a5 b3533d03d004497094861d75a48245e8 8a1eeb7758414fce9d58bfdb149c25c2 - - default default] Added segment ce0b5617-69c1-40ee-b56a-ec9769e1dbbb of type geneve for network b237ec47-d202-4e46-be5c-9bb34a971e9a
2026-06-30 19:03:23.940 10 INFO neutron.db.ovn_revision_numbers_db [None req-da729b07-5539-4a39-b1d8-3b3f89cc13a5 b3533d03d004497094861d75a48245e8 8a1eeb7758414fce9d58bfdb149c25c2 - - default default] Successfully bumped revision number for resource b237ec47-d202-4e46-be5c-9bb34a971e9a (type: networks) to 1
2026-06-30 19:03:23.997 9 INFO neutron.db.ovn_revision_numbers_db [None req-bd2fdff5-b456-4ec0-96df-4bac0f16b021 0a849cf52d1f4e599d060988ec3c332c efd6ea1b7a084da28a689bda3633f044 - - default default] Successfully bumped revision number for resource 71d5e6c8-55b2-4af8-b21d-1aedc06b9ddf (type: security_groups) to 1
2026-06-30 19:03:24.013 9 INFO neutron.db.ovn_revision_numbers_db [None req-bd2fdff5-b456-4ec0-96df-4bac0f16b021 0a849cf52d1f4e599d060988ec3c332c efd6ea1b7a084da28a689bda3633f044 - - default default] Successfully bumped revision number for resource 33813361-f026-4d69-ace4-657115186b2e (type: security_group_rules) to 0
2026-06-30 19:03:24.030 9 INFO neutron.db.ovn_revision_numbers_db [None req-bd2fdff5-b456-4ec0-96df-4bac0f16b021 0a849cf52d1f4e599d060988ec3c332c efd6ea1b7a084da28a689bda3633f044 - - default default] Successfully bumped revision number for resource 54d16775-62de-4c07-8252-1e4e0c53af84 (type: security_group_rules) to 0
2026-06-30 19:03:24.053 9 INFO neutron.db.ovn_revision_numbers_db [None req-bd2fdff5-b456-4ec0-96df-4bac0f16b021 0a849cf52d1f4e599d060988ec3c332c efd6ea1b7a084da28a689bda3633f044 - - default default] Successfully bumped revision number for resource 890c2e86-9cd9-431e-9cda-0be29d71db73 (type: security_group_rules) to 0
2026-06-30 19:03:24.068 9 INFO neutron.db.ovn_revision_numbers_db [None req-bd2fdff5-b456-4ec0-96df-4bac0f16b021 0a849cf52d1f4e599d060988ec3c332c efd6ea1b7a084da28a689bda3633f044 - - default default] Successfully bumped revision number for resource b94e3d70-d133-4144-9b69-21b6f9ca4031 (type: security_group_rules) to 0
2026-06-30 19:03:24.092 9 INFO neutron.wsgi [None req-bd2fdff5-b456-4ec0-96df-4bac0f16b021 0a849cf52d1f4e599d060988ec3c332c efd6ea1b7a084da28a689bda3633f044 - - default default] 10.0.0.54 "GET /v2.0/security-groups?tenant_id=47ee635d955a4fe79dc77836f399d667&name=default HTTP/1.1" status: 200 len: 2996 time: 0.3036602
2026-06-30 19:03:24.132 10 WARNING neutron.scheduler.dhcp_agent_scheduler [None req-da729b07-5539-4a39-b1d8-3b3f89cc13a5 b3533d03d004497094861d75a48245e8 8a1eeb7758414fce9d58bfdb149c25c2 - - default default] No more DHCP agents
2026-06-30 19:03:24.135 10 WARNING neutron.api.rpc.agentnotifiers.dhcp_rpc_agent_api [None req-da729b07-5539-4a39-b1d8-3b3f89cc13a5 b3533d03d004497094861d75a48245e8 8a1eeb7758414fce9d58bfdb149c25c2 - - default default] Unable to schedule network b237ec47-d202-4e46-be5c-9bb34a971e9a: no agents available; will retry on subsequent port and subnet creation events.
2026-06-30 19:03:24.228 10 INFO neutron.db.ovn_revision_numbers_db [None req-da729b07-5539-4a39-b1d8-3b3f89cc13a5 b3533d03d004497094861d75a48245e8 8a1eeb7758414fce9d58bfdb149c25c2 - - default default] Successfully bumped revision number for resource 6763ac81-ac7d-4bed-992d-c172347e1b3d (type: ports) to 1
2026-06-30 19:03:24.252 10 INFO neutron.wsgi [None req-da729b07-5539-4a39-b1d8-3b3f89cc13a5 b3533d03d004497094861d75a48245e8 8a1eeb7758414fce9d58bfdb149c25c2 - - default default] 10.0.0.54 "POST /v2.0/networks HTTP/1.1" status: 201 len: 830 time: 0.5876720
2026-06-30 19:03:24.295 9 INFO neutron.wsgi [None req-f45ceee7-5d17-4fe1-a142-c481da3fb4dd 0a849cf52d1f4e599d060988ec3c332c efd6ea1b7a084da28a689bda3633f044 - - default default] 10.0.0.54 "DELETE /v2.0/security-groups/71d5e6c8-55b2-4af8-b21d-1aedc06b9ddf HTTP/1.1" status: 204 len: 168 time: 0.1978328
2026-06-30 19:03:24.542 9 INFO neutron.db.ovn_revision_numbers_db [None req-c6b6454c-368b-4bb5-b360-53b1e08a585e 0a849cf52d1f4e599d060988ec3c332c efd6ea1b7a084da28a689bda3633f044 - - default default] Successfully bumped revision number for resource 412c44d9-fe74-4823-9bde-0b97e9375899 (type: security_groups) to 1
2026-06-30 19:03:24.543 10 WARNING neutron.scheduler.dhcp_agent_scheduler [None req-49ebf00c-441a-4bbb-8047-3ac60e665c27 b3533d03d004497094861d75a48245e8 8a1eeb7758414fce9d58bfdb149c25c2 - - default default] No more DHCP agents
2026-06-30 19:03:24.546 10 WARNING neutron.api.rpc.agentnotifiers.dhcp_rpc_agent_api [None req-49ebf00c-441a-4bbb-8047-3ac60e665c27 b3533d03d004497094861d75a48245e8 8a1eeb7758414fce9d58bfdb149c25c2 - - default default] Unable to schedule network b237ec47-d202-4e46-be5c-9bb34a971e9a: no agents available; will retry on subsequent port and subnet creation events.
2026-06-30 19:03:24.555 9 INFO neutron.db.ovn_revision_numbers_db [None req-c6b6454c-368b-4bb5-b360-53b1e08a585e 0a849cf52d1f4e599d060988ec3c332c efd6ea1b7a084da28a689bda3633f044 - - default default] Successfully bumped revision number for resource 0c8f2598-b031-404b-a296-e75b5662dbe8 (type: security_group_rules) to 0
2026-06-30 19:03:24.569 9 INFO neutron.db.ovn_revision_numbers_db [None req-c6b6454c-368b-4bb5-b360-53b1e08a585e 0a849cf52d1f4e599d060988ec3c332c efd6ea1b7a084da28a689bda3633f044 - - default default] Successfully bumped revision number for resource 2fb992c3-9cf2-4ff2-92a5-de2317edd357 (type: security_group_rules) to 0
2026-06-30 19:03:24.587 9 INFO neutron.db.ovn_revision_numbers_db [None req-c6b6454c-368b-4bb5-b360-53b1e08a585e 0a849cf52d1f4e599d060988ec3c332c efd6ea1b7a084da28a689bda3633f044 - - default default] Successfully bumped revision number for resource 931e1174-f892-48f1-bf80-537b558735af (type: security_group_rules) to 0
2026-06-30 19:03:24.608 9 INFO neutron.db.ovn_revision_numbers_db [None req-c6b6454c-368b-4bb5-b360-53b1e08a585e 0a849cf52d1f4e599d060988ec3c332c efd6ea1b7a084da28a689bda3633f044 - - default default] Successfully bumped revision number for resource ea5cb5ba-73c0-4e5b-bcd4-c4f0d6ac07fb (type: security_group_rules) to 0
2026-06-30 19:03:24.638 9 INFO neutron.wsgi [None req-c6b6454c-368b-4bb5-b360-53b1e08a585e 0a849cf52d1f4e599d060988ec3c332c efd6ea1b7a084da28a689bda3633f044 - - default default] 10.0.0.54 "GET /v2.0/security-groups?tenant_id=3495e598473b4c98b01d73711bbcdf0b&name=default HTTP/1.1" status: 200 len: 2996 time: 0.2055063
2026-06-30 19:03:24.844 9 INFO neutron.wsgi [None req-a29e6bc7-ab41-4fd2-957f-95ee544b8beb 0a849cf52d1f4e599d060988ec3c332c efd6ea1b7a084da28a689bda3633f044 - - default default] 10.0.0.54 "DELETE /v2.0/security-groups/412c44d9-fe74-4823-9bde-0b97e9375899 HTTP/1.1" status: 204 len: 168 time: 0.1994190
2026-06-30 19:03:25.063 10 INFO neutron.db.ovn_revision_numbers_db [None req-49ebf00c-441a-4bbb-8047-3ac60e665c27 b3533d03d004497094861d75a48245e8 8a1eeb7758414fce9d58bfdb149c25c2 - - default default] Successfully bumped revision number for resource 6763ac81-ac7d-4bed-992d-c172347e1b3d (type: ports) to 2
2026-06-30 19:03:25.090 10 INFO neutron.db.ovn_revision_numbers_db [None req-49ebf00c-441a-4bbb-8047-3ac60e665c27 b3533d03d004497094861d75a48245e8 8a1eeb7758414fce9d58bfdb149c25c2 - - default default] Successfully bumped revision number for resource 732a4f5d-7c67-402e-b07d-5ac4074528d7 (type: subnets) to 0
2026-06-30 19:03:25.104 10 INFO neutron.wsgi [None req-49ebf00c-441a-4bbb-8047-3ac60e665c27 b3533d03d004497094861d75a48245e8 8a1eeb7758414fce9d58bfdb149c25c2 - - default default] 10.0.0.54 "POST /v2.0/subnets HTTP/1.1" status: 201 len: 804 time: 0.8453746
2026-06-30 19:03:25.202 10 INFO neutron.db.segments_db [None req-db19ea7e-9df6-475b-a021-a253e68f5346 b3533d03d004497094861d75a48245e8 8a1eeb7758414fce9d58bfdb149c25c2 - - default default] Added segment f3bbaa18-d3e2-4394-b09e-3a5c87fd62c5 of type geneve for network 54b9ccf7-f41c-439a-b6ac-4a20bf6cabe6
2026-06-30 19:03:25.332 10 INFO neutron.db.ovn_revision_numbers_db [None req-db19ea7e-9df6-475b-a021-a253e68f5346 b3533d03d004497094861d75a48245e8 8a1eeb7758414fce9d58bfdb149c25c2 - - default default] Successfully bumped revision number for resource 54b9ccf7-f41c-439a-b6ac-4a20bf6cabe6 (type: networks) to 1
2026-06-30 19:03:25.531 10 WARNING neutron.scheduler.dhcp_agent_scheduler [None req-db19ea7e-9df6-475b-a021-a253e68f5346 b3533d03d004497094861d75a48245e8 8a1eeb7758414fce9d58bfdb149c25c2 - - default default] No more DHCP agents
2026-06-30 19:03:25.536 10 WARNING neutron.api.rpc.agentnotifiers.dhcp_rpc_agent_api [None req-db19ea7e-9df6-475b-a021-a253e68f5346 b3533d03d004497094861d75a48245e8 8a1eeb7758414fce9d58bfdb149c25c2 - - default default] Unable to schedule network 54b9ccf7-f41c-439a-b6ac-4a20bf6cabe6: no agents available; will retry on subsequent port and subnet creation events.
2026-06-30 19:03:25.630 10 INFO neutron.db.ovn_revision_numbers_db [None req-db19ea7e-9df6-475b-a021-a253e68f5346 b3533d03d004497094861d75a48245e8 8a1eeb7758414fce9d58bfdb149c25c2 - - default default] Successfully bumped revision number for resource ba232a2e-40d1-4031-928e-5fb2c0e9bde2 (type: ports) to 1
2026-06-30 19:03:25.656 10 INFO neutron.wsgi [None req-db19ea7e-9df6-475b-a021-a253e68f5346 b3533d03d004497094861d75a48245e8 8a1eeb7758414fce9d58bfdb149c25c2 - - default default] 10.0.0.54 "POST /v2.0/networks HTTP/1.1" status: 201 len: 829 time: 0.5459292
