2026-06-30 19:03:08.049 9 WARNING neutron.scheduler.dhcp_agent_scheduler [None req-05e94b1b-6898-4a60-a4bf-98947893a74f 7864bf055a74499587f962f23d7ba5b1 fa08c15a898c4cbab3cdb3713dff04b3 - - default default] No more DHCP agents
2026-06-30 19:03:08.051 9 WARNING neutron.api.rpc.agentnotifiers.dhcp_rpc_agent_api [None req-05e94b1b-6898-4a60-a4bf-98947893a74f 7864bf055a74499587f962f23d7ba5b1 fa08c15a898c4cbab3cdb3713dff04b3 - - default default] Unable to schedule network b0cef5e3-e16a-47ee-810b-982ccfffa0d1: no agents available; will retry on subsequent port and subnet creation events. /var/lib/openstack/lib/python3.10/site-packages/pycadf/identifier.py:71: UserWarning: Invalid uuid: neutron. To ensure interoperability, identifiers should be a valid uuid. warnings.warn(('Invalid uuid: %s. To ensure interoperability, '
2026-06-30 19:03:08.133 10 WARNING neutron.scheduler.dhcp_agent_scheduler [None req-49c7ab56-b458-4678-b38d-6a15018fd7b4 a708eff347034d60a22e3f01ee6c40fd e0976d44cd91436787f167463ad219b4 - - default default] No more DHCP agents
2026-06-30 19:03:08.137 10 WARNING neutron.api.rpc.agentnotifiers.dhcp_rpc_agent_api [None req-49c7ab56-b458-4678-b38d-6a15018fd7b4 a708eff347034d60a22e3f01ee6c40fd e0976d44cd91436787f167463ad219b4 - - default default] Unable to schedule network 952f2245-2ded-455e-88c5-865b15f5ae1f: no agents available; will retry on subsequent port and subnet creation events.
2026-06-30 19:03:08.227 9 INFO neutron.db.ovn_revision_numbers_db [None req-05e94b1b-6898-4a60-a4bf-98947893a74f 7864bf055a74499587f962f23d7ba5b1 fa08c15a898c4cbab3cdb3713dff04b3 - - default default] Successfully bumped revision number for resource db14ad64-1031-46dc-8e22-9240b1ea258d (type: ports) to 1
2026-06-30 19:03:08.241 10 INFO neutron.wsgi [req-a1cf647d-c62e-48f8-923d-3a7d7ff14da8 req-929e9ecf-f3c1-4f62-b93f-83e503ea4a1f 9d6b0588b41446b6b1c8953eaffafc15 496eb3ce493345cd85e271d76a9a721b - - default default] 10.0.0.67 "GET /v2.0/ports?device_id=9600ef53-cfe6-4afa-906f-3afb801d7caa HTTP/1.1" status: 200 len: 1400 time: 0.1433680 /var/lib/openstack/lib/python3.10/site-packages/pycadf/identifier.py:71: UserWarning: Invalid uuid: neutron. To ensure interoperability, identifiers should be a valid uuid. warnings.warn(('Invalid uuid: %s. To ensure interoperability, '
2026-06-30 19:03:08.258 10 INFO neutron.db.ovn_revision_numbers_db [None req-49c7ab56-b458-4678-b38d-6a15018fd7b4 a708eff347034d60a22e3f01ee6c40fd e0976d44cd91436787f167463ad219b4 - - default default] Successfully bumped revision number for resource 01fc41b7-d72d-4924-8e1a-c301d58f2845 (type: ports) to 1
2026-06-30 19:03:08.285 10 INFO neutron.wsgi [None req-49c7ab56-b458-4678-b38d-6a15018fd7b4 a708eff347034d60a22e3f01ee6c40fd e0976d44cd91436787f167463ad219b4 - - default default] 10.0.0.54 "POST /v2.0/ports HTTP/1.1" status: 201 len: 942 time: 0.4317846
2026-06-30 19:03:08.289 10 INFO neutron.wsgi [req-a1cf647d-c62e-48f8-923d-3a7d7ff14da8 req-7ba7f7bc-095f-4229-a9cc-fbedf50a89cd 9d6b0588b41446b6b1c8953eaffafc15 496eb3ce493345cd85e271d76a9a721b - - default default] 10.0.0.67 "GET /v2.0/security-groups?id=60697c2e-87cf-483e-a1bc-2d9f66dad185&fields=id&fields=name HTTP/1.1" status: 200 len: 310 time: 0.0410841
2026-06-30 19:03:08.362 10 INFO neutron.wsgi [None req-7a88bda6-d513-42eb-b52e-124c9bc0dd89 a708eff347034d60a22e3f01ee6c40fd e0976d44cd91436787f167463ad219b4 - - default default] 10.0.0.54 "PUT /v2.0/ports/08f75877-7f0b-4948-9bcc-3d78c61f3f8c/tags HTTP/1.1" status: 200 len: 210 time: 0.0723372
2026-06-30 19:03:08.377 10 INFO neutron.wsgi [None req-01370e95-3315-4e12-8969-a460ecfd5350 9d6b0588b41446b6b1c8953eaffafc15 496eb3ce493345cd85e271d76a9a721b - - default default] 10.0.0.54 "GET /v2.0/ports?network_id=856baa50-de77-4fc0-b979-5f1786d91b07&mac_address=fa%3A16%3A3e%3Acd%3A23%3Aee HTTP/1.1" status: 200 len: 1395 time: 0.0577610
2026-06-30 19:03:08.423 9 INFO neutron.wsgi [None req-9f7c9711-29f5-43d3-957d-f80b2560d7e4 a708eff347034d60a22e3f01ee6c40fd e0976d44cd91436787f167463ad219b4 - - default default] 10.0.0.54 "PUT /v2.0/ports/45dd0420-7944-4e3f-a865-f1e0b9e7e2d3/tags HTTP/1.1" status: 200 len: 218 time: 0.0556631
2026-06-30 19:03:08.482 9 INFO neutron.wsgi [None req-148323cd-5441-4a3f-b32d-b4bb9e048343 a708eff347034d60a22e3f01ee6c40fd e0976d44cd91436787f167463ad219b4 - - default default] 10.0.0.54 "PUT /v2.0/ports/d0d600e0-865c-43ef-9422-aa606ab87cb7/tags HTTP/1.1" status: 200 len: 227 time: 0.0529814
2026-06-30 19:03:08.529 10 INFO neutron.wsgi [None req-362b9e29-011c-4642-9bbb-fb58f6c6cea5 a708eff347034d60a22e3f01ee6c40fd e0976d44cd91436787f167463ad219b4 - - default default] 10.0.0.54 "PUT /v2.0/ports/89d58e52-5baf-4dee-b1a3-d49d0226d9ba/tags HTTP/1.1" status: 200 len: 212 time: 0.0416949
2026-06-30 19:03:08.765 10 WARNING neutron.scheduler.dhcp_agent_scheduler [None req-a226b18a-a361-4c15-9237-288cbcf6a92b 9d6b0588b41446b6b1c8953eaffafc15 496eb3ce493345cd85e271d76a9a721b - - default default] No more DHCP agents
2026-06-30 19:03:08.774 10 WARNING neutron.api.rpc.agentnotifiers.dhcp_rpc_agent_api [None req-a226b18a-a361-4c15-9237-288cbcf6a92b 9d6b0588b41446b6b1c8953eaffafc15 496eb3ce493345cd85e271d76a9a721b - - default default] Unable to schedule network b0cef5e3-e16a-47ee-810b-982ccfffa0d1: no agents available; will retry on subsequent port and subnet creation events.
2026-06-30 19:03:08.784 10 INFO neutron.wsgi [None req-b7d08835-4b36-40ed-b45b-1f7136636137 a708eff347034d60a22e3f01ee6c40fd e0976d44cd91436787f167463ad219b4 - - default default] 10.0.0.54 "GET /v2.0/ports?tags=red HTTP/1.1" status: 200 len: 2448 time: 0.2489071
2026-06-30 19:03:08.852 9 INFO neutron.db.ovn_revision_numbers_db [None req-05e94b1b-6898-4a60-a4bf-98947893a74f 7864bf055a74499587f962f23d7ba5b1 fa08c15a898c4cbab3cdb3713dff04b3 - - default default] Successfully bumped revision number for resource db14ad64-1031-46dc-8e22-9240b1ea258d (type: router_ports) to 1
2026-06-30 19:03:08.859 10 INFO neutron.plugins.ml2.drivers.ovn.mech_driver.mech_driver [None req-927cb639-e77b-4ed0-8acd-af16ea5cce02 - - - - - -] OVN reports status up for port: db14ad64-1031-46dc-8e22-9240b1ea258d
2026-06-30 19:03:08.868 10 INFO neutron.wsgi [None req-51644a73-2e35-4b6d-93cf-7e262dde7e10 a708eff347034d60a22e3f01ee6c40fd e0976d44cd91436787f167463ad219b4 - - default default] 10.0.0.54 "GET /v2.0/ports?tags=red%2Cblue HTTP/1.1" status: 200 len: 1708 time: 0.0769742
2026-06-30 19:03:08.875 10 INFO neutron.plugins.ml2.plugin [None req-927cb639-e77b-4ed0-8acd-af16ea5cce02 - - - - - -] Attempt 1 to provision port db14ad64-1031-46dc-8e22-9240b1ea258d
2026-06-30 19:03:08.953 9 INFO neutron.db.ovn_revision_numbers_db [None req-05e94b1b-6898-4a60-a4bf-98947893a74f 7864bf055a74499587f962f23d7ba5b1 fa08c15a898c4cbab3cdb3713dff04b3 - - default default] Successfully bumped revision number for resource 1e437b8c-e671-4c13-b833-a0b1ce12a662 (type: routers) to 2
2026-06-30 19:03:08.971 9 INFO neutron.wsgi [None req-05e94b1b-6898-4a60-a4bf-98947893a74f 7864bf055a74499587f962f23d7ba5b1 fa08c15a898c4cbab3cdb3713dff04b3 - - default default] 10.0.0.54 "POST /v2.0/routers HTTP/1.1" status: 201 len: 868 time: 1.5097632
2026-06-30 19:03:08.997 9 INFO neutron.wsgi [None req-dd53a67e-b76c-41f2-a8b1-e8efaf445f6e a708eff347034d60a22e3f01ee6c40fd e0976d44cd91436787f167463ad219b4 - - default default] 10.0.0.54 "GET /v2.0/ports?tags-any=blue HTTP/1.1" status: 200 len: 1708 time: 0.1247036
2026-06-30 19:03:09.054 10 INFO neutron.wsgi [None req-ca9c04d7-5b36-4deb-b740-7a1ef223c568 7864bf055a74499587f962f23d7ba5b1 fa08c15a898c4cbab3cdb3713dff04b3 - - default default] 10.0.0.54 "GET /v2.0/routers/1e437b8c-e671-4c13-b833-a0b1ce12a662 HTTP/1.1" status: 200 len: 869 time: 0.0754864
2026-06-30 19:03:09.100 9 INFO neutron.wsgi [None req-443251f2-020e-455f-8d5f-3b04df17ff10 a708eff347034d60a22e3f01ee6c40fd e0976d44cd91436787f167463ad219b4 - - default default] 10.0.0.54 "GET /v2.0/ports?tags-any=red%2Cblue HTTP/1.1" status: 200 len: 2448 time: 0.0944700
2026-06-30 19:03:09.207 10 INFO neutron.wsgi [None req-5ddd874e-4813-4ae7-b23c-bfe98c59f36e 7864bf055a74499587f962f23d7ba5b1 fa08c15a898c4cbab3cdb3713dff04b3 - - default default] 10.0.0.54 "GET /v2.0/routers HTTP/1.1" status: 200 len: 872 time: 0.1473367
2026-06-30 19:03:09.248 9 INFO neutron.wsgi [None req-a7079f34-48d4-4529-877f-f2fe80f540d8 a708eff347034d60a22e3f01ee6c40fd e0976d44cd91436787f167463ad219b4 - - default default] 10.0.0.54 "GET /v2.0/ports?not-tags=red HTTP/1.1" status: 200 len: 5463 time: 0.1427634
2026-06-30 19:03:09.341 9 INFO neutron.wsgi [None req-c12d5d0e-4262-4bec-b2f9-ffc931fbee20 a708eff347034d60a22e3f01ee6c40fd e0976d44cd91436787f167463ad219b4 - - default default] 10.0.0.54 "GET /v2.0/ports?not-tags=red%2Cblue HTTP/1.1" status: 200 len: 6203 time: 0.0882268
2026-06-30 19:03:09.400 10 INFO neutron.db.l3_db [None req-a226b18a-a361-4c15-9237-288cbcf6a92b 9d6b0588b41446b6b1c8953eaffafc15 496eb3ce493345cd85e271d76a9a721b - - default default] Floating IP 3ee45a96-4fb1-4b6f-a992-d603130f8a34 associated. External IP: 10.96.250.213, port: f253c596-f676-4681-95a9-e7a17b464030.
2026-06-30 19:03:09.420 9 INFO neutron.wsgi [None req-e254a2a5-ed84-4829-83f3-6e2850f311f3 a708eff347034d60a22e3f01ee6c40fd e0976d44cd91436787f167463ad219b4 - - default default] 10.0.0.54 "GET /v2.0/ports?not-tags-any=blue HTTP/1.1" status: 200 len: 6203 time: 0.0742233
2026-06-30 19:03:09.478 9 INFO neutron.wsgi [None req-db8fbfac-dd52-4203-9ea8-bf6c27e49451 a708eff347034d60a22e3f01ee6c40fd e0976d44cd91436787f167463ad219b4 - - default default] 10.0.0.54 "GET /v2.0/ports?not-tags-any=red%2Cblue HTTP/1.1" status: 200 len: 5463 time: 0.0530298
2026-06-30 19:03:09.942 10 INFO neutron.db.ovn_revision_numbers_db [None req-a226b18a-a361-4c15-9237-288cbcf6a92b 9d6b0588b41446b6b1c8953eaffafc15 496eb3ce493345cd85e271d76a9a721b - - default default] Successfully bumped revision number for resource 3ee45a96-4fb1-4b6f-a992-d603130f8a34 (type: floatingips) to 0
2026-06-30 19:03:10.042 9 INFO neutron.wsgi [None req-2f7c1292-73c4-47f5-a353-158fd5383525 a708eff347034d60a22e3f01ee6c40fd e0976d44cd91436787f167463ad219b4 - - default default] 10.0.0.54 "DELETE /v2.0/ports/08f75877-7f0b-4948-9bcc-3d78c61f3f8c HTTP/1.1" status: 204 len: 168 time: 0.5563097
2026-06-30 19:03:10.063 10 INFO neutron.db.ovn_revision_numbers_db [None req-137b2916-b577-4f22-b837-a6b3a655098f 7864bf055a74499587f962f23d7ba5b1 fa08c15a898c4cbab3cdb3713dff04b3 - - default default] Successfully bumped revision number for resource 1e437b8c-e671-4c13-b833-a0b1ce12a662 (type: routers) to 3
2026-06-30 19:03:10.066 10 INFO neutron.wsgi [None req-137b2916-b577-4f22-b837-a6b3a655098f 7864bf055a74499587f962f23d7ba5b1 fa08c15a898c4cbab3cdb3713dff04b3 - - default default] 10.0.0.54 "PUT /v2.0/routers/1e437b8c-e671-4c13-b833-a0b1ce12a662 HTTP/1.1" status: 200 len: 876 time: 0.8529325
2026-06-30 19:03:10.081 10 INFO neutron.db.ovn_revision_numbers_db [None req-a226b18a-a361-4c15-9237-288cbcf6a92b 9d6b0588b41446b6b1c8953eaffafc15 496eb3ce493345cd85e271d76a9a721b - - default default] Successfully bumped revision number for resource 3ee45a96-4fb1-4b6f-a992-d603130f8a34 (type: floatingips) to 1
2026-06-30 19:03:10.139 10 INFO neutron.wsgi [None req-a226b18a-a361-4c15-9237-288cbcf6a92b 9d6b0588b41446b6b1c8953eaffafc15 496eb3ce493345cd85e271d76a9a721b - - default default] 10.0.0.54 "POST /v2.0/floatingips HTTP/1.1" status: 201 len: 1054 time: 1.7577307
2026-06-30 19:03:10.155 10 INFO neutron.wsgi [None req-a1070837-99ed-45aa-ad27-238484aff940 7864bf055a74499587f962f23d7ba5b1 fa08c15a898c4cbab3cdb3713dff04b3 - - default default] 10.0.0.54 "GET /v2.0/routers/1e437b8c-e671-4c13-b833-a0b1ce12a662 HTTP/1.1" status: 200 len: 876 time: 0.0801926
2026-06-30 19:03:10.179 10 INFO neutron.notifiers.nova [-] Nova event matching ['req-98552c2a-c1d7-4deb-86c7-8e53aa15292d'] response: {'name': 'network-changed', 'server_uuid': '9600ef53-cfe6-4afa-906f-3afb801d7caa', 'tag': 'f253c596-f676-4681-95a9-e7a17b464030', 'status': 'completed', 'code': 200}
2026-06-30 19:03:10.182 10 INFO neutron.wsgi [None req-bab8ea96-15b9-4b9a-acb0-7d806136aded 7864bf055a74499587f962f23d7ba5b1 fa08c15a898c4cbab3cdb3713dff04b3 - - default default] 10.0.0.54 "GET /v2.0/ports?device_id=1e437b8c-e671-4c13-b833-a0b1ce12a662 HTTP/1.1" status: 200 len: 205 time: 0.0227411
2026-06-30 19:03:10.239 10 INFO neutron.wsgi [req-845da7b4-2fec-4cf6-8661-90785e3c8bbf req-7809e392-dad9-4fce-933b-72517ba7ff4f 4cb05f392a8e4253b49567a80e16c3bc 7f99b634af1d45c0a96352aea564cd51 - - bfdd529dde0f4ab7b942fd931fe7815e bfdd529dde0f4ab7b942fd931fe7815e] 199.204.45.23 "GET /v2.0/ports?tenant_id=496eb3ce493345cd85e271d76a9a721b&device_id=9600ef53-cfe6-4afa-906f-3afb801d7caa HTTP/1.1" status: 200 len: 1638 time: 0.0429039
2026-06-30 19:03:10.286 10 INFO neutron.wsgi [req-8facc402-6a91-4481-87b2-8b658d692f46 req-ce5a26a4-f860-44cd-aa51-40acb07d48ad 9d6b0588b41446b6b1c8953eaffafc15 496eb3ce493345cd85e271d76a9a721b - - default default] 10.0.0.67 "GET /v2.0/security-groups?name=tempest-lb_member_SG-637421991&fields=id&tenant_id=496eb3ce493345cd85e271d76a9a721b HTTP/1.1" status: 200 len: 267 time: 0.0639055
2026-06-30 19:03:10.331 10 INFO neutron.wsgi [req-845da7b4-2fec-4cf6-8661-90785e3c8bbf req-50c6634b-c874-4932-85e6-97e108c36a11 4cb05f392a8e4253b49567a80e16c3bc 7f99b634af1d45c0a96352aea564cd51 - - bfdd529dde0f4ab7b942fd931fe7815e bfdd529dde0f4ab7b942fd931fe7815e] 199.204.45.23 "GET /v2.0/networks?id=856baa50-de77-4fc0-b979-5f1786d91b07 HTTP/1.1" status: 200 len: 1003 time: 0.0827301
2026-06-30 19:03:10.347 9 INFO neutron.wsgi [None req-71c857cb-8116-466e-8d87-c65f56a67b5c a708eff347034d60a22e3f01ee6c40fd e0976d44cd91436787f167463ad219b4 - - default default] 10.0.0.54 "DELETE /v2.0/ports/45dd0420-7944-4e3f-a865-f1e0b9e7e2d3 HTTP/1.1" status: 204 len: 168 time: 0.2988811
2026-06-30 19:03:10.389 10 INFO neutron.wsgi [req-8facc402-6a91-4481-87b2-8b658d692f46 req-06cde847-0572-4f49-a5e5-dd86957667ee 9d6b0588b41446b6b1c8953eaffafc15 496eb3ce493345cd85e271d76a9a721b - - default default] 10.0.0.67 "GET /v2.0/networks?id=dbcc97d2-bd53-4658-87b9-43cd69a3f0a6 HTTP/1.1" status: 200 len: 903 time: 0.0945973
2026-06-30 19:03:10.400 10 INFO neutron.wsgi [req-845da7b4-2fec-4cf6-8661-90785e3c8bbf req-c96a4056-78b5-40d3-ab64-6c78d54903f7 4cb05f392a8e4253b49567a80e16c3bc 7f99b634af1d45c0a96352aea564cd51 - - bfdd529dde0f4ab7b942fd931fe7815e bfdd529dde0f4ab7b942fd931fe7815e] 199.204.45.23 "GET /v2.0/floatingips?fixed_ip_address=10.2.1.110&port_id=f253c596-f676-4681-95a9-e7a17b464030 HTTP/1.1" status: 200 len: 1059 time: 0.0620177
2026-06-30 19:03:10.419 10 INFO neutron.wsgi [req-8facc402-6a91-4481-87b2-8b658d692f46 req-59c5f706-b251-4d63-bb7f-31a9fac521ed 9d6b0588b41446b6b1c8953eaffafc15 496eb3ce493345cd85e271d76a9a721b - - default default] 10.0.0.67 "GET /v2.0/quotas/496eb3ce493345cd85e271d76a9a721b HTTP/1.1" status: 200 len: 386 time: 0.0219796
2026-06-30 19:03:10.437 10 INFO neutron.wsgi [req-845da7b4-2fec-4cf6-8661-90785e3c8bbf req-cce961a9-b1e9-437b-8c1b-646038ae73fd 4cb05f392a8e4253b49567a80e16c3bc 7f99b634af1d45c0a96352aea564cd51 - - bfdd529dde0f4ab7b942fd931fe7815e bfdd529dde0f4ab7b942fd931fe7815e] 199.204.45.23 "GET /v2.0/floatingips?fixed_ip_address=fd7b%3Af9f7%3Afff%3A4eca%3A%3A3bb&port_id=f253c596-f676-4681-95a9-e7a17b464030 HTTP/1.1" status: 200 len: 217 time: 0.0276651
2026-06-30 19:03:10.453 9 WARNING neutron.plugins.ml2.drivers.ovn.mech_driver.ovsdb.ovn_client [None req-29632e1d-96b4-4d76-964f-c7a8f6ae78a0 - - - - - -] No port found with ID 567691b8-95f4-4aa3-bfdd-1421355dfe3e: RuntimeError: No port found with ID 567691b8-95f4-4aa3-bfdd-1421355dfe3e
2026-06-30 19:03:10.494 10 INFO neutron.wsgi [req-845da7b4-2fec-4cf6-8661-90785e3c8bbf req-74a761fd-e58f-43f3-bbb9-5d97875b39ea 4cb05f392a8e4253b49567a80e16c3bc 7f99b634af1d45c0a96352aea564cd51 - - bfdd529dde0f4ab7b942fd931fe7815e bfdd529dde0f4ab7b942fd931fe7815e] 199.204.45.23 "GET /v2.0/subnets?id=508b98d4-5f7f-4393-a81d-7d24aef1ee0a&id=53f54ddc-b0a1-460e-8086-08640038dc92 HTTP/1.1" status: 200 len: 1561 time: 0.0437720
2026-06-30 19:03:10.540 10 INFO neutron.wsgi [req-845da7b4-2fec-4cf6-8661-90785e3c8bbf req-6fbc85cf-8d3a-475f-accd-5919e2446d2c 4cb05f392a8e4253b49567a80e16c3bc 7f99b634af1d45c0a96352aea564cd51 - - bfdd529dde0f4ab7b942fd931fe7815e bfdd529dde0f4ab7b942fd931fe7815e] 199.204.45.23 "GET /v2.0/ports?network_id=856baa50-de77-4fc0-b979-5f1786d91b07&device_owner=network%3Adhcp HTTP/1.1" status: 200 len: 210 time: 0.0381429
2026-06-30 19:03:10.579 10 INFO neutron.wsgi [req-845da7b4-2fec-4cf6-8661-90785e3c8bbf req-137c3b5a-37dd-48f2-b38f-e5824765f3bc 4cb05f392a8e4253b49567a80e16c3bc 7f99b634af1d45c0a96352aea564cd51 - - bfdd529dde0f4ab7b942fd931fe7815e bfdd529dde0f4ab7b942fd931fe7815e] 199.204.45.23 "GET /v2.0/ports?network_id=856baa50-de77-4fc0-b979-5f1786d91b07&device_owner=network%3Adhcp HTTP/1.1" status: 200 len: 210 time: 0.0271823
2026-06-30 19:03:10.704 10 INFO neutron.wsgi [req-845da7b4-2fec-4cf6-8661-90785e3c8bbf req-85e9381d-4495-467e-98ba-50f7c6e747bf 4cb05f392a8e4253b49567a80e16c3bc 7f99b634af1d45c0a96352aea564cd51 - - bfdd529dde0f4ab7b942fd931fe7815e bfdd529dde0f4ab7b942fd931fe7815e] 199.204.45.23 "GET /v2.0/networks/856baa50-de77-4fc0-b979-5f1786d91b07?fields=segments HTTP/1.1" status: 200 len: 212 time: 0.1161368
2026-06-30 19:03:10.710 10 INFO neutron.wsgi [req-8facc402-6a91-4481-87b2-8b658d692f46 req-e41170dc-a94c-40f6-817c-e64d87c12dc0 9d6b0588b41446b6b1c8953eaffafc15 496eb3ce493345cd85e271d76a9a721b - - default default] 10.0.0.67 "GET /v2.0/ports?tenant_id=496eb3ce493345cd85e271d76a9a721b&fields=id HTTP/1.1" status: 200 len: 532 time: 0.2755640
2026-06-30 19:03:10.807 10 INFO neutron.wsgi [None req-cc896370-3771-4466-b862-f5d088baa622 a708eff347034d60a22e3f01ee6c40fd e0976d44cd91436787f167463ad219b4 - - default default] 10.0.0.54 "DELETE /v2.0/ports/d0d600e0-865c-43ef-9422-aa606ab87cb7 HTTP/1.1" status: 204 len: 168 time: 0.4460607
2026-06-30 19:03:10.809 10 INFO neutron.wsgi [req-845da7b4-2fec-4cf6-8661-90785e3c8bbf req-50fc467e-e383-4613-9ea3-30ff52c72419 4cb05f392a8e4253b49567a80e16c3bc 7f99b634af1d45c0a96352aea564cd51 - - bfdd529dde0f4ab7b942fd931fe7815e bfdd529dde0f4ab7b942fd931fe7815e] 199.204.45.23 "GET /v2.0/networks/856baa50-de77-4fc0-b979-5f1786d91b07?fields=provider%3Aphysical_network&fields=provider%3Anetwork_type HTTP/1.1" status: 200 len: 277 time: 0.0966504
2026-06-30 19:03:10.819 10 INFO neutron.wsgi [req-8facc402-6a91-4481-87b2-8b658d692f46 req-2dfc8355-06e0-4f73-84ad-cb65c3b690ea 4cb05f392a8e4253b49567a80e16c3bc 7f99b634af1d45c0a96352aea564cd51 - - bfdd529dde0f4ab7b942fd931fe7815e bfdd529dde0f4ab7b942fd931fe7815e] 10.0.0.67 "GET /v2.0/networks/dbcc97d2-bd53-4658-87b9-43cd69a3f0a6?fields=segments HTTP/1.1" status: 200 len: 212 time: 0.0951490
2026-06-30 19:03:10.843 9 INFO neutron.wsgi [None req-74ee1b68-90a6-4a66-8040-3239cc6a9eeb 7864bf055a74499587f962f23d7ba5b1 fa08c15a898c4cbab3cdb3713dff04b3 - - default default] 10.0.0.54 "DELETE /v2.0/routers/1e437b8c-e671-4c13-b833-a0b1ce12a662 HTTP/1.1" status: 204 len: 168 time: 0.6445637 /var/lib/openstack/lib/python3.10/site-packages/pycadf/identifier.py:71: UserWarning: Invalid uuid: neutron. To ensure interoperability, identifiers should be a valid uuid. warnings.warn(('Invalid uuid: %s. To ensure interoperability, '
2026-06-30 19:03:10.872 9 INFO neutron.wsgi [None req-9cb14044-1218-4b74-b1f6-9a4a0eb1a664 7864bf055a74499587f962f23d7ba5b1 fa08c15a898c4cbab3cdb3713dff04b3 - - default default] 10.0.0.54 "GET /v2.0/ports?device_id=1e437b8c-e671-4c13-b833-a0b1ce12a662 HTTP/1.1" status: 200 len: 205 time: 0.0212305
2026-06-30 19:03:10.901 9 INFO neutron.api.v2.resource [None req-faf97c2b-baa2-488b-aeaa-fbf1ffa16a47 7864bf055a74499587f962f23d7ba5b1 fa08c15a898c4cbab3cdb3713dff04b3 - - default default] delete failed (client error): The resource could not be found.
2026-06-30 19:03:10.902 9 INFO neutron.wsgi [None req-faf97c2b-baa2-488b-aeaa-fbf1ffa16a47 7864bf055a74499587f962f23d7ba5b1 fa08c15a898c4cbab3cdb3713dff04b3 - - default default] 10.0.0.54 "DELETE /v2.0/routers/1e437b8c-e671-4c13-b833-a0b1ce12a662 HTTP/1.1" status: 404 len: 336 time: 0.0253270
2026-06-30 19:03:10.923 9 INFO neutron.wsgi [None req-55649189-7a45-4903-b08b-cfd8d42d48c7 7864bf055a74499587f962f23d7ba5b1 fa08c15a898c4cbab3cdb3713dff04b3 - - default default] 10.0.0.54 "GET /v2.0/ports?device_id=60ee4708-5fd5-4914-a535-0314bacbadac HTTP/1.1" status: 200 len: 205 time: 0.0167654
2026-06-30 19:03:10.948 9 INFO neutron.api.v2.resource [None req-993db716-b836-4b00-ac4b-ec80397b4535 7864bf055a74499587f962f23d7ba5b1 fa08c15a898c4cbab3cdb3713dff04b3 - - default default] delete failed (client error): The resource could not be found.
2026-06-30 19:03:10.949 9 INFO neutron.wsgi [None req-993db716-b836-4b00-ac4b-ec80397b4535 7864bf055a74499587f962f23d7ba5b1 fa08c15a898c4cbab3cdb3713dff04b3 - - default default] 10.0.0.54 "DELETE /v2.0/routers/60ee4708-5fd5-4914-a535-0314bacbadac HTTP/1.1" status: 404 len: 336 time: 0.0205319
2026-06-30 19:03:10.970 9 INFO neutron.pecan_wsgi.hooks.translation [None req-d63f03b4-f597-4386-97ea-2fdb2edb7a4a 7864bf055a74499587f962f23d7ba5b1 fa08c15a898c4cbab3cdb3713dff04b3 - - default default] DELETE failed (client error): The resource could not be found.
2026-06-30 19:03:10.972 9 INFO neutron.wsgi [None req-d63f03b4-f597-4386-97ea-2fdb2edb7a4a 7864bf055a74499587f962f23d7ba5b1 fa08c15a898c4cbab3cdb3713dff04b3 - - default default] 10.0.0.54 "DELETE /v2.0/subnets/65097850-ae19-4ffd-bd73-6fda629e076a HTTP/1.1" status: 404 len: 337 time: 0.0162473
2026-06-30 19:03:11.006 9 INFO neutron.wsgi [None req-747fd7ee-19f2-41ea-bd7e-233e79d8f481 7864bf055a74499587f962f23d7ba5b1 fa08c15a898c4cbab3cdb3713dff04b3 - - default default] 10.0.0.54 "GET /v2.0/ports?device_id=39093c25-a3f2-4cc0-a866-65faf4ce03a5 HTTP/1.1" status: 200 len: 205 time: 0.0273588
2026-06-30 19:03:11.033 9 INFO neutron.api.v2.resource [None req-373e4467-72ae-4980-941a-ae03c3ecb2ff 7864bf055a74499587f962f23d7ba5b1 fa08c15a898c4cbab3cdb3713dff04b3 - - default default] delete failed (client error): The resource could not be found.
2026-06-30 19:03:11.034 9 INFO neutron.wsgi [None req-373e4467-72ae-4980-941a-ae03c3ecb2ff 7864bf055a74499587f962f23d7ba5b1 fa08c15a898c4cbab3cdb3713dff04b3 - - default default] 10.0.0.54 "DELETE /v2.0/routers/39093c25-a3f2-4cc0-a866-65faf4ce03a5 HTTP/1.1" status: 404 len: 336 time: 0.0239182
2026-06-30 19:03:11.053 9 INFO neutron.pecan_wsgi.hooks.translation [None req-e1d92bf5-1916-4bdb-bd38-5cfcb7b3281e 7864bf055a74499587f962f23d7ba5b1 fa08c15a898c4cbab3cdb3713dff04b3 - - default default] DELETE failed (client error): The resource could not be found.
2026-06-30 19:03:11.055 9 INFO neutron.wsgi [None req-e1d92bf5-1916-4bdb-bd38-5cfcb7b3281e 7864bf055a74499587f962f23d7ba5b1 fa08c15a898c4cbab3cdb3713dff04b3 - - default default] 10.0.0.54 "DELETE /v2.0/subnets/367d490f-f41d-4380-a6f2-771cc68e4753 HTTP/1.1" status: 404 len: 337 time: 0.0162871
2026-06-30 19:03:11.074 10 INFO neutron.wsgi [req-8facc402-6a91-4481-87b2-8b658d692f46 req-e985935c-b369-42ac-8073-f32582876d6a 4cb05f392a8e4253b49567a80e16c3bc 7f99b634af1d45c0a96352aea564cd51 - - bfdd529dde0f4ab7b942fd931fe7815e bfdd529dde0f4ab7b942fd931fe7815e] 10.0.0.67 "GET /v2.0/networks/dbcc97d2-bd53-4658-87b9-43cd69a3f0a6?fields=provider%3Aphysical_network&fields=provider%3Anetwork_type HTTP/1.1" status: 200 len: 277 time: 0.2457414
2026-06-30 19:03:11.080 9 INFO neutron.wsgi [None req-88c718cc-8293-422e-afa6-c76af996361b 7864bf055a74499587f962f23d7ba5b1 fa08c15a898c4cbab3cdb3713dff04b3 - - default default] 10.0.0.54 "GET /v2.0/ports?device_id=557e4b78-1e31-4986-bace-80419f851630 HTTP/1.1" status: 200 len: 205 time: 0.0212505
2026-06-30 19:03:11.107 9 INFO neutron.api.v2.resource [None req-191376bf-4f1b-4d33-bf2e-45eab6a765c1 7864bf055a74499587f962f23d7ba5b1 fa08c15a898c4cbab3cdb3713dff04b3 - - default default] delete failed (client error): The resource could not be found.
2026-06-30 19:03:11.109 9 INFO neutron.wsgi [None req-191376bf-4f1b-4d33-bf2e-45eab6a765c1 7864bf055a74499587f962f23d7ba5b1 fa08c15a898c4cbab3cdb3713dff04b3 - - default default] 10.0.0.54 "DELETE /v2.0/routers/557e4b78-1e31-4986-bace-80419f851630 HTTP/1.1" status: 404 len: 336 time: 0.0246010
2026-06-30 19:03:11.134 9 INFO neutron.pecan_wsgi.hooks.translation [None req-7bb7c728-3cbe-487e-817d-33d8b9c174d5 7864bf055a74499587f962f23d7ba5b1 fa08c15a898c4cbab3cdb3713dff04b3 - - default default] DELETE failed (client error): The resource could not be found.
2026-06-30 19:03:11.138 9 INFO neutron.wsgi [None req-7bb7c728-3cbe-487e-817d-33d8b9c174d5 7864bf055a74499587f962f23d7ba5b1 fa08c15a898c4cbab3cdb3713dff04b3 - - default default] 10.0.0.54 "DELETE /v2.0/subnets/a5920b16-4b70-416f-9975-d01d0892d447 HTTP/1.1" status: 404 len: 337 time: 0.0253034
2026-06-30 19:03:11.169 9 INFO neutron.pecan_wsgi.hooks.translation [None req-ff0dc06d-2c18-4e04-87a1-b1c8c98bb5d7 7864bf055a74499587f962f23d7ba5b1 fa08c15a898c4cbab3cdb3713dff04b3 - - default default] DELETE failed (client error): The resource could not be found.
2026-06-30 19:03:11.172 9 INFO neutron.wsgi [None req-ff0dc06d-2c18-4e04-87a1-b1c8c98bb5d7 7864bf055a74499587f962f23d7ba5b1 fa08c15a898c4cbab3cdb3713dff04b3 - - default default] 10.0.0.54 "DELETE /v2.0/subnets/aad6680b-09fb-4d12-b675-f3b405232563 HTTP/1.1" status: 404 len: 337 time: 0.0277784
2026-06-30 19:03:11.203 10 INFO neutron.wsgi [req-142ecc84-37c0-458c-8081-ee32492b59b3 req-83c20652-928e-4a9e-97b0-aaa1e8f82f34 9d6b0588b41446b6b1c8953eaffafc15 496eb3ce493345cd85e271d76a9a721b - - default default] 10.0.0.67 "GET /v2.0/ports?device_id=636d350f-2c96-4130-a4e9-fc7ebcf5aea7 HTTP/1.1" status: 200 len: 210 time: 0.0239477
2026-06-30 19:03:11.240 10 INFO neutron.wsgi [None req-f708a042-4124-4af7-a38f-5befdf1b83e3 a708eff347034d60a22e3f01ee6c40fd e0976d44cd91436787f167463ad219b4 - - default default] 10.0.0.54 "DELETE /v2.0/ports/89d58e52-5baf-4dee-b1a3-d49d0226d9ba HTTP/1.1" status: 204 len: 168 time: 0.4287474
2026-06-30 19:03:11.279 10 INFO neutron.wsgi [req-5e9d4c67-79d6-412e-bc35-44f4d62e3693 req-a6044ef7-e563-45f6-9110-3e1e54310bea ec29be456a5a4fbf8e0f2de818a20779 3ab6e6863a2a40b48db06ff9f87239a5 - - default default] 10.0.0.67 "GET /v2.0/ports?device_id=03425db8-5e47-4137-b84a-b64828a0d376 HTTP/1.1" status: 200 len: 1170 time: 0.0919337
2026-06-30 19:03:11.321 10 INFO neutron.wsgi [req-5e9d4c67-79d6-412e-bc35-44f4d62e3693 req-d9611abe-6f52-459c-8861-a86237a59780 ec29be456a5a4fbf8e0f2de818a20779 3ab6e6863a2a40b48db06ff9f87239a5 - - default default] 10.0.0.67 "GET /v2.0/security-groups?id=93e94f81-b2ce-4f63-a996-7f00bdf0b5d5&fields=id&fields=name HTTP/1.1" status: 200 len: 312 time: 0.0356553
2026-06-30 19:03:11.428 10 INFO neutron.wsgi [req-6c1358c0-e046-4ac2-96c6-4dda630b0367 req-64469b80-62fc-47b3-a06b-ec3c65942ace ec29be456a5a4fbf8e0f2de818a20779 3ab6e6863a2a40b48db06ff9f87239a5 - - default default] 10.0.0.67 "GET /v2.0/ports?device_id=03425db8-5e47-4137-b84a-b64828a0d376 HTTP/1.1" status: 200 len: 1170 time: 0.0399623
2026-06-30 19:03:11.485 10 INFO neutron.wsgi [req-6c1358c0-e046-4ac2-96c6-4dda630b0367 req-c0018eae-6ae8-44bc-a161-a13a5693db04 ec29be456a5a4fbf8e0f2de818a20779 3ab6e6863a2a40b48db06ff9f87239a5 - - default default] 10.0.0.67 "GET /v2.0/security-groups?id=93e94f81-b2ce-4f63-a996-7f00bdf0b5d5&fields=id&fields=name HTTP/1.1" status: 200 len: 312 time: 0.0502784
2026-06-30 19:03:11.490 9 INFO neutron.wsgi [None req-b35753d8-9875-49f7-a5c7-895cdccfe90a a708eff347034d60a22e3f01ee6c40fd e0976d44cd91436787f167463ad219b4 - - default default] 10.0.0.54 "DELETE /v2.0/ports/01fc41b7-d72d-4924-8e1a-c301d58f2845 HTTP/1.1" status: 204 len: 168 time: 0.2449379
2026-06-30 19:03:11.871 10 INFO neutron.wsgi [None req-179fcb44-4b93-4e34-9aca-f7105d78d16e 0a849cf52d1f4e599d060988ec3c332c efd6ea1b7a084da28a689bda3633f044 - - default default] 10.0.0.54 "GET /v2.0/security-groups?tenant_id=fa08c15a898c4cbab3cdb3713dff04b3&name=default HTTP/1.1" status: 200 len: 2996 time: 0.1905191
2026-06-30 19:03:11.877 10 INFO neutron.wsgi [req-d6dd5d99-db20-4215-a15f-d4fa4daa9237 req-49bccc43-d5a2-4bd5-bcc7-04be6f25e6cb ec29be456a5a4fbf8e0f2de818a20779 3ab6e6863a2a40b48db06ff9f87239a5 - - default default] 10.0.0.67 "GET /v2.0/ports?device_id=03425db8-5e47-4137-b84a-b64828a0d376 HTTP/1.1" status: 200 len: 1170 time: 0.0679026
2026-06-30 19:03:11.896 10 INFO neutron.wsgi [req-b2adde78-a5a7-4bbf-9f97-f6cc64720537 req-3f7a2952-ea8b-4120-8f97-3003988337cc 4cb05f392a8e4253b49567a80e16c3bc 7f99b634af1d45c0a96352aea564cd51 - - bfdd529dde0f4ab7b942fd931fe7815e bfdd529dde0f4ab7b942fd931fe7815e] 199.204.45.23 "GET /v2.0/ports?tenant_id=3ab6e6863a2a40b48db06ff9f87239a5&device_id=03425db8-5e47-4137-b84a-b64828a0d376 HTTP/1.1" status: 200 len: 1409 time: 0.0587287
2026-06-30 19:03:11.898 9 INFO neutron.services.segments.plugin [-] Segment 1f02a37d-f805-4d6b-8fbf-8df8c6eb06e3 resource provider aggregate not found
2026-06-30 19:03:11.914 9 INFO neutron.services.segments.plugin [-] Segment 1f02a37d-f805-4d6b-8fbf-8df8c6eb06e3 resource provider aggregate not found
2026-06-30 19:03:11.926 9 INFO neutron.services.segments.plugin [-] Segment 1f02a37d-f805-4d6b-8fbf-8df8c6eb06e3 resource provider not found; error: Placement Client Error (4xx): {"errors": [{"status": 404, "title": "Not Found", "detail": "The resource could not be found.\n\n No resource provider with uuid 1f02a37d-f805-4d6b-8fbf-8df8c6eb06e3 found for delete ", "request_id": "req-939c6e35-cdbf-4588-a369-7e7ff4202ddd"}]}
2026-06-30 19:03:11.941 9 INFO neutron.services.segments.plugin [-] Segment 1f02a37d-f805-4d6b-8fbf-8df8c6eb06e3 resource provider not found; error: Placement Client Error (4xx): {"errors": [{"status": 404, "title": "Not Found", "detail": "The resource could not be found.\n\n No resource provider with uuid 1f02a37d-f805-4d6b-8fbf-8df8c6eb06e3 found for delete ", "request_id": "req-995c0534-f147-49aa-b173-bd298efe2d76"}]}
2026-06-30 19:03:11.968 10 INFO neutron.wsgi [req-d6dd5d99-db20-4215-a15f-d4fa4daa9237 req-f2110cd8-4551-454d-9abd-ded880ad20e1 ec29be456a5a4fbf8e0f2de818a20779 3ab6e6863a2a40b48db06ff9f87239a5 - - default default] 10.0.0.67 "GET /v2.0/security-groups?id=93e94f81-b2ce-4f63-a996-7f00bdf0b5d5&fields=id&fields=name HTTP/1.1" status: 200 len: 312 time: 0.0812211
2026-06-30 19:03:11.990 10 INFO neutron.wsgi [req-b2adde78-a5a7-4bbf-9f97-f6cc64720537 req-adf6889c-6965-406b-8763-c3506a8460fb 4cb05f392a8e4253b49567a80e16c3bc 7f99b634af1d45c0a96352aea564cd51 - - bfdd529dde0f4ab7b942fd931fe7815e bfdd529dde0f4ab7b942fd931fe7815e] 199.204.45.23 "GET /v2.0/networks?id=88957be7-cf47-47e1-a2f6-13c639f73ba7 HTTP/1.1" status: 200 len: 972 time: 0.0854137
2026-06-30 19:03:11.999 9 INFO neutron.wsgi [None req-977b561e-c0c2-4fb8-8eea-888baacb291f a708eff347034d60a22e3f01ee6c40fd e0976d44cd91436787f167463ad219b4 - - default default] 10.0.0.54 "DELETE /v2.0/networks/6be5ce2c-ba20-49c3-a51e-e96a78a59f28 HTTP/1.1" status: 204 len: 168 time: 0.5035195
2026-06-30 19:03:12.018 9 INFO neutron.wsgi [req-8facc402-6a91-4481-87b2-8b658d692f46 req-1eba99d7-e29a-4df8-9ccf-e6dcbd6dbc1e 9d6b0588b41446b6b1c8953eaffafc15 496eb3ce493345cd85e271d76a9a721b - - default default] 199.204.45.23 "GET /v2.0/networks?id=dbcc97d2-bd53-4658-87b9-43cd69a3f0a6 HTTP/1.1" status: 200 len: 903 time: 0.1336594
2026-06-30 19:03:12.071 10 INFO neutron.wsgi [req-b2adde78-a5a7-4bbf-9f97-f6cc64720537 req-fd401ba8-7bc9-42b9-8852-a384bfaeade5 4cb05f392a8e4253b49567a80e16c3bc 7f99b634af1d45c0a96352aea564cd51 - - bfdd529dde0f4ab7b942fd931fe7815e bfdd529dde0f4ab7b942fd931fe7815e] 199.204.45.23 "GET /v2.0/floatingips?fixed_ip_address=10.100.0.5&port_id=30caf57e-9aa8-460c-9a83-4f324fa6e939 HTTP/1.1" status: 200 len: 1059 time: 0.0691788
2026-06-30 19:03:12.083 9 INFO neutron.wsgi [req-8facc402-6a91-4481-87b2-8b658d692f46 req-b66ba41e-f379-4b6f-a8b8-d3ad8f9a1711 9d6b0588b41446b6b1c8953eaffafc15 496eb3ce493345cd85e271d76a9a721b - - default default] 199.204.45.23 "GET /v2.0/security-groups?fields=id&fields=name&tenant_id=496eb3ce493345cd85e271d76a9a721b HTTP/1.1" status: 200 len: 377 time: 0.0549016
2026-06-30 19:03:12.131 10 INFO neutron.wsgi [req-b2adde78-a5a7-4bbf-9f97-f6cc64720537 req-f22d6e6f-69e4-41e4-bfb2-a77bb5a22ea3 4cb05f392a8e4253b49567a80e16c3bc 7f99b634af1d45c0a96352aea564cd51 - - bfdd529dde0f4ab7b942fd931fe7815e bfdd529dde0f4ab7b942fd931fe7815e] 199.204.45.23 "GET /v2.0/subnets?id=a0c99b8a-f9df-4b08-8cf7-8e86a34d0509 HTTP/1.1" status: 200 len: 867 time: 0.0506060
2026-06-30 19:03:12.176 10 INFO neutron.wsgi [req-b2adde78-a5a7-4bbf-9f97-f6cc64720537 req-fbcbd74b-fa7a-4978-aa98-60e32f4f4edf 4cb05f392a8e4253b49567a80e16c3bc 7f99b634af1d45c0a96352aea564cd51 - - bfdd529dde0f4ab7b942fd931fe7815e bfdd529dde0f4ab7b942fd931fe7815e] 199.204.45.23 "GET /v2.0/ports?network_id=88957be7-cf47-47e1-a2f6-13c639f73ba7&device_owner=network%3Adhcp HTTP/1.1" status: 200 len: 210 time: 0.0258257
2026-06-30 19:03:12.269 10 INFO neutron.wsgi [None req-95b1ad72-028f-4041-a418-2697e247b090 0a849cf52d1f4e599d060988ec3c332c efd6ea1b7a084da28a689bda3633f044 - - default default] 10.0.0.54 "DELETE /v2.0/security-groups/404196cb-8ae5-40a0-93e1-145c70664051 HTTP/1.1" status: 204 len: 168 time: 0.3893569
2026-06-30 19:03:12.295 10 INFO neutron.wsgi [req-b2adde78-a5a7-4bbf-9f97-f6cc64720537 req-a675460d-4ef7-4acd-8f99-54ef12aa421d 4cb05f392a8e4253b49567a80e16c3bc 7f99b634af1d45c0a96352aea564cd51 - - bfdd529dde0f4ab7b942fd931fe7815e bfdd529dde0f4ab7b942fd931fe7815e] 199.204.45.23 "GET /v2.0/networks/88957be7-cf47-47e1-a2f6-13c639f73ba7?fields=segments HTTP/1.1" status: 200 len: 212 time: 0.0965624
2026-06-30 19:03:12.396 10 INFO neutron.wsgi [req-b2adde78-a5a7-4bbf-9f97-f6cc64720537 req-c2d79c88-64ce-429f-b2fc-5da343f38b12 4cb05f392a8e4253b49567a80e16c3bc 7f99b634af1d45c0a96352aea564cd51 - - bfdd529dde0f4ab7b942fd931fe7815e bfdd529dde0f4ab7b942fd931fe7815e] 199.204.45.23 "GET /v2.0/networks/88957be7-cf47-47e1-a2f6-13c639f73ba7?fields=provider%3Aphysical_network&fields=provider%3Anetwork_type HTTP/1.1" status: 200 len: 277 time: 0.0828156
2026-06-30 19:03:12.463 9 WARNING neutron.scheduler.dhcp_agent_scheduler [req-8facc402-6a91-4481-87b2-8b658d692f46 req-1b635114-9348-42ac-b12d-850a7559e928 9d6b0588b41446b6b1c8953eaffafc15 496eb3ce493345cd85e271d76a9a721b - - default default] No more DHCP agents
2026-06-30 19:03:12.465 9 WARNING neutron.api.rpc.agentnotifiers.dhcp_rpc_agent_api [req-8facc402-6a91-4481-87b2-8b658d692f46 req-1b635114-9348-42ac-b12d-850a7559e928 9d6b0588b41446b6b1c8953eaffafc15 496eb3ce493345cd85e271d76a9a721b - - default default] Unable to schedule network dbcc97d2-bd53-4658-87b9-43cd69a3f0a6: no agents available; will retry on subsequent port and subnet creation events.
2026-06-30 19:03:12.485 10 INFO neutron.services.segments.plugin [-] Segment 36b52d86-94fc-4428-8fbd-9ebcb0959804 resource provider aggregate not found
2026-06-30 19:03:12.491 10 INFO neutron.services.segments.plugin [-] Segment 36b52d86-94fc-4428-8fbd-9ebcb0959804 resource provider aggregate not found
2026-06-30 19:03:12.510 10 INFO neutron.services.segments.plugin [-] Segment 36b52d86-94fc-4428-8fbd-9ebcb0959804 resource provider not found; error: Placement Client Error (4xx): {"errors": [{"status": 404, "title": "Not Found", "detail": "The resource could not be found.\n\n No resource provider with uuid 36b52d86-94fc-4428-8fbd-9ebcb0959804 found for delete ", "request_id": "req-144006db-b766-4464-8ad0-67df1eeeabf1"}]}
2026-06-30 19:03:12.522 10 INFO neutron.services.segments.plugin [-] Segment 36b52d86-94fc-4428-8fbd-9ebcb0959804 resource provider not found; error: Placement Client Error (4xx): {"errors": [{"status": 404, "title": "Not Found", "detail": "The resource could not be found.\n\n No resource provider with uuid 36b52d86-94fc-4428-8fbd-9ebcb0959804 found for delete ", "request_id": "req-65e1fb6f-d296-4360-8d60-d9b73eb21c03"}]}
2026-06-30 19:03:12.557 10 INFO neutron.wsgi [None req-e1481e9b-bb98-43e7-8c2d-49e7310bc459 a708eff347034d60a22e3f01ee6c40fd e0976d44cd91436787f167463ad219b4 - - default default] 10.0.0.54 "DELETE /v2.0/networks/0ff6c672-ad43-42e9-9eb3-486fbf423537 HTTP/1.1" status: 204 len: 168 time: 0.5516984
2026-06-30 19:03:12.661 9 INFO neutron.db.ovn_revision_numbers_db [req-8facc402-6a91-4481-87b2-8b658d692f46 req-1b635114-9348-42ac-b12d-850a7559e928 9d6b0588b41446b6b1c8953eaffafc15 496eb3ce493345cd85e271d76a9a721b - - default default] Successfully bumped revision number for resource 6a7d4b33-213e-416e-8ec2-9aa5ece5f1ab (type: ports) to 1
2026-06-30 19:03:12.687 9 INFO neutron.wsgi [req-8facc402-6a91-4481-87b2-8b658d692f46 req-1b635114-9348-42ac-b12d-850a7559e928 9d6b0588b41446b6b1c8953eaffafc15 496eb3ce493345cd85e271d76a9a721b - - default default] 199.204.45.23 "POST /v2.0/ports HTTP/1.1" status: 201 len: 1392 time: 0.6002464 /var/lib/openstack/lib/python3.10/site-packages/pycadf/identifier.py:71: UserWarning: Invalid uuid: neutron. To ensure interoperability, identifiers should be a valid uuid. warnings.warn(('Invalid uuid: %s. To ensure interoperability, '
2026-06-30 19:03:13.006 10 INFO neutron.wsgi [None req-563dee29-e1b5-4542-8421-d32a8bae1b36 a708eff347034d60a22e3f01ee6c40fd e0976d44cd91436787f167463ad219b4 - - default default] 10.0.0.54 "DELETE /v2.0/networks/1ca8b6e1-6854-4ac1-ab2d-bbf6c02dbbfd HTTP/1.1" status: 204 len: 168 time: 0.4446623
2026-06-30 19:03:13.088 10 INFO neutron.wsgi [req-fff4cf6a-8174-4bd8-8bed-9de284251ce1 req-4450e8ba-a89e-46c4-bcd0-16b8e2949185 ec29be456a5a4fbf8e0f2de818a20779 3ab6e6863a2a40b48db06ff9f87239a5 - - default default] 10.0.0.67 "GET /v2.0/ports?device_id=03425db8-5e47-4137-b84a-b64828a0d376 HTTP/1.1" status: 200 len: 1170 time: 0.0459268
2026-06-30 19:03:13.147 10 INFO neutron.wsgi [req-fff4cf6a-8174-4bd8-8bed-9de284251ce1 req-b9af3f25-4d31-4e76-a0d7-ce2b8dfc3ff8 ec29be456a5a4fbf8e0f2de818a20779 3ab6e6863a2a40b48db06ff9f87239a5 - - default default] 10.0.0.67 "GET /v2.0/security-groups?id=93e94f81-b2ce-4f63-a996-7f00bdf0b5d5&fields=id&fields=name HTTP/1.1" status: 200 len: 312 time: 0.0509794
2026-06-30 19:03:13.271 9 INFO neutron.db.ovn_revision_numbers_db [req-8facc402-6a91-4481-87b2-8b658d692f46 req-6d483601-5001-4a14-b4d8-0130d173013f 4cb05f392a8e4253b49567a80e16c3bc 7f99b634af1d45c0a96352aea564cd51 - - bfdd529dde0f4ab7b942fd931fe7815e bfdd529dde0f4ab7b942fd931fe7815e] Successfully bumped revision number for resource 6a7d4b33-213e-416e-8ec2-9aa5ece5f1ab (type: ports) to 2
2026-06-30 19:03:13.694 9 INFO neutron.wsgi [None req-642fca75-877e-4523-a05e-ba309368a26d a708eff347034d60a22e3f01ee6c40fd e0976d44cd91436787f167463ad219b4 - - default default] 10.0.0.54 "DELETE /v2.0/networks/10cc066a-7d03-47a7-84ec-b2a26158e429 HTTP/1.1" status: 204 len: 168 time: 0.6846673
2026-06-30 19:03:13.771 9 INFO neutron.db.ovn_revision_numbers_db [req-8facc402-6a91-4481-87b2-8b658d692f46 req-6d483601-5001-4a14-b4d8-0130d173013f 4cb05f392a8e4253b49567a80e16c3bc 7f99b634af1d45c0a96352aea564cd51 - - bfdd529dde0f4ab7b942fd931fe7815e bfdd529dde0f4ab7b942fd931fe7815e] Successfully bumped revision number for resource 6a7d4b33-213e-416e-8ec2-9aa5ece5f1ab (type: ports) to 2
2026-06-30 19:03:13.786 9 INFO neutron.wsgi [req-8facc402-6a91-4481-87b2-8b658d692f46 req-6d483601-5001-4a14-b4d8-0130d173013f 4cb05f392a8e4253b49567a80e16c3bc 7f99b634af1d45c0a96352aea564cd51 - - bfdd529dde0f4ab7b942fd931fe7815e bfdd529dde0f4ab7b942fd931fe7815e] 199.204.45.23 "PUT /v2.0/ports/6a7d4b33-213e-416e-8ec2-9aa5ece5f1ab HTTP/1.1" status: 200 len: 1609 time: 1.0909753
2026-06-30 19:03:13.834 9 INFO neutron.notifiers.nova [-] Nova event matching ['req-47579ad6-1d22-4256-83ab-66293dcfc1ff'] response: {'name': 'network-changed', 'server_uuid': '636d350f-2c96-4130-a4e9-fc7ebcf5aea7', 'tag': '6a7d4b33-213e-416e-8ec2-9aa5ece5f1ab', 'status': 'completed', 'code': 200} /var/lib/openstack/lib/python3.10/site-packages/pycadf/identifier.py:71: UserWarning: Invalid uuid: neutron. To ensure interoperability, identifiers should be a valid uuid. warnings.warn(('Invalid uuid: %s. To ensure interoperability, '
2026-06-30 19:03:13.883 9 INFO neutron.wsgi [req-8facc402-6a91-4481-87b2-8b658d692f46 req-4a64455a-4a86-4263-b839-1c8833576779 4cb05f392a8e4253b49567a80e16c3bc 7f99b634af1d45c0a96352aea564cd51 - - bfdd529dde0f4ab7b942fd931fe7815e bfdd529dde0f4ab7b942fd931fe7815e] 199.204.45.23 "GET /v2.0/ports?tenant_id=496eb3ce493345cd85e271d76a9a721b&device_id=636d350f-2c96-4130-a4e9-fc7ebcf5aea7 HTTP/1.1" status: 200 len: 1640 time: 0.0513995
2026-06-30 19:03:13.924 9 INFO neutron.wsgi [req-8facc402-6a91-4481-87b2-8b658d692f46 req-8326ea33-835f-40a0-9b65-aea1d7bf8922 4cb05f392a8e4253b49567a80e16c3bc 7f99b634af1d45c0a96352aea564cd51 - - bfdd529dde0f4ab7b942fd931fe7815e bfdd529dde0f4ab7b942fd931fe7815e] 199.204.45.23 "GET /v2.0/floatingips?fixed_ip_address=10.2.2.252&port_id=6a7d4b33-213e-416e-8ec2-9aa5ece5f1ab HTTP/1.1" status: 200 len: 217 time: 0.0343480
2026-06-30 19:03:13.961 9 INFO neutron.services.segments.plugin [-] Segment 61d852f5-de77-41fe-8529-e3f9d4d7e65b resource provider aggregate not found
2026-06-30 19:03:13.970 9 INFO neutron.wsgi [req-8facc402-6a91-4481-87b2-8b658d692f46 req-dcb9a19d-67f2-4248-93a8-29a352f77897 4cb05f392a8e4253b49567a80e16c3bc 7f99b634af1d45c0a96352aea564cd51 - - bfdd529dde0f4ab7b942fd931fe7815e bfdd529dde0f4ab7b942fd931fe7815e] 199.204.45.23 "GET /v2.0/floatingips?fixed_ip_address=fd77%3A1457%3A4cf0%3A26a8%3A%3A39b&port_id=6a7d4b33-213e-416e-8ec2-9aa5ece5f1ab HTTP/1.1" status: 200 len: 217 time: 0.0379465
2026-06-30 19:03:13.976 9 INFO neutron.services.segments.plugin [-] Segment 61d852f5-de77-41fe-8529-e3f9d4d7e65b resource provider aggregate not found
2026-06-30 19:03:13.983 9 INFO neutron.services.segments.plugin [-] Segment 61d852f5-de77-41fe-8529-e3f9d4d7e65b resource provider not found; error: Placement Client Error (4xx): {"errors": [{"status": 404, "title": "Not Found", "detail": "The resource could not be found.\n\n No resource provider with uuid 61d852f5-de77-41fe-8529-e3f9d4d7e65b found for delete ", "request_id": "req-3df68d78-61fb-4023-b3b2-f4f309c99a7d"}]}
2026-06-30 19:03:14.003 9 INFO neutron.services.segments.plugin [-] Segment 61d852f5-de77-41fe-8529-e3f9d4d7e65b resource provider not found; error: Placement Client Error (4xx): {"errors": [{"status": 404, "title": "Not Found", "detail": "The resource could not be found.\n\n No resource provider with uuid 61d852f5-de77-41fe-8529-e3f9d4d7e65b found for delete ", "request_id": "req-9fd0592d-9ec2-4019-b3ba-d60c9dc0676c"}]}
2026-06-30 19:03:14.026 9 INFO neutron.wsgi [req-8facc402-6a91-4481-87b2-8b658d692f46 req-000e02bb-8f25-4e5e-bcc3-e9519e945d03 4cb05f392a8e4253b49567a80e16c3bc 7f99b634af1d45c0a96352aea564cd51 - - bfdd529dde0f4ab7b942fd931fe7815e bfdd529dde0f4ab7b942fd931fe7815e] 199.204.45.23 "GET /v2.0/subnets?id=fe272a81-b446-46a5-9c2c-5016f7752ebf&id=b47af571-8861-4715-95b3-64fa79651b51 HTTP/1.1" status: 200 len: 1566 time: 0.0441377
2026-06-30 19:03:14.071 9 INFO neutron.wsgi [req-8facc402-6a91-4481-87b2-8b658d692f46 req-628a3bba-c40a-4b0a-bedf-ced4d240c67f 4cb05f392a8e4253b49567a80e16c3bc 7f99b634af1d45c0a96352aea564cd51 - - bfdd529dde0f4ab7b942fd931fe7815e bfdd529dde0f4ab7b942fd931fe7815e] 199.204.45.23 "GET /v2.0/ports?network_id=dbcc97d2-bd53-4658-87b9-43cd69a3f0a6&device_owner=network%3Adhcp HTTP/1.1" status: 200 len: 210 time: 0.0392237
2026-06-30 19:03:14.108 9 INFO neutron.wsgi [req-8facc402-6a91-4481-87b2-8b658d692f46 req-e22563b7-a270-41fa-9651-3ba633a67f70 4cb05f392a8e4253b49567a80e16c3bc 7f99b634af1d45c0a96352aea564cd51 - - bfdd529dde0f4ab7b942fd931fe7815e bfdd529dde0f4ab7b942fd931fe7815e] 199.204.45.23 "GET /v2.0/ports?network_id=dbcc97d2-bd53-4658-87b9-43cd69a3f0a6&device_owner=network%3Adhcp HTTP/1.1" status: 200 len: 210 time: 0.0292978
2026-06-30 19:03:14.181 10 INFO neutron.wsgi [None req-7af852e5-5e3f-4eaf-a69d-f88d60619b54 a708eff347034d60a22e3f01ee6c40fd e0976d44cd91436787f167463ad219b4 - - default default] 10.0.0.54 "DELETE /v2.0/networks/952f2245-2ded-455e-88c5-865b15f5ae1f HTTP/1.1" status: 204 len: 168 time: 0.4819791
2026-06-30 19:03:14.186 9 INFO neutron.wsgi [req-8facc402-6a91-4481-87b2-8b658d692f46 req-2e9e0726-e5f6-4f77-b25f-1b51b3ae3661 4cb05f392a8e4253b49567a80e16c3bc 7f99b634af1d45c0a96352aea564cd51 - - bfdd529dde0f4ab7b942fd931fe7815e bfdd529dde0f4ab7b942fd931fe7815e] 199.204.45.23 "GET /v2.0/networks/dbcc97d2-bd53-4658-87b9-43cd69a3f0a6?fields=segments HTTP/1.1" status: 200 len: 212 time: 0.0699761
2026-06-30 19:03:14.198 10 WARNING neutron.plugins.ml2.drivers.ovn.mech_driver.ovsdb.ovn_client [None req-927cb639-e77b-4ed0-8acd-af16ea5cce02 - - - - - -] No port found with ID db14ad64-1031-46dc-8e22-9240b1ea258d: RuntimeError: No port found with ID db14ad64-1031-46dc-8e22-9240b1ea258d
2026-06-30 19:03:14.198 10 INFO neutron.plugins.ml2.drivers.ovn.mech_driver.mech_driver [None req-927cb639-e77b-4ed0-8acd-af16ea5cce02 - - - - - -] OVN reports status down for port: 30caf57e-9aa8-460c-9a83-4f324fa6e939
2026-06-30 19:03:14.269 9 INFO neutron.wsgi [req-8facc402-6a91-4481-87b2-8b658d692f46 req-6359f99c-7e52-4d06-ae2f-bb75246e8e92 4cb05f392a8e4253b49567a80e16c3bc 7f99b634af1d45c0a96352aea564cd51 - - bfdd529dde0f4ab7b942fd931fe7815e bfdd529dde0f4ab7b942fd931fe7815e] 199.204.45.23 "GET /v2.0/networks/dbcc97d2-bd53-4658-87b9-43cd69a3f0a6?fields=provider%3Aphysical_network&fields=provider%3Anetwork_type HTTP/1.1" status: 200 len: 277 time: 0.0745912
2026-06-30 19:03:14.291 10 INFO neutron.wsgi [req-cbb5b921-87b3-4c92-b833-ba16b01e49da req-7e330d25-75b5-4e23-af1e-dd499c91b74e ec29be456a5a4fbf8e0f2de818a20779 3ab6e6863a2a40b48db06ff9f87239a5 - - default default] 10.0.0.67 "GET /v2.0/ports?device_id=03425db8-5e47-4137-b84a-b64828a0d376 HTTP/1.1" status: 200 len: 1170 time: 0.0514643
2026-06-30 19:03:14.352 10 INFO neutron.wsgi [req-cbb5b921-87b3-4c92-b833-ba16b01e49da req-e8ea0eac-f838-40d4-9f43-e1bc14a3da6c ec29be456a5a4fbf8e0f2de818a20779 3ab6e6863a2a40b48db06ff9f87239a5 - - default default] 10.0.0.67 "GET /v2.0/security-groups?id=93e94f81-b2ce-4f63-a996-7f00bdf0b5d5&fields=id&fields=name HTTP/1.1" status: 200 len: 312 time: 0.0559421
2026-06-30 19:03:14.360 9 INFO neutron.wsgi [req-3904a3fe-7c95-4583-8cbd-6c711c5bc53d req-6fb0c524-7248-48d2-aa8c-dd989731dbdc 4cb05f392a8e4253b49567a80e16c3bc 7f99b634af1d45c0a96352aea564cd51 - - bfdd529dde0f4ab7b942fd931fe7815e bfdd529dde0f4ab7b942fd931fe7815e] 199.204.45.23 "GET /v2.0/ports?tenant_id=496eb3ce493345cd85e271d76a9a721b&device_id=636d350f-2c96-4130-a4e9-fc7ebcf5aea7 HTTP/1.1" status: 200 len: 1640 time: 0.0464013
2026-06-30 19:03:14.367 10 INFO neutron.notifiers.nova [-] Nova event matching ['req-a4ec4337-b699-4de9-9386-d2b92aad3b84'] response: {'server_uuid': '03425db8-5e47-4137-b84a-b64828a0d376', 'name': 'network-vif-unplugged', 'status': 'completed', 'tag': '30caf57e-9aa8-460c-9a83-4f324fa6e939', 'code': 200}
2026-06-30 19:03:14.465 9 INFO neutron.wsgi [req-3904a3fe-7c95-4583-8cbd-6c711c5bc53d req-6871dd6a-f0c9-4c32-b52b-2c47a33fd185 4cb05f392a8e4253b49567a80e16c3bc 7f99b634af1d45c0a96352aea564cd51 - - bfdd529dde0f4ab7b942fd931fe7815e bfdd529dde0f4ab7b942fd931fe7815e] 199.204.45.23 "GET /v2.0/networks?id=dbcc97d2-bd53-4658-87b9-43cd69a3f0a6 HTTP/1.1" status: 200 len: 1001 time: 0.0955896
2026-06-30 19:03:14.508 9 INFO neutron.plugins.ml2.drivers.ovn.mech_driver.mech_driver [None req-29632e1d-96b4-4d76-964f-c7a8f6ae78a0 - - - - - -] OVN reports status up for port: 6a7d4b33-213e-416e-8ec2-9aa5ece5f1ab
2026-06-30 19:03:14.512 9 INFO neutron.wsgi [req-3904a3fe-7c95-4583-8cbd-6c711c5bc53d req-92e8a20f-5f52-4ea3-b9ff-e6d386af9cb0 4cb05f392a8e4253b49567a80e16c3bc 7f99b634af1d45c0a96352aea564cd51 - - bfdd529dde0f4ab7b942fd931fe7815e bfdd529dde0f4ab7b942fd931fe7815e] 199.204.45.23 "GET /v2.0/floatingips?fixed_ip_address=10.2.2.252&port_id=6a7d4b33-213e-416e-8ec2-9aa5ece5f1ab HTTP/1.1" status: 200 len: 217 time: 0.0405715
2026-06-30 19:03:14.516 9 INFO neutron.db.ovn_revision_numbers_db [None req-873d48ea-7a75-4365-9330-5a4abafd5f97 f901d26a4f8643819410f7da277406e5 383f5b73286b4b519290d172f1a92de0 - - default default] Successfully bumped revision number for resource 220349a8-412b-463a-9365-e01ced9b9830 (type: security_groups) to 1
2026-06-30 19:03:14.529 10 INFO neutron.services.segments.plugin [-] Segment d19407f6-488f-4632-a2e6-ec572c6cab7f resource provider aggregate not found
2026-06-30 19:03:14.539 10 INFO neutron.services.segments.plugin [-] Segment d19407f6-488f-4632-a2e6-ec572c6cab7f resource provider aggregate not found
2026-06-30 19:03:14.546 10 INFO neutron.services.segments.plugin [-] Segment d19407f6-488f-4632-a2e6-ec572c6cab7f resource provider not found; error: Placement Client Error (4xx): {"errors": [{"status": 404, "title": "Not Found", "detail": "The resource could not be found.\n\n No resource provider with uuid d19407f6-488f-4632-a2e6-ec572c6cab7f found for delete ", "request_id": "req-01f67895-5158-4b5a-9b9a-d483484d3fcf"}]}
2026-06-30 19:03:14.547 9 INFO neutron.wsgi [req-3904a3fe-7c95-4583-8cbd-6c711c5bc53d req-77c93269-104f-49d9-868a-d2f7619a6508 4cb05f392a8e4253b49567a80e16c3bc 7f99b634af1d45c0a96352aea564cd51 - - bfdd529dde0f4ab7b942fd931fe7815e bfdd529dde0f4ab7b942fd931fe7815e] 199.204.45.23 "GET /v2.0/floatingips?fixed_ip_address=fd77%3A1457%3A4cf0%3A26a8%3A%3A39b&port_id=6a7d4b33-213e-416e-8ec2-9aa5ece5f1ab HTTP/1.1" status: 200 len: 217 time: 0.0261934
2026-06-30 19:03:14.549 9 INFO neutron.plugins.ml2.plugin [None req-29632e1d-96b4-4d76-964f-c7a8f6ae78a0 - - - - - -] Attempt 1 to provision port 6a7d4b33-213e-416e-8ec2-9aa5ece5f1ab
2026-06-30 19:03:14.558 10 INFO neutron.services.segments.plugin [-] Segment d19407f6-488f-4632-a2e6-ec572c6cab7f resource provider not found; error: Placement Client Error (4xx): {"errors": [{"status": 404, "title": "Not Found", "detail": "The resource could not be found.\n\n No resource provider with uuid d19407f6-488f-4632-a2e6-ec572c6cab7f found for delete ", "request_id": "req-4dc280f1-cc32-42f3-a878-b40e0072e1b7"}]}
