2026-06-30 19:03:38.772 10 WARNING neutron.api.rpc.agentnotifiers.dhcp_rpc_agent_api [None req-b4d821c3-b3a4-4561-b816-f432b40f648a 0a849cf52d1f4e599d060988ec3c332c efd6ea1b7a084da28a689bda3633f044 - - default default] Unable to schedule network b6fcf98f-b2c7-4681-8a49-a7cb39bcb1fb: no agents available; will retry on subsequent port and subnet creation events.
2026-06-30 19:03:38.854 10 INFO neutron.db.ovn_revision_numbers_db [None req-b4d821c3-b3a4-4561-b816-f432b40f648a 0a849cf52d1f4e599d060988ec3c332c efd6ea1b7a084da28a689bda3633f044 - - default default] Successfully bumped revision number for resource bab2373f-efbc-4a7e-8681-a1b735fb8bb4 (type: ports) to 1
2026-06-30 19:03:38.873 10 INFO neutron.wsgi [None req-b4d821c3-b3a4-4561-b816-f432b40f648a 0a849cf52d1f4e599d060988ec3c332c efd6ea1b7a084da28a689bda3633f044 - - default default] 10.0.0.54 "POST /v2.0/networks HTTP/1.1" status: 201 len: 948 time: 1.0640931
2026-06-30 19:03:39.052 10 WARNING neutron.scheduler.dhcp_agent_scheduler [None req-28509c97-fbab-4cf8-8894-1bc2d690ec07 0a849cf52d1f4e599d060988ec3c332c efd6ea1b7a084da28a689bda3633f044 - - default default] No more DHCP agents
2026-06-30 19:03:39.056 10 WARNING neutron.api.rpc.agentnotifiers.dhcp_rpc_agent_api [None req-28509c97-fbab-4cf8-8894-1bc2d690ec07 0a849cf52d1f4e599d060988ec3c332c efd6ea1b7a084da28a689bda3633f044 - - default default] Unable to schedule network b6fcf98f-b2c7-4681-8a49-a7cb39bcb1fb: no agents available; will retry on subsequent port and subnet creation events. /var/lib/openstack/lib/python3.10/site-packages/pycadf/identifier.py:71: UserWarning: Invalid uuid: neutron. To ensure interoperability, identifiers should be a valid uuid. warnings.warn(('Invalid uuid: %s. To ensure interoperability, '
2026-06-30 19:03:39.183 9 INFO neutron.wsgi [None req-019b69dc-c896-4ab4-8a94-96fc4ddee3f2 0a849cf52d1f4e599d060988ec3c332c efd6ea1b7a084da28a689bda3633f044 - - default default] 199.204.45.23 "GET /v2.0/extensions/security-group HTTP/1.1" status: 200 len: 369 time: 0.1018422
2026-06-30 19:03:39.195 9 INFO neutron.wsgi [None req-a01f6081-60a2-44f9-a0aa-673489513c04 0a849cf52d1f4e599d060988ec3c332c efd6ea1b7a084da28a689bda3633f044 - - default default] 199.204.45.23 "GET /v2.0/extensions/dns-integration HTTP/1.1" status: 200 len: 371 time: 0.0052412
2026-06-30 19:03:39.207 9 INFO neutron.wsgi [None req-d3ab8cbd-86bd-4332-ba65-1dc38417942a 0a849cf52d1f4e599d060988ec3c332c efd6ea1b7a084da28a689bda3633f044 - - default default] 199.204.45.23 "GET /v2.0/extensions/qos HTTP/1.1" status: 200 len: 365 time: 0.0059092
2026-06-30 19:03:39.218 9 INFO neutron.wsgi [None req-90bb590b-8efc-41c2-906a-c382a2597b17 0a849cf52d1f4e599d060988ec3c332c efd6ea1b7a084da28a689bda3633f044 - - default default] 199.204.45.23 "GET /v2.0/extensions/allowed-address-pairs HTTP/1.1" status: 200 len: 383 time: 0.0053012
2026-06-30 19:03:39.262 9 INFO neutron.wsgi [None req-0fdef9f5-29f0-4059-9b77-edc8d426a852 0a849cf52d1f4e599d060988ec3c332c efd6ea1b7a084da28a689bda3633f044 - - default default] 199.204.45.23 "GET /v2.0/ports/ae8b5d89-00b9-46cd-b5fb-4e5951d202ea HTTP/1.1" status: 200 len: 1328 time: 0.0344157
2026-06-30 19:03:39.356 9 INFO neutron.db.ovn_revision_numbers_db [None req-ddcb90ba-b46b-4494-9a85-d8e460379c9f 0a849cf52d1f4e599d060988ec3c332c efd6ea1b7a084da28a689bda3633f044 - - default default] Successfully bumped revision number for resource 4a34de44-c409-463a-90c4-9c6d83fb27b1 (type: security_groups) to 1
2026-06-30 19:03:39.377 9 INFO neutron.db.ovn_revision_numbers_db [None req-ddcb90ba-b46b-4494-9a85-d8e460379c9f 0a849cf52d1f4e599d060988ec3c332c efd6ea1b7a084da28a689bda3633f044 - - default default] Successfully bumped revision number for resource 38a8ce6a-339b-493f-bd77-cbeca7cb0f4c (type: security_group_rules) to 0
2026-06-30 19:03:39.388 9 INFO neutron.wsgi [None req-6ff224bd-185a-48dc-bb68-06a8bd25fb03 0a849cf52d1f4e599d060988ec3c332c efd6ea1b7a084da28a689bda3633f044 - - default default] 199.204.45.23 "GET /v2.0/extensions/security-group HTTP/1.1" status: 200 len: 369 time: 0.0080843
2026-06-30 19:03:39.396 9 INFO neutron.wsgi [None req-30d261e4-8ef9-4453-acfa-73897e783ac5 0a849cf52d1f4e599d060988ec3c332c efd6ea1b7a084da28a689bda3633f044 - - default default] 199.204.45.23 "GET /v2.0/extensions/dns-integration HTTP/1.1" status: 200 len: 371 time: 0.0049450
2026-06-30 19:03:39.407 9 INFO neutron.wsgi [None req-2b5fd6f7-54a3-4978-8e23-258d84ed7f43 0a849cf52d1f4e599d060988ec3c332c efd6ea1b7a084da28a689bda3633f044 - - default default] 199.204.45.23 "GET /v2.0/extensions/qos HTTP/1.1" status: 200 len: 365 time: 0.0057850
2026-06-30 19:03:39.409 9 INFO neutron.db.ovn_revision_numbers_db [None req-ddcb90ba-b46b-4494-9a85-d8e460379c9f 0a849cf52d1f4e599d060988ec3c332c efd6ea1b7a084da28a689bda3633f044 - - default default] Successfully bumped revision number for resource 43de1dc8-4dd5-45af-a250-dc1336f211bf (type: security_group_rules) to 0
2026-06-30 19:03:39.420 9 INFO neutron.wsgi [None req-0c12e4ee-2230-4098-a416-f9e35b88851c 0a849cf52d1f4e599d060988ec3c332c efd6ea1b7a084da28a689bda3633f044 - - default default] 199.204.45.23 "GET /v2.0/extensions/allowed-address-pairs HTTP/1.1" status: 200 len: 383 time: 0.0071061
2026-06-30 19:03:39.447 9 INFO neutron.db.ovn_revision_numbers_db [None req-ddcb90ba-b46b-4494-9a85-d8e460379c9f 0a849cf52d1f4e599d060988ec3c332c efd6ea1b7a084da28a689bda3633f044 - - default default] Successfully bumped revision number for resource b813b4ca-f58e-47d9-a788-578cc80a06dc (type: security_group_rules) to 0
2026-06-30 19:03:39.458 9 INFO neutron.wsgi [None req-13a85931-eed1-471d-90bf-d1aa47970256 0a849cf52d1f4e599d060988ec3c332c efd6ea1b7a084da28a689bda3633f044 - - default default] 199.204.45.23 "GET /v2.0/security-groups?name=lb-61b9b72c-4cf5-49fe-9a24-6be71967a20a HTTP/1.1" status: 200 len: 221 time: 0.0296583
2026-06-30 19:03:39.477 9 INFO neutron.db.ovn_revision_numbers_db [None req-ddcb90ba-b46b-4494-9a85-d8e460379c9f 0a849cf52d1f4e599d060988ec3c332c efd6ea1b7a084da28a689bda3633f044 - - default default] Successfully bumped revision number for resource ffcf6d06-59e6-49da-be79-ae992bc0974c (type: security_group_rules) to 0
2026-06-30 19:03:39.509 9 INFO neutron.wsgi [None req-ddcb90ba-b46b-4494-9a85-d8e460379c9f 0a849cf52d1f4e599d060988ec3c332c efd6ea1b7a084da28a689bda3633f044 - - default default] 10.0.0.54 "GET /v2.0/security-groups?tenant_id=4e2f6bb45f5e41cf95c18fb46d31fd39&name=default HTTP/1.1" status: 200 len: 2996 time: 0.3385160
2026-06-30 19:03:39.614 9 INFO neutron.db.ovn_revision_numbers_db [None req-a287ffb6-b02b-423a-9c22-6262d16a491a 0a849cf52d1f4e599d060988ec3c332c efd6ea1b7a084da28a689bda3633f044 - - default default] Successfully bumped revision number for resource 244d51a1-c79a-493f-a565-0e1ca3109eae (type: security_groups) to 1
2026-06-30 19:03:39.638 9 INFO neutron.db.ovn_revision_numbers_db [None req-a287ffb6-b02b-423a-9c22-6262d16a491a 0a849cf52d1f4e599d060988ec3c332c efd6ea1b7a084da28a689bda3633f044 - - default default] Successfully bumped revision number for resource 2f633042-8e2f-4c31-a4f6-ef9803d12d32 (type: security_group_rules) to 0
2026-06-30 19:03:39.660 9 INFO neutron.db.ovn_revision_numbers_db [None req-a287ffb6-b02b-423a-9c22-6262d16a491a 0a849cf52d1f4e599d060988ec3c332c efd6ea1b7a084da28a689bda3633f044 - - default default] Successfully bumped revision number for resource 50f8c4ea-2c28-4f56-b650-76f4ed96cfa7 (type: security_group_rules) to 0
2026-06-30 19:03:39.670 10 INFO neutron.db.ovn_revision_numbers_db [None req-28509c97-fbab-4cf8-8894-1bc2d690ec07 0a849cf52d1f4e599d060988ec3c332c efd6ea1b7a084da28a689bda3633f044 - - default default] Successfully bumped revision number for resource bab2373f-efbc-4a7e-8681-a1b735fb8bb4 (type: ports) to 2
2026-06-30 19:03:39.684 9 INFO neutron.wsgi [None req-a287ffb6-b02b-423a-9c22-6262d16a491a 0a849cf52d1f4e599d060988ec3c332c efd6ea1b7a084da28a689bda3633f044 - - default default] 199.204.45.23 "POST /v2.0/security-groups HTTP/1.1" status: 201 len: 1777 time: 0.2187059
2026-06-30 19:03:39.717 10 INFO neutron.db.ovn_revision_numbers_db [None req-28509c97-fbab-4cf8-8894-1bc2d690ec07 0a849cf52d1f4e599d060988ec3c332c efd6ea1b7a084da28a689bda3633f044 - - default default] Successfully bumped revision number for resource 64700a1c-4e9d-43bc-8582-7cf9bd712a06 (type: subnets) to 0
2026-06-30 19:03:39.723 9 INFO neutron.wsgi [None req-5d78342d-45bb-4de5-b4d4-0385dc25ffa4 0a849cf52d1f4e599d060988ec3c332c efd6ea1b7a084da28a689bda3633f044 - - default default] 199.204.45.23 "GET /v2.0/security-group-rules?security_group_id=244d51a1-c79a-493f-a565-0e1ca3109eae HTTP/1.1" status: 200 len: 1318 time: 0.0341914
2026-06-30 19:03:39.738 10 INFO neutron.wsgi [None req-28509c97-fbab-4cf8-8894-1bc2d690ec07 0a849cf52d1f4e599d060988ec3c332c efd6ea1b7a084da28a689bda3633f044 - - default default] 10.0.0.54 "POST /v2.0/subnets HTTP/1.1" status: 201 len: 868 time: 0.8589542
2026-06-30 19:03:39.814 10 INFO neutron.wsgi [None req-1382507e-15aa-43ba-ab39-9001aaf17c92 0a849cf52d1f4e599d060988ec3c332c efd6ea1b7a084da28a689bda3633f044 - - default default] 10.0.0.54 "DELETE /v2.0/security-groups/4a34de44-c409-463a-90c4-9c6d83fb27b1 HTTP/1.1" status: 204 len: 168 time: 0.2946475
2026-06-30 19:03:40.072 10 WARNING neutron.scheduler.dhcp_agent_scheduler [None req-b72dc8b5-53c2-4e12-aaee-eff8f21dd409 f7de920e52ed42fc8074d02bcd61dd4b 68cf86aea56d40878efef950e303167a - - default default] No more DHCP agents
2026-06-30 19:03:40.075 10 WARNING neutron.api.rpc.agentnotifiers.dhcp_rpc_agent_api [None req-b72dc8b5-53c2-4e12-aaee-eff8f21dd409 f7de920e52ed42fc8074d02bcd61dd4b 68cf86aea56d40878efef950e303167a - - default default] Unable to schedule network b0cef5e3-e16a-47ee-810b-982ccfffa0d1: no agents available; will retry on subsequent port and subnet creation events.
2026-06-30 19:03:40.385 10 INFO neutron.db.ovn_revision_numbers_db [None req-b72dc8b5-53c2-4e12-aaee-eff8f21dd409 f7de920e52ed42fc8074d02bcd61dd4b 68cf86aea56d40878efef950e303167a - - default default] Successfully bumped revision number for resource 711b6034-375e-4cd1-9568-c50633e2e341 (type: floatingips) to 0
2026-06-30 19:03:40.400 10 INFO neutron.wsgi [None req-b72dc8b5-53c2-4e12-aaee-eff8f21dd409 f7de920e52ed42fc8074d02bcd61dd4b 68cf86aea56d40878efef950e303167a - - default default] 10.0.0.54 "POST /v2.0/floatingips HTTP/1.1" status: 201 len: 751 time: 0.6174860
2026-06-30 19:03:40.470 9 INFO neutron.db.ovn_revision_numbers_db [None req-aeb55349-01e5-490f-abae-88336fc28981 0a849cf52d1f4e599d060988ec3c332c efd6ea1b7a084da28a689bda3633f044 - - default default] Successfully bumped revision number for resource ae8b5d89-00b9-46cd-b5fb-4e5951d202ea (type: ports) to 2
2026-06-30 19:03:40.471 10 INFO neutron.wsgi [None req-c16234ad-5fcb-4921-b609-883fdb2bc3be f7de920e52ed42fc8074d02bcd61dd4b 68cf86aea56d40878efef950e303167a - - default default] 10.0.0.54 "PUT /v2.0/floatingips/711b6034-375e-4cd1-9568-c50633e2e341/tags HTTP/1.1" status: 200 len: 218 time: 0.0654702
2026-06-30 19:03:40.480 9 INFO neutron.wsgi [None req-aeb55349-01e5-490f-abae-88336fc28981 0a849cf52d1f4e599d060988ec3c332c efd6ea1b7a084da28a689bda3633f044 - - default default] 199.204.45.23 "PUT /v2.0/ports/ae8b5d89-00b9-46cd-b5fb-4e5951d202ea HTTP/1.1" status: 200 len: 1328 time: 0.7497849 /var/lib/openstack/lib/python3.10/site-packages/pycadf/identifier.py:71: UserWarning: Invalid uuid: neutron. To ensure interoperability, identifiers should be a valid uuid. warnings.warn(('Invalid uuid: %s. To ensure interoperability, '
2026-06-30 19:03:40.497 9 INFO neutron.wsgi [None req-481dc7c0-58df-49cc-9c15-e56904200e1c 0a849cf52d1f4e599d060988ec3c332c efd6ea1b7a084da28a689bda3633f044 - - default default] 199.204.45.23 "GET /v2.0/extensions/security-group HTTP/1.1" status: 200 len: 369 time: 0.0048497
2026-06-30 19:03:40.501 10 INFO neutron.wsgi [None req-578fe340-b087-4b47-998a-8d5c51d13843 f7de920e52ed42fc8074d02bcd61dd4b 68cf86aea56d40878efef950e303167a - - default default] 10.0.0.54 "GET /v2.0/floatingips/711b6034-375e-4cd1-9568-c50633e2e341/tags HTTP/1.1" status: 200 len: 218 time: 0.0250292
2026-06-30 19:03:40.505 9 INFO neutron.wsgi [None req-9d569f26-2dd9-4f94-b219-7836e38f8d70 0a849cf52d1f4e599d060988ec3c332c efd6ea1b7a084da28a689bda3633f044 - - default default] 199.204.45.23 "GET /v2.0/extensions/dns-integration HTTP/1.1" status: 200 len: 371 time: 0.0036900
2026-06-30 19:03:40.514 9 INFO neutron.wsgi [None req-a0695699-99d9-4eab-a1cb-0a75ffa70399 0a849cf52d1f4e599d060988ec3c332c efd6ea1b7a084da28a689bda3633f044 - - default default] 199.204.45.23 "GET /v2.0/extensions/qos HTTP/1.1" status: 200 len: 365 time: 0.0049999
2026-06-30 19:03:40.523 9 INFO neutron.wsgi [None req-a33f20d7-e203-472b-bf94-f4c61705666e 0a849cf52d1f4e599d060988ec3c332c efd6ea1b7a084da28a689bda3633f044 - - default default] 199.204.45.23 "GET /v2.0/extensions/allowed-address-pairs HTTP/1.1" status: 200 len: 383 time: 0.0035865
2026-06-30 19:03:40.549 10 INFO neutron.wsgi [None req-c23d8237-c8b6-408b-96e6-2bb2e389beaa f7de920e52ed42fc8074d02bcd61dd4b 68cf86aea56d40878efef950e303167a - - default default] 10.0.0.54 "PUT /v2.0/floatingips/711b6034-375e-4cd1-9568-c50633e2e341/tags/green HTTP/1.1" status: 201 len: 201 time: 0.0435126
2026-06-30 19:03:40.566 9 WARNING neutron.scheduler.dhcp_agent_scheduler [None req-ee6dd8bf-bcee-495f-bb3b-7b45841e9ae9 0a849cf52d1f4e599d060988ec3c332c efd6ea1b7a084da28a689bda3633f044 - - default default] No more DHCP agents
2026-06-30 19:03:40.571 9 WARNING neutron.api.rpc.agentnotifiers.dhcp_rpc_agent_api [None req-ee6dd8bf-bcee-495f-bb3b-7b45841e9ae9 0a849cf52d1f4e599d060988ec3c332c efd6ea1b7a084da28a689bda3633f044 - - default default] Unable to schedule network b0cef5e3-e16a-47ee-810b-982ccfffa0d1: no agents available; will retry on subsequent port and subnet creation events.
2026-06-30 19:03:40.577 10 INFO neutron.wsgi [None req-5f20ecfc-494f-4a58-a688-b05760a5e923 f7de920e52ed42fc8074d02bcd61dd4b 68cf86aea56d40878efef950e303167a - - default default] 10.0.0.54 "GET /v2.0/floatingips/711b6034-375e-4cd1-9568-c50633e2e341/tags HTTP/1.1" status: 200 len: 227 time: 0.0217128
2026-06-30 19:03:40.588 9 INFO neutron.wsgi [None req-8b20e6b8-3d5a-4a09-8a41-6f70f82a0c25 0a849cf52d1f4e599d060988ec3c332c efd6ea1b7a084da28a689bda3633f044 - - default default] 199.204.45.23 "GET /v2.0/subnets/bc6d4956-09fe-46f9-b3d0-630911e72e55 HTTP/1.1" status: 200 len: 851 time: 0.0500183
2026-06-30 19:03:40.617 10 INFO neutron.wsgi [None req-e18d5dd2-7710-4a4d-a316-0e75624643de f7de920e52ed42fc8074d02bcd61dd4b 68cf86aea56d40878efef950e303167a - - default default] 10.0.0.54 "PUT /v2.0/floatingips/711b6034-375e-4cd1-9568-c50633e2e341/tags/red HTTP/1.1" status: 201 len: 201 time: 0.0337763
2026-06-30 19:03:40.648 10 INFO neutron.wsgi [None req-b8a97203-379a-40ee-821b-a46ed2783d37 f7de920e52ed42fc8074d02bcd61dd4b 68cf86aea56d40878efef950e303167a - - default default] 10.0.0.54 "GET /v2.0/floatingips/711b6034-375e-4cd1-9568-c50633e2e341/tags HTTP/1.1" status: 200 len: 227 time: 0.0251701
2026-06-30 19:03:40.693 10 INFO neutron.wsgi [None req-8ba10dcd-56ce-4773-b5b3-34e9bca4fe8f f7de920e52ed42fc8074d02bcd61dd4b 68cf86aea56d40878efef950e303167a - - default default] 10.0.0.54 "PUT /v2.0/floatingips/711b6034-375e-4cd1-9568-c50633e2e341/tags/black.or.white HTTP/1.1" status: 201 len: 201 time: 0.0374136
2026-06-30 19:03:40.739 9 INFO neutron.wsgi [None req-1a9d13c3-82a0-43b7-8a66-760ff38887fe f7de920e52ed42fc8074d02bcd61dd4b 68cf86aea56d40878efef950e303167a - - default default] 10.0.0.54 "GET /v2.0/floatingips/711b6034-375e-4cd1-9568-c50633e2e341/tags HTTP/1.1" status: 200 len: 245 time: 0.0423412
2026-06-30 19:03:40.795 9 INFO neutron.wsgi [None req-b81941d8-1736-418a-a9ef-1a8d15dc02ce f7de920e52ed42fc8074d02bcd61dd4b 68cf86aea56d40878efef950e303167a - - default default] 10.0.0.54 "PUT /v2.0/floatingips/711b6034-375e-4cd1-9568-c50633e2e341/tags HTTP/1.1" status: 200 len: 230 time: 0.0511262
2026-06-30 19:03:40.803 9 INFO neutron.db.ovn_revision_numbers_db [None req-ee6dd8bf-bcee-495f-bb3b-7b45841e9ae9 0a849cf52d1f4e599d060988ec3c332c efd6ea1b7a084da28a689bda3633f044 - - default default] Successfully bumped revision number for resource 9aad7375-5b17-4d88-a20a-6d0dca740d63 (type: ports) to 1
2026-06-30 19:03:40.828 10 INFO neutron.wsgi [None req-14f17a08-1d54-4f94-b537-64450d6e1b6c f7de920e52ed42fc8074d02bcd61dd4b 68cf86aea56d40878efef950e303167a - - default default] 10.0.0.54 "GET /v2.0/floatingips/711b6034-375e-4cd1-9568-c50633e2e341/tags HTTP/1.1" status: 200 len: 230 time: 0.0288506
2026-06-30 19:03:40.856 10 INFO neutron.wsgi [None req-5e96366e-c1d1-42a8-89e6-b7ab23a95d22 f7de920e52ed42fc8074d02bcd61dd4b 68cf86aea56d40878efef950e303167a - - default default] 10.0.0.54 "GET /v2.0/floatingips/711b6034-375e-4cd1-9568-c50633e2e341/tags/red HTTP/1.1" status: 204 len: 168 time: 0.0245695
2026-06-30 19:03:40.883 10 INFO neutron.api.v2.resource [None req-7807efee-8586-4eaf-8bb0-35734e2a5552 f7de920e52ed42fc8074d02bcd61dd4b 68cf86aea56d40878efef950e303167a - - default default] show failed (client error): The resource could not be found.
2026-06-30 19:03:40.884 10 INFO neutron.wsgi [None req-7807efee-8586-4eaf-8bb0-35734e2a5552 f7de920e52ed42fc8074d02bcd61dd4b 68cf86aea56d40878efef950e303167a - - default default] 10.0.0.54 "GET /v2.0/floatingips/711b6034-375e-4cd1-9568-c50633e2e341/tags/green HTTP/1.1" status: 404 len: 299 time: 0.0249529
2026-06-30 19:03:40.926 10 INFO neutron.wsgi [None req-fe0a5ddd-e19f-4746-9354-0e502a48c1cd f7de920e52ed42fc8074d02bcd61dd4b 68cf86aea56d40878efef950e303167a - - default default] 10.0.0.54 "DELETE /v2.0/floatingips/711b6034-375e-4cd1-9568-c50633e2e341/tags/red HTTP/1.1" status: 204 len: 168 time: 0.0369318
2026-06-30 19:03:40.958 10 INFO neutron.wsgi [None req-f07da3c8-e5f5-4bff-bb30-c00cf52c7357 f7de920e52ed42fc8074d02bcd61dd4b 68cf86aea56d40878efef950e303167a - - default default] 10.0.0.54 "GET /v2.0/floatingips/711b6034-375e-4cd1-9568-c50633e2e341/tags HTTP/1.1" status: 200 len: 223 time: 0.0286074
2026-06-30 19:03:40.991 10 INFO neutron.api.v2.resource [None req-97d9d93d-a0bd-4f24-99d5-1df701c9e0da f7de920e52ed42fc8074d02bcd61dd4b 68cf86aea56d40878efef950e303167a - - default default] delete failed (client error): The resource could not be found.
2026-06-30 19:03:40.992 10 INFO neutron.wsgi [None req-97d9d93d-a0bd-4f24-99d5-1df701c9e0da f7de920e52ed42fc8074d02bcd61dd4b 68cf86aea56d40878efef950e303167a - - default default] 10.0.0.54 "DELETE /v2.0/floatingips/711b6034-375e-4cd1-9568-c50633e2e341/tags/green HTTP/1.1" status: 404 len: 299 time: 0.0247047
2026-06-30 19:03:41.039 10 INFO neutron.wsgi [None req-37215e93-ad48-4235-98e9-ef85827efd1b f7de920e52ed42fc8074d02bcd61dd4b 68cf86aea56d40878efef950e303167a - - default default] 10.0.0.54 "DELETE /v2.0/floatingips/711b6034-375e-4cd1-9568-c50633e2e341/tags HTTP/1.1" status: 204 len: 168 time: 0.0389204
2026-06-30 19:03:41.068 10 INFO neutron.wsgi [None req-7991d598-67d4-4d08-aebc-798e4d87e6b2 f7de920e52ed42fc8074d02bcd61dd4b 68cf86aea56d40878efef950e303167a - - default default] 10.0.0.54 "GET /v2.0/floatingips/711b6034-375e-4cd1-9568-c50633e2e341/tags HTTP/1.1" status: 200 len: 205 time: 0.0240750
2026-06-30 19:03:41.421 9 INFO neutron.plugins.ml2.drivers.ovn.mech_driver.mech_driver [None req-29632e1d-96b4-4d76-964f-c7a8f6ae78a0 - - - - - -] OVN reports status up for port: 9aad7375-5b17-4d88-a20a-6d0dca740d63
2026-06-30 19:03:41.448 9 INFO neutron.plugins.ml2.drivers.ovn.mech_driver.ovsdb.ovsdb_monitor [None req-56487f0c-4aa3-458d-8cc4-56bc1f3357d4 - - - - - -] Router 581707cd-77f7-4a8c-8c2d-ffe2b8e8e1c2 is bound to host instance
2026-06-30 19:03:41.450 9 INFO neutron.plugins.ml2.plugin [None req-29632e1d-96b4-4d76-964f-c7a8f6ae78a0 - - - - - -] Attempt 1 to provision port 9aad7375-5b17-4d88-a20a-6d0dca740d63
2026-06-30 19:03:41.479 9 INFO neutron.db.ovn_revision_numbers_db [None req-ee6dd8bf-bcee-495f-bb3b-7b45841e9ae9 0a849cf52d1f4e599d060988ec3c332c efd6ea1b7a084da28a689bda3633f044 - - default default] Successfully bumped revision number for resource 9aad7375-5b17-4d88-a20a-6d0dca740d63 (type: router_ports) to 1
2026-06-30 19:03:41.629 9 INFO neutron.wsgi [None req-0a1b730b-a36f-4797-9d35-b3795dcbd81e f7de920e52ed42fc8074d02bcd61dd4b 68cf86aea56d40878efef950e303167a - - default default] 10.0.0.54 "DELETE /v2.0/floatingips/711b6034-375e-4cd1-9568-c50633e2e341 HTTP/1.1" status: 204 len: 168 time: 0.5548892
2026-06-30 19:03:41.631 9 INFO neutron.db.ovn_revision_numbers_db [None req-ee6dd8bf-bcee-495f-bb3b-7b45841e9ae9 0a849cf52d1f4e599d060988ec3c332c efd6ea1b7a084da28a689bda3633f044 - - default default] Successfully bumped revision number for resource 581707cd-77f7-4a8c-8c2d-ffe2b8e8e1c2 (type: routers) to 2
2026-06-30 19:03:41.650 9 INFO neutron.wsgi [None req-ee6dd8bf-bcee-495f-bb3b-7b45841e9ae9 0a849cf52d1f4e599d060988ec3c332c efd6ea1b7a084da28a689bda3633f044 - - default default] 10.0.0.54 "POST /v2.0/routers HTTP/1.1" status: 201 len: 879 time: 1.9073439
2026-06-30 19:03:41.794 9 INFO neutron.db.ovn_revision_numbers_db [None req-8740362f-2a2d-400a-b745-6dbd53b1b312 0a849cf52d1f4e599d060988ec3c332c efd6ea1b7a084da28a689bda3633f044 - - default default] Successfully bumped revision number for resource 8c6f281d-7b28-4ae0-9759-1ff5f6ed5457 (type: security_groups) to 1
2026-06-30 19:03:41.814 9 INFO neutron.db.ovn_revision_numbers_db [None req-8740362f-2a2d-400a-b745-6dbd53b1b312 0a849cf52d1f4e599d060988ec3c332c efd6ea1b7a084da28a689bda3633f044 - - default default] Successfully bumped revision number for resource 23b181ea-cc9d-465c-a474-c72fa6b522af (type: security_group_rules) to 0
2026-06-30 19:03:41.842 9 INFO neutron.db.ovn_revision_numbers_db [None req-8740362f-2a2d-400a-b745-6dbd53b1b312 0a849cf52d1f4e599d060988ec3c332c efd6ea1b7a084da28a689bda3633f044 - - default default] Successfully bumped revision number for resource 53ea7a1b-59d6-4540-90a1-2508dd28912e (type: security_group_rules) to 0
2026-06-30 19:03:41.859 9 INFO neutron.db.ovn_revision_numbers_db [None req-8740362f-2a2d-400a-b745-6dbd53b1b312 0a849cf52d1f4e599d060988ec3c332c efd6ea1b7a084da28a689bda3633f044 - - default default] Successfully bumped revision number for resource 79773fbc-397d-4c20-9c0c-5f3b61bccd6c (type: security_group_rules) to 0
2026-06-30 19:03:41.889 9 INFO neutron.db.ovn_revision_numbers_db [None req-8740362f-2a2d-400a-b745-6dbd53b1b312 0a849cf52d1f4e599d060988ec3c332c efd6ea1b7a084da28a689bda3633f044 - - default default] Successfully bumped revision number for resource 8e0adbb8-4fff-48b1-a1d2-8454c2d163e8 (type: security_group_rules) to 0
2026-06-30 19:03:41.954 9 INFO neutron.db.segments_db [None req-8740362f-2a2d-400a-b745-6dbd53b1b312 0a849cf52d1f4e599d060988ec3c332c efd6ea1b7a084da28a689bda3633f044 - - default default] Added segment 2c2f1f5d-3338-4c3d-a35d-2010d4a0f337 of type geneve for network c6709225-64ad-49e1-a1bb-5928ae1a152c
2026-06-30 19:03:42.089 10 WARNING neutron.scheduler.dhcp_agent_scheduler [None req-ee7069ca-2406-4582-a74b-91fe87e3eed0 0a849cf52d1f4e599d060988ec3c332c efd6ea1b7a084da28a689bda3633f044 - - default default] No more DHCP agents
2026-06-30 19:03:42.094 10 WARNING neutron.api.rpc.agentnotifiers.dhcp_rpc_agent_api [None req-ee7069ca-2406-4582-a74b-91fe87e3eed0 0a849cf52d1f4e599d060988ec3c332c efd6ea1b7a084da28a689bda3633f044 - - default default] Unable to schedule network b6fcf98f-b2c7-4681-8a49-a7cb39bcb1fb: no agents available; will retry on subsequent port and subnet creation events.
2026-06-30 19:03:42.258 10 INFO neutron.db.ovn_revision_numbers_db [None req-ee7069ca-2406-4582-a74b-91fe87e3eed0 0a849cf52d1f4e599d060988ec3c332c efd6ea1b7a084da28a689bda3633f044 - - default default] Successfully bumped revision number for resource ffea1a73-49be-4064-8649-76efc5a5d288 (type: ports) to 1
2026-06-30 19:03:42.364 9 INFO neutron.db.ovn_revision_numbers_db [None req-8740362f-2a2d-400a-b745-6dbd53b1b312 0a849cf52d1f4e599d060988ec3c332c efd6ea1b7a084da28a689bda3633f044 - - default default] Successfully bumped revision number for resource c6709225-64ad-49e1-a1bb-5928ae1a152c (type: networks) to 1
2026-06-30 19:03:42.374 9 INFO neutron.db.ovn_revision_numbers_db [None req-56487f0c-4aa3-458d-8cc4-56bc1f3357d4 - - - - - -] Successfully bumped revision number for resource 9aad7375-5b17-4d88-a20a-6d0dca740d63 (type: ports) to 1
2026-06-30 19:03:42.596 9 WARNING neutron.scheduler.dhcp_agent_scheduler [None req-8740362f-2a2d-400a-b745-6dbd53b1b312 0a849cf52d1f4e599d060988ec3c332c efd6ea1b7a084da28a689bda3633f044 - - default default] No more DHCP agents
2026-06-30 19:03:42.602 9 WARNING neutron.api.rpc.agentnotifiers.dhcp_rpc_agent_api [None req-8740362f-2a2d-400a-b745-6dbd53b1b312 0a849cf52d1f4e599d060988ec3c332c efd6ea1b7a084da28a689bda3633f044 - - default default] Unable to schedule network c6709225-64ad-49e1-a1bb-5928ae1a152c: no agents available; will retry on subsequent port and subnet creation events.
2026-06-30 19:03:42.731 10 INFO neutron.plugins.ml2.drivers.ovn.mech_driver.mech_driver [None req-927cb639-e77b-4ed0-8acd-af16ea5cce02 - - - - - -] OVN reports status up for port: ffea1a73-49be-4064-8649-76efc5a5d288
2026-06-30 19:03:42.745 10 INFO neutron.plugins.ml2.plugin [None req-927cb639-e77b-4ed0-8acd-af16ea5cce02 - - - - - -] Attempt 1 to provision port ffea1a73-49be-4064-8649-76efc5a5d288
2026-06-30 19:03:42.759 10 INFO neutron.db.ovn_revision_numbers_db [None req-ee7069ca-2406-4582-a74b-91fe87e3eed0 0a849cf52d1f4e599d060988ec3c332c efd6ea1b7a084da28a689bda3633f044 - - default default] Successfully bumped revision number for resource ffea1a73-49be-4064-8649-76efc5a5d288 (type: router_ports) to 1
2026-06-30 19:03:42.759 9 INFO neutron.db.ovn_revision_numbers_db [None req-8740362f-2a2d-400a-b745-6dbd53b1b312 0a849cf52d1f4e599d060988ec3c332c efd6ea1b7a084da28a689bda3633f044 - - default default] Successfully bumped revision number for resource 6d4c25b4-d8ff-480f-89e0-7a961f973113 (type: ports) to 1
2026-06-30 19:03:42.778 9 INFO neutron.db.ovn_revision_numbers_db [None req-10dcd8cc-0b6c-4e1a-8338-2c199ab0c796 0a849cf52d1f4e599d060988ec3c332c efd6ea1b7a084da28a689bda3633f044 - - default default] Successfully bumped revision number for resource 59957d19-64dd-4910-9d09-d6c729a18fac (type: security_groups) to 1
2026-06-30 19:03:42.792 9 INFO neutron.wsgi [None req-8740362f-2a2d-400a-b745-6dbd53b1b312 0a849cf52d1f4e599d060988ec3c332c efd6ea1b7a084da28a689bda3633f044 - - default default] 10.0.0.54 "POST /v2.0/networks HTTP/1.1" status: 201 len: 943 time: 1.3579197
2026-06-30 19:03:42.808 9 INFO neutron.db.ovn_revision_numbers_db [None req-10dcd8cc-0b6c-4e1a-8338-2c199ab0c796 0a849cf52d1f4e599d060988ec3c332c efd6ea1b7a084da28a689bda3633f044 - - default default] Successfully bumped revision number for resource 11bd1e42-82db-4388-b109-9407652008cb (type: security_group_rules) to 0
2026-06-30 19:03:42.839 9 INFO neutron.db.ovn_revision_numbers_db [None req-10dcd8cc-0b6c-4e1a-8338-2c199ab0c796 0a849cf52d1f4e599d060988ec3c332c efd6ea1b7a084da28a689bda3633f044 - - default default] Successfully bumped revision number for resource 4a30d0bc-647f-4082-a5c8-610911ebef01 (type: security_group_rules) to 0
2026-06-30 19:03:42.879 9 INFO neutron.db.ovn_revision_numbers_db [None req-10dcd8cc-0b6c-4e1a-8338-2c199ab0c796 0a849cf52d1f4e599d060988ec3c332c efd6ea1b7a084da28a689bda3633f044 - - default default] Successfully bumped revision number for resource 73a887a0-d005-410a-92fc-579028359701 (type: security_group_rules) to 0
2026-06-30 19:03:42.880 9 INFO neutron.db.ovn_revision_numbers_db [None req-56487f0c-4aa3-458d-8cc4-56bc1f3357d4 - - - - - -] Successfully bumped revision number for resource 9aad7375-5b17-4d88-a20a-6d0dca740d63 (type: router_ports) to 3
2026-06-30 19:03:42.904 9 INFO neutron.db.ovn_revision_numbers_db [None req-10dcd8cc-0b6c-4e1a-8338-2c199ab0c796 0a849cf52d1f4e599d060988ec3c332c efd6ea1b7a084da28a689bda3633f044 - - default default] Successfully bumped revision number for resource e6b67ffd-b9f9-481e-a45f-f8609f3dc416 (type: security_group_rules) to 0
2026-06-30 19:03:42.959 9 INFO neutron.wsgi [None req-10dcd8cc-0b6c-4e1a-8338-2c199ab0c796 0a849cf52d1f4e599d060988ec3c332c efd6ea1b7a084da28a689bda3633f044 - - default default] 10.0.0.54 "GET /v2.0/security-groups?tenant_id=9433fab3ee0b42c5bdd621842b5728a9&name=default HTTP/1.1" status: 200 len: 2996 time: 0.6436465
2026-06-30 19:03:42.966 10 INFO neutron.db.ovn_revision_numbers_db [None req-ee7069ca-2406-4582-a74b-91fe87e3eed0 0a849cf52d1f4e599d060988ec3c332c efd6ea1b7a084da28a689bda3633f044 - - default default] Successfully bumped revision number for resource ffea1a73-49be-4064-8649-76efc5a5d288 (type: ports) to 1
2026-06-30 19:03:43.043 9 WARNING neutron.scheduler.dhcp_agent_scheduler [None req-2c3c1f7c-910c-4c66-8525-3880929a9f55 0a849cf52d1f4e599d060988ec3c332c efd6ea1b7a084da28a689bda3633f044 - - default default] No more DHCP agents
2026-06-30 19:03:43.047 9 WARNING neutron.api.rpc.agentnotifiers.dhcp_rpc_agent_api [None req-2c3c1f7c-910c-4c66-8525-3880929a9f55 0a849cf52d1f4e599d060988ec3c332c efd6ea1b7a084da28a689bda3633f044 - - default default] Unable to schedule network c6709225-64ad-49e1-a1bb-5928ae1a152c: no agents available; will retry on subsequent port and subnet creation events.
2026-06-30 19:03:43.081 10 WARNING neutron.scheduler.dhcp_agent_scheduler [None req-ee7069ca-2406-4582-a74b-91fe87e3eed0 0a849cf52d1f4e599d060988ec3c332c efd6ea1b7a084da28a689bda3633f044 - - default default] No more DHCP agents
2026-06-30 19:03:43.084 10 WARNING neutron.api.rpc.agentnotifiers.dhcp_rpc_agent_api [None req-ee7069ca-2406-4582-a74b-91fe87e3eed0 0a849cf52d1f4e599d060988ec3c332c efd6ea1b7a084da28a689bda3633f044 - - default default] Unable to schedule network b6fcf98f-b2c7-4681-8a49-a7cb39bcb1fb: no agents available; will retry on subsequent port and subnet creation events.
2026-06-30 19:03:43.120 9 INFO neutron.db.ovn_revision_numbers_db [None req-56487f0c-4aa3-458d-8cc4-56bc1f3357d4 - - - - - -] Successfully bumped revision number for resource 9aad7375-5b17-4d88-a20a-6d0dca740d63 (type: ports) to 2
2026-06-30 19:03:43.127 10 INFO neutron.db.ovn_revision_numbers_db [None req-927cb639-e77b-4ed0-8acd-af16ea5cce02 - - - - - -] Successfully bumped revision number for resource ffea1a73-49be-4064-8649-76efc5a5d288 (type: ports) to 2
2026-06-30 19:03:43.432 9 INFO neutron.db.ovn_revision_numbers_db [None req-56487f0c-4aa3-458d-8cc4-56bc1f3357d4 - - - - - -] Successfully bumped revision number for resource 9aad7375-5b17-4d88-a20a-6d0dca740d63 (type: ports) to 4
2026-06-30 19:03:43.538 10 INFO neutron.db.ovn_revision_numbers_db [None req-927cb639-e77b-4ed0-8acd-af16ea5cce02 - - - - - -] Successfully bumped revision number for resource ffea1a73-49be-4064-8649-76efc5a5d288 (type: router_ports) to 2
2026-06-30 19:03:43.575 10 INFO neutron.wsgi [None req-88590903-bc88-4db6-8d33-f4ed39e62bc4 0a849cf52d1f4e599d060988ec3c332c efd6ea1b7a084da28a689bda3633f044 - - default default] 10.0.0.54 "DELETE /v2.0/security-groups/59957d19-64dd-4910-9d09-d6c729a18fac HTTP/1.1" status: 204 len: 168 time: 0.6076584
2026-06-30 19:03:43.650 9 INFO neutron.db.ovn_revision_numbers_db [None req-2c3c1f7c-910c-4c66-8525-3880929a9f55 0a849cf52d1f4e599d060988ec3c332c efd6ea1b7a084da28a689bda3633f044 - - default default] Successfully bumped revision number for resource 6d4c25b4-d8ff-480f-89e0-7a961f973113 (type: ports) to 2
2026-06-30 19:03:43.713 9 INFO neutron.db.ovn_revision_numbers_db [None req-2c3c1f7c-910c-4c66-8525-3880929a9f55 0a849cf52d1f4e599d060988ec3c332c efd6ea1b7a084da28a689bda3633f044 - - default default] Successfully bumped revision number for resource 7333b63d-ddbf-4dc5-8f67-602763a806b3 (type: subnets) to 0
2026-06-30 19:03:43.744 9 INFO neutron.wsgi [None req-2c3c1f7c-910c-4c66-8525-3880929a9f55 0a849cf52d1f4e599d060988ec3c332c efd6ea1b7a084da28a689bda3633f044 - - default default] 10.0.0.54 "POST /v2.0/subnets HTTP/1.1" status: 201 len: 863 time: 0.9466543
2026-06-30 19:03:43.761 9 INFO neutron.db.ovn_revision_numbers_db [None req-56487f0c-4aa3-458d-8cc4-56bc1f3357d4 - - - - - -] Successfully bumped revision number for resource 9aad7375-5b17-4d88-a20a-6d0dca740d63 (type: router_ports) to 4
2026-06-30 19:03:43.842 9 INFO neutron.db.ovn_revision_numbers_db [None req-3fcadd9f-a40a-4200-9887-688077d37379 0a849cf52d1f4e599d060988ec3c332c efd6ea1b7a084da28a689bda3633f044 - - default default] Successfully bumped revision number for resource 4180271e-c757-4619-b8ec-f2c16380ae76 (type: security_groups) to 1
2026-06-30 19:03:43.859 9 INFO neutron.db.ovn_revision_numbers_db [None req-3fcadd9f-a40a-4200-9887-688077d37379 0a849cf52d1f4e599d060988ec3c332c efd6ea1b7a084da28a689bda3633f044 - - default default] Successfully bumped revision number for resource 533ca969-8dd0-455d-aa94-b751dec329fa (type: security_group_rules) to 0
2026-06-30 19:03:43.876 9 INFO neutron.db.ovn_revision_numbers_db [None req-3fcadd9f-a40a-4200-9887-688077d37379 0a849cf52d1f4e599d060988ec3c332c efd6ea1b7a084da28a689bda3633f044 - - default default] Successfully bumped revision number for resource 76b3a522-c07b-4ae7-aa52-47691c1bda02 (type: security_group_rules) to 0
2026-06-30 19:03:43.891 9 INFO neutron.db.ovn_revision_numbers_db [None req-3fcadd9f-a40a-4200-9887-688077d37379 0a849cf52d1f4e599d060988ec3c332c efd6ea1b7a084da28a689bda3633f044 - - default default] Successfully bumped revision number for resource adadf6a4-9ad4-4799-b858-9ef790be2da5 (type: security_group_rules) to 0
2026-06-30 19:03:43.905 9 INFO neutron.db.ovn_revision_numbers_db [None req-3fcadd9f-a40a-4200-9887-688077d37379 0a849cf52d1f4e599d060988ec3c332c efd6ea1b7a084da28a689bda3633f044 - - default default] Successfully bumped revision number for resource cee08118-1573-4f56-b348-e0c65d9a3d2e (type: security_group_rules) to 0
2026-06-30 19:03:43.926 9 INFO neutron.wsgi [None req-3fcadd9f-a40a-4200-9887-688077d37379 0a849cf52d1f4e599d060988ec3c332c efd6ea1b7a084da28a689bda3633f044 - - default default] 10.0.0.54 "GET /v2.0/security-groups?tenant_id=68cf86aea56d40878efef950e303167a&name=default HTTP/1.1" status: 200 len: 2996 time: 0.2288845
2026-06-30 19:03:44.060 10 INFO neutron.db.ovn_revision_numbers_db [None req-ee7069ca-2406-4582-a74b-91fe87e3eed0 0a849cf52d1f4e599d060988ec3c332c efd6ea1b7a084da28a689bda3633f044 - - default default] Successfully bumped revision number for resource ffea1a73-49be-4064-8649-76efc5a5d288 (type: router_ports) to 2
2026-06-30 19:03:44.062 10 INFO neutron.wsgi [None req-ee7069ca-2406-4582-a74b-91fe87e3eed0 0a849cf52d1f4e599d060988ec3c332c efd6ea1b7a084da28a689bda3633f044 - - default default] 10.0.0.54 "PUT /v2.0/routers/581707cd-77f7-4a8c-8c2d-ffe2b8e8e1c2/add_router_interface HTTP/1.1" status: 200 len: 503 time: 2.4055481
2026-06-30 19:03:44.155 9 INFO neutron.wsgi [None req-18ce0d6f-eee9-4000-ab4c-5a79547dc8a9 0a849cf52d1f4e599d060988ec3c332c efd6ea1b7a084da28a689bda3633f044 - - default default] 10.0.0.54 "DELETE /v2.0/security-groups/4180271e-c757-4619-b8ec-f2c16380ae76 HTTP/1.1" status: 204 len: 168 time: 0.2229414
2026-06-30 19:03:44.251 10 WARNING neutron.scheduler.dhcp_agent_scheduler [None req-098feab0-e7fb-43e6-85af-9cf2015a82ab 0a849cf52d1f4e599d060988ec3c332c efd6ea1b7a084da28a689bda3633f044 - - default default] No more DHCP agents
2026-06-30 19:03:44.253 10 WARNING neutron.api.rpc.agentnotifiers.dhcp_rpc_agent_api [None req-098feab0-e7fb-43e6-85af-9cf2015a82ab 0a849cf52d1f4e599d060988ec3c332c efd6ea1b7a084da28a689bda3633f044 - - default default] Unable to schedule network b0cef5e3-e16a-47ee-810b-982ccfffa0d1: no agents available; will retry on subsequent port and subnet creation events.
2026-06-30 19:03:44.418 10 INFO neutron.db.ovn_revision_numbers_db [None req-098feab0-e7fb-43e6-85af-9cf2015a82ab 0a849cf52d1f4e599d060988ec3c332c efd6ea1b7a084da28a689bda3633f044 - - default default] Successfully bumped revision number for resource 4e4d0b51-e31b-4ef6-8925-24d81bdb989a (type: ports) to 1
2026-06-30 19:03:44.998 10 INFO neutron.plugins.ml2.drivers.ovn.mech_driver.ovsdb.ovsdb_monitor [None req-6d61c910-81a0-40f3-9f38-05559ce391ae - - - - - -] Router f49ede51-ed14-403d-adcb-e2b7e2a2d093 is bound to host instance
2026-06-30 19:03:45.254 10 INFO neutron.db.ovn_revision_numbers_db [None req-098feab0-e7fb-43e6-85af-9cf2015a82ab 0a849cf52d1f4e599d060988ec3c332c efd6ea1b7a084da28a689bda3633f044 - - default default] Successfully bumped revision number for resource 4e4d0b51-e31b-4ef6-8925-24d81bdb989a (type: router_ports) to 1
2026-06-30 19:03:45.295 10 INFO neutron.wsgi [req-c3e260af-42bb-4621-8a90-eece9b39c20d req-30e89757-1d26-4738-a3bc-c6716d089d83 aae937f7c31c40629ea01587bea13dd5 78d6c68d4d384129ae7e06c449f512cb - - default default] 10.0.0.67 "GET /v2.0/networks?id=b6fcf98f-b2c7-4681-8a49-a7cb39bcb1fb HTTP/1.1" status: 200 len: 877 time: 0.3213594
2026-06-30 19:03:45.303 10 INFO neutron.wsgi [-] 10.0.0.74 "GET / HTTP/1.1" status: 200 len: 247 time: 0.0011494
2026-06-30 19:03:45.307 9 INFO neutron.wsgi [-] 10.0.0.74 "GET / HTTP/1.1" status: 200 len: 247 time: 0.0023148
2026-06-30 19:03:45.322 10 INFO neutron.wsgi [req-c3e260af-42bb-4621-8a90-eece9b39c20d req-6dc83a98-be8a-4fb3-bb89-5448ead40f2e aae937f7c31c40629ea01587bea13dd5 78d6c68d4d384129ae7e06c449f512cb - - default default] 10.0.0.67 "GET /v2.0/quotas/78d6c68d4d384129ae7e06c449f512cb HTTP/1.1" status: 200 len: 386 time: 0.0150189
2026-06-30 19:03:45.393 10 INFO neutron.db.ovn_revision_numbers_db [None req-098feab0-e7fb-43e6-85af-9cf2015a82ab 0a849cf52d1f4e599d060988ec3c332c efd6ea1b7a084da28a689bda3633f044 - - default default] Successfully bumped revision number for resource f49ede51-ed14-403d-adcb-e2b7e2a2d093 (type: routers) to 2
2026-06-30 19:03:45.422 10 INFO neutron.wsgi [None req-098feab0-e7fb-43e6-85af-9cf2015a82ab 0a849cf52d1f4e599d060988ec3c332c efd6ea1b7a084da28a689bda3633f044 - - default default] 10.0.0.54 "POST /v2.0/routers HTTP/1.1" status: 201 len: 874 time: 1.6689517
2026-06-30 19:03:45.532 10 INFO neutron.wsgi [req-c3e260af-42bb-4621-8a90-eece9b39c20d req-e030e0dc-0569-48b8-9d95-873743cbe98e aae937f7c31c40629ea01587bea13dd5 78d6c68d4d384129ae7e06c449f512cb - - default default] 10.0.0.67 "GET /v2.0/ports?tenant_id=78d6c68d4d384129ae7e06c449f512cb&fields=id HTTP/1.1" status: 200 len: 302 time: 0.1893649
2026-06-30 19:03:45.647 10 INFO neutron.wsgi [req-c3e260af-42bb-4621-8a90-eece9b39c20d req-1aa838e7-4f9d-461a-be92-fc5663d0fe77 4cb05f392a8e4253b49567a80e16c3bc 7f99b634af1d45c0a96352aea564cd51 - - bfdd529dde0f4ab7b942fd931fe7815e bfdd529dde0f4ab7b942fd931fe7815e] 10.0.0.67 "GET /v2.0/networks/b6fcf98f-b2c7-4681-8a49-a7cb39bcb1fb?fields=segments HTTP/1.1" status: 200 len: 212 time: 0.0954969
2026-06-30 19:03:45.796 10 INFO neutron.wsgi [req-c3e260af-42bb-4621-8a90-eece9b39c20d req-69eb018c-7d73-4157-bae6-fff9a14626e4 4cb05f392a8e4253b49567a80e16c3bc 7f99b634af1d45c0a96352aea564cd51 - - bfdd529dde0f4ab7b942fd931fe7815e bfdd529dde0f4ab7b942fd931fe7815e] 10.0.0.67 "GET /v2.0/networks/b6fcf98f-b2c7-4681-8a49-a7cb39bcb1fb?fields=provider%3Aphysical_network&fields=provider%3Anetwork_type HTTP/1.1" status: 200 len: 277 time: 0.1406994
2026-06-30 19:03:45.967 10 INFO neutron.wsgi [req-3d7eb3b9-0139-45e6-a4c3-adf4723ef1aa req-c585ebb0-9530-4146-bce5-476976cbe16f aae937f7c31c40629ea01587bea13dd5 78d6c68d4d384129ae7e06c449f512cb - - default default] 10.0.0.67 "GET /v2.0/ports?device_id=ab0be2c0-7645-4076-85ff-da1d2c48a871 HTTP/1.1" status: 200 len: 210 time: 0.0348680
2026-06-30 19:03:46.139 10 WARNING neutron.scheduler.dhcp_agent_scheduler [None req-950dafe7-0d6b-4f26-b47b-10dec3a036e0 0a849cf52d1f4e599d060988ec3c332c efd6ea1b7a084da28a689bda3633f044 - - default default] No more DHCP agents
2026-06-30 19:03:46.144 10 WARNING neutron.api.rpc.agentnotifiers.dhcp_rpc_agent_api [None req-950dafe7-0d6b-4f26-b47b-10dec3a036e0 0a849cf52d1f4e599d060988ec3c332c efd6ea1b7a084da28a689bda3633f044 - - default default] Unable to schedule network c6709225-64ad-49e1-a1bb-5928ae1a152c: no agents available; will retry on subsequent port and subnet creation events.
2026-06-30 19:03:46.160 10 INFO neutron.db.ovn_revision_numbers_db [None req-6d61c910-81a0-40f3-9f38-05559ce391ae - - - - - -] Successfully bumped revision number for resource 4e4d0b51-e31b-4ef6-8925-24d81bdb989a (type: ports) to 1
2026-06-30 19:03:46.350 10 INFO neutron.db.ovn_revision_numbers_db [None req-950dafe7-0d6b-4f26-b47b-10dec3a036e0 0a849cf52d1f4e599d060988ec3c332c efd6ea1b7a084da28a689bda3633f044 - - default default] Successfully bumped revision number for resource adae4efd-5a98-49a8-81e1-03380022d022 (type: ports) to 1
2026-06-30 19:03:46.491 10 INFO neutron.db.ovn_revision_numbers_db [None req-6d61c910-81a0-40f3-9f38-05559ce391ae - - - - - -] Successfully bumped revision number for resource 4e4d0b51-e31b-4ef6-8925-24d81bdb989a (type: router_ports) to 3
2026-06-30 19:03:46.714 10 INFO neutron.db.ovn_revision_numbers_db [None req-6d61c910-81a0-40f3-9f38-05559ce391ae - - - - - -] Successfully bumped revision number for resource 4e4d0b51-e31b-4ef6-8925-24d81bdb989a (type: ports) to 2
2026-06-30 19:03:46.768 9 INFO neutron.wsgi [req-c3e260af-42bb-4621-8a90-eece9b39c20d req-ec25aba4-29f0-409e-be5c-956a84a83ce1 aae937f7c31c40629ea01587bea13dd5 78d6c68d4d384129ae7e06c449f512cb - - default default] 199.204.45.23 "GET /v2.0/networks?id=b6fcf98f-b2c7-4681-8a49-a7cb39bcb1fb HTTP/1.1" status: 200 len: 877 time: 0.1493373
2026-06-30 19:03:47.104 10 INFO neutron.wsgi [req-57a9e3e5-99fb-4cfc-9a0c-527cf1dd4341 req-55d5c491-df1c-4b2b-9dbc-71a96bd1335b aae937f7c31c40629ea01587bea13dd5 78d6c68d4d384129ae7e06c449f512cb - - default default] 10.0.0.67 "GET /v2.0/ports?device_id=ab0be2c0-7645-4076-85ff-da1d2c48a871 HTTP/1.1" status: 200 len: 210 time: 0.0345266
2026-06-30 19:03:47.127 9 WARNING neutron.scheduler.dhcp_agent_scheduler [req-c3e260af-42bb-4621-8a90-eece9b39c20d req-1d34207b-1900-4ffd-9ffa-14e98361a830 aae937f7c31c40629ea01587bea13dd5 78d6c68d4d384129ae7e06c449f512cb - - default default] No more DHCP agents
2026-06-30 19:03:47.130 9 WARNING neutron.api.rpc.agentnotifiers.dhcp_rpc_agent_api [req-c3e260af-42bb-4621-8a90-eece9b39c20d req-1d34207b-1900-4ffd-9ffa-14e98361a830 aae937f7c31c40629ea01587bea13dd5 78d6c68d4d384129ae7e06c449f512cb - - default default] Unable to schedule network b6fcf98f-b2c7-4681-8a49-a7cb39bcb1fb: no agents available; will retry on subsequent port and subnet creation events.
2026-06-30 19:03:47.151 9 INFO neutron.plugins.ml2.drivers.ovn.mech_driver.mech_driver [None req-29632e1d-96b4-4d76-964f-c7a8f6ae78a0 - - - - - -] OVN reports status up for port: adae4efd-5a98-49a8-81e1-03380022d022
2026-06-30 19:03:47.160 9 INFO neutron.plugins.ml2.plugin [None req-29632e1d-96b4-4d76-964f-c7a8f6ae78a0 - - - - - -] Attempt 1 to provision port adae4efd-5a98-49a8-81e1-03380022d022
2026-06-30 19:03:47.179 10 INFO neutron.db.ovn_revision_numbers_db [None req-950dafe7-0d6b-4f26-b47b-10dec3a036e0 0a849cf52d1f4e599d060988ec3c332c efd6ea1b7a084da28a689bda3633f044 - - default default] Successfully bumped revision number for resource adae4efd-5a98-49a8-81e1-03380022d022 (type: router_ports) to 1
2026-06-30 19:03:47.303 10 INFO neutron.db.ovn_revision_numbers_db [None req-6d61c910-81a0-40f3-9f38-05559ce391ae - - - - - -] Successfully bumped revision number for resource 4e4d0b51-e31b-4ef6-8925-24d81bdb989a (type: ports) to 4
2026-06-30 19:03:47.336 9 INFO neutron.db.ovn_revision_numbers_db [req-c3e260af-42bb-4621-8a90-eece9b39c20d req-1d34207b-1900-4ffd-9ffa-14e98361a830 aae937f7c31c40629ea01587bea13dd5 78d6c68d4d384129ae7e06c449f512cb - - default default] Successfully bumped revision number for resource 1858c328-0f25-4282-813d-5d7ec2ad0a4d (type: ports) to 1
2026-06-30 19:03:47.376 9 INFO neutron.wsgi [req-c3e260af-42bb-4621-8a90-eece9b39c20d req-1d34207b-1900-4ffd-9ffa-14e98361a830 aae937f7c31c40629ea01587bea13dd5 78d6c68d4d384129ae7e06c449f512cb - - default default] 199.204.45.23 "POST /v2.0/ports HTTP/1.1" status: 201 len: 1162 time: 0.6003273
2026-06-30 19:03:47.389 10 INFO neutron.db.ovn_revision_numbers_db [None req-950dafe7-0d6b-4f26-b47b-10dec3a036e0 0a849cf52d1f4e599d060988ec3c332c efd6ea1b7a084da28a689bda3633f044 - - default default] Successfully bumped revision number for resource adae4efd-5a98-49a8-81e1-03380022d022 (type: ports) to 1 /var/lib/openstack/lib/python3.10/site-packages/pycadf/identifier.py:71: UserWarning: Invalid uuid: neutron. To ensure interoperability, identifiers should be a valid uuid. warnings.warn(('Invalid uuid: %s. To ensure interoperability, '
2026-06-30 19:03:47.512 10 WARNING neutron.scheduler.dhcp_agent_scheduler [None req-950dafe7-0d6b-4f26-b47b-10dec3a036e0 0a849cf52d1f4e599d060988ec3c332c efd6ea1b7a084da28a689bda3633f044 - - default default] No more DHCP agents
2026-06-30 19:03:47.516 10 WARNING neutron.api.rpc.agentnotifiers.dhcp_rpc_agent_api [None req-950dafe7-0d6b-4f26-b47b-10dec3a036e0 0a849cf52d1f4e599d060988ec3c332c efd6ea1b7a084da28a689bda3633f044 - - default default] Unable to schedule network c6709225-64ad-49e1-a1bb-5928ae1a152c: no agents available; will retry on subsequent port and subnet creation events.
2026-06-30 19:03:47.607 9 INFO neutron.db.ovn_revision_numbers_db [None req-29632e1d-96b4-4d76-964f-c7a8f6ae78a0 - - - - - -] Successfully bumped revision number for resource adae4efd-5a98-49a8-81e1-03380022d022 (type: ports) to 2
2026-06-30 19:03:47.653 10 INFO neutron.db.ovn_revision_numbers_db [None req-6d61c910-81a0-40f3-9f38-05559ce391ae - - - - - -] Successfully bumped revision number for resource 4e4d0b51-e31b-4ef6-8925-24d81bdb989a (type: router_ports) to 4
2026-06-30 19:03:47.674 9 INFO neutron.wsgi [None req-3ac9b54e-9870-41c0-b03d-d989d396e706 05f12984e6ed43b4bd9f4c4739f1ee0c cda38e4df20a4fdca8a64001c654843f - - default default] 10.0.0.54 "POST /v2.0/qos/policies HTTP/1.1" status: 201 len: 558 time: 0.3193274
2026-06-30 19:03:47.745 10 INFO neutron.wsgi [None req-aa5876c9-15cc-4b88-871c-3c85d7c2e34b 05f12984e6ed43b4bd9f4c4739f1ee0c cda38e4df20a4fdca8a64001c654843f - - default default] 10.0.0.54 "PUT /v2.0/policies/485b444c-a791-4ec4-9283-71ca33f424dc/tags HTTP/1.1" status: 200 len: 218 time: 0.0586891
2026-06-30 19:03:47.768 10 INFO neutron.wsgi [None req-965bf6e4-7268-4b0d-b6e4-2a593e467d1e 05f12984e6ed43b4bd9f4c4739f1ee0c cda38e4df20a4fdca8a64001c654843f - - default default] 10.0.0.54 "GET /v2.0/policies/485b444c-a791-4ec4-9283-71ca33f424dc/tags HTTP/1.1" status: 200 len: 218 time: 0.0167835
2026-06-30 19:03:47.809 10 INFO neutron.wsgi [None req-70d60b7f-e3bc-4dae-8225-a75a8828d514 05f12984e6ed43b4bd9f4c4739f1ee0c cda38e4df20a4fdca8a64001c654843f - - default default] 10.0.0.54 "PUT /v2.0/policies/485b444c-a791-4ec4-9283-71ca33f424dc/tags/green HTTP/1.1" status: 201 len: 201 time: 0.0318503
2026-06-30 19:03:47.831 10 INFO neutron.wsgi [None req-b4dfb2a1-d9e4-4ca4-a599-75f3641cf117 05f12984e6ed43b4bd9f4c4739f1ee0c cda38e4df20a4fdca8a64001c654843f - - default default] 10.0.0.54 "GET /v2.0/policies/485b444c-a791-4ec4-9283-71ca33f424dc/tags HTTP/1.1" status: 200 len: 227 time: 0.0148153
2026-06-30 19:03:47.852 10 INFO neutron.wsgi [None req-1cf85105-d47d-4062-ba21-eecfdc6bfd3a 05f12984e6ed43b4bd9f4c4739f1ee0c cda38e4df20a4fdca8a64001c654843f - - default default] 10.0.0.54 "PUT /v2.0/policies/485b444c-a791-4ec4-9283-71ca33f424dc/tags/red HTTP/1.1" status: 201 len: 201 time: 0.0145543
2026-06-30 19:03:47.876 10 INFO neutron.wsgi [None req-668e9592-265a-474b-a7e6-a95207b3c0e9 05f12984e6ed43b4bd9f4c4739f1ee0c cda38e4df20a4fdca8a64001c654843f - - default default] 10.0.0.54 "GET /v2.0/policies/485b444c-a791-4ec4-9283-71ca33f424dc/tags HTTP/1.1" status: 200 len: 227 time: 0.0168159
2026-06-30 19:03:47.935 10 INFO neutron.wsgi [None req-4193def3-626b-4117-9227-28a297966aa1 05f12984e6ed43b4bd9f4c4739f1ee0c cda38e4df20a4fdca8a64001c654843f - - default default] 10.0.0.54 "PUT /v2.0/policies/485b444c-a791-4ec4-9283-71ca33f424dc/tags/black.or.white HTTP/1.1" status: 201 len: 201 time: 0.0549324
2026-06-30 19:03:47.958 10 INFO neutron.wsgi [None req-2ef9fcbc-c589-4b67-b8e7-2c9b555ba78a 05f12984e6ed43b4bd9f4c4739f1ee0c cda38e4df20a4fdca8a64001c654843f - - default default] 10.0.0.54 "GET /v2.0/policies/485b444c-a791-4ec4-9283-71ca33f424dc/tags HTTP/1.1" status: 200 len: 245 time: 0.0177684
2026-06-30 19:03:48.001 10 INFO neutron.wsgi [None req-1ea5fee2-9c3e-4d08-8c67-8e9078946325 05f12984e6ed43b4bd9f4c4739f1ee0c cda38e4df20a4fdca8a64001c654843f - - default default] 10.0.0.54 "PUT /v2.0/policies/485b444c-a791-4ec4-9283-71ca33f424dc/tags HTTP/1.1" status: 200 len: 230 time: 0.0390675
2026-06-30 19:03:48.024 10 INFO neutron.wsgi [None req-7bb08456-d90d-4883-a641-119ec3c62a41 05f12984e6ed43b4bd9f4c4739f1ee0c cda38e4df20a4fdca8a64001c654843f - - default default] 10.0.0.54 "GET /v2.0/policies/485b444c-a791-4ec4-9283-71ca33f424dc/tags HTTP/1.1" status: 200 len: 230 time: 0.0164442
2026-06-30 19:03:48.050 10 INFO neutron.wsgi [None req-fa1b34b5-6094-46a4-a81f-efbcbed85d98 05f12984e6ed43b4bd9f4c4739f1ee0c cda38e4df20a4fdca8a64001c654843f - - default default] 10.0.0.54 "GET /v2.0/policies/485b444c-a791-4ec4-9283-71ca33f424dc/tags/red HTTP/1.1" status: 204 len: 168 time: 0.0213461
2026-06-30 19:03:48.080 10 INFO neutron.api.v2.resource [None req-dc5ea6a7-c92a-43b2-b145-d373873a748f 05f12984e6ed43b4bd9f4c4739f1ee0c cda38e4df20a4fdca8a64001c654843f - - default default] show failed (client error): The resource could not be found.
2026-06-30 19:03:48.081 10 INFO neutron.wsgi [None req-dc5ea6a7-c92a-43b2-b145-d373873a748f 05f12984e6ed43b4bd9f4c4739f1ee0c cda38e4df20a4fdca8a64001c654843f - - default default] 10.0.0.54 "GET /v2.0/policies/485b444c-a791-4ec4-9283-71ca33f424dc/tags/green HTTP/1.1" status: 404 len: 299 time: 0.0270615
2026-06-30 19:03:48.095 9 INFO neutron.db.ovn_revision_numbers_db [None req-29632e1d-96b4-4d76-964f-c7a8f6ae78a0 - - - - - -] Successfully bumped revision number for resource adae4efd-5a98-49a8-81e1-03380022d022 (type: router_ports) to 2
