Jun 29 05:12:47.593740 np0000183422 devstack@neutron-api.service[103096]: DEBUG futurist.periodics [-] Submitting periodic callback 'neutron.plugins.ml2.drivers.ovn.mech_driver.ovsdb.maintenance.HashRingHealthCheckPeriodics.touch_hash_ring_node' {{(pid=103096) _process_scheduled /opt/stack/data/venv/lib/python3.12/site-packages/futurist/periodics.py:784}}
Jun 29 05:12:47.594643 np0000183422 devstack@neutron-api.service[103096]: DEBUG neutron.plugins.ml2.drivers.ovn.mech_driver.ovsdb.maintenance [-] Touching Hash Ring node "62308ad4f0685d4daf5c38c8973f0d4e" from periodic health check thread {{(pid=103096) touch_hash_ring_node /opt/stack/neutron/neutron/plugins/ml2/drivers/ovn/mech_driver/ovsdb/maintenance.py:1419}}
Jun 29 05:12:47.608306 np0000183422 devstack@neutron-api.service[103095]: DEBUG futurist.periodics [-] Submitting periodic callback 'neutron.plugins.ml2.drivers.ovn.mech_driver.ovsdb.maintenance.HashRingHealthCheckPeriodics.touch_hash_ring_node' {{(pid=103095) _process_scheduled /opt/stack/data/venv/lib/python3.12/site-packages/futurist/periodics.py:784}}
Jun 29 05:12:47.610143 np0000183422 devstack@neutron-api.service[103095]: DEBUG neutron.plugins.ml2.drivers.ovn.mech_driver.ovsdb.maintenance [-] Touching Hash Ring node "747d28afa8e7596a90293b81f0610eba" from periodic health check thread {{(pid=103095) touch_hash_ring_node /opt/stack/neutron/neutron/plugins/ml2/drivers/ovn/mech_driver/ovsdb/maintenance.py:1419}}
Jun 29 05:12:55.189219 np0000183422 devstack@neutron-api.service[103096]: /opt/stack/neutron/neutron/extensions/quotasv2.py:134: UserWarning: "--check-limit" parameter is no longer needed since Epoxy (2025.1) release. By default, Neutron quota engine checks the resource usage before updating the limits
Jun 29 05:12:55.189219 np0000183422 devstack@neutron-api.service[103096]: warnings.warn('"--check-limit" parameter is no longer needed '
Jun 29 05:12:55.189968 np0000183422 devstack@neutron-api.service[103096]: DEBUG neutron.api.v2.base [None req-429f97f6-034e-4642-9308-4b93cff7d681 admin admin] Request body: {'quota': {'security_group': 100}} {{(pid=103096) prepare_request_body /opt/stack/neutron/neutron/api/v2/base.py:727}}
Jun 29 05:12:55.216788 np0000183422 devstack@neutron-api.service[103096]: [pid: 103096|app: 0|req: 22/88] 199.19.213.29 () {68 vars in 1442 bytes} [Mon Jun 29 05:12:55 2026] PUT /networking/v2.0/quotas/2919204d847143bf9422d70bede50f55 => generated 195 bytes in 35 msecs (HTTP/1.1 200) 4 headers in 157 bytes (1 switches on core 0)
Jun 29 05:12:55.560778 np0000183422 devstack@neutron-api.service[103095]: /opt/stack/neutron/neutron/extensions/quotasv2.py:134: UserWarning: "--check-limit" parameter is no longer needed since Epoxy (2025.1) release. By default, Neutron quota engine checks the resource usage before updating the limits
Jun 29 05:12:55.560778 np0000183422 devstack@neutron-api.service[103095]: warnings.warn('"--check-limit" parameter is no longer needed '
Jun 29 05:12:55.561232 np0000183422 devstack@neutron-api.service[103095]: DEBUG neutron.api.v2.base [None req-840d608a-ab25-4d78-b026-38247af2d489 admin admin] Request body: {'quota': {'security_group_rule': 1000}} {{(pid=103095) prepare_request_body /opt/stack/neutron/neutron/api/v2/base.py:727}}
Jun 29 05:12:55.585956 np0000183422 devstack@neutron-api.service[103095]: [pid: 103095|app: 0|req: 22/89] 199.19.213.29 () {68 vars in 1442 bytes} [Mon Jun 29 05:12:55 2026] PUT /networking/v2.0/quotas/2919204d847143bf9422d70bede50f55 => generated 196 bytes in 29 msecs (HTTP/1.1 200) 4 headers in 157 bytes (1 switches on core 0)
Jun 29 05:12:56.462833 np0000183422 devstack@neutron-api.service[103094]: DEBUG dbcounter [-] [103094] Writing DB stats neutron:UPDATE=1,neutron:SELECT=1 {{(pid=103094) stat_writer /opt/stack/data/venv/lib/python3.12/site-packages/dbcounter.py:115}}
Jun 29 05:12:57.337667 np0000183422 devstack@neutron-api.service[103093]: DEBUG dbcounter [-] [103093] Writing DB stats neutron:UPDATE=1,neutron:SELECT=1 {{(pid=103093) stat_writer /opt/stack/data/venv/lib/python3.12/site-packages/dbcounter.py:115}}
Jun 29 05:13:01.450509 np0000183422 devstack@neutron-api.service[103094]: DEBUG futurist.periodics [-] Submitting periodic callback 'neutron.plugins.ml2.drivers.ovn.mech_driver.ovsdb.maintenance.HashRingHealthCheckPeriodics.touch_hash_ring_node' {{(pid=103094) _process_scheduled /opt/stack/data/venv/lib/python3.12/site-packages/futurist/periodics.py:784}}
Jun 29 05:13:01.451194 np0000183422 devstack@neutron-api.service[103094]: DEBUG neutron.plugins.ml2.drivers.ovn.mech_driver.ovsdb.maintenance [-] Touching Hash Ring node "f771e0acfa805f5db47c2fe7e7087022" from periodic health check thread {{(pid=103094) touch_hash_ring_node /opt/stack/neutron/neutron/plugins/ml2/drivers/ovn/mech_driver/ovsdb/maintenance.py:1419}}
Jun 29 05:13:02.322395 np0000183422 devstack@neutron-api.service[103093]: DEBUG futurist.periodics [-] Submitting periodic callback 'neutron.plugins.ml2.drivers.ovn.mech_driver.ovsdb.maintenance.HashRingHealthCheckPeriodics.touch_hash_ring_node' {{(pid=103093) _process_scheduled /opt/stack/data/venv/lib/python3.12/site-packages/futurist/periodics.py:784}}
Jun 29 05:13:02.323309 np0000183422 devstack@neutron-api.service[103093]: DEBUG neutron.plugins.ml2.drivers.ovn.mech_driver.ovsdb.maintenance [-] Touching Hash Ring node "faa10f69e3095254bf952586a778372b" from periodic health check thread {{(pid=103093) touch_hash_ring_node /opt/stack/neutron/neutron/plugins/ml2/drivers/ovn/mech_driver/ovsdb/maintenance.py:1419}}
Jun 29 05:13:02.594656 np0000183422 devstack@neutron-api.service[103096]: DEBUG futurist.periodics [-] Submitting periodic callback 'neutron.plugins.ml2.drivers.ovn.mech_driver.ovsdb.maintenance.HashRingHealthCheckPeriodics.touch_hash_ring_node' {{(pid=103096) _process_scheduled /opt/stack/data/venv/lib/python3.12/site-packages/futurist/periodics.py:784}}
Jun 29 05:13:02.596121 np0000183422 devstack@neutron-api.service[103096]: DEBUG neutron.plugins.ml2.drivers.ovn.mech_driver.ovsdb.maintenance [-] Touching Hash Ring node "62308ad4f0685d4daf5c38c8973f0d4e" from periodic health check thread {{(pid=103096) touch_hash_ring_node /opt/stack/neutron/neutron/plugins/ml2/drivers/ovn/mech_driver/ovsdb/maintenance.py:1419}}
Jun 29 05:13:02.610391 np0000183422 devstack@neutron-api.service[103095]: DEBUG futurist.periodics [-] Submitting periodic callback 'neutron.plugins.ml2.drivers.ovn.mech_driver.ovsdb.maintenance.HashRingHealthCheckPeriodics.touch_hash_ring_node' {{(pid=103095) _process_scheduled /opt/stack/data/venv/lib/python3.12/site-packages/futurist/periodics.py:784}}
Jun 29 05:13:02.611064 np0000183422 devstack@neutron-api.service[103095]: DEBUG neutron.plugins.ml2.drivers.ovn.mech_driver.ovsdb.maintenance [-] Touching Hash Ring node "747d28afa8e7596a90293b81f0610eba" from periodic health check thread {{(pid=103095) touch_hash_ring_node /opt/stack/neutron/neutron/plugins/ml2/drivers/ovn/mech_driver/ovsdb/maintenance.py:1419}}
Jun 29 05:13:10.575697 np0000183422 devstack@neutron-api.service[103095]: DEBUG neutron.common.ovn.hash_ring_manager [None req-dc4ac554-a4c1-497b-87ee-6341b1b0d363 None None] Hash Ring loaded. 4 active nodes. 0 offline nodes {{(pid=103095) _load_hash_ring /opt/stack/neutron/neutron/common/ovn/hash_ring_manager.py:110}}
Jun 29 05:13:10.576071 np0000183422 devstack@neutron-api.service[103093]: DEBUG neutron.common.ovn.hash_ring_manager [None req-a642d673-c945-42db-8418-ee3581c9a1f2 None None] Hash Ring loaded. 4 active nodes. 0 offline nodes {{(pid=103093) _load_hash_ring /opt/stack/neutron/neutron/common/ovn/hash_ring_manager.py:110}}
Jun 29 05:13:10.576491 np0000183422 devstack@neutron-api.service[103096]: DEBUG neutron.common.ovn.hash_ring_manager [None req-323e44b6-7342-46a0-b7c8-4d18d7ba74f0 None None] Hash Ring loaded. 4 active nodes. 0 offline nodes {{(pid=103096) _load_hash_ring /opt/stack/neutron/neutron/common/ovn/hash_ring_manager.py:110}}
Jun 29 05:13:10.576491 np0000183422 devstack@neutron-api.service[103096]: DEBUG neutron.plugins.ml2.drivers.ovn.mech_driver.ovsdb.ovsdb_monitor [None req-323e44b6-7342-46a0-b7c8-4d18d7ba74f0 None None] Hash Ring: Node 62308ad4f0685d4daf5c38c8973f0d4e (host: np0000183422) handling event "update" for row 1d2b6901-8e5d-4111-b9aa-fdb575eb2de3 (table: Connection) {{(pid=103096) notify /opt/stack/neutron/neutron/plugins/ml2/drivers/ovn/mech_driver/ovsdb/ovsdb_monitor.py:1015}}
Jun 29 05:13:10.579480 np0000183422 devstack@neutron-api.service[103094]: DEBUG neutron.common.ovn.hash_ring_manager [None req-3da43afd-c973-490c-a52d-5a2a9bc0a89e None None] Hash Ring loaded. 4 active nodes. 0 offline nodes {{(pid=103094) _load_hash_ring /opt/stack/neutron/neutron/common/ovn/hash_ring_manager.py:110}}
Jun 29 05:13:10.837783 np0000183422 devstack@neutron-api.service[103094]: DEBUG neutron.pecan_wsgi.hooks.policy_enforcement [None req-63be8dfa-5b03-4ffa-948f-301ff2c6ad45 admin admin] Attributes excluded by policy engine: ['standard_attr_id'] {{(pid=103094) _exclude_attributes_by_policy /opt/stack/neutron/neutron/pecan_wsgi/hooks/policy_enforcement.py:259}}
Jun 29 05:13:10.840210 np0000183422 devstack@neutron-api.service[103094]: [pid: 103094|app: 0|req: 24/90] 199.19.213.29 () {64 vars in 1371 bytes} [Mon Jun 29 05:13:10 2026] GET /networking/v2.0/ports?device_owner=network%3Adistributed => generated 1650 bytes in 132 msecs (HTTP/1.1 200) 4 headers in 158 bytes (1 switches on core 0)
Jun 29 05:13:13.108348 np0000183422 devstack@neutron-api.service[103096]: DEBUG neutron.plugins.ml2.drivers.ovn.mech_driver.ovsdb.ovsdb_monitor [None req-323e44b6-7342-46a0-b7c8-4d18d7ba74f0 None None] Hash Ring: Node 62308ad4f0685d4daf5c38c8973f0d4e (host: np0000183422) handling event "update" for row 1d2b6901-8e5d-4111-b9aa-fdb575eb2de3 (table: Connection) {{(pid=103096) notify /opt/stack/neutron/neutron/plugins/ml2/drivers/ovn/mech_driver/ovsdb/ovsdb_monitor.py:1015}}
Jun 29 05:13:16.451338 np0000183422 devstack@neutron-api.service[103094]: DEBUG futurist.periodics [-] Submitting periodic callback 'neutron.plugins.ml2.drivers.ovn.mech_driver.ovsdb.maintenance.HashRingHealthCheckPeriodics.touch_hash_ring_node' {{(pid=103094) _process_scheduled /opt/stack/data/venv/lib/python3.12/site-packages/futurist/periodics.py:784}}
Jun 29 05:13:16.452021 np0000183422 devstack@neutron-api.service[103094]: DEBUG neutron.plugins.ml2.drivers.ovn.mech_driver.ovsdb.maintenance [-] Touching Hash Ring node "f771e0acfa805f5db47c2fe7e7087022" from periodic health check thread {{(pid=103094) touch_hash_ring_node /opt/stack/neutron/neutron/plugins/ml2/drivers/ovn/mech_driver/ovsdb/maintenance.py:1419}}
Jun 29 05:13:17.323251 np0000183422 devstack@neutron-api.service[103093]: DEBUG futurist.periodics [-] Submitting periodic callback 'neutron.plugins.ml2.drivers.ovn.mech_driver.ovsdb.maintenance.HashRingHealthCheckPeriodics.touch_hash_ring_node' {{(pid=103093) _process_scheduled /opt/stack/data/venv/lib/python3.12/site-packages/futurist/periodics.py:784}}
Jun 29 05:13:17.324229 np0000183422 devstack@neutron-api.service[103093]: DEBUG neutron.plugins.ml2.drivers.ovn.mech_driver.ovsdb.maintenance [-] Touching Hash Ring node "faa10f69e3095254bf952586a778372b" from periodic health check thread {{(pid=103093) touch_hash_ring_node /opt/stack/neutron/neutron/plugins/ml2/drivers/ovn/mech_driver/ovsdb/maintenance.py:1419}}
Jun 29 05:13:17.595465 np0000183422 devstack@neutron-api.service[103096]: DEBUG futurist.periodics [-] Submitting periodic callback 'neutron.plugins.ml2.drivers.ovn.mech_driver.ovsdb.maintenance.HashRingHealthCheckPeriodics.touch_hash_ring_node' {{(pid=103096) _process_scheduled /opt/stack/data/venv/lib/python3.12/site-packages/futurist/periodics.py:784}}
Jun 29 05:13:17.596121 np0000183422 devstack@neutron-api.service[103096]: DEBUG neutron.plugins.ml2.drivers.ovn.mech_driver.ovsdb.maintenance [-] Touching Hash Ring node "62308ad4f0685d4daf5c38c8973f0d4e" from periodic health check thread {{(pid=103096) touch_hash_ring_node /opt/stack/neutron/neutron/plugins/ml2/drivers/ovn/mech_driver/ovsdb/maintenance.py:1419}}
Jun 29 05:13:17.611023 np0000183422 devstack@neutron-api.service[103095]: DEBUG futurist.periodics [-] Submitting periodic callback 'neutron.plugins.ml2.drivers.ovn.mech_driver.ovsdb.maintenance.HashRingHealthCheckPeriodics.touch_hash_ring_node' {{(pid=103095) _process_scheduled /opt/stack/data/venv/lib/python3.12/site-packages/futurist/periodics.py:784}}
Jun 29 05:13:17.611876 np0000183422 devstack@neutron-api.service[103095]: DEBUG neutron.plugins.ml2.drivers.ovn.mech_driver.ovsdb.maintenance [-] Touching Hash Ring node "747d28afa8e7596a90293b81f0610eba" from periodic health check thread {{(pid=103095) touch_hash_ring_node /opt/stack/neutron/neutron/plugins/ml2/drivers/ovn/mech_driver/ovsdb/maintenance.py:1419}}
Jun 29 05:13:23.498625 np0000183422 devstack@neutron-api.service[103093]: INFO neutron.pecan_wsgi.hooks.translation [None req-80a151e4-0eb5-4a86-8556-24e6c5b36e7d admin admin] GET failed (client error): The resource could not be found.
Jun 29 05:13:23.499354 np0000183422 devstack@neutron-api.service[103093]: [pid: 103093|app: 0|req: 23/91] 199.19.213.29 () {64 vars in 1327 bytes} [Mon Jun 29 05:13:23 2026] GET /networking/v2.0/networks/admin_net => generated 111 bytes in 19 msecs (HTTP/1.1 404) 4 headers in 164 bytes (1 switches on core 0)
Jun 29 05:13:23.536101 np0000183422 devstack@neutron-api.service[103096]: [pid: 103096|app: 0|req: 23/92] 199.19.213.29 () {64 vars in 1339 bytes} [Mon Jun 29 05:13:23 2026] GET /networking/v2.0/networks?name=admin_net => generated 15 bytes in 25 msecs (HTTP/1.1 200) 4 headers in 156 bytes (1 switches on core 0)
Jun 29 05:13:23.806397 np0000183422 devstack@neutron-api.service[103095]: DEBUG neutron.api.v2.base [None req-3785950c-ad83-4e2c-9ebb-638741c586e6 admin admin] Request body: {'network': {'name': 'admin_net', 'admin_state_up': True, 'project_id': '3ba6b720d8134aafb272790581d89de7'}} {{(pid=103095) prepare_request_body /opt/stack/neutron/neutron/api/v2/base.py:727}}
Jun 29 05:13:23.825598 np0000183422 devstack@neutron-api.service[103095]: DEBUG neutron.pecan_wsgi.hooks.quota_enforcement [None req-3785950c-ad83-4e2c-9ebb-638741c586e6 admin admin] Made reservation on behalf of 3ba6b720d8134aafb272790581d89de7 for: {'network': 1} {{(pid=103095) before /opt/stack/neutron/neutron/pecan_wsgi/hooks/quota_enforcement.py:66}}
Jun 29 05:13:23.830885 np0000183422 devstack@neutron-api.service[103095]: DEBUG neutron_lib.callbacks.manager [None req-3785950c-ad83-4e2c-9ebb-638741c586e6 admin admin] Publish callbacks ['neutron.plugins.ml2.plugin.SecurityGroupDbMixin._ensure_default_security_group_handler-44865'] for network (None), before_create {{(pid=103095) _notify_loop /opt/stack/data/venv/lib/python3.12/site-packages/neutron_lib/callbacks/manager.py:184}}
Jun 29 05:13:23.836948 np0000183422 devstack@neutron-api.service[103095]: DEBUG neutron_lib.callbacks.manager [None req-3785950c-ad83-4e2c-9ebb-638741c586e6 admin admin] Publish callbacks [] for security_group (None), before_create {{(pid=103095) _notify_loop /opt/stack/data/venv/lib/python3.12/site-packages/neutron_lib/callbacks/manager.py:184}}
Jun 29 05:13:23.896866 np0000183422 devstack@neutron-api.service[103095]: DEBUG neutron_lib.callbacks.manager [None req-3785950c-ad83-4e2c-9ebb-638741c586e6 admin admin] Publish callbacks ['neutron.plugins.ml2.drivers.ovn.mech_driver.mech_driver.OVNMechanismDriver._create_security_group_precommit-311688'] for security_group (7a0fa769-2d16-44ec-8591-cb30f8397dca), precommit_create {{(pid=103095) _notify_loop /opt/stack/data/venv/lib/python3.12/site-packages/neutron_lib/callbacks/manager.py:184}}
Jun 29 05:13:23.897017 np0000183422 devstack@neutron-api.service[103095]: DEBUG neutron.db.ovn_revision_numbers_db [None req-3785950c-ad83-4e2c-9ebb-638741c586e6 admin admin] create_initial_revision uuid=7a0fa769-2d16-44ec-8591-cb30f8397dca, type=security_groups, rev=-1 {{(pid=103095) create_initial_revision /opt/stack/neutron/neutron/db/ovn_revision_numbers_db.py:98}}
Jun 29 05:13:23.898422 np0000183422 devstack@neutron-api.service[103095]: DEBUG neutron.db.ovn_revision_numbers_db [None req-3785950c-ad83-4e2c-9ebb-638741c586e6 admin admin] create_initial_revision uuid=3dd39a6f-104e-4230-9c4a-9130589e7559, type=security_group_rules, rev=-1 {{(pid=103095) create_initial_revision /opt/stack/neutron/neutron/db/ovn_revision_numbers_db.py:98}}
Jun 29 05:13:23.899442 np0000183422 devstack@neutron-api.service[103095]: DEBUG neutron.db.ovn_revision_numbers_db [None req-3785950c-ad83-4e2c-9ebb-638741c586e6 admin admin] create_initial_revision uuid=410b461a-f6c3-48b5-a090-cc927f349c35, type=security_group_rules, rev=-1 {{(pid=103095) create_initial_revision /opt/stack/neutron/neutron/db/ovn_revision_numbers_db.py:98}}
Jun 29 05:13:23.900426 np0000183422 devstack@neutron-api.service[103095]: DEBUG neutron.db.ovn_revision_numbers_db [None req-3785950c-ad83-4e2c-9ebb-638741c586e6 admin admin] create_initial_revision uuid=4cd8c8b9-2e5c-4822-8642-5b7d850b583c, type=security_group_rules, rev=-1 {{(pid=103095) create_initial_revision /opt/stack/neutron/neutron/db/ovn_revision_numbers_db.py:98}}
Jun 29 05:13:23.901475 np0000183422 devstack@neutron-api.service[103095]: DEBUG neutron.db.ovn_revision_numbers_db [None req-3785950c-ad83-4e2c-9ebb-638741c586e6 admin admin] create_initial_revision uuid=5703ba06-5813-4f95-9200-f6114059cc09, type=security_group_rules, rev=-1 {{(pid=103095) create_initial_revision /opt/stack/neutron/neutron/db/ovn_revision_numbers_db.py:98}}
Jun 29 05:13:23.909037 np0000183422 devstack@neutron-api.service[103095]: DEBUG neutron_lib.callbacks.manager [None req-3785950c-ad83-4e2c-9ebb-638741c586e6 admin admin] Publish callbacks ['neutron.plugins.ml2.drivers.ovn.mech_driver.mech_driver.OVNMechanismDriver._create_security_group-311730', 'neutron.plugins.ml2.ovo_rpc._ObjectChangeHandler.handle_event-8264479'] for security_group (7a0fa769-2d16-44ec-8591-cb30f8397dca), after_create {{(pid=103095) _notify_loop /opt/stack/data/venv/lib/python3.12/site-packages/neutron_lib/callbacks/manager.py:184}}
Jun 29 05:13:23.910329 np0000183422 devstack@neutron-api.service[103095]: DEBUG ovsdbapp.backend.ovs_idl.transaction [None req-dc4ac554-a4c1-497b-87ee-6341b1b0d363 None None] Running txn n=1 command(idx=0): PgAddCommand(_result=None, name=pg_7a0fa769_2d16_44ec_8591_cb30f8397dca, may_exist=False, columns={'acls': [], 'external_ids': {'neutron:security_group_id': '7a0fa769-2d16-44ec-8591-cb30f8397dca'}}) {{(pid=103095) do_commit /opt/stack/data/venv/lib/python3.12/site-packages/ovsdbapp/backend/ovs_idl/transaction.py:89}}
Jun 29 05:13:23.910962 np0000183422 devstack@neutron-api.service[103095]: DEBUG ovsdbapp.backend.ovs_idl.transaction [None req-dc4ac554-a4c1-497b-87ee-6341b1b0d363 None None] Running txn n=1 command(idx=1): PgAclAddCommand(_result=None, entity=pg_7a0fa769_2d16_44ec_8591_cb30f8397dca, direction=to-lport, priority=1002, match=outport == @pg_7a0fa769_2d16_44ec_8591_cb30f8397dca && ip4 && ip4.src == $pg_7a0fa769_2d16_44ec_8591_cb30f8397dca_ip4, action=allow-related, log=False, may_exist=True, severity=[], name=[], meter=[], external_ids={'neutron:security_group_rule_id': '3dd39a6f-104e-4230-9c4a-9130589e7559'}) {{(pid=103095) do_commit /opt/stack/data/venv/lib/python3.12/site-packages/ovsdbapp/backend/ovs_idl/transaction.py:89}}
Jun 29 05:13:23.911596 np0000183422 devstack@neutron-api.service[103095]: DEBUG ovsdbapp.backend.ovs_idl.transaction [None req-dc4ac554-a4c1-497b-87ee-6341b1b0d363 None None] Running txn n=1 command(idx=2): PgAclAddCommand(_result=None, entity=pg_7a0fa769_2d16_44ec_8591_cb30f8397dca, direction=from-lport, priority=1002, match=inport == @pg_7a0fa769_2d16_44ec_8591_cb30f8397dca && ip4, action=allow-related, log=False, may_exist=True, severity=[], name=[], meter=[], external_ids={'neutron:security_group_rule_id': '410b461a-f6c3-48b5-a090-cc927f349c35'}) {{(pid=103095) do_commit /opt/stack/data/venv/lib/python3.12/site-packages/ovsdbapp/backend/ovs_idl/transaction.py:89}}
Jun 29 05:13:23.912110 np0000183422 devstack@neutron-api.service[103095]: DEBUG ovsdbapp.backend.ovs_idl.transaction [None req-dc4ac554-a4c1-497b-87ee-6341b1b0d363 None None] Running txn n=1 command(idx=3): PgAclAddCommand(_result=None, entity=pg_7a0fa769_2d16_44ec_8591_cb30f8397dca, direction=from-lport, priority=1002, match=inport == @pg_7a0fa769_2d16_44ec_8591_cb30f8397dca && ip6, action=allow-related, log=False, may_exist=True, severity=[], name=[], meter=[], external_ids={'neutron:security_group_rule_id': '4cd8c8b9-2e5c-4822-8642-5b7d850b583c'}) {{(pid=103095) do_commit /opt/stack/data/venv/lib/python3.12/site-packages/ovsdbapp/backend/ovs_idl/transaction.py:89}}
Jun 29 05:13:23.912634 np0000183422 devstack@neutron-api.service[103095]: DEBUG ovsdbapp.backend.ovs_idl.transaction [None req-dc4ac554-a4c1-497b-87ee-6341b1b0d363 None None] Running txn n=1 command(idx=4): PgAclAddCommand(_result=None, entity=pg_7a0fa769_2d16_44ec_8591_cb30f8397dca, direction=to-lport, priority=1002, match=outport == @pg_7a0fa769_2d16_44ec_8591_cb30f8397dca && ip6 && ip6.src == $pg_7a0fa769_2d16_44ec_8591_cb30f8397dca_ip6, action=allow-related, log=False, may_exist=True, severity=[], name=[], meter=[], external_ids={'neutron:security_group_rule_id': '5703ba06-5813-4f95-9200-f6114059cc09'}) {{(pid=103095) do_commit /opt/stack/data/venv/lib/python3.12/site-packages/ovsdbapp/backend/ovs_idl/transaction.py:89}}
Jun 29 05:13:23.928411 np0000183422 devstack@neutron-api.service[103095]: DEBUG neutron.plugins.ml2.drivers.ovn.mech_driver.ovsdb.ovsdb_monitor [None req-dc4ac554-a4c1-497b-87ee-6341b1b0d363 None None] Touching Hash Ring node "747d28afa8e7596a90293b81f0610eba" from IDL notify handler {{(pid=103095) notify /opt/stack/neutron/neutron/plugins/ml2/drivers/ovn/mech_driver/ovsdb/ovsdb_monitor.py:1007}}
Jun 29 05:13:23.929038 np0000183422 devstack@neutron-api.service[103093]: DEBUG neutron.plugins.ml2.drivers.ovn.mech_driver.ovsdb.ovsdb_monitor [None req-a642d673-c945-42db-8418-ee3581c9a1f2 None None] Touching Hash Ring node "faa10f69e3095254bf952586a778372b" from IDL notify handler {{(pid=103093) notify /opt/stack/neutron/neutron/plugins/ml2/drivers/ovn/mech_driver/ovsdb/ovsdb_monitor.py:1007}}
Jun 29 05:13:23.930458 np0000183422 devstack@neutron-api.service[103096]: DEBUG neutron.plugins.ml2.drivers.ovn.mech_driver.ovsdb.ovsdb_monitor [None req-323e44b6-7342-46a0-b7c8-4d18d7ba74f0 None None] Touching Hash Ring node "62308ad4f0685d4daf5c38c8973f0d4e" from IDL notify handler {{(pid=103096) notify /opt/stack/neutron/neutron/plugins/ml2/drivers/ovn/mech_driver/ovsdb/ovsdb_monitor.py:1007}}
Jun 29 05:13:23.933195 np0000183422 devstack@neutron-api.service[103095]: DEBUG neutron.plugins.ml2.drivers.ovn.mech_driver.ovsdb.ovsdb_monitor [None req-dc4ac554-a4c1-497b-87ee-6341b1b0d363 None None] Hash Ring: Node 747d28afa8e7596a90293b81f0610eba (host: np0000183422) handling event "create" for row 52b38c2b-d600-4f51-97a0-0a4a5af65bb3 (table: ACL) {{(pid=103095) notify /opt/stack/neutron/neutron/plugins/ml2/drivers/ovn/mech_driver/ovsdb/ovsdb_monitor.py:1015}}
Jun 29 05:13:23.934160 np0000183422 devstack@neutron-api.service[103095]: DEBUG neutron.plugins.ml2.drivers.ovn.mech_driver.ovsdb.ovsdb_monitor [None req-dc4ac554-a4c1-497b-87ee-6341b1b0d363 None None] Touching Hash Ring node "747d28afa8e7596a90293b81f0610eba" from IDL notify handler {{(pid=103095) notify /opt/stack/neutron/neutron/plugins/ml2/drivers/ovn/mech_driver/ovsdb/ovsdb_monitor.py:1007}}
Jun 29 05:13:23.936799 np0000183422 devstack@neutron-api.service[103095]: DEBUG neutron.plugins.ml2.drivers.ovn.mech_driver.ovsdb.ovsdb_monitor [None req-dc4ac554-a4c1-497b-87ee-6341b1b0d363 None None] Hash Ring: Node 747d28afa8e7596a90293b81f0610eba (host: np0000183422) handling event "create" for row abd4771f-7a04-47ad-8784-49f02123b08b (table: ACL) {{(pid=103095) notify /opt/stack/neutron/neutron/plugins/ml2/drivers/ovn/mech_driver/ovsdb/ovsdb_monitor.py:1015}}
Jun 29 05:13:23.938280 np0000183422 devstack@neutron-api.service[103093]: DEBUG neutron.plugins.ml2.drivers.ovn.mech_driver.ovsdb.ovsdb_monitor [None req-a642d673-c945-42db-8418-ee3581c9a1f2 None None] Hash Ring: Node faa10f69e3095254bf952586a778372b (host: np0000183422) handling event "create" for row 8286935d-e563-494f-a430-7ab1b93677be (table: ACL) {{(pid=103093) notify /opt/stack/neutron/neutron/plugins/ml2/drivers/ovn/mech_driver/ovsdb/ovsdb_monitor.py:1015}}
Jun 29 05:13:23.940492 np0000183422 devstack@neutron-api.service[103096]: DEBUG neutron.plugins.ml2.drivers.ovn.mech_driver.ovsdb.ovsdb_monitor [None req-323e44b6-7342-46a0-b7c8-4d18d7ba74f0 None None] Hash Ring: Node 62308ad4f0685d4daf5c38c8973f0d4e (host: np0000183422) handling event "create" for row eb1a63ee-57b9-4c5a-a069-e6770ede6f5e (table: ACL) {{(pid=103096) notify /opt/stack/neutron/neutron/plugins/ml2/drivers/ovn/mech_driver/ovsdb/ovsdb_monitor.py:1015}}
Jun 29 05:13:23.941223 np0000183422 devstack@neutron-api.service[103096]: DEBUG neutron.plugins.ml2.drivers.ovn.mech_driver.ovsdb.ovsdb_monitor [None req-323e44b6-7342-46a0-b7c8-4d18d7ba74f0 None None] Touching Hash Ring node "62308ad4f0685d4daf5c38c8973f0d4e" from IDL notify handler {{(pid=103096) notify /opt/stack/neutron/neutron/plugins/ml2/drivers/ovn/mech_driver/ovsdb/ovsdb_monitor.py:1007}}
Jun 29 05:13:23.944140 np0000183422 devstack@neutron-api.service[103096]: DEBUG neutron.plugins.ml2.drivers.ovn.mech_driver.ovsdb.ovsdb_monitor [None req-323e44b6-7342-46a0-b7c8-4d18d7ba74f0 None None] Hash Ring: Node 62308ad4f0685d4daf5c38c8973f0d4e (host: np0000183422) handling event "create" for row d3c0fc68-050c-4b9e-aeff-249b2a61fd86 (table: Port_Group) {{(pid=103096) notify /opt/stack/neutron/neutron/plugins/ml2/drivers/ovn/mech_driver/ovsdb/ovsdb_monitor.py:1015}}
Jun 29 05:13:23.959629 np0000183422 devstack@neutron-api.service[103095]: INFO neutron.db.ovn_revision_numbers_db [None req-3785950c-ad83-4e2c-9ebb-638741c586e6 admin admin] Successfully bumped revision number for resource 7a0fa769-2d16-44ec-8591-cb30f8397dca (type: security_groups) to 1
Jun 29 05:13:23.973480 np0000183422 devstack@neutron-api.service[103095]: INFO neutron.db.ovn_revision_numbers_db [None req-3785950c-ad83-4e2c-9ebb-638741c586e6 admin admin] Successfully bumped revision number for resource 3dd39a6f-104e-4230-9c4a-9130589e7559 (type: security_group_rules) to 0
Jun 29 05:13:23.987827 np0000183422 devstack@neutron-api.service[103095]: INFO neutron.db.ovn_revision_numbers_db [None req-3785950c-ad83-4e2c-9ebb-638741c586e6 admin admin] Successfully bumped revision number for resource 410b461a-f6c3-48b5-a090-cc927f349c35 (type: security_group_rules) to 0
Jun 29 05:13:24.002677 np0000183422 devstack@neutron-api.service[103095]: INFO neutron.db.ovn_revision_numbers_db [None req-3785950c-ad83-4e2c-9ebb-638741c586e6 admin admin] Successfully bumped revision number for resource 4cd8c8b9-2e5c-4822-8642-5b7d850b583c (type: security_group_rules) to 0
Jun 29 05:13:24.015822 np0000183422 devstack@neutron-api.service[103095]: INFO neutron.db.ovn_revision_numbers_db [None req-3785950c-ad83-4e2c-9ebb-638741c586e6 admin admin] Successfully bumped revision number for resource 5703ba06-5813-4f95-9200-f6114059cc09 (type: security_group_rules) to 0
Jun 29 05:13:24.037057 np0000183422 devstack@neutron-api.service[103095]: DEBUG neutron.api.rpc.handlers.resources_rpc [None req-3785950c-ad83-4e2c-9ebb-638741c586e6 admin admin] Pushing event updated for resources: {'SecurityGroup': ['ID=7a0fa769-2d16-44ec-8591-cb30f8397dca,revision_number=1']} {{(pid=103095) push /opt/stack/neutron/neutron/api/rpc/handlers/resources_rpc.py:237}}
Jun 29 05:13:24.041738 np0000183422 devstack@neutron-api.service[103095]: DEBUG ovsdbapp.backend.ovs_idl.transaction [None req-dc4ac554-a4c1-497b-87ee-6341b1b0d363 None None] Running txn n=1 command(idx=0): CheckLivenessCommand(_result=None) {{(pid=103095) do_commit /opt/stack/data/venv/lib/python3.12/site-packages/ovsdbapp/backend/ovs_idl/transaction.py:89}}
Jun 29 05:13:24.049020 np0000183422 devstack@neutron-api.service[103095]: DEBUG neutron.api.rpc.callbacks.version_manager [None req-3785950c-ad83-4e2c-9ebb-638741c586e6 admin admin] Tracked resource versions report:
Jun 29 05:13:24.049020 np0000183422 devstack@neutron-api.service[103095]: pushed versions:
Jun 29 05:13:24.049020 np0000183422 devstack@neutron-api.service[103095]: { 'AddressGroup': {'1.2'},
Jun 29 05:13:24.049020 np0000183422 devstack@neutron-api.service[103095]: 'Agent': {'1.1'},
Jun 29 05:13:24.049020 np0000183422 devstack@neutron-api.service[103095]: 'ConntrackHelper': {'1.0'},
Jun 29 05:13:24.049020 np0000183422 devstack@neutron-api.service[103095]: 'LocalIPAssociation': {'1.0'},
Jun 29 05:13:24.049020 np0000183422 devstack@neutron-api.service[103095]: 'Log': {'1.0'},
Jun 29 05:13:24.049020 np0000183422 devstack@neutron-api.service[103095]: 'NDPProxy': {'1.0'},
Jun 29 05:13:24.049020 np0000183422 devstack@neutron-api.service[103095]: 'Network': {'1.3'},
Jun 29 05:13:24.049020 np0000183422 devstack@neutron-api.service[103095]: 'Port': {'1.11'},
Jun 29 05:13:24.049020 np0000183422 devstack@neutron-api.service[103095]: 'PortForwarding': {'1.3'},
Jun 29 05:13:24.049020 np0000183422 devstack@neutron-api.service[103095]: 'QosPolicy': {'1.10'},
Jun 29 05:13:24.049020 np0000183422 devstack@neutron-api.service[103095]: 'SecurityGroup': {'1.6'},
Jun 29 05:13:24.049020 np0000183422 devstack@neutron-api.service[103095]: 'SecurityGroupRule': {'1.3'},
Jun 29 05:13:24.049020 np0000183422 devstack@neutron-api.service[103095]: 'SubPort': {'1.0'},
Jun 29 05:13:24.049020 np0000183422 devstack@neutron-api.service[103095]: 'Subnet': {'1.2'},
Jun 29 05:13:24.049020 np0000183422 devstack@neutron-api.service[103095]: 'Trunk': {'1.1'}}
Jun 29 05:13:24.049020 np0000183422 devstack@neutron-api.service[103095]: consumer versions:
Jun 29 05:13:24.049020 np0000183422 devstack@neutron-api.service[103095]: { OVN Controller Gateway agent@np0000183422: {},
Jun 29 05:13:24.049020 np0000183422 devstack@neutron-api.service[103095]: OVN Neutron agent@np0000183422: {}}
Jun 29 05:13:24.049020 np0000183422 devstack@neutron-api.service[103095]: {{(pid=103095) report /opt/stack/neutron/neutron/api/rpc/callbacks/version_manager.py:183}}
Jun 29 05:13:24.051598 np0000183422 devstack@neutron-api.service[103096]: DEBUG neutron.plugins.ml2.drivers.ovn.mech_driver.ovsdb.ovsdb_monitor [None req-323e44b6-7342-46a0-b7c8-4d18d7ba74f0 None None] Touching Hash Ring node "62308ad4f0685d4daf5c38c8973f0d4e" from IDL notify handler {{(pid=103096) notify /opt/stack/neutron/neutron/plugins/ml2/drivers/ovn/mech_driver/ovsdb/ovsdb_monitor.py:1007}}
Jun 29 05:13:24.051858 np0000183422 devstack@neutron-api.service[103094]: DEBUG neutron.plugins.ml2.drivers.ovn.mech_driver.ovsdb.ovsdb_monitor [None req-7bb7bfd3-c88d-4e87-8fba-716e99fafe29 None None] ChassisAgentWriteEvent : Matched Chassis_Private, update, None None {{(pid=103094) matches /opt/stack/neutron/neutron/plugins/ml2/drivers/ovn/mech_driver/ovsdb/ovsdb_monitor.py:64}}
Jun 29 05:13:24.055647 np0000183422 devstack@neutron-api.service[103093]: DEBUG neutron.plugins.ml2.drivers.ovn.mech_driver.ovsdb.ovsdb_monitor [None req-c4b42e39-5ed1-41b3-ae3b-4541b62bc9d7 None None] ChassisAgentWriteEvent : Matched Chassis_Private, update, None None {{(pid=103093) matches /opt/stack/neutron/neutron/plugins/ml2/drivers/ovn/mech_driver/ovsdb/ovsdb_monitor.py:64}}
Jun 29 05:13:24.058381 np0000183422 devstack@neutron-api.service[103095]: DEBUG neutron.plugins.ml2.drivers.ovn.mech_driver.ovsdb.ovsdb_monitor [None req-65c163e2-59dd-4f9d-a79f-4bed5ba6e23f None None] ChassisAgentWriteEvent : Matched Chassis_Private, update, None None {{(pid=103095) matches /opt/stack/neutron/neutron/plugins/ml2/drivers/ovn/mech_driver/ovsdb/ovsdb_monitor.py:64}}
Jun 29 05:13:24.062218 np0000183422 devstack@neutron-api.service[103096]: DEBUG neutron.plugins.ml2.drivers.ovn.mech_driver.ovsdb.ovsdb_monitor [None req-ab85349c-23c5-44d5-8b0c-4a2dca5f275d None None] ChassisAgentWriteEvent : Matched Chassis_Private, update, None None {{(pid=103096) matches /opt/stack/neutron/neutron/plugins/ml2/drivers/ovn/mech_driver/ovsdb/ovsdb_monitor.py:64}}
Jun 29 05:13:24.063738 np0000183422 devstack@neutron-api.service[103094]: DEBUG neutron.common.ovn.hash_ring_manager [None req-7bb7bfd3-c88d-4e87-8fba-716e99fafe29 None None] Hash Ring loaded. 4 active nodes. 0 offline nodes {{(pid=103094) _load_hash_ring /opt/stack/neutron/neutron/common/ovn/hash_ring_manager.py:110}}
Jun 29 05:13:24.063738 np0000183422 devstack@neutron-api.service[103094]: DEBUG neutron.plugins.ml2.drivers.ovn.mech_driver.ovsdb.ovsdb_monitor [None req-7bb7bfd3-c88d-4e87-8fba-716e99fafe29 None None] Hash Ring: Node f771e0acfa805f5db47c2fe7e7087022 (host: np0000183422) handling event "update" for row af8c57a2-487b-4c58-a012-a435c051d606 (table: Chassis_Private) {{(pid=103094) notify /opt/stack/neutron/neutron/plugins/ml2/drivers/ovn/mech_driver/ovsdb/ovsdb_monitor.py:1015}}
Jun 29 05:13:24.063950 np0000183422 devstack@neutron-api.service[103093]: DEBUG neutron.common.ovn.hash_ring_manager [None req-c4b42e39-5ed1-41b3-ae3b-4541b62bc9d7 None None] Hash Ring loaded. 4 active nodes. 0 offline nodes {{(pid=103093) _load_hash_ring /opt/stack/neutron/neutron/common/ovn/hash_ring_manager.py:110}}
Jun 29 05:13:24.069428 np0000183422 devstack@neutron-api.service[103096]: DEBUG neutron.plugins.ml2.drivers.ovn.mech_driver.ovsdb.ovsdb_monitor [None req-323e44b6-7342-46a0-b7c8-4d18d7ba74f0 None None] Hash Ring: Node 62308ad4f0685d4daf5c38c8973f0d4e (host: np0000183422) handling event "update" for row 445af61e-4dd2-4f62-8972-3ab9656bdd71 (table: NB_Global) {{(pid=103096) notify /opt/stack/neutron/neutron/plugins/ml2/drivers/ovn/mech_driver/ovsdb/ovsdb_monitor.py:1015}}
Jun 29 05:13:24.072979 np0000183422 devstack@neutron-api.service[103096]: DEBUG neutron.plugins.ml2.drivers.ovn.mech_driver.ovsdb.ovsdb_monitor [None req-323e44b6-7342-46a0-b7c8-4d18d7ba74f0 None None] Touching Hash Ring node "62308ad4f0685d4daf5c38c8973f0d4e" from IDL notify handler {{(pid=103096) notify /opt/stack/neutron/neutron/plugins/ml2/drivers/ovn/mech_driver/ovsdb/ovsdb_monitor.py:1007}}
Jun 29 05:13:24.076195 np0000183422 devstack@neutron-api.service[103096]: DEBUG neutron.common.ovn.hash_ring_manager [None req-ab85349c-23c5-44d5-8b0c-4a2dca5f275d None None] Hash Ring loaded. 4 active nodes. 0 offline nodes {{(pid=103096) _load_hash_ring /opt/stack/neutron/neutron/common/ovn/hash_ring_manager.py:110}}
Jun 29 05:13:24.076717 np0000183422 devstack@neutron-api.service[103095]: DEBUG neutron.common.ovn.hash_ring_manager [None req-65c163e2-59dd-4f9d-a79f-4bed5ba6e23f None None] Hash Ring loaded. 4 active nodes. 0 offline nodes {{(pid=103095) _load_hash_ring /opt/stack/neutron/neutron/common/ovn/hash_ring_manager.py:110}}
Jun 29 05:13:24.077113 np0000183422 devstack@neutron-api.service[103096]: DEBUG neutron.plugins.ml2.drivers.ovn.mech_driver.ovsdb.ovsdb_monitor [None req-323e44b6-7342-46a0-b7c8-4d18d7ba74f0 None None] Hash Ring: Node 62308ad4f0685d4daf5c38c8973f0d4e (host: np0000183422) handling event "update" for row 445af61e-4dd2-4f62-8972-3ab9656bdd71 (table: NB_Global) {{(pid=103096) notify /opt/stack/neutron/neutron/plugins/ml2/drivers/ovn/mech_driver/ovsdb/ovsdb_monitor.py:1015}}
Jun 29 05:13:24.078794 np0000183422 devstack@neutron-api.service[103096]: DEBUG neutron.plugins.ml2.drivers.ovn.mech_driver.ovsdb.ovsdb_monitor [None req-323e44b6-7342-46a0-b7c8-4d18d7ba74f0 None None] Touching Hash Ring node "62308ad4f0685d4daf5c38c8973f0d4e" from IDL notify handler {{(pid=103096) notify /opt/stack/neutron/neutron/plugins/ml2/drivers/ovn/mech_driver/ovsdb/ovsdb_monitor.py:1007}}
Jun 29 05:13:24.081894 np0000183422 devstack@neutron-api.service[103096]: DEBUG neutron.plugins.ml2.drivers.ovn.mech_driver.ovsdb.ovsdb_monitor [None req-323e44b6-7342-46a0-b7c8-4d18d7ba74f0 None None] Hash Ring: Node 62308ad4f0685d4daf5c38c8973f0d4e (host: np0000183422) handling event "update" for row 445af61e-4dd2-4f62-8972-3ab9656bdd71 (table: NB_Global) {{(pid=103096) notify /opt/stack/neutron/neutron/plugins/ml2/drivers/ovn/mech_driver/ovsdb/ovsdb_monitor.py:1015}}
Jun 29 05:13:24.082966 np0000183422 devstack@neutron-api.service[103096]: DEBUG neutron.plugins.ml2.drivers.ovn.mech_driver.ovsdb.ovsdb_monitor [None req-323e44b6-7342-46a0-b7c8-4d18d7ba74f0 None None] Touching Hash Ring node "62308ad4f0685d4daf5c38c8973f0d4e" from IDL notify handler {{(pid=103096) notify /opt/stack/neutron/neutron/plugins/ml2/drivers/ovn/mech_driver/ovsdb/ovsdb_monitor.py:1007}}
Jun 29 05:13:24.084649 np0000183422 devstack@neutron-api.service[103096]: DEBUG neutron.plugins.ml2.drivers.ovn.mech_driver.ovsdb.ovsdb_monitor [None req-323e44b6-7342-46a0-b7c8-4d18d7ba74f0 None None] Hash Ring: Node 62308ad4f0685d4daf5c38c8973f0d4e (host: np0000183422) handling event "update" for row 445af61e-4dd2-4f62-8972-3ab9656bdd71 (table: NB_Global) {{(pid=103096) notify /opt/stack/neutron/neutron/plugins/ml2/drivers/ovn/mech_driver/ovsdb/ovsdb_monitor.py:1015}}
Jun 29 05:13:24.101998 np0000183422 devstack@neutron-api.service[103095]: DEBUG neutron.plugins.ml2.drivers.helpers [None req-3785950c-ad83-4e2c-9ebb-638741c586e6 admin admin] geneve segment allocate from pool success with {'geneve_vni': 56285} {{(pid=103095) allocate_partially_specified_segment /opt/stack/neutron/neutron/plugins/ml2/drivers/helpers.py:142}}
Jun 29 05:13:24.112353 np0000183422 devstack@neutron-api.service[103095]: DEBUG neutron_lib.callbacks.manager [None req-3785950c-ad83-4e2c-9ebb-638741c586e6 admin admin] Publish callbacks ['neutron.services.segments.db._add_segment_host_mapping_for_segment-7992746363254', 'neutron.plugins.ml2.plugin.Ml2Plugin._handle_segment_change-1876123'] for segment (7e76c7ef-9c1c-44d9-8e61-00ffaddfb61e), precommit_create {{(pid=103095) _notify_loop /opt/stack/data/venv/lib/python3.12/site-packages/neutron_lib/callbacks/manager.py:184}}
Jun 29 05:13:24.112449 np0000183422 devstack@neutron-api.service[103095]: INFO neutron.db.segments_db [None req-3785950c-ad83-4e2c-9ebb-638741c586e6 admin admin] Added segment 7e76c7ef-9c1c-44d9-8e61-00ffaddfb61e of type geneve for network 51b30fbe-9147-48dd-89af-b5115c34407c
Jun 29 05:13:24.133359 np0000183422 devstack@neutron-api.service[103095]: DEBUG neutron_lib.callbacks.manager [None req-3785950c-ad83-4e2c-9ebb-638741c586e6 admin admin] Publish callbacks ['neutron.services.auto_allocate.db._ensure_external_network_default_value_callback-7992743771900'] for network (51b30fbe-9147-48dd-89af-b5115c34407c), precommit_create {{(pid=103095) _notify_loop /opt/stack/data/venv/lib/python3.12/site-packages/neutron_lib/callbacks/manager.py:184}}
Jun 29 05:13:24.146411 np0000183422 devstack@neutron-api.service[103095]: DEBUG neutron.plugins.ml2.drivers.ovn.mech_driver.mech_driver [None req-3785950c-ad83-4e2c-9ebb-638741c586e6 admin admin] Validating network segment with type geneve, segmentation ID 56285, physical network None {{(pid=103095) _validate_network_segments /opt/stack/neutron/neutron/plugins/ml2/drivers/ovn/mech_driver/mech_driver.py:646}}
Jun 29 05:13:24.146572 np0000183422 devstack@neutron-api.service[103095]: DEBUG neutron.db.ovn_revision_numbers_db [None req-3785950c-ad83-4e2c-9ebb-638741c586e6 admin admin] create_initial_revision uuid=51b30fbe-9147-48dd-89af-b5115c34407c, type=networks, rev=-1 {{(pid=103095) create_initial_revision /opt/stack/neutron/neutron/db/ovn_revision_numbers_db.py:98}}
Jun 29 05:13:24.156188 np0000183422 devstack@neutron-api.service[103095]: DEBUG neutron_lib.callbacks.manager [None req-3785950c-ad83-4e2c-9ebb-638741c586e6 admin admin] Publish callbacks ['neutron.plugins.ml2.ovo_rpc._ObjectChangeHandler.handle_event-8264476'] for network (51b30fbe-9147-48dd-89af-b5115c34407c), after_create {{(pid=103095) _notify_loop /opt/stack/data/venv/lib/python3.12/site-packages/neutron_lib/callbacks/manager.py:184}}
Jun 29 05:13:24.171163 np0000183422 devstack@neutron-api.service[103095]: DEBUG neutron.api.rpc.handlers.resources_rpc [None req-3785950c-ad83-4e2c-9ebb-638741c586e6 admin admin] Pushing event updated for resources: {'Network': ['ID=51b30fbe-9147-48dd-89af-b5115c34407c,revision_number=1']} {{(pid=103095) push /opt/stack/neutron/neutron/api/rpc/handlers/resources_rpc.py:237}}
Jun 29 05:13:24.178372 np0000183422 devstack@neutron-api.service[103095]: DEBUG ovsdbapp.backend.ovs_idl.transaction [None req-dc4ac554-a4c1-497b-87ee-6341b1b0d363 None None] Running txn n=1 command(idx=0): AddNetworkCommand(_result=None, network_uuid=51b30fbe-9147-48dd-89af-b5115c34407c, may_exist=True, columns={'external_ids': {'neutron:network_name': 'admin_net', 'neutron:mtu': '1372', 'neutron:revision_number': '1', 'neutron:availability_zone_hints': '', 'neutron:provnet-network-type': 'geneve'}, 'other_config': {'mcast_snoop': 'false', 'mcast_flood_unregistered': 'false', 'vlan-passthru': 'false'}}) {{(pid=103095) do_commit /opt/stack/data/venv/lib/python3.12/site-packages/ovsdbapp/backend/ovs_idl/transaction.py:89}}
Jun 29 05:13:24.191565 np0000183422 devstack@neutron-api.service[103096]: DEBUG neutron.plugins.ml2.drivers.ovn.mech_driver.ovsdb.ovsdb_monitor [None req-ab85349c-23c5-44d5-8b0c-4a2dca5f275d None None] Hash Ring: Node 62308ad4f0685d4daf5c38c8973f0d4e (host: np0000183422) handling event "create" for row 5f12139d-00bc-4f3c-951f-cc7b71ff7e3a (table: Datapath_Binding) {{(pid=103096) notify /opt/stack/neutron/neutron/plugins/ml2/drivers/ovn/mech_driver/ovsdb/ovsdb_monitor.py:1015}}
Jun 29 05:13:24.192735 np0000183422 devstack@neutron-api.service[103096]: DEBUG neutron.plugins.ml2.drivers.ovn.mech_driver.ovsdb.ovsdb_monitor [None req-323e44b6-7342-46a0-b7c8-4d18d7ba74f0 None None] Touching Hash Ring node "62308ad4f0685d4daf5c38c8973f0d4e" from IDL notify handler {{(pid=103096) notify /opt/stack/neutron/neutron/plugins/ml2/drivers/ovn/mech_driver/ovsdb/ovsdb_monitor.py:1007}}
Jun 29 05:13:24.196065 np0000183422 devstack@neutron-api.service[103096]: DEBUG neutron.plugins.ml2.drivers.ovn.mech_driver.ovsdb.ovsdb_monitor [None req-323e44b6-7342-46a0-b7c8-4d18d7ba74f0 None None] Hash Ring: Node 62308ad4f0685d4daf5c38c8973f0d4e (host: np0000183422) handling event "create" for row 51b30fbe-9147-48dd-89af-b5115c34407c (table: Logical_Switch) {{(pid=103096) notify /opt/stack/neutron/neutron/plugins/ml2/drivers/ovn/mech_driver/ovsdb/ovsdb_monitor.py:1015}}
Jun 29 05:13:24.209403 np0000183422 devstack@neutron-api.service[103095]: INFO neutron.db.ovn_revision_numbers_db [None req-3785950c-ad83-4e2c-9ebb-638741c586e6 admin admin] Successfully bumped revision number for resource 51b30fbe-9147-48dd-89af-b5115c34407c (type: networks) to 1
Jun 29 05:13:24.222634 np0000183422 devstack@neutron-api.service[103095]: DEBUG neutron_lib.callbacks.manager [None req-3785950c-ad83-4e2c-9ebb-638741c586e6 admin admin] Publish callbacks ['neutron.plugins.ml2.plugin.SecurityGroupDbMixin._ensure_default_security_group_handler-44865'] for port (None), before_create {{(pid=103095) _notify_loop /opt/stack/data/venv/lib/python3.12/site-packages/neutron_lib/callbacks/manager.py:184}}
Jun 29 05:13:24.286999 np0000183422 devstack@neutron-api.service[103095]: DEBUG neutron_lib.callbacks.manager [None req-3785950c-ad83-4e2c-9ebb-638741c586e6 admin admin] Publish callbacks ['neutron.plugins.ml2.drivers.ovn.mech_driver.mech_driver.OVNMechanismDriver._validate_allowed_address_pairs-311552'] for allowed_address_pair (cb76c093-f8bf-41cd-9b9a-732f75be035a), before_create {{(pid=103095) _notify_loop /opt/stack/data/venv/lib/python3.12/site-packages/neutron_lib/callbacks/manager.py:184}}
Jun 29 05:13:24.287416 np0000183422 devstack@neutron-api.service[103095]: DEBUG neutron_lib.callbacks.manager [None req-3785950c-ad83-4e2c-9ebb-638741c586e6 admin admin] Publish callbacks [] for port (cb76c093-f8bf-41cd-9b9a-732f75be035a), precommit_create {{(pid=103095) _notify_loop /opt/stack/data/venv/lib/python3.12/site-packages/neutron_lib/callbacks/manager.py:184}}
Jun 29 05:13:24.287593 np0000183422 devstack@neutron-api.service[103095]: DEBUG neutron.plugins.ml2.drivers.ovn.mech_driver.mech_driver [None req-3785950c-ad83-4e2c-9ebb-638741c586e6 admin admin] No provisioning block for port cb76c093-f8bf-41cd-9b9a-732f75be035a since it does not have a host {{(pid=103095) _is_port_provisioning_required /opt/stack/neutron/neutron/plugins/ml2/drivers/ovn/mech_driver/mech_driver.py:899}}
Jun 29 05:13:24.287715 np0000183422 devstack@neutron-api.service[103095]: DEBUG neutron.db.ovn_revision_numbers_db [None req-3785950c-ad83-4e2c-9ebb-638741c586e6 admin admin] create_initial_revision uuid=cb76c093-f8bf-41cd-9b9a-732f75be035a, type=ports, rev=-1 {{(pid=103095) create_initial_revision /opt/stack/neutron/neutron/db/ovn_revision_numbers_db.py:98}}
Jun 29 05:13:24.317286 np0000183422 devstack@neutron-api.service[103095]: DEBUG neutron_lib.callbacks.manager [None req-3785950c-ad83-4e2c-9ebb-638741c586e6 admin admin] Publish callbacks ['neutron.plugins.ml2.ovo_rpc._ObjectChangeHandler.handle_event-8264484'] for port (cb76c093-f8bf-41cd-9b9a-732f75be035a), after_create {{(pid=103095) _notify_loop /opt/stack/data/venv/lib/python3.12/site-packages/neutron_lib/callbacks/manager.py:184}}
Jun 29 05:13:24.350034 np0000183422 devstack@neutron-api.service[103095]: DEBUG neutron.api.rpc.handlers.resources_rpc [None req-3785950c-ad83-4e2c-9ebb-638741c586e6 admin admin] Pushing event updated for resources: {'Port': ['ID=cb76c093-f8bf-41cd-9b9a-732f75be035a,revision_number=1']} {{(pid=103095) push /opt/stack/neutron/neutron/api/rpc/handlers/resources_rpc.py:237}}
Jun 29 05:13:24.356286 np0000183422 devstack@neutron-api.service[103095]: DEBUG neutron.plugins.ml2.drivers.ovn.mech_driver.ovsdb.commands [None req-3785950c-ad83-4e2c-9ebb-638741c586e6 admin admin] Converting tag [] to a tag_request {{(pid=103095) _tag_column_to_tag_request /opt/stack/neutron/neutron/plugins/ml2/drivers/ovn/mech_driver/ovsdb/commands.py:205}}
Jun 29 05:13:24.358134 np0000183422 devstack@neutron-api.service[103095]: DEBUG ovsdbapp.backend.ovs_idl.transaction [None req-dc4ac554-a4c1-497b-87ee-6341b1b0d363 None None] Running txn n=1 command(idx=0): AddLSwitchPortCommand(_result=None, lport=cb76c093-f8bf-41cd-9b9a-732f75be035a, lswitch=neutron-51b30fbe-9147-48dd-89af-b5115c34407c, may_exist=True, network_uuid=51b30fbe-9147-48dd-89af-b5115c34407c, columns={'addresses': ['fa:16:3e:c0:af:7c'], 'external_ids': {'neutron:port_name': '', 'neutron:device_id': 'ovnmeta-51b30fbe-9147-48dd-89af-b5115c34407c', 'neutron:project_id': '3ba6b720d8134aafb272790581d89de7', 'neutron:cidrs': '', 'neutron:device_owner': 'network:distributed', 'neutron:subnet_pool_addr_scope4': '', 'neutron:subnet_pool_addr_scope6': '', 'neutron:network_name': 'neutron-51b30fbe-9147-48dd-89af-b5115c34407c', 'neutron:security_group_ids': '', 'neutron:revision_number': '1', 'neutron:vnic_type': 'normal', 'neutron:port_capabilities': '', 'neutron:mtu': '1372'}, 'parent_name': [], 'enabled': True, 'options': {}, 'type': 'localport', 'port_security': [], 'dhcpv4_options': [], 'dhcpv6_options': [], 'tag_request': []}) {{(pid=103095) do_commit /opt/stack/data/venv/lib/python3.12/site-packages/ovsdbapp/backend/ovs_idl/transaction.py:89}}
Jun 29 05:13:24.359088 np0000183422 devstack@neutron-api.service[103095]: DEBUG ovsdbapp.backend.ovs_idl.transaction [None req-dc4ac554-a4c1-497b-87ee-6341b1b0d363 None None] Running txn n=1 command(idx=1): QoSDelCommand(_result=None, switch=neutron-51b30fbe-9147-48dd-89af-b5115c34407c, conditions=[('direction', '=', 'to-lport'), ('priority', '=', 2002), ('match', '=', 'outport == "cb76c093-f8bf-41cd-9b9a-732f75be035a"')], if_exists=True) {{(pid=103095) do_commit /opt/stack/data/venv/lib/python3.12/site-packages/ovsdbapp/backend/ovs_idl/transaction.py:89}}
Jun 29 05:13:24.359426 np0000183422 devstack@neutron-api.service[103095]: DEBUG ovsdbapp.backend.ovs_idl.transaction [None req-dc4ac554-a4c1-497b-87ee-6341b1b0d363 None None] Running txn n=1 command(idx=2): QoSDelCommand(_result=None, switch=neutron-51b30fbe-9147-48dd-89af-b5115c34407c, conditions=[('direction', '=', 'from-lport'), ('priority', '=', 2002), ('match', '=', 'inport == "cb76c093-f8bf-41cd-9b9a-732f75be035a"')], if_exists=True) {{(pid=103095) do_commit /opt/stack/data/venv/lib/python3.12/site-packages/ovsdbapp/backend/ovs_idl/transaction.py:89}}
Jun 29 05:13:24.396196 np0000183422 devstack@neutron-api.service[103095]: DEBUG neutron.plugins.ml2.drivers.ovn.mech_driver.ovsdb.ovsdb_monitor [None req-dc4ac554-a4c1-497b-87ee-6341b1b0d363 None None] Touching Hash Ring node "747d28afa8e7596a90293b81f0610eba" from IDL notify handler {{(pid=103095) notify /opt/stack/neutron/neutron/plugins/ml2/drivers/ovn/mech_driver/ovsdb/ovsdb_monitor.py:1007}}
Jun 29 05:13:24.399732 np0000183422 devstack@neutron-api.service[103096]: DEBUG neutron.plugins.ml2.drivers.ovn.mech_driver.ovsdb.ovsdb_monitor [None req-323e44b6-7342-46a0-b7c8-4d18d7ba74f0 None None] Touching Hash Ring node "62308ad4f0685d4daf5c38c8973f0d4e" from IDL notify handler {{(pid=103096) notify /opt/stack/neutron/neutron/plugins/ml2/drivers/ovn/mech_driver/ovsdb/ovsdb_monitor.py:1007}}
Jun 29 05:13:24.406402 np0000183422 devstack@neutron-api.service[103093]: DEBUG neutron.plugins.ml2.drivers.ovn.mech_driver.ovsdb.ovsdb_monitor [None req-c4b42e39-5ed1-41b3-ae3b-4541b62bc9d7 None None] Hash Ring: Node faa10f69e3095254bf952586a778372b (host: np0000183422) handling event "create" for row 28ea719c-9713-4339-bf91-3d6f58b3f68a (table: Port_Binding) {{(pid=103093) notify /opt/stack/neutron/neutron/plugins/ml2/drivers/ovn/mech_driver/ovsdb/ovsdb_monitor.py:1015}}
