Apr 09 14:08:27.728073 np0000164512 devstack@g-api.service[114034]: DEBUG glance.image_cache.drivers.centralized_db [None req-23e77654-a0c8-4ea2-9ded-96721dcd4147 None None] Node reference is already recorded, ignoring it {{(pid=114034) configure /opt/stack/glance/glance/image_cache/drivers/centralized_db.py:71}}
Apr 09 14:08:27.733055 np0000164512 devstack@g-api.service[114035]: INFO dbcounter [None req-d7617458-7b75-4304-b494-9447c8bfb821 None None] Registered counter for database glance
Apr 09 14:08:27.737989 np0000164512 devstack@g-api.service[114033]: INFO glance.image_cache [None req-5dc3fb36-52ce-4d14-bdb8-41413b5d6571 None None] Image cache loaded driver 'centralized_db'.
Apr 09 14:08:27.739192 np0000164512 devstack@g-api.service[114034]: INFO glance.api.middleware.cache_manage [None req-23e77654-a0c8-4ea2-9ded-96721dcd4147 None None] Initialized image cache management middleware
Apr 09 14:08:27.739452 np0000164512 devstack@g-api.service[114034]: INFO glance.image_cache [None req-23e77654-a0c8-4ea2-9ded-96721dcd4147 None None] Image cache loaded driver 'centralized_db'.
Apr 09 14:08:27.739734 np0000164512 devstack@g-api.service[114036]: INFO glance.image_cache [None req-a66141cc-c3ae-4283-a16a-a9708d2b221e None None] Image cache loaded driver 'centralized_db'.
Apr 09 14:08:27.746139 np0000164512 devstack@g-api.service[114033]: DEBUG glance.image_cache.drivers.centralized_db [None req-5dc3fb36-52ce-4d14-bdb8-41413b5d6571 None None] Node reference is already recorded, ignoring it {{(pid=114033) configure /opt/stack/glance/glance/image_cache/drivers/centralized_db.py:71}}
Apr 09 14:08:27.746484 np0000164512 devstack@g-api.service[114035]: DEBUG oslo_db.sqlalchemy.engines [None req-d7617458-7b75-4304-b494-9447c8bfb821 None None] MySQL server mode set to STRICT_TRANS_TABLES,STRICT_ALL_TABLES,NO_ZERO_IN_DATE,NO_ZERO_DATE,ERROR_FOR_DIVISION_BY_ZERO,TRADITIONAL,NO_ENGINE_SUBSTITUTION {{(pid=114035) _check_effective_sql_mode /opt/stack/data/venv/lib/python3.12/site-packages/oslo_db/sqlalchemy/engines.py:325}}
Apr 09 14:08:27.751599 np0000164512 devstack@g-api.service[114033]: DEBUG glance.api.v2.cached_images [None req-5dc3fb36-52ce-4d14-bdb8-41413b5d6571 None None] Started cache worker thread {{(pid=114033) __init__ /opt/stack/glance/glance/api/v2/cached_images.py:69}}
Apr 09 14:08:27.752101 np0000164512 devstack@g-api.service[114033]: INFO glance.image_cache [None req-5dc3fb36-52ce-4d14-bdb8-41413b5d6571 None None] Image cache loaded driver 'centralized_db'.
Apr 09 14:08:27.752448 np0000164512 devstack@g-api.service[114036]: DEBUG glance.image_cache.drivers.centralized_db [None req-a66141cc-c3ae-4283-a16a-a9708d2b221e None None] Node reference is already recorded, ignoring it {{(pid=114036) configure /opt/stack/glance/glance/image_cache/drivers/centralized_db.py:71}}
Apr 09 14:08:27.754061 np0000164512 devstack@g-api.service[114034]: DEBUG glance.image_cache.drivers.centralized_db [None req-23e77654-a0c8-4ea2-9ded-96721dcd4147 None None] Node reference is already recorded, ignoring it {{(pid=114034) configure /opt/stack/glance/glance/image_cache/drivers/centralized_db.py:71}}
Apr 09 14:08:27.761290 np0000164512 devstack@g-api.service[114033]: DEBUG glance.image_cache.drivers.centralized_db [None req-5dc3fb36-52ce-4d14-bdb8-41413b5d6571 None None] Node reference is already recorded, ignoring it {{(pid=114033) configure /opt/stack/glance/glance/image_cache/drivers/centralized_db.py:71}}
Apr 09 14:08:27.762269 np0000164512 devstack@g-api.service[114036]: DEBUG glance.api.v2.cached_images [None req-a66141cc-c3ae-4283-a16a-a9708d2b221e None None] Started cache worker thread {{(pid=114036) __init__ /opt/stack/glance/glance/api/v2/cached_images.py:69}}
Apr 09 14:08:27.762350 np0000164512 devstack@g-api.service[114034]: INFO glance.api.middleware.cache [None req-23e77654-a0c8-4ea2-9ded-96721dcd4147 None None] Initialized image cache middleware
Apr 09 14:08:27.763050 np0000164512 devstack@g-api.service[114036]: INFO glance.image_cache [None req-a66141cc-c3ae-4283-a16a-a9708d2b221e None None] Image cache loaded driver 'centralized_db'.
Apr 09 14:08:27.769718 np0000164512 devstack@g-api.service[114033]: INFO glance.api.middleware.cache_manage [None req-5dc3fb36-52ce-4d14-bdb8-41413b5d6571 None None] Initialized image cache management middleware
Apr 09 14:08:27.769930 np0000164512 devstack@g-api.service[114033]: INFO glance.image_cache [None req-5dc3fb36-52ce-4d14-bdb8-41413b5d6571 None None] Image cache loaded driver 'centralized_db'.
Apr 09 14:08:27.772576 np0000164512 devstack@g-api.service[114034]: WARNING keystonemiddleware.auth_token [None req-23e77654-a0c8-4ea2-9ded-96721dcd4147 None None] AuthToken middleware is set with keystone_authtoken.service_token_roles_required set to False. This is backwards compatible but deprecated behaviour. Please set this to True.
Apr 09 14:08:27.775388 np0000164512 devstack@g-api.service[114035]: DEBUG dbcounter [-] [114035] Writer thread running {{(pid=114035) stat_writer /opt/stack/data/venv/lib/python3.12/site-packages/dbcounter.py:102}}
Apr 09 14:08:27.777407 np0000164512 devstack@g-api.service[114036]: DEBUG glance.image_cache.drivers.centralized_db [None req-a66141cc-c3ae-4283-a16a-a9708d2b221e None None] Node reference is already recorded, ignoring it {{(pid=114036) configure /opt/stack/glance/glance/image_cache/drivers/centralized_db.py:71}}
Apr 09 14:08:27.779879 np0000164512 devstack@g-api.service[114033]: DEBUG glance.image_cache.drivers.centralized_db [None req-5dc3fb36-52ce-4d14-bdb8-41413b5d6571 None None] Node reference is already recorded, ignoring it {{(pid=114033) configure /opt/stack/glance/glance/image_cache/drivers/centralized_db.py:71}}
Apr 09 14:08:27.780088 np0000164512 devstack@g-api.service[114035]: DEBUG glance.image_cache.drivers.centralized_db [None req-d7617458-7b75-4304-b494-9447c8bfb821 None None] Node reference is already recorded, ignoring it {{(pid=114035) configure /opt/stack/glance/glance/image_cache/drivers/centralized_db.py:71}}
Apr 09 14:08:27.780661 np0000164512 devstack@g-api.service[114034]: DEBUG glance.common.config [None req-23e77654-a0c8-4ea2-9ded-96721dcd4147 None None] ******************************************************************************** {{(pid=114034) log_opt_values /opt/stack/data/venv/lib/python3.12/site-packages/oslo_config/cfg.py:2979}}
Apr 09 14:08:27.780989 np0000164512 devstack@g-api.service[114034]: DEBUG glance.common.config [None req-23e77654-a0c8-4ea2-9ded-96721dcd4147 None None] Configuration options gathered from: {{(pid=114034) log_opt_values /opt/stack/data/venv/lib/python3.12/site-packages/oslo_config/cfg.py:2980}}
Apr 09 14:08:27.781454 np0000164512 devstack@g-api.service[114034]: DEBUG glance.common.config [None req-23e77654-a0c8-4ea2-9ded-96721dcd4147 None None] command line args: [] {{(pid=114034) log_opt_values /opt/stack/data/venv/lib/python3.12/site-packages/oslo_config/cfg.py:2981}}
Apr 09 14:08:27.781454 np0000164512 devstack@g-api.service[114034]: DEBUG glance.common.config [None req-23e77654-a0c8-4ea2-9ded-96721dcd4147 None None] config files: ['/etc/glance/glance-image-import.conf', '/etc/glance/glance-api.conf'] {{(pid=114034) log_opt_values /opt/stack/data/venv/lib/python3.12/site-packages/oslo_config/cfg.py:2982}}
Apr 09 14:08:27.781660 np0000164512 devstack@g-api.service[114034]: DEBUG glance.common.config [None req-23e77654-a0c8-4ea2-9ded-96721dcd4147 None None] ================================================================================ {{(pid=114034) log_opt_values /opt/stack/data/venv/lib/python3.12/site-packages/oslo_config/cfg.py:2987}}
Apr 09 14:08:27.781730 np0000164512 devstack@g-api.service[114034]: DEBUG glance.common.config [None req-23e77654-a0c8-4ea2-9ded-96721dcd4147 None None] allow_anonymous_access = False {{(pid=114034) log_opt_values /opt/stack/data/venv/lib/python3.12/site-packages/oslo_config/cfg.py:2995}}
Apr 09 14:08:27.781920 np0000164512 devstack@g-api.service[114034]: DEBUG glance.common.config [None req-23e77654-a0c8-4ea2-9ded-96721dcd4147 None None] api_limit_max = 1000 {{(pid=114034) log_opt_values /opt/stack/data/venv/lib/python3.12/site-packages/oslo_config/cfg.py:2995}}
Apr 09 14:08:27.782089 np0000164512 devstack@g-api.service[114034]: DEBUG glance.common.config [None req-23e77654-a0c8-4ea2-9ded-96721dcd4147 None None] backlog = 4096 {{(pid=114034) log_opt_values /opt/stack/data/venv/lib/python3.12/site-packages/oslo_config/cfg.py:2995}}
Apr 09 14:08:27.782293 np0000164512 devstack@g-api.service[114034]: DEBUG glance.common.config [None req-23e77654-a0c8-4ea2-9ded-96721dcd4147 None None] bind_host = 0.0.0.0 {{(pid=114034) log_opt_values /opt/stack/data/venv/lib/python3.12/site-packages/oslo_config/cfg.py:2995}}
Apr 09 14:08:27.782293 np0000164512 devstack@g-api.service[114034]: DEBUG glance.common.config [None req-23e77654-a0c8-4ea2-9ded-96721dcd4147 None None] bind_port = 19292 {{(pid=114034) log_opt_values /opt/stack/data/venv/lib/python3.12/site-packages/oslo_config/cfg.py:2995}}
Apr 09 14:08:27.783042 np0000164512 devstack@g-api.service[114034]: DEBUG glance.common.config [None req-23e77654-a0c8-4ea2-9ded-96721dcd4147 None None] client_socket_timeout = 900 {{(pid=114034) log_opt_values /opt/stack/data/venv/lib/python3.12/site-packages/oslo_config/cfg.py:2995}}
Apr 09 14:08:27.783042 np0000164512 devstack@g-api.service[114034]: DEBUG glance.common.config [None req-23e77654-a0c8-4ea2-9ded-96721dcd4147 None None] config_dir = [] {{(pid=114034) log_opt_values /opt/stack/data/venv/lib/python3.12/site-packages/oslo_config/cfg.py:2995}}
Apr 09 14:08:27.783042 np0000164512 devstack@g-api.service[114034]: DEBUG glance.common.config [None req-23e77654-a0c8-4ea2-9ded-96721dcd4147 None None] config_file = ['/etc/glance/glance-image-import.conf', '/etc/glance/glance-api.conf'] {{(pid=114034) log_opt_values /opt/stack/data/venv/lib/python3.12/site-packages/oslo_config/cfg.py:2995}}
Apr 09 14:08:27.783042 np0000164512 devstack@g-api.service[114034]: DEBUG glance.common.config [None req-23e77654-a0c8-4ea2-9ded-96721dcd4147 None None] config_source = [] {{(pid=114034) log_opt_values /opt/stack/data/venv/lib/python3.12/site-packages/oslo_config/cfg.py:2995}}
Apr 09 14:08:27.783487 np0000164512 devstack@g-api.service[114034]: DEBUG glance.common.config [None req-23e77654-a0c8-4ea2-9ded-96721dcd4147 None None] control_exchange = glance {{(pid=114034) log_opt_values /opt/stack/data/venv/lib/python3.12/site-packages/oslo_config/cfg.py:2995}}
Apr 09 14:08:27.783487 np0000164512 devstack@g-api.service[114034]: DEBUG glance.common.config [None req-23e77654-a0c8-4ea2-9ded-96721dcd4147 None None] debug = True {{(pid=114034) log_opt_values /opt/stack/data/venv/lib/python3.12/site-packages/oslo_config/cfg.py:2995}}
Apr 09 14:08:27.783877 np0000164512 devstack@g-api.service[114034]: DEBUG glance.common.config [None req-23e77654-a0c8-4ea2-9ded-96721dcd4147 None None] default_log_levels = ['amqp=WARN', 'boto=WARN', 'sqlalchemy=WARN', 'suds=INFO', 'oslo.messaging=INFO', 'oslo_messaging=INFO', 'iso8601=WARN', 'requests.packages.urllib3.connectionpool=WARN', 'urllib3.connectionpool=WARN', 'websocket=WARN', 'requests.packages.urllib3.util.retry=WARN', 'urllib3.util.retry=WARN', 'keystonemiddleware=WARN', 'routes.middleware=WARN', 'stevedore=WARN', 'taskflow=WARN', 'keystoneauth=WARN', 'oslo.cache=INFO', 'oslo_policy=INFO', 'dogpile.core.dogpile=INFO'] {{(pid=114034) log_opt_values /opt/stack/data/venv/lib/python3.12/site-packages/oslo_config/cfg.py:2995}}
Apr 09 14:08:27.783877 np0000164512 devstack@g-api.service[114034]: DEBUG glance.common.config [None req-23e77654-a0c8-4ea2-9ded-96721dcd4147 None None] default_publisher_id = image.localhost {{(pid=114034) log_opt_values /opt/stack/data/venv/lib/python3.12/site-packages/oslo_config/cfg.py:2995}}
Apr 09 14:08:27.784503 np0000164512 devstack@g-api.service[114034]: DEBUG glance.common.config [None req-23e77654-a0c8-4ea2-9ded-96721dcd4147 None None] delayed_delete = False {{(pid=114034) log_opt_values /opt/stack/data/venv/lib/python3.12/site-packages/oslo_config/cfg.py:2995}}
Apr 09 14:08:27.784503 np0000164512 devstack@g-api.service[114034]: DEBUG glance.common.config [None req-23e77654-a0c8-4ea2-9ded-96721dcd4147 None None] digest_algorithm = sha256 {{(pid=114034) log_opt_values /opt/stack/data/venv/lib/python3.12/site-packages/oslo_config/cfg.py:2995}}
Apr 09 14:08:27.784623 np0000164512 devstack@g-api.service[114033]: INFO glance.api.middleware.cache [None req-5dc3fb36-52ce-4d14-bdb8-41413b5d6571 None None] Initialized image cache middleware
Apr 09 14:08:27.784697 np0000164512 devstack@g-api.service[114034]: DEBUG glance.common.config [None req-23e77654-a0c8-4ea2-9ded-96721dcd4147 None None] disabled_notifications = [] {{(pid=114034) log_opt_values /opt/stack/data/venv/lib/python3.12/site-packages/oslo_config/cfg.py:2995}}
Apr 09 14:08:27.784697 np0000164512 devstack@g-api.service[114034]: DEBUG glance.common.config [None req-23e77654-a0c8-4ea2-9ded-96721dcd4147 None None] do_secure_hash = True {{(pid=114034) log_opt_values /opt/stack/data/venv/lib/python3.12/site-packages/oslo_config/cfg.py:2995}}
Apr 09 14:08:27.784697 np0000164512 devstack@g-api.service[114034]: DEBUG glance.common.config [None req-23e77654-a0c8-4ea2-9ded-96721dcd4147 None None] enabled_backends = None {{(pid=114034) log_opt_values /opt/stack/data/venv/lib/python3.12/site-packages/oslo_config/cfg.py:2995}}
Apr 09 14:08:27.784697 np0000164512 devstack@g-api.service[114034]: DEBUG glance.common.config [None req-23e77654-a0c8-4ea2-9ded-96721dcd4147 None None] enabled_import_methods = ['glance-direct', 'web-download', 'copy-image'] {{(pid=114034) log_opt_values /opt/stack/data/venv/lib/python3.12/site-packages/oslo_config/cfg.py:2995}}
Apr 09 14:08:27.784974 np0000164512 devstack@g-api.service[114034]: DEBUG glance.common.config [None req-23e77654-a0c8-4ea2-9ded-96721dcd4147 None None] hashing_algorithm = sha512 {{(pid=114034) log_opt_values /opt/stack/data/venv/lib/python3.12/site-packages/oslo_config/cfg.py:2995}}
Apr 09 14:08:27.785047 np0000164512 devstack@g-api.service[114034]: DEBUG glance.common.config [None req-23e77654-a0c8-4ea2-9ded-96721dcd4147 None None] http_keepalive = True {{(pid=114034) log_opt_values /opt/stack/data/venv/lib/python3.12/site-packages/oslo_config/cfg.py:2995}}
Apr 09 14:08:27.785230 np0000164512 devstack@g-api.service[114034]: DEBUG glance.common.config [None req-23e77654-a0c8-4ea2-9ded-96721dcd4147 None None] http_retries = 3 {{(pid=114034) log_opt_values /opt/stack/data/venv/lib/python3.12/site-packages/oslo_config/cfg.py:2995}}
Apr 09 14:08:27.785374 np0000164512 devstack@g-api.service[114034]: DEBUG glance.common.config [None req-23e77654-a0c8-4ea2-9ded-96721dcd4147 None None] image_cache_dir = /opt/stack/data/glance/cache/ {{(pid=114034) log_opt_values /opt/stack/data/venv/lib/python3.12/site-packages/oslo_config/cfg.py:2995}}
Apr 09 14:08:27.785534 np0000164512 devstack@g-api.service[114034]: DEBUG glance.common.config [None req-23e77654-a0c8-4ea2-9ded-96721dcd4147 None None] image_cache_driver = centralized_db {{(pid=114034) log_opt_values /opt/stack/data/venv/lib/python3.12/site-packages/oslo_config/cfg.py:2995}}
Apr 09 14:08:27.785705 np0000164512 devstack@g-api.service[114034]: DEBUG glance.common.config [None req-23e77654-a0c8-4ea2-9ded-96721dcd4147 None None] image_cache_max_size = 10737418240 {{(pid=114034) log_opt_values /opt/stack/data/venv/lib/python3.12/site-packages/oslo_config/cfg.py:2995}}
Apr 09 14:08:27.785825 np0000164512 devstack@g-api.service[114036]: INFO glance.api.middleware.cache_manage [None req-a66141cc-c3ae-4283-a16a-a9708d2b221e None None] Initialized image cache management middleware
Apr 09 14:08:27.785890 np0000164512 devstack@g-api.service[114034]: DEBUG glance.common.config [None req-23e77654-a0c8-4ea2-9ded-96721dcd4147 None None] image_cache_sqlite_db = cache.db {{(pid=114034) log_opt_values /opt/stack/data/venv/lib/python3.12/site-packages/oslo_config/cfg.py:2995}}
Apr 09 14:08:27.786052 np0000164512 devstack@g-api.service[114036]: INFO glance.image_cache [None req-a66141cc-c3ae-4283-a16a-a9708d2b221e None None] Image cache loaded driver 'centralized_db'.
Apr 09 14:08:27.786131 np0000164512 devstack@g-api.service[114034]: DEBUG glance.common.config [None req-23e77654-a0c8-4ea2-9ded-96721dcd4147 None None] image_cache_stall_time = 86400 {{(pid=114034) log_opt_values /opt/stack/data/venv/lib/python3.12/site-packages/oslo_config/cfg.py:2995}}
Apr 09 14:08:27.786275 np0000164512 devstack@g-api.service[114034]: DEBUG glance.common.config [None req-23e77654-a0c8-4ea2-9ded-96721dcd4147 None None] image_location_quota = 10 {{(pid=114034) log_opt_values /opt/stack/data/venv/lib/python3.12/site-packages/oslo_config/cfg.py:2995}}
Apr 09 14:08:27.786353 np0000164512 devstack@g-api.service[114035]: INFO glance.image_cache [None req-d7617458-7b75-4304-b494-9447c8bfb821 None None] Image cache loaded driver 'centralized_db'.
Apr 09 14:08:27.786502 np0000164512 devstack@g-api.service[114034]: DEBUG glance.common.config [None req-23e77654-a0c8-4ea2-9ded-96721dcd4147 None None] image_member_quota = 128 {{(pid=114034) log_opt_values /opt/stack/data/venv/lib/python3.12/site-packages/oslo_config/cfg.py:2995}}
Apr 09 14:08:27.786502 np0000164512 devstack@g-api.service[114034]: DEBUG glance.common.config [None req-23e77654-a0c8-4ea2-9ded-96721dcd4147 None None] image_property_quota = 128 {{(pid=114034) log_opt_values /opt/stack/data/venv/lib/python3.12/site-packages/oslo_config/cfg.py:2995}}
Apr 09 14:08:27.786686 np0000164512 devstack@g-api.service[114034]: DEBUG glance.common.config [None req-23e77654-a0c8-4ea2-9ded-96721dcd4147 None None] image_size_cap = 1099511627776 {{(pid=114034) log_opt_values /opt/stack/data/venv/lib/python3.12/site-packages/oslo_config/cfg.py:2995}}
Apr 09 14:08:27.786860 np0000164512 devstack@g-api.service[114034]: DEBUG glance.common.config [None req-23e77654-a0c8-4ea2-9ded-96721dcd4147 None None] image_tag_quota = 128 {{(pid=114034) log_opt_values /opt/stack/data/venv/lib/python3.12/site-packages/oslo_config/cfg.py:2995}}
Apr 09 14:08:27.787021 np0000164512 devstack@g-api.service[114034]: DEBUG glance.common.config [None req-23e77654-a0c8-4ea2-9ded-96721dcd4147 None None] instance_format = [instance: %(uuid)s] {{(pid=114034) log_opt_values /opt/stack/data/venv/lib/python3.12/site-packages/oslo_config/cfg.py:2995}}
Apr 09 14:08:27.787213 np0000164512 devstack@g-api.service[114034]: DEBUG glance.common.config [None req-23e77654-a0c8-4ea2-9ded-96721dcd4147 None None] instance_uuid_format = [instance: %(uuid)s] {{(pid=114034) log_opt_values /opt/stack/data/venv/lib/python3.12/site-packages/oslo_config/cfg.py:2995}}
Apr 09 14:08:27.787373 np0000164512 devstack@g-api.service[114034]: DEBUG glance.common.config [None req-23e77654-a0c8-4ea2-9ded-96721dcd4147 None None] limit_param_default = 25 {{(pid=114034) log_opt_values /opt/stack/data/venv/lib/python3.12/site-packages/oslo_config/cfg.py:2995}}
Apr 09 14:08:27.787542 np0000164512 devstack@g-api.service[114034]: DEBUG glance.common.config [None req-23e77654-a0c8-4ea2-9ded-96721dcd4147 None None] log_color = False {{(pid=114034) log_opt_values /opt/stack/data/venv/lib/python3.12/site-packages/oslo_config/cfg.py:2995}}
Apr 09 14:08:27.787716 np0000164512 devstack@g-api.service[114034]: DEBUG glance.common.config [None req-23e77654-a0c8-4ea2-9ded-96721dcd4147 None None] log_config_append = None {{(pid=114034) log_opt_values /opt/stack/data/venv/lib/python3.12/site-packages/oslo_config/cfg.py:2995}}
Apr 09 14:08:27.787913 np0000164512 devstack@g-api.service[114034]: DEBUG glance.common.config [None req-23e77654-a0c8-4ea2-9ded-96721dcd4147 None None] log_date_format = %Y-%m-%d %H:%M:%S {{(pid=114034) log_opt_values /opt/stack/data/venv/lib/python3.12/site-packages/oslo_config/cfg.py:2995}}
Apr 09 14:08:27.788085 np0000164512 devstack@g-api.service[114034]: DEBUG glance.common.config [None req-23e77654-a0c8-4ea2-9ded-96721dcd4147 None None] log_dir = None {{(pid=114034) log_opt_values /opt/stack/data/venv/lib/python3.12/site-packages/oslo_config/cfg.py:2995}}
Apr 09 14:08:27.788238 np0000164512 devstack@g-api.service[114034]: DEBUG glance.common.config [None req-23e77654-a0c8-4ea2-9ded-96721dcd4147 None None] log_file = None {{(pid=114034) log_opt_values /opt/stack/data/venv/lib/python3.12/site-packages/oslo_config/cfg.py:2995}}
Apr 09 14:08:27.788393 np0000164512 devstack@g-api.service[114034]: DEBUG glance.common.config [None req-23e77654-a0c8-4ea2-9ded-96721dcd4147 None None] log_rotate_interval = 1 {{(pid=114034) log_opt_values /opt/stack/data/venv/lib/python3.12/site-packages/oslo_config/cfg.py:2995}}
Apr 09 14:08:27.788564 np0000164512 devstack@g-api.service[114034]: DEBUG glance.common.config [None req-23e77654-a0c8-4ea2-9ded-96721dcd4147 None None] log_rotate_interval_type = days {{(pid=114034) log_opt_values /opt/stack/data/venv/lib/python3.12/site-packages/oslo_config/cfg.py:2995}}
Apr 09 14:08:27.788731 np0000164512 devstack@g-api.service[114034]: DEBUG glance.common.config [None req-23e77654-a0c8-4ea2-9ded-96721dcd4147 None None] log_rotation_type = none {{(pid=114034) log_opt_values /opt/stack/data/venv/lib/python3.12/site-packages/oslo_config/cfg.py:2995}}
Apr 09 14:08:27.788880 np0000164512 devstack@g-api.service[114034]: DEBUG glance.common.config [None req-23e77654-a0c8-4ea2-9ded-96721dcd4147 None None] logging_context_format_string = %(color)s%(levelname)s %(name)s [%(global_request_id)s %(request_id)s %(project_name)s %(user_name)s%(color)s] %(instance)s%(color)s%(message)s {{(pid=114034) log_opt_values /opt/stack/data/venv/lib/python3.12/site-packages/oslo_config/cfg.py:2995}}
Apr 09 14:08:27.789004 np0000164512 devstack@g-api.service[114034]: DEBUG glance.common.config [None req-23e77654-a0c8-4ea2-9ded-96721dcd4147 None None] logging_debug_format_suffix = {{(pid=%(process)d) %(funcName)s %(pathname)s:%(lineno)d}} {{(pid=114034) log_opt_values /opt/stack/data/venv/lib/python3.12/site-packages/oslo_config/cfg.py:2995}}
Apr 09 14:08:27.789170 np0000164512 devstack@g-api.service[114034]: DEBUG glance.common.config [None req-23e77654-a0c8-4ea2-9ded-96721dcd4147 None None] logging_default_format_string = %(color)s%(levelname)s %(name)s [-%(color)s] %(instance)s%(color)s%(message)s {{(pid=114034) log_opt_values /opt/stack/data/venv/lib/python3.12/site-packages/oslo_config/cfg.py:2995}}
Apr 09 14:08:27.789340 np0000164512 devstack@g-api.service[114034]: DEBUG glance.common.config [None req-23e77654-a0c8-4ea2-9ded-96721dcd4147 None None] logging_exception_prefix = ERROR %(name)s %(instance)s {{(pid=114034) log_opt_values /opt/stack/data/venv/lib/python3.12/site-packages/oslo_config/cfg.py:2995}}
Apr 09 14:08:27.789452 np0000164512 devstack@g-api.service[114034]: DEBUG glance.common.config [None req-23e77654-a0c8-4ea2-9ded-96721dcd4147 None None] logging_user_identity_format = %(user)s %(project)s %(domain)s %(system_scope)s %(user_domain)s %(project_domain)s {{(pid=114034) log_opt_values /opt/stack/data/venv/lib/python3.12/site-packages/oslo_config/cfg.py:2995}}
Apr 09 14:08:27.789608 np0000164512 devstack@g-api.service[114034]: DEBUG glance.common.config [None req-23e77654-a0c8-4ea2-9ded-96721dcd4147 None None] max_header_line = 16384 {{(pid=114034) log_opt_values /opt/stack/data/venv/lib/python3.12/site-packages/oslo_config/cfg.py:2995}}
Apr 09 14:08:27.789764 np0000164512 devstack@g-api.service[114034]: DEBUG glance.common.config [None req-23e77654-a0c8-4ea2-9ded-96721dcd4147 None None] max_logfile_count = 30 {{(pid=114034) log_opt_values /opt/stack/data/venv/lib/python3.12/site-packages/oslo_config/cfg.py:2995}}
Apr 09 14:08:27.789951 np0000164512 devstack@g-api.service[114034]: DEBUG glance.common.config [None req-23e77654-a0c8-4ea2-9ded-96721dcd4147 None None] max_logfile_size_mb = 200 {{(pid=114034) log_opt_values /opt/stack/data/venv/lib/python3.12/site-packages/oslo_config/cfg.py:2995}}
Apr 09 14:08:27.790127 np0000164512 devstack@g-api.service[114034]: DEBUG glance.common.config [None req-23e77654-a0c8-4ea2-9ded-96721dcd4147 None None] max_request_id_length = 64 {{(pid=114034) log_opt_values /opt/stack/data/venv/lib/python3.12/site-packages/oslo_config/cfg.py:2995}}
Apr 09 14:08:27.790262 np0000164512 devstack@g-api.service[114034]: DEBUG glance.common.config [None req-23e77654-a0c8-4ea2-9ded-96721dcd4147 None None] metadata_encryption_key = **** {{(pid=114034) log_opt_values /opt/stack/data/venv/lib/python3.12/site-packages/oslo_config/cfg.py:2995}}
Apr 09 14:08:27.790435 np0000164512 devstack@g-api.service[114034]: DEBUG glance.common.config [None req-23e77654-a0c8-4ea2-9ded-96721dcd4147 None None] node_staging_uri = file:///tmp/staging/ {{(pid=114034) log_opt_values /opt/stack/data/venv/lib/python3.12/site-packages/oslo_config/cfg.py:2995}}
Apr 09 14:08:27.790575 np0000164512 devstack@g-api.service[114034]: DEBUG glance.common.config [None req-23e77654-a0c8-4ea2-9ded-96721dcd4147 None None] property_protection_file = None {{(pid=114034) log_opt_values /opt/stack/data/venv/lib/python3.12/site-packages/oslo_config/cfg.py:2995}}
Apr 09 14:08:27.790740 np0000164512 devstack@g-api.service[114034]: DEBUG glance.common.config [None req-23e77654-a0c8-4ea2-9ded-96721dcd4147 None None] property_protection_rule_format = roles {{(pid=114034) log_opt_values /opt/stack/data/venv/lib/python3.12/site-packages/oslo_config/cfg.py:2995}}
Apr 09 14:08:27.790944 np0000164512 devstack@g-api.service[114034]: DEBUG glance.common.config [None req-23e77654-a0c8-4ea2-9ded-96721dcd4147 None None] public_endpoint = https://199.204.45.35/image {{(pid=114034) log_opt_values /opt/stack/data/venv/lib/python3.12/site-packages/oslo_config/cfg.py:2995}}
Apr 09 14:08:27.791146 np0000164512 devstack@g-api.service[114034]: DEBUG glance.common.config [None req-23e77654-a0c8-4ea2-9ded-96721dcd4147 None None] publish_errors = False {{(pid=114034) log_opt_values /opt/stack/data/venv/lib/python3.12/site-packages/oslo_config/cfg.py:2995}}
Apr 09 14:08:27.791309 np0000164512 devstack@g-api.service[114034]: DEBUG glance.common.config [None req-23e77654-a0c8-4ea2-9ded-96721dcd4147 None None] pydev_worker_debug_host = None {{(pid=114034) log_opt_values /opt/stack/data/venv/lib/python3.12/site-packages/oslo_config/cfg.py:2995}}
Apr 09 14:08:27.791433 np0000164512 devstack@g-api.service[114034]: DEBUG glance.common.config [None req-23e77654-a0c8-4ea2-9ded-96721dcd4147 None None] pydev_worker_debug_port = 5678 {{(pid=114034) log_opt_values /opt/stack/data/venv/lib/python3.12/site-packages/oslo_config/cfg.py:2995}}
Apr 09 14:08:27.791609 np0000164512 devstack@g-api.service[114034]: DEBUG glance.common.config [None req-23e77654-a0c8-4ea2-9ded-96721dcd4147 None None] rate_limit_burst = 0 {{(pid=114034) log_opt_values /opt/stack/data/venv/lib/python3.12/site-packages/oslo_config/cfg.py:2995}}
Apr 09 14:08:27.791756 np0000164512 devstack@g-api.service[114034]: DEBUG glance.common.config [None req-23e77654-a0c8-4ea2-9ded-96721dcd4147 None None] rate_limit_except_level = CRITICAL {{(pid=114034) log_opt_values /opt/stack/data/venv/lib/python3.12/site-packages/oslo_config/cfg.py:2995}}
Apr 09 14:08:27.791937 np0000164512 devstack@g-api.service[114034]: DEBUG glance.common.config [None req-23e77654-a0c8-4ea2-9ded-96721dcd4147 None None] rate_limit_interval = 0 {{(pid=114034) log_opt_values /opt/stack/data/venv/lib/python3.12/site-packages/oslo_config/cfg.py:2995}}
Apr 09 14:08:27.792094 np0000164512 devstack@g-api.service[114034]: DEBUG glance.common.config [None req-23e77654-a0c8-4ea2-9ded-96721dcd4147 None None] scrub_pool_size = 1 {{(pid=114034) log_opt_values /opt/stack/data/venv/lib/python3.12/site-packages/oslo_config/cfg.py:2995}}
Apr 09 14:08:27.792246 np0000164512 devstack@g-api.service[114034]: DEBUG glance.common.config [None req-23e77654-a0c8-4ea2-9ded-96721dcd4147 None None] scrub_time = 0 {{(pid=114034) log_opt_values /opt/stack/data/venv/lib/python3.12/site-packages/oslo_config/cfg.py:2995}}
Apr 09 14:08:27.792396 np0000164512 devstack@g-api.service[114034]: DEBUG glance.common.config [None req-23e77654-a0c8-4ea2-9ded-96721dcd4147 None None] shell_completion = None {{(pid=114034) log_opt_values /opt/stack/data/venv/lib/python3.12/site-packages/oslo_config/cfg.py:2995}}
Apr 09 14:08:27.792562 np0000164512 devstack@g-api.service[114034]: DEBUG glance.common.config [None req-23e77654-a0c8-4ea2-9ded-96721dcd4147 None None] show_image_direct_url = False {{(pid=114034) log_opt_values /opt/stack/data/venv/lib/python3.12/site-packages/oslo_config/cfg.py:2995}}
Apr 09 14:08:27.792895 np0000164512 devstack@g-api.service[114034]: WARNING oslo_config.cfg [None req-23e77654-a0c8-4ea2-9ded-96721dcd4147 None None] Deprecated: Option "show_multiple_locations" from group "DEFAULT" is deprecated for removal (Use of this option, deprecated since Newton, is a security risk and will be removed once we figure out a way to satisfy those use cases that currently require it. An earlier announcement that the same functionality can be achieved with greater granularity by using policies is incorrect. You cannot work around this option via policy configuration at the present time, though that is the direction we believe the fix will take. Please keep an eye on the Glance release notes to stay up to date on progress in addressing this issue.). Its value may be silently ignored in the future.
Apr 09 14:08:27.793066 np0000164512 devstack@g-api.service[114034]: DEBUG glance.common.config [None req-23e77654-a0c8-4ea2-9ded-96721dcd4147 None None] show_multiple_locations = False {{(pid=114034) log_opt_values /opt/stack/data/venv/lib/python3.12/site-packages/oslo_config/cfg.py:2995}}
Apr 09 14:08:27.793205 np0000164512 devstack@g-api.service[114034]: DEBUG glance.common.config [None req-23e77654-a0c8-4ea2-9ded-96721dcd4147 None None] syslog_log_facility = LOG_USER {{(pid=114034) log_opt_values /opt/stack/data/venv/lib/python3.12/site-packages/oslo_config/cfg.py:2995}}
Apr 09 14:08:27.793358 np0000164512 devstack@g-api.service[114034]: DEBUG glance.common.config [None req-23e77654-a0c8-4ea2-9ded-96721dcd4147 None None] tcp_keepidle = 600 {{(pid=114034) log_opt_values /opt/stack/data/venv/lib/python3.12/site-packages/oslo_config/cfg.py:2995}}
Apr 09 14:08:27.793416 np0000164512 devstack@g-api.service[114033]: WARNING keystonemiddleware.auth_token [None req-5dc3fb36-52ce-4d14-bdb8-41413b5d6571 None None] AuthToken middleware is set with keystone_authtoken.service_token_roles_required set to False. This is backwards compatible but deprecated behaviour. Please set this to True.
Apr 09 14:08:27.793516 np0000164512 devstack@g-api.service[114034]: DEBUG glance.common.config [None req-23e77654-a0c8-4ea2-9ded-96721dcd4147 None None] transport_url = **** {{(pid=114034) log_opt_values /opt/stack/data/venv/lib/python3.12/site-packages/oslo_config/cfg.py:2995}}
Apr 09 14:08:27.793672 np0000164512 devstack@g-api.service[114034]: DEBUG glance.common.config [None req-23e77654-a0c8-4ea2-9ded-96721dcd4147 None None] use_journal = False {{(pid=114034) log_opt_values /opt/stack/data/venv/lib/python3.12/site-packages/oslo_config/cfg.py:2995}}
Apr 09 14:08:27.793846 np0000164512 devstack@g-api.service[114034]: DEBUG glance.common.config [None req-23e77654-a0c8-4ea2-9ded-96721dcd4147 None None] use_json = False {{(pid=114034) log_opt_values /opt/stack/data/venv/lib/python3.12/site-packages/oslo_config/cfg.py:2995}}
Apr 09 14:08:27.793980 np0000164512 devstack@g-api.service[114034]: DEBUG glance.common.config [None req-23e77654-a0c8-4ea2-9ded-96721dcd4147 None None] use_keystone_limits = True {{(pid=114034) log_opt_values /opt/stack/data/venv/lib/python3.12/site-packages/oslo_config/cfg.py:2995}}
Apr 09 14:08:27.794089 np0000164512 devstack@g-api.service[114034]: DEBUG glance.common.config [None req-23e77654-a0c8-4ea2-9ded-96721dcd4147 None None] use_stderr = False {{(pid=114034) log_opt_values /opt/stack/data/venv/lib/python3.12/site-packages/oslo_config/cfg.py:2995}}
Apr 09 14:08:27.794224 np0000164512 devstack@g-api.service[114034]: DEBUG glance.common.config [None req-23e77654-a0c8-4ea2-9ded-96721dcd4147 None None] use_syslog = False {{(pid=114034) log_opt_values /opt/stack/data/venv/lib/python3.12/site-packages/oslo_config/cfg.py:2995}}
Apr 09 14:08:27.794384 np0000164512 devstack@g-api.service[114034]: DEBUG glance.common.config [None req-23e77654-a0c8-4ea2-9ded-96721dcd4147 None None] user_storage_quota = 0 {{(pid=114034) log_opt_values /opt/stack/data/venv/lib/python3.12/site-packages/oslo_config/cfg.py:2995}}
Apr 09 14:08:27.794527 np0000164512 devstack@g-api.service[114034]: DEBUG glance.common.config [None req-23e77654-a0c8-4ea2-9ded-96721dcd4147 None None] worker_self_reference_url = http://127.0.0.1:60999 {{(pid=114034) log_opt_values /opt/stack/data/venv/lib/python3.12/site-packages/oslo_config/cfg.py:2995}}
Apr 09 14:08:27.794634 np0000164512 devstack@g-api.service[114034]: DEBUG glance.common.config [None req-23e77654-a0c8-4ea2-9ded-96721dcd4147 None None] workers = None {{(pid=114034) log_opt_values /opt/stack/data/venv/lib/python3.12/site-packages/oslo_config/cfg.py:2995}}
Apr 09 14:08:27.794759 np0000164512 devstack@g-api.service[114034]: DEBUG glance.common.config [None req-23e77654-a0c8-4ea2-9ded-96721dcd4147 None None] oslo_concurrency.disable_process_locking = False {{(pid=114034) log_opt_values /opt/stack/data/venv/lib/python3.12/site-packages/oslo_config/cfg.py:3006}}
Apr 09 14:08:27.794944 np0000164512 devstack@g-api.service[114034]: DEBUG glance.common.config [None req-23e77654-a0c8-4ea2-9ded-96721dcd4147 None None] oslo_concurrency.lock_path = /opt/stack/data/glance/locks {{(pid=114034) log_opt_values /opt/stack/data/venv/lib/python3.12/site-packages/oslo_config/cfg.py:3006}}
Apr 09 14:08:27.794996 np0000164512 devstack@g-api.service[114034]: DEBUG glance.common.config [None req-23e77654-a0c8-4ea2-9ded-96721dcd4147 None None] oslo_middleware.enable_proxy_headers_parsing = False {{(pid=114034) log_opt_values /opt/stack/data/venv/lib/python3.12/site-packages/oslo_config/cfg.py:3006}}
Apr 09 14:08:27.795126 np0000164512 devstack@g-api.service[114034]: DEBUG glance.common.config [None req-23e77654-a0c8-4ea2-9ded-96721dcd4147 None None] oslo_middleware.http_basic_auth_user_file = /etc/htpasswd {{(pid=114034) log_opt_values /opt/stack/data/venv/lib/python3.12/site-packages/oslo_config/cfg.py:3006}}
Apr 09 14:08:27.795263 np0000164512 devstack@g-api.service[114034]: DEBUG glance.common.config [None req-23e77654-a0c8-4ea2-9ded-96721dcd4147 None None] paste_deploy.config_file = None {{(pid=114034) log_opt_values /opt/stack/data/venv/lib/python3.12/site-packages/oslo_config/cfg.py:3006}}
Apr 09 14:08:27.795385 np0000164512 devstack@g-api.service[114034]: DEBUG glance.common.config [None req-23e77654-a0c8-4ea2-9ded-96721dcd4147 None None] paste_deploy.flavor = keystone+cachemanagement {{(pid=114034) log_opt_values /opt/stack/data/venv/lib/python3.12/site-packages/oslo_config/cfg.py:3006}}
Apr 09 14:08:27.795520 np0000164512 devstack@g-api.service[114034]: DEBUG glance.common.config [None req-23e77654-a0c8-4ea2-9ded-96721dcd4147 None None] image_format.container_formats = ['ami', 'ari', 'aki', 'bare', 'ovf', 'ova', 'docker', 'compressed'] {{(pid=114034) log_opt_values /opt/stack/data/venv/lib/python3.12/site-packages/oslo_config/cfg.py:3006}}
Apr 09 14:08:27.795645 np0000164512 devstack@g-api.service[114034]: DEBUG glance.common.config [None req-23e77654-a0c8-4ea2-9ded-96721dcd4147 None None] image_format.disk_formats = ['ami', 'ari', 'aki', 'vhd', 'vhdx', 'vmdk', 'raw', 'qcow2', 'vdi', 'iso', 'ploop'] {{(pid=114034) log_opt_values /opt/stack/data/venv/lib/python3.12/site-packages/oslo_config/cfg.py:3006}}
Apr 09 14:08:27.795746 np0000164512 devstack@g-api.service[114034]: DEBUG glance.common.config [None req-23e77654-a0c8-4ea2-9ded-96721dcd4147 None None] image_format.gpt_safety_checks_nonfatal = ['mbr'] {{(pid=114034) log_opt_values /opt/stack/data/venv/lib/python3.12/site-packages/oslo_config/cfg.py:3006}}
Apr 09 14:08:27.796065 np0000164512 devstack@g-api.service[114034]: DEBUG glance.common.config [None req-23e77654-a0c8-4ea2-9ded-96721dcd4147 None None] image_format.require_image_format_match = True {{(pid=114034) log_opt_values /opt/stack/data/venv/lib/python3.12/site-packages/oslo_config/cfg.py:3006}}
Apr 09 14:08:27.796065 np0000164512 devstack@g-api.service[114034]: DEBUG glance.common.config [None req-23e77654-a0c8-4ea2-9ded-96721dcd4147 None None] image_format.vmdk_allowed_types = ['streamOptimized', 'monolithicSparse'] {{(pid=114034) log_opt_values /opt/stack/data/venv/lib/python3.12/site-packages/oslo_config/cfg.py:3006}}
Apr 09 14:08:27.796275 np0000164512 devstack@g-api.service[114034]: DEBUG glance.common.config [None req-23e77654-a0c8-4ea2-9ded-96721dcd4147 None None] task.task_executor = taskflow {{(pid=114034) log_opt_values /opt/stack/data/venv/lib/python3.12/site-packages/oslo_config/cfg.py:3006}}
Apr 09 14:08:27.796275 np0000164512 devstack@g-api.service[114034]: DEBUG glance.common.config [None req-23e77654-a0c8-4ea2-9ded-96721dcd4147 None None] task.task_time_to_live = 48 {{(pid=114034) log_opt_values /opt/stack/data/venv/lib/python3.12/site-packages/oslo_config/cfg.py:3006}}
Apr 09 14:08:27.796651 np0000164512 devstack@g-api.service[114034]: DEBUG glance.common.config [None req-23e77654-a0c8-4ea2-9ded-96721dcd4147 None None] task.work_dir = None {{(pid=114034) log_opt_values /opt/stack/data/venv/lib/python3.12/site-packages/oslo_config/cfg.py:3006}}
Apr 09 14:08:27.796651 np0000164512 devstack@g-api.service[114034]: DEBUG glance.common.config [None req-23e77654-a0c8-4ea2-9ded-96721dcd4147 None None] wsgi.python_interpreter = /opt/stack/data/venv/bin/python3 {{(pid=114034) log_opt_values /opt/stack/data/venv/lib/python3.12/site-packages/oslo_config/cfg.py:3006}}
Apr 09 14:08:27.796651 np0000164512 devstack@g-api.service[114034]: DEBUG glance.common.config [None req-23e77654-a0c8-4ea2-9ded-96721dcd4147 None None] wsgi.task_pool_threads = 16 {{(pid=114034) log_opt_values /opt/stack/data/venv/lib/python3.12/site-packages/oslo_config/cfg.py:3006}}
Apr 09 14:08:27.796651 np0000164512 devstack@g-api.service[114034]: DEBUG glance.common.config [None req-23e77654-a0c8-4ea2-9ded-96721dcd4147 None None] profiler.connection_string = messaging:// {{(pid=114034) log_opt_values /opt/stack/data/venv/lib/python3.12/site-packages/oslo_config/cfg.py:3006}}
Apr 09 14:08:27.796913 np0000164512 devstack@g-api.service[114034]: DEBUG glance.common.config [None req-23e77654-a0c8-4ea2-9ded-96721dcd4147 None None] profiler.enabled = False {{(pid=114034) log_opt_values /opt/stack/data/venv/lib/python3.12/site-packages/oslo_config/cfg.py:3006}}
Apr 09 14:08:27.796913 np0000164512 devstack@g-api.service[114034]: DEBUG glance.common.config [None req-23e77654-a0c8-4ea2-9ded-96721dcd4147 None None] profiler.es_doc_type = notification {{(pid=114034) log_opt_values /opt/stack/data/venv/lib/python3.12/site-packages/oslo_config/cfg.py:3006}}
Apr 09 14:08:27.797116 np0000164512 devstack@g-api.service[114034]: DEBUG glance.common.config [None req-23e77654-a0c8-4ea2-9ded-96721dcd4147 None None] profiler.es_scroll_size = 10000 {{(pid=114034) log_opt_values /opt/stack/data/venv/lib/python3.12/site-packages/oslo_config/cfg.py:3006}}
Apr 09 14:08:27.797116 np0000164512 devstack@g-api.service[114034]: DEBUG glance.common.config [None req-23e77654-a0c8-4ea2-9ded-96721dcd4147 None None] profiler.es_scroll_time = 2m {{(pid=114034) log_opt_values /opt/stack/data/venv/lib/python3.12/site-packages/oslo_config/cfg.py:3006}}
Apr 09 14:08:27.797376 np0000164512 devstack@g-api.service[114034]: DEBUG glance.common.config [None req-23e77654-a0c8-4ea2-9ded-96721dcd4147 None None] profiler.filter_error_trace = False {{(pid=114034) log_opt_values /opt/stack/data/venv/lib/python3.12/site-packages/oslo_config/cfg.py:3006}}
Apr 09 14:08:27.797376 np0000164512 devstack@g-api.service[114034]: DEBUG glance.common.config [None req-23e77654-a0c8-4ea2-9ded-96721dcd4147 None None] profiler.hmac_keys = **** {{(pid=114034) log_opt_values /opt/stack/data/venv/lib/python3.12/site-packages/oslo_config/cfg.py:3006}}
Apr 09 14:08:27.797923 np0000164512 devstack@g-api.service[114034]: DEBUG glance.common.config [None req-23e77654-a0c8-4ea2-9ded-96721dcd4147 None None] profiler.sentinel_service_name = mymaster {{(pid=114034) log_opt_values /opt/stack/data/venv/lib/python3.12/site-packages/oslo_config/cfg.py:3006}}
Apr 09 14:08:27.797923 np0000164512 devstack@g-api.service[114034]: DEBUG glance.common.config [None req-23e77654-a0c8-4ea2-9ded-96721dcd4147 None None] profiler.socket_timeout = 0.1 {{(pid=114034) log_opt_values /opt/stack/data/venv/lib/python3.12/site-packages/oslo_config/cfg.py:3006}}
Apr 09 14:08:27.797923 np0000164512 devstack@g-api.service[114034]: DEBUG glance.common.config [None req-23e77654-a0c8-4ea2-9ded-96721dcd4147 None None] profiler.trace_requests = False {{(pid=114034) log_opt_values /opt/stack/data/venv/lib/python3.12/site-packages/oslo_config/cfg.py:3006}}
Apr 09 14:08:27.797923 np0000164512 devstack@g-api.service[114034]: DEBUG glance.common.config [None req-23e77654-a0c8-4ea2-9ded-96721dcd4147 None None] profiler.trace_sqlalchemy = False {{(pid=114034) log_opt_values /opt/stack/data/venv/lib/python3.12/site-packages/oslo_config/cfg.py:3006}}
Apr 09 14:08:27.797923 np0000164512 devstack@g-api.service[114034]: DEBUG glance.common.config [None req-23e77654-a0c8-4ea2-9ded-96721dcd4147 None None] profiler_jaeger.process_tags = {} {{(pid=114034) log_opt_values /opt/stack/data/venv/lib/python3.12/site-packages/oslo_config/cfg.py:3006}}
Apr 09 14:08:27.798120 np0000164512 devstack@g-api.service[114034]: DEBUG glance.common.config [None req-23e77654-a0c8-4ea2-9ded-96721dcd4147 None None] profiler_jaeger.service_name_prefix = None {{(pid=114034) log_opt_values /opt/stack/data/venv/lib/python3.12/site-packages/oslo_config/cfg.py:3006}}
Apr 09 14:08:27.798120 np0000164512 devstack@g-api.service[114034]: DEBUG glance.common.config [None req-23e77654-a0c8-4ea2-9ded-96721dcd4147 None None] profiler_otlp.service_name_prefix = None {{(pid=114034) log_opt_values /opt/stack/data/venv/lib/python3.12/site-packages/oslo_config/cfg.py:3006}}
Apr 09 14:08:27.798320 np0000164512 devstack@g-api.service[114034]: DEBUG glance.common.config [None req-23e77654-a0c8-4ea2-9ded-96721dcd4147 None None] import_filtering_opts.allowed_hosts = [] {{(pid=114034) log_opt_values /opt/stack/data/venv/lib/python3.12/site-packages/oslo_config/cfg.py:3006}}
Apr 09 14:08:27.798511 np0000164512 devstack@g-api.service[114034]: DEBUG glance.common.config [None req-23e77654-a0c8-4ea2-9ded-96721dcd4147 None None] import_filtering_opts.allowed_ports = [80, 443] {{(pid=114034) log_opt_values /opt/stack/data/venv/lib/python3.12/site-packages/oslo_config/cfg.py:3006}}
Apr 09 14:08:27.798620 np0000164512 devstack@g-api.service[114034]: DEBUG glance.common.config [None req-23e77654-a0c8-4ea2-9ded-96721dcd4147 None None] import_filtering_opts.allowed_schemes = ['http', 'https'] {{(pid=114034) log_opt_values /opt/stack/data/venv/lib/python3.12/site-packages/oslo_config/cfg.py:3006}}
Apr 09 14:08:27.798729 np0000164512 devstack@g-api.service[114034]: DEBUG glance.common.config [None req-23e77654-a0c8-4ea2-9ded-96721dcd4147 None None] import_filtering_opts.disallowed_hosts = [] {{(pid=114034) log_opt_values /opt/stack/data/venv/lib/python3.12/site-packages/oslo_config/cfg.py:3006}}
Apr 09 14:08:27.798892 np0000164512 devstack@g-api.service[114035]: DEBUG glance.image_cache.drivers.centralized_db [None req-d7617458-7b75-4304-b494-9447c8bfb821 None None] Node reference is already recorded, ignoring it {{(pid=114035) configure /opt/stack/glance/glance/image_cache/drivers/centralized_db.py:71}}
Apr 09 14:08:27.798971 np0000164512 devstack@g-api.service[114034]: DEBUG glance.common.config [None req-23e77654-a0c8-4ea2-9ded-96721dcd4147 None None] import_filtering_opts.disallowed_ports = [] {{(pid=114034) log_opt_values /opt/stack/data/venv/lib/python3.12/site-packages/oslo_config/cfg.py:3006}}
Apr 09 14:08:27.799014 np0000164512 devstack@g-api.service[114036]: DEBUG glance.image_cache.drivers.centralized_db [None req-a66141cc-c3ae-4283-a16a-a9708d2b221e None None] Node reference is already recorded, ignoring it {{(pid=114036) configure /opt/stack/glance/glance/image_cache/drivers/centralized_db.py:71}}
Apr 09 14:08:27.799056 np0000164512 devstack@g-api.service[114034]: DEBUG glance.common.config [None req-23e77654-a0c8-4ea2-9ded-96721dcd4147 None None] import_filtering_opts.disallowed_schemes = [] {{(pid=114034) log_opt_values /opt/stack/data/venv/lib/python3.12/site-packages/oslo_config/cfg.py:3006}}
Apr 09 14:08:27.799261 np0000164512 devstack@g-api.service[114034]: DEBUG glance.common.config [None req-23e77654-a0c8-4ea2-9ded-96721dcd4147 None None] oslo_messaging_metrics.metrics_buffer_size = 1000 {{(pid=114034) log_opt_values /opt/stack/data/venv/lib/python3.12/site-packages/oslo_config/cfg.py:3006}}
Apr 09 14:08:27.799421 np0000164512 devstack@g-api.service[114034]: DEBUG glance.common.config [None req-23e77654-a0c8-4ea2-9ded-96721dcd4147 None None] oslo_messaging_metrics.metrics_enabled = False {{(pid=114034) log_opt_values /opt/stack/data/venv/lib/python3.12/site-packages/oslo_config/cfg.py:3006}}
Apr 09 14:08:27.799589 np0000164512 devstack@g-api.service[114034]: DEBUG glance.common.config [None req-23e77654-a0c8-4ea2-9ded-96721dcd4147 None None] oslo_messaging_metrics.metrics_process_name = {{(pid=114034) log_opt_values /opt/stack/data/venv/lib/python3.12/site-packages/oslo_config/cfg.py:3006}}
Apr 09 14:08:27.799754 np0000164512 devstack@g-api.service[114034]: DEBUG glance.common.config [None req-23e77654-a0c8-4ea2-9ded-96721dcd4147 None None] oslo_messaging_metrics.metrics_socket_file = /var/tmp/metrics_collector.sock {{(pid=114034) log_opt_values /opt/stack/data/venv/lib/python3.12/site-packages/oslo_config/cfg.py:3006}}
Apr 09 14:08:27.799936 np0000164512 devstack@g-api.service[114034]: DEBUG glance.common.config [None req-23e77654-a0c8-4ea2-9ded-96721dcd4147 None None] oslo_messaging_metrics.metrics_thread_stop_timeout = 10 {{(pid=114034) log_opt_values /opt/stack/data/venv/lib/python3.12/site-packages/oslo_config/cfg.py:3006}}
Apr 09 14:08:27.800176 np0000164512 devstack@g-api.service[114034]: DEBUG glance.common.config [None req-23e77654-a0c8-4ea2-9ded-96721dcd4147 None None] os_brick.lightos_discovery_client_address = localhost {{(pid=114034) log_opt_values /opt/stack/data/venv/lib/python3.12/site-packages/oslo_config/cfg.py:3006}}
Apr 09 14:08:27.800344 np0000164512 devstack@g-api.service[114034]: DEBUG glance.common.config [None req-23e77654-a0c8-4ea2-9ded-96721dcd4147 None None] os_brick.lightos_discovery_client_dir_path = /etc/discovery-client/discovery.d/ {{(pid=114034) log_opt_values /opt/stack/data/venv/lib/python3.12/site-packages/oslo_config/cfg.py:3006}}
Apr 09 14:08:27.800508 np0000164512 devstack@g-api.service[114034]: DEBUG glance.common.config [None req-23e77654-a0c8-4ea2-9ded-96721dcd4147 None None] os_brick.lightos_discovery_client_port = 6060 {{(pid=114034) log_opt_values /opt/stack/data/venv/lib/python3.12/site-packages/oslo_config/cfg.py:3006}}
Apr 09 14:08:27.800570 np0000164512 devstack@g-api.service[114033]: DEBUG glance.common.config [None req-5dc3fb36-52ce-4d14-bdb8-41413b5d6571 None None] ******************************************************************************** {{(pid=114033) log_opt_values /opt/stack/data/venv/lib/python3.12/site-packages/oslo_config/cfg.py:2979}}
Apr 09 14:08:27.800663 np0000164512 devstack@g-api.service[114033]: DEBUG glance.common.config [None req-5dc3fb36-52ce-4d14-bdb8-41413b5d6571 None None] Configuration options gathered from: {{(pid=114033) log_opt_values /opt/stack/data/venv/lib/python3.12/site-packages/oslo_config/cfg.py:2980}}
Apr 09 14:08:27.800701 np0000164512 devstack@g-api.service[114034]: DEBUG glance.common.config [None req-23e77654-a0c8-4ea2-9ded-96721dcd4147 None None] os_brick.lock_path = /opt/stack/data/os_brick {{(pid=114034) log_opt_values /opt/stack/data/venv/lib/python3.12/site-packages/oslo_config/cfg.py:3006}}
Apr 09 14:08:27.800851 np0000164512 devstack@g-api.service[114034]: DEBUG glance.common.config [None req-23e77654-a0c8-4ea2-9ded-96721dcd4147 None None] os_brick.wait_mpath_device_attempts = 4 {{(pid=114034) log_opt_values /opt/stack/data/venv/lib/python3.12/site-packages/oslo_config/cfg.py:3006}}
Apr 09 14:08:27.801010 np0000164512 devstack@g-api.service[114034]: DEBUG glance.common.config [None req-23e77654-a0c8-4ea2-9ded-96721dcd4147 None None] os_brick.wait_mpath_device_interval = 1 {{(pid=114034) log_opt_values /opt/stack/data/venv/lib/python3.12/site-packages/oslo_config/cfg.py:3006}}
Apr 09 14:08:27.801137 np0000164512 devstack@g-api.service[114033]: DEBUG glance.common.config [None req-5dc3fb36-52ce-4d14-bdb8-41413b5d6571 None None] command line args: [] {{(pid=114033) log_opt_values /opt/stack/data/venv/lib/python3.12/site-packages/oslo_config/cfg.py:2981}}
Apr 09 14:08:27.801178 np0000164512 devstack@g-api.service[114034]: DEBUG glance.common.config [None req-23e77654-a0c8-4ea2-9ded-96721dcd4147 None None] privsep_osbrick.capabilities = [21, 2] {{(pid=114034) log_opt_values /opt/stack/data/venv/lib/python3.12/site-packages/oslo_config/cfg.py:3006}}
Apr 09 14:08:27.801273 np0000164512 devstack@g-api.service[114033]: DEBUG glance.common.config [None req-5dc3fb36-52ce-4d14-bdb8-41413b5d6571 None None] config files: ['/etc/glance/glance-image-import.conf', '/etc/glance/glance-api.conf'] {{(pid=114033) log_opt_values /opt/stack/data/venv/lib/python3.12/site-packages/oslo_config/cfg.py:2982}}
Apr 09 14:08:27.801330 np0000164512 devstack@g-api.service[114034]: DEBUG glance.common.config [None req-23e77654-a0c8-4ea2-9ded-96721dcd4147 None None] privsep_osbrick.group = None {{(pid=114034) log_opt_values /opt/stack/data/venv/lib/python3.12/site-packages/oslo_config/cfg.py:3006}}
