2026-04-14 07:01:42.849 8 INFO neutron.notifiers.nova [-] Nova event matching ['req-e76431d2-3ecb-4398-a394-1f021049dcc9'] response: {'server_uuid': 'df60dd62-cd1c-403d-ab40-d1a767871711', 'name': 'network-vif-deleted', 'tag': '3409cd05-eb72-4eb3-b34d-84f5f9f9e15c', 'status': 'completed', 'code': 200}
2026-04-14 07:01:42.932 7 INFO neutron.db.l3_db [None req-9793c60d-b179-49b0-beb9-ab9589e9701b 16dad75df8ff44c989f63dcf62a40bac 74904e80d06b4485b9f589a150e0215b - - default default] Floating IP f5a9c447-1a3d-4ac2-a46d-7272b209804c disassociated (deleted). External IP: 10.96.250.213, port: e199c346-6d26-4277-923b-d2e47423fee9. [pid: 7|app: 0|req: 1999/3693] 10.0.0.178 () {32 vars in 732 bytes} [Tue Apr 14 07:01:42 2026] DELETE /v2.0/floatingips/f5a9c447-1a3d-4ac2-a46d-7272b209804c => generated 0 bytes in 401 msecs (HTTP/1.1 204) 2 headers in 112 bytes (1 switches on core 0) /var/lib/openstack/lib/python3.12/site-packages/pycadf/identifier.py:70: UserWarning: Invalid uuid: neutron. To ensure interoperability, identifiers should be a valid uuid. warnings.warn(('Invalid uuid: %s. To ensure interoperability, '
2026-04-14 07:01:43.002 7 INFO neutron.notifiers.nova [-] Nova event matching ['req-f59ecb6e-8853-402d-a94f-902bfc102dbc'] response: {'name': 'network-changed', 'server_uuid': '43141e19-3492-447b-a2d6-ac43a3bcd400', 'tag': 'e199c346-6d26-4277-923b-d2e47423fee9', 'status': 'completed', 'code': 200}
2026-04-14 07:01:43.005 8 INFO neutron.api.v2.resource [None req-5cf0401b-099d-46fd-abb5-2b618e4ff13a 16dad75df8ff44c989f63dcf62a40bac 74904e80d06b4485b9f589a150e0215b - - default default] show failed (client error): The resource could not be found. [pid: 8|app: 0|req: 1695/3694] 10.0.0.178 () {32 vars in 729 bytes} [Tue Apr 14 07:01:42 2026] GET /v2.0/floatingips/f5a9c447-1a3d-4ac2-a46d-7272b209804c => generated 144 bytes in 31 msecs (HTTP/1.1 404) 4 headers in 164 bytes (1 switches on core 0) [pid: 7|app: 0|req: 2000/3695] 10.0.0.251 () {34 vars in 990 bytes} [Tue Apr 14 07:01:43 2026] GET /v2.0/ports?device_id=43141e19-3492-447b-a2d6-ac43a3bcd400 => generated 1196 bytes in 81 msecs (HTTP/1.1 200) 4 headers in 158 bytes (1 switches on core 0) [pid: 8|app: 0|req: 1696/3696] 10.0.0.251 () {34 vars in 1040 bytes} [Tue Apr 14 07:01:43 2026] GET /v2.0/security-groups?id=8f512d23-6624-4a3c-badd-d3bf8b2bd853&fields=id&fields=name => generated 111 bytes in 36 msecs (HTTP/1.1 200) 4 headers in 157 bytes (1 switches on core 0) [pid: 7|app: 0|req: 2001/3697] 199.204.45.69 () {34 vars in 1079 bytes} [Tue Apr 14 07:01:43 2026] GET /v2.0/ports?tenant_id=74904e80d06b4485b9f589a150e0215b&device_id=43141e19-3492-447b-a2d6-ac43a3bcd400 => generated 1434 bytes in 37 msecs (HTTP/1.1 200) 4 headers in 158 bytes (1 switches on core 0) [pid: 8|app: 0|req: 1697/3698] 199.204.45.69 () {34 vars in 985 bytes} [Tue Apr 14 07:01:43 2026] GET /v2.0/networks?id=861516fb-2b38-4e9d-8222-e6211297bbe9 => generated 841 bytes in 45 msecs (HTTP/1.1 200) 4 headers in 157 bytes (1 switches on core 0) [pid: 7|app: 0|req: 2002/3699] 199.204.45.69 () {34 vars in 1055 bytes} [Tue Apr 14 07:01:43 2026] GET /v2.0/floatingips?fixed_ip_address=10.2.2.51&port_id=e199c346-6d26-4277-923b-d2e47423fee9 => generated 19 bytes in 22 msecs (HTTP/1.1 200) 4 headers in 156 bytes (1 switches on core 0) [pid: 8|app: 0|req: 1698/3700] 199.204.45.69 () {34 vars in 1103 bytes} [Tue Apr 14 07:01:43 2026] GET /v2.0/floatingips?fixed_ip_address=fd77%3A1457%3A4cf0%3A26a8%3A%3A8a&port_id=e199c346-6d26-4277-923b-d2e47423fee9 => generated 19 bytes in 22 msecs (HTTP/1.1 200) 4 headers in 156 bytes (1 switches on core 0) [pid: 7|app: 0|req: 2003/3701] 199.204.45.69 () {34 vars in 1063 bytes} [Tue Apr 14 07:01:43 2026] GET /v2.0/subnets?id=3cc97253-762c-4ce9-a949-f736c1d527d4&id=7253da9c-a243-4432-9231-f67ffb258c11 => generated 1411 bytes in 24 msecs (HTTP/1.1 200) 4 headers in 158 bytes (1 switches on core 0) [pid: 8|app: 0|req: 1699/3702] 199.204.45.69 () {34 vars in 1051 bytes} [Tue Apr 14 07:01:43 2026] GET /v2.0/ports?network_id=861516fb-2b38-4e9d-8222-e6211297bbe9&device_owner=network%3Adhcp => generated 12 bytes in 23 msecs (HTTP/1.1 200) 4 headers in 156 bytes (1 switches on core 0) [pid: 7|app: 0|req: 2004/3703] 199.204.45.69 () {34 vars in 1051 bytes} [Tue Apr 14 07:01:43 2026] GET /v2.0/ports?network_id=861516fb-2b38-4e9d-8222-e6211297bbe9&device_owner=network%3Adhcp => generated 12 bytes in 21 msecs (HTTP/1.1 200) 4 headers in 156 bytes (1 switches on core 0) [pid: 8|app: 0|req: 1700/3704] 199.204.45.69 () {34 vars in 1011 bytes} [Tue Apr 14 07:01:43 2026] GET /v2.0/networks/861516fb-2b38-4e9d-8222-e6211297bbe9?fields=segments => generated 14 bytes in 51 msecs (HTTP/1.1 200) 4 headers in 156 bytes (1 switches on core 0) [pid: 7|app: 0|req: 2005/3705] 199.204.45.69 () {34 vars in 1111 bytes} [Tue Apr 14 07:01:43 2026] GET /v2.0/networks/861516fb-2b38-4e9d-8222-e6211297bbe9?fields=provider%3Aphysical_network&fields=provider%3Anetwork_type => generated 79 bytes in 57 msecs (HTTP/1.1 200) 4 headers in 156 bytes (1 switches on core 0)
2026-04-14 07:01:44.256 8 INFO neutron.plugins.ml2.drivers.ovn.mech_driver.mech_driver [None req-29ba57a2-573e-44e7-b66f-7d7569a62735 - - - - - -] OVN reports status down for port: e199c346-6d26-4277-923b-d2e47423fee9
2026-04-14 07:01:44.580 8 INFO neutron.db.ovn_revision_numbers_db [None req-29ba57a2-573e-44e7-b66f-7d7569a62735 - - - - - -] Successfully bumped revision number for resource e199c346-6d26-4277-923b-d2e47423fee9 (type: ports) to 6
2026-04-14 07:01:44.885 8 INFO neutron.notifiers.nova [-] Nova event matching ['req-b508ffcb-bfb2-4972-b627-1c8e12a18ddf'] response: {'server_uuid': '43141e19-3492-447b-a2d6-ac43a3bcd400', 'name': 'network-vif-unplugged', 'status': 'completed', 'tag': 'e199c346-6d26-4277-923b-d2e47423fee9', 'code': 200}
2026-04-14 07:01:44.885 8 INFO neutron.notifiers.nova [-] Nova event matching ['req-b508ffcb-bfb2-4972-b627-1c8e12a18ddf'] response: {'server_uuid': '43141e19-3492-447b-a2d6-ac43a3bcd400', 'name': 'network-vif-unplugged', 'status': 'completed', 'tag': 'e199c346-6d26-4277-923b-d2e47423fee9', 'code': 200} /var/lib/openstack/lib/python3.12/site-packages/pycadf/identifier.py:70: UserWarning: Invalid uuid: neutron. To ensure interoperability, identifiers should be a valid uuid. warnings.warn(('Invalid uuid: %s. To ensure interoperability, ' [pid: 8|app: 0|req: 1701/3706] 199.204.45.69 () {34 vars in 993 bytes} [Tue Apr 14 07:01:45 2026] GET /v2.0/ports?device_id=43141e19-3492-447b-a2d6-ac43a3bcd400 => generated 1194 bytes in 96 msecs (HTTP/1.1 200) 4 headers in 158 bytes (1 switches on core 0)
2026-04-14 07:01:45.617 7 INFO neutron_taas.services.taas.taas_plugin [req-182b77d9-cb82-4215-9742-3f6546a4636a req-21a50b2a-6066-4cb9-b121-94fbee22096b 16dad75df8ff44c989f63dcf62a40bac 74904e80d06b4485b9f589a150e0215b - - default default] TaaS: Handle Delete Port: e199c346-6d26-4277-923b-d2e47423fee9
2026-04-14 07:01:45.620 7 INFO neutron_taas.services.taas.tap_mirror_plugin [req-182b77d9-cb82-4215-9742-3f6546a4636a req-21a50b2a-6066-4cb9-b121-94fbee22096b 16dad75df8ff44c989f63dcf62a40bac 74904e80d06b4485b9f589a150e0215b - - default default] Tap Mirror: Handle Delete Port: e199c346-6d26-4277-923b-d2e47423fee9 [pid: 7|app: 0|req: 2006/3707] 199.204.45.69 () {36 vars in 996 bytes} [Tue Apr 14 07:01:45 2026] DELETE /v2.0/ports/e199c346-6d26-4277-923b-d2e47423fee9 => generated 0 bytes in 253 msecs (HTTP/1.1 204) 3 headers in 131 bytes (1 switches on core 0)
2026-04-14 07:01:45.803 7 INFO neutron.notifiers.nova [-] Nova event matching ['req-5cacc370-7918-4d61-9cce-63136c0d3508'] response: {'server_uuid': '43141e19-3492-447b-a2d6-ac43a3bcd400', 'name': 'network-vif-deleted', 'tag': 'e199c346-6d26-4277-923b-d2e47423fee9', 'status': 'completed', 'code': 200} [pid: 8|app: 0|req: 1703/3710] 10.0.0.251 () {34 vars in 990 bytes} [Tue Apr 14 07:01:48 2026] GET /v2.0/ports?device_id=43141e19-3492-447b-a2d6-ac43a3bcd400 => generated 12 bytes in 34 msecs (HTTP/1.1 200) 4 headers in 156 bytes (1 switches on core 0)
2026-04-14 07:01:53.615 7 INFO neutron_taas.services.taas.taas_plugin [None req-00be83f8-ab2d-42e6-b5bf-22671311c18e 16dad75df8ff44c989f63dcf62a40bac 74904e80d06b4485b9f589a150e0215b - - default default] TaaS: Handle Delete Port: b6f27633-5b3d-4add-9edd-6a675a406cab
2026-04-14 07:01:53.618 7 INFO neutron_taas.services.taas.tap_mirror_plugin [None req-00be83f8-ab2d-42e6-b5bf-22671311c18e 16dad75df8ff44c989f63dcf62a40bac 74904e80d06b4485b9f589a150e0215b - - default default] Tap Mirror: Handle Delete Port: b6f27633-5b3d-4add-9edd-6a675a406cab
2026-04-14 07:01:53.835 7 INFO neutron.db.l3_db [None req-00be83f8-ab2d-42e6-b5bf-22671311c18e 16dad75df8ff44c989f63dcf62a40bac 74904e80d06b4485b9f589a150e0215b - - default default] Floating IP 2c71b61f-e6d3-49dd-92ca-4c607f99c42b disassociated (deleted). External IP: 10.96.250.208, port: 1fc34b57-a0dd-4cf5-ab3e-bd1fcd49bd63. [pid: 7|app: 0|req: 2008/3711] 10.0.0.178 () {32 vars in 732 bytes} [Tue Apr 14 07:01:53 2026] DELETE /v2.0/floatingips/2c71b61f-e6d3-49dd-92ca-4c607f99c42b => generated 0 bytes in 397 msecs (HTTP/1.1 204) 2 headers in 112 bytes (1 switches on core 0) /var/lib/openstack/lib/python3.12/site-packages/pycadf/identifier.py:70: UserWarning: Invalid uuid: neutron. To ensure interoperability, identifiers should be a valid uuid. warnings.warn(('Invalid uuid: %s. To ensure interoperability, '
2026-04-14 07:01:53.900 8 INFO neutron.api.v2.resource [None req-09587583-0b23-4501-8251-908253f4c89b 16dad75df8ff44c989f63dcf62a40bac 74904e80d06b4485b9f589a150e0215b - - default default] show failed (client error): The resource could not be found. [pid: 8|app: 0|req: 1704/3712] 10.0.0.178 () {32 vars in 729 bytes} [Tue Apr 14 07:01:53 2026] GET /v2.0/floatingips/2c71b61f-e6d3-49dd-92ca-4c607f99c42b => generated 144 bytes in 29 msecs (HTTP/1.1 404) 4 headers in 164 bytes (1 switches on core 0)
2026-04-14 07:01:53.907 7 INFO neutron.notifiers.nova [-] Nova event matching ['req-386a21bb-b305-44b3-a636-976a7269a98d'] response: {'name': 'network-changed', 'server_uuid': '4948d513-b5ff-42df-9610-b310162286ba', 'tag': '1fc34b57-a0dd-4cf5-ab3e-bd1fcd49bd63', 'status': 'completed', 'code': 200} [pid: 7|app: 0|req: 2009/3713] 10.0.0.251 () {34 vars in 990 bytes} [Tue Apr 14 07:01:54 2026] GET /v2.0/ports?device_id=4948d513-b5ff-42df-9610-b310162286ba => generated 1200 bytes in 69 msecs (HTTP/1.1 200) 4 headers in 158 bytes (1 switches on core 0) [pid: 8|app: 0|req: 1705/3714] 10.0.0.251 () {34 vars in 1040 bytes} [Tue Apr 14 07:01:54 2026] GET /v2.0/security-groups?id=8f512d23-6624-4a3c-badd-d3bf8b2bd853&fields=id&fields=name => generated 111 bytes in 41 msecs (HTTP/1.1 200) 4 headers in 157 bytes (1 switches on core 0) [pid: 7|app: 0|req: 2010/3715] 199.204.45.69 () {34 vars in 1079 bytes} [Tue Apr 14 07:01:54 2026] GET /v2.0/ports?tenant_id=74904e80d06b4485b9f589a150e0215b&device_id=4948d513-b5ff-42df-9610-b310162286ba => generated 1438 bytes in 33 msecs (HTTP/1.1 200) 4 headers in 158 bytes (1 switches on core 0) [pid: 8|app: 0|req: 1706/3716] 199.204.45.69 () {34 vars in 985 bytes} [Tue Apr 14 07:01:54 2026] GET /v2.0/networks?id=0e2e7e00-938e-42e0-9e7b-edd07fd8555a => generated 839 bytes in 45 msecs (HTTP/1.1 200) 4 headers in 157 bytes (1 switches on core 0) [pid: 7|app: 0|req: 2011/3717] 199.204.45.69 () {34 vars in 1057 bytes} [Tue Apr 14 07:01:54 2026] GET /v2.0/floatingips?fixed_ip_address=10.2.1.198&port_id=1fc34b57-a0dd-4cf5-ab3e-bd1fcd49bd63 => generated 19 bytes in 19 msecs (HTTP/1.1 200) 4 headers in 156 bytes (1 switches on core 0) [pid: 8|app: 0|req: 1707/3718] 199.204.45.69 () {34 vars in 1103 bytes} [Tue Apr 14 07:01:54 2026] GET /v2.0/floatingips?fixed_ip_address=fd7b%3Af9f7%3Afff%3A4eca%3A%3A192&port_id=1fc34b57-a0dd-4cf5-ab3e-bd1fcd49bd63 => generated 19 bytes in 18 msecs (HTTP/1.1 200) 4 headers in 156 bytes (1 switches on core 0) [pid: 7|app: 0|req: 2012/3719] 199.204.45.69 () {34 vars in 1063 bytes} [Tue Apr 14 07:01:54 2026] GET /v2.0/subnets?id=9eedc31e-23d4-4522-a8f8-cdda6997265f&id=9ee6f05a-2e45-4b6f-891c-9051ec886ab5 => generated 1410 bytes in 37 msecs (HTTP/1.1 200) 4 headers in 158 bytes (1 switches on core 0) [pid: 8|app: 0|req: 1708/3720] 199.204.45.69 () {34 vars in 1051 bytes} [Tue Apr 14 07:01:54 2026] GET /v2.0/ports?network_id=0e2e7e00-938e-42e0-9e7b-edd07fd8555a&device_owner=network%3Adhcp => generated 12 bytes in 33 msecs (HTTP/1.1 200) 4 headers in 156 bytes (1 switches on core 0) [pid: 7|app: 0|req: 2013/3721] 199.204.45.69 () {34 vars in 1051 bytes} [Tue Apr 14 07:01:54 2026] GET /v2.0/ports?network_id=0e2e7e00-938e-42e0-9e7b-edd07fd8555a&device_owner=network%3Adhcp => generated 12 bytes in 20 msecs (HTTP/1.1 200) 4 headers in 156 bytes (1 switches on core 0) [pid: 8|app: 0|req: 1709/3722] 199.204.45.69 () {34 vars in 1011 bytes} [Tue Apr 14 07:01:54 2026] GET /v2.0/networks/0e2e7e00-938e-42e0-9e7b-edd07fd8555a?fields=segments => generated 14 bytes in 34 msecs (HTTP/1.1 200) 4 headers in 156 bytes (1 switches on core 0) [pid: 7|app: 0|req: 2014/3723] 199.204.45.69 () {34 vars in 1111 bytes} [Tue Apr 14 07:01:54 2026] GET /v2.0/networks/0e2e7e00-938e-42e0-9e7b-edd07fd8555a?fields=provider%3Aphysical_network&fields=provider%3Anetwork_type => generated 79 bytes in 41 msecs (HTTP/1.1 200) 4 headers in 156 bytes (1 switches on core 0)
2026-04-14 07:01:55.106 8 INFO neutron.plugins.ml2.drivers.ovn.mech_driver.mech_driver [None req-03ac14f4-25de-45f2-8159-33de9d3f7c70 - - - - - -] OVN reports status down for port: 1fc34b57-a0dd-4cf5-ab3e-bd1fcd49bd63
2026-04-14 07:01:55.237 8 INFO neutron.notifiers.nova [-] Nova event matching ['req-82f36a08-0551-465c-b1bf-8a568fb6d74f'] response: {'server_uuid': '4948d513-b5ff-42df-9610-b310162286ba', 'name': 'network-vif-unplugged', 'status': 'completed', 'tag': '1fc34b57-a0dd-4cf5-ab3e-bd1fcd49bd63', 'code': 200}
2026-04-14 07:01:55.369 8 INFO neutron.db.ovn_revision_numbers_db [None req-03ac14f4-25de-45f2-8159-33de9d3f7c70 - - - - - -] Successfully bumped revision number for resource 1fc34b57-a0dd-4cf5-ab3e-bd1fcd49bd63 (type: ports) to 6 /var/lib/openstack/lib/python3.12/site-packages/pycadf/identifier.py:70: UserWarning: Invalid uuid: neutron. To ensure interoperability, identifiers should be a valid uuid. warnings.warn(('Invalid uuid: %s. To ensure interoperability, ' [pid: 8|app: 0|req: 1710/3724] 199.204.45.69 () {34 vars in 993 bytes} [Tue Apr 14 07:01:56 2026] GET /v2.0/ports?device_id=4948d513-b5ff-42df-9610-b310162286ba => generated 1198 bytes in 72 msecs (HTTP/1.1 200) 4 headers in 158 bytes (1 switches on core 0)
2026-04-14 07:01:56.473 7 INFO neutron_taas.services.taas.taas_plugin [req-8d585312-1a20-4ddb-80b0-4390bdb3970d req-99b2f1ce-1ddd-4f76-8832-d7d0db5c33c0 16dad75df8ff44c989f63dcf62a40bac 74904e80d06b4485b9f589a150e0215b - - default default] TaaS: Handle Delete Port: 1fc34b57-a0dd-4cf5-ab3e-bd1fcd49bd63
2026-04-14 07:01:56.475 7 INFO neutron_taas.services.taas.tap_mirror_plugin [req-8d585312-1a20-4ddb-80b0-4390bdb3970d req-99b2f1ce-1ddd-4f76-8832-d7d0db5c33c0 16dad75df8ff44c989f63dcf62a40bac 74904e80d06b4485b9f589a150e0215b - - default default] Tap Mirror: Handle Delete Port: 1fc34b57-a0dd-4cf5-ab3e-bd1fcd49bd63 [pid: 7|app: 0|req: 2015/3725] 199.204.45.69 () {36 vars in 996 bytes} [Tue Apr 14 07:01:56 2026] DELETE /v2.0/ports/1fc34b57-a0dd-4cf5-ab3e-bd1fcd49bd63 => generated 0 bytes in 301 msecs (HTTP/1.1 204) 3 headers in 131 bytes (1 switches on core 0)
2026-04-14 07:01:56.683 7 INFO neutron.notifiers.nova [-] Nova event matching ['req-cb380986-1be3-4c62-9590-f19ac3c5713c'] response: {'server_uuid': '4948d513-b5ff-42df-9610-b310162286ba', 'name': 'network-vif-deleted', 'tag': '1fc34b57-a0dd-4cf5-ab3e-bd1fcd49bd63', 'status': 'completed', 'code': 200}
2026-04-14 07:01:57.271 8 INFO neutron.notifiers.nova [-] Nova event matching ['req-7b6507f3-14ff-41cf-852f-f88578c71497'] response: {'server_uuid': '4948d513-b5ff-42df-9610-b310162286ba', 'name': 'network-vif-unplugged', 'status': 'completed', 'tag': '1fc34b57-a0dd-4cf5-ab3e-bd1fcd49bd63', 'code': 200} [pid: 8|app: 0|req: 1711/3726] 10.0.0.251 () {34 vars in 990 bytes} [Tue Apr 14 07:01:59 2026] GET /v2.0/ports?device_id=4948d513-b5ff-42df-9610-b310162286ba => generated 12 bytes in 24 msecs (HTTP/1.1 200) 4 headers in 156 bytes (1 switches on core 0) [pid: 7|app: 0|req: 2017/3729] 10.0.0.178 () {32 vars in 750 bytes} [Tue Apr 14 07:02:04 2026] DELETE /v2.0/security-group-rules/c41dfed8-2dae-417f-bfc9-4c3899061996 => generated 0 bytes in 153 msecs (HTTP/1.1 204) 2 headers in 112 bytes (1 switches on core 0)
2026-04-14 07:02:04.497 8 INFO neutron.api.v2.resource [None req-529825ee-7760-446b-bd93-31bdc165d66c 16dad75df8ff44c989f63dcf62a40bac 74904e80d06b4485b9f589a150e0215b - - default default] show failed (client error): The resource could not be found. [pid: 8|app: 0|req: 1713/3730] 10.0.0.178 () {32 vars in 747 bytes} [Tue Apr 14 07:02:04 2026] GET /v2.0/security-group-rules/c41dfed8-2dae-417f-bfc9-4c3899061996 => generated 155 bytes in 13 msecs (HTTP/1.1 404) 4 headers in 164 bytes (1 switches on core 0) [pid: 7|app: 0|req: 2018/3731] 10.0.0.178 () {32 vars in 750 bytes} [Tue Apr 14 07:02:04 2026] DELETE /v2.0/security-group-rules/a63f0ad1-f604-48e1-9dc7-2cf79931ce3f => generated 0 bytes in 154 msecs (HTTP/1.1 204) 2 headers in 112 bytes (1 switches on core 0)
2026-04-14 07:02:04.673 8 INFO neutron.api.v2.resource [None req-c92c914b-da8f-4497-9c0c-1b425ab14422 16dad75df8ff44c989f63dcf62a40bac 74904e80d06b4485b9f589a150e0215b - - default default] show failed (client error): The resource could not be found. [pid: 8|app: 0|req: 1714/3732] 10.0.0.178 () {32 vars in 747 bytes} [Tue Apr 14 07:02:04 2026] GET /v2.0/security-group-rules/a63f0ad1-f604-48e1-9dc7-2cf79931ce3f => generated 155 bytes in 13 msecs (HTTP/1.1 404) 4 headers in 164 bytes (1 switches on core 0) [pid: 7|app: 0|req: 2019/3733] 10.0.0.178 () {32 vars in 750 bytes} [Tue Apr 14 07:02:04 2026] DELETE /v2.0/security-group-rules/1837865c-1ebc-4920-9cd7-689f3a931ed6 => generated 0 bytes in 140 msecs (HTTP/1.1 204) 2 headers in 112 bytes (1 switches on core 0)
2026-04-14 07:02:04.832 8 INFO neutron.api.v2.resource [None req-a7f81e6e-1a1e-4242-a2c7-5884fbcbefdf 16dad75df8ff44c989f63dcf62a40bac 74904e80d06b4485b9f589a150e0215b - - default default] show failed (client error): The resource could not be found. [pid: 8|app: 0|req: 1715/3734] 10.0.0.178 () {32 vars in 747 bytes} [Tue Apr 14 07:02:04 2026] GET /v2.0/security-group-rules/1837865c-1ebc-4920-9cd7-689f3a931ed6 => generated 155 bytes in 10 msecs (HTTP/1.1 404) 4 headers in 164 bytes (1 switches on core 0) [pid: 7|app: 0|req: 2020/3735] 10.0.0.178 () {32 vars in 750 bytes} [Tue Apr 14 07:02:04 2026] DELETE /v2.0/security-group-rules/2a0d39a3-694a-49ee-99b1-08bd3451607b => generated 0 bytes in 134 msecs (HTTP/1.1 204) 2 headers in 112 bytes (1 switches on core 0)
2026-04-14 07:02:04.984 8 INFO neutron.api.v2.resource [None req-2d16366b-f4f0-432a-921f-bcce805e336b 16dad75df8ff44c989f63dcf62a40bac 74904e80d06b4485b9f589a150e0215b - - default default] show failed (client error): The resource could not be found. [pid: 8|app: 0|req: 1716/3736] 10.0.0.178 () {32 vars in 747 bytes} [Tue Apr 14 07:02:04 2026] GET /v2.0/security-group-rules/2a0d39a3-694a-49ee-99b1-08bd3451607b => generated 155 bytes in 10 msecs (HTTP/1.1 404) 4 headers in 164 bytes (1 switches on core 0) [pid: 7|app: 0|req: 2021/3737] 10.0.0.178 () {32 vars in 750 bytes} [Tue Apr 14 07:02:04 2026] DELETE /v2.0/security-group-rules/18c79fe6-3c35-4be2-ac09-2c34122de7f5 => generated 0 bytes in 127 msecs (HTTP/1.1 204) 2 headers in 112 bytes (1 switches on core 0)
2026-04-14 07:02:05.136 8 INFO neutron.api.v2.resource [None req-e9ad9610-3801-4fcd-bcdd-8c68c1ff8641 16dad75df8ff44c989f63dcf62a40bac 74904e80d06b4485b9f589a150e0215b - - default default] show failed (client error): The resource could not be found. [pid: 8|app: 0|req: 1717/3738] 10.0.0.178 () {32 vars in 747 bytes} [Tue Apr 14 07:02:05 2026] GET /v2.0/security-group-rules/18c79fe6-3c35-4be2-ac09-2c34122de7f5 => generated 155 bytes in 16 msecs (HTTP/1.1 404) 4 headers in 164 bytes (1 switches on core 0) [pid: 7|app: 0|req: 2022/3739] 10.0.0.178 () {32 vars in 750 bytes} [Tue Apr 14 07:02:05 2026] DELETE /v2.0/security-group-rules/d45c632f-654c-4660-af39-2ee5f282d3e5 => generated 0 bytes in 137 msecs (HTTP/1.1 204) 2 headers in 112 bytes (1 switches on core 0)
2026-04-14 07:02:05.293 8 INFO neutron.api.v2.resource [None req-a5eb6937-02c0-40b9-8070-1783794a92bf 16dad75df8ff44c989f63dcf62a40bac 74904e80d06b4485b9f589a150e0215b - - default default] show failed (client error): The resource could not be found. [pid: 8|app: 0|req: 1718/3740] 10.0.0.178 () {32 vars in 747 bytes} [Tue Apr 14 07:02:05 2026] GET /v2.0/security-group-rules/d45c632f-654c-4660-af39-2ee5f282d3e5 => generated 155 bytes in 11 msecs (HTTP/1.1 404) 4 headers in 164 bytes (1 switches on core 0) [pid: 7|app: 0|req: 2023/3741] 10.0.0.178 () {32 vars in 750 bytes} [Tue Apr 14 07:02:05 2026] DELETE /v2.0/security-group-rules/6bdbb4ed-2299-46d1-99e8-a092b5c101fd => generated 0 bytes in 134 msecs (HTTP/1.1 204) 2 headers in 112 bytes (1 switches on core 0)
2026-04-14 07:02:05.445 8 INFO neutron.api.v2.resource [None req-92a2c6dd-3f5a-4031-aa81-3c0586d772ee 16dad75df8ff44c989f63dcf62a40bac 74904e80d06b4485b9f589a150e0215b - - default default] show failed (client error): The resource could not be found. [pid: 8|app: 0|req: 1719/3742] 10.0.0.178 () {32 vars in 747 bytes} [Tue Apr 14 07:02:05 2026] GET /v2.0/security-group-rules/6bdbb4ed-2299-46d1-99e8-a092b5c101fd => generated 155 bytes in 11 msecs (HTTP/1.1 404) 4 headers in 164 bytes (1 switches on core 0) [pid: 7|app: 0|req: 2024/3743] 10.0.0.178 () {32 vars in 750 bytes} [Tue Apr 14 07:02:05 2026] DELETE /v2.0/security-group-rules/28fd4d0c-aea2-47cd-afb6-40b0da4f1048 => generated 0 bytes in 112 msecs (HTTP/1.1 204) 2 headers in 112 bytes (1 switches on core 0)
2026-04-14 07:02:05.578 8 INFO neutron.api.v2.resource [None req-a77ddf40-4d74-4870-b66f-76d82d9f752d 16dad75df8ff44c989f63dcf62a40bac 74904e80d06b4485b9f589a150e0215b - - default default] show failed (client error): The resource could not be found. [pid: 8|app: 0|req: 1720/3744] 10.0.0.178 () {32 vars in 747 bytes} [Tue Apr 14 07:02:05 2026] GET /v2.0/security-group-rules/28fd4d0c-aea2-47cd-afb6-40b0da4f1048 => generated 155 bytes in 15 msecs (HTTP/1.1 404) 4 headers in 164 bytes (1 switches on core 0) [pid: 7|app: 0|req: 2025/3745] 10.0.0.178 () {32 vars in 750 bytes} [Tue Apr 14 07:02:05 2026] DELETE /v2.0/security-group-rules/e48f5457-356f-4fa7-b48f-75657f29108c => generated 0 bytes in 117 msecs (HTTP/1.1 204) 2 headers in 112 bytes (1 switches on core 0)
2026-04-14 07:02:05.716 8 INFO neutron.api.v2.resource [None req-85559c60-0972-4ef0-809e-95366c0a962c 16dad75df8ff44c989f63dcf62a40bac 74904e80d06b4485b9f589a150e0215b - - default default] show failed (client error): The resource could not be found. [pid: 8|app: 0|req: 1721/3746] 10.0.0.178 () {32 vars in 747 bytes} [Tue Apr 14 07:02:05 2026] GET /v2.0/security-group-rules/e48f5457-356f-4fa7-b48f-75657f29108c => generated 155 bytes in 13 msecs (HTTP/1.1 404) 4 headers in 164 bytes (1 switches on core 0) [pid: 7|app: 0|req: 2026/3747] 10.0.0.178 () {32 vars in 750 bytes} [Tue Apr 14 07:02:05 2026] DELETE /v2.0/security-group-rules/3442f45c-8a0b-4f5b-9c37-f5dac633c20d => generated 0 bytes in 126 msecs (HTTP/1.1 204) 2 headers in 112 bytes (1 switches on core 0)
2026-04-14 07:02:05.864 8 INFO neutron.api.v2.resource [None req-89a6947e-eee2-4074-a59d-0c9e6a265679 16dad75df8ff44c989f63dcf62a40bac 74904e80d06b4485b9f589a150e0215b - - default default] show failed (client error): The resource could not be found. [pid: 8|app: 0|req: 1722/3748] 10.0.0.178 () {32 vars in 747 bytes} [Tue Apr 14 07:02:05 2026] GET /v2.0/security-group-rules/3442f45c-8a0b-4f5b-9c37-f5dac633c20d => generated 155 bytes in 13 msecs (HTTP/1.1 404) 4 headers in 164 bytes (1 switches on core 0) [pid: 7|app: 0|req: 2027/3749] 10.0.0.178 () {32 vars in 750 bytes} [Tue Apr 14 07:02:05 2026] DELETE /v2.0/security-group-rules/e26326b9-7a12-43bc-b0f6-6dfe03a39b77 => generated 0 bytes in 139 msecs (HTTP/1.1 204) 2 headers in 112 bytes (1 switches on core 0)
2026-04-14 07:02:06.024 8 INFO neutron.api.v2.resource [None req-048da140-7580-4a4c-b88f-8ffbc0ecad74 16dad75df8ff44c989f63dcf62a40bac 74904e80d06b4485b9f589a150e0215b - - default default] show failed (client error): The resource could not be found. [pid: 8|app: 0|req: 1723/3750] 10.0.0.178 () {32 vars in 747 bytes} [Tue Apr 14 07:02:06 2026] GET /v2.0/security-group-rules/e26326b9-7a12-43bc-b0f6-6dfe03a39b77 => generated 155 bytes in 10 msecs (HTTP/1.1 404) 4 headers in 164 bytes (1 switches on core 0) [pid: 7|app: 0|req: 2028/3751] 10.0.0.178 () {32 vars in 740 bytes} [Tue Apr 14 07:02:06 2026] DELETE /v2.0/security-groups/8f512d23-6624-4a3c-badd-d3bf8b2bd853 => generated 0 bytes in 155 msecs (HTTP/1.1 204) 2 headers in 112 bytes (1 switches on core 0)
2026-04-14 07:02:06.205 8 INFO neutron.api.v2.resource [None req-55ebd340-15d3-46ef-9cc9-32fa5e8afdc8 16dad75df8ff44c989f63dcf62a40bac 74904e80d06b4485b9f589a150e0215b - - default default] show failed (client error): The resource could not be found. [pid: 8|app: 0|req: 1724/3752] 10.0.0.178 () {32 vars in 737 bytes} [Tue Apr 14 07:02:06 2026] GET /v2.0/security-groups/8f512d23-6624-4a3c-badd-d3bf8b2bd853 => generated 146 bytes in 17 msecs (HTTP/1.1 404) 4 headers in 164 bytes (1 switches on core 0)
2026-04-14 07:02:06.504 7 INFO neutron_taas.services.taas.taas_plugin [None req-536fd5fc-736a-44c3-a276-c312c7bc3b0f 16dad75df8ff44c989f63dcf62a40bac 74904e80d06b4485b9f589a150e0215b - - default default] TaaS: Handle Delete Port: c5faeb78-6226-446b-ac65-ba7e93655c8e
2026-04-14 07:02:06.507 7 INFO neutron_taas.services.taas.tap_mirror_plugin [None req-536fd5fc-736a-44c3-a276-c312c7bc3b0f 16dad75df8ff44c989f63dcf62a40bac 74904e80d06b4485b9f589a150e0215b - - default default] Tap Mirror: Handle Delete Port: c5faeb78-6226-446b-ac65-ba7e93655c8e [pid: 7|app: 0|req: 2029/3753] 10.0.0.178 () {34 vars in 789 bytes} [Tue Apr 14 07:02:06 2026] PUT /v2.0/routers/123236fc-5cb8-4cd4-ade9-84fc6c80d58f/remove_router_interface => generated 309 bytes in 790 msecs (HTTP/1.1 200) 4 headers in 157 bytes (1 switches on core 0)
2026-04-14 07:02:07.159 8 INFO neutron.api.v2.resource [None req-01da1bc0-6063-4d5a-9efb-dcb30e34b58e 16dad75df8ff44c989f63dcf62a40bac 74904e80d06b4485b9f589a150e0215b - - default default] remove_router_interface failed (client error): The resource could not be found. [pid: 8|app: 0|req: 1725/3754] 10.0.0.178 () {34 vars in 789 bytes} [Tue Apr 14 07:02:07 2026] PUT /v2.0/routers/123236fc-5cb8-4cd4-ade9-84fc6c80d58f/remove_router_interface => generated 198 bytes in 109 msecs (HTTP/1.1 404) 4 headers in 164 bytes (1 switches on core 0) /var/lib/openstack/lib/python3.12/site-packages/pycadf/identifier.py:70: UserWarning: Invalid uuid: neutron. To ensure interoperability, identifiers should be a valid uuid. warnings.warn(('Invalid uuid: %s. To ensure interoperability, '
2026-04-14 07:02:07.470 7 INFO neutron_taas.services.taas.taas_plugin [None req-216f87c2-b399-4e1e-937b-273b0f56b409 16dad75df8ff44c989f63dcf62a40bac 74904e80d06b4485b9f589a150e0215b - - default default] TaaS: Handle Delete Port: 2b73b495-ea48-4845-9891-30b17a2742a3
2026-04-14 07:02:07.473 7 INFO neutron_taas.services.taas.tap_mirror_plugin [None req-216f87c2-b399-4e1e-937b-273b0f56b409 16dad75df8ff44c989f63dcf62a40bac 74904e80d06b4485b9f589a150e0215b - - default default] Tap Mirror: Handle Delete Port: 2b73b495-ea48-4845-9891-30b17a2742a3 [pid: 7|app: 0|req: 2030/3755] 10.0.0.178 () {34 vars in 789 bytes} [Tue Apr 14 07:02:07 2026] PUT /v2.0/routers/123236fc-5cb8-4cd4-ade9-84fc6c80d58f/remove_router_interface => generated 309 bytes in 961 msecs (HTTP/1.1 200) 4 headers in 157 bytes (1 switches on core 0)
2026-04-14 07:02:08.233 8 INFO neutron.api.v2.resource [None req-eaa4e6bc-6507-4b39-9003-1e530dd5c9c4 16dad75df8ff44c989f63dcf62a40bac 74904e80d06b4485b9f589a150e0215b - - default default] remove_router_interface failed (client error): The resource could not be found. [pid: 8|app: 0|req: 1726/3756] 10.0.0.178 () {34 vars in 789 bytes} [Tue Apr 14 07:02:08 2026] PUT /v2.0/routers/123236fc-5cb8-4cd4-ade9-84fc6c80d58f/remove_router_interface => generated 198 bytes in 106 msecs (HTTP/1.1 404) 4 headers in 164 bytes (1 switches on core 0) /var/lib/openstack/lib/python3.12/site-packages/pycadf/identifier.py:70: UserWarning: Invalid uuid: neutron. To ensure interoperability, identifiers should be a valid uuid. warnings.warn(('Invalid uuid: %s. To ensure interoperability, '
2026-04-14 07:02:08.500 7 INFO neutron_taas.services.taas.taas_plugin [None req-42565aa8-7f91-49ec-a205-8fe9ee6c6581 16dad75df8ff44c989f63dcf62a40bac 74904e80d06b4485b9f589a150e0215b - - default default] TaaS: Handle Delete Port: ae451b6b-d829-443b-9ef2-2fc40b60b956
2026-04-14 07:02:08.504 7 INFO neutron_taas.services.taas.tap_mirror_plugin [None req-42565aa8-7f91-49ec-a205-8fe9ee6c6581 16dad75df8ff44c989f63dcf62a40bac 74904e80d06b4485b9f589a150e0215b - - default default] Tap Mirror: Handle Delete Port: ae451b6b-d829-443b-9ef2-2fc40b60b956 [pid: 7|app: 0|req: 2031/3757] 10.0.0.178 () {34 vars in 789 bytes} [Tue Apr 14 07:02:08 2026] PUT /v2.0/routers/123236fc-5cb8-4cd4-ade9-84fc6c80d58f/remove_router_interface => generated 309 bytes in 844 msecs (HTTP/1.1 200) 4 headers in 157 bytes (1 switches on core 0)
2026-04-14 07:02:09.187 8 INFO neutron.api.v2.resource [None req-f3e056e1-25dd-4a59-aea2-d2a5a9ffeece 16dad75df8ff44c989f63dcf62a40bac 74904e80d06b4485b9f589a150e0215b - - default default] remove_router_interface failed (client error): The resource could not be found. [pid: 8|app: 0|req: 1727/3758] 10.0.0.178 () {34 vars in 789 bytes} [Tue Apr 14 07:02:09 2026] PUT /v2.0/routers/123236fc-5cb8-4cd4-ade9-84fc6c80d58f/remove_router_interface => generated 198 bytes in 99 msecs (HTTP/1.1 404) 4 headers in 164 bytes (1 switches on core 0) /var/lib/openstack/lib/python3.12/site-packages/pycadf/identifier.py:70: UserWarning: Invalid uuid: neutron. To ensure interoperability, identifiers should be a valid uuid. warnings.warn(('Invalid uuid: %s. To ensure interoperability, '
2026-04-14 07:02:09.480 7 INFO neutron_taas.services.taas.taas_plugin [None req-5e59d8cd-409f-4256-ac9f-d10dbf782528 16dad75df8ff44c989f63dcf62a40bac 74904e80d06b4485b9f589a150e0215b - - default default] TaaS: Handle Delete Port: b06c386f-0661-4dd2-ad70-167aba2778e6
2026-04-14 07:02:09.482 7 INFO neutron_taas.services.taas.tap_mirror_plugin [None req-5e59d8cd-409f-4256-ac9f-d10dbf782528 16dad75df8ff44c989f63dcf62a40bac 74904e80d06b4485b9f589a150e0215b - - default default] Tap Mirror: Handle Delete Port: b06c386f-0661-4dd2-ad70-167aba2778e6 [pid: 7|app: 0|req: 2032/3759] 10.0.0.178 () {32 vars in 724 bytes} [Tue Apr 14 07:02:09 2026] DELETE /v2.0/routers/123236fc-5cb8-4cd4-ade9-84fc6c80d58f => generated 0 bytes in 707 msecs (HTTP/1.1 204) 2 headers in 112 bytes (1 switches on core 0)
2026-04-14 07:02:09.925 8 INFO neutron.api.v2.resource [None req-b05ab6ef-263a-4e07-bdc6-607b0c7e09fd 16dad75df8ff44c989f63dcf62a40bac 74904e80d06b4485b9f589a150e0215b - - default default] show failed (client error): The resource could not be found. [pid: 8|app: 0|req: 1728/3760] 10.0.0.178 () {32 vars in 721 bytes} [Tue Apr 14 07:02:09 2026] GET /v2.0/routers/123236fc-5cb8-4cd4-ade9-84fc6c80d58f => generated 135 bytes in 20 msecs (HTTP/1.1 404) 4 headers in 164 bytes (1 switches on core 0) [pid: 7|app: 0|req: 2033/3761] 10.0.0.178 () {32 vars in 724 bytes} [Tue Apr 14 07:02:09 2026] DELETE /v2.0/subnets/7253da9c-a243-4432-9231-f67ffb258c11 => generated 0 bytes in 150 msecs (HTTP/1.1 204) 3 headers in 131 bytes (1 switches on core 0)
2026-04-14 07:02:10.101 8 INFO neutron.pecan_wsgi.hooks.translation [None req-da4900f6-a3db-4b8a-8737-b8dfa073c0a2 16dad75df8ff44c989f63dcf62a40bac 74904e80d06b4485b9f589a150e0215b - - default default] GET failed (client error): The resource could not be found. [pid: 8|app: 0|req: 1729/3762] 10.0.0.178 () {32 vars in 721 bytes} [Tue Apr 14 07:02:10 2026] GET /v2.0/subnets/7253da9c-a243-4432-9231-f67ffb258c11 => generated 136 bytes in 18 msecs (HTTP/1.1 404) 4 headers in 164 bytes (1 switches on core 0) [pid: 7|app: 0|req: 2034/3763] 10.0.0.178 () {32 vars in 724 bytes} [Tue Apr 14 07:02:10 2026] DELETE /v2.0/subnets/3cc97253-762c-4ce9-a949-f736c1d527d4 => generated 0 bytes in 188 msecs (HTTP/1.1 204) 3 headers in 131 bytes (1 switches on core 0)
2026-04-14 07:02:10.315 8 INFO neutron.pecan_wsgi.hooks.translation [None req-d4d479bb-5cad-4c96-81f9-36cd7cd89faf 16dad75df8ff44c989f63dcf62a40bac 74904e80d06b4485b9f589a150e0215b - - default default] GET failed (client error): The resource could not be found. [pid: 8|app: 0|req: 1730/3764] 10.0.0.178 () {32 vars in 721 bytes} [Tue Apr 14 07:02:10 2026] GET /v2.0/subnets/3cc97253-762c-4ce9-a949-f736c1d527d4 => generated 136 bytes in 17 msecs (HTTP/1.1 404) 4 headers in 164 bytes (1 switches on core 0)
2026-04-14 07:02:10.443 7 INFO neutron_taas.services.taas.taas_plugin [None req-c4cd7f38-d5d4-4c21-aa2c-786b6ae389e8 16dad75df8ff44c989f63dcf62a40bac 74904e80d06b4485b9f589a150e0215b - - default default] TaaS: Handle Delete Port: 3a1c0a3a-edfc-4cc2-af4d-1dace27af649
2026-04-14 07:02:10.445 7 INFO neutron_taas.services.taas.tap_mirror_plugin [None req-c4cd7f38-d5d4-4c21-aa2c-786b6ae389e8 16dad75df8ff44c989f63dcf62a40bac 74904e80d06b4485b9f589a150e0215b - - default default] Tap Mirror: Handle Delete Port: 3a1c0a3a-edfc-4cc2-af4d-1dace27af649 [pid: 7|app: 0|req: 2035/3765] 10.0.0.178 () {32 vars in 726 bytes} [Tue Apr 14 07:02:10 2026] DELETE /v2.0/networks/861516fb-2b38-4e9d-8222-e6211297bbe9 => generated 0 bytes in 376 msecs (HTTP/1.1 204) 3 headers in 131 bytes (1 switches on core 0)
2026-04-14 07:02:10.697 7 INFO neutron.services.segments.plugin [-] Segment 72f25503-7a0a-43a7-bc11-9428c5303e48 resource provider aggregate not found
2026-04-14 07:02:10.703 7 INFO neutron.services.segments.plugin [-] Segment 72f25503-7a0a-43a7-bc11-9428c5303e48 resource provider aggregate not found
2026-04-14 07:02:10.714 7 INFO neutron.services.segments.plugin [-] Segment 72f25503-7a0a-43a7-bc11-9428c5303e48 resource provider not found; error: Placement Client Error (4xx): {"errors": [{"status": 404, "title": "Not Found", "detail": "The resource could not be found.\n\n No resource provider with uuid 72f25503-7a0a-43a7-bc11-9428c5303e48 found for delete ", "request_id": "req-a6e886c7-f0db-48d5-9da8-647a92f7441d"}]}
2026-04-14 07:02:10.715 8 INFO neutron.pecan_wsgi.hooks.translation [None req-b4c62bb9-cc19-4d48-8dbe-6b7e858dcafe 16dad75df8ff44c989f63dcf62a40bac 74904e80d06b4485b9f589a150e0215b - - default default] GET failed (client error): The resource could not be found. [pid: 8|app: 0|req: 1731/3766] 10.0.0.178 () {32 vars in 723 bytes} [Tue Apr 14 07:02:10 2026] GET /v2.0/networks/861516fb-2b38-4e9d-8222-e6211297bbe9 => generated 138 bytes in 15 msecs (HTTP/1.1 404) 4 headers in 164 bytes (1 switches on core 0)
2026-04-14 07:02:10.717 7 INFO neutron.services.segments.plugin [-] Segment 72f25503-7a0a-43a7-bc11-9428c5303e48 resource provider not found; error: Placement Client Error (4xx): {"errors": [{"status": 404, "title": "Not Found", "detail": "The resource could not be found.\n\n No resource provider with uuid 72f25503-7a0a-43a7-bc11-9428c5303e48 found for delete ", "request_id": "req-a61a5324-85a3-431b-9b33-590a5b9bf3a7"}]} [pid: 7|app: 0|req: 2036/3767] 10.0.0.178 () {32 vars in 724 bytes} [Tue Apr 14 07:02:10 2026] DELETE /v2.0/subnets/9ee6f05a-2e45-4b6f-891c-9051ec886ab5 => generated 0 bytes in 147 msecs (HTTP/1.1 204) 3 headers in 131 bytes (1 switches on core 0)
2026-04-14 07:02:10.887 8 INFO neutron.pecan_wsgi.hooks.translation [None req-31ee4b56-f6a1-479b-94d7-07aa96cab49c 16dad75df8ff44c989f63dcf62a40bac 74904e80d06b4485b9f589a150e0215b - - default default] GET failed (client error): The resource could not be found. [pid: 8|app: 0|req: 1732/3768] 10.0.0.178 () {32 vars in 721 bytes} [Tue Apr 14 07:02:10 2026] GET /v2.0/subnets/9ee6f05a-2e45-4b6f-891c-9051ec886ab5 => generated 136 bytes in 15 msecs (HTTP/1.1 404) 4 headers in 164 bytes (1 switches on core 0) [pid: 7|app: 0|req: 2037/3769] 10.0.0.178 () {32 vars in 724 bytes} [Tue Apr 14 07:02:10 2026] DELETE /v2.0/subnets/9eedc31e-23d4-4522-a8f8-cdda6997265f => generated 0 bytes in 168 msecs (HTTP/1.1 204) 3 headers in 131 bytes (1 switches on core 0)
2026-04-14 07:02:11.083 8 INFO neutron.pecan_wsgi.hooks.translation [None req-3fa6dd11-1dcf-4623-983d-ff74552fd897 16dad75df8ff44c989f63dcf62a40bac 74904e80d06b4485b9f589a150e0215b - - default default] GET failed (client error): The resource could not be found. [pid: 8|app: 0|req: 1733/3770] 10.0.0.178 () {32 vars in 721 bytes} [Tue Apr 14 07:02:11 2026] GET /v2.0/subnets/9eedc31e-23d4-4522-a8f8-cdda6997265f => generated 136 bytes in 18 msecs (HTTP/1.1 404) 4 headers in 164 bytes (1 switches on core 0)
2026-04-14 07:02:11.196 7 INFO neutron_taas.services.taas.taas_plugin [None req-9fdbeb4e-a2c2-4d46-9562-524f03b21143 16dad75df8ff44c989f63dcf62a40bac 74904e80d06b4485b9f589a150e0215b - - default default] TaaS: Handle Delete Port: 7f33938d-f36b-4ccf-8d02-ea7e79bd8ce9
2026-04-14 07:02:11.198 7 INFO neutron_taas.services.taas.tap_mirror_plugin [None req-9fdbeb4e-a2c2-4d46-9562-524f03b21143 16dad75df8ff44c989f63dcf62a40bac 74904e80d06b4485b9f589a150e0215b - - default default] Tap Mirror: Handle Delete Port: 7f33938d-f36b-4ccf-8d02-ea7e79bd8ce9 [pid: 7|app: 0|req: 2038/3771] 10.0.0.178 () {32 vars in 726 bytes} [Tue Apr 14 07:02:11 2026] DELETE /v2.0/networks/0e2e7e00-938e-42e0-9e7b-edd07fd8555a => generated 0 bytes in 399 msecs (HTTP/1.1 204) 3 headers in 131 bytes (1 switches on core 0)
2026-04-14 07:02:11.511 8 INFO neutron.pecan_wsgi.hooks.translation [None req-f070280a-f24b-4128-818d-6034b18f95b2 16dad75df8ff44c989f63dcf62a40bac 74904e80d06b4485b9f589a150e0215b - - default default] GET failed (client error): The resource could not be found. [pid: 8|app: 0|req: 1734/3772] 10.0.0.178 () {32 vars in 723 bytes} [Tue Apr 14 07:02:11 2026] GET /v2.0/networks/0e2e7e00-938e-42e0-9e7b-edd07fd8555a => generated 138 bytes in 18 msecs (HTTP/1.1 404) 4 headers in 164 bytes (1 switches on core 0) [pid: 7|app: 0|req: 2039/3773] 10.0.0.178 () {32 vars in 724 bytes} [Tue Apr 14 07:02:11 2026] DELETE /v2.0/subnets/11c2aa7d-83e1-4540-aaa9-9e30442a4fe7 => generated 0 bytes in 200 msecs (HTTP/1.1 204) 3 headers in 131 bytes (1 switches on core 0)
2026-04-14 07:02:11.734 8 INFO neutron.pecan_wsgi.hooks.translation [None req-91527cb6-b9be-4fc2-badf-6f686cfa69a4 16dad75df8ff44c989f63dcf62a40bac 74904e80d06b4485b9f589a150e0215b - - default default] GET failed (client error): The resource could not be found. [pid: 8|app: 0|req: 1735/3774] 10.0.0.178 () {32 vars in 721 bytes} [Tue Apr 14 07:02:11 2026] GET /v2.0/subnets/11c2aa7d-83e1-4540-aaa9-9e30442a4fe7 => generated 136 bytes in 13 msecs (HTTP/1.1 404) 4 headers in 164 bytes (1 switches on core 0) [pid: 7|app: 0|req: 2040/3775] 10.0.0.178 () {32 vars in 724 bytes} [Tue Apr 14 07:02:11 2026] DELETE /v2.0/subnets/f51b0a10-9248-49a1-91f7-679f40001ddb => generated 0 bytes in 223 msecs (HTTP/1.1 204) 3 headers in 131 bytes (1 switches on core 0)
2026-04-14 07:02:11.983 8 INFO neutron.pecan_wsgi.hooks.translation [None req-bde5ac25-10c0-4dd6-9d23-290d7a8f4a91 16dad75df8ff44c989f63dcf62a40bac 74904e80d06b4485b9f589a150e0215b - - default default] GET failed (client error): The resource could not be found. [pid: 8|app: 0|req: 1736/3776] 10.0.0.178 () {32 vars in 721 bytes} [Tue Apr 14 07:02:11 2026] GET /v2.0/subnets/f51b0a10-9248-49a1-91f7-679f40001ddb => generated 136 bytes in 17 msecs (HTTP/1.1 404) 4 headers in 164 bytes (1 switches on core 0)
2026-04-14 07:02:12.099 7 INFO neutron_taas.services.taas.taas_plugin [None req-34c80225-a6cd-4ada-9915-9de3bf6aef3c 16dad75df8ff44c989f63dcf62a40bac 74904e80d06b4485b9f589a150e0215b - - default default] TaaS: Handle Delete Port: f60ff08b-89f5-4578-b541-b4f82d7e5a39
2026-04-14 07:02:12.102 7 INFO neutron_taas.services.taas.tap_mirror_plugin [None req-34c80225-a6cd-4ada-9915-9de3bf6aef3c 16dad75df8ff44c989f63dcf62a40bac 74904e80d06b4485b9f589a150e0215b - - default default] Tap Mirror: Handle Delete Port: f60ff08b-89f5-4578-b541-b4f82d7e5a39 [pid: 7|app: 0|req: 2041/3777] 10.0.0.178 () {32 vars in 726 bytes} [Tue Apr 14 07:02:11 2026] DELETE /v2.0/networks/b791ef2b-5cd0-4eac-a6d2-7c80cc0a93a3 => generated 0 bytes in 376 msecs (HTTP/1.1 204) 3 headers in 131 bytes (1 switches on core 0)
2026-04-14 07:02:12.382 8 INFO neutron.pecan_wsgi.hooks.translation [None req-717db867-1c66-4320-8953-57120e3356e8 16dad75df8ff44c989f63dcf62a40bac 74904e80d06b4485b9f589a150e0215b - - default default] GET failed (client error): The resource could not be found. [pid: 8|app: 0|req: 1737/3778] 10.0.0.178 () {32 vars in 723 bytes} [Tue Apr 14 07:02:12 2026] GET /v2.0/networks/b791ef2b-5cd0-4eac-a6d2-7c80cc0a93a3 => generated 138 bytes in 13 msecs (HTTP/1.1 404) 4 headers in 164 bytes (1 switches on core 0)
2026-04-14 07:02:12.736 7 INFO neutron.services.segments.plugin [-] Segment 10056540-595b-41af-a4ba-91600a726560 resource provider aggregate not found
2026-04-14 07:02:12.736 7 INFO neutron.services.segments.plugin [-] Segment 10056540-595b-41af-a4ba-91600a726560 resource provider aggregate not found
2026-04-14 07:02:12.750 7 INFO neutron.services.segments.plugin [-] Segment 10056540-595b-41af-a4ba-91600a726560 resource provider not found; error: Placement Client Error (4xx): {"errors": [{"status": 404, "title": "Not Found", "detail": "The resource could not be found.\n\n No resource provider with uuid 10056540-595b-41af-a4ba-91600a726560 found for delete ", "request_id": "req-b62ded79-6e3c-4d08-8e3d-3d69fd7e0e4b"}]}
2026-04-14 07:02:12.754 7 INFO neutron.services.segments.plugin [-] Segment 10056540-595b-41af-a4ba-91600a726560 resource provider not found; error: Placement Client Error (4xx): {"errors": [{"status": 404, "title": "Not Found", "detail": "The resource could not be found.\n\n No resource provider with uuid 10056540-595b-41af-a4ba-91600a726560 found for delete ", "request_id": "req-831e34ff-df72-44dc-ba37-5925e5c14d00"}]}
2026-04-14 07:02:12.763 7 INFO neutron.services.segments.plugin [-] Segment b59d793f-b7ca-45c1-97f4-b33d8bf2007e resource provider aggregate not found
2026-04-14 07:02:12.766 7 INFO neutron.services.segments.plugin [-] Segment b59d793f-b7ca-45c1-97f4-b33d8bf2007e resource provider aggregate not found
2026-04-14 07:02:12.776 7 INFO neutron.services.segments.plugin [-] Segment b59d793f-b7ca-45c1-97f4-b33d8bf2007e resource provider not found; error: Placement Client Error (4xx): {"errors": [{"status": 404, "title": "Not Found", "detail": "The resource could not be found.\n\n No resource provider with uuid b59d793f-b7ca-45c1-97f4-b33d8bf2007e found for delete ", "request_id": "req-b73cc332-b38e-4e7b-9253-46c1aa52fba2"}]}
2026-04-14 07:02:12.777 7 INFO neutron.services.segments.plugin [-] Segment b59d793f-b7ca-45c1-97f4-b33d8bf2007e resource provider not found; error: Placement Client Error (4xx): {"errors": [{"status": 404, "title": "Not Found", "detail": "The resource could not be found.\n\n No resource provider with uuid b59d793f-b7ca-45c1-97f4-b33d8bf2007e found for delete ", "request_id": "req-d6a17345-66df-4c84-986a-5069def50f1c"}]}
2026-04-14 07:02:14.400 7 INFO neutron.db.ovn_revision_numbers_db [None req-92384f87-fb7e-4797-ae5b-13507a701750 827bbe04ef2b4202b2671a7f542f453a 49abf547e7604b2b959045c1beb2778a - - default default] Successfully bumped revision number for resource d9284c0a-07be-4f17-a0bf-0716d540c673 (type: security_groups) to 1
2026-04-14 07:02:14.412 7 INFO neutron.db.ovn_revision_numbers_db [None req-92384f87-fb7e-4797-ae5b-13507a701750 827bbe04ef2b4202b2671a7f542f453a 49abf547e7604b2b959045c1beb2778a - - default default] Successfully bumped revision number for resource 7a88d4f2-32ae-4202-8c3e-19dda7e1ef64 (type: security_group_rules) to 0
2026-04-14 07:02:14.424 7 INFO neutron.db.ovn_revision_numbers_db [None req-92384f87-fb7e-4797-ae5b-13507a701750 827bbe04ef2b4202b2671a7f542f453a 49abf547e7604b2b959045c1beb2778a - - default default] Su