2026-04-28 03:50:57.673 7 INFO placement.requestlog [None req-3d152d7e-fa18-477c-84b6-a2d7360f10a7 8172ba8f9d574f14b98dbc16615ee7a7 598a597d21ec40e68d974828e8023133 - - b717aeff1d0c4b0993543d4350a4f4b9 b717aeff1d0c4b0993543d4350a4f4b9] 10.0.0.34 "DELETE /resource_providers/7620a07f-3cbd-4b7a-b1cf-427b72ba8def" status: 404 len: 246 microversion: 1.1 [pid: 7|app: 0|req: 231/463] 10.0.0.34 () {34 vars in 815 bytes} [Tue Apr 28 03:50:57 2026] DELETE /resource_providers/7620a07f-3cbd-4b7a-b1cf-427b72ba8def => generated 246 bytes in 6 msecs (HTTP/1.1 404) 6 headers in 231 bytes (1 switches on core 0)
2026-04-28 03:50:57.681 8 INFO placement.requestlog [None req-9c6d18c4-a9e6-4eb7-8fa0-37fff81a3943 8172ba8f9d574f14b98dbc16615ee7a7 598a597d21ec40e68d974828e8023133 - - b717aeff1d0c4b0993543d4350a4f4b9 b717aeff1d0c4b0993543d4350a4f4b9] 10.0.0.34 "DELETE /resource_providers/7620a07f-3cbd-4b7a-b1cf-427b72ba8def" status: 404 len: 246 microversion: 1.1 [pid: 8|app: 0|req: 233/464] 10.0.0.34 () {34 vars in 815 bytes} [Tue Apr 28 03:50:57 2026] DELETE /resource_providers/7620a07f-3cbd-4b7a-b1cf-427b72ba8def => generated 246 bytes in 12 msecs (HTTP/1.1 404) 6 headers in 231 bytes (1 switches on core 0)
2026-04-28 03:50:59.555 7 INFO placement.requestlog [None req-26c0ea22-33f5-4ffd-9bc2-ea50daf98056 - - - - - -] 10.0.0.88 "GET /" status: 200 len: 136 microversion: 1.0
2026-04-28 03:50:59.555 8 INFO placement.requestlog [None req-9632ebc3-26f3-4007-b242-9dd0534e61a6 - - - - - -] 10.0.0.88 "GET /" status: 200 len: 136 microversion: 1.0
2026-04-28 03:50:59.698 7 INFO placement.requestlog [None req-782b78d6-8f21-4713-a0cd-b2ed11c4e144 8172ba8f9d574f14b98dbc16615ee7a7 598a597d21ec40e68d974828e8023133 - - b717aeff1d0c4b0993543d4350a4f4b9 b717aeff1d0c4b0993543d4350a4f4b9] 10.0.0.34 "GET /resource_providers/f049b725-7fa4-44a1-b2eb-cb2e53bf62e5/aggregates" status: 404 len: 235 microversion: 1.1 [pid: 7|app: 0|req: 233/467] 10.0.0.34 () {32 vars in 815 bytes} [Tue Apr 28 03:50:59 2026] GET /resource_providers/f049b725-7fa4-44a1-b2eb-cb2e53bf62e5/aggregates => generated 235 bytes in 11 msecs (HTTP/1.1 404) 5 headers in 202 bytes (1 switches on core 0)
2026-04-28 03:50:59.701 8 INFO placement.requestlog [None req-b95ca2e1-b84c-4770-908f-7719f1f61712 8172ba8f9d574f14b98dbc16615ee7a7 598a597d21ec40e68d974828e8023133 - - b717aeff1d0c4b0993543d4350a4f4b9 b717aeff1d0c4b0993543d4350a4f4b9] 10.0.0.34 "GET /resource_providers/f049b725-7fa4-44a1-b2eb-cb2e53bf62e5/aggregates" status: 404 len: 235 microversion: 1.1 [pid: 8|app: 0|req: 235/468] 10.0.0.34 () {32 vars in 815 bytes} [Tue Apr 28 03:50:59 2026] GET /resource_providers/f049b725-7fa4-44a1-b2eb-cb2e53bf62e5/aggregates => generated 235 bytes in 10 msecs (HTTP/1.1 404) 5 headers in 202 bytes (1 switches on core 0)
2026-04-28 03:50:59.712 7 INFO placement.requestlog [None req-86ea5bfd-749c-4715-9c6b-d7deffbcd377 8172ba8f9d574f14b98dbc16615ee7a7 598a597d21ec40e68d974828e8023133 - - b717aeff1d0c4b0993543d4350a4f4b9 b717aeff1d0c4b0993543d4350a4f4b9] 10.0.0.34 "DELETE /resource_providers/f049b725-7fa4-44a1-b2eb-cb2e53bf62e5" status: 404 len: 246 microversion: 1.1 [pid: 7|app: 0|req: 234/469] 10.0.0.34 () {34 vars in 815 bytes} [Tue Apr 28 03:50:59 2026] DELETE /resource_providers/f049b725-7fa4-44a1-b2eb-cb2e53bf62e5 => generated 246 bytes in 6 msecs (HTTP/1.1 404) 6 headers in 231 bytes (1 switches on core 0)
2026-04-28 03:50:59.724 8 INFO placement.requestlog [None req-8788ba43-6681-4105-a0c0-007db6294a8e 8172ba8f9d574f14b98dbc16615ee7a7 598a597d21ec40e68d974828e8023133 - - b717aeff1d0c4b0993543d4350a4f4b9 b717aeff1d0c4b0993543d4350a4f4b9] 10.0.0.34 "DELETE /resource_providers/f049b725-7fa4-44a1-b2eb-cb2e53bf62e5" status: 404 len: 246 microversion: 1.1 [pid: 8|app: 0|req: 236/470] 10.0.0.34 () {34 vars in 815 bytes} [Tue Apr 28 03:50:59 2026] DELETE /resource_providers/f049b725-7fa4-44a1-b2eb-cb2e53bf62e5 => generated 246 bytes in 8 msecs (HTTP/1.1 404) 6 headers in 231 bytes (1 switches on core 0)
2026-04-28 03:51:02.865 8 INFO placement.requestlog [None req-e9e0af84-fbb7-4a2e-bbda-5c7930037a9e 8172ba8f9d574f14b98dbc16615ee7a7 598a597d21ec40e68d974828e8023133 - - b717aeff1d0c4b0993543d4350a4f4b9 b717aeff1d0c4b0993543d4350a4f4b9] 10.0.0.34 "GET /resource_providers/3d7bb137-7bca-449f-9988-e64b3ff9fbec/aggregates" status: 404 len: 235 microversion: 1.1 [pid: 8|app: 0|req: 237/471] 10.0.0.34 () {32 vars in 815 bytes} [Tue Apr 28 03:51:02 2026] GET /resource_providers/3d7bb137-7bca-449f-9988-e64b3ff9fbec/aggregates => generated 235 bytes in 12 msecs (HTTP/1.1 404) 5 headers in 202 bytes (1 switches on core 0)
2026-04-28 03:51:02.871 7 INFO placement.requestlog [None req-e6ed31b1-6f47-43a1-9651-6f6f27d09d17 8172ba8f9d574f14b98dbc16615ee7a7 598a597d21ec40e68d974828e8023133 - - b717aeff1d0c4b0993543d4350a4f4b9 b717aeff1d0c4b0993543d4350a4f4b9] 10.0.0.34 "GET /resource_providers/3d7bb137-7bca-449f-9988-e64b3ff9fbec/aggregates" status: 404 len: 235 microversion: 1.1 [pid: 7|app: 0|req: 235/472] 10.0.0.34 () {32 vars in 815 bytes} [Tue Apr 28 03:51:02 2026] GET /resource_providers/3d7bb137-7bca-449f-9988-e64b3ff9fbec/aggregates => generated 235 bytes in 18 msecs (HTTP/1.1 404) 5 headers in 202 bytes (1 switches on core 0)
2026-04-28 03:51:02.885 8 INFO placement.requestlog [None req-473e0829-416b-4169-b5d6-727a6e763872 8172ba8f9d574f14b98dbc16615ee7a7 598a597d21ec40e68d974828e8023133 - - b717aeff1d0c4b0993543d4350a4f4b9 b717aeff1d0c4b0993543d4350a4f4b9] 10.0.0.34 "DELETE /resource_providers/3d7bb137-7bca-449f-9988-e64b3ff9fbec" status: 404 len: 246 microversion: 1.1 [pid: 8|app: 0|req: 238/473] 10.0.0.34 () {34 vars in 815 bytes} [Tue Apr 28 03:51:02 2026] DELETE /resource_providers/3d7bb137-7bca-449f-9988-e64b3ff9fbec => generated 246 bytes in 9 msecs (HTTP/1.1 404) 6 headers in 231 bytes (1 switches on core 0)
2026-04-28 03:51:02.901 7 INFO placement.requestlog [None req-9dba0e0f-4dfa-45e7-981f-305e5fe1bf3a 8172ba8f9d574f14b98dbc16615ee7a7 598a597d21ec40e68d974828e8023133 - - b717aeff1d0c4b0993543d4350a4f4b9 b717aeff1d0c4b0993543d4350a4f4b9] 10.0.0.34 "DELETE /resource_providers/3d7bb137-7bca-449f-9988-e64b3ff9fbec" status: 404 len: 246 microversion: 1.1 [pid: 7|app: 0|req: 236/474] 10.0.0.34 () {34 vars in 815 bytes} [Tue Apr 28 03:51:02 2026] DELETE /resource_providers/3d7bb137-7bca-449f-9988-e64b3ff9fbec => generated 246 bytes in 9 msecs (HTTP/1.1 404) 6 headers in 231 bytes (1 switches on core 0)
2026-04-28 03:51:02.926 8 INFO placement.requestlog [None req-a519a9b9-8c0d-4438-88a3-addbcb370360 8172ba8f9d574f14b98dbc16615ee7a7 598a597d21ec40e68d974828e8023133 - - b717aeff1d0c4b0993543d4350a4f4b9 b717aeff1d0c4b0993543d4350a4f4b9] 10.0.0.34 "GET /resource_providers/f95ab58c-aa1e-4c12-98d6-455a261c1136/aggregates" status: 404 len: 235 microversion: 1.1 [pid: 8|app: 0|req: 239/475] 10.0.0.34 () {32 vars in 815 bytes} [Tue Apr 28 03:51:02 2026] GET /resource_providers/f95ab58c-aa1e-4c12-98d6-455a261c1136/aggregates => generated 235 bytes in 10 msecs (HTTP/1.1 404) 5 headers in 202 bytes (1 switches on core 0)
2026-04-28 03:51:02.928 7 INFO placement.requestlog [None req-62491ab6-401b-4f88-99af-3ec3f94ab243 8172ba8f9d574f14b98dbc16615ee7a7 598a597d21ec40e68d974828e8023133 - - b717aeff1d0c4b0993543d4350a4f4b9 b717aeff1d0c4b0993543d4350a4f4b9] 10.0.0.34 "GET /resource_providers/f95ab58c-aa1e-4c12-98d6-455a261c1136/aggregates" status: 404 len: 235 microversion: 1.1 [pid: 7|app: 0|req: 237/476] 10.0.0.34 () {32 vars in 815 bytes} [Tue Apr 28 03:51:02 2026] GET /resource_providers/f95ab58c-aa1e-4c12-98d6-455a261c1136/aggregates => generated 235 bytes in 9 msecs (HTTP/1.1 404) 5 headers in 202 bytes (1 switches on core 0)
2026-04-28 03:51:02.950 8 INFO placement.requestlog [None req-55ee5b26-0baf-4f86-9975-232ab3f84171 8172ba8f9d574f14b98dbc16615ee7a7 598a597d21ec40e68d974828e8023133 - - b717aeff1d0c4b0993543d4350a4f4b9 b717aeff1d0c4b0993543d4350a4f4b9] 10.0.0.34 "DELETE /resource_providers/f95ab58c-aa1e-4c12-98d6-455a261c1136" status: 404 len: 246 microversion: 1.1 [pid: 8|app: 0|req: 240/477] 10.0.0.34 () {34 vars in 815 bytes} [Tue Apr 28 03:51:02 2026] DELETE /resource_providers/f95ab58c-aa1e-4c12-98d6-455a261c1136 => generated 246 bytes in 11 msecs (HTTP/1.1 404) 6 headers in 231 bytes (1 switches on core 0)
2026-04-28 03:51:02.972 7 INFO placement.requestlog [None req-1adeb887-c8af-4c73-86a2-f2de0cf7598d 8172ba8f9d574f14b98dbc16615ee7a7 598a597d21ec40e68d974828e8023133 - - b717aeff1d0c4b0993543d4350a4f4b9 b717aeff1d0c4b0993543d4350a4f4b9] 10.0.0.34 "DELETE /resource_providers/f95ab58c-aa1e-4c12-98d6-455a261c1136" status: 404 len: 246 microversion: 1.1 [pid: 7|app: 0|req: 238/478] 10.0.0.34 () {34 vars in 815 bytes} [Tue Apr 28 03:51:02 2026] DELETE /resource_providers/f95ab58c-aa1e-4c12-98d6-455a261c1136 => generated 246 bytes in 20 msecs (HTTP/1.1 404) 6 headers in 231 bytes (1 switches on core 0)
2026-04-28 03:51:04.910 8 INFO placement.requestlog [None req-b3969ced-f7c7-45be-9909-8d005ff8026e 8172ba8f9d574f14b98dbc16615ee7a7 598a597d21ec40e68d974828e8023133 - - b717aeff1d0c4b0993543d4350a4f4b9 b717aeff1d0c4b0993543d4350a4f4b9] 10.0.0.34 "GET /resource_providers/fb323c95-c9e5-4a89-9701-ace4f92360a1/aggregates" status: 404 len: 235 microversion: 1.1 [pid: 8|app: 0|req: 241/479] 10.0.0.34 () {32 vars in 815 bytes} [Tue Apr 28 03:51:04 2026] GET /resource_providers/fb323c95-c9e5-4a89-9701-ace4f92360a1/aggregates => generated 235 bytes in 14 msecs (HTTP/1.1 404) 5 headers in 202 bytes (1 switches on core 0)
2026-04-28 03:51:04.924 7 INFO placement.requestlog [None req-6a366100-9227-4b81-8e43-ffdb8f09512b 8172ba8f9d574f14b98dbc16615ee7a7 598a597d21ec40e68d974828e8023133 - - b717aeff1d0c4b0993543d4350a4f4b9 b717aeff1d0c4b0993543d4350a4f4b9] 10.0.0.34 "GET /resource_providers/fb323c95-c9e5-4a89-9701-ace4f92360a1/aggregates" status: 404 len: 235 microversion: 1.1 [pid: 7|app: 0|req: 239/480] 10.0.0.34 () {32 vars in 815 bytes} [Tue Apr 28 03:51:04 2026] GET /resource_providers/fb323c95-c9e5-4a89-9701-ace4f92360a1/aggregates => generated 235 bytes in 12 msecs (HTTP/1.1 404) 5 headers in 202 bytes (1 switches on core 0)
2026-04-28 03:51:04.933 8 INFO placement.requestlog [None req-e257539c-6f77-4e79-bc04-dc7442766166 8172ba8f9d574f14b98dbc16615ee7a7 598a597d21ec40e68d974828e8023133 - - b717aeff1d0c4b0993543d4350a4f4b9 b717aeff1d0c4b0993543d4350a4f4b9] 10.0.0.34 "DELETE /resource_providers/fb323c95-c9e5-4a89-9701-ace4f92360a1" status: 404 len: 246 microversion: 1.1 [pid: 8|app: 0|req: 242/481] 10.0.0.34 () {34 vars in 815 bytes} [Tue Apr 28 03:51:04 2026] DELETE /resource_providers/fb323c95-c9e5-4a89-9701-ace4f92360a1 => generated 246 bytes in 12 msecs (HTTP/1.1 404) 6 headers in 231 bytes (1 switches on core 0)
2026-04-28 03:51:04.943 7 INFO placement.requestlog [None req-940c4c2d-3c77-43b3-bcaa-db8d9c9d99ed 8172ba8f9d574f14b98dbc16615ee7a7 598a597d21ec40e68d974828e8023133 - - b717aeff1d0c4b0993543d4350a4f4b9 b717aeff1d0c4b0993543d4350a4f4b9] 10.0.0.34 "DELETE /resource_providers/fb323c95-c9e5-4a89-9701-ace4f92360a1" status: 404 len: 246 microversion: 1.1 [pid: 7|app: 0|req: 240/482] 10.0.0.34 () {34 vars in 815 bytes} [Tue Apr 28 03:51:04 2026] DELETE /resource_providers/fb323c95-c9e5-4a89-9701-ace4f92360a1 => generated 246 bytes in 13 msecs (HTTP/1.1 404) 6 headers in 231 bytes (1 switches on core 0)
2026-04-28 03:51:04.981 8 INFO placement.requestlog [None req-509e76e4-bf5c-425b-936d-f015d0a21c7b 8172ba8f9d574f14b98dbc16615ee7a7 598a597d21ec40e68d974828e8023133 - - b717aeff1d0c4b0993543d4350a4f4b9 b717aeff1d0c4b0993543d4350a4f4b9] 10.0.0.34 "GET /resource_providers/912dd2d8-e9a5-4a7b-8c83-aadafe672bb6/aggregates" status: 404 len: 235 microversion: 1.1 [pid: 8|app: 0|req: 243/483] 10.0.0.34 () {32 vars in 815 bytes} [Tue Apr 28 03:51:04 2026] GET /resource_providers/912dd2d8-e9a5-4a7b-8c83-aadafe672bb6/aggregates => generated 235 bytes in 17 msecs (HTTP/1.1 404) 5 headers in 202 bytes (1 switches on core 0)
2026-04-28 03:51:04.994 7 INFO placement.requestlog [None req-1d3056a6-01f1-4c37-8980-c467d1d5aadb 8172ba8f9d574f14b98dbc16615ee7a7 598a597d21ec40e68d974828e8023133 - - b717aeff1d0c4b0993543d4350a4f4b9 b717aeff1d0c4b0993543d4350a4f4b9] 10.0.0.34 "GET /resource_providers/912dd2d8-e9a5-4a7b-8c83-aadafe672bb6/aggregates" status: 404 len: 235 microversion: 1.1 [pid: 7|app: 0|req: 241/484] 10.0.0.34 () {32 vars in 815 bytes} [Tue Apr 28 03:51:04 2026] GET /resource_providers/912dd2d8-e9a5-4a7b-8c83-aadafe672bb6/aggregates => generated 235 bytes in 9 msecs (HTTP/1.1 404) 5 headers in 202 bytes (1 switches on core 0)
2026-04-28 03:51:05.007 8 INFO placement.requestlog [None req-be50bd98-2c50-42bb-9a39-9bfa2a7b932f 8172ba8f9d574f14b98dbc16615ee7a7 598a597d21ec40e68d974828e8023133 - - b717aeff1d0c4b0993543d4350a4f4b9 b717aeff1d0c4b0993543d4350a4f4b9] 10.0.0.34 "DELETE /resource_providers/912dd2d8-e9a5-4a7b-8c83-aadafe672bb6" status: 404 len: 246 microversion: 1.1 [pid: 8|app: 0|req: 244/485] 10.0.0.34 () {34 vars in 815 bytes} [Tue Apr 28 03:51:04 2026] DELETE /resource_providers/912dd2d8-e9a5-4a7b-8c83-aadafe672bb6 => generated 246 bytes in 13 msecs (HTTP/1.1 404) 6 headers in 231 bytes (1 switches on core 0)
2026-04-28 03:51:05.015 7 INFO placement.requestlog [None req-58d6fdcd-592f-41e1-8c04-3493b852c3ba 8172ba8f9d574f14b98dbc16615ee7a7 598a597d21ec40e68d974828e8023133 - - b717aeff1d0c4b0993543d4350a4f4b9 b717aeff1d0c4b0993543d4350a4f4b9] 10.0.0.34 "DELETE /resource_providers/912dd2d8-e9a5-4a7b-8c83-aadafe672bb6" status: 404 len: 246 microversion: 1.1 [pid: 7|app: 0|req: 242/486] 10.0.0.34 () {34 vars in 815 bytes} [Tue Apr 28 03:51:05 2026] DELETE /resource_providers/912dd2d8-e9a5-4a7b-8c83-aadafe672bb6 => generated 246 bytes in 9 msecs (HTTP/1.1 404) 6 headers in 231 bytes (1 switches on core 0)
2026-04-28 03:51:05.028 8 INFO placement.requestlog [None req-b7e30d29-0685-4822-8c96-ba815b34a94b 8172ba8f9d574f14b98dbc16615ee7a7 598a597d21ec40e68d974828e8023133 - - b717aeff1d0c4b0993543d4350a4f4b9 b717aeff1d0c4b0993543d4350a4f4b9] 10.0.0.34 "GET /resource_providers/68752bcc-375d-4075-87a8-a2c50e1abd42/aggregates" status: 404 len: 235 microversion: 1.1 [pid: 8|app: 0|req: 245/487] 10.0.0.34 () {32 vars in 815 bytes} [Tue Apr 28 03:51:05 2026] GET /resource_providers/68752bcc-375d-4075-87a8-a2c50e1abd42/aggregates => generated 235 bytes in 9 msecs (HTTP/1.1 404) 5 headers in 202 bytes (1 switches on core 0)
2026-04-28 03:51:05.041 7 INFO placement.requestlog [None req-ac468423-2920-41f7-ac97-1470aaf72ddb 8172ba8f9d574f14b98dbc16615ee7a7 598a597d21ec40e68d974828e8023133 - - b717aeff1d0c4b0993543d4350a4f4b9 b717aeff1d0c4b0993543d4350a4f4b9] 10.0.0.34 "GET /resource_providers/68752bcc-375d-4075-87a8-a2c50e1abd42/aggregates" status: 404 len: 235 microversion: 1.1 [pid: 7|app: 0|req: 243/488] 10.0.0.34 () {32 vars in 815 bytes} [Tue Apr 28 03:51:05 2026] GET /resource_providers/68752bcc-375d-4075-87a8-a2c50e1abd42/aggregates => generated 235 bytes in 11 msecs (HTTP/1.1 404) 5 headers in 202 bytes (1 switches on core 0)
2026-04-28 03:51:05.051 8 INFO placement.requestlog [None req-f12b8fd0-7d2f-49b3-be2d-c64416943012 8172ba8f9d574f14b98dbc16615ee7a7 598a597d21ec40e68d974828e8023133 - - b717aeff1d0c4b0993543d4350a4f4b9 b717aeff1d0c4b0993543d4350a4f4b9] 10.0.0.34 "DELETE /resource_providers/68752bcc-375d-4075-87a8-a2c50e1abd42" status: 404 len: 246 microversion: 1.1 [pid: 8|app: 0|req: 246/489] 10.0.0.34 () {34 vars in 815 bytes} [Tue Apr 28 03:51:05 2026] DELETE /resource_providers/68752bcc-375d-4075-87a8-a2c50e1abd42 => generated 246 bytes in 13 msecs (HTTP/1.1 404) 6 headers in 231 bytes (1 switches on core 0)
2026-04-28 03:51:05.060 7 INFO placement.requestlog [None req-f536b107-3b1e-442b-b58c-9d4afe86dceb 8172ba8f9d574f14b98dbc16615ee7a7 598a597d21ec40e68d974828e8023133 - - b717aeff1d0c4b0993543d4350a4f4b9 b717aeff1d0c4b0993543d4350a4f4b9] 10.0.0.34 "DELETE /resource_providers/68752bcc-375d-4075-87a8-a2c50e1abd42" status: 404 len: 246 microversion: 1.1 [pid: 7|app: 0|req: 244/490] 10.0.0.34 () {34 vars in 815 bytes} [Tue Apr 28 03:51:05 2026] DELETE /resource_providers/68752bcc-375d-4075-87a8-a2c50e1abd42 => generated 246 bytes in 7 msecs (HTTP/1.1 404) 6 headers in 231 bytes (1 switches on core 0)
2026-04-28 03:51:05.085 8 INFO placement.requestlog [None req-f64fdc48-110a-4050-b87f-3320e2665658 8172ba8f9d574f14b98dbc16615ee7a7 598a597d21ec40e68d974828e8023133 - - b717aeff1d0c4b0993543d4350a4f4b9 b717aeff1d0c4b0993543d4350a4f4b9] 10.0.0.34 "GET /resource_providers/ff0fbe15-21dc-4b80-9439-0c80e81ac87f/aggregates" status: 404 len: 235 microversion: 1.1 [pid: 8|app: 0|req: 247/491] 10.0.0.34 () {32 vars in 815 bytes} [Tue Apr 28 03:51:05 2026] GET /resource_providers/ff0fbe15-21dc-4b80-9439-0c80e81ac87f/aggregates => generated 235 bytes in 10 msecs (HTTP/1.1 404) 5 headers in 202 bytes (1 switches on core 0)
2026-04-28 03:51:05.092 7 INFO placement.requestlog [None req-942249c0-dbee-4da3-ac28-219c92535cf7 8172ba8f9d574f14b98dbc16615ee7a7 598a597d21ec40e68d974828e8023133 - - b717aeff1d0c4b0993543d4350a4f4b9 b717aeff1d0c4b0993543d4350a4f4b9] 10.0.0.34 "GET /resource_providers/ff0fbe15-21dc-4b80-9439-0c80e81ac87f/aggregates" status: 404 len: 235 microversion: 1.1 [pid: 7|app: 0|req: 245/492] 10.0.0.34 () {32 vars in 815 bytes} [Tue Apr 28 03:51:05 2026] GET /resource_providers/ff0fbe15-21dc-4b80-9439-0c80e81ac87f/aggregates => generated 235 bytes in 9 msecs (HTTP/1.1 404) 5 headers in 202 bytes (1 switches on core 0)
2026-04-28 03:51:05.111 8 INFO placement.requestlog [None req-ae497b52-d431-4818-9076-581d0f94c24c 8172ba8f9d574f14b98dbc16615ee7a7 598a597d21ec40e68d974828e8023133 - - b717aeff1d0c4b0993543d4350a4f4b9 b717aeff1d0c4b0993543d4350a4f4b9] 10.0.0.34 "DELETE /resource_providers/ff0fbe15-21dc-4b80-9439-0c80e81ac87f" status: 404 len: 246 microversion: 1.1 [pid: 8|app: 0|req: 248/493] 10.0.0.34 () {34 vars in 815 bytes} [Tue Apr 28 03:51:05 2026] DELETE /resource_providers/ff0fbe15-21dc-4b80-9439-0c80e81ac87f => generated 246 bytes in 9 msecs (HTTP/1.1 404) 6 headers in 231 bytes (1 switches on core 0)
2026-04-28 03:51:05.119 7 INFO placement.requestlog [None req-d7ae8603-ca2d-45a0-aef7-023495611b28 8172ba8f9d574f14b98dbc16615ee7a7 598a597d21ec40e68d974828e8023133 - - b717aeff1d0c4b0993543d4350a4f4b9 b717aeff1d0c4b0993543d4350a4f4b9] 10.0.0.34 "DELETE /resource_providers/ff0fbe15-21dc-4b80-9439-0c80e81ac87f" status: 404 len: 246 microversion: 1.1 [pid: 7|app: 0|req: 246/494] 10.0.0.34 () {34 vars in 815 bytes} [Tue Apr 28 03:51:05 2026] DELETE /resource_providers/ff0fbe15-21dc-4b80-9439-0c80e81ac87f => generated 246 bytes in 11 msecs (HTTP/1.1 404) 6 headers in 231 bytes (1 switches on core 0)
2026-04-28 03:51:05.134 8 INFO placement.requestlog [None req-3954c03e-92f7-4c07-b2e7-5278a4d28204 8172ba8f9d574f14b98dbc16615ee7a7 598a597d21ec40e68d974828e8023133 - - b717aeff1d0c4b0993543d4350a4f4b9 b717aeff1d0c4b0993543d4350a4f4b9] 10.0.0.34 "GET /resource_providers/0bac0c64-3417-4c0f-a314-38340ed8c755/aggregates" status: 404 len: 235 microversion: 1.1 [pid: 8|app: 0|req: 249/495] 10.0.0.34 () {32 vars in 815 bytes} [Tue Apr 28 03:51:05 2026] GET /resource_providers/0bac0c64-3417-4c0f-a314-38340ed8c755/aggregates => generated 235 bytes in 8 msecs (HTTP/1.1 404) 5 headers in 202 bytes (1 switches on core 0)
2026-04-28 03:51:05.155 7 INFO placement.requestlog [None req-9f2948c8-7e31-4d54-929f-e0f50ba15c4c 8172ba8f9d574f14b98dbc16615ee7a7 598a597d21ec40e68d974828e8023133 - - b717aeff1d0c4b0993543d4350a4f4b9 b717aeff1d0c4b0993543d4350a4f4b9] 10.0.0.34 "GET /resource_providers/0bac0c64-3417-4c0f-a314-38340ed8c755/aggregates" status: 404 len: 235 microversion: 1.1 [pid: 7|app: 0|req: 247/496] 10.0.0.34 () {32 vars in 815 bytes} [Tue Apr 28 03:51:05 2026] GET /resource_providers/0bac0c64-3417-4c0f-a314-38340ed8c755/aggregates => generated 235 bytes in 15 msecs (HTTP/1.1 404) 5 headers in 202 bytes (1 switches on core 0)
2026-04-28 03:51:05.155 8 INFO placement.requestlog [None req-06f6bfba-6bad-4bfa-96dc-f740f6812edc 8172ba8f9d574f14b98dbc16615ee7a7 598a597d21ec40e68d974828e8023133 - - b717aeff1d0c4b0993543d4350a4f4b9 b717aeff1d0c4b0993543d4350a4f4b9] 10.0.0.34 "DELETE /resource_providers/0bac0c64-3417-4c0f-a314-38340ed8c755" status: 404 len: 246 microversion: 1.1 [pid: 8|app: 0|req: 250/497] 10.0.0.34 () {34 vars in 815 bytes} [Tue Apr 28 03:51:05 2026] DELETE /resource_providers/0bac0c64-3417-4c0f-a314-38340ed8c755 => generated 246 bytes in 10 msecs (HTTP/1.1 404) 6 headers in 231 bytes (1 switches on core 0)
2026-04-28 03:51:05.179 7 INFO placement.requestlog [None req-ab3c56bc-9995-498e-bd80-f46e4cb31116 8172ba8f9d574f14b98dbc16615ee7a7 598a597d21ec40e68d974828e8023133 - - b717aeff1d0c4b0993543d4350a4f4b9 b717aeff1d0c4b0993543d4350a4f4b9] 10.0.0.34 "DELETE /resource_providers/0bac0c64-3417-4c0f-a314-38340ed8c755" status: 404 len: 246 microversion: 1.1 [pid: 7|app: 0|req: 248/498] 10.0.0.34 () {34 vars in 815 bytes} [Tue Apr 28 03:51:05 2026] DELETE /resource_providers/0bac0c64-3417-4c0f-a314-38340ed8c755 => generated 246 bytes in 13 msecs (HTTP/1.1 404) 6 headers in 231 bytes (1 switches on core 0)
2026-04-28 03:51:07.518 7 INFO placement.requestlog [None req-33a0ade4-e4cc-418e-afda-329b9f9d95d3 8172ba8f9d574f14b98dbc16615ee7a7 598a597d21ec40e68d974828e8023133 - - b717aeff1d0c4b0993543d4350a4f4b9 b717aeff1d0c4b0993543d4350a4f4b9] 10.0.0.34 "GET /resource_providers/fe87ef10-f767-41a2-b4f3-c9d2b11cf12b/aggregates" status: 404 len: 235 microversion: 1.1
2026-04-28 03:51:07.518 8 INFO placement.requestlog [None req-c055a843-8dd5-4d21-a884-180da72d3ee1 8172ba8f9d574f14b98dbc16615ee7a7 598a597d21ec40e68d974828e8023133 - - b717aeff1d0c4b0993543d4350a4f4b9 b717aeff1d0c4b0993543d4350a4f4b9] 10.0.0.34 "GET /resource_providers/fe87ef10-f767-41a2-b4f3-c9d2b11cf12b/aggregates" status: 404 len: 235 microversion: 1.1 [pid: 7|app: 0|req: 249/499] 10.0.0.34 () {32 vars in 815 bytes} [Tue Apr 28 03:51:07 2026] GET /resource_providers/fe87ef10-f767-41a2-b4f3-c9d2b11cf12b/aggregates => generated 235 bytes in 9 msecs (HTTP/1.1 404) 5 headers in 202 bytes (1 switches on core 0) [pid: 8|app: 0|req: 251/500] 10.0.0.34 () {32 vars in 815 bytes} [Tue Apr 28 03:51:07 2026] GET /resource_providers/fe87ef10-f767-41a2-b4f3-c9d2b11cf12b/aggregates => generated 235 bytes in 11 msecs (HTTP/1.1 404) 5 headers in 202 bytes (1 switches on core 0)
2026-04-28 03:51:07.538 7 INFO placement.requestlog [None req-d90025d2-5db2-4b14-a048-4d853ef8ca15 8172ba8f9d574f14b98dbc16615ee7a7 598a597d21ec40e68d974828e8023133 - - b717aeff1d0c4b0993543d4350a4f4b9 b717aeff1d0c4b0993543d4350a4f4b9] 10.0.0.34 "DELETE /resource_providers/fe87ef10-f767-41a2-b4f3-c9d2b11cf12b" status: 404 len: 246 microversion: 1.1 [pid: 7|app: 0|req: 250/501] 10.0.0.34 () {34 vars in 815 bytes} [Tue Apr 28 03:51:07 2026] DELETE /resource_providers/fe87ef10-f767-41a2-b4f3-c9d2b11cf12b => generated 246 bytes in 7 msecs (HTTP/1.1 404) 6 headers in 231 bytes (1 switches on core 0)
2026-04-28 03:51:07.543 8 INFO placement.requestlog [None req-8fb1e6fd-a319-4444-b0af-9cee8ffb011b 8172ba8f9d574f14b98dbc16615ee7a7 598a597d21ec40e68d974828e8023133 - - b717aeff1d0c4b0993543d4350a4f4b9 b717aeff1d0c4b0993543d4350a4f4b9] 10.0.0.34 "DELETE /resource_providers/fe87ef10-f767-41a2-b4f3-c9d2b11cf12b" status: 404 len: 246 microversion: 1.1 [pid: 8|app: 0|req: 252/502] 10.0.0.34 () {34 vars in 815 bytes} [Tue Apr 28 03:51:07 2026] DELETE /resource_providers/fe87ef10-f767-41a2-b4f3-c9d2b11cf12b => generated 246 bytes in 10 msecs (HTTP/1.1 404) 6 headers in 231 bytes (1 switches on core 0)
2026-04-28 03:51:09.555 7 INFO placement.requestlog [None req-32d021fd-eac1-4b52-a23b-3e20f071cc0d - - - - - -] 10.0.0.88 "GET /" status: 200 len: 136 microversion: 1.0
2026-04-28 03:51:09.555 8 INFO placement.requestlog [None req-bff21003-797c-436a-a9d4-4b14e681abc4 - - - - - -] 10.0.0.88 "GET /" status: 200 len: 136 microversion: 1.0
2026-04-28 03:51:09.570 7 INFO placement.requestlog [None req-dd8e34d6-dde0-4083-916c-74b29cf3fefc 8172ba8f9d574f14b98dbc16615ee7a7 598a597d21ec40e68d974828e8023133 - - b717aeff1d0c4b0993543d4350a4f4b9 b717aeff1d0c4b0993543d4350a4f4b9] 10.0.0.34 "GET /resource_providers/ca1cc274-2431-4a81-97b1-d6bb6fc5aaaa/aggregates" status: 404 len: 235 microversion: 1.1 [pid: 7|app: 0|req: 252/505] 10.0.0.34 () {32 vars in 815 bytes} [Tue Apr 28 03:51:09 2026] GET /resource_providers/ca1cc274-2431-4a81-97b1-d6bb6fc5aaaa/aggregates => generated 235 bytes in 12 msecs (HTTP/1.1 404) 5 headers in 202 bytes (1 switches on core 0)
2026-04-28 03:51:09.573 8 INFO placement.requestlog [None req-6ff85a73-4644-45e4-acfb-1487d51c009f 8172ba8f9d574f14b98dbc16615ee7a7 598a597d21ec40e68d974828e8023133 - - b717aeff1d0c4b0993543d4350a4f4b9 b717aeff1d0c4b0993543d4350a4f4b9] 10.0.0.34 "GET /resource_providers/ca1cc274-2431-4a81-97b1-d6bb6fc5aaaa/aggregates" status: 404 len: 235 microversion: 1.1 [pid: 8|app: 0|req: 254/506] 10.0.0.34 () {32 vars in 815 bytes} [Tue Apr 28 03:51:09 2026] GET /resource_providers/ca1cc274-2431-4a81-97b1-d6bb6fc5aaaa/aggregates => generated 235 bytes in 13 msecs (HTTP/1.1 404) 5 headers in 202 bytes (1 switches on core 0)
2026-04-28 03:51:09.591 7 INFO placement.requestlog [None req-25b06c8e-fc9b-483d-ba21-acbe7accdd99 8172ba8f9d574f14b98dbc16615ee7a7 598a597d21ec40e68d974828e8023133 - - b717aeff1d0c4b0993543d4350a4f4b9 b717aeff1d0c4b0993543d4350a4f4b9] 10.0.0.34 "DELETE /resource_providers/ca1cc274-2431-4a81-97b1-d6bb6fc5aaaa" status: 404 len: 246 microversion: 1.1 [pid: 7|app: 0|req: 253/507] 10.0.0.34 () {34 vars in 815 bytes} [Tue Apr 28 03:51:09 2026] DELETE /resource_providers/ca1cc274-2431-4a81-97b1-d6bb6fc5aaaa => generated 246 bytes in 7 msecs (HTTP/1.1 404) 6 headers in 231 bytes (1 switches on core 0)
2026-04-28 03:51:09.595 8 INFO placement.requestlog [None req-1aa00768-f49a-40f5-8f5d-8f97bd508302 8172ba8f9d574f14b98dbc16615ee7a7 598a597d21ec40e68d974828e8023133 - - b717aeff1d0c4b0993543d4350a4f4b9 b717aeff1d0c4b0993543d4350a4f4b9] 10.0.0.34 "DELETE /resource_providers/ca1cc274-2431-4a81-97b1-d6bb6fc5aaaa" status: 404 len: 246 microversion: 1.1 [pid: 8|app: 0|req: 255/508] 10.0.0.34 () {34 vars in 815 bytes} [Tue Apr 28 03:51:09 2026] DELETE /resource_providers/ca1cc274-2431-4a81-97b1-d6bb6fc5aaaa => generated 246 bytes in 7 msecs (HTTP/1.1 404) 6 headers in 231 bytes (1 switches on core 0)
2026-04-28 03:51:13.494 7 INFO placement.requestlog [None req-b4aa242f-a7f1-4594-ab6a-9f9d93107712 8172ba8f9d574f14b98dbc16615ee7a7 598a597d21ec40e68d974828e8023133 - - b717aeff1d0c4b0993543d4350a4f4b9 b717aeff1d0c4b0993543d4350a4f4b9] 10.0.0.34 "GET /resource_providers/ccebf5c4-bf9a-4c10-86db-f021d51f76bb/aggregates" status: 404 len: 235 microversion: 1.1 [pid: 7|app: 0|req: 254/509] 10.0.0.34 () {32 vars in 815 bytes} [Tue Apr 28 03:51:13 2026] GET /resource_providers/ccebf5c4-bf9a-4c10-86db-f021d51f76bb/aggregates => generated 235 bytes in 9 msecs (HTTP/1.1 404) 5 headers in 202 bytes (1 switches on core 0)
2026-04-28 03:51:13.503 8 INFO placement.requestlog [None req-121b3a38-217b-423c-9fa9-ca351937985c 8172ba8f9d574f14b98dbc16615ee7a7 598a597d21ec40e68d974828e8023133 - - b717aeff1d0c4b0993543d4350a4f4b9 b717aeff1d0c4b0993543d4350a4f4b9] 10.0.0.34 "GET /resource_providers/ccebf5c4-bf9a-4c10-86db-f021d51f76bb/aggregates" status: 404 len: 235 microversion: 1.1 [pid: 8|app: 0|req: 256/510] 10.0.0.34 () {32 vars in 815 bytes} [Tue Apr 28 03:51:13 2026] GET /resource_providers/ccebf5c4-bf9a-4c10-86db-f021d51f76bb/aggregates => generated 235 bytes in 11 msecs (HTTP/1.1 404) 5 headers in 202 bytes (1 switches on core 0)
2026-04-28 03:51:13.514 7 INFO placement.requestlog [None req-ad297d53-1981-46c7-838c-7ce74a1ef6b7 8172ba8f9d574f14b98dbc16615ee7a7 598a597d21ec40e68d974828e8023133 - - b717aeff1d0c4b0993543d4350a4f4b9 b717aeff1d0c4b0993543d4350a4f4b9] 10.0.0.34 "DELETE /resource_providers/ccebf5c4-bf9a-4c10-86db-f021d51f76bb" status: 404 len: 246 microversion: 1.1 [pid: 7|app: 0|req: 255/511] 10.0.0.34 () {34 vars in 815 bytes} [Tue Apr 28 03:51:13 2026] DELETE /resource_providers/ccebf5c4-bf9a-4c10-86db-f021d51f76bb => generated 246 bytes in 12 msecs (HTTP/1.1 404) 6 headers in 231 bytes (1 switches on core 0)
2026-04-28 03:51:13.529 8 INFO placement.requestlog [None req-63bf3438-c228-4636-835a-7d55646bd09a 8172ba8f9d574f14b98dbc16615ee7a7 598a597d21ec40e68d974828e8023133 - - b717aeff1d0c4b0993543d4350a4f4b9 b717aeff1d0c4b0993543d4350a4f4b9] 10.0.0.34 "DELETE /resource_providers/ccebf5c4-bf9a-4c10-86db-f021d51f76bb" status: 404 len: 246 microversion: 1.1 [pid: 8|app: 0|req: 257/512] 10.0.0.34 () {34 vars in 815 bytes} [Tue Apr 28 03:51:13 2026] DELETE /resource_providers/ccebf5c4-bf9a-4c10-86db-f021d51f76bb => generated 246 bytes in 12 msecs (HTTP/1.1 404) 6 headers in 231 bytes (1 switches on core 0)
2026-04-28 03:51:15.723 7 INFO placement.requestlog [None req-1b259392-f773-487a-adaa-09d922fe3899 8172ba8f9d574f14b98dbc16615ee7a7 598a597d21ec40e68d974828e8023133 - - b717aeff1d0c4b0993543d4350a4f4b9 b717aeff1d0c4b0993543d4350a4f4b9] 10.0.0.34 "GET /resource_providers/f0070fe6-2b69-41f7-9176-8f961495cf2b/aggregates" status: 404 len: 235 microversion: 1.1 [pid: 7|app: 0|req: 256/513] 10.0.0.34 () {32 vars in 815 bytes} [Tue Apr 28 03:51:15 2026] GET /resource_providers/f0070fe6-2b69-41f7-9176-8f961495cf2b/aggregates => generated 235 bytes in 14 msecs (HTTP/1.1 404) 5 headers in 202 bytes (1 switches on core 0)
2026-04-28 03:51:15.728 8 INFO placement.requestlog [None req-36fcb16c-990e-4082-bf03-355cf42a6567 8172ba8f9d574f14b98dbc16615ee7a7 598a597d21ec40e68d974828e8023133 - - b717aeff1d0c4b0993543d4350a4f4b9 b717aeff1d0c4b0993543d4350a4f4b9] 10.0.0.34 "GET /resource_providers/f0070fe6-2b69-41f7-9176-8f961495cf2b/aggregates" status: 404 len: 235 microversion: 1.1 [pid: 8|app: 0|req: 258/514] 10.0.0.34 () {32 vars in 815 bytes} [Tue Apr 28 03:51:15 2026] GET /resource_providers/f0070fe6-2b69-41f7-9176-8f961495cf2b/aggregates => generated 235 bytes in 12 msecs (HTTP/1.1 404) 5 headers in 202 bytes (1 switches on core 0)
2026-04-28 03:51:15.744 7 INFO placement.requestlog [None req-24867057-c864-4933-9760-db41d97557f5 8172ba8f9d574f14b98dbc16615ee7a7 598a597d21ec40e68d974828e8023133 - - b717aeff1d0c4b0993543d4350a4f4b9 b717aeff1d0c4b0993543d4350a4f4b9] 10.0.0.34 "DELETE /resource_providers/f0070fe6-2b69-41f7-9176-8f961495cf2b" status: 404 len: 246 microversion: 1.1 [pid: 7|app: 0|req: 257/515] 10.0.0.34 () {34 vars in 815 bytes} [Tue Apr 28 03:51:15 2026] DELETE /resource_providers/f0070fe6-2b69-41f7-9176-8f961495cf2b => generated 246 bytes in 8 msecs (HTTP/1.1 404) 6 headers in 231 bytes (1 switches on core 0)
2026-04-28 03:51:15.749 8 INFO placement.requestlog [None req-670a4b61-80d4-4879-82c8-1e7a600beccd 8172ba8f9d574f14b98dbc16615ee7a7 598a597d21ec40e68d974828e8023133 - - b717aeff1d0c4b0993543d4350a4f4b9 b717aeff1d0c4b0993543d4350a4f4b9] 10.0.0.34 "DELETE /resource_providers/f0070fe6-2b69-41f7-9176-8f961495cf2b" status: 404 len: 246 microversion: 1.1 [pid: 8|app: 0|req: 259/516] 10.0.0.34 () {34 vars in 815 bytes} [Tue Apr 28 03:51:15 2026] DELETE /resource_providers/f0070fe6-2b69-41f7-9176-8f961495cf2b => generated 246 bytes in 10 msecs (HTTP/1.1 404) 6 headers in 231 bytes (1 switches on core 0)
2026-04-28 03:51:17.530 7 INFO placement.requestlog [req-c4564efa-16da-4c93-a87e-c231f29db36a req-edc1933f-5aae-4ae3-804a-5587f83a81dc f4a2698444fb4b89bfcbdffe29cebc42 598a597d21ec40e68d974828e8023133 - - b717aeff1d0c4b0993543d4350a4f4b9 b717aeff1d0c4b0993543d4350a4f4b9] 10.0.0.150 "GET /allocation_candidates?limit=1000&resources=DISK_GB%3A1%2CMEMORY_MB%3A512%2CVCPU%3A1&root_required=%21COMPUTE_STATUS_DISABLED" status: 200 len: 2783 microversion: 1.36 [pid: 7|app: 0|req: 258/517] 10.0.0.150 () {34 vars in 1012 bytes} [Tue Apr 28 03:51:17 2026] GET /allocation_candidates?limit=1000&resources=DISK_GB%3A1%2CMEMORY_MB%3A512%2CVCPU%3A1&root_required=%21COMPUTE_STATUS_DISABLED => generated 2783 bytes in 54 msecs (HTTP/1.1 200) 8 headers in 297 bytes (1 switches on core 0)
2026-04-28 03:51:17.566 8 INFO placement.requestlog [req-c4564efa-16da-4c93-a87e-c231f29db36a req-39064655-3752-47c3-8f57-e3ea52ed5b03 f4a2698444fb4b89bfcbdffe29cebc42 598a597d21ec40e68d974828e8023133 - - b717aeff1d0c4b0993543d4350a4f4b9 b717aeff1d0c4b0993543d4350a4f4b9] 10.0.0.150 "GET /allocations/f554d881-64e5-4bdf-8e4a-3aa31eca1bdb" status: 200 len: 19 microversion: 1.28 [pid: 8|app: 0|req: 260/518] 10.0.0.150 () {34 vars in 861 bytes} [Tue Apr 28 03:51:17 2026] GET /allocations/f554d881-64e5-4bdf-8e4a-3aa31eca1bdb => generated 19 bytes in 12 msecs (HTTP/1.1 200) 8 headers in 295 bytes (1 switches on core 0)
2026-04-28 03:51:17.631 7 INFO placement.requestlog [req-c4564efa-16da-4c93-a87e-c231f29db36a req-48e525f7-d86b-4401-a782-90256ead8f71 f4a2698444fb4b89bfcbdffe29cebc42 598a597d21ec40e68d974828e8023133 - - b717aeff1d0c4b0993543d4350a4f4b9 b717aeff1d0c4b0993543d4350a4f4b9] 10.0.0.150 "PUT /allocations/f554d881-64e5-4bdf-8e4a-3aa31eca1bdb" status: 204 len: 0 microversion: 1.36 [pid: 7|app: 0|req: 259/519] 10.0.0.150 () {38 vars in 914 bytes} [Tue Apr 28 03:51:17 2026] PUT /allocations/f554d881-64e5-4bdf-8e4a-3aa31eca1bdb => generated 0 bytes in 59 msecs (HTTP/1.1 204) 5 headers in 199 bytes (1 switches on core 0)
2026-04-28 03:51:19.206 8 INFO placement.requestlog [req-c4564efa-16da-4c93-a87e-c231f29db36a req-cd81c085-fe0b-4403-8ac2-6796c7b03915 f4a2698444fb4b89bfcbdffe29cebc42 598a597d21ec40e68d974828e8023133 - - b717aeff1d0c4b0993543d4350a4f4b9 b717aeff1d0c4b0993543d4350a4f4b9] 199.204.45.95 "GET /allocations/f554d881-64e5-4bdf-8e4a-3aa31eca1bdb" status: 200 len: 257 microversion: 1.28 [pid: 8|app: 0|req: 261/520] 199.204.45.95 () {34 vars in 862 bytes} [Tue Apr 28 03:51:19 2026] GET /allocations/f554d881-64e5-4bdf-8e4a-3aa31eca1bdb => generated 257 bytes in 29 msecs (HTTP/1.1 200) 8 headers in 296 bytes (1 switches on core 0)
2026-04-28 03:51:19.555 7 INFO placement.requestlog [None req-7a1c8cb1-2527-49a4-90c0-b8e986011493 - - - - - -] 10.0.0.88 "GET /" status: 200 len: 136 microversion: 1.0
2026-04-28 03:51:19.555 8 INFO placement.requestlog [None req-3b2dddf0-d03a-40e3-94f0-625ac7694007 - - - - - -] 10.0.0.88 "GET /" status: 200 len: 136 microversion: 1.0
2026-04-28 03:51:20.246 7 INFO placement.requestlog [req-c4564efa-16da-4c93-a87e-c231f29db36a req-28f57623-d8a5-4940-8102-0b3709d8d87d f4a2698444fb4b89bfcbdffe29cebc42 598a597d21ec40e68d974828e8023133 - - b717aeff1d0c4b0993543d4350a4f4b9 b717aeff1d0c4b0993543d4350a4f4b9] 199.204.45.95 "GET /resource_providers/5b4720b5-967f-46fe-87fa-6d66411f3245/allocations" status: 200 len: 252 microversion: 1.0 [pid: 7|app: 0|req: 261/523] 199.204.45.95 () {32 vars in 856 bytes} [Tue Apr 28 03:51:20 2026] GET /resource_providers/5b4720b5-967f-46fe-87fa-6d66411f3245/allocations => generated 252 bytes in 14 msecs (HTTP/1.1 200) 6 headers in 224 bytes (1 switches on core 0)
2026-04-28 03:51:20.283 8 INFO placement.requestlog [req-c4564efa-16da-4c93-a87e-c231f29db36a req-fd3e11b3-947c-423e-87ee-fffdcc227b17 f4a2698444fb4b89bfcbdffe29cebc42 598a597d21ec40e68d974828e8023133 - - b717aeff1d0c4b0993543d4350a4f4b9 b717aeff1d0c4b0993543d4350a4f4b9] 199.204.45.95 "GET /allocations/f554d881-64e5-4bdf-8e4a-3aa31eca1bdb" status: 200 len: 257 microversion: 1.28 [pid: 8|app: 0|req: 263/524] 199.204.45.95 () {34 vars in 862 bytes} [Tue Apr 28 03:51:20 2026] GET /allocations/f554d881-64e5-4bdf-8e4a-3aa31eca1bdb => generated 257 bytes in 32 msecs (HTTP/1.1 200) 8 headers in 296 bytes (1 switches on core 0)
2026-04-28 03:51:20.305 7 INFO placement.requestlog [req-c4564efa-16da-4c93-a87e-c231f29db36a req-f1abf201-d2ce-4546-aa5d-952220320220 f4a2698444fb4b89bfcbdffe29cebc42 598a597d21ec40e68d974828e8023133 - - b717aeff1d0c4b0993543d4350a4f4b9 b717aeff1d0c4b0993543d4350a4f4b9] 199.204.45.95 "GET /allocations/7916d19c-bcf5-4a01-8a29-ad51167d1dae" status: 200 len: 257 microversion: 1.28 [pid: 7|app: 0|req: 262/525] 199.204.45.95 () {34 vars in 862 bytes} [Tue Apr 28 03:51:20 2026] GET /allocations/7916d19c-bcf5-4a01-8a29-ad51167d1dae => generated 257 bytes in 10 msecs (HTTP/1.1 200) 8 headers in 296 bytes (1 switches on core 0)
2026-04-28 03:51:23.445 7 INFO placement.requestlog [None req-b1e0becf-42e4-469b-9df2-84260079ae30 8172ba8f9d574f14b98dbc16615ee7a7 598a597d21ec40e68d974828e8023133 - - b717aeff1d0c4b0993543d4350a4f4b9 b717aeff1d0c4b0993543d4350a4f4b9] 10.0.0.34 "GET /resource_providers/adfb0f01-94f9-45a2-ae57-8428d1b4026d/aggregates" status: 404 len: 235 microversion: 1.1 [pid: 7|app: 0|req: 263/526] 10.0.0.34 () {32 vars in 815 bytes} [Tue Apr 28 03:51:23 2026] GET /resource_providers/adfb0f01-94f9-45a2-ae57-8428d1b4026d/aggregates => generated 235 bytes in 12 msecs (HTTP/1.1 404) 5 headers in 202 bytes (1 switches on core 0)
2026-04-28 03:51:23.446 8 INFO placement.requestlog [None req-cbe7f4d6-9aa9-4714-bc16-9c4df4b58a80 8172ba8f9d574f14b98dbc16615ee7a7 598a597d21ec40e68d974828e8023133 - - b717aeff1d0c4b0993543d4350a4f4b9 b717aeff1d0c4b0993543d4350a4f4b9] 10.0.0.34 "GET /resource_providers/adfb0f01-94f9-45a2-ae57-8428d1b4026d/aggregates" status: 404 len: 235 microversion: 1.1 [pid: 8|app: 0|req: 264/527] 10.0.0.34 () {32 vars in 815 bytes} [Tue Apr 28 03:51:23 2026] GET /resource_providers/adfb0f01-94f9-45a2-ae57-8428d1b4026d/aggregates => generated 235 bytes in 14 msecs (HTTP/1.1 404) 5 headers in 202 bytes (1 switches on core 0)
2026-04-28 03:51:23.466 7 INFO placement.requestlog [None req-bbeeaf8f-1e80-4c09-ad52-3a8b0a9f22c2 8172ba8f9d574f14b98dbc16615ee7a7 598a597d21ec40e68d974828e8023133 - - b717aeff1d0c4b0993543d4350a4f4b9 b717aeff1d0c4b0993543d4350a4f4b9] 10.0.0.34 "DELETE /resource_providers/adfb0f01-94f9-45a2-ae57-8428d1b4026d" status: 404 len: 246 microversion: 1.1 [pid: 7|app: 0|req: 264/528] 10.0.0.34 () {34 vars in 815 bytes} [Tue Apr 28 03:51:23 2026] DELETE /resource_providers/adfb0f01-94f9-45a2-ae57-8428d1b4026d => generated 246 bytes in 8 msecs (HTTP/1.1 404) 6 headers in 231 bytes (1 switches on core 0)
2026-04-28 03:51:23.470 8 INFO placement.requestlog [None req-b988314e-0b62-48c9-beee-85b9d3876339 8172ba8f9d574f14b98dbc16615ee7a7 598a597d21ec40e68d974828e8023133 - - b717aeff1d0c4b0993543d4350a4f4b9 b717aeff1d0c4b0993543d4350a4f4b9] 10.0.0.34 "DELETE /resource_providers/adfb0f01-94f9-45a2-ae57-8428d1b4026d" status: 404 len: 246 microversion: 1.1 [pid: 8|app: 0|req: 265/529] 10.0.0.34 () {34 vars in 815 bytes} [Tue Apr 28 03:51:23 2026] DELETE /resource_providers/adfb0f01-94f9-45a2-ae57-8428d1b4026d => generated 246 bytes in 10 msecs (HTTP/1.1 404) 6 headers in 231 bytes (1 switches on core 0)
2026-04-28 03:51:28.546 7 INFO placement.requestlog [req-575156a7-7120-44c4-b895-8807642d943f req-b1464643-ee9b-48f4-b202-2a9689bb56ca f4a2698444fb4b89bfcbdffe29cebc42 598a597d21ec40e68d974828e8023133 - - b717aeff1d0c4b0993543d4350a4f4b9 b717aeff1d0c4b0993543d4350a4f4b9] 10.0.0.150 "GET /allocation_candidates?limit=1000&resources=DISK_GB%3A1%2CMEMORY_MB%3A512%2CVCPU%3A1&root_required=%21COMPUTE_STATUS_DISABLED" status: 200 len: 2784 microversion: 1.36 [pid: 7|app: 0|req: 265/530] 10.0.0.150 () {34 vars in 1012 bytes} [Tue Apr 28 03:51:28 2026] GET /allocation_candidates?limit=1000&resources=DISK_GB%3A1%2CMEMORY_MB%3A512%2CVCPU%3A1&root_required=%21COMPUTE_STATUS_DISABLED => generated 2784 bytes in 44 msecs (HTTP/1.1 200) 8 headers in 297 bytes (1 switches on core 0)
2026-04-28 03:51:28.592 8 INFO placement.requestlog [req-575156a7-7120-44c4-b895-8807642d943f req-569b5af6-71dc-40a2-a090-7a535bdfed80 f4a2698444fb4b89bfcbdffe29cebc42 598a597d21ec40e68d974828e8023133 - - b717aeff1d0c4b0993543d4350a4f4b9 b717aeff1d0c4b0993543d4350a4f4b9] 10.0.0.150 "GET /allocations/f05ebb02-8eb3-43c7-9852-415aabb60947" status: 200 len: 19 microversion: 1.28 [pid: 8|app: 0|req: 266/531] 10.0.0.150 () {34 vars in 861 bytes} [Tue Apr 28 03:51:28 2026] GET /allocations/f05ebb02-8eb3-43c7-9852-415aabb60947 => generated 19 bytes in 13 msecs (HTTP/1.1 200) 8 headers in 295 bytes (1 switches on core 0)
2026-04-28 03:51:28.688 7 INFO placement.requestlog [req-575156a7-7120-44c4-b895-8807642d943f req-da5106f0-601a-4cfa-b7e7-6dc66c210725 f4a2698444fb4b89bfcbdffe29cebc42 598a597d21ec40e68d974828e8023133 - - b717aeff1d0c4b0993543d4350a4f4b9 b717aeff1d0c4b0993543d4350a4f4b9] 10.0.0.150 "PUT /allocations/f05ebb02-8eb3-43c7-9852-415aabb60947" status: 204 len: 0 microversion: 1.36 [pid: 7|app: 0|req: 266/532] 10.0.0.150 () {38 vars in 914 bytes} [Tue Apr 28 03:51:28 2026] PUT /allocations/f05ebb02-8eb3-43c7-9852-415aabb60947 => generated 0 bytes in 88 msecs (HTTP/1.1 204) 5 headers in 199 bytes (1 switches on core 0)
2026-04-28 03:51:29.555 8 INFO placement.requestlog [None req-ea5afc9c-f9d7-477e-903a-58e241a0cf56 - - - - - -] 10.0.0.88 "GET /" status: 200 len: 136 microversion: 1.0
2026-04-28 03:51:29.556 7 INFO placement.requestlog [None req-bcd85524-0149-42e6-ba5d-ef2a7246b725 - - - - - -] 10.0.0.88 "GET /" status: 200 len: 136 microversion: 1.0
2026-04-28 03:51:30.129 8 INFO placement.requestlog [req-575156a7-7120-44c4-b895-8807642d943f req-e36dc2e6-a9d4-46bf-b9b3-8c53785891e6 f4a2698444fb4b89bfcbdffe29cebc42 598a597d21ec40e68d974828e8023133 - - b717aeff1d0c4b0993543d4350a4f4b9 b717aeff1d0c4b0993543d4350a4f4b9] 199.204.45.95 "GET /allocations/f05ebb02-8eb3-43c7-9852-415aabb60947" status: 200 len: 257 microversion: 1.28 [pid: 8|app: 0|req: 268/535] 199.204.45.95 () {34 vars in 862 bytes} [Tue Apr 28 03:51:30 2026] GET /allocations/f05ebb02-8eb3-43c7-9852-415aabb60947 => generated 257 bytes in 13 msecs (HTTP/1.1 200) 8 headers in 296 bytes (1 switches on core 0)
2026-04-28 03:51:31.187 7 INFO placement.requestlog [req-575156a7-7120-44c4-b895-8807642d943f req-63e71d38-768c-46fc-8723-63f46d3e0d3b f4a2698444fb4b89bfcbdffe29cebc42 598a597d21ec40e68d974828e8023133 - - b717aeff1d0c4b0993543d4350a4f4b9 b717aeff1d0c4b0993543d4350a4f4b9] 199.204.45.95 "GET /resource_providers/5b4720b5-967f-46fe-87fa-6d66411f3245/allocations" status: 200 len: 352 microversion: 1.0 [pid: 7|app: 0|req: 268/536] 199.204.45.95 () {32 vars in 856 bytes} [Tue Apr 28 03:51:31 2026] GET /resource_providers/5b4720b5-967f-46fe-87fa-6d66411f3245/allocations => generated 352 bytes in 34 msecs (HTTP/1.1 200) 6 headers in 224 bytes (1 switches on core 0)
2026-04-28 03:51:31.212 8 INFO placement.requestlog [req-575156a7-7120-44c4-b895-8807642d943f req-7f1ae56d-a787-49b5-aaee-7887bcfb8cd6 f4a2698444fb4b89bfcbdffe29cebc42 598a597d21ec40e68d974828e8023133 - - b717aeff1d0c4b0993543d4350a4f4b9 b717aeff1d0c4b0993543d4350a4f4b9] 199.204.45.95 "GET /allocations/f554d881-64e5-4bdf-8e4a-3aa31eca1bdb" status: 200 len: 257 microversion: 1.28 [pid: 8|app: 0|req: 269/537] 199.204.45.95 () {34 vars in 862 bytes} [Tue Apr 28 03:51:31 2026] GET /allocations/f554d881-64e5-4bdf-8e4a-3aa31eca1bdb => generated 257 bytes in 19 msecs (HTTP/1.1 200) 8 headers in 296 bytes (1 switches on core 0)
2026-04-28 03:51:31.230 7 INFO placement.requestlog [req-575156a7-7120-44c4-b895-8807642d943f req-721cb5f8-ee45-4d21-916d-3f65ebf617ac f4a2698444fb4b89bfcbdffe29cebc42 598a597d21ec40e68d974828e8023133 - - b717aeff1d0c4b0993543d4350a4f4b9 b717aeff1d0c4b0993543d4350a4f4b9] 199.204.45.95 "GET /allocations/7916d19c-bcf5-4a01-8a29-ad51167d1dae" status: 200 len: 257 microversion: 1.28 [pid: 7|app: 0|req: 269/538] 199.204.45.95 () {34 vars in 862 bytes} [Tue Apr 28 03:51:31 2026] GET /allocations/7916d19c-bcf5-4a01-8a29-ad51167d1dae => generated 257 bytes in 13 msecs (HTTP/1.1 200) 8 headers in 296 bytes (1 switches on core 0)
2026-04-28 03:51:31.252 8 INFO placement.requestlog [req-575156a7-7120-44c4-b895-8807642d943f req-ed3c8b64-e401-4ca6-b660-d077ee1a46d8 f4a2698444fb4b89bfcbdffe29cebc42 598a597d21ec40e68d974828e8023133 - - b717aeff1d0c4b0993543d4350a4f4b9 b717aeff1d0c4b0993543d4350a4f4b9] 199.204.45.95 "GET /allocations/f05ebb02-8eb3-43c7-9852-415aabb60947" status: 200 len: 257 microversion: 1.28 [pid: 8|app: 0|req: 270/539] 199.204.45.95 () {34 vars in 862 bytes} [Tue Apr 28 03:51:31 2026] GET /allocations/f05ebb02-8eb3-43c7-9852-415aabb60947 => generated 257 bytes in 17 msecs (HTTP/1.1 200) 8 headers in 296 bytes (1 switches on core 0)
2026-04-28 03:51:32.302 7 INFO placement.requestlog [req-af9598e7-1b70-43d2-9382-c2b125bfb116 req-43f1c658-4a2d-4b1a-aef7-ed52cb5b17e3 f4a2698444fb4b89bfcbdffe29cebc42 598a597d21ec40e68d974828e8023133 - - b717aeff1d0c4b0993543d4350a4f4b9 b717aeff1d0c4b0993543d4350a4f4b9] 199.204.45.95 "GET /resource_providers/5b4720b5-967f-46fe-87fa-6d66411f3245/allocations" status: 200 len: 352 microversion: 1.0 [pid: 7|app: 0|req: 270/540] 199.204.45.95 () {32 vars in 856 bytes} [Tue Apr 28 03:51:32 2026] GET /resource_providers/5b4720b5-967f-46fe-87fa-6d66411f3245/allocations => generated 352 bytes in 15 msecs (HTTP/1.1 200) 6 headers in 224 bytes (1 switches on core 0)
2026-04-28 03:51:32.324 8 INFO placement.requestlog [req-af9598e7-1b70-43d2-9382-c2b125bfb116 req-1878d2b6-0dce-44ae-b816-32c8b2ce788d f4a2698444fb4b89bfcbdffe29cebc42 598a597d21ec40e68d974828e8023133 - - b717aeff1d0c4b0993543d4350a4f4b9 b717aeff1d0c4b0993543d4350a4f4b9] 199.204.45.95 "GET /allocations/f554d881-64e5-4bdf-8e4a-3aa31eca1bdb" status: 200 len: 257 microversion: 1.28 [pid: 8|app: 0|req: 271/541] 199.204.45.95 () {34 vars in 862 bytes} [Tue Apr 28 03:51:32 2026] GET /allocations/f554d881-64e5-4bdf-8e4a-3aa31eca1bdb => generated 257 bytes in 14 msecs (HTTP/1.1 200) 8 headers in 296 bytes (1 switches on core 0)
2026-04-28 03:51:32.344 7 INFO placement.requestlog [req-af9598e7-1b70-43d2-9382-c2b125bfb116 req-b83440fb-5edf-4650-a16f-63d63596bac1 f4a2698444fb4b89bfcbdffe29cebc42 598a597d21ec40e68d974828e8023133 - - b717aeff1d0c4b0993543d4350a4f4b9 b717aeff1d0c4b0993543d4350a4f4b9] 199.204.45.95 "GET /allocations/7916d19c-bcf5-4a01-8a29-ad51167d1dae" status: 200 len: 257 microversion: 1.28 [pid: 7|app: 0|req: 271/542] 199.204.45.95 () {34 vars in 862 bytes} [Tue Apr 28 03:51:32 2026] GET /allocations/7916d19c-bcf5-4a01-8a29-ad51167d1dae => generated 257 bytes in 10 msecs (HTTP/1.1 200) 8 headers in 296 bytes (1 switches on core 0)
2026-04-28 03:51:32.363 8 INFO placement.requestlog [req-af9598e7-1b70-43d2-9382-c2b125bfb116 req-00ff219d-52b5-4f1d-89eb-72cf53229c66 f4a2698444fb4b89bfcbdffe29cebc42 598a597d21ec40e68d974828e8023133 - - b717aeff1d0c4b0993543d4350a4f4b9 b717aeff1d0c4b0993543d4350a4f4b9] 199.204.45.95 "GET /allocations/f05ebb02-8eb3-43c7-9852-415aabb60947" status: 200 len: 257 microversion: 1.28 [pid: 8|app: 0|req: 272/543] 199.204.45.95 () {34 vars in 862 bytes} [Tue Apr 28 03:51:32 2026] GET /allocations/f05ebb02-8eb3-43c7-9852-415aabb60947 => generated 257 bytes in 13 msecs (HTTP/1.1 200) 8 headers in 296 bytes (1 switches on core 0)
2026-04-28 03:51:33.414 7 INFO placement.requestlog [req-af9598e7-1b70-43d2-9382-c2b125bfb116 req-c61a10d6-4816-4092-8e1b-8ed537531029 f4a2698444fb4b89bfcbdffe29cebc42 598a597d21ec40e68d974828e8023133 - - b717aeff1d0c4b0993543d4350a4f4b9 b717aeff1d0c4b0993543d4350a4f4b9] 199.204.45.95 "DELETE /allocations/7916d19c-bcf5-4a01-8a29-ad51167d1dae" status: 204 len: 0 microversion: 1.0 [pid: 7|app: 0|req: 272/544] 199.204.45.95 () {34 vars in 840 bytes} [Tue Apr 28 03:51:33 2026] DELETE /allocations/7916d19c-bcf5-4a01-8a29-ad51167d1dae => generated 0 bytes in 29 msecs (HTTP/1.1 204) 5 headers in 198 bytes (1 switches on core 0)
2026-04-28 03:51:35.378 8 INFO placement.requestlog [req-5b960efb-94a0-471c-898b-38df4947954d req-e75ef0b0-0627-477b-9605-0f1cfb5d6bb7 f4a2698444fb4b89bfcbdffe29cebc42 598a597d21ec40e68d974828e8023133 - - b717aeff1d0c4b0993543d4350a4f4b9 b717aeff1d0c4b0993543d4350a4f4b9] 10.0.0.150 "GET /allocation_candidates?limit=1000&resources=DISK_GB%3A1%2CMEMORY_MB%3A512%2CVCPU%3A1&root_required=%21COMPUTE_STATUS_DISABLED" status: 200 len: 2784 microversion: 1.36 [pid: 8|app: 0|req: 273/545] 10.0.0.150 () {34 vars in 1012 bytes} [Tue Apr 28 03:51:35 2026] GET /allocation_candidates?limit=1000&resources=DISK_GB%3A1%2CMEMORY_MB%3A512%2CVCPU%3A1&root_required=%21COMPUTE_STATUS_DISABLED => generated 2784 bytes in 58 msecs (HTTP/1.1 200) 8 headers in 297 bytes (1 switches on core 0)
2026-04-28 03:51:35.413 7 INFO placement.requestlog [req-5b960efb-94a0-471c-898b-38df4947954d req-437fdcf7-77f4-44e4-8fc9-70fcbd36c389 f4a2698444fb4b89bfcbdffe29cebc42 598a597d21ec40e68d974828e8023133 - - b717aeff1d0c4b0993543d4350a4f4b9 b717aeff1d0c4b0993543d4350a4f4b9] 10.0.0.150 "GET /allocations/3b10f6f1-37f3-4778-a290-575221db291a" status: 200 len: 19 microversion: 1.28 [pid: 7|app: 0|req: 273/546] 10.0.0.150 () {34 vars in 861 bytes} [Tue Apr 28 03:51:35 2026] GET /allocations/3b10f6f1-37f3-4778-a290-575221db291a => generated 19 bytes in 10 msecs (HTTP/1.1 200) 8 headers in 295 bytes (1 switches on core 0)
2026-04-28 03:51:35.485 8 INFO placement.requestlog [req-5b960efb-94a0-471c-898b-38df4947954d req-dd923683-da2f-4fc2-a676-7e1f7b8ba8f2 f4a2698444fb4b89bfcbdffe29cebc42 598a597d21ec40e68d974828e8023133 - - b717aeff1d0c4b0993543d4350a4f4b9 b717aeff1d0c4b0993543d4350a4f4b9] 10.0.0.150 "PUT /allocations/3b10f6f1-37f3-4778-a290-575221db291a" status: 204 len: 0 microversion: 1.36 [pid: 8|app: 0|req: 274/547] 10.0.0.150 () {38 vars in 914 bytes} [Tue Apr 28 03:51:35 2026] PUT /allocations/3b10f6f1-37f3-4778-a290-575221db291a => generated 0 bytes in 63 msecs (HTTP/1.1 204) 5 headers in 199 bytes (1 switches on core 0)
2026-04-28 03:51:36.677 7 INFO placement.requestlog [None req-628abd0b-b8db-4514-8784-e5201882198b 8172ba8f9d574f14b98dbc16615ee7a7 598a597d21ec40e68d974828e8023133 - - b717aeff1d0c4b0993543d4350a4f4b9 b717aeff1d0c4b0993543d4350a4f4b9] 10.0.0.34 "GET /resource_providers/1ec7a5c5-ed74-454b-be3c-16255f1d303c/aggregates" status: 404 len: 235 microversion: 1.1 [pid: 7|app: 0|req: 274/548] 10.0.0.34 () {32 vars in 815 bytes} [Tue Apr 28 03:51:36 2026] GET /resource_providers/1ec7a5c5-ed74-454b-be3c-16255f1d303c/aggregates => generated 235 bytes in 10 msecs (HTTP/1.1 404) 5 headers in 202 bytes (1 switches on core 0)
