2026-04-15 07:52:00.008 8 INFO placement.requestlog [None req-394f7756-79f8-427f-ae58-f9b6dfd10bcd 7920efe6265f492cb86e277418efa7fc 35a753acdb1a4c10a3094d602b53d5a2 - - 3e157c2fe4054255b4a6cc14507166e6 3e157c2fe4054255b4a6cc14507166e6] 10.0.0.185 "DELETE /resource_providers/d137baec-bcd2-4160-94c2-09785f4ba567" status: 404 len: 246 microversion: 1.1 [pid: 8|app: 0|req: 183/367] 10.0.0.185 () {34 vars in 816 bytes} [Wed Apr 15 07:52:00 2026] DELETE /resource_providers/d137baec-bcd2-4160-94c2-09785f4ba567 => generated 246 bytes in 9 msecs (HTTP/1.1 404) 6 headers in 231 bytes (1 switches on core 0)
2026-04-15 07:52:00.015 7 INFO placement.requestlog [None req-1d9b5040-7ced-4099-bdf3-e82b73a7cece 7920efe6265f492cb86e277418efa7fc 35a753acdb1a4c10a3094d602b53d5a2 - - 3e157c2fe4054255b4a6cc14507166e6 3e157c2fe4054255b4a6cc14507166e6] 10.0.0.185 "GET /resource_providers/d137baec-bcd2-4160-94c2-09785f4ba567/aggregates" status: 404 len: 235 microversion: 1.1 [pid: 7|app: 0|req: 185/368] 10.0.0.185 () {32 vars in 816 bytes} [Wed Apr 15 07:51:59 2026] GET /resource_providers/d137baec-bcd2-4160-94c2-09785f4ba567/aggregates => generated 235 bytes in 168 msecs (HTTP/1.1 404) 5 headers in 202 bytes (1 switches on core 0)
2026-04-15 07:52:00.042 8 INFO placement.requestlog [None req-21b80062-e143-40aa-8ad9-dd18d38d4580 7920efe6265f492cb86e277418efa7fc 35a753acdb1a4c10a3094d602b53d5a2 - - 3e157c2fe4054255b4a6cc14507166e6 3e157c2fe4054255b4a6cc14507166e6] 10.0.0.185 "DELETE /resource_providers/d137baec-bcd2-4160-94c2-09785f4ba567" status: 404 len: 246 microversion: 1.1 [pid: 8|app: 0|req: 184/369] 10.0.0.185 () {34 vars in 816 bytes} [Wed Apr 15 07:52:00 2026] DELETE /resource_providers/d137baec-bcd2-4160-94c2-09785f4ba567 => generated 246 bytes in 11 msecs (HTTP/1.1 404) 6 headers in 231 bytes (1 switches on core 0)
2026-04-15 07:52:00.886 8 INFO placement.requestlog [None req-5ea29362-c148-4157-96b5-ab7377da3dbb - - - - - -] 10.0.0.130 "GET /" status: 200 len: 136 microversion: 1.0
2026-04-15 07:52:00.887 7 INFO placement.requestlog [None req-662de0f7-b068-4aee-b7ce-a41ba26cd8be - - - - - -] 10.0.0.130 "GET /" status: 200 len: 136 microversion: 1.0
2026-04-15 07:52:07.023 8 INFO placement.requestlog [req-ed9ebef8-b8ab-4597-859f-22daeaafabed req-27092425-eca5-43f0-99cd-c4cd294cedc3 ccd8c132e0d0489abc223aed653e729a 35a753acdb1a4c10a3094d602b53d5a2 - - 3e157c2fe4054255b4a6cc14507166e6 3e157c2fe4054255b4a6cc14507166e6] 10.0.0.91 "GET /allocation_candidates?limit=1000&resources=DISK_GB%3A1%2CMEMORY_MB%3A512%2CVCPU%3A1&root_required=%21COMPUTE_STATUS_DISABLED" status: 200 len: 2784 microversion: 1.36 [pid: 8|app: 0|req: 186/372] 10.0.0.91 () {34 vars in 1011 bytes} [Wed Apr 15 07:52:06 2026] GET /allocation_candidates?limit=1000&resources=DISK_GB%3A1%2CMEMORY_MB%3A512%2CVCPU%3A1&root_required=%21COMPUTE_STATUS_DISABLED => generated 2784 bytes in 52 msecs (HTTP/1.1 200) 8 headers in 297 bytes (1 switches on core 0)
2026-04-15 07:52:07.063 7 INFO placement.requestlog [req-ed9ebef8-b8ab-4597-859f-22daeaafabed req-6664c51a-9b3d-4721-9cff-d88df7bbb442 ccd8c132e0d0489abc223aed653e729a 35a753acdb1a4c10a3094d602b53d5a2 - - 3e157c2fe4054255b4a6cc14507166e6 3e157c2fe4054255b4a6cc14507166e6] 10.0.0.91 "GET /allocations/aa3206d4-4ad7-4c42-925b-c0f94b8bd802" status: 200 len: 19 microversion: 1.28 [pid: 7|app: 0|req: 187/373] 10.0.0.91 () {34 vars in 860 bytes} [Wed Apr 15 07:52:07 2026] GET /allocations/aa3206d4-4ad7-4c42-925b-c0f94b8bd802 => generated 19 bytes in 12 msecs (HTTP/1.1 200) 8 headers in 295 bytes (1 switches on core 0)
2026-04-15 07:52:07.207 8 INFO placement.requestlog [req-ed9ebef8-b8ab-4597-859f-22daeaafabed req-9af67a57-fc62-422c-87ba-d2bee1bc0edb ccd8c132e0d0489abc223aed653e729a 35a753acdb1a4c10a3094d602b53d5a2 - - 3e157c2fe4054255b4a6cc14507166e6 3e157c2fe4054255b4a6cc14507166e6] 10.0.0.91 "PUT /allocations/aa3206d4-4ad7-4c42-925b-c0f94b8bd802" status: 204 len: 0 microversion: 1.36 [pid: 8|app: 0|req: 187/374] 10.0.0.91 () {38 vars in 913 bytes} [Wed Apr 15 07:52:07 2026] PUT /allocations/aa3206d4-4ad7-4c42-925b-c0f94b8bd802 => generated 0 bytes in 137 msecs (HTTP/1.1 204) 5 headers in 199 bytes (1 switches on core 0)
2026-04-15 07:52:08.672 7 INFO placement.requestlog [req-ed9ebef8-b8ab-4597-859f-22daeaafabed req-e0f65811-52fc-42cf-b290-82059f413ae2 ccd8c132e0d0489abc223aed653e729a 35a753acdb1a4c10a3094d602b53d5a2 - - 3e157c2fe4054255b4a6cc14507166e6 3e157c2fe4054255b4a6cc14507166e6] 162.253.55.204 "GET /allocations/aa3206d4-4ad7-4c42-925b-c0f94b8bd802" status: 200 len: 257 microversion: 1.28 [pid: 7|app: 0|req: 188/375] 162.253.55.204 () {34 vars in 863 bytes} [Wed Apr 15 07:52:08 2026] GET /allocations/aa3206d4-4ad7-4c42-925b-c0f94b8bd802 => generated 257 bytes in 12 msecs (HTTP/1.1 200) 8 headers in 296 bytes (1 switches on core 0)
2026-04-15 07:52:09.714 8 INFO placement.requestlog [req-ed9ebef8-b8ab-4597-859f-22daeaafabed req-ff0acf60-4633-4580-b714-46297307473e ccd8c132e0d0489abc223aed653e729a 35a753acdb1a4c10a3094d602b53d5a2 - - 3e157c2fe4054255b4a6cc14507166e6 3e157c2fe4054255b4a6cc14507166e6] 162.253.55.204 "GET /resource_providers/db8e529d-ddf0-4a4c-a32d-da237f6c0b0d/allocations" status: 200 len: 352 microversion: 1.0 [pid: 8|app: 0|req: 188/376] 162.253.55.204 () {32 vars in 857 bytes} [Wed Apr 15 07:52:09 2026] GET /resource_providers/db8e529d-ddf0-4a4c-a32d-da237f6c0b0d/allocations => generated 352 bytes in 19 msecs (HTTP/1.1 200) 6 headers in 224 bytes (1 switches on core 0)
2026-04-15 07:52:09.735 7 INFO placement.requestlog [req-ed9ebef8-b8ab-4597-859f-22daeaafabed req-978731b3-b7e4-49c2-8a8e-89b46d581197 ccd8c132e0d0489abc223aed653e729a 35a753acdb1a4c10a3094d602b53d5a2 - - 3e157c2fe4054255b4a6cc14507166e6 3e157c2fe4054255b4a6cc14507166e6] 162.253.55.204 "GET /allocations/043d68dc-8ff3-44f4-bf41-6397f6646300" status: 200 len: 257 microversion: 1.28 [pid: 7|app: 0|req: 189/377] 162.253.55.204 () {34 vars in 863 bytes} [Wed Apr 15 07:52:09 2026] GET /allocations/043d68dc-8ff3-44f4-bf41-6397f6646300 => generated 257 bytes in 13 msecs (HTTP/1.1 200) 8 headers in 296 bytes (1 switches on core 0)
2026-04-15 07:52:09.751 8 INFO placement.requestlog [req-ed9ebef8-b8ab-4597-859f-22daeaafabed req-517739cc-b512-4f15-83d3-ef86cf2f6bfe ccd8c132e0d0489abc223aed653e729a 35a753acdb1a4c10a3094d602b53d5a2 - - 3e157c2fe4054255b4a6cc14507166e6 3e157c2fe4054255b4a6cc14507166e6] 162.253.55.204 "GET /allocations/0c2133f0-aaf0-436d-acf2-22c99e4ffc5b" status: 200 len: 257 microversion: 1.28 [pid: 8|app: 0|req: 189/378] 162.253.55.204 () {34 vars in 863 bytes} [Wed Apr 15 07:52:09 2026] GET /allocations/0c2133f0-aaf0-436d-acf2-22c99e4ffc5b => generated 257 bytes in 13 msecs (HTTP/1.1 200) 8 headers in 296 bytes (1 switches on core 0)
2026-04-15 07:52:09.767 7 INFO placement.requestlog [req-ed9ebef8-b8ab-4597-859f-22daeaafabed req-2fac53b2-10f2-4cc3-b7fb-b517fe84a18c ccd8c132e0d0489abc223aed653e729a 35a753acdb1a4c10a3094d602b53d5a2 - - 3e157c2fe4054255b4a6cc14507166e6 3e157c2fe4054255b4a6cc14507166e6] 162.253.55.204 "GET /allocations/aa3206d4-4ad7-4c42-925b-c0f94b8bd802" status: 200 len: 257 microversion: 1.28 [pid: 7|app: 0|req: 190/379] 162.253.55.204 () {34 vars in 863 bytes} [Wed Apr 15 07:52:09 2026] GET /allocations/aa3206d4-4ad7-4c42-925b-c0f94b8bd802 => generated 257 bytes in 13 msecs (HTTP/1.1 200) 8 headers in 296 bytes (1 switches on core 0)
2026-04-15 07:52:10.886 8 INFO placement.requestlog [None req-468f30cc-c143-4a4e-9770-383dca2b3f87 - - - - - -] 10.0.0.130 "GET /" status: 200 len: 136 microversion: 1.0
2026-04-15 07:52:10.887 7 INFO placement.requestlog [None req-2c848480-046a-43f1-859d-547c333498c2 - - - - - -] 10.0.0.130 "GET /" status: 200 len: 136 microversion: 1.0
2026-04-15 07:52:13.212 8 INFO placement.requestlog [req-3e2bd599-50ee-4009-94ed-6ea1d13eca1a req-68d4aa39-ebcb-450d-aeee-fa23ab872c27 ccd8c132e0d0489abc223aed653e729a 35a753acdb1a4c10a3094d602b53d5a2 - - 3e157c2fe4054255b4a6cc14507166e6 3e157c2fe4054255b4a6cc14507166e6] 10.0.0.91 "GET /allocation_candidates?limit=1000&resources=DISK_GB%3A1%2CMEMORY_MB%3A512%2CVCPU%3A1&root_required=%21COMPUTE_STATUS_DISABLED" status: 200 len: 2784 microversion: 1.36 [pid: 8|app: 0|req: 191/382] 10.0.0.91 () {34 vars in 1011 bytes} [Wed Apr 15 07:52:13 2026] GET /allocation_candidates?limit=1000&resources=DISK_GB%3A1%2CMEMORY_MB%3A512%2CVCPU%3A1&root_required=%21COMPUTE_STATUS_DISABLED => generated 2784 bytes in 40 msecs (HTTP/1.1 200) 8 headers in 297 bytes (1 switches on core 0)
2026-04-15 07:52:13.246 7 INFO placement.requestlog [req-3e2bd599-50ee-4009-94ed-6ea1d13eca1a req-a7d09be8-875b-4454-935d-3996bb97f4aa ccd8c132e0d0489abc223aed653e729a 35a753acdb1a4c10a3094d602b53d5a2 - - 3e157c2fe4054255b4a6cc14507166e6 3e157c2fe4054255b4a6cc14507166e6] 10.0.0.91 "GET /allocations/425c2d95-50e4-4345-8597-040dd3e07a4e" status: 200 len: 19 microversion: 1.28 [pid: 7|app: 0|req: 192/383] 10.0.0.91 () {34 vars in 860 bytes} [Wed Apr 15 07:52:13 2026] GET /allocations/425c2d95-50e4-4345-8597-040dd3e07a4e => generated 19 bytes in 9 msecs (HTTP/1.1 200) 8 headers in 295 bytes (1 switches on core 0)
2026-04-15 07:52:13.311 8 INFO placement.requestlog [req-3e2bd599-50ee-4009-94ed-6ea1d13eca1a req-8e517abd-bdac-4593-a748-b064405f205a ccd8c132e0d0489abc223aed653e729a 35a753acdb1a4c10a3094d602b53d5a2 - - 3e157c2fe4054255b4a6cc14507166e6 3e157c2fe4054255b4a6cc14507166e6] 10.0.0.91 "PUT /allocations/425c2d95-50e4-4345-8597-040dd3e07a4e" status: 204 len: 0 microversion: 1.36 [pid: 8|app: 0|req: 192/384] 10.0.0.91 () {38 vars in 913 bytes} [Wed Apr 15 07:52:13 2026] PUT /allocations/425c2d95-50e4-4345-8597-040dd3e07a4e => generated 0 bytes in 58 msecs (HTTP/1.1 204) 5 headers in 199 bytes (1 switches on core 0)
2026-04-15 07:52:14.828 7 INFO placement.requestlog [req-3e2bd599-50ee-4009-94ed-6ea1d13eca1a req-cdaf15fd-e79f-4ccf-9042-edbca3dc3275 ccd8c132e0d0489abc223aed653e729a 35a753acdb1a4c10a3094d602b53d5a2 - - 3e157c2fe4054255b4a6cc14507166e6 3e157c2fe4054255b4a6cc14507166e6] 162.253.55.204 "GET /allocations/425c2d95-50e4-4345-8597-040dd3e07a4e" status: 200 len: 257 microversion: 1.28 [pid: 7|app: 0|req: 193/385] 162.253.55.204 () {34 vars in 863 bytes} [Wed Apr 15 07:52:14 2026] GET /allocations/425c2d95-50e4-4345-8597-040dd3e07a4e => generated 257 bytes in 12 msecs (HTTP/1.1 200) 8 headers in 296 bytes (1 switches on core 0)
2026-04-15 07:52:15.878 8 INFO placement.requestlog [req-3e2bd599-50ee-4009-94ed-6ea1d13eca1a req-ed2208f8-b24d-4027-bee6-f5d568cdee7e ccd8c132e0d0489abc223aed653e729a 35a753acdb1a4c10a3094d602b53d5a2 - - 3e157c2fe4054255b4a6cc14507166e6 3e157c2fe4054255b4a6cc14507166e6] 162.253.55.204 "GET /resource_providers/db8e529d-ddf0-4a4c-a32d-da237f6c0b0d/allocations" status: 200 len: 452 microversion: 1.0 [pid: 8|app: 0|req: 193/386] 162.253.55.204 () {32 vars in 857 bytes} [Wed Apr 15 07:52:15 2026] GET /resource_providers/db8e529d-ddf0-4a4c-a32d-da237f6c0b0d/allocations => generated 452 bytes in 19 msecs (HTTP/1.1 200) 6 headers in 224 bytes (1 switches on core 0)
2026-04-15 07:52:15.902 7 INFO placement.requestlog [req-3e2bd599-50ee-4009-94ed-6ea1d13eca1a req-1b1bd80d-7dc4-460a-b621-e048f7ed95b1 ccd8c132e0d0489abc223aed653e729a 35a753acdb1a4c10a3094d602b53d5a2 - - 3e157c2fe4054255b4a6cc14507166e6 3e157c2fe4054255b4a6cc14507166e6] 162.253.55.204 "GET /allocations/043d68dc-8ff3-44f4-bf41-6397f6646300" status: 200 len: 257 microversion: 1.28 [pid: 7|app: 0|req: 194/387] 162.253.55.204 () {34 vars in 863 bytes} [Wed Apr 15 07:52:15 2026] GET /allocations/043d68dc-8ff3-44f4-bf41-6397f6646300 => generated 257 bytes in 17 msecs (HTTP/1.1 200) 8 headers in 296 bytes (1 switches on core 0)
2026-04-15 07:52:15.919 8 INFO placement.requestlog [req-3e2bd599-50ee-4009-94ed-6ea1d13eca1a req-997bb455-97f9-472e-8128-5080b0296860 ccd8c132e0d0489abc223aed653e729a 35a753acdb1a4c10a3094d602b53d5a2 - - 3e157c2fe4054255b4a6cc14507166e6 3e157c2fe4054255b4a6cc14507166e6] 162.253.55.204 "GET /allocations/0c2133f0-aaf0-436d-acf2-22c99e4ffc5b" status: 200 len: 257 microversion: 1.28 [pid: 8|app: 0|req: 194/388] 162.253.55.204 () {34 vars in 863 bytes} [Wed Apr 15 07:52:15 2026] GET /allocations/0c2133f0-aaf0-436d-acf2-22c99e4ffc5b => generated 257 bytes in 12 msecs (HTTP/1.1 200) 8 headers in 296 bytes (1 switches on core 0)
2026-04-15 07:52:15.939 7 INFO placement.requestlog [req-3e2bd599-50ee-4009-94ed-6ea1d13eca1a req-308c90fc-3fe1-454e-9f8b-64c088c629d8 ccd8c132e0d0489abc223aed653e729a 35a753acdb1a4c10a3094d602b53d5a2 - - 3e157c2fe4054255b4a6cc14507166e6 3e157c2fe4054255b4a6cc14507166e6] 162.253.55.204 "GET /allocations/aa3206d4-4ad7-4c42-925b-c0f94b8bd802" status: 200 len: 257 microversion: 1.28 [pid: 7|app: 0|req: 195/389] 162.253.55.204 () {34 vars in 863 bytes} [Wed Apr 15 07:52:15 2026] GET /allocations/aa3206d4-4ad7-4c42-925b-c0f94b8bd802 => generated 257 bytes in 14 msecs (HTTP/1.1 200) 8 headers in 296 bytes (1 switches on core 0)
2026-04-15 07:52:15.957 8 INFO placement.requestlog [req-3e2bd599-50ee-4009-94ed-6ea1d13eca1a req-defec777-1e43-49d8-ad6a-c471065b1048 ccd8c132e0d0489abc223aed653e729a 35a753acdb1a4c10a3094d602b53d5a2 - - 3e157c2fe4054255b4a6cc14507166e6 3e157c2fe4054255b4a6cc14507166e6] 162.253.55.204 "GET /allocations/425c2d95-50e4-4345-8597-040dd3e07a4e" status: 200 len: 257 microversion: 1.28 [pid: 8|app: 0|req: 195/390] 162.253.55.204 () {34 vars in 863 bytes} [Wed Apr 15 07:52:15 2026] GET /allocations/425c2d95-50e4-4345-8597-040dd3e07a4e => generated 257 bytes in 11 msecs (HTTP/1.1 200) 8 headers in 296 bytes (1 switches on core 0)
2026-04-15 07:52:20.886 7 INFO placement.requestlog [None req-ce1e012b-e6f2-40b8-a364-7ef3d276acac - - - - - -] 10.0.0.130 "GET /" status: 200 len: 136 microversion: 1.0
2026-04-15 07:52:20.887 8 INFO placement.requestlog [None req-ad574485-acfa-4488-8a04-17f702d9dd80 - - - - - -] 10.0.0.130 "GET /" status: 200 len: 136 microversion: 1.0
2026-04-15 07:52:24.965 7 INFO placement.requestlog [req-6f57f162-c9da-489c-ac1b-0b7d5eb9e246 req-0dc9b1e4-2750-41b3-abed-a1b631dd6060 ccd8c132e0d0489abc223aed653e729a 35a753acdb1a4c10a3094d602b53d5a2 - - 3e157c2fe4054255b4a6cc14507166e6 3e157c2fe4054255b4a6cc14507166e6] 162.253.55.204 "GET /resource_providers/db8e529d-ddf0-4a4c-a32d-da237f6c0b0d/allocations" status: 200 len: 452 microversion: 1.0 [pid: 7|app: 0|req: 197/393] 162.253.55.204 () {32 vars in 857 bytes} [Wed Apr 15 07:52:24 2026] GET /resource_providers/db8e529d-ddf0-4a4c-a32d-da237f6c0b0d/allocations => generated 452 bytes in 22 msecs (HTTP/1.1 200) 6 headers in 224 bytes (1 switches on core 0)
2026-04-15 07:52:24.990 8 INFO placement.requestlog [req-6f57f162-c9da-489c-ac1b-0b7d5eb9e246 req-2a83e1b7-1086-4d34-9ee0-f0eea6c4e8b5 ccd8c132e0d0489abc223aed653e729a 35a753acdb1a4c10a3094d602b53d5a2 - - 3e157c2fe4054255b4a6cc14507166e6 3e157c2fe4054255b4a6cc14507166e6] 162.253.55.204 "GET /allocations/043d68dc-8ff3-44f4-bf41-6397f6646300" status: 200 len: 257 microversion: 1.28 [pid: 8|app: 0|req: 197/394] 162.253.55.204 () {34 vars in 863 bytes} [Wed Apr 15 07:52:24 2026] GET /allocations/043d68dc-8ff3-44f4-bf41-6397f6646300 => generated 257 bytes in 18 msecs (HTTP/1.1 200) 8 headers in 296 bytes (1 switches on core 0)
2026-04-15 07:52:25.013 7 INFO placement.requestlog [req-6f57f162-c9da-489c-ac1b-0b7d5eb9e246 req-827a27ef-0270-41aa-9fc3-4085b32cb4dd ccd8c132e0d0489abc223aed653e729a 35a753acdb1a4c10a3094d602b53d5a2 - - 3e157c2fe4054255b4a6cc14507166e6 3e157c2fe4054255b4a6cc14507166e6] 162.253.55.204 "GET /allocations/0c2133f0-aaf0-436d-acf2-22c99e4ffc5b" status: 200 len: 257 microversion: 1.28 [pid: 7|app: 0|req: 198/395] 162.253.55.204 () {34 vars in 863 bytes} [Wed Apr 15 07:52:24 2026] GET /allocations/0c2133f0-aaf0-436d-acf2-22c99e4ffc5b => generated 257 bytes in 16 msecs (HTTP/1.1 200) 8 headers in 296 bytes (1 switches on core 0)
2026-04-15 07:52:25.032 8 INFO placement.requestlog [req-6f57f162-c9da-489c-ac1b-0b7d5eb9e246 req-14acd793-76af-41e5-8811-88f3efe0bb7f ccd8c132e0d0489abc223aed653e729a 35a753acdb1a4c10a3094d602b53d5a2 - - 3e157c2fe4054255b4a6cc14507166e6 3e157c2fe4054255b4a6cc14507166e6] 162.253.55.204 "GET /allocations/aa3206d4-4ad7-4c42-925b-c0f94b8bd802" status: 200 len: 257 microversion: 1.28 [pid: 8|app: 0|req: 198/396] 162.253.55.204 () {34 vars in 863 bytes} [Wed Apr 15 07:52:25 2026] GET /allocations/aa3206d4-4ad7-4c42-925b-c0f94b8bd802 => generated 257 bytes in 12 msecs (HTTP/1.1 200) 8 headers in 296 bytes (1 switches on core 0)
2026-04-15 07:52:25.068 7 INFO placement.requestlog [req-6f57f162-c9da-489c-ac1b-0b7d5eb9e246 req-8e768470-81b0-400f-b47f-7805ebdbb489 ccd8c132e0d0489abc223aed653e729a 35a753acdb1a4c10a3094d602b53d5a2 - - 3e157c2fe4054255b4a6cc14507166e6 3e157c2fe4054255b4a6cc14507166e6] 162.253.55.204 "GET /allocations/425c2d95-50e4-4345-8597-040dd3e07a4e" status: 200 len: 257 microversion: 1.28 [pid: 7|app: 0|req: 199/397] 162.253.55.204 () {34 vars in 863 bytes} [Wed Apr 15 07:52:25 2026] GET /allocations/425c2d95-50e4-4345-8597-040dd3e07a4e => generated 257 bytes in 21 msecs (HTTP/1.1 200) 8 headers in 296 bytes (1 switches on core 0)
2026-04-15 07:52:26.145 8 INFO placement.requestlog [req-6f57f162-c9da-489c-ac1b-0b7d5eb9e246 req-06973f7f-bb72-4ee1-ab77-e29dac6df575 ccd8c132e0d0489abc223aed653e729a 35a753acdb1a4c10a3094d602b53d5a2 - - 3e157c2fe4054255b4a6cc14507166e6 3e157c2fe4054255b4a6cc14507166e6] 162.253.55.204 "DELETE /allocations/043d68dc-8ff3-44f4-bf41-6397f6646300" status: 204 len: 0 microversion: 1.0 [pid: 8|app: 0|req: 199/398] 162.253.55.204 () {34 vars in 841 bytes} [Wed Apr 15 07:52:26 2026] DELETE /allocations/043d68dc-8ff3-44f4-bf41-6397f6646300 => generated 0 bytes in 29 msecs (HTTP/1.1 204) 5 headers in 198 bytes (1 switches on core 0)
2026-04-15 07:52:30.670 7 INFO placement.requestlog [req-e7f46306-d656-42be-bf4e-6f3affebb4ac req-86180ea5-069d-4226-925d-8b97b13dcedb ccd8c132e0d0489abc223aed653e729a 35a753acdb1a4c10a3094d602b53d5a2 - - 3e157c2fe4054255b4a6cc14507166e6 3e157c2fe4054255b4a6cc14507166e6] 162.253.55.204 "GET /resource_providers/db8e529d-ddf0-4a4c-a32d-da237f6c0b0d/allocations" status: 200 len: 352 microversion: 1.0 [pid: 7|app: 0|req: 200/399] 162.253.55.204 () {32 vars in 857 bytes} [Wed Apr 15 07:52:30 2026] GET /resource_providers/db8e529d-ddf0-4a4c-a32d-da237f6c0b0d/allocations => generated 352 bytes in 19 msecs (HTTP/1.1 200) 6 headers in 224 bytes (1 switches on core 0)
2026-04-15 07:52:30.691 8 INFO placement.requestlog [req-e7f46306-d656-42be-bf4e-6f3affebb4ac req-2d8bdf2d-36bf-41e4-ab7f-9c1cc496cf00 ccd8c132e0d0489abc223aed653e729a 35a753acdb1a4c10a3094d602b53d5a2 - - 3e157c2fe4054255b4a6cc14507166e6 3e157c2fe4054255b4a6cc14507166e6] 162.253.55.204 "GET /allocations/0c2133f0-aaf0-436d-acf2-22c99e4ffc5b" status: 200 len: 257 microversion: 1.28 [pid: 8|app: 0|req: 200/400] 162.253.55.204 () {34 vars in 863 bytes} [Wed Apr 15 07:52:30 2026] GET /allocations/0c2133f0-aaf0-436d-acf2-22c99e4ffc5b => generated 257 bytes in 15 msecs (HTTP/1.1 200) 8 headers in 296 bytes (1 switches on core 0)
2026-04-15 07:52:30.711 7 INFO placement.requestlog [req-e7f46306-d656-42be-bf4e-6f3affebb4ac req-f8a6e171-b206-4f14-a42b-ea2a308f0814 ccd8c132e0d0489abc223aed653e729a 35a753acdb1a4c10a3094d602b53d5a2 - - 3e157c2fe4054255b4a6cc14507166e6 3e157c2fe4054255b4a6cc14507166e6] 162.253.55.204 "GET /allocations/aa3206d4-4ad7-4c42-925b-c0f94b8bd802" status: 200 len: 257 microversion: 1.28 [pid: 7|app: 0|req: 201/401] 162.253.55.204 () {34 vars in 863 bytes} [Wed Apr 15 07:52:30 2026] GET /allocations/aa3206d4-4ad7-4c42-925b-c0f94b8bd802 => generated 257 bytes in 14 msecs (HTTP/1.1 200) 8 headers in 296 bytes (1 switches on core 0)
2026-04-15 07:52:30.731 8 INFO placement.requestlog [req-e7f46306-d656-42be-bf4e-6f3affebb4ac req-c7df5c86-19dc-480c-8364-ecd58865f0c7 ccd8c132e0d0489abc223aed653e729a 35a753acdb1a4c10a3094d602b53d5a2 - - 3e157c2fe4054255b4a6cc14507166e6 3e157c2fe4054255b4a6cc14507166e6] 162.253.55.204 "GET /allocations/425c2d95-50e4-4345-8597-040dd3e07a4e" status: 200 len: 257 microversion: 1.28 [pid: 8|app: 0|req: 201/402] 162.253.55.204 () {34 vars in 863 bytes} [Wed Apr 15 07:52:30 2026] GET /allocations/425c2d95-50e4-4345-8597-040dd3e07a4e => generated 257 bytes in 15 msecs (HTTP/1.1 200) 8 headers in 296 bytes (1 switches on core 0)
2026-04-15 07:52:30.887 7 INFO placement.requestlog [None req-798b586a-def2-48b1-a036-9a1a8a85468c - - - - - -] 10.0.0.130 "GET /" status: 200 len: 136 microversion: 1.0
2026-04-15 07:52:30.887 8 INFO placement.requestlog [None req-dc972e9b-db9b-4053-8eeb-eba5a76dadcb - - - - - -] 10.0.0.130 "GET /" status: 200 len: 136 microversion: 1.0
2026-04-15 07:52:31.060 7 INFO placement.requestlog [None req-281530eb-dc42-4dbe-b266-5e1897f8940c 7920efe6265f492cb86e277418efa7fc 35a753acdb1a4c10a3094d602b53d5a2 - - 3e157c2fe4054255b4a6cc14507166e6 3e157c2fe4054255b4a6cc14507166e6] 10.0.0.185 "GET /resource_providers/00891a2d-0af2-43d5-8f3f-13b5ad6c30b3/aggregates" status: 404 len: 235 microversion: 1.1 [pid: 7|app: 0|req: 203/405] 10.0.0.185 () {32 vars in 816 bytes} [Wed Apr 15 07:52:31 2026] GET /resource_providers/00891a2d-0af2-43d5-8f3f-13b5ad6c30b3/aggregates => generated 235 bytes in 11 msecs (HTTP/1.1 404) 5 headers in 202 bytes (1 switches on core 0)
2026-04-15 07:52:31.062 8 INFO placement.requestlog [None req-c116ee24-aeb0-469c-b3f6-722748a4ad18 7920efe6265f492cb86e277418efa7fc 35a753acdb1a4c10a3094d602b53d5a2 - - 3e157c2fe4054255b4a6cc14507166e6 3e157c2fe4054255b4a6cc14507166e6] 10.0.0.185 "GET /resource_providers/00891a2d-0af2-43d5-8f3f-13b5ad6c30b3/aggregates" status: 404 len: 235 microversion: 1.1 [pid: 8|app: 0|req: 203/406] 10.0.0.185 () {32 vars in 816 bytes} [Wed Apr 15 07:52:31 2026] GET /resource_providers/00891a2d-0af2-43d5-8f3f-13b5ad6c30b3/aggregates => generated 235 bytes in 12 msecs (HTTP/1.1 404) 5 headers in 202 bytes (1 switches on core 0)
2026-04-15 07:52:31.085 7 INFO placement.requestlog [None req-b0f93242-a638-4462-a1ce-c82de92f8654 7920efe6265f492cb86e277418efa7fc 35a753acdb1a4c10a3094d602b53d5a2 - - 3e157c2fe4054255b4a6cc14507166e6 3e157c2fe4054255b4a6cc14507166e6] 10.0.0.185 "DELETE /resource_providers/00891a2d-0af2-43d5-8f3f-13b5ad6c30b3" status: 404 len: 246 microversion: 1.1
2026-04-15 07:52:31.085 8 INFO placement.requestlog [None req-a5d672aa-b4ef-4ff8-a9db-b9c9b4f3d071 7920efe6265f492cb86e277418efa7fc 35a753acdb1a4c10a3094d602b53d5a2 - - 3e157c2fe4054255b4a6cc14507166e6 3e157c2fe4054255b4a6cc14507166e6] 10.0.0.185 "DELETE /resource_providers/00891a2d-0af2-43d5-8f3f-13b5ad6c30b3" status: 404 len: 246 microversion: 1.1 [pid: 7|app: 0|req: 204/408] 10.0.0.185 () {34 vars in 816 bytes} [Wed Apr 15 07:52:31 2026] DELETE /resource_providers/00891a2d-0af2-43d5-8f3f-13b5ad6c30b3 => generated 246 bytes in 11 msecs (HTTP/1.1 404) 6 headers in 231 bytes (1 switches on core 0) [pid: 8|app: 0|req: 204/408] 10.0.0.185 () {34 vars in 816 bytes} [Wed Apr 15 07:52:31 2026] DELETE /resource_providers/00891a2d-0af2-43d5-8f3f-13b5ad6c30b3 => generated 246 bytes in 10 msecs (HTTP/1.1 404) 6 headers in 231 bytes (1 switches on core 0)
2026-04-15 07:52:31.782 7 INFO placement.requestlog [req-e7f46306-d656-42be-bf4e-6f3affebb4ac req-cfe166d8-3a78-4e2f-aacc-88b886b09fa7 ccd8c132e0d0489abc223aed653e729a 35a753acdb1a4c10a3094d602b53d5a2 - - 3e157c2fe4054255b4a6cc14507166e6 3e157c2fe4054255b4a6cc14507166e6] 162.253.55.204 "DELETE /allocations/aa3206d4-4ad7-4c42-925b-c0f94b8bd802" status: 204 len: 0 microversion: 1.0 [pid: 7|app: 0|req: 205/409] 162.253.55.204 () {34 vars in 841 bytes} [Wed Apr 15 07:52:31 2026] DELETE /allocations/aa3206d4-4ad7-4c42-925b-c0f94b8bd802 => generated 0 bytes in 26 msecs (HTTP/1.1 204) 5 headers in 198 bytes (1 switches on core 0)
2026-04-15 07:52:35.285 8 INFO placement.requestlog [None req-56be9c66-b6e8-48e5-9318-c8889f5d3f08 7920efe6265f492cb86e277418efa7fc 35a753acdb1a4c10a3094d602b53d5a2 - - 3e157c2fe4054255b4a6cc14507166e6 3e157c2fe4054255b4a6cc14507166e6] 10.0.0.185 "GET /resource_providers/cba51900-0b65-4cfa-9ca1-a45c40f0c4c1/aggregates" status: 404 len: 235 microversion: 1.1 [pid: 8|app: 0|req: 205/410] 10.0.0.185 () {32 vars in 816 bytes} [Wed Apr 15 07:52:35 2026] GET /resource_providers/cba51900-0b65-4cfa-9ca1-a45c40f0c4c1/aggregates => generated 235 bytes in 14 msecs (HTTP/1.1 404) 5 headers in 202 bytes (1 switches on core 0)
2026-04-15 07:52:35.296 7 INFO placement.requestlog [None req-a50d6a75-58a0-4b66-9a6f-cdeb846305f2 7920efe6265f492cb86e277418efa7fc 35a753acdb1a4c10a3094d602b53d5a2 - - 3e157c2fe4054255b4a6cc14507166e6 3e157c2fe4054255b4a6cc14507166e6] 10.0.0.185 "GET /resource_providers/cba51900-0b65-4cfa-9ca1-a45c40f0c4c1/aggregates" status: 404 len: 235 microversion: 1.1 [pid: 7|app: 0|req: 206/411] 10.0.0.185 () {32 vars in 816 bytes} [Wed Apr 15 07:52:35 2026] GET /resource_providers/cba51900-0b65-4cfa-9ca1-a45c40f0c4c1/aggregates => generated 235 bytes in 17 msecs (HTTP/1.1 404) 5 headers in 202 bytes (1 switches on core 0)
2026-04-15 07:52:35.328 8 INFO placement.requestlog [None req-f02a7e01-2768-40b7-ab00-dcf2eb9b50d8 7920efe6265f492cb86e277418efa7fc 35a753acdb1a4c10a3094d602b53d5a2 - - 3e157c2fe4054255b4a6cc14507166e6 3e157c2fe4054255b4a6cc14507166e6] 10.0.0.185 "DELETE /resource_providers/cba51900-0b65-4cfa-9ca1-a45c40f0c4c1" status: 404 len: 246 microversion: 1.1 [pid: 8|app: 0|req: 206/412] 10.0.0.185 () {34 vars in 816 bytes} [Wed Apr 15 07:52:35 2026] DELETE /resource_providers/cba51900-0b65-4cfa-9ca1-a45c40f0c4c1 => generated 246 bytes in 10 msecs (HTTP/1.1 404) 6 headers in 231 bytes (1 switches on core 0)
2026-04-15 07:52:35.350 7 INFO placement.requestlog [None req-f17dcd10-195f-453b-b023-c1a852351401 7920efe6265f492cb86e277418efa7fc 35a753acdb1a4c10a3094d602b53d5a2 - - 3e157c2fe4054255b4a6cc14507166e6 3e157c2fe4054255b4a6cc14507166e6] 10.0.0.185 "DELETE /resource_providers/cba51900-0b65-4cfa-9ca1-a45c40f0c4c1" status: 404 len: 246 microversion: 1.1 [pid: 7|app: 0|req: 207/413] 10.0.0.185 () {34 vars in 816 bytes} [Wed Apr 15 07:52:35 2026] DELETE /resource_providers/cba51900-0b65-4cfa-9ca1-a45c40f0c4c1 => generated 246 bytes in 10 msecs (HTTP/1.1 404) 6 headers in 231 bytes (1 switches on core 0)
2026-04-15 07:52:40.887 8 INFO placement.requestlog [None req-c28549ec-1519-4bf0-a869-258284554a03 - - - - - -] 10.0.0.130 "GET /" status: 200 len: 136 microversion: 1.0
2026-04-15 07:52:40.888 7 INFO placement.requestlog [None req-e42d6abf-81e4-499d-a7a4-93c936be82aa - - - - - -] 10.0.0.130 "GET /" status: 200 len: 136 microversion: 1.0
2026-04-15 07:52:41.815 8 INFO placement.requestlog [req-3dbddd36-17cd-43bc-9b6d-6ec3f823bfb2 req-a200fed9-9421-4136-84df-a4d7747c0b96 ccd8c132e0d0489abc223aed653e729a 35a753acdb1a4c10a3094d602b53d5a2 - - 3e157c2fe4054255b4a6cc14507166e6 3e157c2fe4054255b4a6cc14507166e6] 162.253.55.204 "GET /resource_providers/db8e529d-ddf0-4a4c-a32d-da237f6c0b0d/allocations" status: 200 len: 252 microversion: 1.0 [pid: 8|app: 0|req: 208/416] 162.253.55.204 () {32 vars in 857 bytes} [Wed Apr 15 07:52:41 2026] GET /resource_providers/db8e529d-ddf0-4a4c-a32d-da237f6c0b0d/allocations => generated 252 bytes in 20 msecs (HTTP/1.1 200) 6 headers in 224 bytes (1 switches on core 0)
2026-04-15 07:52:41.832 7 INFO placement.requestlog [req-3dbddd36-17cd-43bc-9b6d-6ec3f823bfb2 req-e6845e02-ab99-4ff6-95fd-a1e55cfafb52 ccd8c132e0d0489abc223aed653e729a 35a753acdb1a4c10a3094d602b53d5a2 - - 3e157c2fe4054255b4a6cc14507166e6 3e157c2fe4054255b4a6cc14507166e6] 162.253.55.204 "GET /allocations/0c2133f0-aaf0-436d-acf2-22c99e4ffc5b" status: 200 len: 257 microversion: 1.28 [pid: 7|app: 0|req: 209/417] 162.253.55.204 () {34 vars in 863 bytes} [Wed Apr 15 07:52:41 2026] GET /allocations/0c2133f0-aaf0-436d-acf2-22c99e4ffc5b => generated 257 bytes in 10 msecs (HTTP/1.1 200) 8 headers in 296 bytes (1 switches on core 0)
2026-04-15 07:52:41.851 8 INFO placement.requestlog [req-3dbddd36-17cd-43bc-9b6d-6ec3f823bfb2 req-a0c2d3c5-1d10-4d9a-96e6-7d19275ec964 ccd8c132e0d0489abc223aed653e729a 35a753acdb1a4c10a3094d602b53d5a2 - - 3e157c2fe4054255b4a6cc14507166e6 3e157c2fe4054255b4a6cc14507166e6] 162.253.55.204 "GET /allocations/425c2d95-50e4-4345-8597-040dd3e07a4e" status: 200 len: 257 microversion: 1.28 [pid: 8|app: 0|req: 209/418] 162.253.55.204 () {34 vars in 863 bytes} [Wed Apr 15 07:52:41 2026] GET /allocations/425c2d95-50e4-4345-8597-040dd3e07a4e => generated 257 bytes in 13 msecs (HTTP/1.1 200) 8 headers in 296 bytes (1 switches on core 0)
2026-04-15 07:52:42.923 7 INFO placement.requestlog [req-3dbddd36-17cd-43bc-9b6d-6ec3f823bfb2 req-b9ddd904-e1cc-4c9b-903a-a0026b9ec9cf ccd8c132e0d0489abc223aed653e729a 35a753acdb1a4c10a3094d602b53d5a2 - - 3e157c2fe4054255b4a6cc14507166e6 3e157c2fe4054255b4a6cc14507166e6] 162.253.55.204 "DELETE /allocations/0c2133f0-aaf0-436d-acf2-22c99e4ffc5b" status: 204 len: 0 microversion: 1.0 [pid: 7|app: 0|req: 210/419] 162.253.55.204 () {34 vars in 841 bytes} [Wed Apr 15 07:52:42 2026] DELETE /allocations/0c2133f0-aaf0-436d-acf2-22c99e4ffc5b => generated 0 bytes in 43 msecs (HTTP/1.1 204) 5 headers in 198 bytes (1 switches on core 0)
2026-04-15 07:52:46.814 7 INFO placement.requestlog [None req-6192accf-55e9-4813-bf66-9e47695f76d8 7920efe6265f492cb86e277418efa7fc 35a753acdb1a4c10a3094d602b53d5a2 - - 3e157c2fe4054255b4a6cc14507166e6 3e157c2fe4054255b4a6cc14507166e6] 10.0.0.185 "GET /resource_providers/ece1b21b-08f3-441d-a408-fff45ca209f1/aggregates" status: 404 len: 235 microversion: 1.1 [pid: 7|app: 0|req: 211/420] 10.0.0.185 () {32 vars in 816 bytes} [Wed Apr 15 07:52:46 2026] GET /resource_providers/ece1b21b-08f3-441d-a408-fff45ca209f1/aggregates => generated 235 bytes in 10 msecs (HTTP/1.1 404) 5 headers in 202 bytes (1 switches on core 0)
2026-04-15 07:52:46.825 8 INFO placement.requestlog [None req-b1fd26cc-0158-4f9b-8506-dc5c92ea5475 7920efe6265f492cb86e277418efa7fc 35a753acdb1a4c10a3094d602b53d5a2 - - 3e157c2fe4054255b4a6cc14507166e6 3e157c2fe4054255b4a6cc14507166e6] 10.0.0.185 "GET /resource_providers/ece1b21b-08f3-441d-a408-fff45ca209f1/aggregates" status: 404 len: 235 microversion: 1.1 [pid: 8|app: 0|req: 210/421] 10.0.0.185 () {32 vars in 816 bytes} [Wed Apr 15 07:52:46 2026] GET /resource_providers/ece1b21b-08f3-441d-a408-fff45ca209f1/aggregates => generated 235 bytes in 21 msecs (HTTP/1.1 404) 5 headers in 202 bytes (1 switches on core 0)
2026-04-15 07:52:46.832 7 INFO placement.requestlog [None req-56fb9799-9d90-4551-9e82-536ee6975f13 7920efe6265f492cb86e277418efa7fc 35a753acdb1a4c10a3094d602b53d5a2 - - 3e157c2fe4054255b4a6cc14507166e6 3e157c2fe4054255b4a6cc14507166e6] 10.0.0.185 "DELETE /resource_providers/ece1b21b-08f3-441d-a408-fff45ca209f1" status: 404 len: 246 microversion: 1.1 [pid: 7|app: 0|req: 212/422] 10.0.0.185 () {34 vars in 816 bytes} [Wed Apr 15 07:52:46 2026] DELETE /resource_providers/ece1b21b-08f3-441d-a408-fff45ca209f1 => generated 246 bytes in 10 msecs (HTTP/1.1 404) 6 headers in 231 bytes (1 switches on core 0)
2026-04-15 07:52:46.852 8 INFO placement.requestlog [None req-12d31293-641e-4c14-af56-1977675f3376 7920efe6265f492cb86e277418efa7fc 35a753acdb1a4c10a3094d602b53d5a2 - - 3e157c2fe4054255b4a6cc14507166e6 3e157c2fe4054255b4a6cc14507166e6] 10.0.0.185 "DELETE /resource_providers/ece1b21b-08f3-441d-a408-fff45ca209f1" status: 404 len: 246 microversion: 1.1 [pid: 8|app: 0|req: 211/423] 10.0.0.185 () {34 vars in 816 bytes} [Wed Apr 15 07:52:46 2026] DELETE /resource_providers/ece1b21b-08f3-441d-a408-fff45ca209f1 => generated 246 bytes in 16 msecs (HTTP/1.1 404) 6 headers in 231 bytes (1 switches on core 0)
2026-04-15 07:52:47.677 7 INFO placement.requestlog [req-cf1d5548-0777-4d94-b3a6-70c675721645 req-410247d8-5cfb-41aa-b5ad-60995ed1e351 ccd8c132e0d0489abc223aed653e729a 35a753acdb1a4c10a3094d602b53d5a2 - - 3e157c2fe4054255b4a6cc14507166e6 3e157c2fe4054255b4a6cc14507166e6] 162.253.55.204 "GET /resource_providers/db8e529d-ddf0-4a4c-a32d-da237f6c0b0d/allocations" status: 200 len: 152 microversion: 1.0 [pid: 7|app: 0|req: 213/424] 162.253.55.204 () {32 vars in 857 bytes} [Wed Apr 15 07:52:47 2026] GET /resource_providers/db8e529d-ddf0-4a4c-a32d-da237f6c0b0d/allocations => generated 152 bytes in 33 msecs (HTTP/1.1 200) 6 headers in 224 bytes (1 switches on core 0)
2026-04-15 07:52:47.710 8 INFO placement.requestlog [req-cf1d5548-0777-4d94-b3a6-70c675721645 req-affcf18f-ee45-4d76-849f-6bc08036a543 ccd8c132e0d0489abc223aed653e729a 35a753acdb1a4c10a3094d602b53d5a2 - - 3e157c2fe4054255b4a6cc14507166e6 3e157c2fe4054255b4a6cc14507166e6] 162.253.55.204 "GET /resource_providers/db8e529d-ddf0-4a4c-a32d-da237f6c0b0d/allocations" status: 200 len: 152 microversion: 1.0 [pid: 8|app: 0|req: 212/425] 162.253.55.204 () {32 vars in 857 bytes} [Wed Apr 15 07:52:47 2026] GET /resource_providers/db8e529d-ddf0-4a4c-a32d-da237f6c0b0d/allocations => generated 152 bytes in 28 msecs (HTTP/1.1 200) 6 headers in 224 bytes (1 switches on core 0)
2026-04-15 07:52:47.727 7 INFO placement.requestlog [req-cf1d5548-0777-4d94-b3a6-70c675721645 req-c2960e1a-eb79-48a7-a8c7-cae899423484 ccd8c132e0d0489abc223aed653e729a 35a753acdb1a4c10a3094d602b53d5a2 - - 3e157c2fe4054255b4a6cc14507166e6 3e157c2fe4054255b4a6cc14507166e6] 162.253.55.204 "GET /allocations/425c2d95-50e4-4345-8597-040dd3e07a4e" status: 200 len: 257 microversion: 1.28 [pid: 7|app: 0|req: 214/426] 162.253.55.204 () {34 vars in 863 bytes} [Wed Apr 15 07:52:47 2026] GET /allocations/425c2d95-50e4-4345-8597-040dd3e07a4e => generated 257 bytes in 12 msecs (HTTP/1.1 200) 8 headers in 296 bytes (1 switches on core 0)
2026-04-15 07:52:50.887 7 INFO placement.requestlog [None req-4448a2fc-cae0-43a7-b240-8e3734dfb956 - - - - - -] 10.0.0.130 "GET /" status: 200 len: 136 microversion: 1.0
2026-04-15 07:52:50.887 8 INFO placement.requestlog [None req-f62aa60d-44c8-43a0-9008-1cb336be6a74 - - - - - -] 10.0.0.130 "GET /" status: 200 len: 136 microversion: 1.0
2026-04-15 07:52:57.325 7 INFO placement.requestlog [None req-64a5e6d8-a92b-4a35-9984-d4c9ada19ce1 7920efe6265f492cb86e277418efa7fc 35a753acdb1a4c10a3094d602b53d5a2 - - 3e157c2fe4054255b4a6cc14507166e6 3e157c2fe4054255b4a6cc14507166e6] 10.0.0.185 "GET /resource_providers/194d790a-3fab-4533-b70d-70b8a8ae59f3/aggregates" status: 404 len: 235 microversion: 1.1 [pid: 7|app: 0|req: 216/429] 10.0.0.185 () {32 vars in 816 bytes} [Wed Apr 15 07:52:57 2026] GET /resource_providers/194d790a-3fab-4533-b70d-70b8a8ae59f3/aggregates => generated 235 bytes in 8 msecs (HTTP/1.1 404) 5 headers in 202 bytes (1 switches on core 0)
2026-04-15 07:52:57.329 8 INFO placement.requestlog [None req-45380907-0355-4928-acab-232e725a2a70 7920efe6265f492cb86e277418efa7fc 35a753acdb1a4c10a3094d602b53d5a2 - - 3e157c2fe4054255b4a6cc14507166e6 3e157c2fe4054255b4a6cc14507166e6] 10.0.0.185 "GET /resource_providers/194d790a-3fab-4533-b70d-70b8a8ae59f3/aggregates" status: 404 len: 235 microversion: 1.1 [pid: 8|app: 0|req: 214/430] 10.0.0.185 () {32 vars in 816 bytes} [Wed Apr 15 07:52:57 2026] GET /resource_providers/194d790a-3fab-4533-b70d-70b8a8ae59f3/aggregates => generated 235 bytes in 8 msecs (HTTP/1.1 404) 5 headers in 202 bytes (1 switches on core 0)
2026-04-15 07:52:57.349 7 INFO placement.requestlog [None req-433653ad-3a69-4791-a8ca-d313cab40992 7920efe6265f492cb86e277418efa7fc 35a753acdb1a4c10a3094d602b53d5a2 - - 3e157c2fe4054255b4a6cc14507166e6 3e157c2fe4054255b4a6cc14507166e6] 10.0.0.185 "DELETE /resource_providers/194d790a-3fab-4533-b70d-70b8a8ae59f3" status: 404 len: 246 microversion: 1.1 [pid: 7|app: 0|req: 217/431] 10.0.0.185 () {34 vars in 816 bytes} [Wed Apr 15 07:52:57 2026] DELETE /resource_providers/194d790a-3fab-4533-b70d-70b8a8ae59f3 => generated 246 bytes in 9 msecs (HTTP/1.1 404) 6 headers in 231 bytes (1 switches on core 0)
2026-04-15 07:52:57.355 8 INFO placement.requestlog [None req-1cdf49bd-a294-4a4f-85d1-c91e531a6fa3 7920efe6265f492cb86e277418efa7fc 35a753acdb1a4c10a3094d602b53d5a2 - - 3e157c2fe4054255b4a6cc14507166e6 3e157c2fe4054255b4a6cc14507166e6] 10.0.0.185 "DELETE /resource_providers/194d790a-3fab-4533-b70d-70b8a8ae59f3" status: 404 len: 246 microversion: 1.1 [pid: 8|app: 0|req: 215/432] 10.0.0.185 () {34 vars in 816 bytes} [Wed Apr 15 07:52:57 2026] DELETE /resource_providers/194d790a-3fab-4533-b70d-70b8a8ae59f3 => generated 246 bytes in 13 msecs (HTTP/1.1 404) 6 headers in 231 bytes (1 switches on core 0)
2026-04-15 07:52:59.372 7 INFO placement.requestlog [None req-46a215bc-2142-4edf-a021-64637accf72a 7920efe6265f492cb86e277418efa7fc 35a753acdb1a4c10a3094d602b53d5a2 - - 3e157c2fe4054255b4a6cc14507166e6 3e157c2fe4054255b4a6cc14507166e6] 10.0.0.185 "GET /resource_providers/7df74afc-faf0-4ab1-9742-acff95ff98d5/aggregates" status: 404 len: 235 microversion: 1.1 [pid: 7|app: 0|req: 218/433] 10.0.0.185 () {32 vars in 816 bytes} [Wed Apr 15 07:52:59 2026] GET /resource_providers/7df74afc-faf0-4ab1-9742-acff95ff98d5/aggregates => generated 235 bytes in 12 msecs (HTTP/1.1 404) 5 headers in 202 bytes (1 switches on core 0)
2026-04-15 07:52:59.381 8 INFO placement.requestlog [None req-fd0b4131-2da8-45ff-9c4d-7c9cdbeeef6b 7920efe6265f492cb86e277418efa7fc 35a753acdb1a4c10a3094d602b53d5a2 - - 3e157c2fe4054255b4a6cc14507166e6 3e157c2fe4054255b4a6cc14507166e6] 10.0.0.185 "GET /resource_providers/7df74afc-faf0-4ab1-9742-acff95ff98d5/aggregates" status: 404 len: 235 microversion: 1.1 [pid: 8|app: 0|req: 216/434] 10.0.0.185 () {32 vars in 816 bytes} [Wed Apr 15 07:52:59 2026] GET /resource_providers/7df74afc-faf0-4ab1-9742-acff95ff98d5/aggregates => generated 235 bytes in 11 msecs (HTTP/1.1 404) 5 headers in 202 bytes (1 switches on core 0)
2026-04-15 07:52:59.390 7 INFO placement.requestlog [None req-57cbf570-e38c-4965-85c4-9c1f6f120f27 7920efe6265f492cb86e277418efa7fc 35a753acdb1a4c10a3094d602b53d5a2 - - 3e157c2fe4054255b4a6cc14507166e6 3e157c2fe4054255b4a6cc14507166e6] 10.0.0.185 "DELETE /resource_providers/7df74afc-faf0-4ab1-9742-acff95ff98d5" status: 404 len: 246 microversion: 1.1 [pid: 7|app: 0|req: 219/435] 10.0.0.185 () {34 vars in 816 bytes} [Wed Apr 15 07:52:59 2026] DELETE /resource_providers/7df74afc-faf0-4ab1-9742-acff95ff98d5 => generated 246 bytes in 10 msecs (HTTP/1.1 404) 6 headers in 231 bytes (1 switches on core 0)
2026-04-15 07:52:59.397 8 INFO placement.requestlog [None req-0d43d3e9-dea7-448b-b125-c418a48fcdb3 7920efe6265f492cb86e277418efa7fc 35a753acdb1a4c10a3094d602b53d5a2 - - 3e157c2fe4054255b4a6cc14507166e6 3e157c2fe4054255b4a6cc14507166e6] 10.0.0.185 "DELETE /resource_providers/7df74afc-faf0-4ab1-9742-acff95ff98d5" status: 404 len: 246 microversion: 1.1 [pid: 8|app: 0|req: 217/436] 10.0.0.185 () {34 vars in 816 bytes} [Wed Apr 15 07:52:59 2026] DELETE /resource_providers/7df74afc-faf0-4ab1-9742-acff95ff98d5 => generated 246 bytes in 9 msecs (HTTP/1.1 404) 6 headers in 231 bytes (1 switches on core 0)
2026-04-15 07:53:00.887 7 INFO placement.requestlog [None req-9f182a18-b177-49fc-953c-df9535adc656 - - - - - -] 10.0.0.130 "GET /" status: 200 len: 136 microversion: 1.0
2026-04-15 07:53:00.887 8 INFO placement.requestlog [None req-94b12db5-1ed2-40ff-af38-5da796bce5ff - - - - - -] 10.0.0.130 "GET /" status: 200 len: 136 microversion: 1.0
2026-04-15 07:53:04.454 8 INFO placement.requestlog [req-d20688de-d097-4c4a-88f2-f96926377170 req-9bc0fdb7-947e-4ad3-9444-0802ef79ad1d ccd8c132e0d0489abc223aed653e729a 35a753acdb1a4c10a3094d602b53d5a2 - - 3e157c2fe4054255b4a6cc14507166e6 3e157c2fe4054255b4a6cc14507166e6] 10.0.0.91 "GET /allocation_candidates?limit=1000&resources=MEMORY_MB%3A512%2CVCPU%3A1&root_required=%21COMPUTE_STATUS_DISABLED" status: 200 len: 2769 microversion: 1.36 [pid: 8|app: 0|req: 219/439] 10.0.0.91 () {34 vars in 983 bytes} [Wed Apr 15 07:53:04 2026] GET /allocation_candidates?limit=1000&resources=MEMORY_MB%3A512%2CVCPU%3A1&root_required=%21COMPUTE_STATUS_DISABLED => generated 2769 bytes in 48 msecs (HTTP/1.1 200) 8 headers in 297 bytes (1 switches on core 0)
2026-04-15 07:53:04.487 7 INFO placement.requestlog [req-d20688de-d097-4c4a-88f2-f96926377170 req-e7e634c9-e68a-4c57-9d89-8d926ea09fda ccd8c132e0d0489abc223aed653e729a 35a753acdb1a4c10a3094d602b53d5a2 - - 3e157c2fe4054255b4a6cc14507166e6 3e157c2fe4054255b4a6cc14507166e6] 10.0.0.91 "GET /allocations/a2cd7605-8f35-42e8-a402-38229dd6337c" status: 200 len: 19 microversion: 1.28 [pid: 7|app: 0|req: 221/440] 10.0.0.91 () {34 vars in 860 bytes} [Wed Apr 15 07:53:04 2026] GET /allocations/a2cd7605-8f35-42e8-a402-38229dd6337c => generated 19 bytes in 10 msecs (HTTP/1.1 200) 8 headers in 295 bytes (1 switches on core 0)
2026-04-15 07:53:04.545 8 INFO placement.requestlog [req-d20688de-d097-4c4a-88f2-f96926377170 req-2dd09d93-4a81-4737-b3d8-17ca3764ff93 ccd8c132e0d0489abc223aed653e729a 35a753acdb1a4c10a3094d602b53d5a2 - - 3e157c2fe4054255b4a6cc14507166e6 3e157c2fe4054255b4a6cc14507166e6] 10.0.0.91 "PUT /allocations/a2cd7605-8f35-42e8-a402-38229dd6337c" status: 204 len: 0 microversion: 1.36 [pid: 8|app: 0|req: 220/441] 10.0.0.91 () {38 vars in 913 bytes} [Wed Apr 15 07:53:04 2026] PUT /allocations/a2cd7605-8f35-42e8-a402-38229dd6337c => generated 0 bytes in 50 msecs (HTTP/1.1 204) 5 headers in 199 bytes (1 switches on core 0)
2026-04-15 07:53:06.080 7 INFO placement.requestlog [req-d20688de-d097-4c4a-88f2-f96926377170 req-f7fa6b6e-9f89-4797-a7b8-8a36f0ede4c2 ccd8c132e0d0489abc223aed653e729a 35a753acdb1a4c10a3094d602b53d5a2 - - 3e157c2fe4054255b4a6cc14507166e6 3e157c2fe4054255b4a6cc14507166e6] 162.253.55.204 "GET /allocations/a2cd7605-8f35-42e8-a402-38229dd6337c" status: 200 len: 243 microversion: 1.28 [pid: 7|app: 0|req: 222/442] 162.253.55.204 () {34 vars in 863 bytes} [Wed Apr 15 07:53:06 2026] GET /allocations/a2cd7605-8f35-42e8-a402-38229dd6337c => generated 243 bytes in 15 msecs (HTTP/1.1 200) 8 headers in 296 bytes (1 switches on core 0)
2026-04-15 07:53:06.387 8 INFO placement.requestlog [None req-08231d27-ddc4-42ef-8a16-b8652b5254f8 7920efe6265f492cb86e277418efa7fc 35a753acdb1a4c10a3094d602b53d5a2 - - 3e157c2fe4054255b4a6cc14507166e6 3e157c2fe4054255b4a6cc14507166e6] 10.0.0.185 "GET /resource_providers/504df35f-e4b3-48b3-a8aa-3551a6ef5943/aggregates" status: 404 len: 235 microversion: 1.1 [pid: 8|app: 0|req: 221/443] 10.0.0.185 () {32 vars in 816 bytes} [Wed Apr 15 07:53:06 2026] GET /resource_providers/504df35f-e4b3-48b3-a8aa-3551a6ef5943/aggregates => generated 235 bytes in 25 msecs (HTTP/1.1 404) 5 headers in 202 bytes (1 switches on core 0)
2026-04-15 07:53:06.391 7 INFO placement.requestlog [None req-d7758064-e1e9-46ca-82c6-aa79ff609681 7920efe6265f492cb86e277418efa7fc 35a753acdb1a4c10a3094d602b53d5a2 - - 3e157c2fe4054255b4a6cc14507166e6 3e157c2fe4054255b4a6cc14507166e6] 10.0.0.185 "GET /resource_providers/504df35f-e4b3-48b3-a8aa-3551a6ef5943/aggregates" status: 404 len: 235 microversion: 1.1 [pid: 7|app: 0|req: 223/444] 10.0.0.185 () {32 vars in 816 bytes} [Wed Apr 15 07:53:06 2026] GET /resource_providers/504df35f-e4b3-48b3-a8aa-3551a6ef5943/aggregates => generated 235 bytes in 28 msecs (HTTP/1.1 404) 5 headers in 202 bytes (1 switches on core 0)
2026-04-15 07:53:06.409 8 INFO placement.requestlog [None req-38b1623b-8613-4493-914e-bd54a0b3fdb6 7920efe6265f492cb86e277418efa7fc 35a753acdb1a4c10a3094d602b53d5a2 - - 3e157c2fe4054255b4a6cc14507166e6 3e157c2fe4054255b4a6cc14507166e6] 10.0.0.185 "DELETE /resource_providers/504df35f-e4b3-48b3-a8aa-3551a6ef5943" status: 404 len: 246 microversion: 1.1 [pid: 8|app: 0|req: 222/445] 10.0.0.185 () {34 vars in 816 bytes} [Wed Apr 15 07:53:06 2026] DELETE /resource_providers/504df35f-e4b3-48b3-a8aa-3551a6ef5943 => generated 246 bytes in 11 msecs (HTTP/1.1 404) 6 headers in 231 bytes (1 switches on core 0)
2026-04-15 07:53:06.413 7 INFO placement.requestlog [None req-c2b8f013-470f-4f6c-ba75-8d7004bca8e2 7920efe6265f492cb86e277418efa7fc 35a753acdb1a4c10a3094d602b53d5a2 - - 3e157c2fe4054255b4a6cc14507166e6 3e157c2fe4054255b4a6cc14507166e6] 10.0.0.185 "DELETE /resource_providers/504df35f-e4b3-48b3-a8aa-3551a6ef5943" status: 404 len: 246 microversion: 1.1 [pid: 7|app: 0|req: 224/446] 10.0.0.185 () {34 vars in 816 bytes} [Wed Apr 15 07:53:06 2026] DELETE /resource_providers/504df35f-e4b3-48b3-a8aa-3551a6ef5943 => generated 246 bytes in 11 msecs (HTTP/1.1 404) 6 headers in 231 bytes (1 switches on core 0)
2026-04-15 07:53:07.141 8 INFO placement.requestlog [req-d20688de-d097-4c4a-88f2-f96926377170 req-b21f2c80-0f99-47fc-9bb6-7c266c5a5695 ccd8c132e0d0489abc223aed653e729a 35a753acdb1a4c10a3094d602b53d5a2 - - 3e157c2fe4054255b4a6cc14507166e6 3e157c2fe4054255b4a6cc14507166e6] 162.253.55.204 "GET /resource_providers/db8e529d-ddf0-4a4c-a32d-da237f6c0b0d/allocations" status: 200 len: 238 microversion: 1.0 [pid: 8|app: 0|req: 223/447] 162.253.55.204 () {32 vars in 857 bytes} [Wed Apr 15 07:53:07 2026] GET /resource_providers/db8e529d-ddf0-4a4c-a32d-da237f6c0b0d/allocations => generated 238 bytes in 33 msecs (HTTP/1.1 200) 6 headers in 224 bytes (1 switches on core 0)
2026-04-15 07:53:07.164 7 INFO placement.requestlog [req-d20688de-d097-4c4a-88f2-f96926377170 req-e62d68d5-a776-4404-9bc8-e2064053f53a ccd8c132e0d0489abc223aed653e729a 35a753acdb1a4c10a3094d602b53d5a2 - - 3e157c2fe4054255b4a6cc14507166e6 3e157c2fe4054255b4a6cc14507166e6] 162.253.55.204 "GET /allocations/a2cd7605-8f35-42e8-a402-38229dd6337c" status: 200 len: 243 microversion: 1.28 [pid: 7|app: 0|req: 225/448] 162.253.55.204 () {34 vars in 863 bytes} [Wed Apr 15 07:53:07 2026] GET /allocations/a2cd7605-8f35-42e8-a402-38229dd6337c => generated 243 bytes in 15 msecs (HTTP/1.1 200) 8 headers in 296 bytes (1 switches on core 0)
2026-04-15 07:53:07.179 8 INFO placement.requestlog [req-d20688de-d097-4c4a-88f2-f96926377170 req-e528a709-de8a-4251-88ca-9a9dc6c51b11 ccd8c132e0d0489abc223aed653e729a 35a753acdb1a4c10a3094d602b53d5a2 - - 3e157c2fe4054255b4a6cc14507166e6 3e157c2fe4054255b4a6cc14507166e6] 162.253.55.204 "GET /allocations/425c2d95-50e4-4345-8597-040dd3e07a4e" status: 200 len: 257 microversion: 1.28 [pid: 8|app: 0|req: 224/449] 162.253.55.204 () {34 vars in 863 bytes} [Wed Apr 15 07:53:07 2026] GET /allocations/425c2d95-50e4-4345-8597-040dd3e07a4e => generated 257 bytes in 11 msecs (HTTP/1.1 200) 8 headers in 296 bytes (1 switches on core 0)
2026-04-15 07:53:08.719 7 INFO placement.requestlog [None req-b78735e8-98a7-4e38-8477-446b6a7b9cb9 7920efe6265f492cb86e277418efa7fc 35a753acdb1a4c10a3094d602b53d5a2 - - 3e157c2fe4054255b4a6cc14507166e6 3e157c2fe4054255b4a6cc14507166e6] 10.0.0.185 "GET /resource_providers/963d1ef7-d7b6-4fac-a0f5-c0a95da4406d/aggregates" status: 404 len: 235 microversion: 1.1 [pid: 7|app: 0|req: 226/450] 10.0.0.185 () {32 vars in 816 bytes} [Wed Apr 15 07:53:08 2026] GET /resource_providers/963d1ef7-d7b6-4fac-a0f5-c0a95da4406d/aggregates => generated 235 bytes in 12 msecs (HTTP/1.1 404) 5 headers in 202 bytes (1 switches on core 0)
2026-04-15 07:53:08.721 8 INFO placement.requestlog [None req-a903532b-4275-49b4-ae10-e944a980639e 7920efe6265f492cb86e277418efa7fc 35a753acdb1a4c10a3094d602b53d5a2 - - 3e157c2fe4054255b4a6cc14507166e6 3e157c2fe4054255b4a6cc14507166e6] 10.0.0.185 "GET /resource_providers/963d1ef7-d7b6-4fac-a0f5-c0a95da4406d/aggregates" status: 404 len: 235 microversion: 1.1 [pid: 8|app: 0|req: 225/451] 10.0.0.185 () {32 vars in 816 bytes} [Wed Apr 15 07:53:08 2026] GET /resource_providers/963d1ef7-d7b6-4fac-a0f5-c0a95da4406d/aggregates => generated 235 bytes in 9 msecs (HTTP/1.1 404) 5 headers in 202 bytes (1 switches on core 0)
2026-04-15 07:53:08.745 7 INFO placement.requestlog [None req-afebdc40-9837-47f1-bb0d-b971bf05413f 7920efe6265f492cb86e277418efa7fc 35a753acdb1a4c10a3094d602b53d5a2 - - 3e157c2fe4054255b4a6cc14507166e6 3e157c2fe4054255b4a6cc14507166e6] 10.0.0.185 "DELETE /resource_providers/963d1ef7-d7b6-4fac-a0f5-c0a95da4406d" status: 404 len: 246 microversion: 1.1 [pid: 7|app: 0|req: 227/452] 10.0.0.185 () {34 vars in 816 bytes} [Wed Apr 15 07:53:08 2026] DELETE /resource_providers/963d1ef7-d7b6-4fac-a0f5-c0a95da4406d => generated 246 bytes in 11 msecs (HTTP/1.1 404) 6 headers in 231 bytes (1 switches on core 0)
2026-04-15 07:53:08.746 8 INFO placement.requestlog [None req-fad32737-385f-4cf8-bde4-1ec7323cb553 7920efe6265f492cb86e277418efa7fc 35a753acdb1a4c10a3094d602b53d5a2 - - 3e157c2fe4054255b4a6cc14507166e6 3e157c2fe4054255b4a6cc14507166e6] 10.0.0.185 "DELETE /resource_providers/963d1ef7-d7b6-4fac-a0f5-c0a95da4406d" status: 404 len: 246 microversion: 1.1 [pid: 8|app: 0|req: 226/453] 10.0.0.185 () {34 vars in 816 bytes} [Wed Apr 15 07:53:08 2026] DELETE /resource_providers/963d1ef7-d7b6-4fac-a0f5-c0a95da4406d => generated 246 bytes in 11 msecs (HTTP/1.1 404) 6 headers in 231 bytes (1 switches on core 0)
2026-04-15 07:53:10.887 7 INFO placement.requestlog [None req-b7219dea-6ff8-4112-acaa-0a4f0e3ee2b3 - - - - - -] 10.0.0.130 "GET /" status: 200 len: 136 microversion: 1.0
2026-04-15 07:53:10.887 8 INFO placement.requestlog [None req-e7316542-5e2f-4c37-a2ea-8f1b6edeebaa - - - - - -] 10.0.0.130 "GET /" status: 200 len: 136 microversion: 1.0
2026-04-15 07:53:12.477 7 INFO placement.requestlog [None req-2d31ea15-7234-4cd0-bc3a-3da0483f88ba 7920efe6265f492cb86e277418efa7fc 35a753acdb1a4c10a3094d602b53d5a2 - - 3e157c2fe4054255b4a6cc14507166e6 3e157c2fe4054255b4a6cc14507166e6] 10.0.0.185 "GET /resource_providers/6d53e337-bd47-4074-a7bd-3c88bf420c32/aggregates" status: 404 len: 235 microversion: 1.1 [pid: 7|app: 0|req: 229/456] 10.0.0.185 () {32 vars in 816 bytes} [Wed Apr 15 07:53:12 2026] GET /resource_providers/6d53e337-bd47-4074-a7bd-3c88bf420c32/aggregates => generated 235 bytes in 7 msecs (HTTP/1.1 404) 5 headers in 202 bytes (1 switches on core 0)
