2026-04-15 07:52:54.132 7 WARNING neutron.scheduler.dhcp_agent_scheduler [None req-d34fd661-3186-47b2-9f53-f6df81083bae ba17a7198281435f837c3abaa8a6412d 2ca728f8bb214d4686064fcce69c94e4 - - default default] No more DHCP agents
2026-04-15 07:52:54.134 7 WARNING neutron.api.rpc.agentnotifiers.dhcp_rpc_agent_api [None req-d34fd661-3186-47b2-9f53-f6df81083bae ba17a7198281435f837c3abaa8a6412d 2ca728f8bb214d4686064fcce69c94e4 - - default default] Unable to schedule network 6acc3696-5435-4250-ba59-d756bbc2c59b: no agents available; will retry on subsequent port and subnet creation events.
2026-04-15 07:52:54.340 7 INFO neutron.db.ovn_revision_numbers_db [None req-d34fd661-3186-47b2-9f53-f6df81083bae ba17a7198281435f837c3abaa8a6412d 2ca728f8bb214d4686064fcce69c94e4 - - default default] Successfully bumped revision number for resource 3a625f7f-da87-420e-8a3b-f4c7ccfd4848 (type: ports) to 1
2026-04-15 07:52:55.088 8 INFO neutron.db.ovn_revision_numbers_db [None req-4dc0b52b-aabd-46c6-bae8-8f6b87d060bf - - - - - -] Successfully bumped revision number for resource 81a9b7e9-c4ad-46be-98a1-a59bbd30e97f (type: ports) to 2
2026-04-15 07:52:55.181 7 WARNING neutron.scheduler.dhcp_agent_scheduler [None req-d34fd661-3186-47b2-9f53-f6df81083bae ba17a7198281435f837c3abaa8a6412d 2ca728f8bb214d4686064fcce69c94e4 - - default default] No more DHCP agents
2026-04-15 07:52:55.182 7 WARNING neutron.api.rpc.agentnotifiers.dhcp_rpc_agent_api [None req-d34fd661-3186-47b2-9f53-f6df81083bae ba17a7198281435f837c3abaa8a6412d 2ca728f8bb214d4686064fcce69c94e4 - - default default] Unable to schedule network 6acc3696-5435-4250-ba59-d756bbc2c59b: no agents available; will retry on subsequent port and subnet creation events.
2026-04-15 07:52:55.206 8 INFO neutron.db.ovn_revision_numbers_db [None req-4dc0b52b-aabd-46c6-bae8-8f6b87d060bf - - - - - -] Successfully bumped revision number for resource 6c1e2900-83d0-430f-99a9-83405908a06f (type: subnets) to 0 [pid: 8|app: 0|req: 499/977] 10.0.0.133 () {34 vars in 669 bytes} [Wed Apr 15 07:52:53 2026] POST /v2.0/subnets => generated 626 bytes in 1869 msecs (HTTP/1.1 201) 4 headers in 162 bytes (1 switches on core 0)
2026-04-15 07:52:55.357 8 INFO neutron.db.ovn_revision_numbers_db [None req-0bb6e10f-7d2b-4d14-8c4d-346511e93e83 - - - - - -] Successfully bumped revision number for resource 9e7fd012-76cf-4932-b01b-c0f6c0d6d2ef (type: ports) to 4
2026-04-15 07:52:55.784 7 INFO neutron.db.ovn_revision_numbers_db [None req-d34fd661-3186-47b2-9f53-f6df81083bae ba17a7198281435f837c3abaa8a6412d 2ca728f8bb214d4686064fcce69c94e4 - - default default] Successfully bumped revision number for resource 3a625f7f-da87-420e-8a3b-f4c7ccfd4848 (type: router_ports) to 1 [pid: 7|app: 0|req: 479/978] 10.0.0.133 () {34 vars in 783 bytes} [Wed Apr 15 07:52:53 2026] PUT /v2.0/routers/63fc1e80-9f61-48ac-92a8-eff1de1b2ef8/add_router_interface => generated 309 bytes in 2123 msecs (HTTP/1.1 200) 4 headers in 157 bytes (1 switches on core 0)
2026-04-15 07:52:56.341 7 INFO neutron.db.ovn_revision_numbers_db [None req-c9b5a4ca-c7b8-4056-904b-0d68291f4576 ba17a7198281435f837c3abaa8a6412d 2ca728f8bb214d4686064fcce69c94e4 - - default default] Successfully bumped revision number for resource 7e5e00c1-38b4-4dd8-b11c-01a65a19180b (type: security_groups) to 1
2026-04-15 07:52:56.357 7 INFO neutron.db.ovn_revision_numbers_db [None req-c9b5a4ca-c7b8-4056-904b-0d68291f4576 ba17a7198281435f837c3abaa8a6412d 2ca728f8bb214d4686064fcce69c94e4 - - default default] Successfully bumped revision number for resource 3771625d-e3fd-49a8-a109-748e46021a71 (type: security_group_rules) to 0
2026-04-15 07:52:56.372 7 INFO neutron.db.ovn_revision_numbers_db [None req-c9b5a4ca-c7b8-4056-904b-0d68291f4576 ba17a7198281435f837c3abaa8a6412d 2ca728f8bb214d4686064fcce69c94e4 - - default default] Successfully bumped revision number for resource 59af3b7c-86c5-498b-aee8-b8b09513dbe2 (type: security_group_rules) to 0
2026-04-15 07:52:56.382 7 INFO neutron.db.ovn_revision_numbers_db [None req-c9b5a4ca-c7b8-4056-904b-0d68291f4576 ba17a7198281435f837c3abaa8a6412d 2ca728f8bb214d4686064fcce69c94e4 - - default default] Successfully bumped revision number for resource a2583b52-0418-4c15-885f-1bc4b3079301 (type: security_group_rules) to 0
2026-04-15 07:52:56.396 7 INFO neutron.db.ovn_revision_numbers_db [None req-c9b5a4ca-c7b8-4056-904b-0d68291f4576 ba17a7198281435f837c3abaa8a6412d 2ca728f8bb214d4686064fcce69c94e4 - - default default] Successfully bumped revision number for resource a7f055a8-2132-4a51-bb1f-3661ef4293c8 (type: security_group_rules) to 0 [pid: 7|app: 0|req: 480/979] 10.0.0.133 () {32 vars in 774 bytes} [Wed Apr 15 07:52:55 2026] GET /v2.0/security-groups?tenant_id=2e17dd5af9ef414f8a68ae8881f4c2cf&name=default => generated 2925 bytes in 527 msecs (HTTP/1.1 200) 4 headers in 158 bytes (1 switches on core 0)
2026-04-15 07:52:56.549 8 INFO neutron.db.ovn_revision_numbers_db [None req-e0f2252e-6f0c-4247-8dbb-b46cfaa766f8 5826d91f8a4b4041899677cec3c6dec5 fa3c431885804378a93b3f00f3259205 - - default default] Successfully bumped revision number for resource 6c1e2900-83d0-430f-99a9-83405908a06f (type: subnets) to 1 [pid: 8|app: 0|req: 500/980] 10.0.0.133 () {34 vars in 741 bytes} [Wed Apr 15 07:52:55 2026] PUT /v2.0/subnets/6c1e2900-83d0-430f-99a9-83405908a06f => generated 636 bytes in 1310 msecs (HTTP/1.1 200) 4 headers in 157 bytes (1 switches on core 0)
2026-04-15 07:52:56.590 7 INFO neutron.db.ovn_revision_numbers_db [None req-58522834-7eb1-432d-b6d2-09ab96d679c5 aeb09cf3ed5e459da492a419e8c3382d b0a86411233e42b488e47198432dc17a - - default default] Successfully bumped revision number for resource 3cbd1d0c-340c-4409-8531-f2556f1c21d5 (type: security_groups) to 1
2026-04-15 07:52:56.602 7 INFO neutron.db.ovn_revision_numbers_db [None req-58522834-7eb1-432d-b6d2-09ab96d679c5 aeb09cf3ed5e459da492a419e8c3382d b0a86411233e42b488e47198432dc17a - - default default] Successfully bumped revision number for resource 8139665b-5bc5-4b4f-a655-1c134bf4c674 (type: security_group_rules) to 0
2026-04-15 07:52:56.614 7 INFO neutron.db.ovn_revision_numbers_db [None req-58522834-7eb1-432d-b6d2-09ab96d679c5 aeb09cf3ed5e459da492a419e8c3382d b0a86411233e42b488e47198432dc17a - - default default] Successfully bumped revision number for resource 8f63e71e-d4ce-474e-8228-d3d8b9699f18 (type: security_group_rules) to 0
2026-04-15 07:52:56.625 8 INFO neutron.plugins.ml2.drivers.ovn.mech_driver.mech_driver [None req-b3e637e1-dbff-400c-b532-c63f9c4f1f53 - - - - - -] OVN reports status down for port: 3a625f7f-da87-420e-8a3b-f4c7ccfd4848 [pid: 7|app: 0|req: 481/981] 10.0.0.133 () {34 vars in 685 bytes} [Wed Apr 15 07:52:56 2026] POST /v2.0/security-groups => generated 1661 bytes in 217 msecs (HTTP/1.1 201) 4 headers in 163 bytes (1 switches on core 0)
2026-04-15 07:52:56.825 8 WARNING neutron.plugins.ml2.drivers.ovn.mech_driver.ovsdb.ovn_client [None req-b3e637e1-dbff-400c-b532-c63f9c4f1f53 - - - - - -] Logical_Switch_Port %s host information not removed, the port state is up
2026-04-15 07:52:56.826 8 INFO neutron.plugins.ml2.drivers.ovn.mech_driver.mech_driver [None req-b3e637e1-dbff-400c-b532-c63f9c4f1f53 - - - - - -] OVN reports status up for port: 3a625f7f-da87-420e-8a3b-f4c7ccfd4848
2026-04-15 07:52:56.826 7 INFO neutron_taas.services.taas.taas_plugin [None req-d7046830-6e2c-46b1-961d-3d887fe1682c 5826d91f8a4b4041899677cec3c6dec5 fa3c431885804378a93b3f00f3259205 - - default default] TaaS: Handle Delete Port: 81a9b7e9-c4ad-46be-98a1-a59bbd30e97f
2026-04-15 07:52:56.830 7 INFO neutron_taas.services.taas.tap_mirror_plugin [None req-d7046830-6e2c-46b1-961d-3d887fe1682c 5826d91f8a4b4041899677cec3c6dec5 fa3c431885804378a93b3f00f3259205 - - default default] Tap Mirror: Handle Delete Port: 81a9b7e9-c4ad-46be-98a1-a59bbd30e97f
2026-04-15 07:52:56.885 8 INFO neutron.plugins.ml2.plugin [None req-b3e637e1-dbff-400c-b532-c63f9c4f1f53 - - - - - -] Attempt 1 to provision port 3a625f7f-da87-420e-8a3b-f4c7ccfd4848
2026-04-15 07:52:57.276 8 INFO neutron.db.ovn_revision_numbers_db [None req-0bb6e10f-7d2b-4d14-8c4d-346511e93e83 - - - - - -] Successfully bumped revision number for resource 9e7fd012-76cf-4932-b01b-c0f6c0d6d2ef (type: ports) to 5
2026-04-15 07:52:57.328 7 INFO neutron.services.segments.plugin [-] Segment 194d790a-3fab-4533-b70d-70b8a8ae59f3 resource provider aggregate not found
2026-04-15 07:52:57.336 7 INFO neutron.services.segments.plugin [-] Segment 194d790a-3fab-4533-b70d-70b8a8ae59f3 resource provider aggregate not found
2026-04-15 07:52:57.352 7 INFO neutron.services.segments.plugin [-] Segment 194d790a-3fab-4533-b70d-70b8a8ae59f3 resource provider not found; error: Placement Client Error (4xx): {"errors": [{"status": 404, "title": "Not Found", "detail": "The resource could not be found.\n\n No resource provider with uuid 194d790a-3fab-4533-b70d-70b8a8ae59f3 found for delete ", "request_id": "req-433653ad-3a69-4791-a8ca-d313cab40992"}]}
2026-04-15 07:52:57.362 7 INFO neutron.services.segments.plugin [-] Segment 194d790a-3fab-4533-b70d-70b8a8ae59f3 resource provider not found; error: Placement Client Error (4xx): {"errors": [{"status": 404, "title": "Not Found", "detail": "The resource could not be found.\n\n No resource provider with uuid 194d790a-3fab-4533-b70d-70b8a8ae59f3 found for delete ", "request_id": "req-1cdf49bd-a294-4a4f-85d1-c91e531a6fa3"}]} [pid: 7|app: 0|req: 482/982] 10.0.0.133 () {32 vars in 726 bytes} [Wed Apr 15 07:52:56 2026] DELETE /v2.0/networks/e00da82c-d3ba-4032-905d-4354bf3be800 => generated 0 bytes in 743 msecs (HTTP/1.1 204) 3 headers in 131 bytes (1 switches on core 0) [pid: 8|app: 0|req: 501/983] 10.0.0.133 () {32 vars in 740 bytes} [Wed Apr 15 07:52:56 2026] DELETE /v2.0/security-groups/7e5e00c1-38b4-4dd8-b11c-01a65a19180b => generated 0 bytes in 960 msecs (HTTP/1.1 204) 2 headers in 112 bytes (1 switches on core 0)
2026-04-15 07:52:57.540 7 INFO neutron.db.ovn_revision_numbers_db [None req-789d8e29-53db-403d-ade2-4a27f3377f02 aeb09cf3ed5e459da492a419e8c3382d b0a86411233e42b488e47198432dc17a - - default default] Successfully bumped revision number for resource 549531bb-c540-4b73-8276-f90d5712edb1 (type: security_group_rules) to 0
2026-04-15 07:52:57.550 8 INFO neutron.pecan_wsgi.hooks.translation [None req-40f2513c-3c3d-44a9-aaa4-d7bebc0cbdb3 5826d91f8a4b4041899677cec3c6dec5 fa3c431885804378a93b3f00f3259205 - - default default] DELETE failed (client error): The resource could not be found. [pid: 8|app: 0|req: 502/984] 10.0.0.133 () {32 vars in 726 bytes} [Wed Apr 15 07:52:57 2026] DELETE /v2.0/networks/e00da82c-d3ba-4032-905d-4354bf3be800 => generated 138 bytes in 41 msecs (HTTP/1.1 404) 4 headers in 164 bytes (1 switches on core 0) [pid: 7|app: 0|req: 483/985] 10.0.0.133 () {34 vars in 695 bytes} [Wed Apr 15 07:52:57 2026] POST /v2.0/security-group-rules => generated 597 bytes in 171 msecs (HTTP/1.1 201) 4 headers in 162 bytes (1 switches on core 0) [pid: 8|app: 0|req: 503/986] 10.0.0.133 () {32 vars in 694 bytes} [Wed Apr 15 07:52:57 2026] GET /v2.0/networks?router%3Aexternal=True => generated 689 bytes in 152 msecs (HTTP/1.1 200) 4 headers in 157 bytes (1 switches on core 0)
2026-04-15 07:52:57.728 7 INFO neutron.db.ovn_revision_numbers_db [None req-0b4ed29d-9d1c-47dd-a5bb-63f2d886be9b aeb09cf3ed5e459da492a419e8c3382d b0a86411233e42b488e47198432dc17a - - default default] Successfully bumped revision number for resource 057834db-d65f-4d46-8541-d8ec9761264f (type: security_group_rules) to 0 [pid: 7|app: 0|req: 484/987] 10.0.0.133 () {34 vars in 695 bytes} [Wed Apr 15 07:52:57 2026] POST /v2.0/security-group-rules => generated 602 bytes in 186 msecs (HTTP/1.1 201) 4 headers in 162 bytes (1 switches on core 0) [pid: 7|app: 0|req: 485/988] 10.0.0.133 () {32 vars in 742 bytes} [Wed Apr 15 07:52:57 2026] GET /v2.0/subnets?network_id=057e7637-ff71-41f4-bed1-646cc10f528b => generated 649 bytes in 53 msecs (HTTP/1.1 200) 4 headers in 157 bytes (1 switches on core 0)
2026-04-15 07:52:57.969 8 INFO neutron.db.ovn_revision_numbers_db [None req-b3e637e1-dbff-400c-b532-c63f9c4f1f53 - - - - - -] Successfully bumped revision number for resource 3a625f7f-da87-420e-8a3b-f4c7ccfd4848 (type: ports) to 2
2026-04-15 07:52:58.085 7 WARNING neutron.scheduler.dhcp_agent_scheduler [None req-4826a2cd-380e-493f-847e-06a56bf2d9ea aeb09cf3ed5e459da492a419e8c3382d b0a86411233e42b488e47198432dc17a - - default default] No more DHCP agents
2026-04-15 07:52:58.087 7 WARNING neutron.api.rpc.agentnotifiers.dhcp_rpc_agent_api [None req-4826a2cd-380e-493f-847e-06a56bf2d9ea aeb09cf3ed5e459da492a419e8c3382d b0a86411233e42b488e47198432dc17a - - default default] Unable to schedule network 057e7637-ff71-41f4-bed1-646cc10f528b: no agents available; will retry on subsequent port and subnet creation events.
2026-04-15 07:52:58.108 8 INFO neutron.db.ovn_revision_numbers_db [None req-5aa06315-efb8-4e63-a704-46041c724547 ba17a7198281435f837c3abaa8a6412d 2ca728f8bb214d4686064fcce69c94e4 - - default default] Successfully bumped revision number for resource 7b697def-e0d5-4f1e-afc4-99bfb574bd10 (type: security_groups) to 1
2026-04-15 07:52:58.126 8 INFO neutron.db.ovn_revision_numbers_db [None req-5aa06315-efb8-4e63-a704-46041c724547 ba17a7198281435f837c3abaa8a6412d 2ca728f8bb214d4686064fcce69c94e4 - - default default] Successfully bumped revision number for resource 1e8126ed-6d12-4458-ae15-8d15110ad9bf (type: security_group_rules) to 0
2026-04-15 07:52:58.139 8 INFO neutron.db.ovn_revision_numbers_db [None req-5aa06315-efb8-4e63-a704-46041c724547 ba17a7198281435f837c3abaa8a6412d 2ca728f8bb214d4686064fcce69c94e4 - - default default] Successfully bumped revision number for resource 2d9fcf9e-74fe-4306-980d-31eefa02cb53 (type: security_group_rules) to 0
2026-04-15 07:52:58.155 8 INFO neutron.db.ovn_revision_numbers_db [None req-5aa06315-efb8-4e63-a704-46041c724547 ba17a7198281435f837c3abaa8a6412d 2ca728f8bb214d4686064fcce69c94e4 - - default default] Successfully bumped revision number for resource 5a376e0c-4d41-494c-92ec-7f619d0bd8ef (type: security_group_rules) to 0
2026-04-15 07:52:58.167 8 INFO neutron.db.ovn_revision_numbers_db [None req-5aa06315-efb8-4e63-a704-46041c724547 ba17a7198281435f837c3abaa8a6412d 2ca728f8bb214d4686064fcce69c94e4 - - default default] Successfully bumped revision number for resource e2a45567-46f5-4b0e-8411-f17cd0d2c62f (type: security_group_rules) to 0 [pid: 8|app: 0|req: 504/989] 10.0.0.133 () {32 vars in 774 bytes} [Wed Apr 15 07:52:57 2026] GET /v2.0/security-groups?tenant_id=ed8d345f21df48679cd15d463ea5177b&name=default => generated 2925 bytes in 493 msecs (HTTP/1.1 200) 4 headers in 158 bytes (1 switches on core 0) [pid: 8|app: 0|req: 505/990] 10.0.0.133 () {32 vars in 653 bytes} [Wed Apr 15 07:52:58 2026] GET /v2.0/extensions => generated 20541 bytes in 5 msecs (HTTP/1.1 200) 4 headers in 159 bytes (1 switches on core 0) [pid: 7|app: 0|req: 486/991] 10.0.0.133 () {34 vars in 676 bytes} [Wed Apr 15 07:52:57 2026] POST /v2.0/floatingips => generated 552 bytes in 562 msecs (HTTP/1.1 201) 4 headers in 162 bytes (1 switches on core 0) [pid: 7|app: 0|req: 487/992] 10.0.0.133 () {32 vars in 649 bytes} [Wed Apr 15 07:52:58 2026] GET /v2.0/networks => generated 1385 bytes in 89 msecs (HTTP/1.1 200) 4 headers in 158 bytes (1 switches on core 0) [pid: 8|app: 0|req: 506/993] 10.0.0.133 () {32 vars in 740 bytes} [Wed Apr 15 07:52:58 2026] DELETE /v2.0/security-groups/7b697def-e0d5-4f1e-afc4-99bfb574bd10 => generated 0 bytes in 292 msecs (HTTP/1.1 204) 2 headers in 112 bytes (1 switches on core 0) [pid: 7|app: 0|req: 488/994] 10.0.0.133 () {32 vars in 647 bytes} [Wed Apr 15 07:52:58 2026] GET /v2.0/subnets => generated 1280 bytes in 56 msecs (HTTP/1.1 200) 4 headers in 158 bytes (1 switches on core 0) [pid: 8|app: 0|req: 507/995] 10.0.0.133 () {32 vars in 723 bytes} [Wed Apr 15 07:52:58 2026] GET /v2.0/networks/21a9ddd3-a336-41ec-8de3-4bdb369826d5 => generated 707 bytes in 43 msecs (HTTP/1.1 200) 4 headers in 157 bytes (1 switches on core 0) [pid: 7|app: 0|req: 489/996] 10.0.0.133 () {32 vars in 721 bytes} [Wed Apr 15 07:52:58 2026] GET /v2.0/subnets/18dce532-9116-446e-b6a7-358305d74ecb => generated 641 bytes in 32 msecs (HTTP/1.1 200) 4 headers in 157 bytes (1 switches on core 0)
2026-04-15 07:52:58.644 8 INFO neutron.pecan_wsgi.hooks.translation [None req-54e3971f-294a-4c7f-8272-3dc2dad79090 5826d91f8a4b4041899677cec3c6dec5 fa3c431885804378a93b3f00f3259205 - - default default] DELETE failed (client error): The resource could not be found. [pid: 8|app: 0|req: 508/997] 10.0.0.133 () {32 vars in 724 bytes} [Wed Apr 15 07:52:58 2026] DELETE /v2.0/subnets/6c1e2900-83d0-430f-99a9-83405908a06f => generated 136 bytes in 23 msecs (HTTP/1.1 404) 4 headers in 164 bytes (1 switches on core 0)
2026-04-15 07:52:58.668 7 INFO neutron.pecan_wsgi.hooks.translation [None req-f0216bea-d52c-4c43-987d-016580c167a6 5826d91f8a4b4041899677cec3c6dec5 fa3c431885804378a93b3f00f3259205 - - default default] DELETE failed (client error): The resource could not be found. [pid: 7|app: 0|req: 490/998] 10.0.0.133 () {32 vars in 726 bytes} [Wed Apr 15 07:52:58 2026] DELETE /v2.0/networks/e00da82c-d3ba-4032-905d-4354bf3be800 => generated 138 bytes in 20 msecs (HTTP/1.1 404) 4 headers in 164 bytes (1 switches on core 0) [pid: 8|app: 0|req: 509/999] 10.0.0.133 () {32 vars in 724 bytes} [Wed Apr 15 07:52:58 2026] DELETE /v2.0/subnets/18dce532-9116-446e-b6a7-358305d74ecb => generated 0 bytes in 183 msecs (HTTP/1.1 204) 3 headers in 131 bytes (1 switches on core 0)
2026-04-15 07:52:58.987 7 INFO neutron_taas.services.taas.taas_plugin [None req-180bf893-9235-451e-9d77-681622d7e419 5826d91f8a4b4041899677cec3c6dec5 fa3c431885804378a93b3f00f3259205 - - default default] TaaS: Handle Delete Port: 55150b8f-af9d-423e-b4a8-cd7a29aa0280
2026-04-15 07:52:58.990 7 INFO neutron_taas.services.taas.tap_mirror_plugin [None req-180bf893-9235-451e-9d77-681622d7e419 5826d91f8a4b4041899677cec3c6dec5 fa3c431885804378a93b3f00f3259205 - - default default] Tap Mirror: Handle Delete Port: 55150b8f-af9d-423e-b4a8-cd7a29aa0280 [pid: 7|app: 0|req: 491/1000] 10.0.0.133 () {32 vars in 726 bytes} [Wed Apr 15 07:52:58 2026] DELETE /v2.0/networks/21a9ddd3-a336-41ec-8de3-4bdb369826d5 => generated 0 bytes in 418 msecs (HTTP/1.1 204) 3 headers in 131 bytes (1 switches on core 0)
2026-04-15 07:52:59.374 7 INFO neutron.services.segments.plugin [-] Segment 7df74afc-faf0-4ab1-9742-acff95ff98d5 resource provider aggregate not found
2026-04-15 07:52:59.383 7 INFO neutron.services.segments.plugin [-] Segment 7df74afc-faf0-4ab1-9742-acff95ff98d5 resource provider aggregate not found
2026-04-15 07:52:59.392 7 INFO neutron.services.segments.plugin [-] Segment 7df74afc-faf0-4ab1-9742-acff95ff98d5 resource provider not found; error: Placement Client Error (4xx): {"errors": [{"status": 404, "title": "Not Found", "detail": "The resource could not be found.\n\n No resource provider with uuid 7df74afc-faf0-4ab1-9742-acff95ff98d5 found for delete ", "request_id": "req-57cbf570-e38c-4965-85c4-9c1f6f120f27"}]}
2026-04-15 07:52:59.399 7 INFO neutron.services.segments.plugin [-] Segment 7df74afc-faf0-4ab1-9742-acff95ff98d5 resource provider not found; error: Placement Client Error (4xx): {"errors": [{"status": 404, "title": "Not Found", "detail": "The resource could not be found.\n\n No resource provider with uuid 7df74afc-faf0-4ab1-9742-acff95ff98d5 found for delete ", "request_id": "req-0d43d3e9-dea7-448b-b125-c418a48fcdb3"}]} [pid: 8|app: 0|req: 510/1001] 10.0.0.133 () {32 vars in 774 bytes} [Wed Apr 15 07:52:59 2026] GET /v2.0/security-groups?tenant_id=fa3c431885804378a93b3f00f3259205&name=default => generated 2925 bytes in 182 msecs (HTTP/1.1 200) 4 headers in 158 bytes (1 switches on core 0) [pid: 7|app: 0|req: 492/1004] 10.0.0.133 () {32 vars in 740 bytes} [Wed Apr 15 07:52:59 2026] DELETE /v2.0/security-groups/ff8a5315-efae-4eb0-98f8-a1251b2f06b5 => generated 0 bytes in 337 msecs (HTTP/1.1 204) 2 headers in 112 bytes (1 switches on core 0) [pid: 8|app: 0|req: 513/1005] 10.0.0.67 () {34 vars in 989 bytes} [Wed Apr 15 07:53:01 2026] GET /v2.0/ports?device_id=425c2d95-50e4-4345-8597-040dd3e07a4e => generated 1209 bytes in 39 msecs (HTTP/1.1 200) 4 headers in 158 bytes (1 switches on core 0) [pid: 7|app: 0|req: 493/1006] 10.0.0.67 () {34 vars in 1039 bytes} [Wed Apr 15 07:53:01 2026] GET /v2.0/security-groups?id=802ec1d6-6970-4464-a3f3-95c1a52acf6d&fields=id&fields=name => generated 114 bytes in 34 msecs (HTTP/1.1 200) 4 headers in 157 bytes (1 switches on core 0)
2026-04-15 07:53:02.425 8 INFO neutron.db.ovn_revision_numbers_db [None req-2a424f5f-7488-454c-9bd7-00f35f19a94d 09312dc5cbd644809eacb7948b595721 c06befb132e5427ebd4fa2f9f408ea27 - - default default] Successfully bumped revision number for resource 58ecc11a-b5f2-43b4-a4ea-89de575cb647 (type: security_groups) to 1
2026-04-15 07:53:02.439 8 INFO neutron.db.ovn_revision_numbers_db [None req-2a424f5f-7488-454c-9bd7-00f35f19a94d 09312dc5cbd644809eacb7948b595721 c06befb132e5427ebd4fa2f9f408ea27 - - default default] Successfully bumped revision number for resource 346af33f-9303-4aaa-a6ee-73b6bbfb6861 (type: security_group_rules) to 0
2026-04-15 07:53:02.451 8 INFO neutron.db.ovn_revision_numbers_db [None req-2a424f5f-7488-454c-9bd7-00f35f19a94d 09312dc5cbd644809eacb7948b595721 c06befb132e5427ebd4fa2f9f408ea27 - - default default] Successfully bumped revision number for resource 5f2afe9c-94ee-46e9-85a0-4753302c4502 (type: security_group_rules) to 0
2026-04-15 07:53:02.465 8 INFO neutron.db.ovn_revision_numbers_db [None req-2a424f5f-7488-454c-9bd7-00f35f19a94d 09312dc5cbd644809eacb7948b595721 c06befb132e5427ebd4fa2f9f408ea27 - - default default] Successfully bumped revision number for resource 60a1b1ef-4c14-443a-8ea2-bef1d4e2565a (type: security_group_rules) to 0
2026-04-15 07:53:02.477 8 INFO neutron.db.ovn_revision_numbers_db [None req-2a424f5f-7488-454c-9bd7-00f35f19a94d 09312dc5cbd644809eacb7948b595721 c06befb132e5427ebd4fa2f9f408ea27 - - default default] Successfully bumped revision number for resource c6306704-c5ba-4ff2-a01d-54cdfedd4d4a (type: security_group_rules) to 0
2026-04-15 07:53:02.556 8 INFO neutron.db.segments_db [None req-2a424f5f-7488-454c-9bd7-00f35f19a94d 09312dc5cbd644809eacb7948b595721 c06befb132e5427ebd4fa2f9f408ea27 - - default default] Added segment 6d53e337-bd47-4074-a7bd-3c88bf420c32 of type geneve for network 46308f86-54e4-4258-9535-d5146ee2c5aa
2026-04-15 07:53:02.677 8 INFO neutron.db.ovn_revision_numbers_db [None req-2a424f5f-7488-454c-9bd7-00f35f19a94d 09312dc5cbd644809eacb7948b595721 c06befb132e5427ebd4fa2f9f408ea27 - - default default] Successfully bumped revision number for resource 46308f86-54e4-4258-9535-d5146ee2c5aa (type: networks) to 1
2026-04-15 07:53:02.858 7 INFO neutron.db.ovn_revision_numbers_db [None req-8fe1d19d-89d2-4154-9ba9-7d6468d35231 ba17a7198281435f837c3abaa8a6412d 2ca728f8bb214d4686064fcce69c94e4 - - default default] Successfully bumped revision number for resource e261356f-65d4-4a44-9424-1e56a28d53ce (type: security_groups) to 1
2026-04-15 07:53:02.869 7 INFO neutron.db.ovn_revision_numbers_db [None req-8fe1d19d-89d2-4154-9ba9-7d6468d35231 ba17a7198281435f837c3abaa8a6412d 2ca728f8bb214d4686064fcce69c94e4 - - default default] Successfully bumped revision number for resource 2d146029-f6ed-4e53-95fb-4cee1bd95452 (type: security_group_rules) to 0
2026-04-15 07:53:02.885 7 INFO neutron.db.ovn_revision_numbers_db [None req-8fe1d19d-89d2-4154-9ba9-7d6468d35231 ba17a7198281435f837c3abaa8a6412d 2ca728f8bb214d4686064fcce69c94e4 - - default default] Successfully bumped revision number for resource 670bc01a-6120-494e-947f-3070eebdee28 (type: security_group_rules) to 0
2026-04-15 07:53:02.897 7 INFO neutron.db.ovn_revision_numbers_db [None req-8fe1d19d-89d2-4154-9ba9-7d6468d35231 ba17a7198281435f837c3abaa8a6412d 2ca728f8bb214d4686064fcce69c94e4 - - default default] Successfully bumped revision number for resource 8bd6267f-f8e1-47a0-9c30-b9996154b335 (type: security_group_rules) to 0
2026-04-15 07:53:02.909 7 INFO neutron.db.ovn_revision_numbers_db [None req-8fe1d19d-89d2-4154-9ba9-7d6468d35231 ba17a7198281435f837c3abaa8a6412d 2ca728f8bb214d4686064fcce69c94e4 - - default default] Successfully bumped revision number for resource be397648-3adc-48e3-b3f0-c0b94e2104ff (type: security_group_rules) to 0
2026-04-15 07:53:02.936 8 WARNING neutron.scheduler.dhcp_agent_scheduler [None req-2a424f5f-7488-454c-9bd7-00f35f19a94d 09312dc5cbd644809eacb7948b595721 c06befb132e5427ebd4fa2f9f408ea27 - - default default] No more DHCP agents
2026-04-15 07:53:02.937 8 WARNING neutron.api.rpc.agentnotifiers.dhcp_rpc_agent_api [None req-2a424f5f-7488-454c-9bd7-00f35f19a94d 09312dc5cbd644809eacb7948b595721 c06befb132e5427ebd4fa2f9f408ea27 - - default default] Unable to schedule network 46308f86-54e4-4258-9535-d5146ee2c5aa: no agents available; will retry on subsequent port and subnet creation events. [pid: 7|app: 0|req: 494/1007] 10.0.0.133 () {32 vars in 774 bytes} [Wed Apr 15 07:53:02 2026] GET /v2.0/security-groups?tenant_id=836643ec1e6d4e2f925e0bd7b0e8a529&name=default => generated 2925 bytes in 383 msecs (HTTP/1.1 200) 4 headers in 158 bytes (1 switches on core 0)
2026-04-15 07:53:03.057 8 INFO neutron.db.ovn_revision_numbers_db [None req-2a424f5f-7488-454c-9bd7-00f35f19a94d 09312dc5cbd644809eacb7948b595721 c06befb132e5427ebd4fa2f9f408ea27 - - default default] Successfully bumped revision number for resource 10d75b70-2a09-41a0-b5a0-579a7f56c5f3 (type: ports) to 1 [pid: 8|app: 0|req: 514/1008] 10.0.0.133 () {34 vars in 670 bytes} [Wed Apr 15 07:53:02 2026] POST /v2.0/networks => generated 668 bytes in 1046 msecs (HTTP/1.1 201) 4 headers in 162 bytes (1 switches on core 0)
2026-04-15 07:53:03.259 8 WARNING neutron.plugins.ml2.drivers.ovn.mech_driver.ovsdb.ovn_client [None req-75278b22-4c10-40ba-a188-f6bbecacbc25 - - - - - -] No hosting information found for port 3a625f7f-da87-420e-8a3b-f4c7ccfd4848: RuntimeError: No hosting information found for port 3a625f7f-da87-420e-8a3b-f4c7ccfd4848 [pid: 7|app: 0|req: 495/1009] 10.0.0.133 () {32 vars in 740 bytes} [Wed Apr 15 07:53:02 2026] DELETE /v2.0/security-groups/e261356f-65d4-4a44-9424-1e56a28d53ce => generated 0 bytes in 362 msecs (HTTP/1.1 204) 2 headers in 112 bytes (1 switches on core 0) [pid: 7|app: 0|req: 496/1010] 10.0.0.43 () {34 vars in 1099 bytes} [Wed Apr 15 07:53:03 2026] GET /v2.0/security-groups?name=tempest-securitygroup--1990647521&fields=id&tenant_id=b0a86411233e42b488e47198432dc17a => generated 69 bytes in 35 msecs (HTTP/1.1 200) 4 headers in 156 bytes (1 switches on core 0) [pid: 7|app: 0|req: 497/1011] 10.0.0.43 () {34 vars in 981 bytes} [Wed Apr 15 07:53:03 2026] GET /v2.0/networks?id=6acc3696-5435-4250-ba59-d756bbc2c59b => generated 718 bytes in 65 msecs (HTTP/1.1 200) 4 headers in 157 bytes (1 switches on core 0)
2026-04-15 07:53:03.490 8 INFO neutron.db.ovn_revision_numbers_db [None req-75278b22-4c10-40ba-a188-f6bbecacbc25 - - - - - -] Successfully bumped revision number for resource 3a625f7f-da87-420e-8a3b-f4c7ccfd4848 (type: router_ports) to 2
2026-04-15 07:53:03.560 8 WARNING neutron.scheduler.dhcp_agent_scheduler [None req-7559b3bb-efd8-4646-a771-7344ea4dbc94 09312dc5cbd644809eacb7948b595721 c06befb132e5427ebd4fa2f9f408ea27 - - default default] No more DHCP agents
2026-04-15 07:53:03.565 8 WARNING neutron.api.rpc.agentnotifiers.dhcp_rpc_agent_api [None req-7559b3bb-efd8-4646-a771-7344ea4dbc94 09312dc5cbd644809eacb7948b595721 c06befb132e5427ebd4fa2f9f408ea27 - - default default] Unable to schedule network 46308f86-54e4-4258-9535-d5146ee2c5aa: no agents available; will retry on subsequent port and subnet creation events.
2026-04-15 07:53:03.593 7 INFO neutron.db.ovn_revision_numbers_db [None req-48f3a6b6-30d7-4678-9c4b-f2b5113a7e23 ba17a7198281435f837c3abaa8a6412d 2ca728f8bb214d4686064fcce69c94e4 - - default default] Successfully bumped revision number for resource 3a132a0c-c997-40ca-9870-4bb920915526 (type: security_groups) to 1
2026-04-15 07:53:03.619 7 INFO neutron.db.ovn_revision_numbers_db [None req-48f3a6b6-30d7-4678-9c4b-f2b5113a7e23 ba17a7198281435f837c3abaa8a6412d 2ca728f8bb214d4686064fcce69c94e4 - - default default] Successfully bumped revision number for resource 2024f072-39cc-4d12-9ef8-2373c7e6bb2e (type: security_group_rules) to 0
2026-04-15 07:53:03.632 7 INFO neutron.db.ovn_revision_numbers_db [None req-48f3a6b6-30d7-4678-9c4b-f2b5113a7e23 ba17a7198281435f837c3abaa8a6412d 2ca728f8bb214d4686064fcce69c94e4 - - default default] Successfully bumped revision number for resource 40d0d46d-4c35-4b42-8131-c6285d69cc9f (type: security_group_rules) to 0
2026-04-15 07:53:03.644 7 INFO neutron.db.ovn_revision_numbers_db [None req-48f3a6b6-30d7-4678-9c4b-f2b5113a7e23 ba17a7198281435f837c3abaa8a6412d 2ca728f8bb214d4686064fcce69c94e4 - - default default] Successfully bumped revision number for resource 905d193d-c4dd-4050-9552-6d19e63c55a2 (type: security_group_rules) to 0
2026-04-15 07:53:03.647 8 INFO neutron.plugins.ml2.drivers.ovn.mech_driver.mech_driver [None req-75278b22-4c10-40ba-a188-f6bbecacbc25 - - - - - -] OVN reports status down for port: 10d75b70-2a09-41a0-b5a0-579a7f56c5f3
2026-04-15 07:53:03.656 7 INFO neutron.db.ovn_revision_numbers_db [None req-48f3a6b6-30d7-4678-9c4b-f2b5113a7e23 ba17a7198281435f837c3abaa8a6412d 2ca728f8bb214d4686064fcce69c94e4 - - default default] Successfully bumped revision number for resource eb118460-bbd2-42bb-b881-684c17254947 (type: security_group_rules) to 0 [pid: 7|app: 0|req: 498/1012] 10.0.0.133 () {32 vars in 774 bytes} [Wed Apr 15 07:53:03 2026] GET /v2.0/security-groups?tenant_id=7b6047d8e9724ecaad570069825b7f56&name=default => generated 2925 bytes in 306 msecs (HTTP/1.1 200) 4 headers in 158 bytes (1 switches on core 0) [pid: 7|app: 0|req: 499/1013] 10.0.0.43 () {34 vars in 964 bytes} [Wed Apr 15 07:53:03 2026] GET /v2.0/quotas/b0a86411233e42b488e47198432dc17a => generated 292 bytes in 12 msecs (HTTP/1.1 200) 4 headers in 157 bytes (1 switches on core 0)
2026-04-15 07:53:03.795 8 INFO neutron.plugins.ml2.drivers.ovn.mech_driver.mech_driver [None req-75278b22-4c10-40ba-a188-f6bbecacbc25 - - - - - -] OVN reports status down for port: e7f1a9da-eb13-4aae-976d-cfe58cf29f8a
2026-04-15 07:53:03.832 8 INFO neutron.db.ovn_revision_numbers_db [None req-7559b3bb-efd8-4646-a771-7344ea4dbc94 09312dc5cbd644809eacb7948b595721 c06befb132e5427ebd4fa2f9f408ea27 - - default default] Successfully bumped revision number for resource e7f1a9da-eb13-4aae-976d-cfe58cf29f8a (type: ports) to 1 [pid: 8|app: 0|req: 515/1014] 10.0.0.133 () {34 vars in 665 bytes} [Wed Apr 15 07:53:03 2026] POST /v2.0/ports => generated 778 bytes in 876 msecs (HTTP/1.1 201) 4 headers in 162 bytes (1 switches on core 0) /var/lib/openstack/lib/python3.12/site-packages/pycadf/identifier.py:70: UserWarning: Invalid uuid: neutron. To ensure interoperability, identifiers should be a valid uuid. warnings.warn(('Invalid uuid: %s. To ensure interoperability, ' [pid: 7|app: 0|req: 500/1015] 10.0.0.133 () {32 vars in 740 bytes} [Wed Apr 15 07:53:03 2026] DELETE /v2.0/security-groups/3a132a0c-c997-40ca-9870-4bb920915526 => generated 0 bytes in 282 msecs (HTTP/1.1 204) 2 headers in 112 bytes (1 switches on core 0) [pid: 8|app: 0|req: 516/1016] 10.0.0.43 () {34 vars in 1001 bytes} [Wed Apr 15 07:53:03 2026] GET /v2.0/ports?tenant_id=b0a86411233e42b488e47198432dc17a&fields=id => generated 103 bytes in 88 msecs (HTTP/1.1 200) 4 headers in 157 bytes (1 switches on core 0) [pid: 8|app: 0|req: 517/1017] 10.0.0.43 () {34 vars in 1007 bytes} [Wed Apr 15 07:53:04 2026] GET /v2.0/networks/6acc3696-5435-4250-ba59-d756bbc2c59b?fields=segments => generated 14 bytes in 38 msecs (HTTP/1.1 200) 4 headers in 156 bytes (1 switches on core 0)
2026-04-15 07:53:04.112 7 INFO neutron.db.segments_db [None req-cbe70555-e4ca-4ddc-adeb-7eb05757b931 09312dc5cbd644809eacb7948b595721 c06befb132e5427ebd4fa2f9f408ea27 - - default default] Added segment 504df35f-e4b3-48b3-a8aa-3551a6ef5943 of type geneve for network 8a2aafa0-b0e9-405b-93d0-1deda9248ebf [pid: 8|app: 0|req: 518/1018] 10.0.0.43 () {34 vars in 1107 bytes} [Wed Apr 15 07:53:04 2026] GET /v2.0/networks/6acc3696-5435-4250-ba59-d756bbc2c59b?fields=provider%3Aphysical_network&fields=provider%3Anetwork_type => generated 79 bytes in 37 msecs (HTTP/1.1 200) 4 headers in 156 bytes (1 switches on core 0)
2026-04-15 07:53:04.271 7 INFO neutron.db.ovn_revision_numbers_db [None req-cbe70555-e4ca-4ddc-adeb-7eb05757b931 09312dc5cbd644809eacb7948b595721 c06befb132e5427ebd4fa2f9f408ea27 - - default default] Successfully bumped revision number for resource 8a2aafa0-b0e9-405b-93d0-1deda9248ebf (type: networks) to 1
2026-04-15 07:53:04.433 7 WARNING neutron.scheduler.dhcp_agent_scheduler [None req-cbe70555-e4ca-4ddc-adeb-7eb05757b931 09312dc5cbd644809eacb7948b595721 c06befb132e5427ebd4fa2f9f408ea27 - - default default] No more DHCP agents
2026-04-15 07:53:04.434 7 WARNING neutron.api.rpc.agentnotifiers.dhcp_rpc_agent_api [None req-cbe70555-e4ca-4ddc-adeb-7eb05757b931 09312dc5cbd644809eacb7948b595721 c06befb132e5427ebd4fa2f9f408ea27 - - default default] Unable to schedule network 8a2aafa0-b0e9-405b-93d0-1deda9248ebf: no agents available; will retry on subsequent port and subnet creation events. [pid: 8|app: 0|req: 519/1019] 10.0.0.43 () {34 vars in 989 bytes} [Wed Apr 15 07:53:04 2026] GET /v2.0/ports?device_id=a2cd7605-8f35-42e8-a402-38229dd6337c => generated 12 bytes in 23 msecs (HTTP/1.1 200) 4 headers in 156 bytes (1 switches on core 0)
2026-04-15 07:53:04.520 8 INFO neutron.plugins.ml2.drivers.ovn.mech_driver.mech_driver [None req-75278b22-4c10-40ba-a188-f6bbecacbc25 - - - - - -] OVN reports status down for port: ecd155c5-f184-495b-8ef6-2df7b6d0d8a6
2026-04-15 07:53:04.563 7 INFO neutron.db.ovn_revision_numbers_db [None req-cbe70555-e4ca-4ddc-adeb-7eb05757b931 09312dc5cbd644809eacb7948b595721 c06befb132e5427ebd4fa2f9f408ea27 - - default default] Successfully bumped revision number for resource ecd155c5-f184-495b-8ef6-2df7b6d0d8a6 (type: ports) to 1 [pid: 7|app: 0|req: 501/1020] 10.0.0.133 () {34 vars in 670 bytes} [Wed Apr 15 07:53:04 2026] POST /v2.0/networks => generated 654 bytes in 565 msecs (HTTP/1.1 201) 4 headers in 162 bytes (1 switches on core 0)
2026-04-15 07:53:04.782 8 WARNING neutron.scheduler.dhcp_agent_scheduler [None req-62318829-0ed5-4a76-a584-1518b4f266d8 09312dc5cbd644809eacb7948b595721 c06befb132e5427ebd4fa2f9f408ea27 - - default default] No more DHCP agents
2026-04-15 07:53:04.783 8 WARNING neutron.api.rpc.agentnotifiers.dhcp_rpc_agent_api [None req-62318829-0ed5-4a76-a584-1518b4f266d8 09312dc5cbd644809eacb7948b595721 c06befb132e5427ebd4fa2f9f408ea27 - - default default] Unable to schedule network 8a2aafa0-b0e9-405b-93d0-1deda9248ebf: no agents available; will retry on subsequent port and subnet creation events.
2026-04-15 07:53:04.827 8 INFO neutron.db.ovn_revision_numbers_db [None req-62318829-0ed5-4a76-a584-1518b4f266d8 09312dc5cbd644809eacb7948b595721 c06befb132e5427ebd4fa2f9f408ea27 - - default default] Successfully bumped revision number for resource fb145e95-b51f-4270-92e8-5428422dab18 (type: subnets) to 0 [pid: 8|app: 0|req: 520/1021] 10.0.0.133 () {34 vars in 669 bytes} [Wed Apr 15 07:53:04 2026] POST /v2.0/subnets => generated 646 bytes in 244 msecs (HTTP/1.1 201) 4 headers in 162 bytes (1 switches on core 0)
2026-04-15 07:53:05.116 7 WARNING neutron.scheduler.dhcp_agent_scheduler [None req-c594023d-93de-47e6-b190-efb90cc6899f 09312dc5cbd644809eacb7948b595721 c06befb132e5427ebd4fa2f9f408ea27 - - default default] No more DHCP agents
2026-04-15 07:53:05.117 7 WARNING neutron.api.rpc.agentnotifiers.dhcp_rpc_agent_api [None req-c594023d-93de-47e6-b190-efb90cc6899f 09312dc5cbd644809eacb7948b595721 c06befb132e5427ebd4fa2f9f408ea27 - - default default] Unable to schedule network 8a2aafa0-b0e9-405b-93d0-1deda9248ebf: no agents available; will retry on subsequent port and subnet creation events.
2026-04-15 07:53:05.223 8 INFO neutron.plugins.ml2.drivers.ovn.mech_driver.mech_driver [None req-75278b22-4c10-40ba-a188-f6bbecacbc25 - - - - - -] OVN reports status down for port: 31c5b3a7-5aa7-4eb0-bc99-4f4664e9b944
2026-04-15 07:53:05.279 7 INFO neutron.db.ovn_revision_numbers_db [None req-c594023d-93de-47e6-b190-efb90cc6899f 09312dc5cbd644809eacb7948b595721 c06befb132e5427ebd4fa2f9f408ea27 - - default default] Successfully bumped revision number for resource 31c5b3a7-5aa7-4eb0-bc99-4f4664e9b944 (type: ports) to 1 [pid: 7|app: 0|req: 502/1022] 10.0.0.133 () {34 vars in 665 bytes} [Wed Apr 15 07:53:04 2026] POST /v2.0/ports => generated 965 bytes in 489 msecs (HTTP/1.1 201) 4 headers in 162 bytes (1 switches on core 0) /var/lib/openstack/lib/python3.12/site-packages/pycadf/identifier.py:70: UserWarning: Invalid uuid: neutron. To ensure interoperability, identifiers should be a valid uuid. warnings.warn(('Invalid uuid: %s. To ensure interoperability, ' [pid: 7|app: 0|req: 503/1023] 10.0.0.43 () {34 vars in 989 bytes} [Wed Apr 15 07:53:05 2026] GET /v2.0/ports?device_id=a2cd7605-8f35-42e8-a402-38229dd6337c => generated 12 bytes in 24 msecs (HTTP/1.1 200) 4 headers in 156 bytes (1 switches on core 0)
2026-04-15 07:53:05.546 8 INFO neutron_taas.services.taas.taas_plugin [None req-70f9cb4e-1f06-411e-adff-1efe7a5121e9 09312dc5cbd644809eacb7948b595721 c06befb132e5427ebd4fa2f9f408ea27 - - default default] TaaS: Handle Delete Port: 31c5b3a7-5aa7-4eb0-bc99-4f4664e9b944
2026-04-15 07:53:05.553 8 INFO neutron_taas.services.taas.tap_mirror_plugin [None req-70f9cb4e-1f06-411e-adff-1efe7a5121e9 09312dc5cbd644809eacb7948b595721 c06befb132e5427ebd4fa2f9f408ea27 - - default default] Tap Mirror: Handle Delete Port: 31c5b3a7-5aa7-4eb0-bc99-4f4664e9b944 [pid: 8|app: 0|req: 521/1024] 10.0.0.133 () {32 vars in 720 bytes} [Wed Apr 15 07:53:05 2026] DELETE /v2.0/ports/31c5b3a7-5aa7-4eb0-bc99-4f4664e9b944 => generated 0 bytes in 390 msecs (HTTP/1.1 204) 3 headers in 131 bytes (1 switches on core 0)
2026-04-15 07:53:05.755 7 INFO neutron.pecan_wsgi.hooks.translation [None req-00355648-5a4c-47e2-b0a1-8a2185efa74b 09312dc5cbd644809eacb7948b595721 c06befb132e5427ebd4fa2f9f408ea27 - - default default] DELETE failed (client error): The resource could not be found. [pid: 7|app: 0|req: 504/1025] 10.0.0.133 () {32 vars in 720 bytes} [Wed Apr 15 07:53:05 2026] DELETE /v2.0/ports/31c5b3a7-5aa7-4eb0-bc99-4f4664e9b944 => generated 132 bytes in 19 msecs (HTTP/1.1 404) 4 headers in 164 bytes (1 switches on core 0)
2026-04-15 07:53:05.782 8 INFO neutron.pecan_wsgi.hooks.translation [None req-35fcca17-c858-4e8b-b952-aa77e2d873ed 09312dc5cbd644809eacb7948b595721 c06befb132e5427ebd4fa2f9f408ea27 - - default default] GET failed (client error): The resource could not be found. [pid: 8|app: 0|req: 522/1026] 10.0.0.133 () {32 vars in 717 bytes} [Wed Apr 15 07:53:05 2026] GET /v2.0/ports/31c5b3a7-5aa7-4eb0-bc99-4f4664e9b944 => generated 132 bytes in 21 msecs (HTTP/1.1 404) 4 headers in 164 bytes (1 switches on core 0) [pid: 7|app: 0|req: 505/1027] 10.0.0.133 () {32 vars in 724 bytes} [Wed Apr 15 07:53:05 2026] DELETE /v2.0/subnets/fb145e95-b51f-4270-92e8-5428422dab18 => generated 0 bytes in 203 msecs (HTTP/1.1 204) 3 headers in 131 bytes (1 switches on core 0)
2026-04-15 07:53:06.152 8 INFO neutron_taas.services.taas.taas_plugin [None req-af6f62d0-17e8-4427-8a91-7fa62d3369fa 09312dc5cbd644809eacb7948b595721 c06befb132e5427ebd4fa2f9f408ea27 - - default default] TaaS: Handle Delete Port: ecd155c5-f184-495b-8ef6-2df7b6d0d8a6
2026-04-15 07:53:06.155 8 INFO neutron_taas.services.taas.tap_mirror_plugin [None req-af6f62d0-17e8-4427-8a91-7fa62d3369fa 09312dc5cbd644809eacb7948b595721 c06befb132e5427ebd4fa2f9f408ea27 - - default default] Tap Mirror: Handle Delete Port: ecd155c5-f184-495b-8ef6-2df7b6d0d8a6
2026-04-15 07:53:06.390 8 INFO neutron.services.segments.plugin [-] Segment 504df35f-e4b3-48b3-a8aa-3551a6ef5943 resource provider aggregate not found
2026-04-15 07:53:06.395 8 INFO neutron.services.segments.plugin [-] Segment 504df35f-e4b3-48b3-a8aa-3551a6ef5943 resource provider aggregate not found
2026-04-15 07:53:06.416 8 INFO neutron.services.segments.plugin [-] Segment 504df35f-e4b3-48b3-a8aa-3551a6ef5943 resource provider not found; error: Placement Client Error (4xx): {"errors": [{"status": 404, "title": "Not Found", "detail": "The resource could not be found.\n\n No resource provider with uuid 504df35f-e4b3-48b3-a8aa-3551a6ef5943 found for delete ", "request_id": "req-38b1623b-8613-4493-914e-bd54a0b3fdb6"}]}
2026-04-15 07:53:06.418 8 INFO neutron.services.segments.plugin [-] Segment 504df35f-e4b3-48b3-a8aa-3551a6ef5943 resource provider not found; error: Placement Client Error (4xx): {"errors": [{"status": 404, "title": "Not Found", "detail": "The resource could not be found.\n\n No resource provider with uuid 504df35f-e4b3-48b3-a8aa-3551a6ef5943 found for delete ", "request_id": "req-c2b8f013-470f-4f6c-ba75-8d7004bca8e2"}]} [pid: 8|app: 0|req: 523/1028] 10.0.0.133 () {32 vars in 726 bytes} [Wed Apr 15 07:53:05 2026] DELETE /v2.0/networks/8a2aafa0-b0e9-405b-93d0-1deda9248ebf => generated 0 bytes in 457 msecs (HTTP/1.1 204) 3 headers in 131 bytes (1 switches on core 0)
2026-04-15 07:53:06.564 7 INFO neutron.db.segments_db [None req-c062be19-3887-48fc-8ddf-b0a3c8a763aa 09312dc5cbd644809eacb7948b595721 c06befb132e5427ebd4fa2f9f408ea27 - - default default] Added segment 963d1ef7-d7b6-4fac-a0f5-c0a95da4406d of type geneve for network b0ebbf4d-34f3-4216-b860-c926e0e4d792 [pid: 8|app: 0|req: 524/1029] 10.0.0.43 () {34 vars in 989 bytes} [Wed Apr 15 07:53:06 2026] GET /v2.0/ports?device_id=a2cd7605-8f35-42e8-a402-38229dd6337c => generated 12 bytes in 32 msecs (HTTP/1.1 200) 4 headers in 156 bytes (1 switches on core 0)
2026-04-15 07:53:06.734 7 INFO neutron.db.ovn_revision_numbers_db [None req-c062be19-3887-48fc-8ddf-b0a3c8a763aa 09312dc5cbd644809eacb7948b595721 c06befb132e5427ebd4fa2f9f408ea27 - - default default] Successfully bumped revision number for resource b0ebbf4d-34f3-4216-b860-c926e0e4d792 (type: networks) to 1
2026-04-15 07:53:06.911 7 WARNING neutron.scheduler.dhcp_agent_scheduler [None req-c062be19-3887-48fc-8ddf-b0a3c8a763aa 09312dc5cbd644809eacb7948b595721 c06befb132e5427ebd4fa2f9f408ea27 - - default default] No more DHCP agents
2026-04-15 07:53:06.912 7 WARNING neutron.api.rpc.agentnotifiers.dhcp_rpc_agent_api [None req-c062be19-3887-48fc-8ddf-b0a3c8a763aa 09312dc5cbd644809eacb7948b595721 c06befb132e5427ebd4fa2f9f408ea27 - - default default] Unable to schedule network b0ebbf4d-34f3-4216-b860-c926e0e4d792: no agents available; will retry on subsequent port and subnet creation events.
2026-04-15 07:53:06.997 8 INFO neutron.plugins.ml2.drivers.ovn.mech_driver.mech_driver [None req-75278b22-4c10-40ba-a188-f6bbecacbc25 - - - - - -] OVN reports status down for port: 98839f1a-b327-48da-a3ce-fd501a57ec84
2026-04-15 07:53:07.037 7 INFO neutron.db.ovn_revision_numbers_db [None req-c062be19-3887-48fc-8ddf-b0a3c8a763aa 09312dc5cbd644809eacb7948b595721 c06befb132e5427ebd4fa2f9f408ea27 - - default default] Successfully bumped revision number for resource 98839f1a-b327-48da-a3ce-fd501a57ec84 (type: ports) to 1 [pid: 7|app: 0|req: 506/1030] 10.0.0.133 () {34 vars in 670 bytes} [Wed Apr 15 07:53:06 2026] POST /v2.0/networks => generated 655 bytes in 605 msecs (HTTP/1.1 201) 4 headers in 162 bytes (1 switches on core 0)
2026-04-15 07:53:07.288 8 WARNING neutron.scheduler.dhcp_agent_scheduler [None req-04422f73-601a-4996-9b5b-1ea77b33d188 09312dc5cbd644809eacb7948b595721 c06befb132e5427ebd4fa2f9f408ea27 - - default default] No more DHCP agents
2026-04-15 07:53:07.289 8 WARNING neutron.api.rpc.agentnotifiers.dhcp_rpc_agent_api [None req-04422f73-601a-4996-9b5b-1ea77b33d188 09312dc5cbd644809eacb7948b595721 c06befb132e5427ebd4fa2f9f408ea27 - - default default] Unable to schedule network b0ebbf4d-34f3-4216-b860-c926e0e4d792: no agents available; will retry on subsequent port and subnet creation events.
2026-04-15 07:53:07.325 8 INFO neutron.db.ovn_revision_numbers_db [None req-04422f73-601a-4996-9b5b-1ea77b33d188 09312dc5cbd644809eacb7948b595721 c06befb132e5427ebd4fa2f9f408ea27 - - default default] Successfully bumped revision number for resource 9867e865-8cde-4280-a031-d09edfbc90b0 (type: subnets) to 0 [pid: 8|app: 0|req: 525/1031] 10.0.0.133 () {34 vars in 669 bytes} [Wed Apr 15 07:53:07 2026] POST /v2.0/subnets => generated 646 bytes in 270 msecs (HTTP/1.1 201) 4 headers in 162 bytes (1 switches on core 0)
2026-04-15 07:53:07.605 7 WARNING neutron.scheduler.dhcp_agent_scheduler [None req-548ac068-1e85-4eca-92a8-4c2a839c2070 09312dc5cbd644809eacb7948b595721 c06befb132e5427ebd4fa2f9f408ea27 - - default default] No more DHCP agents
2026-04-15 07:53:07.606 7 WARNING neutron.api.rpc.agentnotifiers.dhcp_rpc_agent_api [None req-548ac068-1e85-4eca-92a8-4c2a839c2070 09312dc5cbd644809eacb7948b595721 c06befb132e5427ebd4fa2f9f408ea27 - - default default] Unable to schedule network b0ebbf4d-34f3-4216-b860-c926e0e4d792: no agents available; will retry on subsequent port and subnet creation events. [pid: 8|app: 0|req: 526/1032] 10.0.0.43 () {34 vars in 989 bytes} [Wed Apr 15 07:53:07 2026] GET /v2.0/ports?device_id=a2cd7605-8f35-42e8-a402-38229dd6337c => generated 12 bytes in 58 msecs (HTTP/1.1 200) 4 headers in 156 bytes (1 switches on core 0)
2026-04-15 07:53:07.798 8 INFO neutron.plugins.ml2.drivers.ovn.mech_driver.mech_driver [None req-75278b22-4c10-40ba-a188-f6bbecacbc25 - - - - - -] OVN reports status down for port: 27505fd6-10aa-4ee3-bdb5-0147c12a23d3
2026-04-15 07:53:07.800 7 INFO neutron.db.ovn_revision_numbers_db [None req-548ac068-1e85-4eca-92a8-4c2a839c2070 09312dc5cbd644809eacb7948b595721 c06befb132e5427ebd4fa2f9f408ea27 - - default default] Successfully bumped revision number for resource 27505fd6-10aa-4ee3-bdb5-0147c12a23d3 (type: ports) to 1 [pid: 7|app: 0|req: 507/1033] 10.0.0.133 () {34 vars in 665 bytes} [Wed Apr 15 07:53:07 2026] POST /v2.0/ports => generated 924 bytes in 525 msecs (HTTP/1.1 201) 4 headers in 162 bytes (1 switches on core 0) [pid: 8|app: 0|req: 527/1034] 10.0.0.43 () {34 vars in 989 bytes} [Wed Apr 15 07:53:07 2026] GET /v2.0/ports?device_id=425c2d95-50e4-4345-8597-040dd3e07a4e => generated 971 bytes in 134 msecs (HTTP/1.1 200) 4 headers in 157 bytes (1 switches on core 0)
2026-04-15 07:53:08.007 7 INFO neutron_taas.services.taas.taas_plugin [None req-3d9d36f9-9985-4159-b284-995ebf1a998e 09312dc5cbd644809eacb7948b595721 c06befb132e5427ebd4fa2f9f408ea27 - - default default] TaaS: Handle Delete Port: 27505fd6-10aa-4ee3-bdb5-0147c12a23d3
2026-04-15 07:53:08.012 7 INFO neutron_taas.services.taas.tap_mirror_plugin [None req-3d9d36f9-9985-4159-b284-995ebf1a998e 09312dc5cbd644809eacb7948b595721 c06befb132e5427ebd4fa2f9f408ea27 - - default default] Tap Mirror: Handle Delete Port: 27505fd6-10aa-4ee3-bdb5-0147c12a23d3 [pid: 8|app: 0|req: 528/1035] 10.0.0.43 () {34 vars in 1039 bytes} [Wed Apr 15 07:53:07 2026] GET /v2.0/security-groups?id=802ec1d6-6970-4464-a3f3-95c1a52acf6d&fields=id&fields=name => generated 114 bytes in 57 msecs (HTTP/1.1 200) 4 headers in 157 bytes (1 switches on core 0) [pid: 7|app: 0|req: 508/1036] 10.0.0.133 () {32 vars in 720 bytes} [Wed Apr 15 07:53:07 2026] DELETE /v2.0/ports/27505fd6-10aa-4ee3-bdb5-0147c12a23d3 => generated 0 bytes in 294 msecs (HTTP/1.1 204) 3 headers in 131 bytes (1 switches on core 0)
2026-04-15 07:53:08.203 8 INFO neutron.pecan_wsgi.hooks.translation [None req-11d68504-4d09-4fec-9be4-270debf17123 09312dc5cbd644809eacb7948b595721 c06befb132e5427ebd4fa2f9f408ea27 - - default default] GET failed (client error): The resource could not be found. [pid: 8|app: 0|req: 529/1037] 10.0.0.133 () {32 vars in 717 bytes} [Wed Apr 15 07:53:08 2026] GET /v2.0/ports/27505fd6-10aa-4ee3-bdb5-0147c12a23d3 => generated 132 bytes in 25 msecs (HTTP/1.1 404) 4 headers in 164 bytes (1 switches on core 0) [pid: 7|app: 0|req: 509/1038] 10.0.0.43 () {34 vars in 989 bytes} [Wed Apr 15 07:53:08 2026] GET /v2.0/ports?device_id=425c2d95-50e4-4345-8597-040dd3e07a4e => generated 971 bytes in 94 msecs (HTTP/1.1 200) 4 headers in 157 bytes (1 switches on core 0) [pid: 7|app: 0|req: 510/1039] 10.0.0.43 () {34 vars in 1039 bytes} [Wed Apr 15 07:53:08 2026] GET /v2.0/security-groups?id=802ec1d6-6970-4464-a3f3-95c1a52acf6d&fields=id&fields=name => generated 114 bytes in 48 msecs (HTTP/1.1 200) 4 headers in 157 bytes (1 switches on core 0) [pid: 8|app: 0|req: 530/1040] 10.0.0.133 () {32 vars in 724 bytes} [Wed Apr 15 07:53:08 2026] DELETE /v2.0/subnets/9867e865-8cde-4280-a031-d09edfbc90b0 => generated 0 bytes in 140 msecs (HTTP/1.1 204) 3 headers in 131 bytes (1 switches on core 0)
2026-04-15 07:53:08.495 7 INFO neutron_taas.services.taas.taas_plugin [None req-d72b7094-9a0c-463f-95f5-55d9ae9205c6 09312dc5cbd644809eacb7948b595721 c06befb132e5427ebd4fa2f9f408ea27 - - default default] TaaS: Handle Delete Port: 98839f1a-b327-48da-a3ce-fd501a57ec84
2026-04-15 07:53:08.498 7 INFO neutron_taas.services.taas.tap_mirror_plugin [None req-d72b7094-9a0c-463f-95f5-55d9ae9205c6 09312dc5cbd644809eacb7948b595721 c06befb132e5427ebd4fa2f9f408ea27 - - default default] Tap Mirror: Handle Delete Port: 98839f1a-b327-48da-a3ce-fd501a57ec84
2026-04-15 07:53:08.724 7 INFO neutron.services.segments.plugin [-] Segment 963d1ef7-d7b6-4fac-a0f5-c0a95da4406d resource provider aggregate not found
2026-04-15 07:53:08.728 7 INFO neutron.services.segments.plugin [-] Segment 963d1ef7-d7b6-4fac-a0f5-c0a95da4406d resource provider aggregate not found
2026-04-15 07:53:08.750 7 INFO neutron.services.segments.plugin [-] Segment 963d1ef7-d7b6-4fac-a0f5-c0a95da4406d resource provider not found; error: Placement Client Error (4xx): {"errors": [{"status": 404, "title": "Not Found", "detail": "The resource could not be found.\n\n No resource provider with uuid 963d1ef7-d7b6-4fac-a0f5-c0a95da4406d found for delete ", "request_id": "req-fad32737-385f-4cf8-bde4-1ec7323cb553"}]}
