2026-04-14 07:02:59.734 7 INFO neutron.plugins.ml2.drivers.ovn.mech_driver.mech_driver [None req-95631b82-8f5a-4ba9-840b-c3e8d31338b3 - - - - - -] OVN reports status down for port: 242e19b5-81d4-4a7e-ba76-09419d30c417 [pid: 7|app: 0|req: 624/1193] 199.204.45.30 () {34 vars in 1011 bytes} [Tue Apr 14 07:02:59 2026] GET /v2.0/networks/f287f1be-e5d3-4388-ad9e-04bca5cc6f05?fields=segments => generated 14 bytes in 92 msecs (HTTP/1.1 200) 4 headers in 156 bytes (1 switches on core 0) [pid: 8|app: 0|req: 570/1194] 10.0.0.85 () {34 vars in 788 bytes} [Tue Apr 14 07:02:59 2026] PUT /v2.0/routers/a22610a1-5737-4ac7-bc53-a5d712b8d6d8/remove_router_interface => generated 309 bytes in 704 msecs (HTTP/1.1 200) 4 headers in 157 bytes (1 switches on core 0) /var/lib/openstack/lib/python3.12/site-packages/pycadf/identifier.py:70: UserWarning: Invalid uuid: neutron. To ensure interoperability, identifiers should be a valid uuid. warnings.warn(('Invalid uuid: %s. To ensure interoperability, ' [pid: 8|app: 0|req: 571/1195] 10.0.0.72 () {34 vars in 1039 bytes} [Tue Apr 14 07:02:59 2026] GET /v2.0/security-groups?id=0efd514a-2ac1-40f9-b007-bc27c43875de&fields=id&fields=name => generated 114 bytes in 28 msecs (HTTP/1.1 200) 4 headers in 157 bytes (1 switches on core 0) [pid: 8|app: 0|req: 572/1196] 199.204.45.30 () {34 vars in 1111 bytes} [Tue Apr 14 07:02:59 2026] GET /v2.0/networks/f287f1be-e5d3-4388-ad9e-04bca5cc6f05?fields=provider%3Aphysical_network&fields=provider%3Anetwork_type => generated 79 bytes in 39 msecs (HTTP/1.1 200) 4 headers in 156 bytes (1 switches on core 0) [pid: 8|app: 0|req: 573/1197] 10.0.0.85 () {32 vars in 735 bytes} [Tue Apr 14 07:02:59 2026] GET /v2.0/ports?device_id=a22610a1-5737-4ac7-bc53-a5d712b8d6d8 => generated 12 bytes in 16 msecs (HTTP/1.1 200) 4 headers in 156 bytes (1 switches on core 0)
2026-04-14 07:03:00.076 7 INFO neutron.db.ovn_revision_numbers_db [None req-95631b82-8f5a-4ba9-840b-c3e8d31338b3 - - - - - -] Successfully bumped revision number for resource 242e19b5-81d4-4a7e-ba76-09419d30c417 (type: ports) to 6 [pid: 8|app: 0|req: 574/1198] 10.0.0.85 () {32 vars in 723 bytes} [Tue Apr 14 07:02:59 2026] DELETE /v2.0/routers/a22610a1-5737-4ac7-bc53-a5d712b8d6d8 => generated 0 bytes in 227 msecs (HTTP/1.1 204) 2 headers in 112 bytes (1 switches on core 0)
2026-04-14 07:03:00.126 7 INFO neutron.db.ovn_revision_numbers_db [None req-0a0675c3-665a-4516-84f4-83f8ac83f7a5 9c58e3aaa8bc4c3f88018bc576e98325 1f4e20c760c2482499233194ca428a2d - - default default] Successfully bumped revision number for resource b5a5599c-ddb7-4493-bcc7-db32db19f3cb (type: security_groups) to 1
2026-04-14 07:03:00.147 7 INFO neutron.db.ovn_revision_numbers_db [None req-0a0675c3-665a-4516-84f4-83f8ac83f7a5 9c58e3aaa8bc4c3f88018bc576e98325 1f4e20c760c2482499233194ca428a2d - - default default] Successfully bumped revision number for resource 73791308-6880-47c2-ad14-8250d97b7fad (type: security_group_rules) to 0
2026-04-14 07:03:00.162 7 INFO neutron.db.ovn_revision_numbers_db [None req-0a0675c3-665a-4516-84f4-83f8ac83f7a5 9c58e3aaa8bc4c3f88018bc576e98325 1f4e20c760c2482499233194ca428a2d - - default default] Successfully bumped revision number for resource 9705172a-bb75-417b-ab6d-8a97f1f14af9 (type: security_group_rules) to 0
2026-04-14 07:03:00.173 7 INFO neutron.db.ovn_revision_numbers_db [None req-0a0675c3-665a-4516-84f4-83f8ac83f7a5 9c58e3aaa8bc4c3f88018bc576e98325 1f4e20c760c2482499233194ca428a2d - - default default] Successfully bumped revision number for resource a8e15edb-bc4a-4d94-89e1-0fc05e03c165 (type: security_group_rules) to 0
2026-04-14 07:03:00.184 7 INFO neutron.db.ovn_revision_numbers_db [None req-0a0675c3-665a-4516-84f4-83f8ac83f7a5 9c58e3aaa8bc4c3f88018bc576e98325 1f4e20c760c2482499233194ca428a2d - - default default] Successfully bumped revision number for resource fa4e211a-71ff-4179-a245-d2fb95696971 (type: security_group_rules) to 0 [pid: 7|app: 0|req: 625/1199] 10.0.0.85 () {32 vars in 773 bytes} [Tue Apr 14 07:02:59 2026] GET /v2.0/security-groups?tenant_id=0bcf2ac7921148b4a30225ab45ca45e4&name=default => generated 2925 bytes in 462 msecs (HTTP/1.1 200) 4 headers in 158 bytes (1 switches on core 0) /var/lib/openstack/lib/python3.12/site-packages/pycadf/identifier.py:70: UserWarning: Invalid uuid: neutron. To ensure interoperability, identifiers should be a valid uuid. warnings.warn(('Invalid uuid: %s. To ensure interoperability, '
2026-04-14 07:03:00.292 7 INFO neutron.notifiers.nova [-] Nova event matching ['req-0dde93ac-004a-4e7e-a152-fd79aa9b9dcb'] response: {'server_uuid': '3e106c97-b486-4c39-a4d7-bedc19acbae5', 'name': 'network-vif-unplugged', 'status': 'completed', 'tag': '242e19b5-81d4-4a7e-ba76-09419d30c417', 'code': 200}
2026-04-14 07:03:00.292 7 INFO neutron.notifiers.nova [-] Nova event matching ['req-0dde93ac-004a-4e7e-a152-fd79aa9b9dcb'] response: {'server_uuid': '3e106c97-b486-4c39-a4d7-bedc19acbae5', 'name': 'network-vif-unplugged', 'status': 'completed', 'tag': '242e19b5-81d4-4a7e-ba76-09419d30c417', 'code': 200} [pid: 8|app: 0|req: 575/1200] 10.0.0.85 () {32 vars in 723 bytes} [Tue Apr 14 07:03:00 2026] DELETE /v2.0/subnets/d8bdf66e-e3ea-449f-82e8-589804abb848 => generated 0 bytes in 182 msecs (HTTP/1.1 204) 3 headers in 131 bytes (1 switches on core 0)
2026-04-14 07:03:00.434 8 INFO neutron_taas.services.taas.taas_plugin [None req-310c1583-a171-448e-8aa4-de3a3cfa2b15 fb588a49ebe145718366add35e3280d4 23481214b8824109a585111ac9ce9d11 - - default default] TaaS: Handle Delete Port: adcfef94-71eb-43dd-afd7-475cf2e52a50
2026-04-14 07:03:00.438 8 INFO neutron_taas.services.taas.tap_mirror_plugin [None req-310c1583-a171-448e-8aa4-de3a3cfa2b15 fb588a49ebe145718366add35e3280d4 23481214b8824109a585111ac9ce9d11 - - default default] Tap Mirror: Handle Delete Port: adcfef94-71eb-43dd-afd7-475cf2e52a50 [pid: 7|app: 0|req: 626/1201] 10.0.0.85 () {32 vars in 739 bytes} [Tue Apr 14 07:03:00 2026] DELETE /v2.0/security-groups/b5a5599c-ddb7-4493-bcc7-db32db19f3cb => generated 0 bytes in 324 msecs (HTTP/1.1 204) 2 headers in 112 bytes (1 switches on core 0) [pid: 7|app: 0|req: 627/1202] 199.204.45.30 () {34 vars in 993 bytes} [Tue Apr 14 07:03:00 2026] GET /v2.0/ports?device_id=3e106c97-b486-4c39-a4d7-bedc19acbae5 => generated 969 bytes in 48 msecs (HTTP/1.1 200) 4 headers in 157 bytes (1 switches on core 0)
2026-04-14 07:03:00.688 8 INFO neutron.services.segments.plugin [-] Segment 13a081b3-9fd7-44b9-9b1b-9bf0531e121d resource provider aggregate not found
2026-04-14 07:03:00.688 8 INFO neutron.services.segments.plugin [-] Segment 13a081b3-9fd7-44b9-9b1b-9bf0531e121d resource provider aggregate not found
2026-04-14 07:03:00.712 8 INFO neutron.services.segments.plugin [-] Segment 13a081b3-9fd7-44b9-9b1b-9bf0531e121d resource provider not found; error: Placement Client Error (4xx): {"errors": [{"status": 404, "title": "Not Found", "detail": "The resource could not be found.\n\n No resource provider with uuid 13a081b3-9fd7-44b9-9b1b-9bf0531e121d found for delete ", "request_id": "req-cd048789-cebf-4296-b7b6-7eeff9c7702d"}]}
2026-04-14 07:03:00.715 8 INFO neutron.services.segments.plugin [-] Segment 13a081b3-9fd7-44b9-9b1b-9bf0531e121d resource provider not found; error: Placement Client Error (4xx): {"errors": [{"status": 404, "title": "Not Found", "detail": "The resource could not be found.\n\n No resource provider with uuid 13a081b3-9fd7-44b9-9b1b-9bf0531e121d found for delete ", "request_id": "req-41107767-90e1-4452-a372-70c0c4015b9c"}]} [pid: 8|app: 0|req: 576/1205] 10.0.0.85 () {32 vars in 725 bytes} [Tue Apr 14 07:03:00 2026] DELETE /v2.0/networks/ab307ea3-8104-4042-91c0-2019eb65c0e5 => generated 0 bytes in 460 msecs (HTTP/1.1 204) 3 headers in 131 bytes (1 switches on core 0)
2026-04-14 07:03:00.776 7 INFO neutron_taas.services.taas.taas_plugin [req-96b4cdfe-ec2f-4af3-890a-99f4fd2dc177 req-e756a32f-5993-4087-9bcb-4f83a805ab07 5175ddc67f35432fbce8f9e773038947 f41cc958035b4e988442182605180f8a - - default default] TaaS: Handle Delete Port: 242e19b5-81d4-4a7e-ba76-09419d30c417
2026-04-14 07:03:00.780 7 INFO neutron_taas.services.taas.tap_mirror_plugin [req-96b4cdfe-ec2f-4af3-890a-99f4fd2dc177 req-e756a32f-5993-4087-9bcb-4f83a805ab07 5175ddc67f35432fbce8f9e773038947 f41cc958035b4e988442182605180f8a - - default default] Tap Mirror: Handle Delete Port: 242e19b5-81d4-4a7e-ba76-09419d30c417
2026-04-14 07:03:00.985 7 INFO neutron.db.l3_db [req-96b4cdfe-ec2f-4af3-890a-99f4fd2dc177 req-e756a32f-5993-4087-9bcb-4f83a805ab07 5175ddc67f35432fbce8f9e773038947 f41cc958035b4e988442182605180f8a - - default default] Floating IP 8a9ec055-c156-427a-9aea-11f540b3ede3 disassociated. External IP: 10.96.250.218, port: 242e19b5-81d4-4a7e-ba76-09419d30c417. [pid: 7|app: 0|req: 630/1206] 199.204.45.30 () {36 vars in 996 bytes} [Tue Apr 14 07:03:00 2026] DELETE /v2.0/ports/242e19b5-81d4-4a7e-ba76-09419d30c417 => generated 0 bytes in 553 msecs (HTTP/1.1 204) 3 headers in 131 bytes (1 switches on core 0) [pid: 7|app: 0|req: 631/1207] 10.0.0.72 () {34 vars in 989 bytes} [Tue Apr 14 07:03:01 2026] GET /v2.0/ports?device_id=3e106c97-b486-4c39-a4d7-bedc19acbae5 => generated 12 bytes in 16 msecs (HTTP/1.1 200) 4 headers in 156 bytes (1 switches on core 0)
2026-04-14 07:03:01.308 8 WARNING neutron.scheduler.dhcp_agent_scheduler [None req-8a35b635-afe4-46a4-8cfb-5ad587ce171b fb588a49ebe145718366add35e3280d4 23481214b8824109a585111ac9ce9d11 - - default default] No more DHCP agents
2026-04-14 07:03:01.310 8 WARNING neutron.api.rpc.agentnotifiers.dhcp_rpc_agent_api [None req-8a35b635-afe4-46a4-8cfb-5ad587ce171b fb588a49ebe145718366add35e3280d4 23481214b8824109a585111ac9ce9d11 - - default default] Unable to schedule network f9acc4e5-c969-4cd1-906e-92ecc194ce25: no agents available; will retry on subsequent port and subnet creation events.
2026-04-14 07:03:01.441 8 INFO neutron.plugins.ml2.drivers.ovn.mech_driver.mech_driver [None req-d97f29b5-0351-4da6-96e1-cd00d767dde9 - - - - - -] OVN reports status down for port: ad61b050-46a2-4d7a-9035-0ebf45c46d8f
2026-04-14 07:03:01.508 8 INFO neutron.db.ovn_revision_numbers_db [None req-8a35b635-afe4-46a4-8cfb-5ad587ce171b fb588a49ebe145718366add35e3280d4 23481214b8824109a585111ac9ce9d11 - - default default] Successfully bumped revision number for resource ad61b050-46a2-4d7a-9035-0ebf45c46d8f (type: ports) to 1
2026-04-14 07:03:02.124 8 INFO neutron.plugins.ml2.drivers.ovn.mech_driver.ovsdb.commands [None req-ac76b737-ab5c-4764-b3c7-3f9aaea21014 - - - - - -] Schedule LRP lrp-ad61b050-46a2-4d7a-9035-0ebf45c46d8f on gateway 18b96430-7f2f-480f-9e87-0db3925c971d with priority 1
2026-04-14 07:03:02.206 8 INFO neutron.plugins.ml2.drivers.ovn.mech_driver.mech_driver [None req-d97f29b5-0351-4da6-96e1-cd00d767dde9 - - - - - -] OVN reports status up for port: ad61b050-46a2-4d7a-9035-0ebf45c46d8f
2026-04-14 07:03:02.223 8 INFO neutron.plugins.ml2.plugin [None req-d97f29b5-0351-4da6-96e1-cd00d767dde9 - - - - - -] Attempt 1 to provision port ad61b050-46a2-4d7a-9035-0ebf45c46d8f
2026-04-14 07:03:02.265 8 INFO neutron.db.ovn_revision_numbers_db [None req-8a35b635-afe4-46a4-8cfb-5ad587ce171b fb588a49ebe145718366add35e3280d4 23481214b8824109a585111ac9ce9d11 - - default default] Successfully bumped revision number for resource ad61b050-46a2-4d7a-9035-0ebf45c46d8f (type: router_ports) to 1 [pid: 7|app: 0|req: 632/1208] 10.0.0.72 () {34 vars in 989 bytes} [Tue Apr 14 07:03:02 2026] GET /v2.0/ports?device_id=3e106c97-b486-4c39-a4d7-bedc19acbae5 => generated 12 bytes in 24 msecs (HTTP/1.1 200) 4 headers in 156 bytes (1 switches on core 0)
2026-04-14 07:03:02.336 7 INFO neutron.notifiers.nova [-] Nova event matching ['req-d8c97385-2b45-4ba2-bc2b-a89d1f48bc19'] response: {'server_uuid': '3e106c97-b486-4c39-a4d7-bedc19acbae5', 'name': 'network-vif-deleted', 'tag': '242e19b5-81d4-4a7e-ba76-09419d30c417', 'status': 'completed', 'code': 200}
2026-04-14 07:03:02.381 8 INFO neutron.db.ovn_revision_numbers_db [None req-8a35b635-afe4-46a4-8cfb-5ad587ce171b fb588a49ebe145718366add35e3280d4 23481214b8824109a585111ac9ce9d11 - - default default] Successfully bumped revision number for resource 8fe1f918-f65d-4e88-9bf6-34a2cdf97159 (type: routers) to 2 [pid: 8|app: 0|req: 577/1209] 10.0.0.85 () {34 vars in 668 bytes} [Tue Apr 14 07:03:00 2026] POST /v2.0/routers => generated 947 bytes in 1630 msecs (HTTP/1.1 201) 4 headers in 162 bytes (1 switches on core 0) [pid: 7|app: 0|req: 633/1210] 10.0.0.85 () {32 vars in 720 bytes} [Tue Apr 14 07:03:02 2026] GET /v2.0/routers/8fe1f918-f65d-4e88-9bf6-34a2cdf97159 => generated 953 bytes in 75 msecs (HTTP/1.1 200) 4 headers in 157 bytes (1 switches on core 0) /var/lib/openstack/lib/python3.12/site-packages/pycadf/identifier.py:70: UserWarning: Invalid uuid: neutron. To ensure interoperability, identifiers should be a valid uuid. warnings.warn(('Invalid uuid: %s. To ensure interoperability, ' [pid: 8|app: 0|req: 578/1211] 10.0.0.85 () {32 vars in 646 bytes} [Tue Apr 14 07:03:02 2026] GET /v2.0/routers => generated 956 bytes in 86 msecs (HTTP/1.1 200) 4 headers in 157 bytes (1 switches on core 0)
2026-04-14 07:03:03.030 7 INFO neutron.db.ovn_revision_numbers_db [None req-6a20469b-0d23-481a-ab63-fcc062073e01 fb588a49ebe145718366add35e3280d4 23481214b8824109a585111ac9ce9d11 - - default default] Successfully bumped revision number for resource 8fe1f918-f65d-4e88-9bf6-34a2cdf97159 (type: routers) to 3 [pid: 7|app: 0|req: 634/1212] 10.0.0.85 () {34 vars in 740 bytes} [Tue Apr 14 07:03:02 2026] PUT /v2.0/routers/8fe1f918-f65d-4e88-9bf6-34a2cdf97159 => generated 960 bytes in 462 msecs (HTTP/1.1 200) 4 headers in 157 bytes (1 switches on core 0)
2026-04-14 07:03:03.116 8 INFO neutron.db.ovn_revision_numbers_db [None req-c349ed6e-5210-47d4-9a13-a760df954b1d 9c58e3aaa8bc4c3f88018bc576e98325 1f4e20c760c2482499233194ca428a2d - - default default] Successfully bumped revision number for resource 7e0edc27-556b-445e-bd56-c89fdc4366e0 (type: security_groups) to 1 [pid: 7|app: 0|req: 635/1213] 10.0.0.85 () {32 vars in 720 bytes} [Tue Apr 14 07:03:03 2026] GET /v2.0/routers/8fe1f918-f65d-4e88-9bf6-34a2cdf97159 => generated 960 bytes in 72 msecs (HTTP/1.1 200) 4 headers in 157 bytes (1 switches on core 0)
2026-04-14 07:03:03.128 8 INFO neutron.db.ovn_revision_numbers_db [None req-c349ed6e-5210-47d4-9a13-a760df954b1d 9c58e3aaa8bc4c3f88018bc576e98325 1f4e20c760c2482499233194ca428a2d - - default default] Successfully bumped revision number for resource a38486a5-2dc2-4a04-ac82-49564c6ae0bf (type: security_group_rules) to 0 [pid: 7|app: 0|req: 636/1214] 10.0.0.85 () {32 vars in 735 bytes} [Tue Apr 14 07:03:03 2026] GET /v2.0/ports?device_id=8fe1f918-f65d-4e88-9bf6-34a2cdf97159 => generated 12 bytes in 16 msecs (HTTP/1.1 200) 4 headers in 156 bytes (1 switches on core 0)
2026-04-14 07:03:03.141 8 INFO neutron.db.ovn_revision_numbers_db [None req-c349ed6e-5210-47d4-9a13-a760df954b1d 9c58e3aaa8bc4c3f88018bc576e98325 1f4e20c760c2482499233194ca428a2d - - default default] Successfully bumped revision number for resource c06c3612-5bb0-41c5-bfbd-020433aded83 (type: security_group_rules) to 0
2026-04-14 07:03:03.153 8 INFO neutron.db.ovn_revision_numbers_db [None req-c349ed6e-5210-47d4-9a13-a760df954b1d 9c58e3aaa8bc4c3f88018bc576e98325 1f4e20c760c2482499233194ca428a2d - - default default] Successfully bumped revision number for resource e753ccef-84f9-4de0-bceb-ba50ce4c5e5f (type: security_group_rules) to 0
2026-04-14 07:03:03.172 8 INFO neutron.db.ovn_revision_numbers_db [None req-c349ed6e-5210-47d4-9a13-a760df954b1d 9c58e3aaa8bc4c3f88018bc576e98325 1f4e20c760c2482499233194ca428a2d - - default default] Successfully bumped revision number for resource ec0bedc8-0131-47bc-84dd-c946a6b1bc81 (type: security_group_rules) to 0 [pid: 8|app: 0|req: 579/1215] 10.0.0.85 () {32 vars in 773 bytes} [Tue Apr 14 07:03:02 2026] GET /v2.0/security-groups?tenant_id=1b1bce18d1794e2d958f50cc261a886e&name=default => generated 2925 bytes in 415 msecs (HTTP/1.1 200) 4 headers in 158 bytes (1 switches on core 0)
2026-04-14 07:03:03.430 7 INFO neutron_taas.services.taas.taas_plugin [None req-df61bc94-d3de-4038-aa91-1d608f1e1f1c fb588a49ebe145718366add35e3280d4 23481214b8824109a585111ac9ce9d11 - - default default] TaaS: Handle Delete Port: ad61b050-46a2-4d7a-9035-0ebf45c46d8f
2026-04-14 07:03:03.435 7 INFO neutron_taas.services.taas.tap_mirror_plugin [None req-df61bc94-d3de-4038-aa91-1d608f1e1f1c fb588a49ebe145718366add35e3280d4 23481214b8824109a585111ac9ce9d11 - - default default] Tap Mirror: Handle Delete Port: ad61b050-46a2-4d7a-9035-0ebf45c46d8f [pid: 8|app: 0|req: 580/1216] 10.0.0.85 () {32 vars in 739 bytes} [Tue Apr 14 07:03:03 2026] DELETE /v2.0/security-groups/7e0edc27-556b-445e-bd56-c89fdc4366e0 => generated 0 bytes in 239 msecs (HTTP/1.1 204) 2 headers in 112 bytes (1 switches on core 0) [pid: 8|app: 0|req: 581/1217] 10.0.0.72 () {34 vars in 989 bytes} [Tue Apr 14 07:03:03 2026] GET /v2.0/ports?device_id=3e106c97-b486-4c39-a4d7-bedc19acbae5 => generated 12 bytes in 25 msecs (HTTP/1.1 200) 4 headers in 156 bytes (1 switches on core 0) [pid: 8|app: 0|req: 582/1218] 10.0.0.153 () {34 vars in 990 bytes} [Tue Apr 14 07:03:03 2026] GET /v2.0/ports?device_id=696ae286-8efc-407b-8174-b93b96a43eb3 => generated 1213 bytes in 52 msecs (HTTP/1.1 200) 4 headers in 158 bytes (1 switches on core 0) [pid: 8|app: 0|req: 583/1219] 10.0.0.153 () {34 vars in 1040 bytes} [Tue Apr 14 07:03:03 2026] GET /v2.0/security-groups?id=75d101bb-4cca-4599-a7f7-f2a18084905c&fields=id&fields=name => generated 114 bytes in 37 msecs (HTTP/1.1 200) 4 headers in 157 bytes (1 switches on core 0) [pid: 7|app: 0|req: 637/1220] 10.0.0.85 () {32 vars in 723 bytes} [Tue Apr 14 07:03:03 2026] DELETE /v2.0/routers/8fe1f918-f65d-4e88-9bf6-34a2cdf97159 => generated 0 bytes in 730 msecs (HTTP/1.1 204) 2 headers in 112 bytes (1 switches on core 0) [pid: 8|app: 0|req: 584/1221] 10.0.0.85 () {32 vars in 735 bytes} [Tue Apr 14 07:03:03 2026] GET /v2.0/ports?device_id=8fe1f918-f65d-4e88-9bf6-34a2cdf97159 => generated 12 bytes in 16 msecs (HTTP/1.1 200) 4 headers in 156 bytes (1 switches on core 0)
2026-04-14 07:03:03.920 7 INFO neutron.api.v2.resource [None req-d06e8960-59b5-4984-8fc2-874b73e74598 fb588a49ebe145718366add35e3280d4 23481214b8824109a585111ac9ce9d11 - - default default] delete failed (client error): The resource could not be found. [pid: 7|app: 0|req: 638/1222] 10.0.0.85 () {32 vars in 723 bytes} [Tue Apr 14 07:03:03 2026] DELETE /v2.0/routers/8fe1f918-f65d-4e88-9bf6-34a2cdf97159 => generated 135 bytes in 25 msecs (HTTP/1.1 404) 4 headers in 164 bytes (1 switches on core 0) [pid: 8|app: 0|req: 585/1223] 10.0.0.85 () {32 vars in 735 bytes} [Tue Apr 14 07:03:03 2026] GET /v2.0/ports?device_id=a22610a1-5737-4ac7-bc53-a5d712b8d6d8 => generated 12 bytes in 21 msecs (HTTP/1.1 200) 4 headers in 156 bytes (1 switches on core 0)
2026-04-14 07:03:03.970 7 INFO neutron.api.v2.resource [None req-e6b754c8-bcee-4676-958d-4f15282272dd fb588a49ebe145718366add35e3280d4 23481214b8824109a585111ac9ce9d11 - - default default] delete failed (client error): The resource could not be found. [pid: 7|app: 0|req: 639/1224] 10.0.0.85 () {32 vars in 723 bytes} [Tue Apr 14 07:03:03 2026] DELETE /v2.0/routers/a22610a1-5737-4ac7-bc53-a5d712b8d6d8 => generated 135 bytes in 21 msecs (HTTP/1.1 404) 4 headers in 164 bytes (1 switches on core 0)
2026-04-14 07:03:03.993 8 INFO neutron.pecan_wsgi.hooks.translation [None req-09e2e67c-91f9-4fc8-84d5-fdb6262288dc fb588a49ebe145718366add35e3280d4 23481214b8824109a585111ac9ce9d11 - - default default] DELETE failed (client error): The resource could not be found. [pid: 8|app: 0|req: 586/1225] 10.0.0.85 () {32 vars in 723 bytes} [Tue Apr 14 07:03:03 2026] DELETE /v2.0/subnets/d8bdf66e-e3ea-449f-82e8-589804abb848 => generated 136 bytes in 21 msecs (HTTP/1.1 404) 4 headers in 164 bytes (1 switches on core 0) [pid: 7|app: 0|req: 640/1226] 10.0.0.85 () {32 vars in 735 bytes} [Tue Apr 14 07:03:04 2026] GET /v2.0/ports?device_id=c3e577bb-b1ce-4aff-9732-73f928391f16 => generated 12 bytes in 19 msecs (HTTP/1.1 200) 4 headers in 156 bytes (1 switches on core 0)
2026-04-14 07:03:04.040 8 INFO neutron.api.v2.resource [None req-6a68be69-8e76-4a86-8aac-18f38e7c1913 fb588a49ebe145718366add35e3280d4 23481214b8824109a585111ac9ce9d11 - - default default] delete failed (client error): The resource could not be found. [pid: 8|app: 0|req: 587/1227] 10.0.0.85 () {32 vars in 723 bytes} [Tue Apr 14 07:03:04 2026] DELETE /v2.0/routers/c3e577bb-b1ce-4aff-9732-73f928391f16 => generated 135 bytes in 17 msecs (HTTP/1.1 404) 4 headers in 164 bytes (1 switches on core 0)
2026-04-14 07:03:04.075 7 INFO neutron.pecan_wsgi.hooks.translation [None req-69617d0a-103b-4760-ad7f-5c9e1ddbc629 fb588a49ebe145718366add35e3280d4 23481214b8824109a585111ac9ce9d11 - - default default] DELETE failed (client error): The resource could not be found. [pid: 7|app: 0|req: 641/1228] 10.0.0.85 () {32 vars in 723 bytes} [Tue Apr 14 07:03:04 2026] DELETE /v2.0/subnets/73beb0b5-2c65-4613-8b5e-a8a6f45f5351 => generated 136 bytes in 32 msecs (HTTP/1.1 404) 4 headers in 164 bytes (1 switches on core 0) [pid: 8|app: 0|req: 588/1229] 10.0.0.85 () {32 vars in 735 bytes} [Tue Apr 14 07:03:04 2026] GET /v2.0/ports?device_id=bba59517-a8ac-435c-a6e4-212a036c6e11 => generated 12 bytes in 15 msecs (HTTP/1.1 200) 4 headers in 156 bytes (1 switches on core 0)
2026-04-14 07:03:04.123 7 INFO neutron.api.v2.resource [None req-472bf271-bf7a-4ed1-a20d-b6962b9f00f4 fb588a49ebe145718366add35e3280d4 23481214b8824109a585111ac9ce9d11 - - default default] delete failed (client error): The resource could not be found. [pid: 7|app: 0|req: 642/1230] 10.0.0.85 () {32 vars in 723 bytes} [Tue Apr 14 07:03:04 2026] DELETE /v2.0/routers/bba59517-a8ac-435c-a6e4-212a036c6e11 => generated 135 bytes in 19 msecs (HTTP/1.1 404) 4 headers in 164 bytes (1 switches on core 0)
2026-04-14 07:03:04.143 8 INFO neutron.pecan_wsgi.hooks.translation [None req-268db42e-ab7b-4d15-985c-520bc993626f fb588a49ebe145718366add35e3280d4 23481214b8824109a585111ac9ce9d11 - - default default] DELETE failed (client error): The resource could not be found. [pid: 8|app: 0|req: 589/1231] 10.0.0.85 () {32 vars in 723 bytes} [Tue Apr 14 07:03:04 2026] DELETE /v2.0/subnets/34ec51d1-d21f-428a-89aa-1213bb5851fb => generated 136 bytes in 16 msecs (HTTP/1.1 404) 4 headers in 164 bytes (1 switches on core 0)
2026-04-14 07:03:04.165 7 INFO neutron.pecan_wsgi.hooks.translation [None req-bd59b844-3c0c-4bce-8a4e-e8f499d0484e fb588a49ebe145718366add35e3280d4 23481214b8824109a585111ac9ce9d11 - - default default] DELETE failed (client error): The resource could not be found. [pid: 7|app: 0|req: 643/1232] 10.0.0.85 () {32 vars in 723 bytes} [Tue Apr 14 07:03:04 2026] DELETE /v2.0/subnets/e2b49293-113f-4011-b543-bb0e1a99643c => generated 136 bytes in 16 msecs (HTTP/1.1 404) 4 headers in 164 bytes (1 switches on core 0) [pid: 8|app: 0|req: 590/1233] 10.0.0.72 () {34 vars in 989 bytes} [Tue Apr 14 07:03:04 2026] GET /v2.0/ports?device_id=3e106c97-b486-4c39-a4d7-bedc19acbae5 => generated 12 bytes in 16 msecs (HTTP/1.1 200) 4 headers in 156 bytes (1 switches on core 0) [pid: 7|app: 0|req: 644/1234] 10.0.0.85 () {32 vars in 773 bytes} [Tue Apr 14 07:03:04 2026] GET /v2.0/security-groups?tenant_id=23481214b8824109a585111ac9ce9d11&name=default => generated 2925 bytes in 172 msecs (HTTP/1.1 200) 4 headers in 158 bytes (1 switches on core 0) [pid: 8|app: 0|req: 591/1235] 10.0.0.85 () {32 vars in 739 bytes} [Tue Apr 14 07:03:04 2026] DELETE /v2.0/security-groups/e537e402-d7f6-4c7e-8b25-774b44dfa3c5 => generated 0 bytes in 237 msecs (HTTP/1.1 204) 2 headers in 112 bytes (1 switches on core 0)
2026-04-14 07:03:05.531 7 INFO neutron.db.ovn_revision_numbers_db [None req-05c90c8d-3a14-4b98-b26a-2e457535e889 9c58e3aaa8bc4c3f88018bc576e98325 1f4e20c760c2482499233194ca428a2d - - default default] Successfully bumped revision number for resource 081603d6-b98f-466b-943f-a2cf782e5f46 (type: security_groups) to 1
2026-04-14 07:03:05.542 7 INFO neutron.db.ovn_revision_numbers_db [None req-05c90c8d-3a14-4b98-b26a-2e457535e889 9c58e3aaa8bc4c3f88018bc576e98325 1f4e20c760c2482499233194ca428a2d - - default default] Successfully bumped revision number for resource 1e3a9a3b-3c6b-4a72-b2a9-ee231d9a7985 (type: security_group_rules) to 0
2026-04-14 07:03:05.554 7 INFO neutron.db.ovn_revision_numbers_db [None req-05c90c8d-3a14-4b98-b26a-2e457535e889 9c58e3aaa8bc4c3f88018bc576e98325 1f4e20c760c2482499233194ca428a2d - - default default] Successfully bumped revision number for resource 44fa28aa-7007-4f40-9756-44bdfdb92a62 (type: security_group_rules) to 0
2026-04-14 07:03:05.568 7 INFO neutron.db.ovn_revision_numbers_db [None req-05c90c8d-3a14-4b98-b26a-2e457535e889 9c58e3aaa8bc4c3f88018bc576e98325 1f4e20c760c2482499233194ca428a2d - - default default] Successfully bumped revision number for resource 6e7d6edc-61a0-477c-89a7-36f19bd14bdd (type: security_group_rules) to 0
2026-04-14 07:03:05.583 7 INFO neutron.db.ovn_revision_numbers_db [None req-05c90c8d-3a14-4b98-b26a-2e457535e889 9c58e3aaa8bc4c3f88018bc576e98325 1f4e20c760c2482499233194ca428a2d - - default default] Successfully bumped revision number for resource 8645deb0-f1d8-4867-95d9-539ae6f413c4 (type: security_group_rules) to 0
2026-04-14 07:03:05.666 7 INFO neutron.db.segments_db [None req-05c90c8d-3a14-4b98-b26a-2e457535e889 9c58e3aaa8bc4c3f88018bc576e98325 1f4e20c760c2482499233194ca428a2d - - default default] Added segment bc498f13-9500-4adf-9c9a-5e26810bde85 of type geneve for network e3ecce9a-f414-4ac3-8016-233e2a584490
2026-04-14 07:03:05.786 7 INFO neutron.db.ovn_revision_numbers_db [None req-05c90c8d-3a14-4b98-b26a-2e457535e889 9c58e3aaa8bc4c3f88018bc576e98325 1f4e20c760c2482499233194ca428a2d - - default default] Successfully bumped revision number for resource e3ecce9a-f414-4ac3-8016-233e2a584490 (type: networks) to 1 [pid: 8|app: 0|req: 592/1236] 10.0.0.85 () {32 vars in 739 bytes} [Tue Apr 14 07:03:05 2026] DELETE /v2.0/security-groups/0efd514a-2ac1-40f9-b007-bc27c43875de => generated 0 bytes in 144 msecs (HTTP/1.1 204) 2 headers in 112 bytes (1 switches on core 0)
2026-04-14 07:03:05.818 8 INFO neutron.api.v2.resource [None req-5ccc81c1-ab90-47ca-b384-f56520d9eeb4 5175ddc67f35432fbce8f9e773038947 f41cc958035b4e988442182605180f8a - - default default] show failed (client error): The resource could not be found. [pid: 8|app: 0|req: 593/1237] 10.0.0.85 () {32 vars in 736 bytes} [Tue Apr 14 07:03:05 2026] GET /v2.0/security-groups/0efd514a-2ac1-40f9-b007-bc27c43875de => generated 146 bytes in 15 msecs (HTTP/1.1 404) 4 headers in 164 bytes (1 switches on core 0)
2026-04-14 07:03:05.939 8 INFO neutron_taas.services.taas.taas_plugin [None req-39262dfc-4610-49a1-b8e7-1c040c0fc696 5175ddc67f35432fbce8f9e773038947 f41cc958035b4e988442182605180f8a - - default default] TaaS: Handle Delete Port: 58523ba9-bbda-4661-9326-39d8d217c2e9
2026-04-14 07:03:05.941 8 INFO neutron_taas.services.taas.tap_mirror_plugin [None req-39262dfc-4610-49a1-b8e7-1c040c0fc696 5175ddc67f35432fbce8f9e773038947 f41cc958035b4e988442182605180f8a - - default default] Tap Mirror: Handle Delete Port: 58523ba9-bbda-4661-9326-39d8d217c2e9
2026-04-14 07:03:05.968 7 WARNING neutron.scheduler.dhcp_agent_scheduler [None req-05c90c8d-3a14-4b98-b26a-2e457535e889 9c58e3aaa8bc4c3f88018bc576e98325 1f4e20c760c2482499233194ca428a2d - - default default] No more DHCP agents
2026-04-14 07:03:05.970 7 WARNING neutron.api.rpc.agentnotifiers.dhcp_rpc_agent_api [None req-05c90c8d-3a14-4b98-b26a-2e457535e889 9c58e3aaa8bc4c3f88018bc576e98325 1f4e20c760c2482499233194ca428a2d - - default default] Unable to schedule network e3ecce9a-f414-4ac3-8016-233e2a584490: no agents available; will retry on subsequent port and subnet creation events.
2026-04-14 07:03:06.029 7 INFO neutron.plugins.ml2.drivers.ovn.mech_driver.mech_driver [None req-d08189b8-dd45-4223-bb94-4bcbfc0e922a - - - - - -] OVN reports status down for port: 685a90d3-153d-4356-930b-06e1a0195440
2026-04-14 07:03:06.090 7 INFO neutron.db.ovn_revision_numbers_db [None req-05c90c8d-3a14-4b98-b26a-2e457535e889 9c58e3aaa8bc4c3f88018bc576e98325 1f4e20c760c2482499233194ca428a2d - - default default] Successfully bumped revision number for resource 685a90d3-153d-4356-930b-06e1a0195440 (type: ports) to 1 [pid: 8|app: 0|req: 594/1238] 10.0.0.85 () {32 vars in 731 bytes} [Tue Apr 14 07:03:05 2026] DELETE /v2.0/floatingips/8a9ec055-c156-427a-9aea-11f540b3ede3 => generated 0 bytes in 276 msecs (HTTP/1.1 204) 2 headers in 112 bytes (1 switches on core 0) [pid: 7|app: 0|req: 645/1239] 10.0.0.85 () {34 vars in 670 bytes} [Tue Apr 14 07:03:05 2026] POST /v2.0/networks => generated 763 bytes in 897 msecs (HTTP/1.1 201) 4 headers in 162 bytes (1 switches on core 0)
2026-04-14 07:03:06.289 7 WARNING neutron.scheduler.dhcp_agent_scheduler [None req-c7cf3b5b-b118-4c0e-89ac-a268a9913040 9c58e3aaa8bc4c3f88018bc576e98325 1f4e20c760c2482499233194ca428a2d - - default default] No more DHCP agents
2026-04-14 07:03:06.290 7 WARNING neutron.api.rpc.agentnotifiers.dhcp_rpc_agent_api [None req-c7cf3b5b-b118-4c0e-89ac-a268a9913040 9c58e3aaa8bc4c3f88018bc576e98325 1f4e20c760c2482499233194ca428a2d - - default default] Unable to schedule network e3ecce9a-f414-4ac3-8016-233e2a584490: no agents available; will retry on subsequent port and subnet creation events.
2026-04-14 07:03:06.378 8 INFO neutron_taas.services.taas.taas_plugin [None req-eace9844-6e9f-44e3-854f-2a8c5e9d3410 9c58e3aaa8bc4c3f88018bc576e98325 1f4e20c760c2482499233194ca428a2d - - default default] TaaS: Handle Delete Port: f4479de7-7d55-4185-bde4-40bb92652629
2026-04-14 07:03:06.381 8 INFO neutron_taas.services.taas.tap_mirror_plugin [None req-eace9844-6e9f-44e3-854f-2a8c5e9d3410 9c58e3aaa8bc4c3f88018bc576e98325 1f4e20c760c2482499233194ca428a2d - - default default] Tap Mirror: Handle Delete Port: f4479de7-7d55-4185-bde4-40bb92652629
2026-04-14 07:03:06.823 7 INFO neutron.db.ovn_revision_numbers_db [None req-13700dc7-4af0-49f9-a5dc-d7f6b517784c - - - - - -] Successfully bumped revision number for resource 685a90d3-153d-4356-930b-06e1a0195440 (type: ports) to 2
2026-04-14 07:03:06.860 7 INFO neutron.db.ovn_revision_numbers_db [None req-13700dc7-4af0-49f9-a5dc-d7f6b517784c - - - - - -] Successfully bumped revision number for resource 13df1277-da42-46a1-82b4-8daef92bc5d4 (type: subnets) to 0 [pid: 7|app: 0|req: 646/1240] 10.0.0.85 () {34 vars in 668 bytes} [Tue Apr 14 07:03:06 2026] POST /v2.0/subnets => generated 688 bytes in 742 msecs (HTTP/1.1 201) 4 headers in 162 bytes (1 switches on core 0) [pid: 8|app: 0|req: 595/1241] 10.0.0.85 () {34 vars in 788 bytes} [Tue Apr 14 07:03:06 2026] PUT /v2.0/routers/425aa2bc-3d7e-4801-b2db-6e6f65e5e97e/remove_router_interface => generated 309 bytes in 891 msecs (HTTP/1.1 200) 4 headers in 157 bytes (1 switches on core 0) /var/lib/openstack/lib/python3.12/site-packages/pycadf/identifier.py:70: UserWarning: Invalid uuid: neutron. To ensure interoperability, identifiers should be a valid uuid. warnings.warn(('Invalid uuid: %s. To ensure interoperability, ' [pid: 7|app: 0|req: 647/1242] 10.0.0.85 () {34 vars in 676 bytes} [Tue Apr 14 07:03:06 2026] POST /v2.0/subnetpools => generated 549 bytes in 205 msecs (HTTP/1.1 201) 4 headers in 162 bytes (1 switches on core 0)
2026-04-14 07:03:07.364 7 INFO neutron_taas.services.taas.taas_plugin [None req-46ce5aa3-c8e2-42ad-9548-e4271e4365df 9c58e3aaa8bc4c3f88018bc576e98325 1f4e20c760c2482499233194ca428a2d - - default default] TaaS: Handle Delete Port: dcac3325-338c-4aee-8777-59712dc416f5
2026-04-14 07:03:07.370 7 INFO neutron_taas.services.taas.tap_mirror_plugin [None req-46ce5aa3-c8e2-42ad-9548-e4271e4365df 9c58e3aaa8bc4c3f88018bc576e98325 1f4e20c760c2482499233194ca428a2d - - default default] Tap Mirror: Handle Delete Port: dcac3325-338c-4aee-8777-59712dc416f5
2026-04-14 07:03:07.420 8 WARNING neutron.scheduler.dhcp_agent_scheduler [None req-a243db97-03be-4b46-adf4-0a562ea0eabd 9c58e3aaa8bc4c3f88018bc576e98325 1f4e20c760c2482499233194ca428a2d - - default default] No more DHCP agents
2026-04-14 07:03:07.422 8 WARNING neutron.api.rpc.agentnotifiers.dhcp_rpc_agent_api [None req-a243db97-03be-4b46-adf4-0a562ea0eabd 9c58e3aaa8bc4c3f88018bc576e98325 1f4e20c760c2482499233194ca428a2d - - default default] Unable to schedule network f9acc4e5-c969-4cd1-906e-92ecc194ce25: no agents available; will retry on subsequent port and subnet creation events.
2026-04-14 07:03:07.553 7 INFO neutron.plugins.ml2.drivers.ovn.mech_driver.mech_driver [None req-d08189b8-dd45-4223-bb94-4bcbfc0e922a - - - - - -] OVN reports status down for port: 9232eb95-d385-443b-ba49-0a3f8d2654df
2026-04-14 07:03:07.557 8 INFO neutron.db.ovn_revision_numbers_db [None req-a243db97-03be-4b46-adf4-0a562ea0eabd 9c58e3aaa8bc4c3f88018bc576e98325 1f4e20c760c2482499233194ca428a2d - - default default] Successfully bumped revision number for resource 9232eb95-d385-443b-ba49-0a3f8d2654df (type: ports) to 1 [pid: 7|app: 0|req: 648/1243] 10.0.0.85 () {32 vars in 723 bytes} [Tue Apr 14 07:03:07 2026] DELETE /v2.0/routers/425aa2bc-3d7e-4801-b2db-6e6f65e5e97e => generated 0 bytes in 755 msecs (HTTP/1.1 204) 2 headers in 112 bytes (1 switches on core 0) [pid: 7|app: 0|req: 649/1244] 10.0.0.85 () {32 vars in 728 bytes} [Tue Apr 14 07:03:07 2026] GET /v2.0/subnetpools/104cc2aa-9582-4a81-b51c-068aaf3fa486 => generated 549 bytes in 20 msecs (HTTP/1.1 200) 4 headers in 157 bytes (1 switches on core 0)
2026-04-14 07:03:07.872 8 WARNING neutron.plugins.ml2.drivers.ovn.mech_driver.ovsdb.ovn_client [None req-d97f29b5-0351-4da6-96e1-cd00d767dde9 - - - - - -] No port found with ID ad61b050-46a2-4d7a-9035-0ebf45c46d8f: RuntimeError: No port found with ID ad61b050-46a2-4d7a-9035-0ebf45c46d8f [pid: 7|app: 0|req: 650/1245] 10.0.0.85 () {32 vars in 723 bytes} [Tue Apr 14 07:03:07 2026] DELETE /v2.0/subnets/a8d8ed61-1c2e-45b6-af3f-dc20a7bc00b5 => generated 0 bytes in 153 msecs (HTTP/1.1 204) 3 headers in 131 bytes (1 switches on core 0) [pid: 7|app: 0|req: 651/1246] 10.0.0.85 () {34 vars in 748 bytes} [Tue Apr 14 07:03:08 2026] PUT /v2.0/subnetpools/104cc2aa-9582-4a81-b51c-068aaf3fa486 => generated 501 bytes in 50 msecs (HTTP/1.1 200) 4 headers in 157 bytes (1 switches on core 0)
2026-04-14 07:03:08.175 7 INFO neutron_taas.services.taas.taas_plugin [None req-fe3baf19-1faf-40c0-ac4f-09c3df63e1c4 9c58e3aaa8bc4c3f88018bc576e98325 1f4e20c760c2482499233194ca428a2d - - default default] TaaS: Handle Delete Port: 1f414d82-6aa0-4048-98e1-68d8df6ce119
2026-04-14 07:03:08.177 7 INFO neutron_taas.services.taas.tap_mirror_plugin [None req-fe3baf19-1faf-40c0-ac4f-09c3df63e1c4 9c58e3aaa8bc4c3f88018bc576e98325 1f4e20c760c2482499233194ca428a2d - - default default] Tap Mirror: Handle Delete Port: 1f414d82-6aa0-4048-98e1-68d8df6ce119
2026-04-14 07:03:08.199 8 INFO neutron.plugins.ml2.drivers.ovn.mech_driver.ovsdb.commands [None req-ac76b737-ab5c-4764-b3c7-3f9aaea21014 - - - - - -] Schedule LRP lrp-9232eb95-d385-443b-ba49-0a3f8d2654df on gateway 18b96430-7f2f-480f-9e87-0db3925c971d with priority 1
2026-04-14 07:03:08.276 8 INFO neutron.db.ovn_revision_numbers_db [None req-a243db97-03be-4b46-adf4-0a562ea0eabd 9c58e3aaa8bc4c3f88018bc576e98325 1f4e20c760c2482499233194ca428a2d - - default default] Successfully bumped revision number for resource 9232eb95-d385-443b-ba49-0a3f8d2654df (type: router_ports) to 1
2026-04-14 07:03:08.277 7 INFO neutron.plugins.ml2.drivers.ovn.mech_driver.ovsdb.ovsdb_monitor [None req-1a0610e7-7274-48ee-a964-524f2db248be - - - - - -] Router 7655bc19-e3d9-4539-9da2-8b778dd9e9c3 is bound to host instance
2026-04-14 07:03:08.282 7 INFO neutron.plugins.ml2.drivers.ovn.mech_driver.mech_driver [None req-d08189b8-dd45-4223-bb94-4bcbfc0e922a - - - - - -] OVN reports status up for port: 9232eb95-d385-443b-ba49-0a3f8d2654df
2026-04-14 07:03:08.321 7 INFO neutron.plugins.ml2.plugin [None req-d08189b8-dd45-4223-bb94-4bcbfc0e922a - - - - - -] Attempt 1 to provision port 9232eb95-d385-443b-ba49-0a3f8d2654df
2026-04-14 07:03:08.358 8 INFO neutron.db.ovn_revision_numbers_db [None req-a243db97-03be-4b46-adf4-0a562ea0eabd 9c58e3aaa8bc4c3f88018bc576e98325 1f4e20c760c2482499233194ca428a2d - - default default] Successfully bumped revision number for resource 7655bc19-e3d9-4539-9da2-8b778dd9e9c3 (type: routers) to 2 [pid: 8|app: 0|req: 596/1247] 10.0.0.85 () {34 vars in 668 bytes} [Tue Apr 14 07:03:06 2026] POST /v2.0/routers => generated 966 bytes in 1380 msecs (HTTP/1.1 201) 4 headers in 162 bytes (1 switches on core 0) [pid: 8|app: 0|req: 597/1248] 10.0.0.85 () {32 vars in 731 bytes} [Tue Apr 14 07:03:08 2026] DELETE /v2.0/subnetpools/104cc2aa-9582-4a81-b51c-068aaf3fa486 => generated 0 bytes in 54 msecs (HTTP/1.1 204) 2 headers in 112 bytes (1 switches on core 0)
2026-04-14 07:03:08.563 7 INFO neutron.services.segments.plugin [-] Segment 76e7510d-a505-4601-a7e3-0592acb23a14 resource provider aggregate not found
2026-04-14 07:03:08.581 7 INFO neutron.services.segments.plugin [-] Segment 76e7510d-a505-4601-a7e3-0592acb23a14 resource provider aggregate not found
2026-04-14 07:03:08.591 7 INFO neutron.services.segments.plugin [-] Segment 76e7510d-a505-4601-a7e3-0592acb23a14 resource provider not found; error: Placement Client Error (4xx): {"errors": [{"status": 404, "title": "Not Found", "detail": "The resource could not be found.\n\n No resource provider with uuid 76e7510d-a505-4601-a7e3-0592acb23a14 found for delete ", "request_id": "req-fc5ac779-e114-4931-8087-b63389389759"}]}
2026-04-14 07:03:08.612 7 INFO neutron.services.segments.plugin [-] Segment 76e7510d-a505-4601-a7e3-0592acb23a14 resource provider not found; error: Placement Client Error (4xx): {"errors": [{"status": 404, "title": "Not Found", "detail": "The resource could not be found.\n\n No resource provider with uuid 76e7510d-a505-4601-a7e3-0592acb23a14 found for delete ", "request_id": "req-c3dcf865-f0c5-4177-b7c6-9d23fc4d8989"}]} [pid: 7|app: 0|req: 652/1249] 10.0.0.85 () {32 vars in 725 bytes} [Tue Apr 14 07:03:08 2026] DELETE /v2.0/networks/f287f1be-e5d3-4388-ad9e-04bca5cc6f05 => generated 0 bytes in 630 msecs (HTTP/1.1 204) 3 headers in 131 bytes (1 switches on core 0)
2026-04-14 07:03:08.712 7 INFO neutron.api.v2.resource [None req-4b3cd8ac-ae39-474e-a574-ceee0ce0dd09 ee6c44d9a38a43de876068494f73d41c dcba12b7c8bf49b991123318b634326c - - default default] show failed (client error): The resource could not be found. [pid: 7|app: 0|req: 653/1250] 10.0.0.85 () {32 vars in 728 bytes} [Tue Apr 14 07:03:08 2026] GET /v2.0/subnetpools/104cc2aa-9582-4a81-b51c-068aaf3fa486 => generated 145 bytes in 23 msecs (HTTP/1.1 404) 4 headers in 164 bytes (1 switches on core 0)
2026-04-14 07:03:08.755 7 INFO neutron.api.v2.resource [None req-2e158740-cb21-4ee2-a346-4292a45f209c ee6c44d9a38a43de876068494f73d41c dcba12b7c8bf49b991123318b634326c - - default default] delete failed (client error): The resource could not be found. [pid: 7|app: 0|req: 654/1251] 10.0.0.85 () {32 vars in 731 bytes} [Tue Apr 14 07:03:08 2026] DELETE /v2.0/subnetpools/104cc2aa-9582-4a81-b51c-068aaf3fa486 => generated 145 bytes in 34 msecs (HTTP/1.1 404) 4 headers in 164 bytes (1 switches on core 0)
2026-04-14 07:03:08.881 8 WARNING neutron.scheduler.dhcp_agent_scheduler [None req-d2180766-52fa-4875-b327-ce1dda8c67a7 9c58e3aaa8bc4c3f88018bc576e98325 1f4e20c760c2482499233194ca428a2d - - default default] No more DHCP agents
2026-04-14 07:03:08.882 8 WARNING neutron.api.rpc.agentnotifiers.dhcp_rpc_agent_api [None req-d2180766-52fa-4875-b327-ce1dda8c67a7 9c58e3aaa8bc4c3f88018bc576e98325 1f4e20c760c2482499233194ca428a2d - - default default] Unable to schedule network e3ecce9a-f414-4ac3-8016-233e2a584490: no agents available; will retry on subsequent port and subnet creation events. [pid: 7|app: 0|req: 655/1252] 10.0.0.85 () {32 vars in 773 bytes} [Tue Apr 14 07:03:08 2026] GET /v2.0/security-groups?tenant_id=f41cc958035b4e988442182605180f8a&name=default => generated 2925 bytes in 48 msecs (HTTP/1.1 200) 4 headers in 158 bytes (1 switches on core 0)
2026-04-14 07:03:09.025 8 INFO neutron.db.ovn_revision_numbers_db [None req-d2180766-52fa-4875-b327-ce1dda8c67a7 9c58e3aaa8bc4c3f88018bc576e98325 1f4e20c760c2482499233194ca428a2d - - default default] Successfully bumped revision number for resource 43e30e94-62cf-447b-996d-dfb0088e2e3d (type: ports) to 1 [pid: 7|app: 0|req: 656/1253] 10.0.0.85 () {32 vars in 739 bytes} [Tue Apr 14 07:03:08 2026] DELETE /v2.0/security-groups/f6bd6a2b-81b8-469d-8d8d-c0e3c91bd535 => generated 0 bytes in 452 msecs (HTTP/1.1 204) 2 headers in 112 bytes (1 switches on core 0)
2026-04-14 07:03:09.538 7 INFO neutron.db.ovn_revision_numbers_db [None req-5af052de-07f6-4920-8fcb-93366ef634b1 - - - - - -] Successfully bumped revision number for resource 9232eb95-d385-443b-ba49-0a3f8d2654df (type: ports) to 4
2026-04-14 07:03:09.692 8 WARNING neutron.scheduler.dhcp_agent_scheduler [None req-d2180766-52fa-4875-b327-ce1dda8c67a7 9c58e3aaa8bc4c3f88018bc576e98325 1f4e20c760c2482499233194ca428a2d - - default default] No more DHCP agents
2026-04-14 07:03:09.694 8 WARNING neutron.api.rpc.agentnotifiers.dhcp_rpc_agent_api [None req-d2180766-52fa-4875-b327-ce1dda8c67a7 9c58e3aaa8bc4c3f88018bc576e98325 1f4e20c760c2482499233194ca428a2d - - default default] Unable to schedule network e3ecce9a-f414-4ac3-8016-233e2a584490: no agents available; will retry on subsequent port and subnet creation events.
2026-04-14 07:03:09.959 7 INFO neutron.db.ovn_revision_numbers_db [None req-5af052de-07f6-4920-8fcb-93366ef634b1 - - - - - -] Successfully bumped revision number for resource 9232eb95-d385-443b-ba49-0a3f8d2654df (type: ports) to 5
2026-04-14 07:03:10.113 7 INFO neutron.db.ovn_revision_numbers_db [None req-bc37df97-8052-4b39-89ca-b8bdad852de1 9c58e3aaa8bc4c3f88018bc576e98325 1f4e20c760c2482499233194ca428a2d - - default default] Successfully bumped revision number for resource 04dad778-8c4c-40f1-b8da-5b914778ac1c (type: security_groups) to 1
2026-04-14 07:03:10.129 8 INFO neutron.db.ovn_revision_numbers_db [None req-d2180766-52fa-4875-b327-ce1dda8c67a7 9c58e3aaa8bc4c3f88018bc576e98325 1f4e20c760c2482499233194ca428a2d - - default default] Successfully bumped revision number for resource 43e30e94-62cf-447b-996d-dfb0088e2e3d (type: router_ports) to 1 [pid: 8|app: 0|req: 598/1254] 10.0.0.85 () {34 vars in 782 bytes} [Tue Apr 14 07:03:08 2026] PUT /v2.0/routers/7655bc19-e3d9-4539-9da2-8b778dd9e9c3/add_router_interface => generated 309 bytes in 1706 msecs (HTTP/1.1 200) 4 headers in 157 bytes (1 switches on core 0)
2026-04-14 07:03:10.161 7 INFO neutron.db.ovn_revision_numbers_db [None req-bc37df97-8052-4b39-89ca-b8bdad852de1 9c58e3aaa8bc4c3f88018bc576e98325 1f4e20c760c2482499233194ca428a2d - - default default] Successfully bumped revision number for resource 3a152218-20eb-4955-83d0-5bdbf3ad8954 (type: security_group_rules) to 0
2026-04-14 07:03:10.204 7 INFO neutron.db.ovn_revision_numbers_db [None req-bc37df97-8052-4b39-89ca-b8bdad852de1 9c58e3aaa8bc4c3f88018bc576e98325 1f4e20c760c2482499233194ca428a2d - - default default] Successfully bumped revision number for resource 55afaf4d-19b2-4cf5-bc80-87598d009d07 (type: security_group_rules) to 0 [pid: 8|app: 0|req: 599/1255] 10.0.0.72 () {34 vars in 989 bytes} [Tue Apr 14 07:03:10 2026] GET /v2.0/ports?device_id=696ae286-8efc-407b-8174-b93b96a43eb3 => generated 975 bytes in 83 msecs (HTTP/1.1 200) 4 headers in 157 bytes (1 switches on core 0)
2026-04-14 07:03:10.225 7 INFO neutron.db.ovn_revision_numbers_db [None req-bc37df97-8052-4b39-89ca-b8bdad852de1 9c58e3aaa8bc4c3f88018bc576e98325 1f4e20c760c2482499233194ca428a2d - - default default] Successfully bumped revision number for resource 86a02b75-9591-44e2-86a8-405d7055e878 (type: security_group_rules) to 0
2026-04-14 07:03:10.237 7 INFO neutron.db.ovn_revision_numbers_db [None req-bc37df97-8052-4b39-89ca-b8bdad852de1 9c58e3aaa8bc4c3f88018bc576e98325 1f4e20c760c2482499233194ca428a2d - - default default] Successfully bumped revision number for resource 88d87bdd-c488-4965-ba99-b196a588c706 (type: security_group_rules) to 0 [pid: 8|app: 0|req: 600/1256] 10.0.0.72 () {34 vars in 1039 bytes} [Tue Apr 14 07:03:10 2026] GET /v2.0/security-groups?id=75d101bb-4cca-4599-a7f7-f2a18084905c&fields=id&fields=name => generated 114 bytes in 27 msecs (HTTP/1.1 200) 4 headers in 157 bytes (1 switches on core 0) [pid: 7|app: 0|req: 657/1257] 10.0.0.85 () {32 vars in 773 bytes} [Tue Apr 14 07:03:09 2026] GET /v2.0/security-groups?tenant_id=dcba12b7c8bf49b991123318b634326c&name=default => generated 2925 bytes in 784 msecs (HTTP/1.1 200) 4 headers in 158 bytes (1 switches on core 0) [pid: 8|app: 0|req: 601/1258] 10.0.0.85 () {32 vars in 739 bytes} [Tue Apr 14 07:03:10 2026] DELETE /v2.0/security-groups/04dad778-8c4c-40f1-b8da-5b914778ac1c => generated 0 bytes in 227 msecs (HTTP/1.1 204) 2 headers in 112 bytes (1 switches on core 0) [pid: 7|app: 0|req: 658/1259] 10.0.0.72 () {34 vars in 989 bytes} [Tue Apr 14 07:03:10 2026] GET /v2.0/ports?device_id=696ae286-8efc-407b-8174-b93b96a43eb3 => generated 975 bytes in 99 msecs (HTTP/1.1 200) 4 headers in 157 bytes (1 switches on core 0) [pid: 8|app: 0|req: 602/1260] 10.0.0.72 () {34 vars in 1039 bytes} [Tue Apr 14 07:03:10 2026] GET /v2.0/security-groups?id=75d101bb-4cca-4599-a7f7-f2a18084905c&fields=id&fields=name => generated 114 bytes in 30 msecs (HTTP/1.1 200) 4 headers in 157 bytes (1 switches on core 0)
2026-04-14 07:03:10.753 7 INFO neutron.plugins.ml2.drivers.ovn.mech_driver.mech_driver [None req-d08189b8-dd45-4223-bb94-4bcbfc0e922a - - - - - -] OVN reports status down for port: 43e30e94-62cf-447b-996d-dfb0088e2e3d
2026-04-14 07:03:10.828 7 WARNING neutron.plugins.ml2.drivers.ovn.mech_driver.ovsdb.ovn_client [None req-d08189b8-dd45-4223-bb94-4bcbfc0e922a - - - - - -] Logical_Switch_Port %s host information not removed, the port state is up
2026-04-14 07:03:10.829 7 INFO neutron.plugins.ml2.drivers.ovn.mech_driver.mech_driver [None req-d08189b8-dd45-4223-bb94-4bcbfc0e922a - - - - - -] OVN reports status up for port: 43e30e94-62cf-447b-996d-dfb0088e2e3d
2026-04-14 07:03:10.838 7 INFO neutron.plugins.ml2.plugin [None req-d08189b8-dd45-4223-bb94-4bcbfc0e922a - - - - - -] Attempt 1 to provision port 43e30e94-62cf-447b-996d-dfb0088e2e3d
2026-04-14 07:03:11.200 7 INFO neutron.db.ovn_revision_numbers_db [None req-d08189b8-dd45-4223-bb94-4bcbfc0e922a - - - - - -] Successfully bumped revision number for resource 43e30e94-62cf-447b-996d-dfb0088e2e3d (type: ports) to 2
2026-04-14 07:03:11.437 7 INFO neutron.db.ovn_revision_numbers_db [None req-9fb9c723-6333-4350-a667-407a41f1ddf9 9c58e3aaa8bc4c3f88018bc576e98325 1f4e20c760c2482499233194ca428a2d - - default default] Successfully bumped revision number for resource a08e8aa2-5f45-4881-ba32-e09d0fb1c98f (type: security_groups) to 1
2026-04-14 07:03:11.454 7 INFO neutron.db.ovn_revision_numbers_db [None req-9fb9c723-6333-4350-a667-407a41f1ddf9 9c58e3aaa8bc4c3f88018bc576e98325 1f4e20c760c2482499233194ca428a2d - - default default] Successfully bumped revision number for resource 1545e3fe-6220-4a25-80f8-81ec4b64e09e (type: security_group_rules) to 0
2026-04-14 07:03:11.468 7 INFO neutron.db.ovn_revision_numbers_db [None req-9fb9c723-6333-4350-a667-407a41f1ddf9 9c58e3aaa8bc4c3f88018bc576e98325 1f4e20c760c2482499233194ca428a2d - - default default] Successfully bumped revision number for resource 17ef6247-0e02-4f25-b3a2-4855f75efaa5 (type: security_group_rules) to 0
2026-04-14 07:03:11.488 7 INFO neutron.db.ovn_revision_numbers_db [None req-9fb9c723-6333-4350-a667-407a41f1ddf9 9c58e3aaa8bc4c3f88018bc576e98325 1f4e20c760c2482499233194ca428a2d - - default default] Successfully bumped revision number for resource 68950af7-60ea-4fa7-bce3-7a412cef0c13 (type: security_group_rules) to 0
2026-04-14 07:03:11.496 8 INFO neutron.plugins.ml2.drivers.ovn.mech_driver.mech_driver [None req-d97f29b5-0351-4da6-96e1-cd00d767dde9 - - - - - -] OVN reports status down for port: c2c1a45a-172e-453c-b3d5-bd66d3aa68d6
2026-04-14 07:03:11.514 7 INFO neutron.db.ovn_revision_numbers_db [None req-9fb9c723-6333-4350-a667-407a41f1ddf9 9c58e3aaa8bc4c3f88018bc576e98325 1f4e20c760c2482499233194ca428a2d - - default default] Successfully bumped revision number for resource f2bdf221-a420-4ed8-a81f-d98112519383 (type: security_group_rules) to 0
2026-04-14 07:03:11.604 7 INFO neutron.db.segments_db [None req-9fb9c723-6333-4350-a667-407a41f1ddf9 9c58e3aaa8bc4c3f88018bc576e98325 1f4e20c760c2482499233194ca428a2d - - default default] Added segment 850d553a-43cb-4f86-b000-085fec49cf94 of type geneve for network 57546f87-814a-457a-aba4-9905cca2edc4
2026-04-14 07:03:11.652 8 INFO neutron.notifiers.nova [-] Nova event matching ['req-96d97e04-039a-4d59-8baa-aa71e6f1cd6c'] response: {'server_uuid': '696ae286-8efc-407b-8174-b93b96a43eb3', 'name': 'network-vif-unplugged', 'status': 'completed', 'tag': 'c2c1a45a-172e-453c-b3d5-bd66d3aa68d6', 'code': 200} [pid: 8|app: 0|req: 603/1261] 10.0.0.72 () {34 vars in 989 bytes} [Tue Apr 14 07:03:11 2026] GET /v2.0/ports?device_id=696ae286-8efc-407b-8174-b93b96a43eb3 => generated 973 bytes in 60 msecs (HTTP/1.1 200) 4 headers in 157 bytes (1 switches on core 0)
2026-04-14 07:03:11.735 7 INFO neutron.db.ovn_revision_numbers_db [None req-9fb9c723-6333-4350-a667-407a41f1ddf9 9c58e3aaa8bc4c3f88018bc576e98325 1f4e20c760c2482499233194ca428a2d - - default default] Successfully bumped revision number for resource 57546f87-814a-457a-aba4-9905cca2edc4 (type: networks) to 1 [pid: 8|app: 0|req: 604/1262] 10.0.0.72 () {34 vars in 1039 bytes} [Tue Apr 14 07:03:11 2026] GET /v2.0/security-groups?id=75d101bb-4cca-4599-a7f7-f2a18084905c&fields=id&fields=name => generated 114 bytes in 48 msecs (HTTP/1.1 200) 4 headers in 157 bytes (1 switches on core 0)
2026-04-14 07:03:11.871 8 INFO neutron.db.ovn_revision_numbers_db [None req-d97f29b5-0351-4da6-96e1-cd00d767dde9 - - - - - -] Successfully bumped revision number for resource c2c1a45a-172e-453c-b3d5-bd66d3aa68d6 (type: ports) to 8
