2026-04-14 07:02:34.032 8 INFO neutron.services.segments.plugin [-] Segment 1c53e68b-73a6-4e86-a49b-aeeef8defa81 resource provider not found; error: Placement Client Error (4xx): {"errors": [{"status": 404, "title": "Not Found", "detail": "The resource could not be found.\n\n No resource provider with uuid 1c53e68b-73a6-4e86-a49b-aeeef8defa81 found for delete ", "request_id": "req-570a64fb-aea4-496f-a7fa-694f059c47d0"}]}
2026-04-14 07:02:34.038 8 INFO neutron.services.segments.plugin [-] Segment 1c53e68b-73a6-4e86-a49b-aeeef8defa81 resource provider not found; error: Placement Client Error (4xx): {"errors": [{"status": 404, "title": "Not Found", "detail": "The resource could not be found.\n\n No resource provider with uuid 1c53e68b-73a6-4e86-a49b-aeeef8defa81 found for delete ", "request_id": "req-1404016e-3969-4000-ada8-cd67ae50a714"}]} [pid: 7|app: 0|req: 508/963] 199.204.45.30 () {34 vars in 983 bytes} [Tue Apr 14 07:02:34 2026] GET /v2.0/subnets?id=e1521138-cda3-4638-90c7-d65708759bb0 => generated 693 bytes in 30 msecs (HTTP/1.1 200) 4 headers in 157 bytes (1 switches on core 0) [pid: 8|app: 0|req: 456/964] 10.0.0.85 () {32 vars in 725 bytes} [Tue Apr 14 07:02:33 2026] DELETE /v2.0/networks/f38a7c5c-824a-4aed-8f18-2578b0932f37 => generated 0 bytes in 360 msecs (HTTP/1.1 204) 3 headers in 131 bytes (1 switches on core 0) [pid: 8|app: 0|req: 457/965] 199.204.45.30 () {34 vars in 1051 bytes} [Tue Apr 14 07:02:34 2026] GET /v2.0/ports?network_id=d80ac9d3-d3bd-4c5d-be5b-354d271c0f9c&device_owner=network%3Adhcp => generated 12 bytes in 15 msecs (HTTP/1.1 200) 4 headers in 156 bytes (1 switches on core 0)
2026-04-14 07:02:34.149 7 INFO neutron.db.segments_db [None req-a95514e1-9a9a-484c-928e-bdd77c1ef1eb 383428e3e63e427ebd76258076b71238 a7b5dc89ffbd4dfdb74e56b428437c01 - - default default] Added segment 3e9eebf0-7f6c-4e66-aabb-06a20fc1f135 of type geneve for network a2d599cf-5a23-4e6a-a19d-5cbb6a14de8a
2026-04-14 07:02:34.249 7 INFO neutron.db.ovn_revision_numbers_db [None req-a95514e1-9a9a-484c-928e-bdd77c1ef1eb 383428e3e63e427ebd76258076b71238 a7b5dc89ffbd4dfdb74e56b428437c01 - - default default] Successfully bumped revision number for resource a2d599cf-5a23-4e6a-a19d-5cbb6a14de8a (type: networks) to 1
2026-04-14 07:02:34.370 8 WARNING neutron.scheduler.dhcp_agent_scheduler [None req-770e5cae-a39f-470c-9996-4e91a905d0cd 124d89f0a23e4b58aa30296433e18412 2fccd9ea88254267a81b8db8a9177483 - - default default] No more DHCP agents
2026-04-14 07:02:34.371 8 WARNING neutron.api.rpc.agentnotifiers.dhcp_rpc_agent_api [None req-770e5cae-a39f-470c-9996-4e91a905d0cd 124d89f0a23e4b58aa30296433e18412 2fccd9ea88254267a81b8db8a9177483 - - default default] Unable to schedule network 2f225ccc-78a8-4d42-91d4-64a06ea1cff4: no agents available; will retry on subsequent port and subnet creation events.
2026-04-14 07:02:34.453 7 WARNING neutron.scheduler.dhcp_agent_scheduler [None req-a95514e1-9a9a-484c-928e-bdd77c1ef1eb 383428e3e63e427ebd76258076b71238 a7b5dc89ffbd4dfdb74e56b428437c01 - - default default] No more DHCP agents
2026-04-14 07:02:34.455 7 WARNING neutron.api.rpc.agentnotifiers.dhcp_rpc_agent_api [None req-a95514e1-9a9a-484c-928e-bdd77c1ef1eb 383428e3e63e427ebd76258076b71238 a7b5dc89ffbd4dfdb74e56b428437c01 - - default default] Unable to schedule network a2d599cf-5a23-4e6a-a19d-5cbb6a14de8a: no agents available; will retry on subsequent port and subnet creation events.
2026-04-14 07:02:34.457 8 INFO neutron.db.ovn_revision_numbers_db [None req-770e5cae-a39f-470c-9996-4e91a905d0cd 124d89f0a23e4b58aa30296433e18412 2fccd9ea88254267a81b8db8a9177483 - - default default] Successfully bumped revision number for resource c541a3ef-a23a-4bcd-b720-19a254391fe7 (type: ports) to 1 [pid: 8|app: 0|req: 458/966] 10.0.0.85 () {34 vars in 664 bytes} [Tue Apr 14 07:02:34 2026] POST /v2.0/ports => generated 775 bytes in 431 msecs (HTTP/1.1 201) 4 headers in 162 bytes (1 switches on core 0) /var/lib/openstack/lib/python3.12/site-packages/pycadf/identifier.py:70: UserWarning: Invalid uuid: neutron. To ensure interoperability, identifiers should be a valid uuid. warnings.warn(('Invalid uuid: %s. To ensure interoperability, '
2026-04-14 07:02:34.533 8 INFO neutron.plugins.ml2.drivers.ovn.mech_driver.mech_driver [None req-952a8a05-b6e6-4faa-90fc-3bd557aecb7d - - - - - -] OVN reports status down for port: 1f4fbe32-e306-447d-9d85-8b26eaccd1b6
2026-04-14 07:02:34.542 7 INFO neutron.db.ovn_revision_numbers_db [None req-a95514e1-9a9a-484c-928e-bdd77c1ef1eb 383428e3e63e427ebd76258076b71238 a7b5dc89ffbd4dfdb74e56b428437c01 - - default default] Successfully bumped revision number for resource 1f4fbe32-e306-447d-9d85-8b26eaccd1b6 (type: ports) to 1 [pid: 7|app: 0|req: 509/967] 10.0.0.85 () {34 vars in 669 bytes} [Tue Apr 14 07:02:34 2026] POST /v2.0/networks => generated 673 bytes in 520 msecs (HTTP/1.1 201) 4 headers in 162 bytes (1 switches on core 0) [pid: 8|app: 0|req: 459/968] 199.204.45.30 () {34 vars in 1011 bytes} [Tue Apr 14 07:02:34 2026] GET /v2.0/networks/d80ac9d3-d3bd-4c5d-be5b-354d271c0f9c?fields=segments => generated 14 bytes in 65 msecs (HTTP/1.1 200) 4 headers in 156 bytes (1 switches on core 0)
2026-04-14 07:02:34.701 8 INFO neutron.db.segments_db [None req-3aa6050e-3255-4f56-b55a-931dd33bdf73 383428e3e63e427ebd76258076b71238 a7b5dc89ffbd4dfdb74e56b428437c01 - - default default] Added segment 4381a25f-dabc-401a-a4b5-ef004f66990a of type geneve for network fd632622-93e1-4232-95e7-3ffc833728a4
2026-04-14 07:02:34.822 8 INFO neutron.db.ovn_revision_numbers_db [None req-3aa6050e-3255-4f56-b55a-931dd33bdf73 383428e3e63e427ebd76258076b71238 a7b5dc89ffbd4dfdb74e56b428437c01 - - default default] Successfully bumped revision number for resource fd632622-93e1-4232-95e7-3ffc833728a4 (type: networks) to 1
2026-04-14 07:02:34.829 7 INFO neutron.db.ovn_revision_numbers_db [None req-ecaa995e-2666-4aee-b379-34cd196cccfa 124d89f0a23e4b58aa30296433e18412 2fccd9ea88254267a81b8db8a9177483 - - default default] Successfully bumped revision number for resource c541a3ef-a23a-4bcd-b720-19a254391fe7 (type: ports) to 2 [pid: 7|app: 0|req: 510/969] 10.0.0.85 () {34 vars in 736 bytes} [Tue Apr 14 07:02:34 2026] PUT /v2.0/ports/c541a3ef-a23a-4bcd-b720-19a254391fe7 => generated 752 bytes in 304 msecs (HTTP/1.1 200) 4 headers in 157 bytes (1 switches on core 0) /var/lib/openstack/lib/python3.12/site-packages/pycadf/identifier.py:70: UserWarning: Invalid uuid: neutron. To ensure interoperability, identifiers should be a valid uuid. warnings.warn(('Invalid uuid: %s. To ensure interoperability, ' [pid: 7|app: 0|req: 511/970] 199.204.45.30 () {34 vars in 1111 bytes} [Tue Apr 14 07:02:34 2026] GET /v2.0/networks/d80ac9d3-d3bd-4c5d-be5b-354d271c0f9c?fields=provider%3Aphysical_network&fields=provider%3Anetwork_type => generated 79 bytes in 41 msecs (HTTP/1.1 200) 4 headers in 156 bytes (1 switches on core 0)
2026-04-14 07:02:34.989 8 WARNING neutron.scheduler.dhcp_agent_scheduler [None req-3aa6050e-3255-4f56-b55a-931dd33bdf73 383428e3e63e427ebd76258076b71238 a7b5dc89ffbd4dfdb74e56b428437c01 - - default default] No more DHCP agents
2026-04-14 07:02:34.991 8 WARNING neutron.api.rpc.agentnotifiers.dhcp_rpc_agent_api [None req-3aa6050e-3255-4f56-b55a-931dd33bdf73 383428e3e63e427ebd76258076b71238 a7b5dc89ffbd4dfdb74e56b428437c01 - - default default] Unable to schedule network fd632622-93e1-4232-95e7-3ffc833728a4: no agents available; will retry on subsequent port and subnet creation events.
2026-04-14 07:02:35.037 8 INFO neutron.plugins.ml2.drivers.ovn.mech_driver.mech_driver [None req-952a8a05-b6e6-4faa-90fc-3bd557aecb7d - - - - - -] OVN reports status down for port: 6b110030-5df8-4003-9a39-2211f506658d
2026-04-14 07:02:35.059 7 INFO neutron_taas.services.taas.taas_plugin [None req-12493e4d-2758-42f6-bfbb-abf55eb4cc1f 124d89f0a23e4b58aa30296433e18412 2fccd9ea88254267a81b8db8a9177483 - - default default] TaaS: Handle Delete Port: c541a3ef-a23a-4bcd-b720-19a254391fe7
2026-04-14 07:02:35.062 7 INFO neutron_taas.services.taas.tap_mirror_plugin [None req-12493e4d-2758-42f6-bfbb-abf55eb4cc1f 124d89f0a23e4b58aa30296433e18412 2fccd9ea88254267a81b8db8a9177483 - - default default] Tap Mirror: Handle Delete Port: c541a3ef-a23a-4bcd-b720-19a254391fe7
2026-04-14 07:02:35.085 8 INFO neutron.db.ovn_revision_numbers_db [None req-3aa6050e-3255-4f56-b55a-931dd33bdf73 383428e3e63e427ebd76258076b71238 a7b5dc89ffbd4dfdb74e56b428437c01 - - default default] Successfully bumped revision number for resource 6b110030-5df8-4003-9a39-2211f506658d (type: ports) to 1 [pid: 8|app: 0|req: 460/971] 10.0.0.85 () {34 vars in 669 bytes} [Tue Apr 14 07:02:34 2026] POST /v2.0/networks => generated 672 bytes in 545 msecs (HTTP/1.1 201) 4 headers in 162 bytes (1 switches on core 0) [pid: 7|app: 0|req: 512/972] 10.0.0.85 () {32 vars in 719 bytes} [Tue Apr 14 07:02:34 2026] DELETE /v2.0/ports/c541a3ef-a23a-4bcd-b720-19a254391fe7 => generated 0 bytes in 256 msecs (HTTP/1.1 204) 3 headers in 131 bytes (1 switches on core 0) [pid: 7|app: 0|req: 513/973] 10.0.0.85 () {32 vars in 642 bytes} [Tue Apr 14 07:02:35 2026] GET /v2.0/ports => generated 1534 bytes in 58 msecs (HTTP/1.1 200) 4 headers in 158 bytes (1 switches on core 0)
2026-04-14 07:02:35.250 7 INFO neutron.pecan_wsgi.hooks.translation [None req-70d1d31a-fc4a-43ea-8ef1-1d00f3a2f88e 124d89f0a23e4b58aa30296433e18412 2fccd9ea88254267a81b8db8a9177483 - - default default] GET failed (client error): The resource could not be found. [pid: 7|app: 0|req: 514/974] 10.0.0.85 () {32 vars in 716 bytes} [Tue Apr 14 07:02:35 2026] GET /v2.0/ports/c541a3ef-a23a-4bcd-b720-19a254391fe7 => generated 132 bytes in 15 msecs (HTTP/1.1 404) 4 headers in 164 bytes (1 switches on core 0) [pid: 7|app: 0|req: 515/975] 10.0.0.85 () {32 vars in 642 bytes} [Tue Apr 14 07:02:35 2026] GET /v2.0/ports => generated 1534 bytes in 46 msecs (HTTP/1.1 200) 4 headers in 158 bytes (1 switches on core 0) [pid: 7|app: 0|req: 516/976] 10.0.0.85 () {32 vars in 716 bytes} [Tue Apr 14 07:02:35 2026] GET /v2.0/ports/912a6d35-5e4d-4c16-9c6f-3f16d2bea1b8 => generated 775 bytes in 38 msecs (HTTP/1.1 200) 4 headers in 157 bytes (1 switches on core 0)
2026-04-14 07:02:35.370 7 INFO neutron.pecan_wsgi.hooks.translation [None req-d1103ec1-1225-44dd-ba30-3e0e898a54ae 124d89f0a23e4b58aa30296433e18412 2fccd9ea88254267a81b8db8a9177483 - - default default] DELETE failed (client error): The resource could not be found. [pid: 7|app: 0|req: 517/977] 10.0.0.85 () {32 vars in 719 bytes} [Tue Apr 14 07:02:35 2026] DELETE /v2.0/ports/9fc1f701-c6d3-43f9-a079-994874ae47c3 => generated 132 bytes in 21 msecs (HTTP/1.1 404) 4 headers in 164 bytes (1 switches on core 0)
2026-04-14 07:02:35.391 7 INFO neutron.pecan_wsgi.hooks.translation [None req-77651877-0001-44e2-9b32-945b3d251c59 124d89f0a23e4b58aa30296433e18412 2fccd9ea88254267a81b8db8a9177483 - - default default] DELETE failed (client error): The resource could not be found. [pid: 7|app: 0|req: 518/978] 10.0.0.85 () {32 vars in 723 bytes} [Tue Apr 14 07:02:35 2026] DELETE /v2.0/subnets/b985a1c8-88f6-4233-95ed-63f7e7f95160 => generated 136 bytes in 14 msecs (HTTP/1.1 404) 4 headers in 164 bytes (1 switches on core 0)
2026-04-14 07:02:35.416 7 INFO neutron.pecan_wsgi.hooks.translation [None req-c237f19c-1c96-49dd-ba17-41abbd05cfb0 124d89f0a23e4b58aa30296433e18412 2fccd9ea88254267a81b8db8a9177483 - - default default] DELETE failed (client error): The resource could not be found. [pid: 7|app: 0|req: 519/979] 10.0.0.85 () {32 vars in 723 bytes} [Tue Apr 14 07:02:35 2026] DELETE /v2.0/subnets/a83579e1-1177-4bc3-8271-228f8c5f848f => generated 136 bytes in 23 msecs (HTTP/1.1 404) 4 headers in 164 bytes (1 switches on core 0)
2026-04-14 07:02:35.512 8 WARNING neutron.scheduler.dhcp_agent_scheduler [None req-327d3602-e651-4bf1-9145-ad4312fd113f 383428e3e63e427ebd76258076b71238 a7b5dc89ffbd4dfdb74e56b428437c01 - - default default] No more DHCP agents
2026-04-14 07:02:35.513 8 WARNING neutron.api.rpc.agentnotifiers.dhcp_rpc_agent_api [None req-327d3602-e651-4bf1-9145-ad4312fd113f 383428e3e63e427ebd76258076b71238 a7b5dc89ffbd4dfdb74e56b428437c01 - - default default] Unable to schedule network a2d599cf-5a23-4e6a-a19d-5cbb6a14de8a: no agents available; will retry on subsequent port and subnet creation events.
2026-04-14 07:02:35.534 7 INFO neutron_taas.services.taas.taas_plugin [None req-e85d1a8d-086f-4406-be81-ad1b81fd23b3 124d89f0a23e4b58aa30296433e18412 2fccd9ea88254267a81b8db8a9177483 - - default default] TaaS: Handle Delete Port: 912a6d35-5e4d-4c16-9c6f-3f16d2bea1b8
2026-04-14 07:02:35.537 7 INFO neutron_taas.services.taas.tap_mirror_plugin [None req-e85d1a8d-086f-4406-be81-ad1b81fd23b3 124d89f0a23e4b58aa30296433e18412 2fccd9ea88254267a81b8db8a9177483 - - default default] Tap Mirror: Handle Delete Port: 912a6d35-5e4d-4c16-9c6f-3f16d2bea1b8
2026-04-14 07:02:35.600 8 INFO neutron.db.ovn_revision_numbers_db [None req-327d3602-e651-4bf1-9145-ad4312fd113f 383428e3e63e427ebd76258076b71238 a7b5dc89ffbd4dfdb74e56b428437c01 - - default default] Successfully bumped revision number for resource 114c3d1f-f6a1-465a-a2fa-8a01ed9a5466 (type: ports) to 1
2026-04-14 07:02:35.664 8 WARNING neutron.scheduler.dhcp_agent_scheduler [None req-327d3602-e651-4bf1-9145-ad4312fd113f 383428e3e63e427ebd76258076b71238 a7b5dc89ffbd4dfdb74e56b428437c01 - - default default] No more DHCP agents
2026-04-14 07:02:35.670 8 WARNING neutron.api.rpc.agentnotifiers.dhcp_rpc_agent_api [None req-327d3602-e651-4bf1-9145-ad4312fd113f 383428e3e63e427ebd76258076b71238 a7b5dc89ffbd4dfdb74e56b428437c01 - - default default] Unable to schedule network fd632622-93e1-4232-95e7-3ffc833728a4: no agents available; will retry on subsequent port and subnet creation events. [pid: 7|app: 0|req: 520/980] 10.0.0.85 () {32 vars in 719 bytes} [Tue Apr 14 07:02:35 2026] DELETE /v2.0/ports/912a6d35-5e4d-4c16-9c6f-3f16d2bea1b8 => generated 0 bytes in 258 msecs (HTTP/1.1 204) 3 headers in 131 bytes (1 switches on core 0)
2026-04-14 07:02:35.779 8 INFO neutron.db.ovn_revision_numbers_db [None req-327d3602-e651-4bf1-9145-ad4312fd113f 383428e3e63e427ebd76258076b71238 a7b5dc89ffbd4dfdb74e56b428437c01 - - default default] Successfully bumped revision number for resource 1df179d8-21f0-4d8e-b718-aed3ea0a2ab2 (type: ports) to 1
2026-04-14 07:02:35.843 7 INFO neutron_taas.services.taas.taas_plugin [None req-280ad27f-6a01-4667-a65e-3ed81b50f8e2 124d89f0a23e4b58aa30296433e18412 2fccd9ea88254267a81b8db8a9177483 - - default default] TaaS: Handle Delete Port: dc8fd473-362d-43f2-808b-2e08618a82d2
2026-04-14 07:02:35.846 7 INFO neutron_taas.services.taas.tap_mirror_plugin [None req-280ad27f-6a01-4667-a65e-3ed81b50f8e2 124d89f0a23e4b58aa30296433e18412 2fccd9ea88254267a81b8db8a9177483 - - default default] Tap Mirror: Handle Delete Port: dc8fd473-362d-43f2-808b-2e08618a82d2 [pid: 8|app: 0|req: 461/981] 10.0.0.85 () {34 vars in 664 bytes} [Tue Apr 14 07:02:35 2026] POST /v2.0/ports => generated 1506 bytes in 736 msecs (HTTP/1.1 201) 4 headers in 163 bytes (1 switches on core 0) /var/lib/openstack/lib/python3.12/site-packages/pycadf/identifier.py:70: UserWarning: Invalid uuid: neutron. To ensure interoperability, identifiers should be a valid uuid. warnings.warn(('Invalid uuid: %s. To ensure interoperability, ' [pid: 8|app: 0|req: 462/982] 10.0.0.85 () {32 vars in 642 bytes} [Tue Apr 14 07:02:35 2026] GET /v2.0/ports => generated 3018 bytes in 107 msecs (HTTP/1.1 200) 4 headers in 158 bytes (1 switches on core 0)
2026-04-14 07:02:36.020 7 INFO neutron.services.segments.plugin [-] Segment 8b2583c0-1a61-45a7-9aa9-7d0a55356a99 resource provider aggregate not found
2026-04-14 07:02:36.023 7 INFO neutron.services.segments.plugin [-] Segment 8b2583c0-1a61-45a7-9aa9-7d0a55356a99 resource provider aggregate not found
2026-04-14 07:02:36.048 7 INFO neutron.services.segments.plugin [-] Segment 8b2583c0-1a61-45a7-9aa9-7d0a55356a99 resource provider not found; error: Placement Client Error (4xx): {"errors": [{"status": 404, "title": "Not Found", "detail": "The resource could not be found.\n\n No resource provider with uuid 8b2583c0-1a61-45a7-9aa9-7d0a55356a99 found for delete ", "request_id": "req-edb9c5b7-09d3-4b69-9408-97e35d8a6be7"}]}
2026-04-14 07:02:36.048 7 INFO neutron.services.segments.plugin [-] Segment 8b2583c0-1a61-45a7-9aa9-7d0a55356a99 resource provider not found; error: Placement Client Error (4xx): {"errors": [{"status": 404, "title": "Not Found", "detail": "The resource could not be found.\n\n No resource provider with uuid 8b2583c0-1a61-45a7-9aa9-7d0a55356a99 found for delete ", "request_id": "req-34c8d944-907f-47a2-a36f-405f69a85594"}]} [pid: 7|app: 0|req: 521/983] 10.0.0.85 () {32 vars in 725 bytes} [Tue Apr 14 07:02:35 2026] DELETE /v2.0/networks/2f225ccc-78a8-4d42-91d4-64a06ea1cff4 => generated 0 bytes in 380 msecs (HTTP/1.1 204) 3 headers in 131 bytes (1 switches on core 0)
2026-04-14 07:02:36.112 8 INFO neutron_taas.services.taas.taas_plugin [None req-60075566-b80c-4eb6-b6bb-7a96f2c74889 383428e3e63e427ebd76258076b71238 a7b5dc89ffbd4dfdb74e56b428437c01 - - default default] TaaS: Handle Delete Port: 114c3d1f-f6a1-465a-a2fa-8a01ed9a5466
2026-04-14 07:02:36.116 8 INFO neutron_taas.services.taas.tap_mirror_plugin [None req-60075566-b80c-4eb6-b6bb-7a96f2c74889 383428e3e63e427ebd76258076b71238 a7b5dc89ffbd4dfdb74e56b428437c01 - - default default] Tap Mirror: Handle Delete Port: 114c3d1f-f6a1-465a-a2fa-8a01ed9a5466 [pid: 8|app: 0|req: 463/984] 10.0.0.85 () {32 vars in 719 bytes} [Tue Apr 14 07:02:35 2026] DELETE /v2.0/ports/114c3d1f-f6a1-465a-a2fa-8a01ed9a5466 => generated 0 bytes in 259 msecs (HTTP/1.1 204) 3 headers in 131 bytes (1 switches on core 0)
2026-04-14 07:02:36.374 7 INFO neutron_taas.services.taas.taas_plugin [None req-f255c536-87b2-49b2-933a-06be80cd95cf 383428e3e63e427ebd76258076b71238 a7b5dc89ffbd4dfdb74e56b428437c01 - - default default] TaaS: Handle Delete Port: 1df179d8-21f0-4d8e-b718-aed3ea0a2ab2
2026-04-14 07:02:36.378 7 INFO neutron_taas.services.taas.tap_mirror_plugin [None req-f255c536-87b2-49b2-933a-06be80cd95cf 383428e3e63e427ebd76258076b71238 a7b5dc89ffbd4dfdb74e56b428437c01 - - default default] Tap Mirror: Handle Delete Port: 1df179d8-21f0-4d8e-b718-aed3ea0a2ab2 [pid: 7|app: 0|req: 522/985] 10.0.0.85 () {32 vars in 719 bytes} [Tue Apr 14 07:02:36 2026] DELETE /v2.0/ports/1df179d8-21f0-4d8e-b718-aed3ea0a2ab2 => generated 0 bytes in 267 msecs (HTTP/1.1 204) 3 headers in 131 bytes (1 switches on core 0) [pid: 8|app: 0|req: 464/986] 10.0.0.38 () {28 vars in 582 bytes} [Tue Apr 14 07:02:36 2026] GET /v2.0/subnets => generated 2673 bytes in 130 msecs (HTTP/1.1 200) 4 headers in 158 bytes (1 switches on core 0) [pid: 7|app: 0|req: 523/987] 10.0.0.85 () {32 vars in 773 bytes} [Tue Apr 14 07:02:36 2026] GET /v2.0/security-groups?tenant_id=2fccd9ea88254267a81b8db8a9177483&name=default => generated 2925 bytes in 72 msecs (HTTP/1.1 200) 4 headers in 158 bytes (1 switches on core 0) [pid: 7|app: 0|req: 524/988] 10.0.0.38 () {28 vars in 580 bytes} [Tue Apr 14 07:02:36 2026] GET /v2.0/agents => generated 1214 bytes in 27 msecs (HTTP/1.1 200) 4 headers in 158 bytes (1 switches on core 0) [pid: 8|app: 0|req: 465/989] 10.0.0.85 () {32 vars in 642 bytes} [Tue Apr 14 07:02:36 2026] GET /v2.0/ports => generated 1523 bytes in 54 msecs (HTTP/1.1 200) 4 headers in 158 bytes (1 switches on core 0) [pid: 8|app: 0|req: 466/990] 10.0.0.38 () {28 vars in 582 bytes} [Tue Apr 14 07:02:36 2026] GET /v2.0/subnets => generated 2673 bytes in 49 msecs (HTTP/1.1 200) 4 headers in 158 bytes (1 switches on core 0)
2026-04-14 07:02:36.757 8 INFO neutron.db.segments_db [None req-2acfc5b4-7aec-40db-9242-f83e1b6995e2 383428e3e63e427ebd76258076b71238 a7b5dc89ffbd4dfdb74e56b428437c01 - - default default] Added segment 7119b210-d923-47dc-a6f4-23953c40b700 of type geneve for network c1bd9770-579c-4538-a167-de607f5f7c98 [pid: 7|app: 0|req: 525/991] 10.0.0.85 () {32 vars in 739 bytes} [Tue Apr 14 07:02:36 2026] DELETE /v2.0/security-groups/5c7c1b89-a2c0-45a7-babf-299493c67864 => generated 0 bytes in 211 msecs (HTTP/1.1 204) 2 headers in 112 bytes (1 switches on core 0) [pid: 7|app: 0|req: 526/992] 10.0.0.38 () {28 vars in 590 bytes} [Tue Apr 14 07:02:36 2026] GET /v2.0/subnetpools => generated 19 bytes in 14 msecs (HTTP/1.1 200) 4 headers in 156 bytes (1 switches on core 0)
2026-04-14 07:02:36.872 8 INFO neutron.db.ovn_revision_numbers_db [None req-2acfc5b4-7aec-40db-9242-f83e1b6995e2 383428e3e63e427ebd76258076b71238 a7b5dc89ffbd4dfdb74e56b428437c01 - - default default] Successfully bumped revision number for resource c1bd9770-579c-4538-a167-de607f5f7c98 (type: networks) to 1 [pid: 7|app: 0|req: 527/993] 10.0.0.38 () {28 vars in 578 bytes} [Tue Apr 14 07:02:36 2026] GET /v2.0/ports => generated 16559 bytes in 98 msecs (HTTP/1.1 200) 4 headers in 159 bytes (1 switches on core 0) [pid: 7|app: 0|req: 528/994] 10.0.0.38 () {28 vars in 582 bytes} [Tue Apr 14 07:02:36 2026] GET /v2.0/routers => generated 1946 bytes in 64 msecs (HTTP/1.1 200) 4 headers in 158 bytes (1 switches on core 0)
2026-04-14 07:02:37.032 8 WARNING neutron.scheduler.dhcp_agent_scheduler [None req-2acfc5b4-7aec-40db-9242-f83e1b6995e2 383428e3e63e427ebd76258076b71238 a7b5dc89ffbd4dfdb74e56b428437c01 - - default default] No more DHCP agents
2026-04-14 07:02:37.033 8 WARNING neutron.api.rpc.agentnotifiers.dhcp_rpc_agent_api [None req-2acfc5b4-7aec-40db-9242-f83e1b6995e2 383428e3e63e427ebd76258076b71238 a7b5dc89ffbd4dfdb74e56b428437c01 - - default default] Unable to schedule network c1bd9770-579c-4538-a167-de607f5f7c98: no agents available; will retry on subsequent port and subnet creation events. [pid: 7|app: 0|req: 529/995] 10.0.0.38 () {28 vars in 623 bytes} [Tue Apr 14 07:02:37 2026] GET /v2.0/agents?binary=ovn-controller => generated 416 bytes in 11 msecs (HTTP/1.1 200) 4 headers in 157 bytes (1 switches on core 0) [pid: 7|app: 0|req: 530/996] 10.0.0.38 () {28 vars in 618 bytes} [Tue Apr 14 07:02:37 2026] GET /v2.0/network-ip-availabilities => generated 2935 bytes in 18 msecs (HTTP/1.1 200) 4 headers in 158 bytes (1 switches on core 0)
2026-04-14 07:02:37.108 8 INFO neutron.db.ovn_revision_numbers_db [None req-2acfc5b4-7aec-40db-9242-f83e1b6995e2 383428e3e63e427ebd76258076b71238 a7b5dc89ffbd4dfdb74e56b428437c01 - - default default] Successfully bumped revision number for resource f4ba25c5-7016-4cab-bae1-4d42306cd891 (type: ports) to 1 [pid: 7|app: 0|req: 531/997] 10.0.0.38 () {28 vars in 598 bytes} [Tue Apr 14 07:02:37 2026] GET /v2.0/security-groups => generated 31835 bytes in 42 msecs (HTTP/1.1 200) 4 headers in 159 bytes (1 switches on core 0) [pid: 8|app: 0|req: 467/998] 10.0.0.85 () {34 vars in 669 bytes} [Tue Apr 14 07:02:36 2026] POST /v2.0/networks => generated 673 bytes in 449 msecs (HTTP/1.1 201) 4 headers in 162 bytes (1 switches on core 0) [pid: 7|app: 0|req: 532/999] 10.0.0.38 () {28 vars in 590 bytes} [Tue Apr 14 07:02:37 2026] GET /v2.0/floatingips => generated 1399 bytes in 42 msecs (HTTP/1.1 200) 4 headers in 158 bytes (1 switches on core 0)
2026-04-14 07:02:37.219 8 INFO neutron.db.segments_db [None req-6b4c5374-9e5e-4011-b393-9a293a2940aa 383428e3e63e427ebd76258076b71238 a7b5dc89ffbd4dfdb74e56b428437c01 - - default default] Added segment 42139468-37e5-4f04-9fea-25cf9e8f12eb of type geneve for network 28841dd2-2163-43e2-9e00-c20296a4fb2c [pid: 7|app: 0|req: 533/1000] 10.0.0.38 () {28 vars in 584 bytes} [Tue Apr 14 07:02:37 2026] GET /v2.0/networks => generated 6188 bytes in 67 msecs (HTTP/1.1 200) 4 headers in 158 bytes (1 switches on core 0)
2026-04-14 07:02:37.329 8 INFO neutron.db.ovn_revision_numbers_db [None req-6b4c5374-9e5e-4011-b393-9a293a2940aa 383428e3e63e427ebd76258076b71238 a7b5dc89ffbd4dfdb74e56b428437c01 - - default default] Successfully bumped revision number for resource 28841dd2-2163-43e2-9e00-c20296a4fb2c (type: networks) to 1
2026-04-14 07:02:37.466 8 WARNING neutron.scheduler.dhcp_agent_scheduler [None req-6b4c5374-9e5e-4011-b393-9a293a2940aa 383428e3e63e427ebd76258076b71238 a7b5dc89ffbd4dfdb74e56b428437c01 - - default default] No more DHCP agents
2026-04-14 07:02:37.468 8 WARNING neutron.api.rpc.agentnotifiers.dhcp_rpc_agent_api [None req-6b4c5374-9e5e-4011-b393-9a293a2940aa 383428e3e63e427ebd76258076b71238 a7b5dc89ffbd4dfdb74e56b428437c01 - - default default] Unable to schedule network 28841dd2-2163-43e2-9e00-c20296a4fb2c: no agents available; will retry on subsequent port and subnet creation events.
2026-04-14 07:02:37.512 8 INFO neutron.plugins.ml2.drivers.ovn.mech_driver.mech_driver [None req-952a8a05-b6e6-4faa-90fc-3bd557aecb7d - - - - - -] OVN reports status down for port: cf97dd24-ff95-49b2-8b02-8ba6886cb82a
2026-04-14 07:02:37.572 8 INFO neutron.db.ovn_revision_numbers_db [None req-6b4c5374-9e5e-4011-b393-9a293a2940aa 383428e3e63e427ebd76258076b71238 a7b5dc89ffbd4dfdb74e56b428437c01 - - default default] Successfully bumped revision number for resource cf97dd24-ff95-49b2-8b02-8ba6886cb82a (type: ports) to 1 [pid: 8|app: 0|req: 468/1001] 10.0.0.85 () {34 vars in 669 bytes} [Tue Apr 14 07:02:37 2026] POST /v2.0/networks => generated 672 bytes in 485 msecs (HTTP/1.1 201) 4 headers in 162 bytes (1 switches on core 0)
2026-04-14 07:02:38.417 7 WARNING neutron.scheduler.dhcp_agent_scheduler [None req-fc1531ac-b784-4a85-b150-092cad6a4b1b 383428e3e63e427ebd76258076b71238 a7b5dc89ffbd4dfdb74e56b428437c01 - - default default] No more DHCP agents
2026-04-14 07:02:38.418 7 WARNING neutron.api.rpc.agentnotifiers.dhcp_rpc_agent_api [None req-fc1531ac-b784-4a85-b150-092cad6a4b1b 383428e3e63e427ebd76258076b71238 a7b5dc89ffbd4dfdb74e56b428437c01 - - default default] Unable to schedule network c1bd9770-579c-4538-a167-de607f5f7c98: no agents available; will retry on subsequent port and subnet creation events.
2026-04-14 07:02:38.446 7 INFO neutron.db.ovn_revision_numbers_db [None req-fc1531ac-b784-4a85-b150-092cad6a4b1b 383428e3e63e427ebd76258076b71238 a7b5dc89ffbd4dfdb74e56b428437c01 - - default default] Successfully bumped revision number for resource 47bb2408-f347-41a3-bd55-5912d30616ed (type: subnets) to 0
2026-04-14 07:02:38.472 7 WARNING neutron.scheduler.dhcp_agent_scheduler [None req-fc1531ac-b784-4a85-b150-092cad6a4b1b 383428e3e63e427ebd76258076b71238 a7b5dc89ffbd4dfdb74e56b428437c01 - - default default] No more DHCP agents
2026-04-14 07:02:38.473 7 WARNING neutron.api.rpc.agentnotifiers.dhcp_rpc_agent_api [None req-fc1531ac-b784-4a85-b150-092cad6a4b1b 383428e3e63e427ebd76258076b71238 a7b5dc89ffbd4dfdb74e56b428437c01 - - default default] Unable to schedule network 28841dd2-2163-43e2-9e00-c20296a4fb2c: no agents available; will retry on subsequent port and subnet creation events.
2026-04-14 07:02:38.496 7 INFO neutron.db.ovn_revision_numbers_db [None req-fc1531ac-b784-4a85-b150-092cad6a4b1b 383428e3e63e427ebd76258076b71238 a7b5dc89ffbd4dfdb74e56b428437c01 - - default default] Successfully bumped revision number for resource 23e1a89d-5a69-4ac4-b644-a971a8902a1b (type: subnets) to 0 [pid: 7|app: 0|req: 534/1002] 10.0.0.85 () {34 vars in 668 bytes} [Tue Apr 14 07:02:38 2026] POST /v2.0/subnets => generated 1323 bytes in 401 msecs (HTTP/1.1 201) 4 headers in 163 bytes (1 switches on core 0) [pid: 7|app: 0|req: 535/1003] 10.0.0.85 () {32 vars in 646 bytes} [Tue Apr 14 07:02:38 2026] GET /v2.0/subnets => generated 1959 bytes in 40 msecs (HTTP/1.1 200) 4 headers in 158 bytes (1 switches on core 0)
2026-04-14 07:02:38.645 7 WARNING neutron.plugins.ml2.drivers.ovn.mech_driver.ovsdb.ovn_client [None req-123f9bdf-9053-4722-85b6-7fae6994fefb - - - - - -] No hosting information found for port f4479de7-7d55-4185-bde4-40bb92652629: RuntimeError: No hosting information found for port f4479de7-7d55-4185-bde4-40bb92652629
2026-04-14 07:02:38.758 7 INFO neutron.db.ovn_revision_numbers_db [None req-123f9bdf-9053-4722-85b6-7fae6994fefb - - - - - -] Successfully bumped revision number for resource f4479de7-7d55-4185-bde4-40bb92652629 (type: router_ports) to 2
2026-04-14 07:02:38.759 7 INFO neutron.plugins.ml2.drivers.ovn.mech_driver.mech_driver [None req-123f9bdf-9053-4722-85b6-7fae6994fefb - - - - - -] OVN reports status down for port: 9fc1f701-c6d3-43f9-a079-994874ae47c3 [pid: 7|app: 0|req: 536/1004] 10.0.0.85 () {32 vars in 723 bytes} [Tue Apr 14 07:02:38 2026] DELETE /v2.0/subnets/47bb2408-f347-41a3-bd55-5912d30616ed => generated 0 bytes in 231 msecs (HTTP/1.1 204) 3 headers in 131 bytes (1 switches on core 0) /var/lib/openstack/lib/python3.12/site-packages/pycadf/identifier.py:70: UserWarning: Invalid uuid: neutron. To ensure interoperability, identifiers should be a valid uuid. warnings.warn(('Invalid uuid: %s. To ensure interoperability, '
2026-04-14 07:02:38.826 8 INFO neutron.db.ovn_revision_numbers_db [None req-e0c465fe-8db5-420e-a760-50f22989be58 fb588a49ebe145718366add35e3280d4 23481214b8824109a585111ac9ce9d11 - - default default] Successfully bumped revision number for resource e537e402-d7f6-4c7e-8b25-774b44dfa3c5 (type: security_groups) to 1
2026-04-14 07:02:38.859 7 INFO neutron.plugins.ml2.drivers.ovn.mech_driver.mech_driver [None req-123f9bdf-9053-4722-85b6-7fae6994fefb - - - - - -] OVN reports status down for port: c541a3ef-a23a-4bcd-b720-19a254391fe7 [pid: 7|app: 0|req: 537/1005] 10.0.0.72 () {34 vars in 1099 bytes} [Tue Apr 14 07:02:38 2026] GET /v2.0/security-groups?name=tempest-securitygroup--1342731450&fields=id&tenant_id=f41cc958035b4e988442182605180f8a => generated 69 bytes in 61 msecs (HTTP/1.1 200) 4 headers in 156 bytes (1 switches on core 0)
2026-04-14 07:02:38.878 7 INFO neutron.plugins.ml2.drivers.ovn.mech_driver.mech_driver [None req-123f9bdf-9053-4722-85b6-7fae6994fefb - - - - - -] OVN reports status down for port: c541a3ef-a23a-4bcd-b720-19a254391fe7
2026-04-14 07:02:38.892 7 INFO neutron.plugins.ml2.drivers.ovn.mech_driver.mech_driver [None req-123f9bdf-9053-4722-85b6-7fae6994fefb - - - - - -] OVN reports status down for port: 114c3d1f-f6a1-465a-a2fa-8a01ed9a5466
2026-04-14 07:02:38.901 8 INFO neutron.db.ovn_revision_numbers_db [None req-e0c465fe-8db5-420e-a760-50f22989be58 fb588a49ebe145718366add35e3280d4 23481214b8824109a585111ac9ce9d11 - - default default] Successfully bumped revision number for resource 092a6168-d453-41db-b46e-2e425f379b5e (type: security_group_rules) to 0
2026-04-14 07:02:38.907 7 INFO neutron.plugins.ml2.drivers.ovn.mech_driver.mech_driver [None req-123f9bdf-9053-4722-85b6-7fae6994fefb - - - - - -] OVN reports status down for port: 1df179d8-21f0-4d8e-b718-aed3ea0a2ab2
2026-04-14 07:02:38.925 7 INFO neutron.plugins.ml2.drivers.ovn.mech_driver.mech_driver [None req-123f9bdf-9053-4722-85b6-7fae6994fefb - - - - - -] OVN reports status down for port: f4ba25c5-7016-4cab-bae1-4d42306cd891
2026-04-14 07:02:38.933 8 INFO neutron.db.ovn_revision_numbers_db [None req-e0c465fe-8db5-420e-a760-50f22989be58 fb588a49ebe145718366add35e3280d4 23481214b8824109a585111ac9ce9d11 - - default default] Successfully bumped revision number for resource 45e7ae8c-a65c-46d5-a195-abe1748649ea (type: security_group_rules) to 0
2026-04-14 07:02:38.954 8 INFO neutron.db.ovn_revision_numbers_db [None req-e0c465fe-8db5-420e-a760-50f22989be58 fb588a49ebe145718366add35e3280d4 23481214b8824109a585111ac9ce9d11 - - default default] Successfully bumped revision number for resource 6e88fc4a-386d-4e36-969a-0839ec6ceed7 (type: security_group_rules) to 0
2026-04-14 07:02:38.976 8 INFO neutron.db.ovn_revision_numbers_db [None req-e0c465fe-8db5-420e-a760-50f22989be58 fb588a49ebe145718366add35e3280d4 23481214b8824109a585111ac9ce9d11 - - default default] Successfully bumped revision number for resource 95a23000-96e6-4ae1-9945-653dc6ecb119 (type: security_group_rules) to 0
2026-04-14 07:02:39.125 8 INFO neutron.db.segments_db [None req-e0c465fe-8db5-420e-a760-50f22989be58 fb588a49ebe145718366add35e3280d4 23481214b8824109a585111ac9ce9d11 - - default default] Added segment 40eeead8-3876-4fd0-8b90-0e3e73bc625f of type geneve for network 87855245-3311-41d0-aef4-76a3bc56ef7c [pid: 7|app: 0|req: 538/1006] 10.0.0.85 () {32 vars in 723 bytes} [Tue Apr 14 07:02:38 2026] DELETE /v2.0/subnets/23e1a89d-5a69-4ac4-b644-a971a8902a1b => generated 0 bytes in 292 msecs (HTTP/1.1 204) 3 headers in 131 bytes (1 switches on core 0) [pid: 7|app: 0|req: 539/1007] 10.0.0.72 () {34 vars in 981 bytes} [Tue Apr 14 07:02:39 2026] GET /v2.0/networks?id=f287f1be-e5d3-4388-ad9e-04bca5cc6f05 => generated 718 bytes in 60 msecs (HTTP/1.1 200) 4 headers in 157 bytes (1 switches on core 0) [pid: 7|app: 0|req: 540/1008] 10.0.0.85 () {32 vars in 646 bytes} [Tue Apr 14 07:02:39 2026] GET /v2.0/subnets => generated 649 bytes in 38 msecs (HTTP/1.1 200) 4 headers in 157 bytes (1 switches on core 0)
2026-04-14 07:02:39.265 8 INFO neutron.db.ovn_revision_numbers_db [None req-e0c465fe-8db5-420e-a760-50f22989be58 fb588a49ebe145718366add35e3280d4 23481214b8824109a585111ac9ce9d11 - - default default] Successfully bumped revision number for resource 87855245-3311-41d0-aef4-76a3bc56ef7c (type: networks) to 1 [pid: 7|app: 0|req: 541/1009] 10.0.0.72 () {34 vars in 964 bytes} [Tue Apr 14 07:02:39 2026] GET /v2.0/quotas/f41cc958035b4e988442182605180f8a => generated 292 bytes in 10 msecs (HTTP/1.1 200) 4 headers in 157 bytes (1 switches on core 0)
2026-04-14 07:02:39.368 7 INFO neutron_taas.services.taas.taas_plugin [None req-5971ecd8-9df7-41b9-a284-7fed55fde3ac 383428e3e63e427ebd76258076b71238 a7b5dc89ffbd4dfdb74e56b428437c01 - - default default] TaaS: Handle Delete Port: cf97dd24-ff95-49b2-8b02-8ba6886cb82a
2026-04-14 07:02:39.371 7 INFO neutron_taas.services.taas.tap_mirror_plugin [None req-5971ecd8-9df7-41b9-a284-7fed55fde3ac 383428e3e63e427ebd76258076b71238 a7b5dc89ffbd4dfdb74e56b428437c01 - - default default] Tap Mirror: Handle Delete Port: cf97dd24-ff95-49b2-8b02-8ba6886cb82a
2026-04-14 07:02:39.434 8 WARNING neutron.scheduler.dhcp_agent_scheduler [None req-e0c465fe-8db5-420e-a760-50f22989be58 fb588a49ebe145718366add35e3280d4 23481214b8824109a585111ac9ce9d11 - - default default] No more DHCP agents
2026-04-14 07:02:39.435 8 WARNING neutron.api.rpc.agentnotifiers.dhcp_rpc_agent_api [None req-e0c465fe-8db5-420e-a760-50f22989be58 fb588a49ebe145718366add35e3280d4 23481214b8824109a585111ac9ce9d11 - - default default] Unable to schedule network 87855245-3311-41d0-aef4-76a3bc56ef7c: no agents available; will retry on subsequent port and subnet creation events.
2026-04-14 07:02:39.484 8 INFO neutron.plugins.ml2.drivers.ovn.mech_driver.mech_driver [None req-952a8a05-b6e6-4faa-90fc-3bd557aecb7d - - - - - -] OVN reports status down for port: ecdb6db5-ac18-4de6-811b-2f8c33c05d3f
2026-04-14 07:02:39.571 7 INFO neutron.services.segments.plugin [-] Segment 42139468-37e5-4f04-9fea-25cf9e8f12eb resource provider aggregate not found
2026-04-14 07:02:39.574 7 INFO neutron.services.segments.plugin [-] Segment 42139468-37e5-4f04-9fea-25cf9e8f12eb resource provider aggregate not found
2026-04-14 07:02:39.574 8 INFO neutron.db.ovn_revision_numbers_db [None req-e0c465fe-8db5-420e-a760-50f22989be58 fb588a49ebe145718366add35e3280d4 23481214b8824109a585111ac9ce9d11 - - default default] Successfully bumped revision number for resource ecdb6db5-ac18-4de6-811b-2f8c33c05d3f (type: ports) to 1
2026-04-14 07:02:39.590 7 INFO neutron.services.segments.plugin [-] Segment 42139468-37e5-4f04-9fea-25cf9e8f12eb resource provider not found; error: Placement Client Error (4xx): {"errors": [{"status": 404, "title": "Not Found", "detail": "The resource could not be found.\n\n No resource provider with uuid 42139468-37e5-4f04-9fea-25cf9e8f12eb found for delete ", "request_id": "req-48c74cdc-a39a-4695-8459-476bf005279a"}]}
2026-04-14 07:02:39.593 7 INFO neutron.services.segments.plugin [-] Segment 42139468-37e5-4f04-9fea-25cf9e8f12eb resource provider not found; error: Placement Client Error (4xx): {"errors": [{"status": 404, "title": "Not Found", "detail": "The resource could not be found.\n\n No resource provider with uuid 42139468-37e5-4f04-9fea-25cf9e8f12eb found for delete ", "request_id": "req-417fe29f-e766-44bf-8527-bcf939734633"}]} [pid: 7|app: 0|req: 542/1010] 10.0.0.85 () {32 vars in 725 bytes} [Tue Apr 14 07:02:39 2026] DELETE /v2.0/networks/28841dd2-2163-43e2-9e00-c20296a4fb2c => generated 0 bytes in 370 msecs (HTTP/1.1 204) 3 headers in 131 bytes (1 switches on core 0) [pid: 8|app: 0|req: 469/1011] 10.0.0.85 () {34 vars in 669 bytes} [Tue Apr 14 07:02:38 2026] POST /v2.0/networks => generated 648 bytes in 1193 msecs (HTTP/1.1 201) 4 headers in 162 bytes (1 switches on core 0) [pid: 7|app: 0|req: 543/1012] 10.0.0.72 () {34 vars in 1001 bytes} [Tue Apr 14 07:02:39 2026] GET /v2.0/ports?tenant_id=f41cc958035b4e988442182605180f8a&fields=id => generated 103 bytes in 78 msecs (HTTP/1.1 200) 4 headers in 157 bytes (1 switches on core 0) [pid: 8|app: 0|req: 470/1013] 10.0.0.153 () {34 vars in 990 bytes} [Tue Apr 14 07:02:39 2026] GET /v2.0/ports?device_id=696ae286-8efc-407b-8174-b93b96a43eb3 => generated 1213 bytes in 112 msecs (HTTP/1.1 200) 4 headers in 158 bytes (1 switches on core 0)
2026-04-14 07:02:39.818 7 INFO neutron_taas.services.taas.taas_plugin [None req-950f3e73-e961-448c-afaa-f8ca5810f142 383428e3e63e427ebd76258076b71238 a7b5dc89ffbd4dfdb74e56b428437c01 - - default default] TaaS: Handle Delete Port: f4ba25c5-7016-4cab-bae1-4d42306cd891
2026-04-14 07:02:39.820 7 INFO neutron_taas.services.taas.tap_mirror_plugin [None req-950f3e73-e961-448c-afaa-f8ca5810f142 383428e3e63e427ebd76258076b71238 a7b5dc89ffbd4dfdb74e56b428437c01 - - default default] Tap Mirror: Handle Delete Port: f4ba25c5-7016-4cab-bae1-4d42306cd891
2026-04-14 07:02:39.841 8 INFO neutron.db.segments_db [None req-26c127b5-eec2-4037-99e7-759a2ce2077e fb588a49ebe145718366add35e3280d4 23481214b8824109a585111ac9ce9d11 - - default default] Added segment 5f69a70d-0d4a-44fd-9533-c97768798ea9 of type geneve for network 7b28526d-6038-46a2-99a7-4a2fc38737c3
2026-04-14 07:02:39.953 8 INFO neutron.db.ovn_revision_numbers_db [None req-26c127b5-eec2-4037-99e7-759a2ce2077e fb588a49ebe145718366add35e3280d4 23481214b8824109a585111ac9ce9d11 - - default default] Successfully bumped revision number for resource 7b28526d-6038-46a2-99a7-4a2fc38737c3 (type: networks) to 1 [pid: 7|app: 0|req: 544/1014] 10.0.0.85 () {32 vars in 725 bytes} [Tue Apr 14 07:02:39 2026] DELETE /v2.0/networks/c1bd9770-579c-4538-a167-de607f5f7c98 => generated 0 bytes in 342 msecs (HTTP/1.1 204) 3 headers in 131 bytes (1 switches on core 0)
2026-04-14 07:02:40.084 8 WARNING neutron.scheduler.dhcp_agent_scheduler [None req-26c127b5-eec2-4037-99e7-759a2ce2077e fb588a49ebe145718366add35e3280d4 23481214b8824109a585111ac9ce9d11 - - default default] No more DHCP agents
2026-04-14 07:02:40.085 8 WARNING neutron.api.rpc.agentnotifiers.dhcp_rpc_agent_api [None req-26c127b5-eec2-4037-99e7-759a2ce2077e fb588a49ebe145718366add35e3280d4 23481214b8824109a585111ac9ce9d11 - - default default] Unable to schedule network 7b28526d-6038-46a2-99a7-4a2fc38737c3: no agents available; will retry on subsequent port and subnet creation events. [pid: 7|app: 0|req: 545/1015] 10.0.0.72 () {34 vars in 1007 bytes} [Tue Apr 14 07:02:40 2026] GET /v2.0/networks/f287f1be-e5d3-4388-ad9e-04bca5cc6f05?fields=segments => generated 14 bytes in 45 msecs (HTTP/1.1 200) 4 headers in 156 bytes (1 switches on core 0)
2026-04-14 07:02:40.131 7 INFO neutron.plugins.ml2.drivers.ovn.mech_driver.mech_driver [None req-123f9bdf-9053-4722-85b6-7fae6994fefb - - - - - -] OVN reports status down for port: 4feaa2a7-8a16-4f65-be10-330236312547 [pid: 7|app: 0|req: 546/1016] 10.0.0.153 () {34 vars in 1040 bytes} [Tue Apr 14 07:02:40 2026] GET /v2.0/security-groups?id=75d101bb-4cca-4599-a7f7-f2a18084905c&fields=id&fields=name => generated 114 bytes in 53 msecs (HTTP/1.1 200) 4 headers in 157 bytes (1 switches on core 0)
2026-04-14 07:02:40.171 8 INFO neutron.db.ovn_revision_numbers_db [None req-26c127b5-eec2-4037-99e7-759a2ce2077e fb588a49ebe145718366add35e3280d4 23481214b8824109a585111ac9ce9d11 - - default default] Successfully bumped revision number for resource 4feaa2a7-8a16-4f65-be10-330236312547 (type: ports) to 1 [pid: 8|app: 0|req: 471/1017] 10.0.0.85 () {34 vars in 669 bytes} [Tue Apr 14 07:02:39 2026] POST /v2.0/networks => generated 649 bytes in 457 msecs (HTTP/1.1 201) 4 headers in 162 bytes (1 switches on core 0) [pid: 8|app: 0|req: 472/1018] 10.0.0.72 () {34 vars in 1107 bytes} [Tue Apr 14 07:02:40 2026] GET /v2.0/networks/f287f1be-e5d3-4388-ad9e-04bca5cc6f05?fields=provider%3Aphysical_network&fields=provider%3Anetwork_type => generated 79 bytes in 36 msecs (HTTP/1.1 200) 4 headers in 156 bytes (1 switches on core 0)
2026-04-14 07:02:40.323 7 INFO neutron_taas.services.taas.taas_plugin [None req-831ba1cf-dcb0-4576-857f-8c0dda33505c 383428e3e63e427ebd76258076b71238 a7b5dc89ffbd4dfdb74e56b428437c01 - - default default] TaaS: Handle Delete Port: 6b110030-5df8-4003-9a39-2211f506658d
2026-04-14 07:02:40.326 7 INFO neutron_taas.services.taas.tap_mirror_plugin [None req-831ba1cf-dcb0-4576-857f-8c0dda33505c 383428e3e63e427ebd76258076b71238 a7b5dc89ffbd4dfdb74e56b428437c01 - - default default] Tap Mirror: Handle Delete Port: 6b110030-5df8-4003-9a39-2211f506658d
2026-04-14 07:02:40.440 8 WARNING neutron.scheduler.dhcp_agent_scheduler [None req-aa2dd062-6815-4eb4-bcb7-6e419fcb86d5 fb588a49ebe145718366add35e3280d4 23481214b8824109a585111ac9ce9d11 - - default default] No more DHCP agents
2026-04-14 07:02:40.441 8 WARNING neutron.api.rpc.agentnotifiers.dhcp_rpc_agent_api [None req-aa2dd062-6815-4eb4-bcb7-6e419fcb86d5 fb588a49ebe145718366add35e3280d4 23481214b8824109a585111ac9ce9d11 - - default default] Unable to schedule network 87855245-3311-41d0-aef4-76a3bc56ef7c: no agents available; will retry on subsequent port and subnet creation events. [pid: 7|app: 0|req: 547/1019] 10.0.0.85 () {32 vars in 725 bytes} [Tue Apr 14 07:02:40 2026] DELETE /v2.0/networks/fd632622-93e1-4232-95e7-3ffc833728a4 => generated 0 bytes in 464 msecs (HTTP/1.1 204) 3 headers in 131 bytes (1 switches on core 0) [pid: 7|app: 0|req: 548/1020] 10.0.0.72 () {34 vars in 989 bytes} [Tue Apr 14 07:02:40 2026] GET /v2.0/ports?device_id=3e106c97-b486-4c39-a4d7-bedc19acbae5 => generated 12 bytes in 15 msecs (HTTP/1.1 200) 4 headers in 156 bytes (1 switches on core 0)
2026-04-14 07:02:40.770 7 INFO neutron_taas.services.taas.taas_plugin [None req-0810e5e5-e072-4cb3-aaa7-0bce1efbd03f 383428e3e63e427ebd76258076b71238 a7b5dc89ffbd4dfdb74e56b428437c01 - - default default] TaaS: Handle Delete Port: 1f4fbe32-e306-447d-9d85-8b26eaccd1b6
2026-04-14 07:02:40.773 7 INFO neutron_taas.services.taas.tap_mirror_plugin [None req-0810e5e5-e072-4cb3-aaa7-0bce1efbd03f 383428e3e63e427ebd76258076b71238 a7b5dc89ffbd4dfdb74e56b428437c01 - - default default] Tap Mirror: Handle Delete Port: 1f4fbe32-e306-447d-9d85-8b26eaccd1b6
2026-04-14 07:02:40.797 8 INFO neutron.db.ovn_revision_numbers_db [None req-c7805aa4-33c6-4952-9f70-2bdd561c9334 - - - - - -] Successfully bumped revision number for resource ecdb6db5-ac18-4de6-811b-2f8c33c05d3f (type: ports) to 2
2026-04-14 07:02:40.833 8 INFO neutron.db.ovn_revision_numbers_db [None req-c7805aa4-33c6-4952-9f70-2bdd561c9334 - - - - - -] Successfully bumped revision number for resource e2b49293-113f-4011-b543-bb0e1a99643c (type: subnets) to 0 [pid: 8|app: 0|req: 473/1021] 10.0.0.85 () {34 vars in 668 bytes} [Tue Apr 14 07:02:40 2026] POST /v2.0/subnets => generated 626 bytes in 594 msecs (HTTP/1.1 201) 4 headers in 162 bytes (1 switches on core 0) [pid: 7|app: 0|req: 549/1022] 10.0.0.85 () {32 vars in 725 bytes} [Tue Apr 14 07:02:40 2026] DELETE /v2.0/networks/a2d599cf-5a23-4e6a-a19d-5cbb6a14de8a => generated 0 bytes in 330 msecs (HTTP/1.1 204) 3 headers in 131 bytes (1 switches on core 0)
2026-04-14 07:02:41.019 8 WARNING neutron.scheduler.dhcp_agent_scheduler [None req-7386fec6-b05e-4715-9ec7-678d2d770be6 fb588a49ebe145718366add35e3280d4 23481214b8824109a585111ac9ce9d11 - - default default] No more DHCP agents
2026-04-14 07:02:41.020 8 WARNING neutron.api.rpc.agentnotifiers.dhcp_rpc_agent_api [None req-7386fec6-b05e-4715-9ec7-678d2d770be6 fb588a49ebe145718366add35e3280d4 23481214b8824109a585111ac9ce9d11 - - default default] Unable to schedule network 7b28526d-6038-46a2-99a7-4a2fc38737c3: no agents available; will retry on subsequent port and subnet creation events.
2026-04-14 07:02:41.439 8 INFO neutron.db.ovn_revision_numbers_db [None req-b9944678-3c17-426a-9c61-93618cb193da - - - - - -] Successfully bumped revision number for resource 4feaa2a7-8a16-4f65-be10-330236312547 (type: ports) to 2
2026-04-14 07:02:41.478 8 INFO neutron.db.ovn_revision_numbers_db [None req-b9944678-3c17-426a-9c61-93618cb193da - - - - - -] Successfully bumped revision number for resource 34ec51d1-d21f-428a-89aa-1213bb5851fb (type: subnets) to 0 [pid: 8|app: 0|req: 474/1023] 10.0.0.85 () {34 vars in 668 bytes} [Tue Apr 14 07:02:40 2026] POST /v2.0/subnets => generated 626 bytes in 640 msecs (HTTP/1.1 201) 4 headers in 162 bytes (1 switches on core 0) [pid: 7|app: 0|req: 550/1024] 10.0.0.85 () {32 vars in 773 bytes} [Tue Apr 14 07:02:41 2026] GET /v2.0/security-groups?tenant_id=a7b5dc89ffbd4dfdb74e56b428437c01&name=default => generated 2925 bytes in 118 msecs (HTTP/1.1 200) 4 headers in 158 bytes (1 switches on core 0)
2026-04-14 07:02:41.606 8 INFO neutron.db.ovn_revision_numbers_db [None req-03723459-f3be-42e3-bb51-2033e5173a02 fb588a49ebe145718366add35e3280d4 23481214b8824109a585111ac9ce9d11 - - default default] Successfully bumped revision number for resource bba59517-a8ac-435c-a6e4-212a036c6e11 (type: routers) to 1
2026-04-14 07:02:41.614 7 INFO neutron.services.segments.plugin [-] Segment 7119b210-d923-47dc-a6f4-23953c40b700 resource provider aggregate not found
2026-04-14 07:02:41.620 7 INFO neutron.services.segments.plugin [-] Segment 7119b210-d923-47dc-a6f4-23953c40b700 resource provider aggregate not found [pid: 8|app: 0|req: 475/1025] 10.0.0.85 () {34 vars in 668 bytes} [Tue Apr 14 07:02:41 2026] POST /v2.0/routers => generated 602 bytes in 124 msecs (HTTP/1.1 201) 4 headers in 162 bytes (1 switches on core 0)
2026-04-14 07:02:41.640 7 INFO neutron.services.segments.plugin [-] Segment 7119b210-d923-47dc-a6f4-23953c40b700 resource provider not found; error: Placement Client Error (4xx): {"errors": [{"status": 404, "title": "Not Found", "detail": "The resource could not be found.\n\n No resource provider with uuid 7119b210-d923-47dc-a6f4-23953c40b700 found for delete ", "request_id": "req-3e6d2492-6917-4876-b457-86e348e80671"}]}
2026-04-14 07:02:41.641 7 INFO neutron.services.segments.plugin [-] Segment 7119b210-d923-47dc-a6f4-23953c40b700 resource provider not found; error: Placement Client Error (4xx): {"errors": [{"status": 404, "title": "Not Found", "detail": "The resource could not be found.\n\n No resource provider with uuid 7119b210-d923-47dc-a6f4-23953c40b700 found for delete ", "request_id": "req-c8325602-c094-4b8b-8219-5b71c1e51e2c"}]}
2026-04-14 07:02:41.659 7 INFO neutron.services.segments.plugin [-] Segment 4381a25f-dabc-401a-a4b5-ef004f66990a resource provider aggregate not found
2026-04-14 07:02:41.667 7 INFO neutron.services.segments.plugin [-] Segment 4381a25f-dabc-401a-a4b5-ef004f66990a resource provider aggregate not found
2026-04-14 07:02:41.678 7 INFO neutron.services.segments.plugin [-] Segment 4381a25f-dabc-401a-a4b5-ef004f66990a resource provider not found; error: Placement Client Error (4xx): {"errors": [{"status": 404, "title": "Not Found", "detail": "The resource could not be found.\n\n No resource provider with uuid 4381a25f-dabc-401a-a4b5-ef004f66990a found for delete ", "request_id": "req-7f1e1e8a-33a7-40fb-8ab4-ce6cb950678f"}]}
2026-04-14 07:02:41.693 7 INFO neutron.services.segments.plugin [-] Segment 4381a25f-dabc-401a-a4b5-ef004f66990a resource provider not found; error: Placement Client Error (4xx): {"errors": [{"status": 404, "title": "Not Found", "detail": "The resource could not be found.\n\n No resource provider with uuid 4381a25f-dabc-401a-a4b5-ef004f66990a found for delete ", "request_id": "req-6112cc7e-807c-48db-8bbe-6eb3d862d06b"}]}
2026-04-14 07:02:41.694 7 INFO neutron.services.segments.plugin [-] Segment 3e9eebf0-7f6c-4e66-aabb-06a20fc1f135 resource provider aggregate not found
2026-04-14 07:02:41.724 7 INFO neutron.services.segments.plugin [-] Segment 3e9eebf0-7f6c-4e66-aabb-06a20fc1f135 resource provider not found; error: Placement Client Error (4xx): {"errors": [{"status": 404, "title": "Not Found", "detail": "The resource could not be found.\n\n No resource provider with uuid 3e9eebf0-7f6c-4e66-aabb-06a20fc1f135 found for delete ", "request_id": "req-32b3a2c4-5986-4036-9460-dc716638daa3"}]}
2026-04-14 07:02:41.730 7 INFO neutron.services.segments.plugin [-] Segment 3e9eebf0-7f6c-4e66-aabb-06a20fc1f135 resource provider aggregate not found
2026-04-14 07:02:41.750 7 INFO neutron.services.segments.plugin [-] Segment 3e9eebf0-7f6c-4e66-aabb-06a20fc1f135 resource provider not found; error: Placement Client Error (4xx): {"errors": [{"status": 404, "title": "Not Found", "detail": "The resource could not be found.\n\n No resource provider with uuid 3e9eebf0-7f6c-4e66-aabb-06a20fc1f135 found for delete ", "request_id": "req-d188cf48-27e5-4b79-8e45-9403071a1745"}]} [pid: 7|app: 0|req: 551/1026] 10.0.0.85 () {32 vars in 739 bytes} [Tue Apr 14 07:02:41 2026] DELETE /v2.0/security-groups/8bd24e95-064b-4799-9f2a-bb1567f32ada => generated 0 bytes in 272 msecs (HTTP/1.1 204) 2 headers in 112 bytes (1 switches on core 0) [pid: 7|app: 0|req: 552/1027] 10.0.0.72 () {34 vars in 989 bytes} [Tue Apr 14 07:02:41 2026] GET /v2.0/ports?device_id=3e106c97-b486-4c39-a4d7-bedc19acbae5 => generated 12 bytes in 16 msecs (HTTP/1.1 200) 4 headers in 156 bytes (1 switches on core 0)
2026-04-14 07:02:42.052 8 WARNING neutron.scheduler.dhcp_agent_scheduler [None req-b545d10d-a960-4556-a2c2-51d77c2c9f69 fb588a49ebe145718366add35e3280d4 23481214b8824109a585111ac9ce9d11 - - default default] No more DHCP agents
