2026-04-14 07:03:35.414 7 INFO neutron_taas.services.taas.taas_plugin [None req-be714ef7-bc18-40b1-9cc4-992c473bb2e2 a9c107829f3e45b09b57ee56a32bc110 b9c456ef03ea4e03ae001f3cde2eea7d - - default default] TaaS: Handle Delete Port: 9ab9d706-3d9c-4d8c-99ec-9e90cbad7306
2026-04-14 07:03:35.418 7 INFO neutron_taas.services.taas.tap_mirror_plugin [None req-be714ef7-bc18-40b1-9cc4-992c473bb2e2 a9c107829f3e45b09b57ee56a32bc110 b9c456ef03ea4e03ae001f3cde2eea7d - - default default] Tap Mirror: Handle Delete Port: 9ab9d706-3d9c-4d8c-99ec-9e90cbad7306
2026-04-14 07:03:35.450 8 INFO neutron.db.ovn_revision_numbers_db [None req-e3be76d5-50c7-4c43-9765-455d052d3a98 5b34a577bba54ad4ab03c50c45539ab5 12411317386a47619b1548a9a82ef22b - - default default] Successfully bumped revision number for resource 865f1642-b8e5-4a54-83cb-af39584af4d3 (type: ports) to 1 [pid: 8|app: 0|req: 649/1387] 10.0.0.85 () {34 vars in 664 bytes} [Tue Apr 14 07:03:34 2026] POST /v2.0/ports => generated 954 bytes in 497 msecs (HTTP/1.1 201) 4 headers in 162 bytes (1 switches on core 0) /var/lib/openstack/lib/python3.12/site-packages/pycadf/identifier.py:70: UserWarning: Invalid uuid: neutron. To ensure interoperability, identifiers should be a valid uuid. warnings.warn(('Invalid uuid: %s. To ensure interoperability, ' [pid: 8|app: 0|req: 650/1388] 10.0.0.72 () {34 vars in 1119 bytes} [Tue Apr 14 07:03:35 2026] GET /v2.0/security-groups?id=08586a82-6699-4a33-8d54-a7aa6ab74320&id=5fd812bd-bd8c-4d7b-95f2-5796b55036cb&fields=id&fields=name => generated 206 bytes in 63 msecs (HTTP/1.1 200) 4 headers in 157 bytes (1 switches on core 0) [pid: 7|app: 0|req: 739/1389] 10.0.0.85 () {32 vars in 725 bytes} [Tue Apr 14 07:03:35 2026] DELETE /v2.0/networks/24503e9b-0aca-4ab0-add1-6dc9e3822118 => generated 0 bytes in 413 msecs (HTTP/1.1 204) 3 headers in 131 bytes (1 switches on core 0)
2026-04-14 07:03:35.780 7 INFO neutron_taas.services.taas.taas_plugin [None req-7613b9dc-e888-475e-9a5c-e9d7a08f1753 a9c107829f3e45b09b57ee56a32bc110 b9c456ef03ea4e03ae001f3cde2eea7d - - default default] TaaS: Handle Delete Port: 24e661de-78b8-4347-b5a7-a65ffcc79e3f
2026-04-14 07:03:35.783 7 INFO neutron_taas.services.taas.tap_mirror_plugin [None req-7613b9dc-e888-475e-9a5c-e9d7a08f1753 a9c107829f3e45b09b57ee56a32bc110 b9c456ef03ea4e03ae001f3cde2eea7d - - default default] Tap Mirror: Handle Delete Port: 24e661de-78b8-4347-b5a7-a65ffcc79e3f
2026-04-14 07:03:35.878 8 WARNING neutron.scheduler.dhcp_agent_scheduler [None req-8231530b-6919-42ec-ad18-33db9f5089e1 5b34a577bba54ad4ab03c50c45539ab5 12411317386a47619b1548a9a82ef22b - - default default] No more DHCP agents
2026-04-14 07:03:35.883 8 WARNING neutron.api.rpc.agentnotifiers.dhcp_rpc_agent_api [None req-8231530b-6919-42ec-ad18-33db9f5089e1 5b34a577bba54ad4ab03c50c45539ab5 12411317386a47619b1548a9a82ef22b - - default default] Unable to schedule network 21349e75-1b22-4945-9ced-7cfaa43f9c98: no agents available; will retry on subsequent port and subnet creation events. [pid: 7|app: 0|req: 740/1390] 10.0.0.85 () {32 vars in 725 bytes} [Tue Apr 14 07:03:35 2026] DELETE /v2.0/networks/99e056e7-864d-4b65-896f-05c33798133f => generated 0 bytes in 334 msecs (HTTP/1.1 204) 3 headers in 131 bytes (1 switches on core 0)
2026-04-14 07:03:36.063 8 INFO neutron.db.ovn_revision_numbers_db [None req-8231530b-6919-42ec-ad18-33db9f5089e1 5b34a577bba54ad4ab03c50c45539ab5 12411317386a47619b1548a9a82ef22b - - default default] Successfully bumped revision number for resource c2be69b0-5b56-45cd-b82a-756c15b1ae08 (type: ports) to 1 [pid: 8|app: 0|req: 651/1391] 10.0.0.85 () {34 vars in 664 bytes} [Tue Apr 14 07:03:35 2026] POST /v2.0/ports => generated 954 bytes in 529 msecs (HTTP/1.1 201) 4 headers in 162 bytes (1 switches on core 0) /var/lib/openstack/lib/python3.12/site-packages/pycadf/identifier.py:70: UserWarning: Invalid uuid: neutron. To ensure interoperability, identifiers should be a valid uuid. warnings.warn(('Invalid uuid: %s. To ensure interoperability, '
2026-04-14 07:03:36.171 7 INFO neutron_taas.services.taas.taas_plugin [None req-5b93dd9a-4049-4082-9eb1-7ff2e2e4ccee a9c107829f3e45b09b57ee56a32bc110 b9c456ef03ea4e03ae001f3cde2eea7d - - default default] TaaS: Handle Delete Port: d42a0b07-be5b-4f76-b1ec-fe9830bca072
2026-04-14 07:03:36.174 7 INFO neutron_taas.services.taas.tap_mirror_plugin [None req-5b93dd9a-4049-4082-9eb1-7ff2e2e4ccee a9c107829f3e45b09b57ee56a32bc110 b9c456ef03ea4e03ae001f3cde2eea7d - - default default] Tap Mirror: Handle Delete Port: d42a0b07-be5b-4f76-b1ec-fe9830bca072
2026-04-14 07:03:36.269 8 INFO neutron.notifiers.nova [-] Nova event matching ['req-db3d1374-7140-44ee-9276-64a50cca7842'] response: {'server_uuid': '6414f2df-9c31-4483-b5f3-00efccfbb030', 'name': 'network-vif-plugged', 'status': 'completed', 'tag': '02d63d61-7f9b-4274-abd1-342af226dd08', 'code': 200}
2026-04-14 07:03:36.329 8 WARNING neutron.scheduler.dhcp_agent_scheduler [None req-ca023f69-416e-4f2c-a3a3-decc791550ae 5b34a577bba54ad4ab03c50c45539ab5 12411317386a47619b1548a9a82ef22b - - default default] No more DHCP agents
2026-04-14 07:03:36.329 8 WARNING neutron.api.rpc.agentnotifiers.dhcp_rpc_agent_api [None req-ca023f69-416e-4f2c-a3a3-decc791550ae 5b34a577bba54ad4ab03c50c45539ab5 12411317386a47619b1548a9a82ef22b - - default default] Unable to schedule network f9acc4e5-c969-4cd1-906e-92ecc194ce25: no agents available; will retry on subsequent port and subnet creation events. [pid: 7|app: 0|req: 741/1392] 10.0.0.85 () {32 vars in 725 bytes} [Tue Apr 14 07:03:36 2026] DELETE /v2.0/networks/4260f65d-d7bf-4411-979a-9bc69f50b2bb => generated 0 bytes in 366 msecs (HTTP/1.1 204) 3 headers in 131 bytes (1 switches on core 0) [pid: 7|app: 0|req: 742/1393] 10.0.0.38 () {28 vars in 582 bytes} [Tue Apr 14 07:03:36 2026] GET /v2.0/subnets => generated 3298 bytes in 189 msecs (HTTP/1.1 200) 4 headers in 158 bytes (1 switches on core 0) [pid: 7|app: 0|req: 743/1394] 10.0.0.38 () {28 vars in 590 bytes} [Tue Apr 14 07:03:36 2026] GET /v2.0/subnetpools => generated 19 bytes in 13 msecs (HTTP/1.1 200) 4 headers in 156 bytes (1 switches on core 0) [pid: 7|app: 0|req: 744/1395] 10.0.0.72 () {34 vars in 989 bytes} [Tue Apr 14 07:03:36 2026] GET /v2.0/ports?device_id=6414f2df-9c31-4483-b5f3-00efccfbb030 => generated 1010 bytes in 44 msecs (HTTP/1.1 200) 4 headers in 158 bytes (1 switches on core 0) [pid: 7|app: 0|req: 745/1396] 10.0.0.38 () {28 vars in 590 bytes} [Tue Apr 14 07:03:36 2026] GET /v2.0/floatingips => generated 1382 bytes in 41 msecs (HTTP/1.1 200) 4 headers in 158 bytes (1 switches on core 0) [pid: 7|app: 0|req: 746/1397] 10.0.0.72 () {34 vars in 1119 bytes} [Tue Apr 14 07:03:36 2026] GET /v2.0/security-groups?id=08586a82-6699-4a33-8d54-a7aa6ab74320&id=5fd812bd-bd8c-4d7b-95f2-5796b55036cb&fields=id&fields=name => generated 206 bytes in 44 msecs (HTTP/1.1 200) 4 headers in 157 bytes (1 switches on core 0)
2026-04-14 07:03:36.755 7 INFO neutron.services.segments.plugin [-] Segment 065afdcc-69da-43b2-9b10-3549d0947262 resource provider aggregate not found
2026-04-14 07:03:36.758 7 INFO neutron.services.segments.plugin [-] Segment 065afdcc-69da-43b2-9b10-3549d0947262 resource provider aggregate not found
2026-04-14 07:03:36.774 7 INFO neutron.services.segments.plugin [-] Segment 065afdcc-69da-43b2-9b10-3549d0947262 resource provider not found; error: Placement Client Error (4xx): {"errors": [{"status": 404, "title": "Not Found", "detail": "The resource could not be found.\n\n No resource provider with uuid 065afdcc-69da-43b2-9b10-3549d0947262 found for delete ", "request_id": "req-e4d7735a-28b8-4983-a854-f90dcb161119"}]}
2026-04-14 07:03:36.784 7 INFO neutron.services.segments.plugin [-] Segment 065afdcc-69da-43b2-9b10-3549d0947262 resource provider not found; error: Placement Client Error (4xx): {"errors": [{"status": 404, "title": "Not Found", "detail": "The resource could not be found.\n\n No resource provider with uuid 065afdcc-69da-43b2-9b10-3549d0947262 found for delete ", "request_id": "req-d4d97785-e62a-4259-85ae-562e711b65d4"}]}
2026-04-14 07:03:36.788 7 INFO neutron.services.segments.plugin [-] Segment 6a941cad-3eef-4460-b3d8-eae16db021b1 resource provider aggregate not found
2026-04-14 07:03:36.802 7 INFO neutron.services.segments.plugin [-] Segment 6a941cad-3eef-4460-b3d8-eae16db021b1 resource provider not found; error: Placement Client Error (4xx): {"errors": [{"status": 404, "title": "Not Found", "detail": "The resource could not be found.\n\n No resource provider with uuid 6a941cad-3eef-4460-b3d8-eae16db021b1 found for delete ", "request_id": "req-1a613016-6d24-4cfa-8aaa-6f4bebbe07fc"}]}
2026-04-14 07:03:36.810 7 INFO neutron.services.segments.plugin [-] Segment 6a941cad-3eef-4460-b3d8-eae16db021b1 resource provider aggregate not found [pid: 7|app: 0|req: 747/1398] 10.0.0.38 () {28 vars in 598 bytes} [Tue Apr 14 07:03:36 2026] GET /v2.0/security-groups => generated 37214 bytes in 85 msecs (HTTP/1.1 200) 4 headers in 159 bytes (1 switches on core 0)
2026-04-14 07:03:36.833 7 INFO neutron.services.segments.plugin [-] Segment 1f55dcbb-3d84-4def-a8ff-2d645312fe54 resource provider aggregate not found
2026-04-14 07:03:36.844 7 INFO neutron.services.segments.plugin [-] Segment 6a941cad-3eef-4460-b3d8-eae16db021b1 resource provider not found; error: Placement Client Error (4xx): {"errors": [{"status": 404, "title": "Not Found", "detail": "The resource could not be found.\n\n No resource provider with uuid 6a941cad-3eef-4460-b3d8-eae16db021b1 found for delete ", "request_id": "req-863c9868-5193-4d59-aa21-8a742e7cc041"}]}
2026-04-14 07:03:36.849 7 INFO neutron.services.segments.plugin [-] Segment 1f55dcbb-3d84-4def-a8ff-2d645312fe54 resource provider not found; error: Placement Client Error (4xx): {"errors": [{"status": 404, "title": "Not Found", "detail": "The resource could not be found.\n\n No resource provider with uuid 1f55dcbb-3d84-4def-a8ff-2d645312fe54 found for delete ", "request_id": "req-b1218a91-9f68-4ebb-8d7b-c42b172328b7"}]}
2026-04-14 07:03:36.867 7 INFO neutron.services.segments.plugin [-] Segment bc8342d8-5558-45fa-bb73-c2e939db3f2d resource provider aggregate not found
2026-04-14 07:03:36.869 7 INFO neutron.services.segments.plugin [-] Segment 1f55dcbb-3d84-4def-a8ff-2d645312fe54 resource provider aggregate not found
2026-04-14 07:03:36.894 7 INFO neutron.services.segments.plugin [-] Segment bc8342d8-5558-45fa-bb73-c2e939db3f2d resource provider not found; error: Placement Client Error (4xx): {"errors": [{"status": 404, "title": "Not Found", "detail": "The resource could not be found.\n\n No resource provider with uuid bc8342d8-5558-45fa-bb73-c2e939db3f2d found for delete ", "request_id": "req-f8789e9a-4d31-4c0d-b493-65500a40d9c5"}]}
2026-04-14 07:03:36.894 7 INFO neutron.services.segments.plugin [-] Segment 1f55dcbb-3d84-4def-a8ff-2d645312fe54 resource provider not found; error: Placement Client Error (4xx): {"errors": [{"status": 404, "title": "Not Found", "detail": "The resource could not be found.\n\n No resource provider with uuid 1f55dcbb-3d84-4def-a8ff-2d645312fe54 found for delete ", "request_id": "req-99fc8702-b117-4d3b-b85c-710ebcb0aed1"}]} [pid: 7|app: 0|req: 748/1399] 10.0.0.72 () {34 vars in 989 bytes} [Tue Apr 14 07:03:36 2026] GET /v2.0/ports?device_id=6414f2df-9c31-4483-b5f3-00efccfbb030 => generated 1010 bytes in 75 msecs (HTTP/1.1 200) 4 headers in 158 bytes (1 switches on core 0)
2026-04-14 07:03:36.921 7 INFO neutron.services.segments.plugin [-] Segment bc8342d8-5558-45fa-bb73-c2e939db3f2d resource provider aggregate not found
2026-04-14 07:03:36.955 7 INFO neutron.services.segments.plugin [-] Segment bc8342d8-5558-45fa-bb73-c2e939db3f2d resource provider not found; error: Placement Client Error (4xx): {"errors": [{"status": 404, "title": "Not Found", "detail": "The resource could not be found.\n\n No resource provider with uuid bc8342d8-5558-45fa-bb73-c2e939db3f2d found for delete ", "request_id": "req-e9626704-2dae-4c42-be0a-aebece10f3f2"}]} [pid: 7|app: 0|req: 749/1400] 10.0.0.38 () {28 vars in 582 bytes} [Tue Apr 14 07:03:36 2026] GET /v2.0/subnets => generated 3298 bytes in 74 msecs (HTTP/1.1 200) 4 headers in 158 bytes (1 switches on core 0)
2026-04-14 07:03:37.084 8 INFO neutron.db.ovn_revision_numbers_db [None req-ca023f69-416e-4f2c-a3a3-decc791550ae 5b34a577bba54ad4ab03c50c45539ab5 12411317386a47619b1548a9a82ef22b - - default default] Successfully bumped revision number for resource df8dfb63-6b26-44f7-8dd6-b984131d013a (type: floatingips) to 1
2026-04-14 07:03:37.085 8 INFO neutron.db.l3_db [None req-ca023f69-416e-4f2c-a3a3-decc791550ae 5b34a577bba54ad4ab03c50c45539ab5 12411317386a47619b1548a9a82ef22b - - default default] Floating IP df8dfb63-6b26-44f7-8dd6-b984131d013a associated. External IP: 10.96.250.205, port: c2be69b0-5b56-45cd-b82a-756c15b1ae08. [pid: 8|app: 0|req: 652/1401] 10.0.0.85 () {34 vars in 676 bytes} [Tue Apr 14 07:03:36 2026] POST /v2.0/floatingips => generated 841 bytes in 1036 msecs (HTTP/1.1 201) 4 headers in 162 bytes (1 switches on core 0) [pid: 8|app: 0|req: 653/1402] 10.0.0.38 () {28 vars in 582 bytes} [Tue Apr 14 07:03:37 2026] GET /v2.0/routers => generated 2898 bytes in 71 msecs (HTTP/1.1 200) 4 headers in 158 bytes (1 switches on core 0)
2026-04-14 07:03:37.322 8 INFO neutron.db.ovn_revision_numbers_db [None req-23a3fb02-d43b-4382-b906-f172404a2fe4 5b34a577bba54ad4ab03c50c45539ab5 12411317386a47619b1548a9a82ef22b - - default default] Successfully bumped revision number for resource df8dfb63-6b26-44f7-8dd6-b984131d013a (type: floatingips) to 2
2026-04-14 07:03:37.370 8 INFO neutron.db.l3_db [None req-23a3fb02-d43b-4382-b906-f172404a2fe4 5b34a577bba54ad4ab03c50c45539ab5 12411317386a47619b1548a9a82ef22b - - default default] Floating IP df8dfb63-6b26-44f7-8dd6-b984131d013a disassociated. External IP: 10.96.250.205, port: c2be69b0-5b56-45cd-b82a-756c15b1ae08. [pid: 8|app: 0|req: 654/1403] 10.0.0.85 () {34 vars in 748 bytes} [Tue Apr 14 07:03:37 2026] PUT /v2.0/floatingips/df8dfb63-6b26-44f7-8dd6-b984131d013a => generated 554 bytes in 235 msecs (HTTP/1.1 200) 4 headers in 157 bytes (1 switches on core 0) /var/lib/openstack/lib/python3.12/site-packages/pycadf/identifier.py:70: UserWarning: Invalid uuid: neutron. To ensure interoperability, identifiers should be a valid uuid. warnings.warn(('Invalid uuid: %s. To ensure interoperability, '
2026-04-14 07:03:37.434 7 INFO neutron.db.ovn_revision_numbers_db [None req-9706fd8a-cc93-43ab-b528-327fc2467f1b 33677e8f3e3c4c27a5273719819f61cf 0b7d5686d2c34fb7920e094b12784fef - - default default] Successfully bumped revision number for resource c08304f7-9a22-4b47-b3b7-56f7e1a380c8 (type: floatingips) to 1 [pid: 8|app: 0|req: 655/1404] 10.0.0.38 () {28 vars in 623 bytes} [Tue Apr 14 07:03:37 2026] GET /v2.0/agents?binary=ovn-controller => generated 416 bytes in 12 msecs (HTTP/1.1 200) 4 headers in 157 bytes (1 switches on core 0)
2026-04-14 07:03:37.574 7 INFO neutron.db.ovn_revision_numbers_db [None req-9706fd8a-cc93-43ab-b528-327fc2467f1b 33677e8f3e3c4c27a5273719819f61cf 0b7d5686d2c34fb7920e094b12784fef - - default default] Successfully bumped revision number for resource c08304f7-9a22-4b47-b3b7-56f7e1a380c8 (type: floatingips) to 2
2026-04-14 07:03:37.574 7 INFO neutron.db.l3_db [None req-9706fd8a-cc93-43ab-b528-327fc2467f1b 33677e8f3e3c4c27a5273719819f61cf 0b7d5686d2c34fb7920e094b12784fef - - default default] Floating IP c08304f7-9a22-4b47-b3b7-56f7e1a380c8 associated. External IP: 10.96.250.217, port: 02d63d61-7f9b-4274-abd1-342af226dd08. [pid: 7|app: 0|req: 750/1405] 10.0.0.85 () {34 vars in 748 bytes} [Tue Apr 14 07:03:36 2026] PUT /v2.0/floatingips/c08304f7-9a22-4b47-b3b7-56f7e1a380c8 => generated 855 bytes in 623 msecs (HTTP/1.1 200) 4 headers in 157 bytes (1 switches on core 0)
2026-04-14 07:03:37.652 7 INFO neutron.notifiers.nova [-] Nova event matching ['req-2ebadafb-5420-4210-babe-722884bc1321'] response: {'name': 'network-changed', 'server_uuid': '6414f2df-9c31-4483-b5f3-00efccfbb030', 'tag': '02d63d61-7f9b-4274-abd1-342af226dd08', 'status': 'completed', 'code': 200}
2026-04-14 07:03:37.765 7 INFO neutron_taas.services.taas.taas_plugin [None req-8f1851a9-9757-4c48-983d-1e51dd26b4d1 5b34a577bba54ad4ab03c50c45539ab5 12411317386a47619b1548a9a82ef22b - - default default] TaaS: Handle Delete Port: 0f87c011-871f-4e75-8d5d-ba082d355d49
2026-04-14 07:03:37.770 7 INFO neutron_taas.services.taas.tap_mirror_plugin [None req-8f1851a9-9757-4c48-983d-1e51dd26b4d1 5b34a577bba54ad4ab03c50c45539ab5 12411317386a47619b1548a9a82ef22b - - default default] Tap Mirror: Handle Delete Port: 0f87c011-871f-4e75-8d5d-ba082d355d49
2026-04-14 07:03:37.807 8 INFO neutron.db.ovn_revision_numbers_db [None req-8581d08c-d9ef-4a0c-9458-e0b854918f70 9c58e3aaa8bc4c3f88018bc576e98325 1f4e20c760c2482499233194ca428a2d - - default default] Successfully bumped revision number for resource 0aef6cd8-6e8b-4517-b690-2cff3cd3fa90 (type: security_groups) to 1
2026-04-14 07:03:37.818 8 INFO neutron.db.ovn_revision_numbers_db [None req-8581d08c-d9ef-4a0c-9458-e0b854918f70 9c58e3aaa8bc4c3f88018bc576e98325 1f4e20c760c2482499233194ca428a2d - - default default] Successfully bumped revision number for resource 073d2187-5c44-43ab-821a-99ae6d794a30 (type: security_group_rules) to 0
2026-04-14 07:03:37.828 8 INFO neutron.db.ovn_revision_numbers_db [None req-8581d08c-d9ef-4a0c-9458-e0b854918f70 9c58e3aaa8bc4c3f88018bc576e98325 1f4e20c760c2482499233194ca428a2d - - default default] Successfully bumped revision number for resource 1edd9be9-abc8-4796-8508-a85d8e753554 (type: security_group_rules) to 0
2026-04-14 07:03:37.839 8 INFO neutron.db.ovn_revision_numbers_db [None req-8581d08c-d9ef-4a0c-9458-e0b854918f70 9c58e3aaa8bc4c3f88018bc576e98325 1f4e20c760c2482499233194ca428a2d - - default default] Successfully bumped revision number for resource 7981b05f-5c80-485e-b851-2c6a81f080bf (type: security_group_rules) to 0
2026-04-14 07:03:37.850 8 INFO neutron.db.ovn_revision_numbers_db [None req-8581d08c-d9ef-4a0c-9458-e0b854918f70 9c58e3aaa8bc4c3f88018bc576e98325 1f4e20c760c2482499233194ca428a2d - - default default] Successfully bumped revision number for resource fb0fabde-6adb-46e5-b6f3-cf8d919d26ce (type: security_group_rules) to 0 [pid: 8|app: 0|req: 656/1406] 10.0.0.85 () {32 vars in 773 bytes} [Tue Apr 14 07:03:37 2026] GET /v2.0/security-groups?tenant_id=b5a7fd3d28f149e68e610d86d521c3d4&name=default => generated 2925 bytes in 440 msecs (HTTP/1.1 200) 4 headers in 158 bytes (1 switches on core 0) [pid: 8|app: 0|req: 657/1407] 10.0.0.38 () {28 vars in 580 bytes} [Tue Apr 14 07:03:37 2026] GET /v2.0/agents => generated 1214 bytes in 10 msecs (HTTP/1.1 200) 4 headers in 158 bytes (1 switches on core 0) [pid: 7|app: 0|req: 751/1408] 10.0.0.85 () {32 vars in 731 bytes} [Tue Apr 14 07:03:37 2026] DELETE /v2.0/floatingips/df8dfb63-6b26-44f7-8dd6-b984131d013a => generated 0 bytes in 349 msecs (HTTP/1.1 204) 2 headers in 112 bytes (1 switches on core 0) [pid: 7|app: 0|req: 752/1409] 10.0.0.38 () {28 vars in 578 bytes} [Tue Apr 14 07:03:37 2026] GET /v2.0/ports => generated 18908 bytes in 106 msecs (HTTP/1.1 200) 4 headers in 159 bytes (1 switches on core 0) [pid: 8|app: 0|req: 658/1410] 10.0.0.85 () {32 vars in 739 bytes} [Tue Apr 14 07:03:37 2026] DELETE /v2.0/security-groups/0aef6cd8-6e8b-4517-b690-2cff3cd3fa90 => generated 0 bytes in 215 msecs (HTTP/1.1 204) 2 headers in 112 bytes (1 switches on core 0) [pid: 8|app: 0|req: 659/1411] 10.0.0.38 () {28 vars in 618 bytes} [Tue Apr 14 07:03:38 2026] GET /v2.0/network-ip-availabilities => generated 2479 bytes in 18 msecs (HTTP/1.1 200) 4 headers in 158 bytes (1 switches on core 0)
2026-04-14 07:03:38.166 7 WARNING neutron.plugins.ml2.drivers.ovn.mech_driver.ovsdb.ovn_client [None req-b06d7ced-a1f5-4053-bfd4-29a743965dda - - - - - -] No hosting information found for port 6485a20c-1b54-4750-90e3-3740169b8e99: RuntimeError: No hosting information found for port 6485a20c-1b54-4750-90e3-3740169b8e99
2026-04-14 07:03:38.166 7 INFO neutron.plugins.ml2.drivers.ovn.mech_driver.mech_driver [None req-b06d7ced-a1f5-4053-bfd4-29a743965dda - - - - - -] OVN reports status down for port: 25ad82e5-e2bc-495a-9984-eaeb1e12be3c [pid: 8|app: 0|req: 660/1412] 10.0.0.38 () {28 vars in 584 bytes} [Tue Apr 14 07:03:38 2026] GET /v2.0/networks => generated 4680 bytes in 88 msecs (HTTP/1.1 200) 4 headers in 158 bytes (1 switches on core 0) [pid: 8|app: 0|req: 661/1413] 199.204.45.30 () {34 vars in 1079 bytes} [Tue Apr 14 07:03:38 2026] GET /v2.0/ports?tenant_id=0b7d5686d2c34fb7920e094b12784fef&device_id=6414f2df-9c31-4483-b5f3-00efccfbb030 => generated 1248 bytes in 36 msecs (HTTP/1.1 200) 4 headers in 158 bytes (1 switches on core 0)
2026-04-14 07:03:38.264 7 WARNING neutron.plugins.ml2.drivers.ovn.mech_driver.ovsdb.ovn_client [None req-b06d7ced-a1f5-4053-bfd4-29a743965dda - - - - - -] Logical_Switch_Port %s host information not removed, the port state is up
2026-04-14 07:03:38.267 7 INFO neutron.plugins.ml2.drivers.ovn.mech_driver.mech_driver [None req-b06d7ced-a1f5-4053-bfd4-29a743965dda - - - - - -] OVN reports status up for port: 25ad82e5-e2bc-495a-9984-eaeb1e12be3c
2026-04-14 07:03:38.309 7 INFO neutron.plugins.ml2.plugin [None req-b06d7ced-a1f5-4053-bfd4-29a743965dda - - - - - -] Attempt 1 to provision port 25ad82e5-e2bc-495a-9984-eaeb1e12be3c [pid: 8|app: 0|req: 662/1414] 199.204.45.30 () {34 vars in 985 bytes} [Tue Apr 14 07:03:38 2026] GET /v2.0/networks?id=e3ecce9a-f414-4ac3-8016-233e2a584490 => generated 810 bytes in 51 msecs (HTTP/1.1 200) 4 headers in 157 bytes (1 switches on core 0) [pid: 8|app: 0|req: 663/1415] 199.204.45.30 () {34 vars in 1057 bytes} [Tue Apr 14 07:03:38 2026] GET /v2.0/floatingips?fixed_ip_address=10.100.0.9&port_id=02d63d61-7f9b-4274-abd1-342af226dd08 => generated 860 bytes in 38 msecs (HTTP/1.1 200) 4 headers in 157 bytes (1 switches on core 0) [pid: 8|app: 0|req: 664/1416] 10.0.0.85 () {32 vars in 773 bytes} [Tue Apr 14 07:03:38 2026] GET /v2.0/security-groups?tenant_id=b9c456ef03ea4e03ae001f3cde2eea7d&name=default => generated 2925 bytes in 25 msecs (HTTP/1.1 200) 4 headers in 158 bytes (1 switches on core 0)
2026-04-14 07:03:38.405 7 WARNING neutron.scheduler.dhcp_agent_scheduler [None req-bbbbfbac-1849-4ebe-a592-c29eb0fb0044 5b34a577bba54ad4ab03c50c45539ab5 12411317386a47619b1548a9a82ef22b - - default default] No more DHCP agents
2026-04-14 07:03:38.407 7 WARNING neutron.api.rpc.agentnotifiers.dhcp_rpc_agent_api [None req-bbbbfbac-1849-4ebe-a592-c29eb0fb0044 5b34a577bba54ad4ab03c50c45539ab5 12411317386a47619b1548a9a82ef22b - - default default] Unable to schedule network f9acc4e5-c969-4cd1-906e-92ecc194ce25: no agents available; will retry on subsequent port and subnet creation events. [pid: 8|app: 0|req: 665/1417] 199.204.45.30 () {34 vars in 983 bytes} [Tue Apr 14 07:03:38 2026] GET /v2.0/subnets?id=13df1277-da42-46a1-82b4-8daef92bc5d4 => generated 691 bytes in 24 msecs (HTTP/1.1 200) 4 headers in 157 bytes (1 switches on core 0) [pid: 8|app: 0|req: 666/1418] 10.0.0.85 () {32 vars in 739 bytes} [Tue Apr 14 07:03:38 2026] DELETE /v2.0/security-groups/6bc3ddc8-1b06-4b49-9875-70f726a77f56 => generated 0 bytes in 210 msecs (HTTP/1.1 204) 2 headers in 112 bytes (1 switches on core 0) [pid: 8|app: 0|req: 667/1419] 199.204.45.30 () {34 vars in 1051 bytes} [Tue Apr 14 07:03:38 2026] GET /v2.0/ports?network_id=e3ecce9a-f414-4ac3-8016-233e2a584490&device_owner=network%3Adhcp => generated 12 bytes in 15 msecs (HTTP/1.1 200) 4 headers in 156 bytes (1 switches on core 0) [pid: 8|app: 0|req: 668/1420] 199.204.45.30 () {34 vars in 1011 bytes} [Tue Apr 14 07:03:38 2026] GET /v2.0/networks/e3ecce9a-f414-4ac3-8016-233e2a584490?fields=segments => generated 14 bytes in 39 msecs (HTTP/1.1 200) 4 headers in 156 bytes (1 switches on core 0) [pid: 8|app: 0|req: 669/1421] 199.204.45.30 () {34 vars in 1111 bytes} [Tue Apr 14 07:03:38 2026] GET /v2.0/networks/e3ecce9a-f414-4ac3-8016-233e2a584490?fields=provider%3Aphysical_network&fields=provider%3Anetwork_type => generated 79 bytes in 47 msecs (HTTP/1.1 200) 4 headers in 156 bytes (1 switches on core 0)
2026-04-14 07:03:38.958 8 INFO neutron.db.ovn_revision_numbers_db [None req-ce1a1ae1-19f8-414a-8fce-18b30f36ff88 9c58e3aaa8bc4c3f88018bc576e98325 1f4e20c760c2482499233194ca428a2d - - default default] Successfully bumped revision number for resource a224f95e-2a8e-46f2-b504-0f45beb1d8cd (type: security_groups) to 1
2026-04-14 07:03:38.972 8 INFO neutron.db.ovn_revision_numbers_db [None req-ce1a1ae1-19f8-414a-8fce-18b30f36ff88 9c58e3aaa8bc4c3f88018bc576e98325 1f4e20c760c2482499233194ca428a2d - - default default] Successfully bumped revision number for resource 1c37c818-c85a-418a-b185-1d3b150ae9fa (type: security_group_rules) to 0
2026-04-14 07:03:38.987 8 INFO neutron.db.ovn_revision_numbers_db [None req-ce1a1ae1-19f8-414a-8fce-18b30f36ff88 9c58e3aaa8bc4c3f88018bc576e98325 1f4e20c760c2482499233194ca428a2d - - default default] Successfully bumped revision number for resource 87ac3329-a879-49f0-9fb2-1614ad55991b (type: security_group_rules) to 0
2026-04-14 07:03:38.998 8 INFO neutron.db.ovn_revision_numbers_db [None req-ce1a1ae1-19f8-414a-8fce-18b30f36ff88 9c58e3aaa8bc4c3f88018bc576e98325 1f4e20c760c2482499233194ca428a2d - - default default] Successfully bumped revision number for resource d1b78fe3-d263-47ca-b099-93a9ece11db4 (type: security_group_rules) to 0
2026-04-14 07:03:39.014 8 INFO neutron.db.ovn_revision_numbers_db [None req-ce1a1ae1-19f8-414a-8fce-18b30f36ff88 9c58e3aaa8bc4c3f88018bc576e98325 1f4e20c760c2482499233194ca428a2d - - default default] Successfully bumped revision number for resource dcbbfc23-c0df-44c7-ab7a-0feddda6c338 (type: security_group_rules) to 0 [pid: 8|app: 0|req: 670/1422] 10.0.0.85 () {32 vars in 773 bytes} [Tue Apr 14 07:03:38 2026] GET /v2.0/security-groups?tenant_id=26698bb7b061434aa37e3ae4c62a61d7&name=default => generated 2925 bytes in 218 msecs (HTTP/1.1 200) 4 headers in 158 bytes (1 switches on core 0) [pid: 8|app: 0|req: 671/1423] 10.0.0.85 () {32 vars in 739 bytes} [Tue Apr 14 07:03:39 2026] DELETE /v2.0/security-groups/a224f95e-2a8e-46f2-b504-0f45beb1d8cd => generated 0 bytes in 265 msecs (HTTP/1.1 204) 2 headers in 112 bytes (1 switches on core 0)
2026-04-14 07:03:39.456 7 INFO neutron.db.ovn_revision_numbers_db [None req-b06d7ced-a1f5-4053-bfd4-29a743965dda - - - - - -] Successfully bumped revision number for resource 25ad82e5-e2bc-495a-9984-eaeb1e12be3c (type: ports) to 2
2026-04-14 07:03:39.992 7 INFO neutron.db.ovn_revision_numbers_db [None req-bbbbfbac-1849-4ebe-a592-c29eb0fb0044 5b34a577bba54ad4ab03c50c45539ab5 12411317386a47619b1548a9a82ef22b - - default default] Successfully bumped revision number for resource 89652628-ead6-442a-94cf-b5f71075d594 (type: floatingips) to 1
2026-04-14 07:03:39.993 7 INFO neutron.db.l3_db [None req-bbbbfbac-1849-4ebe-a592-c29eb0fb0044 5b34a577bba54ad4ab03c50c45539ab5 12411317386a47619b1548a9a82ef22b - - default default] Floating IP 89652628-ead6-442a-94cf-b5f71075d594 associated. External IP: 10.96.250.214, port: 865f1642-b8e5-4a54-83cb-af39584af4d3. [pid: 7|app: 0|req: 753/1424] 10.0.0.85 () {34 vars in 676 bytes} [Tue Apr 14 07:03:38 2026] POST /v2.0/floatingips => generated 841 bytes in 1967 msecs (HTTP/1.1 201) 4 headers in 162 bytes (1 switches on core 0) [pid: 8|app: 0|req: 672/1425] 10.0.0.85 () {32 vars in 728 bytes} [Tue Apr 14 07:03:40 2026] GET /v2.0/floatingips/89652628-ead6-442a-94cf-b5f71075d594 => generated 843 bytes in 38 msecs (HTTP/1.1 200) 4 headers in 157 bytes (1 switches on core 0) [pid: 7|app: 0|req: 754/1426] 10.0.0.85 () {32 vars in 654 bytes} [Tue Apr 14 07:03:40 2026] GET /v2.0/floatingips => generated 846 bytes in 69 msecs (HTTP/1.1 200) 4 headers in 157 bytes (1 switches on core 0)
2026-04-14 07:03:40.492 7 INFO neutron.db.ovn_revision_numbers_db [None req-38f9a0a8-3a07-4c43-9a8b-4eaa11db5191 9c58e3aaa8bc4c3f88018bc576e98325 1f4e20c760c2482499233194ca428a2d - - default default] Successfully bumped revision number for resource 4cf5fcd6-83e2-4c2e-9b71-d40780f79039 (type: security_groups) to 1
2026-04-14 07:03:40.512 7 INFO neutron.db.ovn_revision_numbers_db [None req-38f9a0a8-3a07-4c43-9a8b-4eaa11db5191 9c58e3aaa8bc4c3f88018bc576e98325 1f4e20c760c2482499233194ca428a2d - - default default] Successfully bumped revision number for resource 4b8a9ab3-2914-4117-a300-7e3819e778b3 (type: security_group_rules) to 0
2026-04-14 07:03:40.536 7 INFO neutron.db.ovn_revision_numbers_db [None req-38f9a0a8-3a07-4c43-9a8b-4eaa11db5191 9c58e3aaa8bc4c3f88018bc576e98325 1f4e20c760c2482499233194ca428a2d - - default default] Successfully bumped revision number for resource 4c82beee-3925-4619-92f5-f66c908168be (type: security_group_rules) to 0
2026-04-14 07:03:40.551 7 INFO neutron.db.ovn_revision_numbers_db [None req-38f9a0a8-3a07-4c43-9a8b-4eaa11db5191 9c58e3aaa8bc4c3f88018bc576e98325 1f4e20c760c2482499233194ca428a2d - - default default] Successfully bumped revision number for resource 5689fa71-ce8e-4a83-966a-772aa7f9859c (type: security_group_rules) to 0
2026-04-14 07:03:40.564 7 INFO neutron.db.ovn_revision_numbers_db [None req-38f9a0a8-3a07-4c43-9a8b-4eaa11db5191 9c58e3aaa8bc4c3f88018bc576e98325 1f4e20c760c2482499233194ca428a2d - - default default] Successfully bumped revision number for resource 68563bc9-379b-4532-935c-d26d4ebab906 (type: security_group_rules) to 0 [pid: 7|app: 0|req: 755/1427] 10.0.0.85 () {32 vars in 773 bytes} [Tue Apr 14 07:03:40 2026] GET /v2.0/security-groups?tenant_id=36f535f8490149f9b612fe9214ec55e4&name=default => generated 2925 bytes in 387 msecs (HTTP/1.1 200) 4 headers in 158 bytes (1 switches on core 0)
2026-04-14 07:03:40.691 8 INFO neutron.db.ovn_revision_numbers_db [None req-db18896c-e071-4f4f-a7f7-ad74d23c1cf9 5b34a577bba54ad4ab03c50c45539ab5 12411317386a47619b1548a9a82ef22b - - default default] Successfully bumped revision number for resource 89652628-ead6-442a-94cf-b5f71075d594 (type: floatingips) to 2
2026-04-14 07:03:40.797 8 INFO neutron.db.l3_db [None req-db18896c-e071-4f4f-a7f7-ad74d23c1cf9 5b34a577bba54ad4ab03c50c45539ab5 12411317386a47619b1548a9a82ef22b - - default default] Floating IP 89652628-ead6-442a-94cf-b5f71075d594 associated. External IP: 10.96.250.214, port: 865f1642-b8e5-4a54-83cb-af39584af4d3. [pid: 8|app: 0|req: 673/1428] 10.0.0.85 () {34 vars in 748 bytes} [Tue Apr 14 07:03:40 2026] PUT /v2.0/floatingips/89652628-ead6-442a-94cf-b5f71075d594 => generated 843 bytes in 699 msecs (HTTP/1.1 200) 4 headers in 157 bytes (1 switches on core 0) [pid: 7|app: 0|req: 756/1429] 10.0.0.85 () {32 vars in 739 bytes} [Tue Apr 14 07:03:40 2026] DELETE /v2.0/security-groups/4cf5fcd6-83e2-4c2e-9b71-d40780f79039 => generated 0 bytes in 246 msecs (HTTP/1.1 204) 2 headers in 112 bytes (1 switches on core 0)
2026-04-14 07:03:41.030 8 INFO neutron.db.ovn_revision_numbers_db [None req-87eb499e-bf63-47e7-bf81-046bc129bedf 5b34a577bba54ad4ab03c50c45539ab5 12411317386a47619b1548a9a82ef22b - - default default] Successfully bumped revision number for resource 89652628-ead6-442a-94cf-b5f71075d594 (type: floatingips) to 3
2026-04-14 07:03:41.085 8 INFO neutron.db.l3_db [None req-87eb499e-bf63-47e7-bf81-046bc129bedf 5b34a577bba54ad4ab03c50c45539ab5 12411317386a47619b1548a9a82ef22b - - default default] Floating IP 89652628-ead6-442a-94cf-b5f71075d594 disassociated. External IP: 10.96.250.214, port: c2be69b0-5b56-45cd-b82a-756c15b1ae08. [pid: 8|app: 0|req: 674/1430] 10.0.0.85 () {34 vars in 748 bytes} [Tue Apr 14 07:03:40 2026] PUT /v2.0/floatingips/89652628-ead6-442a-94cf-b5f71075d594 => generated 554 bytes in 264 msecs (HTTP/1.1 200) 4 headers in 157 bytes (1 switches on core 0)
2026-04-14 07:03:41.130 7 INFO neutron.db.ovn_revision_numbers_db [None req-4b14fc7f-5cdf-4a47-a34d-0c88105a482f 9c58e3aaa8bc4c3f88018bc576e98325 1f4e20c760c2482499233194ca428a2d - - default default] Successfully bumped revision number for resource f3c085b1-6d4f-46de-9054-3c1d1718a361 (type: security_groups) to 1
2026-04-14 07:03:41.147 7 INFO neutron.db.ovn_revision_numbers_db [None req-4b14fc7f-5cdf-4a47-a34d-0c88105a482f 9c58e3aaa8bc4c3f88018bc576e98325 1f4e20c760c2482499233194ca428a2d - - default default] Successfully bumped revision number for resource 7de5664e-d666-40e4-a00f-34b0085ed5f5 (type: security_group_rules) to 0
2026-04-14 07:03:41.171 7 INFO neutron.db.ovn_revision_numbers_db [None req-4b14fc7f-5cdf-4a47-a34d-0c88105a482f 9c58e3aaa8bc4c3f88018bc576e98325 1f4e20c760c2482499233194ca428a2d - - default default] Successfully bumped revision number for resource a47ec5ad-f3ed-4e7a-b735-4910da4a87f1 (type: security_group_rules) to 0
2026-04-14 07:03:41.194 7 INFO neutron.db.ovn_revision_numbers_db [None req-4b14fc7f-5cdf-4a47-a34d-0c88105a482f 9c58e3aaa8bc4c3f88018bc576e98325 1f4e20c760c2482499233194ca428a2d - - default default] Successfully bumped revision number for resource c8a49a6b-7064-4106-bc62-f2b9debb510e (type: security_group_rules) to 0
2026-04-14 07:03:41.210 7 INFO neutron.db.ovn_revision_numbers_db [None req-4b14fc7f-5cdf-4a47-a34d-0c88105a482f 9c58e3aaa8bc4c3f88018bc576e98325 1f4e20c760c2482499233194ca428a2d - - default default] Successfully bumped revision number for resource f0c2704e-6989-4c95-995d-afc0c444add3 (type: security_group_rules) to 0 [pid: 7|app: 0|req: 757/1431] 10.0.0.85 () {32 vars in 773 bytes} [Tue Apr 14 07:03:40 2026] GET /v2.0/security-groups?tenant_id=e244916084c342899801462c4ad370c0&name=default => generated 2925 bytes in 281 msecs (HTTP/1.1 200) 4 headers in 158 bytes (1 switches on core 0)
2026-04-14 07:03:41.255 8 INFO neutron_taas.services.taas.taas_plugin [None req-c93ec62b-8b8c-49c4-a063-a88eb2ba8c73 5b34a577bba54ad4ab03c50c45539ab5 12411317386a47619b1548a9a82ef22b - - default default] TaaS: Handle Delete Port: 7671c214-e5c4-47bd-ac1f-4897f4499eda
2026-04-14 07:03:41.258 8 INFO neutron_taas.services.taas.tap_mirror_plugin [None req-c93ec62b-8b8c-49c4-a063-a88eb2ba8c73 5b34a577bba54ad4ab03c50c45539ab5 12411317386a47619b1548a9a82ef22b - - default default] Tap Mirror: Handle Delete Port: 7671c214-e5c4-47bd-ac1f-4897f4499eda [pid: 8|app: 0|req: 675/1432] 10.0.0.85 () {32 vars in 731 bytes} [Tue Apr 14 07:03:41 2026] DELETE /v2.0/floatingips/89652628-ead6-442a-94cf-b5f71075d594 => generated 0 bytes in 295 msecs (HTTP/1.1 204) 2 headers in 112 bytes (1 switches on core 0)
2026-04-14 07:03:41.446 8 INFO neutron.api.v2.resource [None req-dcd0c0b8-c6e0-4b1a-b9ff-326712aeed8b 5b34a577bba54ad4ab03c50c45539ab5 12411317386a47619b1548a9a82ef22b - - default default] delete failed (client error): The resource could not be found. [pid: 8|app: 0|req: 676/1433] 10.0.0.85 () {32 vars in 731 bytes} [Tue Apr 14 07:03:41 2026] DELETE /v2.0/floatingips/89652628-ead6-442a-94cf-b5f71075d594 => generated 144 bytes in 23 msecs (HTTP/1.1 404) 4 headers in 164 bytes (1 switches on core 0) [pid: 7|app: 0|req: 758/1434] 10.0.0.85 () {32 vars in 739 bytes} [Tue Apr 14 07:03:41 2026] DELETE /v2.0/security-groups/f3c085b1-6d4f-46de-9054-3c1d1718a361 => generated 0 bytes in 245 msecs (HTTP/1.1 204) 2 headers in 112 bytes (1 switches on core 0)
2026-04-14 07:03:41.625 8 INFO neutron_taas.services.taas.taas_plugin [None req-49760fc8-9792-4431-b733-b1edfab36a63 5b34a577bba54ad4ab03c50c45539ab5 12411317386a47619b1548a9a82ef22b - - default default] TaaS: Handle Delete Port: c2be69b0-5b56-45cd-b82a-756c15b1ae08
2026-04-14 07:03:41.629 8 INFO neutron_taas.services.taas.tap_mirror_plugin [None req-49760fc8-9792-4431-b733-b1edfab36a63 5b34a577bba54ad4ab03c50c45539ab5 12411317386a47619b1548a9a82ef22b - - default default] Tap Mirror: Handle Delete Port: c2be69b0-5b56-45cd-b82a-756c15b1ae08 [pid: 8|app: 0|req: 677/1435] 10.0.0.85 () {32 vars in 719 bytes} [Tue Apr 14 07:03:41 2026] DELETE /v2.0/ports/c2be69b0-5b56-45cd-b82a-756c15b1ae08 => generated 0 bytes in 349 msecs (HTTP/1.1 204) 3 headers in 131 bytes (1 switches on core 0)
2026-04-14 07:03:42.024 7 INFO neutron_taas.services.taas.taas_plugin [None req-94426a82-ef42-43bf-8e92-d48e53b81c85 5b34a577bba54ad4ab03c50c45539ab5 12411317386a47619b1548a9a82ef22b - - default default] TaaS: Handle Delete Port: 865f1642-b8e5-4a54-83cb-af39584af4d3
2026-04-14 07:03:42.030 7 INFO neutron_taas.services.taas.tap_mirror_plugin [None req-94426a82-ef42-43bf-8e92-d48e53b81c85 5b34a577bba54ad4ab03c50c45539ab5 12411317386a47619b1548a9a82ef22b - - default default] Tap Mirror: Handle Delete Port: 865f1642-b8e5-4a54-83cb-af39584af4d3 [pid: 7|app: 0|req: 759/1436] 10.0.0.85 () {32 vars in 719 bytes} [Tue Apr 14 07:03:41 2026] DELETE /v2.0/ports/865f1642-b8e5-4a54-83cb-af39584af4d3 => generated 0 bytes in 368 msecs (HTTP/1.1 204) 3 headers in 131 bytes (1 switches on core 0) [pid: 8|app: 0|req: 678/1437] 10.0.0.85 () {32 vars in 735 bytes} [Tue Apr 14 07:03:42 2026] GET /v2.0/ports?device_id=81743208-468b-45bd-b367-04bbc71b0c47 => generated 946 bytes in 36 msecs (HTTP/1.1 200) 4 headers in 157 bytes (1 switches on core 0)
2026-04-14 07:03:42.501 7 INFO neutron_taas.services.taas.taas_plugin [None req-e9b5a204-76b7-4505-819e-3bfe8b6e3214 5b34a577bba54ad4ab03c50c45539ab5 12411317386a47619b1548a9a82ef22b - - default default] TaaS: Handle Delete Port: 25ad82e5-e2bc-495a-9984-eaeb1e12be3c
2026-04-14 07:03:42.504 7 INFO neutron_taas.services.taas.tap_mirror_plugin [None req-e9b5a204-76b7-4505-819e-3bfe8b6e3214 5b34a577bba54ad4ab03c50c45539ab5 12411317386a47619b1548a9a82ef22b - - default default] Tap Mirror: Handle Delete Port: 25ad82e5-e2bc-495a-9984-eaeb1e12be3c [pid: 7|app: 0|req: 760/1438] 10.0.0.85 () {34 vars in 788 bytes} [Tue Apr 14 07:03:42 2026] PUT /v2.0/routers/81743208-468b-45bd-b367-04bbc71b0c47/remove_router_interface => generated 309 bytes in 757 msecs (HTTP/1.1 200) 4 headers in 157 bytes (1 switches on core 0)
2026-04-14 07:03:43.335 8 INFO neutron_taas.services.taas.taas_plugin [None req-e53fbe61-4614-4826-a97f-8b759c8b801b 5b34a577bba54ad4ab03c50c45539ab5 12411317386a47619b1548a9a82ef22b - - default default] TaaS: Handle Delete Port: 6485a20c-1b54-4750-90e3-3740169b8e99
2026-04-14 07:03:43.339 8 INFO neutron_taas.services.taas.tap_mirror_plugin [None req-e53fbe61-4614-4826-a97f-8b759c8b801b 5b34a577bba54ad4ab03c50c45539ab5 12411317386a47619b1548a9a82ef22b - - default default] Tap Mirror: Handle Delete Port: 6485a20c-1b54-4750-90e3-3740169b8e99 /var/lib/openstack/lib/python3.12/site-packages/pycadf/identifier.py:70: UserWarning: Invalid uuid: neutron. To ensure interoperability, identifiers should be a valid uuid. warnings.warn(('Invalid uuid: %s. To ensure interoperability, '
2026-04-14 07:03:43.735 7 INFO neutron.db.ovn_revision_numbers_db [None req-676470e0-d578-4a26-91af-3ee8f5bf018d 94e8d97c7af945c4a4d60a0f7dcdbfd0 e6ac595f08584175b9d584e4afb72043 - - default default] Successfully bumped revision number for resource e0d42b05-41db-41a7-a5cf-6ed60a9537e1 (type: security_groups) to 1 [pid: 8|app: 0|req: 679/1439] 10.0.0.85 () {32 vars in 723 bytes} [Tue Apr 14 07:03:43 2026] DELETE /v2.0/routers/81743208-468b-45bd-b367-04bbc71b0c47 => generated 0 bytes in 729 msecs (HTTP/1.1 204) 2 headers in 112 bytes (1 switches on core 0)
2026-04-14 07:03:43.746 7 INFO neutron.db.ovn_revision_numbers_db [None req-676470e0-d578-4a26-91af-3ee8f5bf018d 94e8d97c7af945c4a4d60a0f7dcdbfd0 e6ac595f08584175b9d584e4afb72043 - - default default] Successfully bumped revision number for resource 05ffa93b-023b-411f-bcb7-e208c5c33daf (type: security_group_rules) to 0
2026-04-14 07:03:43.761 7 INFO neutron.db.ovn_revision_numbers_db [None req-676470e0-d578-4a26-91af-3ee8f5bf018d 94e8d97c7af945c4a4d60a0f7dcdbfd0 e6ac595f08584175b9d584e4afb72043 - - default default] Successfully bumped revision number for resource 32577e8d-8c45-442d-8f90-b17abae62d1b (type: security_group_rules) to 0
2026-04-14 07:03:43.775 7 INFO neutron.db.ovn_revision_numbers_db [None req-676470e0-d578-4a26-91af-3ee8f5bf018d 94e8d97c7af945c4a4d60a0f7dcdbfd0 e6ac595f08584175b9d584e4afb72043 - - default default] Successfully bumped revision number for resource 33bb3332-edd5-4f51-88ec-e43a9a808d4f (type: security_group_rules) to 0
2026-04-14 07:03:43.787 7 INFO neutron.db.ovn_revision_numbers_db [None req-676470e0-d578-4a26-91af-3ee8f5bf018d 94e8d97c7af945c4a4d60a0f7dcdbfd0 e6ac595f08584175b9d584e4afb72043 - - default default] Successfully bumped revision number for resource 61a7e609-55d2-4fff-ba2a-6fc4821a0d2b (type: security_group_rules) to 0
2026-04-14 07:03:43.884 7 INFO neutron.db.segments_db [None req-676470e0-d578-4a26-91af-3ee8f5bf018d 94e8d97c7af945c4a4d60a0f7dcdbfd0 e6ac595f08584175b9d584e4afb72043 - - default default] Added segment d0bfe7a3-31ec-4c3b-9446-f59e003a2c45 of type geneve for network 41198223-003a-409b-9483-ec40f167ddaf [pid: 8|app: 0|req: 680/1440] 10.0.0.85 () {32 vars in 723 bytes} [Tue Apr 14 07:03:43 2026] DELETE /v2.0/subnets/39e6fd19-8c9a-41bd-9bc8-c6264bb1ad66 => generated 0 bytes in 164 msecs (HTTP/1.1 204) 3 headers in 131 bytes (1 switches on core 0)
2026-04-14 07:03:44.007 7 INFO neutron.db.ovn_revision_numbers_db [None req-676470e0-d578-4a26-91af-3ee8f5bf018d 94e8d97c7af945c4a4d60a0f7dcdbfd0 e6ac595f08584175b9d584e4afb72043 - - default default] Successfully bumped revision number for resource 41198223-003a-409b-9483-ec40f167ddaf (type: networks) to 1
2026-04-14 07:03:44.030 8 INFO neutron_taas.services.taas.taas_plugin [None req-cea303ac-2881-4185-929f-4d8bfe17d217 5b34a577bba54ad4ab03c50c45539ab5 12411317386a47619b1548a9a82ef22b - - default default] TaaS: Handle Delete Port: 5eadee94-9376-4f42-9b87-a59277ae4535
2026-04-14 07:03:44.034 8 INFO neutron_taas.services.taas.tap_mirror_plugin [None req-cea303ac-2881-4185-929f-4d8bfe17d217 5b34a577bba54ad4ab03c50c45539ab5 12411317386a47619b1548a9a82ef22b - - default default] Tap Mirror: Handle Delete Port: 5eadee94-9376-4f42-9b87-a59277ae4535
2026-04-14 07:03:44.204 8 INFO neutron.services.segments.plugin [-] Segment f85170eb-b4ac-43a5-8d21-52856a2cd83f resource provider aggregate not found
2026-04-14 07:03:44.210 7 WARNING neutron.scheduler.dhcp_agent_scheduler [None req-676470e0-d578-4a26-91af-3ee8f5bf018d 94e8d97c7af945c4a4d60a0f7dcdbfd0 e6ac595f08584175b9d584e4afb72043 - - default default] No more DHCP agents
2026-04-14 07:03:44.212 7 WARNING neutron.api.rpc.agentnotifiers.dhcp_rpc_agent_api [None req-676470e0-d578-4a26-91af-3ee8f5bf018d 94e8d97c7af945c4a4d60a0f7dcdbfd0 e6ac595f08584175b9d584e4afb72043 - - default default] Unable to schedule network 41198223-003a-409b-9483-ec40f167ddaf: no agents available; will retry on subsequent port and subnet creation events.
2026-04-14 07:03:44.214 8 INFO neutron.services.segments.plugin [-] Segment f85170eb-b4ac-43a5-8d21-52856a2cd83f resource provider aggregate not found
2026-04-14 07:03:44.229 8 INFO neutron.services.segments.plugin [-] Segment f85170eb-b4ac-43a5-8d21-52856a2cd83f resource provider not found; error: Placement Client Error (4xx): {"errors": [{"status": 404, "title": "Not Found", "detail": "The resource could not be found.\n\n No resource provider with uuid f85170eb-b4ac-43a5-8d21-52856a2cd83f found for delete ", "request_id": "req-553bbf8a-92c1-4704-acdd-a902fa4769f9"}]}
2026-04-14 07:03:44.242 8 INFO neutron.services.segments.plugin [-] Segment f85170eb-b4ac-43a5-8d21-52856a2cd83f resource provider not found; error: Placement Client Error (4xx): {"errors": [{"status": 404, "title": "Not Found", "detail": "The resource could not be found.\n\n No resource provider with uuid f85170eb-b4ac-43a5-8d21-52856a2cd83f found for delete ", "request_id": "req-991204a3-61ad-4094-9e43-d7e1cfe41802"}]}
2026-04-14 07:03:44.284 8 INFO neutron.plugins.ml2.drivers.ovn.mech_driver.mech_driver [None req-589cb3b9-8d85-4829-b6bd-9dfaeeec21ba - - - - - -] OVN reports status down for port: cf049f4a-c797-4de2-9e4c-e6f1de0df246 [pid: 8|app: 0|req: 681/1441] 10.0.0.85 () {32 vars in 725 bytes} [Tue Apr 14 07:03:43 2026] DELETE /v2.0/networks/21349e75-1b22-4945-9ced-7cfaa43f9c98 => generated 0 bytes in 388 msecs (HTTP/1.1 204) 3 headers in 131 bytes (1 switches on core 0)
2026-04-14 07:03:44.314 7 INFO neutron.db.ovn_revision_numbers_db [None req-676470e0-d578-4a26-91af-3ee8f5bf018d 94e8d97c7af945c4a4d60a0f7dcdbfd0 e6ac595f08584175b9d584e4afb72043 - - default default] Successfully bumped revision number for resource cf049f4a-c797-4de2-9e4c-e6f1de0df246 (type: ports) to 1 [pid: 7|app: 0|req: 761/1442] 10.0.0.85 () {34 vars in 669 bytes} [Tue Apr 14 07:03:43 2026] POST /v2.0/networks => generated 651 bytes in 912 msecs (HTTP/1.1 201) 4 headers in 162 bytes (1 switches on core 0)
2026-04-14 07:03:44.610 8 WARNING neutron.scheduler.dhcp_agent_scheduler [None req-df10214f-e7d2-481b-8eba-153f46524622 94e8d97c7af945c4a4d60a0f7dcdbfd0 e6ac595f08584175b9d584e4afb72043 - - default default] No more DHCP agents
2026-04-14 07:03:44.611 8 WARNING neutron.api.rpc.agentnotifiers.dhcp_rpc_agent_api [None req-df10214f-e7d2-481b-8eba-153f46524622 94e8d97c7af945c4a4d60a0f7dcdbfd0 e6ac595f08584175b9d584e4afb72043 - - default default] Unable to schedule network 41198223-003a-409b-9483-ec40f167ddaf: no agents available; will retry on subsequent port and subnet creation events.
2026-04-14 07:03:44.690 8 INFO neutron.plugins.ml2.drivers.ovn.mech_driver.mech_driver [None req-589cb3b9-8d85-4829-b6bd-9dfaeeec21ba - - - - - -] OVN reports status down for port: 9761da02-abb2-43f4-9a50-2955f8b4a533
2026-04-14 07:03:44.728 8 INFO neutron.db.ovn_revision_numbers_db [None req-df10214f-e7d2-481b-8eba-153f46524622 94e8d97c7af945c4a4d60a0f7dcdbfd0 e6ac595f08584175b9d584e4afb72043 - - default default] Successfully bumped revision number for resource 9761da02-abb2-43f4-9a50-2955f8b4a533 (type: ports) to 1
2026-04-14 07:03:44.756 7 WARNING neutron.plugins.ml2.drivers.ovn.mech_driver.ovsdb.ovn_client [None req-39d8fe73-b932-41ef-bf85-ed4e0ff50366 - - - - - -] No port found with ID 25ad82e5-e2bc-495a-9984-eaeb1e12be3c: RuntimeError: No port found with ID 25ad82e5-e2bc-495a-9984-eaeb1e12be3c
2026-04-14 07:03:44.769 7 INFO neutron.plugins.ml2.drivers.ovn.mech_driver.mech_driver [None req-39d8fe73-b932-41ef-bf85-ed4e0ff50366 - - - - - -] OVN reports status down for port: c2be69b0-5b56-45cd-b82a-756c15b1ae08 [pid: 8|app: 0|req: 682/1443] 10.0.0.85 () {34 vars in 663 bytes} [Tue Apr 14 07:03:44 2026] POST /v2.0/ports => generated 743 bytes in 433 msecs (HTTP/1.1 201) 4 headers in 162 bytes (1 switches on core 0) /var/lib/openstack/lib/python3.12/site-packages/pycadf/identifier.py:70: UserWarning: Invalid uuid: neutron. To ensure interoperability, identifiers should be a valid uuid. warnings.warn(('Invalid uuid: %s. To ensure interoperability, ' /var/lib/openstack/lib/python3.12/site-packages/pycadf/identifier.py:70: UserWarning: Invalid uuid: neutron. To ensure interoperability, identifiers should be a valid uuid. warnings.warn(('Invalid uuid: %s. To ensure interoperability, ' [pid: 8|app: 0|req: 683/1444] 10.0.0.85 () {32 vars in 773 bytes} [Tue Apr 14 07:03:44 2026] GET /v2.0/security-groups?tenant_id=12411317386a47619b1548a9a82ef22b&name=default => generated 2925 bytes in 205 msecs (HTTP/1.1 200) 4 headers in 158 bytes (1 switches on core 0) [pid: 7|app: 0|req: 762/1445] 10.0.0.85 () {34 vars in 665 bytes} [Tue Apr 14 07:03:44 2026] POST /v2.0/trunks => generated 409 bytes in 371 msecs (HTTP/1.1 201) 4 headers in 162 bytes (1 switches on core 0) /var/lib/openstack/lib/python3.12/site-packages/pycadf/identifier.py:70: UserWarning: Invalid uuid: neutron. To ensure interoperability, identifiers should be a valid uuid. warnings.warn(('Invalid uuid: %s. To ensure interoperability, '
2026-04-14 07:03:45.264 7 INFO neutron.db.segments_db [None req-b9237897-259b-42fb-849f-da79e5d08a16 94e8d97c7af945c4a4d60a0f7dcdbfd0 e6ac595f08584175b9d584e4afb72043 - - default default] Added segment fe44ee9c-d07e-458e-9989-2b588ecbf7c7 of type geneve for network e743e05c-4c39-41b2-8073-42d3e1579182 [pid: 8|app: 0|req: 684/1446] 10.0.0.85 () {32 vars in 739 bytes} [Tue Apr 14 07:03:45 2026] DELETE /v2.0/security-groups/d54ea580-ce38-4ee2-8d57-4c91dcc41b29 => generated 0 bytes in 215 msecs (HTTP/1.1 204) 2 headers in 112 bytes (1 switches on core 0)
2026-04-14 07:03:45.392 7 INFO neutron.db.ovn_revision_numbers_db [None req-b9237897-259b-42fb-849f-da79e5d08a16 94e8d97c7af945c4a4d60a0f7dcdbfd0 e6ac595f08584175b9d584e4afb72043 - - default default] Successfully bumped revision number for resource e743e05c-4c39-41b2-8073-42d3e1579182 (type: networks) to 1
2026-04-14 07:03:45.549 7 WARNING neutron.scheduler.dhcp_agent_scheduler [None req-b9237897-259b-42fb-849f-da79e5d08a16 94e8d97c7af945c4a4d60a0f7dcdbfd0 e6ac595f08584175b9d584e4afb72043 - - default default] No more DHCP agents
2026-04-14 07:03:45.550 7 WARNING neutron.api.rpc.agentnotifiers.dhcp_rpc_agent_api [None req-b9237897-259b-42fb-849f-da79e5d08a16 94e8d97c7af945c4a4d60a0f7dcdbfd0 e6ac595f08584175b9d584e4afb72043 - - default default] Unable to schedule network e743e05c-4c39-41b2-8073-42d3e1579182: no agents available; will retry on subsequent port and subnet creation events.
2026-04-14 07:03:45.609 8 INFO neutron.plugins.ml2.drivers.ovn.mech_driver.mech_driver [None req-589cb3b9-8d85-4829-b6bd-9dfaeeec21ba - - - - - -] OVN reports status down for port: eb3cce4a-ec46-4883-861d-76928b40b7ed
2026-04-14 07:03:45.637 7 INFO neutron.db.ovn_revision_numbers_db [None req-b9237897-259b-42fb-849f-da79e5d08a16 94e8d97c7af945c4a4d60a0f7dcdbfd0 e6ac595f08584175b9d584e4afb72043 - - default default] Successfully bumped revision number for resource eb3cce4a-ec46-4883-861d-76928b40b7ed (type: ports) to 1
2026-04-14 07:03:45.681 8 INFO neutron.db.ovn_revision_numbers_db [None req-94ef8050-716e-4bef-a725-6050e962b234 9c58e3aaa8bc4c3f88018bc576e98325 1f4e20c760c2482499233194ca428a2d - - default default] Successfully bumped revision number for resource 2e7489b8-ba0b-474e-b89b-5150be18a8c4 (type: security_groups) to 1 [pid: 7|app: 0|req: 763/1447] 10.0.0.85 () {34 vars in 669 bytes} [Tue Apr 14 07:03:45 2026] POST /v2.0/networks => generated 650 bytes in 511 msecs (HTTP/1.1 201) 4 headers in 162 bytes (1 switches on core 0)
