2026-04-14 07:06:00.501 7 INFO neutron.api.v2.resource [None req-7826197f-714c-497c-89b0-10677e1969ab e9538ab1827e420eb69875ac0e129e0c 8477b352f21640199ad439cda6bb0a7c - - default default] delete failed (client error): The resource could not be found. [pid: 7|app: 0|req: 1275/2445] 10.0.0.85 () {32 vars in 753 bytes} [Tue Apr 14 07:06:00 2026] DELETE /v2.0/subnetpools/28992605-0ff8-4f7f-92e8-89b398d3ee45/tags/green => generated 99 bytes in 28 msecs (HTTP/1.1 404) 4 headers in 163 bytes (1 switches on core 0) [pid: 7|app: 0|req: 1276/2446] 10.0.0.85 () {32 vars in 741 bytes} [Tue Apr 14 07:06:00 2026] DELETE /v2.0/subnetpools/28992605-0ff8-4f7f-92e8-89b398d3ee45/tags => generated 0 bytes in 43 msecs (HTTP/1.1 204) 2 headers in 112 bytes (1 switches on core 0) [pid: 8|app: 0|req: 1171/2449] 10.0.0.85 () {34 vars in 788 bytes} [Tue Apr 14 07:05:59 2026] PUT /v2.0/routers/d7dabcb2-c960-4d85-a0d3-6477cf33f9e1/remove_router_interface => generated 309 bytes in 730 msecs (HTTP/1.1 200) 4 headers in 157 bytes (1 switches on core 0) /var/lib/openstack/lib/python3.12/site-packages/pycadf/identifier.py:70: UserWarning: Invalid uuid: neutron. To ensure interoperability, identifiers should be a valid uuid. warnings.warn(('Invalid uuid: %s. To ensure interoperability, ' [pid: 7|app: 0|req: 1279/2450] 10.0.0.85 () {32 vars in 738 bytes} [Tue Apr 14 07:06:00 2026] GET /v2.0/subnetpools/28992605-0ff8-4f7f-92e8-89b398d3ee45/tags => generated 12 bytes in 36 msecs (HTTP/1.1 200) 4 headers in 156 bytes (1 switches on core 0) [pid: 7|app: 0|req: 1280/2451] 10.0.0.85 () {32 vars in 731 bytes} [Tue Apr 14 07:06:00 2026] DELETE /v2.0/subnetpools/28992605-0ff8-4f7f-92e8-89b398d3ee45 => generated 0 bytes in 53 msecs (HTTP/1.1 204) 2 headers in 112 bytes (1 switches on core 0)
2026-04-14 07:06:00.871 8 INFO neutron_taas.services.taas.taas_plugin [None req-af14f512-6d28-409e-978d-ecb3ed7a7c6f 52246e9935ae492da7d4da39d752e75a bc20f98c04944743adf212b059e10acc - - default default] TaaS: Handle Delete Port: 6e751f67-b3e0-4264-8075-621be2aa06bf
2026-04-14 07:06:00.875 8 INFO neutron_taas.services.taas.tap_mirror_plugin [None req-af14f512-6d28-409e-978d-ecb3ed7a7c6f 52246e9935ae492da7d4da39d752e75a bc20f98c04944743adf212b059e10acc - - default default] Tap Mirror: Handle Delete Port: 6e751f67-b3e0-4264-8075-621be2aa06bf [pid: 7|app: 0|req: 1281/2452] 10.0.0.72 () {34 vars in 989 bytes} [Tue Apr 14 07:06:00 2026] GET /v2.0/ports?device_id=747b4a9e-493a-4bad-ba89-75a0dfdd2f26 => generated 12 bytes in 21 msecs (HTTP/1.1 200) 4 headers in 156 bytes (1 switches on core 0) [pid: 8|app: 0|req: 1172/2453] 10.0.0.85 () {32 vars in 723 bytes} [Tue Apr 14 07:06:00 2026] DELETE /v2.0/routers/d7dabcb2-c960-4d85-a0d3-6477cf33f9e1 => generated 0 bytes in 700 msecs (HTTP/1.1 204) 2 headers in 112 bytes (1 switches on core 0) [pid: 7|app: 0|req: 1282/2454] 10.0.0.85 () {32 vars in 720 bytes} [Tue Apr 14 07:06:01 2026] GET /v2.0/routers/93b0bae9-278b-4863-b5ab-15b2dbcee3bb => generated 942 bytes in 68 msecs (HTTP/1.1 200) 4 headers in 157 bytes (1 switches on core 0)
2026-04-14 07:06:01.489 8 INFO neutron.db.ovn_revision_numbers_db [None req-c06b797c-3ab1-46cd-9844-200eef46338c 9c58e3aaa8bc4c3f88018bc576e98325 1f4e20c760c2482499233194ca428a2d - - default default] Successfully bumped revision number for resource f4a1075d-1fb6-4e25-82ef-dc118ea380d1 (type: security_groups) to 1
2026-04-14 07:06:01.498 8 INFO neutron.db.ovn_revision_numbers_db [None req-c06b797c-3ab1-46cd-9844-200eef46338c 9c58e3aaa8bc4c3f88018bc576e98325 1f4e20c760c2482499233194ca428a2d - - default default] Successfully bumped revision number for resource 2d6e7208-f01f-4234-85c7-9a46c243d3c1 (type: security_group_rules) to 0
2026-04-14 07:06:01.507 8 INFO neutron.db.ovn_revision_numbers_db [None req-c06b797c-3ab1-46cd-9844-200eef46338c 9c58e3aaa8bc4c3f88018bc576e98325 1f4e20c760c2482499233194ca428a2d - - default default] Successfully bumped revision number for resource 75effab3-351a-49d6-b1a0-2ce5ddcc298b (type: security_group_rules) to 0
2026-04-14 07:06:01.515 8 INFO neutron.db.ovn_revision_numbers_db [None req-c06b797c-3ab1-46cd-9844-200eef46338c 9c58e3aaa8bc4c3f88018bc576e98325 1f4e20c760c2482499233194ca428a2d - - default default] Successfully bumped revision number for resource a18b035a-1d76-4c20-beef-8f9a08c2042f (type: security_group_rules) to 0
2026-04-14 07:06:01.526 8 INFO neutron.db.ovn_revision_numbers_db [None req-c06b797c-3ab1-46cd-9844-200eef46338c 9c58e3aaa8bc4c3f88018bc576e98325 1f4e20c760c2482499233194ca428a2d - - default default] Successfully bumped revision number for resource d7ae4089-20cf-434b-8e61-113924e7ec62 (type: security_group_rules) to 0 [pid: 8|app: 0|req: 1173/2455] 10.0.0.85 () {32 vars in 773 bytes} [Tue Apr 14 07:06:01 2026] GET /v2.0/security-groups?tenant_id=8477b352f21640199ad439cda6bb0a7c&name=default => generated 2929 bytes in 277 msecs (HTTP/1.1 200) 4 headers in 158 bytes (1 switches on core 0) [pid: 8|app: 0|req: 1174/2456] 10.0.0.85 () {32 vars in 739 bytes} [Tue Apr 14 07:06:01 2026] DELETE /v2.0/security-groups/f4a1075d-1fb6-4e25-82ef-dc118ea380d1 => generated 0 bytes in 211 msecs (HTTP/1.1 204) 2 headers in 112 bytes (1 switches on core 0)
2026-04-14 07:06:01.976 7 INFO neutron.db.ovn_revision_numbers_db [None req-9f744ae4-4ff3-4e38-807f-0e00f781112e 52246e9935ae492da7d4da39d752e75a bc20f98c04944743adf212b059e10acc - - default default] Successfully bumped revision number for resource 93b0bae9-278b-4863-b5ab-15b2dbcee3bb (type: routers) to 5 [pid: 7|app: 0|req: 1283/2457] 10.0.0.85 () {34 vars in 741 bytes} [Tue Apr 14 07:06:01 2026] PUT /v2.0/routers/93b0bae9-278b-4863-b5ab-15b2dbcee3bb => generated 942 bytes in 641 msecs (HTTP/1.1 200) 4 headers in 157 bytes (1 switches on core 0)
2026-04-14 07:06:02.003 8 INFO neutron.db.ovn_revision_numbers_db [None req-ce7469ab-58d8-4f54-9106-8816d69b45ec 9c58e3aaa8bc4c3f88018bc576e98325 1f4e20c760c2482499233194ca428a2d - - default default] Successfully bumped revision number for resource 9ba5a9e3-f808-4a0b-a81a-b5a151501830 (type: security_groups) to 1
2026-04-14 07:06:02.015 8 INFO neutron.db.ovn_revision_numbers_db [None req-ce7469ab-58d8-4f54-9106-8816d69b45ec 9c58e3aaa8bc4c3f88018bc576e98325 1f4e20c760c2482499233194ca428a2d - - default default] Successfully bumped revision number for resource 51e24578-e871-4873-9052-eeaa7d9ad757 (type: security_group_rules) to 0
2026-04-14 07:06:02.026 8 INFO neutron.db.ovn_revision_numbers_db [None req-ce7469ab-58d8-4f54-9106-8816d69b45ec 9c58e3aaa8bc4c3f88018bc576e98325 1f4e20c760c2482499233194ca428a2d - - default default] Successfully bumped revision number for resource 6f7ef57b-aee8-4da6-90f0-baf9a0460640 (type: security_group_rules) to 0
2026-04-14 07:06:02.041 8 INFO neutron.db.ovn_revision_numbers_db [None req-ce7469ab-58d8-4f54-9106-8816d69b45ec 9c58e3aaa8bc4c3f88018bc576e98325 1f4e20c760c2482499233194ca428a2d - - default default] Successfully bumped revision number for resource 7e3f89d1-e17d-4368-a76f-5848d8e2d362 (type: security_group_rules) to 0
2026-04-14 07:06:02.052 8 INFO neutron.db.ovn_revision_numbers_db [None req-ce7469ab-58d8-4f54-9106-8816d69b45ec 9c58e3aaa8bc4c3f88018bc576e98325 1f4e20c760c2482499233194ca428a2d - - default default] Successfully bumped revision number for resource a25b9005-92d8-44d3-b8d6-c648c2bfd71a (type: security_group_rules) to 0 [pid: 7|app: 0|req: 1284/2458] 10.0.0.85 () {32 vars in 735 bytes} [Tue Apr 14 07:06:01 2026] GET /v2.0/ports?device_id=93b0bae9-278b-4863-b5ab-15b2dbcee3bb => generated 950 bytes in 74 msecs (HTTP/1.1 200) 4 headers in 157 bytes (1 switches on core 0) [pid: 7|app: 0|req: 1285/2459] 10.0.0.72 () {34 vars in 989 bytes} [Tue Apr 14 07:06:02 2026] GET /v2.0/ports?device_id=747b4a9e-493a-4bad-ba89-75a0dfdd2f26 => generated 12 bytes in 19 msecs (HTTP/1.1 200) 4 headers in 156 bytes (1 switches on core 0) [pid: 8|app: 0|req: 1175/2460] 10.0.0.85 () {32 vars in 773 bytes} [Tue Apr 14 07:06:01 2026] GET /v2.0/security-groups?tenant_id=2c482e3f5fb0403e90a580347437966a&name=default => generated 2929 bytes in 223 msecs (HTTP/1.1 200) 4 headers in 158 bytes (1 switches on core 0) [pid: 8|app: 0|req: 1176/2461] 10.0.0.85 () {32 vars in 739 bytes} [Tue Apr 14 07:06:02 2026] DELETE /v2.0/security-groups/9ba5a9e3-f808-4a0b-a81a-b5a151501830 => generated 0 bytes in 229 msecs (HTTP/1.1 204) 2 headers in 112 bytes (1 switches on core 0)
2026-04-14 07:06:02.377 7 INFO neutron_taas.services.taas.taas_plugin [None req-8aedbfc0-f8ab-4caa-aa04-cf271b313cd3 52246e9935ae492da7d4da39d752e75a bc20f98c04944743adf212b059e10acc - - default default] TaaS: Handle Delete Port: 5107ed2e-f687-49ff-a518-19dbd2e2eec3
2026-04-14 07:06:02.382 7 INFO neutron_taas.services.taas.tap_mirror_plugin [None req-8aedbfc0-f8ab-4caa-aa04-cf271b313cd3 52246e9935ae492da7d4da39d752e75a bc20f98c04944743adf212b059e10acc - - default default] Tap Mirror: Handle Delete Port: 5107ed2e-f687-49ff-a518-19dbd2e2eec3 [pid: 7|app: 0|req: 1286/2462] 10.0.0.85 () {34 vars in 788 bytes} [Tue Apr 14 07:06:02 2026] PUT /v2.0/routers/93b0bae9-278b-4863-b5ab-15b2dbcee3bb/remove_router_interface => generated 309 bytes in 806 msecs (HTTP/1.1 200) 4 headers in 157 bytes (1 switches on core 0) /var/lib/openstack/lib/python3.12/site-packages/pycadf/identifier.py:70: UserWarning: Invalid uuid: neutron. To ensure interoperability, identifiers should be a valid uuid. warnings.warn(('Invalid uuid: %s. To ensure interoperability, '
2026-04-14 07:06:03.239 8 INFO neutron_taas.services.taas.taas_plugin [None req-979e6ed9-b5f6-4bf8-93b7-47b232c05bc4 52246e9935ae492da7d4da39d752e75a bc20f98c04944743adf212b059e10acc - - default default] TaaS: Handle Delete Port: bdb7828e-d36b-492f-9416-cb58f8338954
2026-04-14 07:06:03.242 8 INFO neutron_taas.services.taas.tap_mirror_plugin [None req-979e6ed9-b5f6-4bf8-93b7-47b232c05bc4 52246e9935ae492da7d4da39d752e75a bc20f98c04944743adf212b059e10acc - - default default] Tap Mirror: Handle Delete Port: bdb7828e-d36b-492f-9416-cb58f8338954 [pid: 7|app: 0|req: 1287/2463] 10.0.0.85 () {32 vars in 739 bytes} [Tue Apr 14 07:06:03 2026] DELETE /v2.0/security-groups/f602d6ac-e618-45c7-a538-261c349d78bd => generated 0 bytes in 205 msecs (HTTP/1.1 204) 2 headers in 112 bytes (1 switches on core 0) [pid: 8|app: 0|req: 1177/2464] 10.0.0.85 () {32 vars in 723 bytes} [Tue Apr 14 07:06:02 2026] DELETE /v2.0/routers/93b0bae9-278b-4863-b5ab-15b2dbcee3bb => generated 0 bytes in 733 msecs (HTTP/1.1 204) 2 headers in 112 bytes (1 switches on core 0)
2026-04-14 07:06:03.647 8 INFO neutron.api.v2.resource [None req-e1ce4f2a-5347-4d5c-a598-3f7e73561dc0 52246e9935ae492da7d4da39d752e75a bc20f98c04944743adf212b059e10acc - - default default] show failed (client error): The resource could not be found. [pid: 8|app: 0|req: 1178/2465] 10.0.0.85 () {32 vars in 720 bytes} [Tue Apr 14 07:06:03 2026] GET /v2.0/routers/f573af00-5664-4b33-9915-c6bf550f3d88 => generated 135 bytes in 16 msecs (HTTP/1.1 404) 4 headers in 164 bytes (1 switches on core 0)
2026-04-14 07:06:03.689 7 INFO neutron_taas.services.taas.taas_plugin [None req-af98fa15-aeba-4622-9834-4b79c3099030 1394bd274dc141e992ed74beaf59c449 846f7f40cf7d41f98554e34a1b93db2a - - default default] TaaS: Handle Delete Port: 4e338994-30aa-4a96-832b-e8e6577a5873
2026-04-14 07:06:03.693 7 INFO neutron_taas.services.taas.tap_mirror_plugin [None req-af98fa15-aeba-4622-9834-4b79c3099030 1394bd274dc141e992ed74beaf59c449 846f7f40cf7d41f98554e34a1b93db2a - - default default] Tap Mirror: Handle Delete Port: 4e338994-30aa-4a96-832b-e8e6577a5873 [pid: 8|app: 0|req: 1179/2466] 10.0.0.85 () {32 vars in 723 bytes} [Tue Apr 14 07:06:03 2026] DELETE /v2.0/subnets/0f75a125-8c69-4317-98e1-b7fd3726c382 => generated 0 bytes in 215 msecs (HTTP/1.1 204) 3 headers in 131 bytes (1 switches on core 0) [pid: 8|app: 0|req: 1180/2467] 10.0.0.85 () {32 vars in 723 bytes} [Tue Apr 14 07:06:03 2026] DELETE /v2.0/subnets/ea4a0167-14ca-43e9-93c2-6e72dd815230 => generated 0 bytes in 175 msecs (HTTP/1.1 204) 3 headers in 131 bytes (1 switches on core 0) [pid: 8|app: 0|req: 1181/2468] 10.0.0.85 () {32 vars in 723 bytes} [Tue Apr 14 07:06:04 2026] DELETE /v2.0/subnets/9242d354-79a7-4056-be3a-5038bdc68d7a => generated 0 bytes in 177 msecs (HTTP/1.1 204) 3 headers in 131 bytes (1 switches on core 0) [pid: 7|app: 0|req: 1288/2469] 10.0.0.85 () {34 vars in 788 bytes} [Tue Apr 14 07:06:03 2026] PUT /v2.0/routers/9568c472-8b2a-4616-b1dc-c1d3e9a5675c/remove_router_interface => generated 309 bytes in 869 msecs (HTTP/1.1 200) 4 headers in 157 bytes (1 switches on core 0)
2026-04-14 07:06:04.255 8 INFO neutron.pecan_wsgi.hooks.translation [None req-57a3fa61-cde4-4fa6-9788-0ce0af043afe 52246e9935ae492da7d4da39d752e75a bc20f98c04944743adf212b059e10acc - - default default] DELETE failed (client error): The resource could not be found. /var/lib/openstack/lib/python3.12/site-packages/pycadf/identifier.py:70: UserWarning: Invalid uuid: neutron. To ensure interoperability, identifiers should be a valid uuid. warnings.warn(('Invalid uuid: %s. To ensure interoperability, ' [pid: 8|app: 0|req: 1182/2470] 10.0.0.85 () {32 vars in 723 bytes} [Tue Apr 14 07:06:04 2026] DELETE /v2.0/subnets/33213e4d-f0f5-479c-9157-b114c1ac5122 => generated 136 bytes in 24 msecs (HTTP/1.1 404) 4 headers in 164 bytes (1 switches on core 0)
2026-04-14 07:06:04.388 8 INFO neutron_taas.services.taas.taas_plugin [None req-18ade695-bbb8-4a29-b683-6491dd47c288 52246e9935ae492da7d4da39d752e75a bc20f98c04944743adf212b059e10acc - - default default] TaaS: Handle Delete Port: 7d5255d6-ea41-4b3d-8fe9-dbfe34d1d44e
2026-04-14 07:06:04.393 8 INFO neutron_taas.services.taas.tap_mirror_plugin [None req-18ade695-bbb8-4a29-b683-6491dd47c288 52246e9935ae492da7d4da39d752e75a bc20f98c04944743adf212b059e10acc - - default default] Tap Mirror: Handle Delete Port: 7d5255d6-ea41-4b3d-8fe9-dbfe34d1d44e [pid: 7|app: 0|req: 1289/2471] 10.0.0.85 () {32 vars in 723 bytes} [Tue Apr 14 07:06:04 2026] DELETE /v2.0/subnets/682ae28e-e8af-45e3-8061-c38a5e1acbfc => generated 0 bytes in 175 msecs (HTTP/1.1 204) 3 headers in 131 bytes (1 switches on core 0)
2026-04-14 07:06:04.584 8 INFO neutron.services.segments.plugin [-] Segment bc5a468b-afb5-42a2-9b18-38118552fbcd resource provider aggregate not found
2026-04-14 07:06:04.590 8 INFO neutron.services.segments.plugin [-] Segment bc5a468b-afb5-42a2-9b18-38118552fbcd resource provider aggregate not found
2026-04-14 07:06:04.610 8 INFO neutron.services.segments.plugin [-] Segment bc5a468b-afb5-42a2-9b18-38118552fbcd resource provider not found; error: Placement Client Error (4xx): {"errors": [{"status": 404, "title": "Not Found", "detail": "The resource could not be found.\n\n No resource provider with uuid bc5a468b-afb5-42a2-9b18-38118552fbcd found for delete ", "request_id": "req-42aa0e46-6e27-462a-a3a5-cae5ed603a90"}]}
2026-04-14 07:06:04.627 8 INFO neutron.services.segments.plugin [-] Segment bc5a468b-afb5-42a2-9b18-38118552fbcd resource provider not found; error: Placement Client Error (4xx): {"errors": [{"status": 404, "title": "Not Found", "detail": "The resource could not be found.\n\n No resource provider with uuid bc5a468b-afb5-42a2-9b18-38118552fbcd found for delete ", "request_id": "req-095d12e5-8798-49a8-9a65-cccd83d5a703"}]} [pid: 8|app: 0|req: 1183/2472] 10.0.0.85 () {32 vars in 725 bytes} [Tue Apr 14 07:06:04 2026] DELETE /v2.0/networks/644a686f-5c8e-415e-9c58-d69186a7dc9f => generated 0 bytes in 385 msecs (HTTP/1.1 204) 3 headers in 131 bytes (1 switches on core 0)
2026-04-14 07:06:04.761 8 INFO neutron_taas.services.taas.taas_plugin [None req-de21ab88-e61c-453f-aaa5-d252247bc5cb 52246e9935ae492da7d4da39d752e75a bc20f98c04944743adf212b059e10acc - - default default] TaaS: Handle Delete Port: 6ac1362a-1a54-4286-bc50-3381b41fe53f
2026-04-14 07:06:04.764 8 INFO neutron_taas.services.taas.tap_mirror_plugin [None req-de21ab88-e61c-453f-aaa5-d252247bc5cb 52246e9935ae492da7d4da39d752e75a bc20f98c04944743adf212b059e10acc - - default default] Tap Mirror: Handle Delete Port: 6ac1362a-1a54-4286-bc50-3381b41fe53f
2026-04-14 07:06:04.784 7 INFO neutron_taas.services.taas.taas_plugin [None req-c1aed8ab-dc17-424f-b28b-2b3d9dcad8a6 1394bd274dc141e992ed74beaf59c449 846f7f40cf7d41f98554e34a1b93db2a - - default default] TaaS: Handle Delete Port: 537df303-cda7-446f-8617-d264ebdd7919
2026-04-14 07:06:04.788 7 INFO neutron_taas.services.taas.tap_mirror_plugin [None req-c1aed8ab-dc17-424f-b28b-2b3d9dcad8a6 1394bd274dc141e992ed74beaf59c449 846f7f40cf7d41f98554e34a1b93db2a - - default default] Tap Mirror: Handle Delete Port: 537df303-cda7-446f-8617-d264ebdd7919 [pid: 8|app: 0|req: 1184/2473] 10.0.0.85 () {32 vars in 725 bytes} [Tue Apr 14 07:06:04 2026] DELETE /v2.0/networks/07c65e64-a193-4316-b66f-5d77a84386d1 => generated 0 bytes in 303 msecs (HTTP/1.1 204) 3 headers in 131 bytes (1 switches on core 0)
2026-04-14 07:06:05.098 8 INFO neutron_taas.services.taas.taas_plugin [None req-bf3acda5-50ef-4820-b89d-b89e228cd29c 52246e9935ae492da7d4da39d752e75a bc20f98c04944743adf212b059e10acc - - default default] TaaS: Handle Delete Port: 3b3530c2-b7d3-4a55-bf5f-9764012346dd
2026-04-14 07:06:05.101 8 INFO neutron_taas.services.taas.tap_mirror_plugin [None req-bf3acda5-50ef-4820-b89d-b89e228cd29c 52246e9935ae492da7d4da39d752e75a bc20f98c04944743adf212b059e10acc - - default default] Tap Mirror: Handle Delete Port: 3b3530c2-b7d3-4a55-bf5f-9764012346dd [pid: 7|app: 0|req: 1290/2474] 10.0.0.85 () {32 vars in 723 bytes} [Tue Apr 14 07:06:04 2026] DELETE /v2.0/routers/9568c472-8b2a-4616-b1dc-c1d3e9a5675c => generated 0 bytes in 769 msecs (HTTP/1.1 204) 2 headers in 112 bytes (1 switches on core 0) [pid: 8|app: 0|req: 1185/2475] 10.0.0.85 () {32 vars in 725 bytes} [Tue Apr 14 07:06:04 2026] DELETE /v2.0/networks/1099f07a-46aa-4cf5-8083-0760d97845b3 => generated 0 bytes in 368 msecs (HTTP/1.1 204) 3 headers in 131 bytes (1 switches on core 0)
2026-04-14 07:06:05.348 8 INFO neutron.pecan_wsgi.hooks.translation [None req-6694dd00-9bf4-415d-9a48-b71030489239 52246e9935ae492da7d4da39d752e75a bc20f98c04944743adf212b059e10acc - - default default] DELETE failed (client error): The resource could not be found. [pid: 8|app: 0|req: 1186/2476] 10.0.0.85 () {32 vars in 725 bytes} [Tue Apr 14 07:06:05 2026] DELETE /v2.0/networks/f08f17f1-cb7d-4786-ae33-3eaecd3bf752 => generated 138 bytes in 11 msecs (HTTP/1.1 404) 4 headers in 164 bytes (1 switches on core 0)
2026-04-14 07:06:05.366 7 INFO neutron_taas.services.taas.taas_plugin [None req-6678ae38-5e5f-43cf-9eb4-ace6b6d9ab02 1394bd274dc141e992ed74beaf59c449 846f7f40cf7d41f98554e34a1b93db2a - - default default] TaaS: Handle Delete Port: 29ec564e-4763-430d-905c-168611ba1853
2026-04-14 07:06:05.369 7 INFO neutron_taas.services.taas.tap_mirror_plugin [None req-6678ae38-5e5f-43cf-9eb4-ace6b6d9ab02 1394bd274dc141e992ed74beaf59c449 846f7f40cf7d41f98554e34a1b93db2a - - default default] Tap Mirror: Handle Delete Port: 29ec564e-4763-430d-905c-168611ba1853
2026-04-14 07:06:05.559 7 INFO neutron.services.segments.plugin [-] Segment 9a745b9d-d9c5-4727-ab8d-c79bfc6bc537 resource provider aggregate not found
2026-04-14 07:06:05.563 7 INFO neutron.services.segments.plugin [-] Segment 9a745b9d-d9c5-4727-ab8d-c79bfc6bc537 resource provider aggregate not found
2026-04-14 07:06:05.578 7 INFO neutron.services.segments.plugin [-] Segment 9a745b9d-d9c5-4727-ab8d-c79bfc6bc537 resource provider not found; error: Placement Client Error (4xx): {"errors": [{"status": 404, "title": "Not Found", "detail": "The resource could not be found.\n\n No resource provider with uuid 9a745b9d-d9c5-4727-ab8d-c79bfc6bc537 found for delete ", "request_id": "req-4a881de4-9caa-4673-a969-e0770ff2af9d"}]}
2026-04-14 07:06:05.584 7 INFO neutron.services.segments.plugin [-] Segment 9a745b9d-d9c5-4727-ab8d-c79bfc6bc537 resource provider not found; error: Placement Client Error (4xx): {"errors": [{"status": 404, "title": "Not Found", "detail": "The resource could not be found.\n\n No resource provider with uuid 9a745b9d-d9c5-4727-ab8d-c79bfc6bc537 found for delete ", "request_id": "req-a97c31e3-2260-4ffc-8de2-210ebe074552"}]} [pid: 7|app: 0|req: 1291/2477] 10.0.0.85 () {32 vars in 725 bytes} [Tue Apr 14 07:06:05 2026] DELETE /v2.0/networks/f5cb81dd-00d7-467e-aa5b-7aad0d3bf544 => generated 0 bytes in 397 msecs (HTTP/1.1 204) 3 headers in 131 bytes (1 switches on core 0)
2026-04-14 07:06:06.197 8 INFO neutron.db.ovn_revision_numbers_db [None req-d5b701ff-6fcd-4481-9689-4811ad0ad5d9 9c58e3aaa8bc4c3f88018bc576e98325 1f4e20c760c2482499233194ca428a2d - - default default] Successfully bumped revision number for resource d8d364c1-0986-4327-8e18-5c4d648f4d0f (type: security_groups) to 1
2026-04-14 07:06:06.218 8 INFO neutron.db.ovn_revision_numbers_db [None req-d5b701ff-6fcd-4481-9689-4811ad0ad5d9 9c58e3aaa8bc4c3f88018bc576e98325 1f4e20c760c2482499233194ca428a2d - - default default] Successfully bumped revision number for resource 5fa90cef-a88b-433f-ad6c-aa52198ec166 (type: security_group_rules) to 0
2026-04-14 07:06:06.228 8 INFO neutron.db.ovn_revision_numbers_db [None req-d5b701ff-6fcd-4481-9689-4811ad0ad5d9 9c58e3aaa8bc4c3f88018bc576e98325 1f4e20c760c2482499233194ca428a2d - - default default] Successfully bumped revision number for resource 7520e511-3968-4415-80f6-d017b0094387 (type: security_group_rules) to 0
2026-04-14 07:06:06.242 8 INFO neutron.db.ovn_revision_numbers_db [None req-d5b701ff-6fcd-4481-9689-4811ad0ad5d9 9c58e3aaa8bc4c3f88018bc576e98325 1f4e20c760c2482499233194ca428a2d - - default default] Successfully bumped revision number for resource 963eb316-584a-45ed-9875-5943e8ef1d3a (type: security_group_rules) to 0
2026-04-14 07:06:06.255 8 INFO neutron.db.ovn_revision_numbers_db [None req-d5b701ff-6fcd-4481-9689-4811ad0ad5d9 9c58e3aaa8bc4c3f88018bc576e98325 1f4e20c760c2482499233194ca428a2d - - default default] Successfully bumped revision number for resource a52f9030-1df3-45ea-926a-35b3afd0bf3d (type: security_group_rules) to 0 [pid: 8|app: 0|req: 1187/2478] 10.0.0.85 () {32 vars in 773 bytes} [Tue Apr 14 07:06:05 2026] GET /v2.0/security-groups?tenant_id=cda1b1a39fe446389f1c63cf0489af37&name=default => generated 2929 bytes in 418 msecs (HTTP/1.1 200) 4 headers in 158 bytes (1 switches on core 0)
2026-04-14 07:06:06.490 7 INFO neutron.db.ovn_revision_numbers_db [None req-44adc96a-5af9-4da3-951c-4032fcfcf881 9c58e3aaa8bc4c3f88018bc576e98325 1f4e20c760c2482499233194ca428a2d - - default default] Successfully bumped revision number for resource 229eede4-e524-471e-ac7b-a3c0efad1d1c (type: security_groups) to 1
2026-04-14 07:06:06.502 7 INFO neutron.db.ovn_revision_numbers_db [None req-44adc96a-5af9-4da3-951c-4032fcfcf881 9c58e3aaa8bc4c3f88018bc576e98325 1f4e20c760c2482499233194ca428a2d - - default default] Successfully bumped revision number for resource 1766fbb5-c30c-493c-b6cb-fbf6975cb5c6 (type: security_group_rules) to 0
2026-04-14 07:06:06.514 7 INFO neutron.db.ovn_revision_numbers_db [None req-44adc96a-5af9-4da3-951c-4032fcfcf881 9c58e3aaa8bc4c3f88018bc576e98325 1f4e20c760c2482499233194ca428a2d - - default default] Successfully bumped revision number for resource 2407ee6e-c85f-40c5-82b9-43b3b2e8ed5f (type: security_group_rules) to 0
2026-04-14 07:06:06.528 7 INFO neutron.db.ovn_revision_numbers_db [None req-44adc96a-5af9-4da3-951c-4032fcfcf881 9c58e3aaa8bc4c3f88018bc576e98325 1f4e20c760c2482499233194ca428a2d - - default default] Successfully bumped revision number for resource 58a9dcf8-83d8-4f83-bd73-1b384f1c1cdd (type: security_group_rules) to 0
2026-04-14 07:06:06.539 7 INFO neutron.db.ovn_revision_numbers_db [None req-44adc96a-5af9-4da3-951c-4032fcfcf881 9c58e3aaa8bc4c3f88018bc576e98325 1f4e20c760c2482499233194ca428a2d - - default default] Successfully bumped revision number for resource 6fdb1db8-1eb4-4adc-ab23-1a21499114be (type: security_group_rules) to 0 [pid: 8|app: 0|req: 1188/2479] 10.0.0.85 () {32 vars in 739 bytes} [Tue Apr 14 07:06:06 2026] DELETE /v2.0/security-groups/d8d364c1-0986-4327-8e18-5c4d648f4d0f => generated 0 bytes in 266 msecs (HTTP/1.1 204) 2 headers in 112 bytes (1 switches on core 0) [pid: 7|app: 0|req: 1292/2480] 10.0.0.85 () {32 vars in 773 bytes} [Tue Apr 14 07:06:06 2026] GET /v2.0/security-groups?tenant_id=3d1cb40ea046487d89d25c83c3490b68&name=default => generated 2929 bytes in 305 msecs (HTTP/1.1 200) 4 headers in 158 bytes (1 switches on core 0)
2026-04-14 07:06:06.633 8 INFO neutron.services.segments.plugin [-] Segment 4e896c9b-95c4-4d73-8c2f-d894cb454c96 resource provider aggregate not found
2026-04-14 07:06:06.651 8 INFO neutron.services.segments.plugin [-] Segment 4e896c9b-95c4-4d73-8c2f-d894cb454c96 resource provider aggregate not found
2026-04-14 07:06:06.656 8 INFO neutron.services.segments.plugin [-] Segment 4e896c9b-95c4-4d73-8c2f-d894cb454c96 resource provider not found; error: Placement Client Error (4xx): {"errors": [{"status": 404, "title": "Not Found", "detail": "The resource could not be found.\n\n No resource provider with uuid 4e896c9b-95c4-4d73-8c2f-d894cb454c96 found for delete ", "request_id": "req-62fc4e09-ea76-460a-9cf3-eff347cf635f"}]}
2026-04-14 07:06:06.669 8 INFO neutron.services.segments.plugin [-] Segment 4e896c9b-95c4-4d73-8c2f-d894cb454c96 resource provider not found; error: Placement Client Error (4xx): {"errors": [{"status": 404, "title": "Not Found", "detail": "The resource could not be found.\n\n No resource provider with uuid 4e896c9b-95c4-4d73-8c2f-d894cb454c96 found for delete ", "request_id": "req-e089d6d3-d5c3-458f-b988-da556a14ab5f"}]}
2026-04-14 07:06:06.677 8 INFO neutron.services.segments.plugin [-] Segment eecf6524-0595-4241-b1e7-21f9667df8b2 resource provider aggregate not found [pid: 7|app: 0|req: 1293/2481] 10.0.0.85 () {32 vars in 773 bytes} [Tue Apr 14 07:06:06 2026] GET /v2.0/security-groups?tenant_id=bc20f98c04944743adf212b059e10acc&name=default => generated 2925 bytes in 37 msecs (HTTP/1.1 200) 4 headers in 158 bytes (1 switches on core 0)
2026-04-14 07:06:06.691 8 INFO neutron.services.segments.plugin [-] Segment eecf6524-0595-4241-b1e7-21f9667df8b2 resource provider aggregate not found
2026-04-14 07:06:06.697 8 INFO neutron.services.segments.plugin [-] Segment eecf6524-0595-4241-b1e7-21f9667df8b2 resource provider not found; error: Placement Client Error (4xx): {"errors": [{"status": 404, "title": "Not Found", "detail": "The resource could not be found.\n\n No resource provider with uuid eecf6524-0595-4241-b1e7-21f9667df8b2 found for delete ", "request_id": "req-ee80e938-5bc1-4edc-86e9-0f2782167ded"}]}
2026-04-14 07:06:06.710 8 INFO neutron.services.segments.plugin [-] Segment eecf6524-0595-4241-b1e7-21f9667df8b2 resource provider not found; error: Placement Client Error (4xx): {"errors": [{"status": 404, "title": "Not Found", "detail": "The resource could not be found.\n\n No resource provider with uuid eecf6524-0595-4241-b1e7-21f9667df8b2 found for delete ", "request_id": "req-4598bca1-a916-42a8-9979-ab969c826802"}]} [pid: 8|app: 0|req: 1189/2482] 10.0.0.85 () {32 vars in 739 bytes} [Tue Apr 14 07:06:06 2026] DELETE /v2.0/security-groups/229eede4-e524-471e-ac7b-a3c0efad1d1c => generated 0 bytes in 292 msecs (HTTP/1.1 204) 2 headers in 112 bytes (1 switches on core 0) [pid: 7|app: 0|req: 1294/2483] 10.0.0.85 () {32 vars in 739 bytes} [Tue Apr 14 07:06:06 2026] DELETE /v2.0/security-groups/785abbe3-bf4d-475e-aa64-8d8028a7f527 => generated 0 bytes in 256 msecs (HTTP/1.1 204) 2 headers in 112 bytes (1 switches on core 0) [pid: 8|app: 0|req: 1190/2484] 10.0.0.85 () {32 vars in 773 bytes} [Tue Apr 14 07:06:07 2026] GET /v2.0/security-groups?tenant_id=846f7f40cf7d41f98554e34a1b93db2a&name=default => generated 2925 bytes in 26 msecs (HTTP/1.1 200) 4 headers in 158 bytes (1 switches on core 0) [pid: 7|app: 0|req: 1295/2485] 10.0.0.85 () {32 vars in 739 bytes} [Tue Apr 14 07:06:07 2026] DELETE /v2.0/security-groups/afa95859-4f11-4972-90a5-cfce1b4baa85 => generated 0 bytes in 225 msecs (HTTP/1.1 204) 2 headers in 112 bytes (1 switches on core 0)
2026-04-14 07:06:11.375 8 INFO neutron.db.ovn_revision_numbers_db [None req-14985555-0a8b-4d2d-a60d-574d70b14a54 ff48f1a299e74eeaba512c1ef14dce22 9c7ee20f952b45e39bf476d241d17ebc - - default default] Successfully bumped revision number for resource 5b1bc79a-f156-433e-872a-d470d428f00b (type: security_groups) to 1
2026-04-14 07:06:11.406 8 INFO neutron.db.ovn_revision_numbers_db [None req-14985555-0a8b-4d2d-a60d-574d70b14a54 ff48f1a299e74eeaba512c1ef14dce22 9c7ee20f952b45e39bf476d241d17ebc - - default default] Successfully bumped revision number for resource 4d6f06dc-77b5-42a5-b475-73b818ce1ea2 (type: security_group_rules) to 0
2026-04-14 07:06:11.420 8 INFO neutron.db.ovn_revision_numbers_db [None req-14985555-0a8b-4d2d-a60d-574d70b14a54 ff48f1a299e74eeaba512c1ef14dce22 9c7ee20f952b45e39bf476d241d17ebc - - default default] Successfully bumped revision number for resource 97c453f3-de8d-4d52-a356-8e7032caeb49 (type: security_group_rules) to 0
2026-04-14 07:06:11.429 7 INFO neutron.db.ovn_revision_numbers_db [None req-1e3f0ceb-d823-4a05-abd3-a1cc27522d53 0a01e00875c44f40a34ec883c506bdaf 16a05bed96114649bd79b45f2a29634a - - default default] Successfully bumped revision number for resource 9fd3e0f4-d604-468b-b9d3-a336ce211e7c (type: security_groups) to 1
2026-04-14 07:06:11.437 8 INFO neutron.db.ovn_revision_numbers_db [None req-14985555-0a8b-4d2d-a60d-574d70b14a54 ff48f1a299e74eeaba512c1ef14dce22 9c7ee20f952b45e39bf476d241d17ebc - - default default] Successfully bumped revision number for resource e97be755-6ea3-49e2-a250-a74f0d668515 (type: security_group_rules) to 0
2026-04-14 07:06:11.443 7 INFO neutron.db.ovn_revision_numbers_db [None req-1e3f0ceb-d823-4a05-abd3-a1cc27522d53 0a01e00875c44f40a34ec883c506bdaf 16a05bed96114649bd79b45f2a29634a - - default default] Successfully bumped revision number for resource 0970b738-3660-479d-8449-e6480c572473 (type: security_group_rules) to 0
2026-04-14 07:06:11.449 8 INFO neutron.db.ovn_revision_numbers_db [None req-14985555-0a8b-4d2d-a60d-574d70b14a54 ff48f1a299e74eeaba512c1ef14dce22 9c7ee20f952b45e39bf476d241d17ebc - - default default] Successfully bumped revision number for resource f28f143e-f203-42fe-b011-b7cce71b5ea4 (type: security_group_rules) to 0
2026-04-14 07:06:11.456 7 INFO neutron.db.ovn_revision_numbers_db [None req-1e3f0ceb-d823-4a05-abd3-a1cc27522d53 0a01e00875c44f40a34ec883c506bdaf 16a05bed96114649bd79b45f2a29634a - - default default] Successfully bumped revision number for resource 978b3bc2-4605-4d94-9bf5-2e84794e166a (type: security_group_rules) to 0
2026-04-14 07:06:11.469 7 INFO neutron.db.ovn_revision_numbers_db [None req-1e3f0ceb-d823-4a05-abd3-a1cc27522d53 0a01e00875c44f40a34ec883c506bdaf 16a05bed96114649bd79b45f2a29634a - - default default] Successfully bumped revision number for resource af8b8289-8fc7-4fc1-a1ae-026c0340e08b (type: security_group_rules) to 0
2026-04-14 07:06:11.485 7 INFO neutron.db.ovn_revision_numbers_db [None req-1e3f0ceb-d823-4a05-abd3-a1cc27522d53 0a01e00875c44f40a34ec883c506bdaf 16a05bed96114649bd79b45f2a29634a - - default default] Successfully bumped revision number for resource d4b241e5-f429-47dc-8262-e55270762253 (type: security_group_rules) to 0
2026-04-14 07:06:11.536 8 INFO neutron.db.segments_db [None req-14985555-0a8b-4d2d-a60d-574d70b14a54 ff48f1a299e74eeaba512c1ef14dce22 9c7ee20f952b45e39bf476d241d17ebc - - default default] Added segment 4707ebe7-301f-4ed3-9c1a-13cffdf31039 of type geneve for network a96cfbac-cad8-4b97-9600-ca716690758a
2026-04-14 07:06:11.566 7 INFO neutron.db.segments_db [None req-1e3f0ceb-d823-4a05-abd3-a1cc27522d53 0a01e00875c44f40a34ec883c506bdaf 16a05bed96114649bd79b45f2a29634a - - default default] Added segment 0f3d59de-97ce-4af1-8a2c-4e74228b4750 of type geneve for network 1a6203f5-b07e-4222-b077-93295d71b471
2026-04-14 07:06:11.664 8 INFO neutron.db.ovn_revision_numbers_db [None req-14985555-0a8b-4d2d-a60d-574d70b14a54 ff48f1a299e74eeaba512c1ef14dce22 9c7ee20f952b45e39bf476d241d17ebc - - default default] Successfully bumped revision number for resource a96cfbac-cad8-4b97-9600-ca716690758a (type: networks) to 1
2026-04-14 07:06:11.703 7 INFO neutron.db.ovn_revision_numbers_db [None req-1e3f0ceb-d823-4a05-abd3-a1cc27522d53 0a01e00875c44f40a34ec883c506bdaf 16a05bed96114649bd79b45f2a29634a - - default default] Successfully bumped revision number for resource 1a6203f5-b07e-4222-b077-93295d71b471 (type: networks) to 1
2026-04-14 07:06:11.857 7 WARNING neutron.scheduler.dhcp_agent_scheduler [None req-1e3f0ceb-d823-4a05-abd3-a1cc27522d53 0a01e00875c44f40a34ec883c506bdaf 16a05bed96114649bd79b45f2a29634a - - default default] No more DHCP agents
2026-04-14 07:06:11.858 7 WARNING neutron.api.rpc.agentnotifiers.dhcp_rpc_agent_api [None req-1e3f0ceb-d823-4a05-abd3-a1cc27522d53 0a01e00875c44f40a34ec883c506bdaf 16a05bed96114649bd79b45f2a29634a - - default default] Unable to schedule network 1a6203f5-b07e-4222-b077-93295d71b471: no agents available; will retry on subsequent port and subnet creation events.
2026-04-14 07:06:11.869 8 WARNING neutron.scheduler.dhcp_agent_scheduler [None req-14985555-0a8b-4d2d-a60d-574d70b14a54 ff48f1a299e74eeaba512c1ef14dce22 9c7ee20f952b45e39bf476d241d17ebc - - default default] No more DHCP agents
2026-04-14 07:06:11.871 8 WARNING neutron.api.rpc.agentnotifiers.dhcp_rpc_agent_api [None req-14985555-0a8b-4d2d-a60d-574d70b14a54 ff48f1a299e74eeaba512c1ef14dce22 9c7ee20f952b45e39bf476d241d17ebc - - default default] Unable to schedule network a96cfbac-cad8-4b97-9600-ca716690758a: no agents available; will retry on subsequent port and subnet creation events.
2026-04-14 07:06:11.922 7 INFO neutron.db.ovn_revision_numbers_db [None req-1e3f0ceb-d823-4a05-abd3-a1cc27522d53 0a01e00875c44f40a34ec883c506bdaf 16a05bed96114649bd79b45f2a29634a - - default default] Successfully bumped revision number for resource 2d34209d-583b-45fd-9cc9-51a24b80ee55 (type: ports) to 1
2026-04-14 07:06:11.924 8 INFO neutron.plugins.ml2.drivers.ovn.mech_driver.mech_driver [None req-d94a9933-b4f4-48a5-b99f-53ab71b48a9e - - - - - -] OVN reports status down for port: 2d34209d-583b-45fd-9cc9-51a24b80ee55 [pid: 7|app: 0|req: 1296/2486] 10.0.0.85 () {34 vars in 669 bytes} [Tue Apr 14 07:06:11 2026] POST /v2.0/networks => generated 749 bytes in 720 msecs (HTTP/1.1 201) 4 headers in 162 bytes (1 switches on core 0)
2026-04-14 07:06:12.020 7 INFO neutron.plugins.ml2.drivers.ovn.mech_driver.mech_driver [None req-ce47cad7-ee4e-4c5c-bde1-11756db2354a - - - - - -] OVN reports status down for port: 323c214b-4065-4879-92e5-699768e52e61
2026-04-14 07:06:12.070 8 INFO neutron.db.ovn_revision_numbers_db [None req-14985555-0a8b-4d2d-a60d-574d70b14a54 ff48f1a299e74eeaba512c1ef14dce22 9c7ee20f952b45e39bf476d241d17ebc - - default default] Successfully bumped revision number for resource 323c214b-4065-4879-92e5-699768e52e61 (type: ports) to 1 [pid: 8|app: 0|req: 1191/2487] 10.0.0.85 () {34 vars in 669 bytes} [Tue Apr 14 07:06:11 2026] POST /v2.0/networks => generated 658 bytes in 1006 msecs (HTTP/1.1 201) 4 headers in 162 bytes (1 switches on core 0)
2026-04-14 07:06:12.169 7 WARNING neutron.scheduler.dhcp_agent_scheduler [None req-8d84ef27-8a5d-4c74-9541-d671aeb315cf 0a01e00875c44f40a34ec883c506bdaf 16a05bed96114649bd79b45f2a29634a - - default default] No more DHCP agents
2026-04-14 07:06:12.170 7 WARNING neutron.api.rpc.agentnotifiers.dhcp_rpc_agent_api [None req-8d84ef27-8a5d-4c74-9541-d671aeb315cf 0a01e00875c44f40a34ec883c506bdaf 16a05bed96114649bd79b45f2a29634a - - default default] Unable to schedule network 1a6203f5-b07e-4222-b077-93295d71b471: no agents available; will retry on subsequent port and subnet creation events.
2026-04-14 07:06:12.321 8 WARNING neutron.scheduler.dhcp_agent_scheduler [None req-19c4ebcd-a4f3-41e3-aa18-aedc3392d78c ff48f1a299e74eeaba512c1ef14dce22 9c7ee20f952b45e39bf476d241d17ebc - - default default] No more DHCP agents
2026-04-14 07:06:12.322 8 WARNING neutron.api.rpc.agentnotifiers.dhcp_rpc_agent_api [None req-19c4ebcd-a4f3-41e3-aa18-aedc3392d78c ff48f1a299e74eeaba512c1ef14dce22 9c7ee20f952b45e39bf476d241d17ebc - - default default] Unable to schedule network a96cfbac-cad8-4b97-9600-ca716690758a: no agents available; will retry on subsequent port and subnet creation events.
2026-04-14 07:06:12.626 7 INFO neutron.db.ovn_revision_numbers_db [None req-dca933cd-ebab-4311-9e50-fda6084e6f8b - - - - - -] Successfully bumped revision number for resource 2d34209d-583b-45fd-9cc9-51a24b80ee55 (type: ports) to 2
2026-04-14 07:06:12.676 7 INFO neutron.db.ovn_revision_numbers_db [None req-dca933cd-ebab-4311-9e50-fda6084e6f8b - - - - - -] Successfully bumped revision number for resource e99769ea-af3b-4aa0-8288-7b31269d841b (type: subnets) to 0 [pid: 7|app: 0|req: 1297/2488] 10.0.0.85 () {34 vars in 668 bytes} [Tue Apr 14 07:06:11 2026] POST /v2.0/subnets => generated 644 bytes in 742 msecs (HTTP/1.1 201) 4 headers in 162 bytes (1 switches on core 0)
2026-04-14 07:06:12.702 7 WARNING neutron.api.v2.base [None req-d2c0a1de-f09b-42e3-85c4-ee1003c1ab10 0a01e00875c44f40a34ec883c506bdaf 16a05bed96114649bd79b45f2a29634a - - default default] An exception happened while processing the request body. The exception message is [Invalid input for target_tenant. Reason: 'None' is not a valid string.].: webob.exc.HTTPBadRequest: Invalid input for target_tenant. Reason: 'None' is not a valid string.
2026-04-14 07:06:12.702 7 INFO neutron.api.v2.resource [None req-d2c0a1de-f09b-42e3-85c4-ee1003c1ab10 0a01e00875c44f40a34ec883c506bdaf 16a05bed96114649bd79b45f2a29634a - - default default] create failed (client error): Invalid input for target_tenant. Reason: 'None' is not a valid string. [pid: 7|app: 0|req: 1298/2489] 10.0.0.85 () {34 vars in 680 bytes} [Tue Apr 14 07:06:12 2026] POST /v2.0/rbac-policies => generated 143 bytes in 6 msecs (HTTP/1.1 400) 4 headers in 166 bytes (1 switches on core 0)
2026-04-14 07:06:12.874 8 INFO neutron.db.ovn_revision_numbers_db [None req-ad33f404-52d3-4456-bcf5-8ab3346b0f85 - - - - - -] Successfully bumped revision number for resource 323c214b-4065-4879-92e5-699768e52e61 (type: ports) to 2
2026-04-14 07:06:12.878 7 INFO neutron_taas.services.taas.taas_plugin [None req-1cc5bd2f-c1ab-42d3-8b9d-dd1c20a80b6b 0a01e00875c44f40a34ec883c506bdaf 16a05bed96114649bd79b45f2a29634a - - default default] TaaS: Handle Delete Port: 2d34209d-583b-45fd-9cc9-51a24b80ee55
2026-04-14 07:06:12.880 7 INFO neutron_taas.services.taas.tap_mirror_plugin [None req-1cc5bd2f-c1ab-42d3-8b9d-dd1c20a80b6b 0a01e00875c44f40a34ec883c506bdaf 16a05bed96114649bd79b45f2a29634a - - default default] Tap Mirror: Handle Delete Port: 2d34209d-583b-45fd-9cc9-51a24b80ee55
2026-04-14 07:06:12.904 8 INFO neutron.db.ovn_revision_numbers_db [None req-ad33f404-52d3-4456-bcf5-8ab3346b0f85 - - - - - -] Successfully bumped revision number for resource b7878b63-c34a-416b-a316-35582d005481 (type: subnets) to 0 [pid: 8|app: 0|req: 1192/2490] 10.0.0.85 () {34 vars in 668 bytes} [Tue Apr 14 07:06:12 2026] POST /v2.0/subnets => generated 658 bytes in 816 msecs (HTTP/1.1 201) 4 headers in 162 bytes (1 switches on core 0) [pid: 8|app: 0|req: 1193/2491] 10.0.0.85 () {32 vars in 721 bytes} [Tue Apr 14 07:06:12 2026] GET /v2.0/subnetpools?name=shared-default-subnetpool-v6 => generated 19 bytes in 37 msecs (HTTP/1.1 200) 4 headers in 156 bytes (1 switches on core 0)
2026-04-14 07:06:13.163 8 WARNING neutron.scheduler.dhcp_agent_scheduler [None req-58a7bd26-d000-495a-abc3-313a7ad4886e ff48f1a299e74eeaba512c1ef14dce22 9c7ee20f952b45e39bf476d241d17ebc - - default default] No more DHCP agents
2026-04-14 07:06:13.164 8 WARNING neutron.api.rpc.agentnotifiers.dhcp_rpc_agent_api [None req-58a7bd26-d000-495a-abc3-313a7ad4886e ff48f1a299e74eeaba512c1ef14dce22 9c7ee20f952b45e39bf476d241d17ebc - - default default] Unable to schedule network a96cfbac-cad8-4b97-9600-ca716690758a: no agents available; will retry on subsequent port and subnet creation events.
2026-04-14 07:06:13.191 8 INFO neutron.db.ovn_revision_numbers_db [None req-58a7bd26-d000-495a-abc3-313a7ad4886e ff48f1a299e74eeaba512c1ef14dce22 9c7ee20f952b45e39bf476d241d17ebc - - default default] Successfully bumped revision number for resource fb706aeb-4929-4769-a718-b358ebe45f61 (type: subnets) to 0 [pid: 8|app: 0|req: 1194/2492] 10.0.0.85 () {34 vars in 668 bytes} [Tue Apr 14 07:06:12 2026] POST /v2.0/subnets => generated 732 bytes in 249 msecs (HTTP/1.1 201) 4 headers in 162 bytes (1 switches on core 0)
2026-04-14 07:06:13.242 7 INFO neutron.services.segments.plugin [-] Segment 0f3d59de-97ce-4af1-8a2c-4e74228b4750 resource provider aggregate not found
2026-04-14 07:06:13.247 7 INFO neutron.services.segments.plugin [-] Segment 0f3d59de-97ce-4af1-8a2c-4e74228b4750 resource provider aggregate not found
2026-04-14 07:06:13.264 7 INFO neutron.services.segments.plugin [-] Segment 0f3d59de-97ce-4af1-8a2c-4e74228b4750 resource provider not found; error: Placement Client Error (4xx): {"errors": [{"status": 404, "title": "Not Found", "detail": "The resource could not be found.\n\n No resource provider with uuid 0f3d59de-97ce-4af1-8a2c-4e74228b4750 found for delete ", "request_id": "req-2d82f224-e8b2-4723-8804-2dc2b1361e8b"}]}
2026-04-14 07:06:13.267 7 INFO neutron.services.segments.plugin [-] Segment 0f3d59de-97ce-4af1-8a2c-4e74228b4750 resource provider not found; error: Placement Client Error (4xx): {"errors": [{"status": 404, "title": "Not Found", "detail": "The resource could not be found.\n\n No resource provider with uuid 0f3d59de-97ce-4af1-8a2c-4e74228b4750 found for delete ", "request_id": "req-c24dc28f-c2f6-4de4-a323-fa2f35781971"}]} [pid: 7|app: 0|req: 1299/2493] 10.0.0.85 () {32 vars in 725 bytes} [Tue Apr 14 07:06:12 2026] DELETE /v2.0/networks/1a6203f5-b07e-4222-b077-93295d71b471 => generated 0 bytes in 576 msecs (HTTP/1.1 204) 3 headers in 131 bytes (1 switches on core 0)
2026-04-14 07:06:13.297 8 INFO neutron.db.segments_db [None req-ac34b562-e60e-4b28-b778-fdd4f324d2bc ff48f1a299e74eeaba512c1ef14dce22 9c7ee20f952b45e39bf476d241d17ebc - - default default] Added segment abd1d5b1-69ea-4fab-b9ef-fa172bdd3c22 of type geneve for network a6164fb8-b127-4ee8-8b37-39fe06f2e108
2026-04-14 07:06:13.372 7 INFO neutron.db.segments_db [None req-3d6cbfe6-3a7a-452c-aa84-a5884e56f5c4 0a01e00875c44f40a34ec883c506bdaf 16a05bed96114649bd79b45f2a29634a - - default default] Added segment 8a14d1d6-c16f-4e6b-81bc-d3e186c085c4 of type geneve for network 8dd3e235-336f-4522-9c6e-069fae2899b0
2026-04-14 07:06:13.425 8 INFO neutron.db.ovn_revision_numbers_db [None req-ac34b562-e60e-4b28-b778-fdd4f324d2bc ff48f1a299e74eeaba512c1ef14dce22 9c7ee20f952b45e39bf476d241d17ebc - - default default] Successfully bumped revision number for resource a6164fb8-b127-4ee8-8b37-39fe06f2e108 (type: networks) to 1
2026-04-14 07:06:13.493 7 INFO neutron.db.ovn_revision_numbers_db [None req-3d6cbfe6-3a7a-452c-aa84-a5884e56f5c4 0a01e00875c44f40a34ec883c506bdaf 16a05bed96114649bd79b45f2a29634a - - default default] Successfully bumped revision number for resource 8dd3e235-336f-4522-9c6e-069fae2899b0 (type: networks) to 1
2026-04-14 07:06:13.575 8 WARNING neutron.scheduler.dhcp_agent_scheduler [None req-ac34b562-e60e-4b28-b778-fdd4f324d2bc ff48f1a299e74eeaba512c1ef14dce22 9c7ee20f952b45e39bf476d241d17ebc - - default default] No more DHCP agents
2026-04-14 07:06:13.577 8 WARNING neutron.api.rpc.agentnotifiers.dhcp_rpc_agent_api [None req-ac34b562-e60e-4b28-b778-fdd4f324d2bc ff48f1a299e74eeaba512c1ef14dce22 9c7ee20f952b45e39bf476d241d17ebc - - default default] Unable to schedule network a6164fb8-b127-4ee8-8b37-39fe06f2e108: no agents available; will retry on subsequent port and subnet creation events.
2026-04-14 07:06:13.649 8 INFO neutron.plugins.ml2.drivers.ovn.mech_driver.mech_driver [None req-d94a9933-b4f4-48a5-b99f-53ab71b48a9e - - - - - -] OVN reports status down for port: 5c4b00e0-229d-4cfd-b9ea-be0b0365b891
2026-04-14 07:06:13.664 7 WARNING neutron.scheduler.dhcp_agent_scheduler [None req-3d6cbfe6-3a7a-452c-aa84-a5884e56f5c4 0a01e00875c44f40a34ec883c506bdaf 16a05bed96114649bd79b45f2a29634a - - default default] No more DHCP agents
2026-04-14 07:06:13.665 7 WARNING neutron.api.rpc.agentnotifiers.dhcp_rpc_agent_api [None req-3d6cbfe6-3a7a-452c-aa84-a5884e56f5c4 0a01e00875c44f40a34ec883c506bdaf 16a05bed96114649bd79b45f2a29634a - - default default] Unable to schedule network 8dd3e235-336f-4522-9c6e-069fae2899b0: no agents available; will retry on subsequent port and subnet creation events.
2026-04-14 07:06:13.721 7 INFO neutron.plugins.ml2.drivers.ovn.mech_driver.mech_driver [None req-ce47cad7-ee4e-4c5c-bde1-11756db2354a - - - - - -] OVN reports status down for port: 878df7e8-c5bd-4c38-88aa-8ffe840746e1
2026-04-14 07:06:13.739 8 INFO neutron.db.ovn_revision_numbers_db [None req-ac34b562-e60e-4b28-b778-fdd4f324d2bc ff48f1a299e74eeaba512c1ef14dce22 9c7ee20f952b45e39bf476d241d17ebc - - default default] Successfully bumped revision number for resource 5c4b00e0-229d-4cfd-b9ea-be0b0365b891 (type: ports) to 1
2026-04-14 07:06:13.776 7 INFO neutron.db.ovn_revision_numbers_db [None req-3d6cbfe6-3a7a-452c-aa84-a5884e56f5c4 0a01e00875c44f40a34ec883c506bdaf 16a05bed96114649bd79b45f2a29634a - - default default] Successfully bumped revision number for resource 878df7e8-c5bd-4c38-88aa-8ffe840746e1 (type: ports) to 1 [pid: 8|app: 0|req: 1195/2494] 10.0.0.85 () {34 vars in 669 bytes} [Tue Apr 14 07:06:13 2026] POST /v2.0/networks => generated 657 bytes in 577 msecs (HTTP/1.1 201) 4 headers in 162 bytes (1 switches on core 0) [pid: 7|app: 0|req: 1300/2495] 10.0.0.85 () {34 vars in 669 bytes} [Tue Apr 14 07:06:13 2026] POST /v2.0/networks => generated 748 bytes in 536 msecs (HTTP/1.1 201) 4 headers in 162 bytes (1 switches on core 0)
2026-04-14 07:06:13.943 7 WARNING neutron.scheduler.dhcp_agent_scheduler [None req-e4fe8070-8ccb-4d10-bc13-104359d89ee0 0a01e00875c44f40a34ec883c506bdaf 16a05bed96114649bd79b45f2a29634a - - default default] No more DHCP agents
2026-04-14 07:06:13.946 7 WARNING neutron.api.rpc.agentnotifiers.dhcp_rpc_agent_api [None req-e4fe8070-8ccb-4d10-bc13-104359d89ee0 0a01e00875c44f40a34ec883c506bdaf 16a05bed96114649bd79b45f2a29634a - - default default] Unable to schedule network 8dd3e235-336f-4522-9c6e-069fae2899b0: no agents available; will retry on subsequent port and subnet creation events.
2026-04-14 07:06:13.985 8 WARNING neutron.scheduler.dhcp_agent_scheduler [None req-42dd547e-5f3d-43c1-8222-a666086b711f ff48f1a299e74eeaba512c1ef14dce22 9c7ee20f952b45e39bf476d241d17ebc - - default default] No more DHCP agents
2026-04-14 07:06:13.986 8 WARNING neutron.api.rpc.agentnotifiers.dhcp_rpc_agent_api [None req-42dd547e-5f3d-43c1-8222-a666086b711f ff48f1a299e74eeaba512c1ef14dce22 9c7ee20f952b45e39bf476d241d17ebc - - default default] Unable to schedule network a6164fb8-b127-4ee8-8b37-39fe06f2e108: no agents available; will retry on subsequent port and subnet creation events.
2026-04-14 07:06:14.393 8 INFO neutron.db.ovn_revision_numbers_db [None req-f76c2524-e8fb-4459-b374-7a29472c8d86 - - - - - -] Successfully bumped revision number for resource 5c4b00e0-229d-4cfd-b9ea-be0b0365b891 (type: ports) to 2
2026-04-14 07:06:14.428 7 INFO neutron.db.ovn_revision_numbers_db [None req-2564575c-bbb4-4fda-8980-5314fab059fc - - - - - -] Successfully bumped revision number for resource 878df7e8-c5bd-4c38-88aa-8ffe840746e1 (type: ports) to 2
2026-04-14 07:06:14.433 8 INFO neutron.db.ovn_revision_numbers_db [None req-f76c2524-e8fb-4459-b374-7a29472c8d86 - - - - - -] Successfully bumped revision number for resource 34ca08be-5d82-4ad1-ae8c-f615f962a940 (type: subnets) to 0 [pid: 8|app: 0|req: 1196/2496] 10.0.0.85 () {34 vars in 668 bytes} [Tue Apr 14 07:06:13 2026] POST /v2.0/subnets => generated 655 bytes in 655 msecs (HTTP/1.1 201) 4 headers in 162 bytes (1 switches on core 0)
2026-04-14 07:06:14.481 7 INFO neutron.db.ovn_revision_numbers_db [None req-2564575c-bbb4-4fda-8980-5314fab059fc - - - - - -] Successfully bumped revision number for resource eaeeea27-427e-4f42-bbfe-c0863c5b6cd5 (type: subnets) to 0 [pid: 7|app: 0|req: 1301/2497] 10.0.0.85 () {34 vars in 668 bytes} [Tue Apr 14 07:06:13 2026] POST /v2.0/subnets => generated 647 bytes in 669 msecs (HTTP/1.1 201) 4 headers in 162 bytes (1 switches on core 0)
2026-04-14 07:06:14.508 7 WARNING neutron.api.v2.base [None req-e2beda69-33a8-45f4-ad1e-f0c8e4532f09 0a01e00875c44f40a34ec883c506bdaf 16a05bed96114649bd79b45f2a29634a - - default default] An exception happened while processing the request body. The exception message is [Invalid input for target_tenant. Reason: '1234123412341234123412341234123412341234123412341234123412341234123412341234123412341234123412341234123412341234123412341234123412341234123412341234123412341234123412341234123412341234123412341234123412341234123412341234123412341234123412341234123412341234123412341234123412341234123412341234123412341234123412341234123412341234123412341234123412341234123412341234123412341234123412341234123412341234' exceeds maximum length of 255.].: webob.exc.HTTPBadRequest: Invalid input for target_tenant. Reason: '1234123412341234123412341234123412341234123412341234123412341234123412341234123412341234123412341234123412341234123412341234123412341234123412341234123412341234123412341234123412341234123412341234123412341234123412341234123412341234123412341234123412341234123412341234123412341234123412341234123412341234123412341234123412341234123412341234123412341234123412341234123412341234123412341234123412341234' exceeds maximum length of 255.
