2026-06-30 19:16:17.995 7 INFO placement.requestlog [None req-28a09551-62bd-4d45-bf4a-fcbba4d44407 - - - - - -] 10.0.0.169 "GET /" status: 200 len: 136 microversion: 1.0
2026-06-30 19:16:27.994 7 INFO placement.requestlog [None req-f6030808-c44f-4226-96e7-c1dd056cc8c6 - - - - - -] 10.0.0.169 "GET /" status: 200 len: 136 microversion: 1.0
2026-06-30 19:16:27.995 8 INFO placement.requestlog [None req-65b26609-da39-4248-87af-babe3b073363 - - - - - -] 10.0.0.169 "GET /" status: 200 len: 136 microversion: 1.0
2026-06-30 19:16:37.537 7 INFO placement.requestlog [req-b1bac0e1-4f5d-4362-8efc-d90a5775a89c req-e6e97456-d31f-4979-89bd-f499aae61a78 29bd7c3765c2481c9c5bec49c2e9b196 93049884d87645a4bf7403e3a649eda2 - - 1df74edb08e74059b2f76134935a192b 1df74edb08e74059b2f76134935a192b] 199.204.45.89 "GET /resource_providers/4b811ac6-7bb1-45eb-9c9d-09b832867729/allocations" status: 200 len: 340 microversion: 1.0 [pid: 7|app: 0|req: 599/1193] 199.204.45.89 () {32 vars in 856 bytes} [Tue Jun 30 19:16:37 2026] GET /resource_providers/4b811ac6-7bb1-45eb-9c9d-09b832867729/allocations => generated 340 bytes in 18 msecs (HTTP/1.1 200) 6 headers in 224 bytes (1 switches on core 0)
2026-06-30 19:16:37.567 8 INFO placement.requestlog [req-b1bac0e1-4f5d-4362-8efc-d90a5775a89c req-52595ee9-4cdb-4acc-a5b7-006d16d0660c 29bd7c3765c2481c9c5bec49c2e9b196 93049884d87645a4bf7403e3a649eda2 - - 1df74edb08e74059b2f76134935a192b 1df74edb08e74059b2f76134935a192b] 199.204.45.89 "GET /resource_providers/4b811ac6-7bb1-45eb-9c9d-09b832867729/allocations" status: 200 len: 340 microversion: 1.0 [pid: 8|app: 0|req: 595/1194] 199.204.45.89 () {32 vars in 856 bytes} [Tue Jun 30 19:16:37 2026] GET /resource_providers/4b811ac6-7bb1-45eb-9c9d-09b832867729/allocations => generated 340 bytes in 21 msecs (HTTP/1.1 200) 6 headers in 224 bytes (1 switches on core 0)
2026-06-30 19:16:37.589 7 INFO placement.requestlog [req-b1bac0e1-4f5d-4362-8efc-d90a5775a89c req-a3d9b3c1-50ce-41e0-95d2-ea62b4b73e7f 29bd7c3765c2481c9c5bec49c2e9b196 93049884d87645a4bf7403e3a649eda2 - - 1df74edb08e74059b2f76134935a192b 1df74edb08e74059b2f76134935a192b] 199.204.45.89 "GET /allocations/e69a6866-fa09-4f02-913d-7e743d61c804" status: 200 len: 258 microversion: 1.28 [pid: 7|app: 0|req: 600/1195] 199.204.45.89 () {34 vars in 862 bytes} [Tue Jun 30 19:16:37 2026] GET /allocations/e69a6866-fa09-4f02-913d-7e743d61c804 => generated 258 bytes in 17 msecs (HTTP/1.1 200) 8 headers in 296 bytes (1 switches on core 0)
2026-06-30 19:16:37.606 8 INFO placement.requestlog [req-b1bac0e1-4f5d-4362-8efc-d90a5775a89c req-4e6ccbe6-e427-4b40-b1f6-dd959babeb21 29bd7c3765c2481c9c5bec49c2e9b196 93049884d87645a4bf7403e3a649eda2 - - 1df74edb08e74059b2f76134935a192b 1df74edb08e74059b2f76134935a192b] 199.204.45.89 "GET /allocations/7f3c44d0-c7c5-4665-a626-5e9edeff3ede" status: 200 len: 258 microversion: 1.28 [pid: 8|app: 0|req: 596/1196] 199.204.45.89 () {34 vars in 862 bytes} [Tue Jun 30 19:16:37 2026] GET /allocations/7f3c44d0-c7c5-4665-a626-5e9edeff3ede => generated 258 bytes in 10 msecs (HTTP/1.1 200) 8 headers in 296 bytes (1 switches on core 0)
2026-06-30 19:16:37.625 7 INFO placement.requestlog [req-b1bac0e1-4f5d-4362-8efc-d90a5775a89c req-0469baaf-bfd0-41ee-8b6a-0447672751ea 29bd7c3765c2481c9c5bec49c2e9b196 93049884d87645a4bf7403e3a649eda2 - - 1df74edb08e74059b2f76134935a192b 1df74edb08e74059b2f76134935a192b] 199.204.45.89 "GET /allocations/f3a387f7-a5ff-4e6a-867e-d9c898f6e6f7" status: 200 len: 245 microversion: 1.28 [pid: 7|app: 0|req: 601/1197] 199.204.45.89 () {34 vars in 862 bytes} [Tue Jun 30 19:16:37 2026] GET /allocations/f3a387f7-a5ff-4e6a-867e-d9c898f6e6f7 => generated 245 bytes in 12 msecs (HTTP/1.1 200) 8 headers in 296 bytes (1 switches on core 0)
2026-06-30 19:16:37.994 7 INFO placement.requestlog [None req-21cb9808-ceab-4cb9-8f91-3d5c8408c403 - - - - - -] 10.0.0.169 "GET /" status: 200 len: 136 microversion: 1.0
2026-06-30 19:16:37.994 8 INFO placement.requestlog [None req-b7ac6ba9-291b-42ee-8032-300bff6c81a6 - - - - - -] 10.0.0.169 "GET /" status: 200 len: 136 microversion: 1.0
2026-06-30 19:16:47.994 7 INFO placement.requestlog [None req-d4cb7161-1126-4e75-8a4e-e7635d0457c8 - - - - - -] 10.0.0.169 "GET /" status: 200 len: 136 microversion: 1.0
2026-06-30 19:16:47.995 8 INFO placement.requestlog [None req-a6782e29-d471-4149-97e4-ae3965269a32 - - - - - -] 10.0.0.169 "GET /" status: 200 len: 136 microversion: 1.0
2026-06-30 19:16:57.994 8 INFO placement.requestlog [None req-3dead1fa-69ec-4a0e-9f6e-6ae963a24eca - - - - - -] 10.0.0.169 "GET /" status: 200 len: 136 microversion: 1.0
2026-06-30 19:16:57.994 7 INFO placement.requestlog [None req-8cf78624-c48a-4e74-b5e5-98caae7496f7 - - - - - -] 10.0.0.169 "GET /" status: 200 len: 136 microversion: 1.0
2026-06-30 19:17:07.994 8 INFO placement.requestlog [None req-b4de0101-0d42-479b-bd15-f73b69ba6eb9 - - - - - -] 10.0.0.169 "GET /" status: 200 len: 136 microversion: 1.0
2026-06-30 19:17:07.995 7 INFO placement.requestlog [None req-87191d36-2262-408d-aad1-a2a1742c3009 - - - - - -] 10.0.0.169 "GET /" status: 200 len: 136 microversion: 1.0
2026-06-30 19:17:17.994 7 INFO placement.requestlog [None req-af3fb0d9-f60a-41d5-828c-aac5dec9f6d1 - - - - - -] 10.0.0.169 "GET /" status: 200 len: 136 microversion: 1.0
2026-06-30 19:17:17.995 8 INFO placement.requestlog [None req-3de9d3e3-e02a-4739-9c8a-233d3ab79470 - - - - - -] 10.0.0.169 "GET /" status: 200 len: 136 microversion: 1.0
2026-06-30 19:17:27.848 7 INFO placement.requestlog [req-16a21aae-690c-46be-90df-7aeedeb9b160 req-ab2d3777-a76b-406e-93bd-8902503c37c0 29bd7c3765c2481c9c5bec49c2e9b196 93049884d87645a4bf7403e3a649eda2 - - 1df74edb08e74059b2f76134935a192b 1df74edb08e74059b2f76134935a192b] 199.204.45.89 "GET /resource_providers/4b811ac6-7bb1-45eb-9c9d-09b832867729/allocations" status: 200 len: 340 microversion: 1.0 [pid: 7|app: 0|req: 607/1208] 199.204.45.89 () {32 vars in 856 bytes} [Tue Jun 30 19:17:27 2026] GET /resource_providers/4b811ac6-7bb1-45eb-9c9d-09b832867729/allocations => generated 340 bytes in 17 msecs (HTTP/1.1 200) 6 headers in 224 bytes (1 switches on core 0)
2026-06-30 19:17:27.864 8 INFO placement.requestlog [req-16a21aae-690c-46be-90df-7aeedeb9b160 req-acdc53fa-d841-4ae6-a4c8-e0cd936b7d00 29bd7c3765c2481c9c5bec49c2e9b196 93049884d87645a4bf7403e3a649eda2 - - 1df74edb08e74059b2f76134935a192b 1df74edb08e74059b2f76134935a192b] 199.204.45.89 "GET /allocations/e69a6866-fa09-4f02-913d-7e743d61c804" status: 200 len: 258 microversion: 1.28 [pid: 8|app: 0|req: 602/1209] 199.204.45.89 () {34 vars in 862 bytes} [Tue Jun 30 19:17:27 2026] GET /allocations/e69a6866-fa09-4f02-913d-7e743d61c804 => generated 258 bytes in 11 msecs (HTTP/1.1 200) 8 headers in 296 bytes (1 switches on core 0)
2026-06-30 19:17:27.885 7 INFO placement.requestlog [req-16a21aae-690c-46be-90df-7aeedeb9b160 req-51491367-71ae-4531-9b0b-b4a2e19da3cb 29bd7c3765c2481c9c5bec49c2e9b196 93049884d87645a4bf7403e3a649eda2 - - 1df74edb08e74059b2f76134935a192b 1df74edb08e74059b2f76134935a192b] 199.204.45.89 "GET /allocations/7f3c44d0-c7c5-4665-a626-5e9edeff3ede" status: 200 len: 258 microversion: 1.28 [pid: 7|app: 0|req: 608/1210] 199.204.45.89 () {34 vars in 862 bytes} [Tue Jun 30 19:17:27 2026] GET /allocations/7f3c44d0-c7c5-4665-a626-5e9edeff3ede => generated 258 bytes in 14 msecs (HTTP/1.1 200) 8 headers in 296 bytes (1 switches on core 0)
2026-06-30 19:17:27.911 8 INFO placement.requestlog [req-16a21aae-690c-46be-90df-7aeedeb9b160 req-1140fc60-b43f-4198-ad82-996c87ecc330 29bd7c3765c2481c9c5bec49c2e9b196 93049884d87645a4bf7403e3a649eda2 - - 1df74edb08e74059b2f76134935a192b 1df74edb08e74059b2f76134935a192b] 199.204.45.89 "GET /allocations/f3a387f7-a5ff-4e6a-867e-d9c898f6e6f7" status: 200 len: 245 microversion: 1.28 [pid: 8|app: 0|req: 603/1211] 199.204.45.89 () {34 vars in 862 bytes} [Tue Jun 30 19:17:27 2026] GET /allocations/f3a387f7-a5ff-4e6a-867e-d9c898f6e6f7 => generated 245 bytes in 18 msecs (HTTP/1.1 200) 8 headers in 296 bytes (1 switches on core 0)
2026-06-30 19:17:27.995 7 INFO placement.requestlog [None req-eec3c063-0432-43e1-ad6e-1b98d5d40b97 - - - - - -] 10.0.0.169 "GET /" status: 200 len: 136 microversion: 1.0
2026-06-30 19:17:27.995 8 INFO placement.requestlog [None req-d7c31e68-1265-4632-ad19-340dea56783f - - - - - -] 10.0.0.169 "GET /" status: 200 len: 136 microversion: 1.0
2026-06-30 19:17:28.957 7 INFO placement.requestlog [req-16a21aae-690c-46be-90df-7aeedeb9b160 req-c7b089a2-d155-4027-8ec7-11c172d31fb7 29bd7c3765c2481c9c5bec49c2e9b196 93049884d87645a4bf7403e3a649eda2 - - 1df74edb08e74059b2f76134935a192b 1df74edb08e74059b2f76134935a192b] 199.204.45.89 "DELETE /allocations/f3a387f7-a5ff-4e6a-867e-d9c898f6e6f7" status: 204 len: 0 microversion: 1.0 [pid: 7|app: 0|req: 610/1214] 199.204.45.89 () {34 vars in 840 bytes} [Tue Jun 30 19:17:28 2026] DELETE /allocations/f3a387f7-a5ff-4e6a-867e-d9c898f6e6f7 => generated 0 bytes in 26 msecs (HTTP/1.1 204) 5 headers in 198 bytes (1 switches on core 0)
2026-06-30 19:17:31.457 8 INFO placement.requestlog [req-418f713c-f7b8-4486-8613-11f55d4948e3 req-f995ecbf-b244-404a-ad8e-700d2deebef5 29bd7c3765c2481c9c5bec49c2e9b196 93049884d87645a4bf7403e3a649eda2 - - 1df74edb08e74059b2f76134935a192b 1df74edb08e74059b2f76134935a192b] 199.204.45.89 "GET /resource_providers/4b811ac6-7bb1-45eb-9c9d-09b832867729/allocations" status: 200 len: 253 microversion: 1.0 [pid: 8|app: 0|req: 605/1215] 199.204.45.89 () {32 vars in 856 bytes} [Tue Jun 30 19:17:31 2026] GET /resource_providers/4b811ac6-7bb1-45eb-9c9d-09b832867729/allocations => generated 253 bytes in 17 msecs (HTTP/1.1 200) 6 headers in 224 bytes (1 switches on core 0)
2026-06-30 19:17:31.477 7 INFO placement.requestlog [req-418f713c-f7b8-4486-8613-11f55d4948e3 req-78093ac3-4ec7-43ef-bb58-66657c513040 29bd7c3765c2481c9c5bec49c2e9b196 93049884d87645a4bf7403e3a649eda2 - - 1df74edb08e74059b2f76134935a192b 1df74edb08e74059b2f76134935a192b] 199.204.45.89 "GET /allocations/e69a6866-fa09-4f02-913d-7e743d61c804" status: 200 len: 258 microversion: 1.28 [pid: 7|app: 0|req: 611/1216] 199.204.45.89 () {34 vars in 862 bytes} [Tue Jun 30 19:17:31 2026] GET /allocations/e69a6866-fa09-4f02-913d-7e743d61c804 => generated 258 bytes in 14 msecs (HTTP/1.1 200) 8 headers in 296 bytes (1 switches on core 0)
2026-06-30 19:17:31.493 8 INFO placement.requestlog [req-418f713c-f7b8-4486-8613-11f55d4948e3 req-1dbd60b2-684e-4a35-81a5-7639e07201a6 29bd7c3765c2481c9c5bec49c2e9b196 93049884d87645a4bf7403e3a649eda2 - - 1df74edb08e74059b2f76134935a192b 1df74edb08e74059b2f76134935a192b] 199.204.45.89 "GET /allocations/7f3c44d0-c7c5-4665-a626-5e9edeff3ede" status: 200 len: 258 microversion: 1.28 [pid: 8|app: 0|req: 606/1217] 199.204.45.89 () {34 vars in 862 bytes} [Tue Jun 30 19:17:31 2026] GET /allocations/7f3c44d0-c7c5-4665-a626-5e9edeff3ede => generated 258 bytes in 9 msecs (HTTP/1.1 200) 8 headers in 296 bytes (1 switches on core 0)
2026-06-30 19:17:32.537 7 INFO placement.requestlog [req-418f713c-f7b8-4486-8613-11f55d4948e3 req-ee617110-042e-4060-86f5-f79ed7c9f7a8 29bd7c3765c2481c9c5bec49c2e9b196 93049884d87645a4bf7403e3a649eda2 - - 1df74edb08e74059b2f76134935a192b 1df74edb08e74059b2f76134935a192b] 199.204.45.89 "DELETE /allocations/e69a6866-fa09-4f02-913d-7e743d61c804" status: 204 len: 0 microversion: 1.0 [pid: 7|app: 0|req: 612/1218] 199.204.45.89 () {34 vars in 840 bytes} [Tue Jun 30 19:17:32 2026] DELETE /allocations/e69a6866-fa09-4f02-913d-7e743d61c804 => generated 0 bytes in 20 msecs (HTTP/1.1 204) 5 headers in 198 bytes (1 switches on core 0)
2026-06-30 19:17:37.158 8 INFO placement.requestlog [req-1f827f08-1f01-437d-aaee-bc1ca102487f req-a231cf0c-3c3d-4e65-8a57-dc52fdb550b3 29bd7c3765c2481c9c5bec49c2e9b196 93049884d87645a4bf7403e3a649eda2 - - 1df74edb08e74059b2f76134935a192b 1df74edb08e74059b2f76134935a192b] 199.204.45.89 "GET /resource_providers/4b811ac6-7bb1-45eb-9c9d-09b832867729/allocations" status: 200 len: 153 microversion: 1.0 [pid: 8|app: 0|req: 607/1219] 199.204.45.89 () {32 vars in 856 bytes} [Tue Jun 30 19:17:37 2026] GET /resource_providers/4b811ac6-7bb1-45eb-9c9d-09b832867729/allocations => generated 153 bytes in 24 msecs (HTTP/1.1 200) 6 headers in 224 bytes (1 switches on core 0)
2026-06-30 19:17:37.181 7 INFO placement.requestlog [req-1f827f08-1f01-437d-aaee-bc1ca102487f req-52a79dec-2dde-47ac-a2e6-bb75f58bd483 29bd7c3765c2481c9c5bec49c2e9b196 93049884d87645a4bf7403e3a649eda2 - - 1df74edb08e74059b2f76134935a192b 1df74edb08e74059b2f76134935a192b] 199.204.45.89 "GET /resource_providers/4b811ac6-7bb1-45eb-9c9d-09b832867729/allocations" status: 200 len: 153 microversion: 1.0 [pid: 7|app: 0|req: 613/1220] 199.204.45.89 () {32 vars in 856 bytes} [Tue Jun 30 19:17:37 2026] GET /resource_providers/4b811ac6-7bb1-45eb-9c9d-09b832867729/allocations => generated 153 bytes in 14 msecs (HTTP/1.1 200) 6 headers in 224 bytes (1 switches on core 0)
2026-06-30 19:17:37.198 8 INFO placement.requestlog [req-1f827f08-1f01-437d-aaee-bc1ca102487f req-977fcc87-12b8-4fb9-a3e1-a7943fda3b5b 29bd7c3765c2481c9c5bec49c2e9b196 93049884d87645a4bf7403e3a649eda2 - - 1df74edb08e74059b2f76134935a192b 1df74edb08e74059b2f76134935a192b] 199.204.45.89 "GET /allocations/7f3c44d0-c7c5-4665-a626-5e9edeff3ede" status: 200 len: 258 microversion: 1.28 [pid: 8|app: 0|req: 608/1221] 199.204.45.89 () {34 vars in 862 bytes} [Tue Jun 30 19:17:37 2026] GET /allocations/7f3c44d0-c7c5-4665-a626-5e9edeff3ede => generated 258 bytes in 11 msecs (HTTP/1.1 200) 8 headers in 296 bytes (1 switches on core 0)
2026-06-30 19:17:37.994 8 INFO placement.requestlog [None req-19de1990-67f4-472f-a438-0377473e068c - - - - - -] 10.0.0.169 "GET /" status: 200 len: 136 microversion: 1.0
2026-06-30 19:17:37.995 7 INFO placement.requestlog [None req-6de31355-0184-445b-ae7e-4f635d88a2e5 - - - - - -] 10.0.0.169 "GET /" status: 200 len: 136 microversion: 1.0
2026-06-30 19:17:42.408 8 INFO placement.requestlog [req-b18546fe-4966-45c0-ad4b-caab6773d161 req-846cc403-8d1e-42fc-9bb8-0936deae8f7e 29bd7c3765c2481c9c5bec49c2e9b196 93049884d87645a4bf7403e3a649eda2 - - 1df74edb08e74059b2f76134935a192b 1df74edb08e74059b2f76134935a192b] 199.204.45.89 "GET /resource_providers/4b811ac6-7bb1-45eb-9c9d-09b832867729/allocations" status: 200 len: 153 microversion: 1.0 [pid: 8|app: 0|req: 610/1224] 199.204.45.89 () {32 vars in 856 bytes} [Tue Jun 30 19:17:42 2026] GET /resource_providers/4b811ac6-7bb1-45eb-9c9d-09b832867729/allocations => generated 153 bytes in 15 msecs (HTTP/1.1 200) 6 headers in 224 bytes (1 switches on core 0)
2026-06-30 19:17:42.427 7 INFO placement.requestlog [req-b18546fe-4966-45c0-ad4b-caab6773d161 req-f4293753-df47-43fb-a5d4-471151044263 29bd7c3765c2481c9c5bec49c2e9b196 93049884d87645a4bf7403e3a649eda2 - - 1df74edb08e74059b2f76134935a192b 1df74edb08e74059b2f76134935a192b] 199.204.45.89 "GET /allocations/7f3c44d0-c7c5-4665-a626-5e9edeff3ede" status: 200 len: 258 microversion: 1.28 [pid: 7|app: 0|req: 615/1225] 199.204.45.89 () {34 vars in 862 bytes} [Tue Jun 30 19:17:42 2026] GET /allocations/7f3c44d0-c7c5-4665-a626-5e9edeff3ede => generated 258 bytes in 15 msecs (HTTP/1.1 200) 8 headers in 296 bytes (1 switches on core 0)
2026-06-30 19:17:43.477 8 INFO placement.requestlog [req-b18546fe-4966-45c0-ad4b-caab6773d161 req-77c42171-b14e-4177-ab76-38308a4fe0d0 29bd7c3765c2481c9c5bec49c2e9b196 93049884d87645a4bf7403e3a649eda2 - - 1df74edb08e74059b2f76134935a192b 1df74edb08e74059b2f76134935a192b] 199.204.45.89 "DELETE /allocations/7f3c44d0-c7c5-4665-a626-5e9edeff3ede" status: 204 len: 0 microversion: 1.0 [pid: 8|app: 0|req: 611/1226] 199.204.45.89 () {34 vars in 840 bytes} [Tue Jun 30 19:17:43 2026] DELETE /allocations/7f3c44d0-c7c5-4665-a626-5e9edeff3ede => generated 0 bytes in 25 msecs (HTTP/1.1 204) 5 headers in 198 bytes (1 switches on core 0)
2026-06-30 19:17:47.994 7 INFO placement.requestlog [None req-26a897b0-5cb1-4048-b622-736b2f585cee - - - - - -] 10.0.0.169 "GET /" status: 200 len: 136 microversion: 1.0
2026-06-30 19:17:47.995 8 INFO placement.requestlog [None req-6c1478e0-7e14-42b4-b30b-73719f0a2a6e - - - - - -] 10.0.0.169 "GET /" status: 200 len: 136 microversion: 1.0
2026-06-30 19:17:53.421 7 INFO placement.requestlog [None req-4acc365e-05a7-473c-b9f2-9e273177f9d6 d4a34050d58d41f1b81a255486c5a81c 93049884d87645a4bf7403e3a649eda2 - - 1df74edb08e74059b2f76134935a192b 1df74edb08e74059b2f76134935a192b] 10.0.0.79 "GET /resource_providers/dbeb777b-80b6-46d4-ba1b-669fdcdcc45e/aggregates" status: 404 len: 235 microversion: 1.1 [pid: 7|app: 0|req: 617/1229] 10.0.0.79 () {32 vars in 815 bytes} [Tue Jun 30 19:17:53 2026] GET /resource_providers/dbeb777b-80b6-46d4-ba1b-669fdcdcc45e/aggregates => generated 235 bytes in 11 msecs (HTTP/1.1 404) 5 headers in 202 bytes (1 switches on core 0)
2026-06-30 19:17:53.422 8 INFO placement.requestlog [None req-f8b2942e-196a-46d5-9032-a4f5218e41cd d4a34050d58d41f1b81a255486c5a81c 93049884d87645a4bf7403e3a649eda2 - - 1df74edb08e74059b2f76134935a192b 1df74edb08e74059b2f76134935a192b] 10.0.0.79 "GET /resource_providers/dbeb777b-80b6-46d4-ba1b-669fdcdcc45e/aggregates" status: 404 len: 235 microversion: 1.1 [pid: 8|app: 0|req: 613/1230] 10.0.0.79 () {32 vars in 815 bytes} [Tue Jun 30 19:17:53 2026] GET /resource_providers/dbeb777b-80b6-46d4-ba1b-669fdcdcc45e/aggregates => generated 235 bytes in 8 msecs (HTTP/1.1 404) 5 headers in 202 bytes (1 switches on core 0)
2026-06-30 19:17:53.441 7 INFO placement.requestlog [None req-63cb474b-919e-4fd0-8e07-419c7da659d6 d4a34050d58d41f1b81a255486c5a81c 93049884d87645a4bf7403e3a649eda2 - - 1df74edb08e74059b2f76134935a192b 1df74edb08e74059b2f76134935a192b] 10.0.0.79 "DELETE /resource_providers/dbeb777b-80b6-46d4-ba1b-669fdcdcc45e" status: 404 len: 246 microversion: 1.1 [pid: 7|app: 0|req: 618/1231] 10.0.0.79 () {34 vars in 815 bytes} [Tue Jun 30 19:17:53 2026] DELETE /resource_providers/dbeb777b-80b6-46d4-ba1b-669fdcdcc45e => generated 246 bytes in 6 msecs (HTTP/1.1 404) 6 headers in 231 bytes (1 switches on core 0)
2026-06-30 19:17:53.448 8 INFO placement.requestlog [None req-0cd6d7da-992f-4de2-8112-74e5d0a43e3f d4a34050d58d41f1b81a255486c5a81c 93049884d87645a4bf7403e3a649eda2 - - 1df74edb08e74059b2f76134935a192b 1df74edb08e74059b2f76134935a192b] 10.0.0.79 "DELETE /resource_providers/dbeb777b-80b6-46d4-ba1b-669fdcdcc45e" status: 404 len: 246 microversion: 1.1 [pid: 8|app: 0|req: 614/1232] 10.0.0.79 () {34 vars in 815 bytes} [Tue Jun 30 19:17:53 2026] DELETE /resource_providers/dbeb777b-80b6-46d4-ba1b-669fdcdcc45e => generated 246 bytes in 11 msecs (HTTP/1.1 404) 6 headers in 231 bytes (1 switches on core 0)
2026-06-30 19:17:55.458 7 INFO placement.requestlog [None req-16e8f1ad-575a-45de-b734-f1bcbd5e7fa9 d4a34050d58d41f1b81a255486c5a81c 93049884d87645a4bf7403e3a649eda2 - - 1df74edb08e74059b2f76134935a192b 1df74edb08e74059b2f76134935a192b] 10.0.0.79 "GET /resource_providers/fb98ef6f-b665-497d-bea9-c564badc5f4a/aggregates" status: 404 len: 235 microversion: 1.1 [pid: 7|app: 0|req: 619/1233] 10.0.0.79 () {32 vars in 815 bytes} [Tue Jun 30 19:17:55 2026] GET /resource_providers/fb98ef6f-b665-497d-bea9-c564badc5f4a/aggregates => generated 235 bytes in 7 msecs (HTTP/1.1 404) 5 headers in 202 bytes (1 switches on core 0)
2026-06-30 19:17:55.472 7 INFO placement.requestlog [None req-34a8e39c-03b8-40b5-87cc-07cace71a3cc d4a34050d58d41f1b81a255486c5a81c 93049884d87645a4bf7403e3a649eda2 - - 1df74edb08e74059b2f76134935a192b 1df74edb08e74059b2f76134935a192b] 10.0.0.79 "DELETE /resource_providers/fb98ef6f-b665-497d-bea9-c564badc5f4a" status: 404 len: 246 microversion: 1.1 [pid: 7|app: 0|req: 620/1234] 10.0.0.79 () {34 vars in 815 bytes} [Tue Jun 30 19:17:55 2026] DELETE /resource_providers/fb98ef6f-b665-497d-bea9-c564badc5f4a => generated 246 bytes in 7 msecs (HTTP/1.1 404) 6 headers in 231 bytes (1 switches on core 0)
2026-06-30 19:17:55.473 8 INFO placement.requestlog [None req-cce91218-bf60-485b-9cb7-f9b152dfe8e7 d4a34050d58d41f1b81a255486c5a81c 93049884d87645a4bf7403e3a649eda2 - - 1df74edb08e74059b2f76134935a192b 1df74edb08e74059b2f76134935a192b] 10.0.0.79 "GET /resource_providers/fb98ef6f-b665-497d-bea9-c564badc5f4a/aggregates" status: 404 len: 235 microversion: 1.1 [pid: 8|app: 0|req: 615/1235] 10.0.0.79 () {32 vars in 815 bytes} [Tue Jun 30 19:17:55 2026] GET /resource_providers/fb98ef6f-b665-497d-bea9-c564badc5f4a/aggregates => generated 235 bytes in 9 msecs (HTTP/1.1 404) 5 headers in 202 bytes (1 switches on core 0)
2026-06-30 19:17:55.489 7 INFO placement.requestlog [None req-7ee58257-350d-4ad1-974f-f95d0065abfd d4a34050d58d41f1b81a255486c5a81c 93049884d87645a4bf7403e3a649eda2 - - 1df74edb08e74059b2f76134935a192b 1df74edb08e74059b2f76134935a192b] 10.0.0.79 "GET /resource_providers/5ed507fd-ed82-456e-9220-3a4017bd9ef3/aggregates" status: 404 len: 235 microversion: 1.1 [pid: 7|app: 0|req: 621/1236] 10.0.0.79 () {32 vars in 815 bytes} [Tue Jun 30 19:17:55 2026] GET /resource_providers/5ed507fd-ed82-456e-9220-3a4017bd9ef3/aggregates => generated 235 bytes in 7 msecs (HTTP/1.1 404) 5 headers in 202 bytes (1 switches on core 0)
2026-06-30 19:17:55.492 8 INFO placement.requestlog [None req-b541bd35-4653-4f6d-8e18-a0b02964303e d4a34050d58d41f1b81a255486c5a81c 93049884d87645a4bf7403e3a649eda2 - - 1df74edb08e74059b2f76134935a192b 1df74edb08e74059b2f76134935a192b] 10.0.0.79 "DELETE /resource_providers/fb98ef6f-b665-497d-bea9-c564badc5f4a" status: 404 len: 246 microversion: 1.1 [pid: 8|app: 0|req: 616/1237] 10.0.0.79 () {34 vars in 815 bytes} [Tue Jun 30 19:17:55 2026] DELETE /resource_providers/fb98ef6f-b665-497d-bea9-c564badc5f4a => generated 246 bytes in 8 msecs (HTTP/1.1 404) 6 headers in 231 bytes (1 switches on core 0)
2026-06-30 19:17:55.506 7 INFO placement.requestlog [None req-e0b343b0-f8dc-4972-ba92-5f14878a164c d4a34050d58d41f1b81a255486c5a81c 93049884d87645a4bf7403e3a649eda2 - - 1df74edb08e74059b2f76134935a192b 1df74edb08e74059b2f76134935a192b] 10.0.0.79 "DELETE /resource_providers/5ed507fd-ed82-456e-9220-3a4017bd9ef3" status: 404 len: 246 microversion: 1.1 [pid: 7|app: 0|req: 622/1238] 10.0.0.79 () {34 vars in 815 bytes} [Tue Jun 30 19:17:55 2026] DELETE /resource_providers/5ed507fd-ed82-456e-9220-3a4017bd9ef3 => generated 246 bytes in 6 msecs (HTTP/1.1 404) 6 headers in 231 bytes (1 switches on core 0)
2026-06-30 19:17:55.509 8 INFO placement.requestlog [None req-c42b81ff-5f9e-49c3-b44f-82d0660a056d d4a34050d58d41f1b81a255486c5a81c 93049884d87645a4bf7403e3a649eda2 - - 1df74edb08e74059b2f76134935a192b 1df74edb08e74059b2f76134935a192b] 10.0.0.79 "GET /resource_providers/5ed507fd-ed82-456e-9220-3a4017bd9ef3/aggregates" status: 404 len: 235 microversion: 1.1 [pid: 8|app: 0|req: 617/1239] 10.0.0.79 () {32 vars in 815 bytes} [Tue Jun 30 19:17:55 2026] GET /resource_providers/5ed507fd-ed82-456e-9220-3a4017bd9ef3/aggregates => generated 235 bytes in 7 msecs (HTTP/1.1 404) 5 headers in 202 bytes (1 switches on core 0)
2026-06-30 19:17:55.524 7 INFO placement.requestlog [None req-4e4a7353-e4a8-4ee7-bba3-b447bd1edce5 d4a34050d58d41f1b81a255486c5a81c 93049884d87645a4bf7403e3a649eda2 - - 1df74edb08e74059b2f76134935a192b 1df74edb08e74059b2f76134935a192b] 10.0.0.79 "GET /resource_providers/f6ee41af-0ad8-4b3c-876a-7fab56ae6eaf/aggregates" status: 404 len: 235 microversion: 1.1 [pid: 7|app: 0|req: 623/1240] 10.0.0.79 () {32 vars in 815 bytes} [Tue Jun 30 19:17:55 2026] GET /resource_providers/f6ee41af-0ad8-4b3c-876a-7fab56ae6eaf/aggregates => generated 235 bytes in 8 msecs (HTTP/1.1 404) 5 headers in 202 bytes (1 switches on core 0)
2026-06-30 19:17:55.525 8 INFO placement.requestlog [None req-b4d20d3c-905f-490c-9fa7-5b7ea5f2d820 d4a34050d58d41f1b81a255486c5a81c 93049884d87645a4bf7403e3a649eda2 - - 1df74edb08e74059b2f76134935a192b 1df74edb08e74059b2f76134935a192b] 10.0.0.79 "DELETE /resource_providers/5ed507fd-ed82-456e-9220-3a4017bd9ef3" status: 404 len: 246 microversion: 1.1 [pid: 8|app: 0|req: 618/1241] 10.0.0.79 () {34 vars in 815 bytes} [Tue Jun 30 19:17:55 2026] DELETE /resource_providers/5ed507fd-ed82-456e-9220-3a4017bd9ef3 => generated 246 bytes in 8 msecs (HTTP/1.1 404) 6 headers in 231 bytes (1 switches on core 0)
2026-06-30 19:17:55.544 7 INFO placement.requestlog [None req-c8413bbe-3b18-469e-b231-24c3911348aa d4a34050d58d41f1b81a255486c5a81c 93049884d87645a4bf7403e3a649eda2 - - 1df74edb08e74059b2f76134935a192b 1df74edb08e74059b2f76134935a192b] 10.0.0.79 "DELETE /resource_providers/f6ee41af-0ad8-4b3c-876a-7fab56ae6eaf" status: 404 len: 246 microversion: 1.1 [pid: 7|app: 0|req: 624/1242] 10.0.0.79 () {34 vars in 815 bytes} [Tue Jun 30 19:17:55 2026] DELETE /resource_providers/f6ee41af-0ad8-4b3c-876a-7fab56ae6eaf => generated 246 bytes in 7 msecs (HTTP/1.1 404) 6 headers in 231 bytes (1 switches on core 0)
2026-06-30 19:17:55.546 8 INFO placement.requestlog [None req-3b1670b1-504e-4df9-981d-64d9872d5250 d4a34050d58d41f1b81a255486c5a81c 93049884d87645a4bf7403e3a649eda2 - - 1df74edb08e74059b2f76134935a192b 1df74edb08e74059b2f76134935a192b] 10.0.0.79 "GET /resource_providers/f6ee41af-0ad8-4b3c-876a-7fab56ae6eaf/aggregates" status: 404 len: 235 microversion: 1.1 [pid: 8|app: 0|req: 619/1243] 10.0.0.79 () {32 vars in 815 bytes} [Tue Jun 30 19:17:55 2026] GET /resource_providers/f6ee41af-0ad8-4b3c-876a-7fab56ae6eaf/aggregates => generated 235 bytes in 8 msecs (HTTP/1.1 404) 5 headers in 202 bytes (1 switches on core 0)
2026-06-30 19:17:55.564 7 INFO placement.requestlog [None req-7e9171bb-de00-4a6c-96c6-b09a57f4570a d4a34050d58d41f1b81a255486c5a81c 93049884d87645a4bf7403e3a649eda2 - - 1df74edb08e74059b2f76134935a192b 1df74edb08e74059b2f76134935a192b] 10.0.0.79 "DELETE /resource_providers/f6ee41af-0ad8-4b3c-876a-7fab56ae6eaf" status: 404 len: 246 microversion: 1.1 [pid: 7|app: 0|req: 625/1244] 10.0.0.79 () {34 vars in 815 bytes} [Tue Jun 30 19:17:55 2026] DELETE /resource_providers/f6ee41af-0ad8-4b3c-876a-7fab56ae6eaf => generated 246 bytes in 9 msecs (HTTP/1.1 404) 6 headers in 231 bytes (1 switches on core 0)
2026-06-30 19:17:57.994 8 INFO placement.requestlog [None req-4bf3be98-31e5-4044-8c4e-6d7ae9af9c24 - - - - - -] 10.0.0.169 "GET /" status: 200 len: 136 microversion: 1.0
2026-06-30 19:17:57.996 7 INFO placement.requestlog [None req-93f2bcd9-fbf1-46ca-b6ae-9fc989cbee82 - - - - - -] 10.0.0.169 "GET /" status: 200 len: 136 microversion: 1.0
2026-06-30 19:18:07.994 7 INFO placement.requestlog [None req-4cdfe8be-a177-4f46-9a86-dcf8ecd145c4 - - - - - -] 10.0.0.169 "GET /" status: 200 len: 136 microversion: 1.0
2026-06-30 19:18:07.995 8 INFO placement.requestlog [None req-062635b2-bb8f-41f7-ab88-9e179e385dda - - - - - -] 10.0.0.169 "GET /" status: 200 len: 136 microversion: 1.0
2026-06-30 19:18:17.723 7 INFO placement.requestlog [None req-0e4d161f-608b-478c-be6d-9fc8832328aa d4a34050d58d41f1b81a255486c5a81c 93049884d87645a4bf7403e3a649eda2 - - 1df74edb08e74059b2f76134935a192b 1df74edb08e74059b2f76134935a192b] 10.0.0.79 "GET /resource_providers/d6b73a61-f9d3-4f69-a1fd-269ae1e639ff/aggregates" status: 404 len: 235 microversion: 1.1 [pid: 7|app: 0|req: 628/1249] 10.0.0.79 () {32 vars in 815 bytes} [Tue Jun 30 19:18:17 2026] GET /resource_providers/d6b73a61-f9d3-4f69-a1fd-269ae1e639ff/aggregates => generated 235 bytes in 7 msecs (HTTP/1.1 404) 5 headers in 202 bytes (1 switches on core 0)
2026-06-30 19:18:17.730 8 INFO placement.requestlog [None req-0d1806e1-364f-4dcf-b7cb-0d2452d3bbe5 d4a34050d58d41f1b81a255486c5a81c 93049884d87645a4bf7403e3a649eda2 - - 1df74edb08e74059b2f76134935a192b 1df74edb08e74059b2f76134935a192b] 10.0.0.79 "GET /resource_providers/d6b73a61-f9d3-4f69-a1fd-269ae1e639ff/aggregates" status: 404 len: 235 microversion: 1.1 [pid: 8|app: 0|req: 622/1250] 10.0.0.79 () {32 vars in 815 bytes} [Tue Jun 30 19:18:17 2026] GET /resource_providers/d6b73a61-f9d3-4f69-a1fd-269ae1e639ff/aggregates => generated 235 bytes in 10 msecs (HTTP/1.1 404) 5 headers in 202 bytes (1 switches on core 0)
2026-06-30 19:18:17.741 7 INFO placement.requestlog [None req-a3a23027-846b-44de-884b-734104a6e322 d4a34050d58d41f1b81a255486c5a81c 93049884d87645a4bf7403e3a649eda2 - - 1df74edb08e74059b2f76134935a192b 1df74edb08e74059b2f76134935a192b] 10.0.0.79 "DELETE /resource_providers/d6b73a61-f9d3-4f69-a1fd-269ae1e639ff" status: 404 len: 246 microversion: 1.1 [pid: 7|app: 0|req: 629/1251] 10.0.0.79 () {34 vars in 815 bytes} [Tue Jun 30 19:18:17 2026] DELETE /resource_providers/d6b73a61-f9d3-4f69-a1fd-269ae1e639ff => generated 246 bytes in 7 msecs (HTTP/1.1 404) 6 headers in 231 bytes (1 switches on core 0)
2026-06-30 19:18:17.752 8 INFO placement.requestlog [None req-76463c85-71eb-4e2f-b691-0a9fd4ecae99 d4a34050d58d41f1b81a255486c5a81c 93049884d87645a4bf7403e3a649eda2 - - 1df74edb08e74059b2f76134935a192b 1df74edb08e74059b2f76134935a192b] 10.0.0.79 "DELETE /resource_providers/d6b73a61-f9d3-4f69-a1fd-269ae1e639ff" status: 404 len: 246 microversion: 1.1 [pid: 8|app: 0|req: 623/1252] 10.0.0.79 () {34 vars in 815 bytes} [Tue Jun 30 19:18:17 2026] DELETE /resource_providers/d6b73a61-f9d3-4f69-a1fd-269ae1e639ff => generated 246 bytes in 9 msecs (HTTP/1.1 404) 6 headers in 231 bytes (1 switches on core 0)
2026-06-30 19:18:17.994 7 INFO placement.requestlog [None req-4133d842-59ea-4485-8682-77ed115ba2ed - - - - - -] 10.0.0.169 "GET /" status: 200 len: 136 microversion: 1.0
2026-06-30 19:18:17.995 8 INFO placement.requestlog [None req-c4d1342b-76ba-4d86-9fce-6f2353f98cb0 - - - - - -] 10.0.0.169 "GET /" status: 200 len: 136 microversion: 1.0
2026-06-30 19:18:25.779 7 INFO placement.requestlog [None req-064a8cc7-2206-4d9d-924b-409de701f045 d4a34050d58d41f1b81a255486c5a81c 93049884d87645a4bf7403e3a649eda2 - - 1df74edb08e74059b2f76134935a192b 1df74edb08e74059b2f76134935a192b] 10.0.0.79 "GET /resource_providers/d21307dd-4fe3-49aa-a22b-5b5f40c20077/aggregates" status: 404 len: 235 microversion: 1.1 [pid: 7|app: 0|req: 631/1255] 10.0.0.79 () {32 vars in 815 bytes} [Tue Jun 30 19:18:25 2026] GET /resource_providers/d21307dd-4fe3-49aa-a22b-5b5f40c20077/aggregates => generated 235 bytes in 8 msecs (HTTP/1.1 404) 5 headers in 202 bytes (1 switches on core 0)
2026-06-30 19:18:25.780 8 INFO placement.requestlog [None req-2e9de67c-0685-4456-8df3-fd1c2d4c026c d4a34050d58d41f1b81a255486c5a81c 93049884d87645a4bf7403e3a649eda2 - - 1df74edb08e74059b2f76134935a192b 1df74edb08e74059b2f76134935a192b] 10.0.0.79 "GET /resource_providers/d21307dd-4fe3-49aa-a22b-5b5f40c20077/aggregates" status: 404 len: 235 microversion: 1.1 [pid: 8|app: 0|req: 625/1256] 10.0.0.79 () {32 vars in 815 bytes} [Tue Jun 30 19:18:25 2026] GET /resource_providers/d21307dd-4fe3-49aa-a22b-5b5f40c20077/aggregates => generated 235 bytes in 8 msecs (HTTP/1.1 404) 5 headers in 202 bytes (1 switches on core 0)
2026-06-30 19:18:25.799 7 INFO placement.requestlog [None req-12feb6f8-5cf3-417d-a58b-f8eb5d3b1515 d4a34050d58d41f1b81a255486c5a81c 93049884d87645a4bf7403e3a649eda2 - - 1df74edb08e74059b2f76134935a192b 1df74edb08e74059b2f76134935a192b] 10.0.0.79 "DELETE /resource_providers/d21307dd-4fe3-49aa-a22b-5b5f40c20077" status: 404 len: 246 microversion: 1.1 [pid: 7|app: 0|req: 632/1257] 10.0.0.79 () {34 vars in 815 bytes} [Tue Jun 30 19:18:25 2026] DELETE /resource_providers/d21307dd-4fe3-49aa-a22b-5b5f40c20077 => generated 246 bytes in 9 msecs (HTTP/1.1 404) 6 headers in 231 bytes (1 switches on core 0)
2026-06-30 19:18:25.801 8 INFO placement.requestlog [None req-f683139b-21d2-4082-ba92-74837b1df549 d4a34050d58d41f1b81a255486c5a81c 93049884d87645a4bf7403e3a649eda2 - - 1df74edb08e74059b2f76134935a192b 1df74edb08e74059b2f76134935a192b] 10.0.0.79 "DELETE /resource_providers/d21307dd-4fe3-49aa-a22b-5b5f40c20077" status: 404 len: 246 microversion: 1.1 [pid: 8|app: 0|req: 626/1258] 10.0.0.79 () {34 vars in 815 bytes} [Tue Jun 30 19:18:25 2026] DELETE /resource_providers/d21307dd-4fe3-49aa-a22b-5b5f40c20077 => generated 246 bytes in 9 msecs (HTTP/1.1 404) 6 headers in 231 bytes (1 switches on core 0)
2026-06-30 19:18:27.995 7 INFO placement.requestlog [None req-82ede1ac-8c4e-41bc-bbb5-a3a5bd010c6b - - - - - -] 10.0.0.169 "GET /" status: 200 len: 136 microversion: 1.0
2026-06-30 19:18:27.996 8 INFO placement.requestlog [None req-e6ae4f40-5304-4357-9c72-24a3e235907b - - - - - -] 10.0.0.169 "GET /" status: 200 len: 136 microversion: 1.0
2026-06-30 19:18:31.933 7 INFO placement.requestlog [None req-c9871d93-aad5-42db-bdaf-5ca729bd0a8e d4a34050d58d41f1b81a255486c5a81c 93049884d87645a4bf7403e3a649eda2 - - 1df74edb08e74059b2f76134935a192b 1df74edb08e74059b2f76134935a192b] 10.0.0.79 "GET /resource_providers/67be1fc9-ac72-4e06-a263-cc3e721bedce/aggregates" status: 404 len: 235 microversion: 1.1 [pid: 7|app: 0|req: 634/1261] 10.0.0.79 () {32 vars in 815 bytes} [Tue Jun 30 19:18:31 2026] GET /resource_providers/67be1fc9-ac72-4e06-a263-cc3e721bedce/aggregates => generated 235 bytes in 12 msecs (HTTP/1.1 404) 5 headers in 202 bytes (1 switches on core 0)
2026-06-30 19:18:31.938 8 INFO placement.requestlog [None req-1db96cbb-75f1-4f21-9eb5-d26954019cd8 d4a34050d58d41f1b81a255486c5a81c 93049884d87645a4bf7403e3a649eda2 - - 1df74edb08e74059b2f76134935a192b 1df74edb08e74059b2f76134935a192b] 10.0.0.79 "GET /resource_providers/67be1fc9-ac72-4e06-a263-cc3e721bedce/aggregates" status: 404 len: 235 microversion: 1.1 [pid: 8|app: 0|req: 628/1262] 10.0.0.79 () {32 vars in 815 bytes} [Tue Jun 30 19:18:31 2026] GET /resource_providers/67be1fc9-ac72-4e06-a263-cc3e721bedce/aggregates => generated 235 bytes in 12 msecs (HTTP/1.1 404) 5 headers in 202 bytes (1 switches on core 0)
2026-06-30 19:18:31.958 8 INFO placement.requestlog [None req-ef70af1e-7f36-4eca-8647-a5034b511588 d4a34050d58d41f1b81a255486c5a81c 93049884d87645a4bf7403e3a649eda2 - - 1df74edb08e74059b2f76134935a192b 1df74edb08e74059b2f76134935a192b] 10.0.0.79 "DELETE /resource_providers/67be1fc9-ac72-4e06-a263-cc3e721bedce" status: 404 len: 246 microversion: 1.1 [pid: 8|app: 0|req: 629/1263] 10.0.0.79 () {34 vars in 815 bytes} [Tue Jun 30 19:18:31 2026] DELETE /resource_providers/67be1fc9-ac72-4e06-a263-cc3e721bedce => generated 246 bytes in 9 msecs (HTTP/1.1 404) 6 headers in 231 bytes (1 switches on core 0)
2026-06-30 19:18:31.962 7 INFO placement.requestlog [None req-2cf756ab-26f5-4f8e-a4a6-028fc44b0b9e d4a34050d58d41f1b81a255486c5a81c 93049884d87645a4bf7403e3a649eda2 - - 1df74edb08e74059b2f76134935a192b 1df74edb08e74059b2f76134935a192b] 10.0.0.79 "DELETE /resource_providers/67be1fc9-ac72-4e06-a263-cc3e721bedce" status: 404 len: 246 microversion: 1.1 [pid: 7|app: 0|req: 635/1264] 10.0.0.79 () {34 vars in 815 bytes} [Tue Jun 30 19:18:31 2026] DELETE /resource_providers/67be1fc9-ac72-4e06-a263-cc3e721bedce => generated 246 bytes in 14 msecs (HTTP/1.1 404) 6 headers in 231 bytes (1 switches on core 0)
2026-06-30 19:18:37.031 8 INFO placement.requestlog [req-25ebddc0-9c7d-4e35-96cd-cf9a45ff8ff5 req-dbefb43b-30d4-4011-8850-316a85f38498 29bd7c3765c2481c9c5bec49c2e9b196 93049884d87645a4bf7403e3a649eda2 - - 1df74edb08e74059b2f76134935a192b 1df74edb08e74059b2f76134935a192b] 199.204.45.89 "GET /resource_providers/4b811ac6-7bb1-45eb-9c9d-09b832867729/allocations" status: 200 len: 55 microversion: 1.0 [pid: 8|app: 0|req: 630/1265] 199.204.45.89 () {32 vars in 856 bytes} [Tue Jun 30 19:18:37 2026] GET /resource_providers/4b811ac6-7bb1-45eb-9c9d-09b832867729/allocations => generated 55 bytes in 12 msecs (HTTP/1.1 200) 6 headers in 223 bytes (1 switches on core 0)
2026-06-30 19:18:37.053 7 INFO placement.requestlog [req-25ebddc0-9c7d-4e35-96cd-cf9a45ff8ff5 req-c20e26ec-77ac-4814-975a-e1466645731f 29bd7c3765c2481c9c5bec49c2e9b196 93049884d87645a4bf7403e3a649eda2 - - 1df74edb08e74059b2f76134935a192b 1df74edb08e74059b2f76134935a192b] 199.204.45.89 "GET /resource_providers/4b811ac6-7bb1-45eb-9c9d-09b832867729/allocations" status: 200 len: 55 microversion: 1.0 [pid: 7|app: 0|req: 636/1266] 199.204.45.89 () {32 vars in 856 bytes} [Tue Jun 30 19:18:37 2026] GET /resource_providers/4b811ac6-7bb1-45eb-9c9d-09b832867729/allocations => generated 55 bytes in 9 msecs (HTTP/1.1 200) 6 headers in 223 bytes (1 switches on core 0)
2026-06-30 19:18:37.092 8 INFO placement.requestlog [None req-553e5138-9e55-4f78-a138-3029109d74cf d4a34050d58d41f1b81a255486c5a81c 93049884d87645a4bf7403e3a649eda2 - - 1df74edb08e74059b2f76134935a192b 1df74edb08e74059b2f76134935a192b] 10.0.0.79 "GET /resource_providers/4405b7c7-5231-4307-b9ac-57109eb6a1ba/aggregates" status: 404 len: 235 microversion: 1.1 [pid: 8|app: 0|req: 631/1267] 10.0.0.79 () {32 vars in 815 bytes} [Tue Jun 30 19:18:37 2026] GET /resource_providers/4405b7c7-5231-4307-b9ac-57109eb6a1ba/aggregates => generated 235 bytes in 8 msecs (HTTP/1.1 404) 5 headers in 202 bytes (1 switches on core 0)
2026-06-30 19:18:37.097 7 INFO placement.requestlog [None req-affd2bfa-5d43-4cd0-8610-fe5854b29d77 d4a34050d58d41f1b81a255486c5a81c 93049884d87645a4bf7403e3a649eda2 - - 1df74edb08e74059b2f76134935a192b 1df74edb08e74059b2f76134935a192b] 10.0.0.79 "GET /resource_providers/4405b7c7-5231-4307-b9ac-57109eb6a1ba/aggregates" status: 404 len: 235 microversion: 1.1 [pid: 7|app: 0|req: 637/1268] 10.0.0.79 () {32 vars in 815 bytes} [Tue Jun 30 19:18:37 2026] GET /resource_providers/4405b7c7-5231-4307-b9ac-57109eb6a1ba/aggregates => generated 235 bytes in 8 msecs (HTTP/1.1 404) 5 headers in 202 bytes (1 switches on core 0)
2026-06-30 19:18:37.115 8 INFO placement.requestlog [None req-d2764f3d-8b62-4fa6-972f-e9fac1913372 d4a34050d58d41f1b81a255486c5a81c 93049884d87645a4bf7403e3a649eda2 - - 1df74edb08e74059b2f76134935a192b 1df74edb08e74059b2f76134935a192b] 10.0.0.79 "DELETE /resource_providers/4405b7c7-5231-4307-b9ac-57109eb6a1ba" status: 404 len: 246 microversion: 1.1 [pid: 8|app: 0|req: 632/1269] 10.0.0.79 () {34 vars in 815 bytes} [Tue Jun 30 19:18:37 2026] DELETE /resource_providers/4405b7c7-5231-4307-b9ac-57109eb6a1ba => generated 246 bytes in 8 msecs (HTTP/1.1 404) 6 headers in 231 bytes (1 switches on core 0)
2026-06-30 19:18:37.119 7 INFO placement.requestlog [None req-d85dff00-8be6-49f5-a507-167fe69f464a d4a34050d58d41f1b81a255486c5a81c 93049884d87645a4bf7403e3a649eda2 - - 1df74edb08e74059b2f76134935a192b 1df74edb08e74059b2f76134935a192b] 10.0.0.79 "DELETE /resource_providers/4405b7c7-5231-4307-b9ac-57109eb6a1ba" status: 404 len: 246 microversion: 1.1 [pid: 7|app: 0|req: 638/1270] 10.0.0.79 () {34 vars in 815 bytes} [Tue Jun 30 19:18:37 2026] DELETE /resource_providers/4405b7c7-5231-4307-b9ac-57109eb6a1ba => generated 246 bytes in 8 msecs (HTTP/1.1 404) 6 headers in 231 bytes (1 switches on core 0)
2026-06-30 19:18:37.242 7 INFO placement.requestlog [None req-8c23e98d-d17e-4075-a186-daeb27c800a4 d4a34050d58d41f1b81a255486c5a81c 93049884d87645a4bf7403e3a649eda2 - - 1df74edb08e74059b2f76134935a192b 1df74edb08e74059b2f76134935a192b] 10.0.0.79 "GET /resource_providers/a760d8ad-acc5-45a6-98a8-031a060ffe97/aggregates" status: 404 len: 235 microversion: 1.1 [pid: 7|app: 0|req: 639/1271] 10.0.0.79 () {32 vars in 815 bytes} [Tue Jun 30 19:18:37 2026] GET /resource_providers/a760d8ad-acc5-45a6-98a8-031a060ffe97/aggregates => generated 235 bytes in 8 msecs (HTTP/1.1 404) 5 headers in 202 bytes (1 switches on core 0)
2026-06-30 19:18:37.244 8 INFO placement.requestlog [None req-3acc5e42-888e-449c-9b52-cc07c94d3475 d4a34050d58d41f1b81a255486c5a81c 93049884d87645a4bf7403e3a649eda2 - - 1df74edb08e74059b2f76134935a192b 1df74edb08e74059b2f76134935a192b] 10.0.0.79 "GET /resource_providers/a760d8ad-acc5-45a6-98a8-031a060ffe97/aggregates" status: 404 len: 235 microversion: 1.1 [pid: 8|app: 0|req: 633/1272] 10.0.0.79 () {32 vars in 815 bytes} [Tue Jun 30 19:18:37 2026] GET /resource_providers/a760d8ad-acc5-45a6-98a8-031a060ffe97/aggregates => generated 235 bytes in 10 msecs (HTTP/1.1 404) 5 headers in 202 bytes (1 switches on core 0)
2026-06-30 19:18:37.258 7 INFO placement.requestlog [None req-7f45dc98-eea3-4fec-8091-a82b703ea20a d4a34050d58d41f1b81a255486c5a81c 93049884d87645a4bf7403e3a649eda2 - - 1df74edb08e74059b2f76134935a192b 1df74edb08e74059b2f76134935a192b] 10.0.0.79 "DELETE /resource_providers/a760d8ad-acc5-45a6-98a8-031a060ffe97" status: 404 len: 246 microversion: 1.1 [pid: 7|app: 0|req: 640/1273] 10.0.0.79 () {34 vars in 815 bytes} [Tue Jun 30 19:18:37 2026] DELETE /resource_providers/a760d8ad-acc5-45a6-98a8-031a060ffe97 => generated 246 bytes in 6 msecs (HTTP/1.1 404) 6 headers in 231 bytes (1 switches on core 0)
2026-06-30 19:18:37.264 8 INFO placement.requestlog [None req-8e546b93-9875-4e84-8ce6-dcf6a10ba48d d4a34050d58d41f1b81a255486c5a81c 93049884d87645a4bf7403e3a649eda2 - - 1df74edb08e74059b2f76134935a192b 1df74edb08e74059b2f76134935a192b] 10.0.0.79 "DELETE /resource_providers/a760d8ad-acc5-45a6-98a8-031a060ffe97" status: 404 len: 246 microversion: 1.1 [pid: 8|app: 0|req: 634/1274] 10.0.0.79 () {34 vars in 815 bytes} [Tue Jun 30 19:18:37 2026] DELETE /resource_providers/a760d8ad-acc5-45a6-98a8-031a060ffe97 => generated 246 bytes in 10 msecs (HTTP/1.1 404) 6 headers in 231 bytes (1 switches on core 0)
2026-06-30 19:18:37.994 8 INFO placement.requestlog [None req-63b2c559-64c8-4407-b9c4-0f7c7815a9f8 - - - - - -] 10.0.0.169 "GET /" status: 200 len: 136 microversion: 1.0
2026-06-30 19:18:37.994 7 INFO placement.requestlog [None req-828d5b44-1f7f-4915-b4fc-116663a6fea2 - - - - - -] 10.0.0.169 "GET /" status: 200 len: 136 microversion: 1.0
2026-06-30 19:18:47.994 8 INFO placement.requestlog [None req-efe3446e-acae-44da-b18e-cb1cab57bfa7 - - - - - -] 10.0.0.169 "GET /" status: 200 len: 136 microversion: 1.0
2026-06-30 19:18:47.994 7 INFO placement.requestlog [None req-3e432731-bcfd-4181-a7ea-d2e26d0cab66 - - - - - -] 10.0.0.169 "GET /" status: 200 len: 136 microversion: 1.0
2026-06-30 19:18:57.994 7 INFO placement.requestlog [None req-9f54c94f-2777-42fe-af74-4f012a6bf641 - - - - - -] 10.0.0.169 "GET /" status: 200 len: 136 microversion: 1.0
2026-06-30 19:18:57.995 8 INFO placement.requestlog [None req-e211f5fe-7e02-4fbd-a51e-269d0859b4f6 - - - - - -] 10.0.0.169 "GET /" status: 200 len: 136 microversion: 1.0
2026-06-30 19:19:07.994 7 INFO placement.requestlog [None req-0d96e26c-8a59-461b-bb3b-c3b6a352a427 - - - - - -] 10.0.0.169 "GET /" status: 200 len: 136 microversion: 1.0
2026-06-30 19:19:07.995 8 INFO placement.requestlog [None req-e054d001-5d4b-40fa-8c1b-b955ea4b1668 - - - - - -] 10.0.0.169 "GET /" status: 200 len: 136 microversion: 1.0
2026-06-30 19:19:17.995 7 INFO placement.requestlog [None req-17124f9f-baee-41a7-83c5-e1e111fe35b9 - - - - - -] 10.0.0.169 "GET /" status: 200 len: 136 microversion: 1.0
2026-06-30 19:19:17.996 8 INFO placement.requestlog [None req-46a56c5a-902f-4f9f-b0c9-901835a9ba9e - - - - - -] 10.0.0.169 "GET /" status: 200 len: 136 microversion: 1.0
2026-06-30 19:19:27.994 8 INFO placement.requestlog [None req-f30dfcfc-46f8-4c22-b25f-c30f738ccf3f - - - - - -] 10.0.0.169 "GET /" status: 200 len: 136 microversion: 1.0
2026-06-30 19:19:27.994 7 INFO placement.requestlog [None req-69cc3fd6-adad-4dd2-b426-af25a5e45c61 - - - - - -] 10.0.0.169 "GET /" status: 200 len: 136 microversion: 1.0
2026-06-30 19:19:37.442 8 INFO placement.requestlog [req-f8bfa38d-cbb7-4a6d-bba9-ba561b9d3d68 req-e5492fed-0ed9-41b5-bcf8-e4399e2ad262 29bd7c3765c2481c9c5bec49c2e9b196 93049884d87645a4bf7403e3a649eda2 - - 1df74edb08e74059b2f76134935a192b 1df74edb08e74059b2f76134935a192b] 199.204.45.89 "GET /resource_providers/4b811ac6-7bb1-45eb-9c9d-09b832867729/allocations" status: 200 len: 55 microversion: 1.0 [pid: 8|app: 0|req: 641/1287] 199.204.45.89 () {32 vars in 856 bytes} [Tue Jun 30 19:19:37 2026] GET /resource_providers/4b811ac6-7bb1-45eb-9c9d-09b832867729/allocations => generated 55 bytes in 16 msecs (HTTP/1.1 200) 6 headers in 223 bytes (1 switches on core 0)
2026-06-30 19:19:37.469 7 INFO placement.requestlog [req-f8bfa38d-cbb7-4a6d-bba9-ba561b9d3d68 req-ee214349-0ff8-4bc7-967f-88d7a95e073d 29bd7c3765c2481c9c5bec49c2e9b196 93049884d87645a4bf7403e3a649eda2 - - 1df74edb08e74059b2f76134935a192b 1df74edb08e74059b2f76134935a192b] 199.204.45.89 "GET /resource_providers/4b811ac6-7bb1-45eb-9c9d-09b832867729/allocations" status: 200 len: 55 microversion: 1.0 [pid: 7|app: 0|req: 647/1288] 199.204.45.89 () {32 vars in 856 bytes} [Tue Jun 30 19:19:37 2026] GET /resource_providers/4b811ac6-7bb1-45eb-9c9d-09b832867729/allocations => generated 55 bytes in 19 msecs (HTTP/1.1 200) 6 headers in 223 bytes (1 switches on core 0)
2026-06-30 19:19:37.994 8 INFO placement.requestlog [None req-178839b1-5b79-43e7-9bf5-d920e88d5dc6 - - - - - -] 10.0.0.169 "GET /" status: 200 len: 136 microversion: 1.0
2026-06-30 19:19:37.994 7 INFO placement.requestlog [None req-4716c6c6-cf7f-4fb7-9c0f-47e1715f324c - - - - - -] 10.0.0.169 "GET /" status: 200 len: 136 microversion: 1.0
2026-06-30 19:19:47.994 8 INFO placement.requestlog [None req-310c230d-7d79-4504-8d46-ba2b5d43851a - - - - - -] 10.0.0.169 "GET /" status: 200 len: 136 microversion: 1.0
2026-06-30 19:19:47.995 7 INFO placement.requestlog [None req-f25b3dac-264e-4127-a34b-25eeae5efb90 - - - - - -] 10.0.0.169 "GET /" status: 200 len: 136 microversion: 1.0
2026-06-30 19:19:57.994 7 INFO placement.requestlog [None req-77799fd1-e418-466d-8262-48a0c73c7942 - - - - - -] 10.0.0.169 "GET /" status: 200 len: 136 microversion: 1.0
2026-06-30 19:19:57.994 8 INFO placement.requestlog [None req-12ef609b-85c2-4636-8379-e273caf92b38 - - - - - -] 10.0.0.169 "GET /" status: 200 len: 136 microversion: 1.0
2026-06-30 19:20:07.994 7 INFO placement.requestlog [None req-5a7f8520-9787-48b2-bff4-230e21262a1f - - - - - -] 10.0.0.169 "GET /" status: 200 len: 136 microversion: 1.0
2026-06-30 19:20:07.994 8 INFO placement.requestlog [None req-0dfec2e1-bd08-43e8-a711-36669da73a2c - - - - - -] 10.0.0.169 "GET /" status: 200 len: 136 microversion: 1.0
2026-06-30 19:20:17.993 7 INFO placement.requestlog [None req-f5a2c460-0930-4288-ba12-2aa0d765dc34 - - - - - -] 10.0.0.169 "GET /" status: 200 len: 136 microversion: 1.0
2026-06-30 19:20:17.993 8 INFO placement.requestlog [None req-e97d19c4-00d3-460a-aaa3-3126e81aacb6 - - - - - -] 10.0.0.169 "GET /" status: 200 len: 136 microversion: 1.0
2026-06-30 19:20:27.994 7 INFO placement.requestlog [None req-83b8ba6a-da31-4bbf-87e8-c2a08b10b53c - - - - - -] 10.0.0.169 "GET /" status: 200 len: 136 microversion: 1.0
2026-06-30 19:20:27.994 8 INFO placement.requestlog [None req-30b18483-9046-4800-a4c7-a555fdedd36e - - - - - -] 10.0.0.169 "GET /" status: 200 len: 136 microversion: 1.0
2026-06-30 19:20:37.994 7 INFO placement.requestlog [None req-da2b42ce-2e2b-458f-bd45-5fb8deeae20d - - - - - -] 10.0.0.169 "GET /" status: 200 len: 136 microversion: 1.0
2026-06-30 19:20:37.994 8 INFO placement.requestlog [None req-17153850-b5e5-4de9-a792-0fc01ff28a63 - - - - - -] 10.0.0.169 "GET /" status: 200 len: 136 microversion: 1.0
2026-06-30 19:20:38.327 7 INFO placement.requestlog [req-a9feb9e7-910e-44f1-afdd-1589a9a1edfb req-c39b941f-646b-4339-8d3e-fecac85b2f52 29bd7c3765c2481c9c5bec49c2e9b196 93049884d87645a4bf7403e3a649eda2 - - 1df74edb08e74059b2f76134935a192b 1df74edb08e74059b2f76134935a192b] 199.204.45.89 "GET /resource_providers/4b811ac6-7bb1-45eb-9c9d-09b832867729/allocations" status: 200 len: 55 microversion: 1.0 [pid: 7|app: 0|req: 655/1303] 199.204.45.89 () {32 vars in 856 bytes} [Tue Jun 30 19:20:38 2026] GET /resource_providers/4b811ac6-7bb1-45eb-9c9d-09b832867729/allocations => generated 55 bytes in 137 msecs (HTTP/1.1 200) 6 headers in 223 bytes (1 switches on core 0)
2026-06-30 19:20:38.353 8 INFO placement.requestlog [req-a9feb9e7-910e-44f1-afdd-1589a9a1edfb req-ee5d1ba1-a2c4-4571-b79c-55ca0a934b75 29bd7c3765c2481c9c5bec49c2e9b196 93049884d87645a4bf7403e3a649eda2 - - 1df74edb08e74059b2f76134935a192b 1df74edb08e74059b2f76134935a192b] 199.204.45.89 "GET /resource_providers?in_tree=4b811ac6-7bb1-45eb-9c9d-09b832867729" status: 200 len: 798 microversion: 1.14 [pid: 8|app: 0|req: 649/1304] 199.204.45.89 () {34 vars in 891 bytes} [Tue Jun 30 19:20:38 2026] GET /resource_providers?in_tree=4b811ac6-7bb1-45eb-9c9d-09b832867729 => generated 798 bytes in 20 msecs (HTTP/1.1 200) 6 headers in 225 bytes (1 switches on core 0)
2026-06-30 19:20:38.375 7 INFO placement.requestlog [req-a9feb9e7-910e-44f1-afdd-1589a9a1edfb req-77306c1a-3a81-4972-a2bb-5e685dd088ba 29bd7c3765c2481c9c5bec49c2e9b196 93049884d87645a4bf7403e3a649eda2 - - 1df74edb08e74059b2f76134935a192b 1df74edb08e74059b2f76134935a192b] 199.204.45.89 "GET /resource_providers/4b811ac6-7bb1-45eb-9c9d-09b832867729/inventories" status: 200 len: 401 microversion: 1.0 [pid: 7|app: 0|req: 656/1305] 199.204.45.89 () {32 vars in 856 bytes} [Tue Jun 30 19:20:38 2026] GET /resource_providers/4b811ac6-7bb1-45eb-9c9d-09b832867729/inventories => generated 401 bytes in 16 msecs (HTTP/1.1 200) 6 headers in 224 bytes (1 switches on core 0)
2026-06-30 19:20:38.393 8 INFO placement.requestlog [req-a9feb9e7-910e-44f1-afdd-1589a9a1edfb req-f47b2b52-ffef-427b-87ee-57a6c7495fe3 29bd7c3765c2481c9c5bec49c2e9b196 93049884d87645a4bf7403e3a649eda2 - - 1df74edb08e74059b2f76134935a192b 1df74edb08e74059b2f76134935a192b] 199.204.45.89 "GET /resource_providers/4b811ac6-7bb1-45eb-9c9d-09b832867729/aggregates" status: 200 len: 54 microversion: 1.19 [pid: 8|app: 0|req: 650/1306] 199.204.45.89 () {34 vars in 898 bytes} [Tue Jun 30 19:20:38 2026] GET /resource_providers/4b811ac6-7bb1-45eb-9c9d-09b832867729/aggregates => generated 54 bytes in 12 msecs (HTTP/1.1 200) 8 headers in 295 bytes (1 switches on core 0)
2026-06-30 19:20:38.421 7 INFO placement.requestlog [req-a9feb9e7-910e-44f1-afdd-1589a9a1edfb req-0e172206-6b89-4b29-8ce2-12f510b79b14 29bd7c3765c2481c9c5bec49c2e9b196 93049884d87645a4bf7403e3a649eda2 - - 1df74edb08e74059b2f76134935a192b 1df74edb08e74059b2f76134935a192b] 199.204.45.89 "GET /resource_providers/4b811ac6-7bb1-45eb-9c9d-09b832867729/traits" status: 200 len: 1978 microversion: 1.6 [pid: 7|app: 0|req: 657/1307] 199.204.45.89 () {34 vars in 889 bytes} [Tue Jun 30 19:20:38 2026] GET /resource_providers/4b811ac6-7bb1-45eb-9c9d-09b832867729/traits => generated 1978 bytes in 22 msecs (HTTP/1.1 200) 6 headers in 225 bytes (1 switches on core 0)
