2026-06-24 19:06:45.251 10 INFO neutron.wsgi [None req-0a49a0da-e377-47b9-ab80-8309c741954f 28d82d2d82424dc3a37f17f137dc5142 1de640f537e84787a20ddfa4432868b7 - - default default] 10.0.0.198 "DELETE /v2.0/ports/bddcc890-16c8-4460-a2e4-bb649ba561c0 HTTP/1.1" status: 204 len: 168 time: 0.7382441
2026-06-24 19:06:45.281 9 INFO neutron.wsgi [req-a629a63c-29c2-4572-b030-4849931409e6 req-faac8c9b-b371-4908-ab8c-1ddbb4319e81 b98f5e718a6f428d9989beb68e9c42db d50d56daebb140c4a1151c16108d9bf2 - - default default] 10.0.0.47 "GET /v2.0/ports?device_id=43461b4c-b93c-4c79-8512-8ae137971da1 HTTP/1.1" status: 200 len: 1170 time: 0.0723577
2026-06-24 19:06:45.341 9 INFO neutron.wsgi [req-a629a63c-29c2-4572-b030-4849931409e6 req-7fe59181-aa5a-45e9-9850-7bb2e77e9676 b98f5e718a6f428d9989beb68e9c42db d50d56daebb140c4a1151c16108d9bf2 - - default default] 10.0.0.47 "GET /v2.0/security-groups?id=0f492d1b-35c4-4fb2-9469-696b797482a1&fields=id&fields=name HTTP/1.1" status: 200 len: 312 time: 0.0451977
2026-06-24 19:06:45.373 9 INFO neutron.db.ovn_revision_numbers_db [None req-a93d7c23-903d-4be5-a954-9f933413b3f0 - - - - - -] Successfully bumped revision number for resource a7104033-b593-4e39-977e-c2023e5dc96f (type: ports) to 4
2026-06-24 19:06:45.395 10 INFO neutron.db.ovn_revision_numbers_db [None req-d5b7efee-8ec0-4974-ac69-776b8e74f5d8 39142b38949d415187cd72dbc0da633e 6893e52beb2d40968282f52e40b3304b - - default default] Successfully bumped revision number for resource 1d9cb655-cebb-4c2a-881f-220be3aee95c (type: networks) to 1
2026-06-24 19:06:45.592 10 WARNING neutron.scheduler.dhcp_agent_scheduler [None req-d5b7efee-8ec0-4974-ac69-776b8e74f5d8 39142b38949d415187cd72dbc0da633e 6893e52beb2d40968282f52e40b3304b - - default default] No more DHCP agents
2026-06-24 19:06:45.607 10 WARNING neutron.api.rpc.agentnotifiers.dhcp_rpc_agent_api [None req-d5b7efee-8ec0-4974-ac69-776b8e74f5d8 39142b38949d415187cd72dbc0da633e 6893e52beb2d40968282f52e40b3304b - - default default] Unable to schedule network 1d9cb655-cebb-4c2a-881f-220be3aee95c: no agents available; will retry on subsequent port and subnet creation events. /var/lib/openstack/lib/python3.10/site-packages/pycadf/identifier.py:71: UserWarning: Invalid uuid: neutron. To ensure interoperability, identifiers should be a valid uuid. warnings.warn(('Invalid uuid: %s. To ensure interoperability, '
2026-06-24 19:06:45.705 10 INFO neutron.wsgi [None req-28134f25-f830-4630-a3f2-d8e9a096311c 28d82d2d82424dc3a37f17f137dc5142 1de640f537e84787a20ddfa4432868b7 - - default default] 10.0.0.198 "DELETE /v2.0/ports/408d7a86-024e-4d11-bcb9-73516c8574f1 HTTP/1.1" status: 204 len: 168 time: 0.4478936
2026-06-24 19:06:45.716 10 INFO neutron.db.ovn_revision_numbers_db [None req-d5b7efee-8ec0-4974-ac69-776b8e74f5d8 39142b38949d415187cd72dbc0da633e 6893e52beb2d40968282f52e40b3304b - - default default] Successfully bumped revision number for resource 37568d8a-f680-4a4a-96e9-c092420c7184 (type: ports) to 1
2026-06-24 19:06:45.745 10 INFO neutron.wsgi [None req-d5b7efee-8ec0-4974-ac69-776b8e74f5d8 39142b38949d415187cd72dbc0da633e 6893e52beb2d40968282f52e40b3304b - - default default] 10.0.0.198 "POST /v2.0/networks HTTP/1.1" status: 201 len: 835 time: 0.7170727
2026-06-24 19:06:45.759 9 WARNING neutron_lib.context [None req-17bc9fd6-3b42-4bb9-ae9e-17115028459a 39142b38949d415187cd72dbc0da633e 6893e52beb2d40968282f52e40b3304b - - default default] Method 'is_advsvc' is deprecated since 2023.2 release (neutron-lib 3.8.0) and will be removed once support for the old RBAC API policies will be removed from Neutron. Please use method 'is_service_role' instead.
2026-06-24 19:06:45.798 10 INFO neutron.wsgi [None req-ec95a068-205f-431b-871b-cc774dd03f56 28d82d2d82424dc3a37f17f137dc5142 1de640f537e84787a20ddfa4432868b7 - - default default] 10.0.0.198 "GET /v2.0/ports?device_id=fe483b21-1792-4dd6-b27d-c0e0216999a1 HTTP/1.1" status: 200 len: 1140 time: 0.0887787
2026-06-24 19:06:45.913 9 INFO neutron.db.ovn_revision_numbers_db [None req-44d3912a-2054-4095-997d-6bf966396026 a8a7de7117fb409b9a502b48744ef2cf f8b25b63beb84fa2ada4f999d2568fdb - - default default] Successfully bumped revision number for resource c97d41a7-0c23-4cef-9d54-acbb0ace46c5 (type: security_groups) to 1
2026-06-24 19:06:45.946 9 INFO neutron.db.ovn_revision_numbers_db [None req-44d3912a-2054-4095-997d-6bf966396026 a8a7de7117fb409b9a502b48744ef2cf f8b25b63beb84fa2ada4f999d2568fdb - - default default] Successfully bumped revision number for resource 293cdff6-799d-4736-a389-4fa57912ef23 (type: security_group_rules) to 0
2026-06-24 19:06:45.982 9 INFO neutron.db.ovn_revision_numbers_db [None req-44d3912a-2054-4095-997d-6bf966396026 a8a7de7117fb409b9a502b48744ef2cf f8b25b63beb84fa2ada4f999d2568fdb - - default default] Successfully bumped revision number for resource 80c7e1ec-3334-45f5-9185-f1abac931516 (type: security_group_rules) to 0
2026-06-24 19:06:46.009 9 INFO neutron.db.ovn_revision_numbers_db [None req-44d3912a-2054-4095-997d-6bf966396026 a8a7de7117fb409b9a502b48744ef2cf f8b25b63beb84fa2ada4f999d2568fdb - - default default] Successfully bumped revision number for resource 954c562d-c13d-44ef-b5bf-20153df9bcb0 (type: security_group_rules) to 0
2026-06-24 19:06:46.043 9 INFO neutron.db.ovn_revision_numbers_db [None req-44d3912a-2054-4095-997d-6bf966396026 a8a7de7117fb409b9a502b48744ef2cf f8b25b63beb84fa2ada4f999d2568fdb - - default default] Successfully bumped revision number for resource 96839dc2-b11c-408a-bc30-c8d20066e98d (type: security_group_rules) to 0
2026-06-24 19:06:46.096 9 INFO neutron.wsgi [None req-44d3912a-2054-4095-997d-6bf966396026 a8a7de7117fb409b9a502b48744ef2cf f8b25b63beb84fa2ada4f999d2568fdb - - default default] 10.0.0.198 "GET /v2.0/security-groups?tenant_id=abf6a255a8404ad98cabc9ba5b494caa&name=default HTTP/1.1" status: 200 len: 2996 time: 0.5735703
2026-06-24 19:06:46.161 9 WARNING neutron.scheduler.dhcp_agent_scheduler [None req-17bc9fd6-3b42-4bb9-ae9e-17115028459a 39142b38949d415187cd72dbc0da633e 6893e52beb2d40968282f52e40b3304b - - default default] No more DHCP agents
2026-06-24 19:06:46.164 9 WARNING neutron.api.rpc.agentnotifiers.dhcp_rpc_agent_api [None req-17bc9fd6-3b42-4bb9-ae9e-17115028459a 39142b38949d415187cd72dbc0da633e 6893e52beb2d40968282f52e40b3304b - - default default] Unable to schedule network 1d9cb655-cebb-4c2a-881f-220be3aee95c: no agents available; will retry on subsequent port and subnet creation events.
2026-06-24 19:06:46.221 9 INFO neutron.notifiers.nova [-] Nova event matching ['req-4ea097ec-2524-466b-8bc1-e41159301ae9'] response: {'server_uuid': '43461b4c-b93c-4c79-8512-8ae137971da1', 'name': 'network-vif-plugged', 'status': 'completed', 'tag': 'a7104033-b593-4e39-977e-c2023e5dc96f', 'code': 200}
2026-06-24 19:06:46.221 9 INFO neutron.notifiers.nova [-] Nova event matching ['req-4ea097ec-2524-466b-8bc1-e41159301ae9'] response: {'server_uuid': '43461b4c-b93c-4c79-8512-8ae137971da1', 'name': 'network-vif-plugged', 'status': 'completed', 'tag': 'a7104033-b593-4e39-977e-c2023e5dc96f', 'code': 200}
2026-06-24 19:06:46.223 9 INFO neutron.db.ovn_revision_numbers_db [None req-17bc9fd6-3b42-4bb9-ae9e-17115028459a 39142b38949d415187cd72dbc0da633e 6893e52beb2d40968282f52e40b3304b - - default default] Successfully bumped revision number for resource bf3ceb09-7ecb-4a24-a66e-50ace08220f4 (type: subnets) to 0
2026-06-24 19:06:46.244 9 INFO neutron.wsgi [None req-17bc9fd6-3b42-4bb9-ae9e-17115028459a 39142b38949d415187cd72dbc0da633e 6893e52beb2d40968282f52e40b3304b - - default default] 10.0.0.198 "POST /v2.0/subnets HTTP/1.1" status: 201 len: 821 time: 0.4922564
2026-06-24 19:06:46.259 10 WARNING neutron_lib.context [None req-201cda1b-0299-4c20-9b27-6d0e8b259d95 39142b38949d415187cd72dbc0da633e 6893e52beb2d40968282f52e40b3304b - - default default] Method 'is_advsvc' is deprecated since 2023.2 release (neutron-lib 3.8.0) and will be removed once support for the old RBAC API policies will be removed from Neutron. Please use method 'is_service_role' instead.
2026-06-24 19:06:46.351 10 INFO neutron.wsgi [None req-7215b9e4-5860-4ea4-bb15-1aa224099388 a8a7de7117fb409b9a502b48744ef2cf f8b25b63beb84fa2ada4f999d2568fdb - - default default] 10.0.0.198 "DELETE /v2.0/security-groups/c97d41a7-0c23-4cef-9d54-acbb0ace46c5 HTTP/1.1" status: 204 len: 168 time: 0.2488527
2026-06-24 19:06:46.562 9 INFO neutron.wsgi [req-cfe2c602-9207-482c-872e-914d105c73d6 req-b6241552-f071-4f69-aca3-2dcb56af65b1 b98f5e718a6f428d9989beb68e9c42db d50d56daebb140c4a1151c16108d9bf2 - - default default] 10.0.0.47 "GET /v2.0/ports?device_id=43461b4c-b93c-4c79-8512-8ae137971da1 HTTP/1.1" status: 200 len: 1170 time: 0.1314013
2026-06-24 19:06:46.606 10 INFO neutron.db.ovn_revision_numbers_db [None req-b03ccca0-5525-4684-808e-f0e930f4b233 a8a7de7117fb409b9a502b48744ef2cf f8b25b63beb84fa2ada4f999d2568fdb - - default default] Successfully bumped revision number for resource 067f3200-d49f-4a7b-a3ca-f7b3452bdbe0 (type: security_groups) to 1
2026-06-24 19:06:46.623 9 INFO neutron.wsgi [req-cfe2c602-9207-482c-872e-914d105c73d6 req-c68b5a35-5dbf-4297-ae80-e5bdb68bf626 b98f5e718a6f428d9989beb68e9c42db d50d56daebb140c4a1151c16108d9bf2 - - default default] 10.0.0.47 "GET /v2.0/security-groups?id=0f492d1b-35c4-4fb2-9469-696b797482a1&fields=id&fields=name HTTP/1.1" status: 200 len: 312 time: 0.0469768
2026-06-24 19:06:46.630 10 INFO neutron.db.ovn_revision_numbers_db [None req-b03ccca0-5525-4684-808e-f0e930f4b233 a8a7de7117fb409b9a502b48744ef2cf f8b25b63beb84fa2ada4f999d2568fdb - - default default] Successfully bumped revision number for resource 4bfae49a-38c7-4e9f-a924-a34e2ad39028 (type: security_group_rules) to 0
2026-06-24 19:06:46.644 10 WARNING neutron.scheduler.dhcp_agent_scheduler [None req-201cda1b-0299-4c20-9b27-6d0e8b259d95 39142b38949d415187cd72dbc0da633e 6893e52beb2d40968282f52e40b3304b - - default default] No more DHCP agents
2026-06-24 19:06:46.655 10 WARNING neutron.api.rpc.agentnotifiers.dhcp_rpc_agent_api [None req-201cda1b-0299-4c20-9b27-6d0e8b259d95 39142b38949d415187cd72dbc0da633e 6893e52beb2d40968282f52e40b3304b - - default default] Unable to schedule network 1d9cb655-cebb-4c2a-881f-220be3aee95c: no agents available; will retry on subsequent port and subnet creation events.
2026-06-24 19:06:46.674 10 INFO neutron.db.ovn_revision_numbers_db [None req-b03ccca0-5525-4684-808e-f0e930f4b233 a8a7de7117fb409b9a502b48744ef2cf f8b25b63beb84fa2ada4f999d2568fdb - - default default] Successfully bumped revision number for resource 5233b7dc-dd85-4345-8e25-102b4877e002 (type: security_group_rules) to 0
2026-06-24 19:06:46.691 10 INFO neutron.db.ovn_revision_numbers_db [None req-b03ccca0-5525-4684-808e-f0e930f4b233 a8a7de7117fb409b9a502b48744ef2cf f8b25b63beb84fa2ada4f999d2568fdb - - default default] Successfully bumped revision number for resource a0e1567e-8e0d-4e02-98e1-35babccc589a (type: security_group_rules) to 0
2026-06-24 19:06:46.727 10 INFO neutron.db.ovn_revision_numbers_db [None req-b03ccca0-5525-4684-808e-f0e930f4b233 a8a7de7117fb409b9a502b48744ef2cf f8b25b63beb84fa2ada4f999d2568fdb - - default default] Successfully bumped revision number for resource e8d42f9e-b60f-48b0-86d4-ad52c5a821ce (type: security_group_rules) to 0
2026-06-24 19:06:46.759 9 INFO neutron.wsgi [req-28f38b54-f2be-424f-a8c2-03ac4e33d061 req-0d4b2fb1-b2b9-4368-a540-66576a306534 b98f5e718a6f428d9989beb68e9c42db d50d56daebb140c4a1151c16108d9bf2 - - default default] 10.0.0.47 "GET /v2.0/ports?device_id=43461b4c-b93c-4c79-8512-8ae137971da1 HTTP/1.1" status: 200 len: 1170 time: 0.0414600
2026-06-24 19:06:46.761 10 INFO neutron.wsgi [None req-b03ccca0-5525-4684-808e-f0e930f4b233 a8a7de7117fb409b9a502b48744ef2cf f8b25b63beb84fa2ada4f999d2568fdb - - default default] 10.0.0.198 "GET /v2.0/security-groups?tenant_id=69e02761703043e69b8c201aa0537e2d&name=default HTTP/1.1" status: 200 len: 2996 time: 0.2924168
2026-06-24 19:06:46.795 10 INFO neutron.db.ovn_revision_numbers_db [None req-201cda1b-0299-4c20-9b27-6d0e8b259d95 39142b38949d415187cd72dbc0da633e 6893e52beb2d40968282f52e40b3304b - - default default] Successfully bumped revision number for resource 3814a561-0755-45cc-b282-ff62e2359de2 (type: ports) to 1
2026-06-24 19:06:46.823 10 INFO neutron.wsgi [None req-201cda1b-0299-4c20-9b27-6d0e8b259d95 39142b38949d415187cd72dbc0da633e 6893e52beb2d40968282f52e40b3304b - - default default] 10.0.0.198 "POST /v2.0/ports HTTP/1.1" status: 201 len: 1165 time: 0.5683789 /var/lib/openstack/lib/python3.10/site-packages/pycadf/identifier.py:71: UserWarning: Invalid uuid: neutron. To ensure interoperability, identifiers should be a valid uuid. warnings.warn(('Invalid uuid: %s. To ensure interoperability, '
2026-06-24 19:06:47.107 10 INFO neutron.wsgi [None req-12c2c599-0e9c-4d4c-80bc-cbb7201d8703 39142b38949d415187cd72dbc0da633e 6893e52beb2d40968282f52e40b3304b - - default default] 10.0.0.198 "DELETE /v2.0/ports/3814a561-0755-45cc-b282-ff62e2359de2 HTTP/1.1" status: 204 len: 168 time: 0.2778859
2026-06-24 19:06:47.129 10 INFO neutron.pecan_wsgi.hooks.translation [None req-3acbf1ce-1157-412b-8ed6-1689c1793e7c 39142b38949d415187cd72dbc0da633e 6893e52beb2d40968282f52e40b3304b - - default default] DELETE failed (client error): The resource could not be found.
2026-06-24 19:06:47.132 10 INFO neutron.wsgi [None req-3acbf1ce-1157-412b-8ed6-1689c1793e7c 39142b38949d415187cd72dbc0da633e 6893e52beb2d40968282f52e40b3304b - - default default] 10.0.0.198 "DELETE /v2.0/ports/3814a561-0755-45cc-b282-ff62e2359de2 HTTP/1.1" status: 404 len: 333 time: 0.0193017
2026-06-24 19:06:47.152 9 INFO neutron.wsgi [None req-c7c12df7-85f9-4374-aead-edf88e073799 28d82d2d82424dc3a37f17f137dc5142 1de640f537e84787a20ddfa4432868b7 - - default default] 10.0.0.198 "PUT /v2.0/routers/fe483b21-1792-4dd6-b27d-c0e0216999a1/remove_router_interface HTTP/1.1" status: 200 len: 503 time: 1.3486049
2026-06-24 19:06:47.153 9 INFO neutron.db.l3_db [None req-6a2c335b-f79d-4923-9823-ee7b82d6dc3c b98f5e718a6f428d9989beb68e9c42db d50d56daebb140c4a1151c16108d9bf2 - - default default] Floating IP 8bf6abe0-6bfa-4d3d-aa63-62ac15e44589 associated. External IP: 10.96.250.210, port: a7104033-b593-4e39-977e-c2023e5dc96f.
2026-06-24 19:06:47.154 10 INFO neutron.pecan_wsgi.hooks.translation [None req-2d049db9-33f9-411a-8db1-afc9fb53af4a 39142b38949d415187cd72dbc0da633e 6893e52beb2d40968282f52e40b3304b - - default default] GET failed (client error): The resource could not be found.
2026-06-24 19:06:47.155 10 INFO neutron.wsgi [None req-2d049db9-33f9-411a-8db1-afc9fb53af4a 39142b38949d415187cd72dbc0da633e 6893e52beb2d40968282f52e40b3304b - - default default] 10.0.0.198 "GET /v2.0/ports/3814a561-0755-45cc-b282-ff62e2359de2 HTTP/1.1" status: 404 len: 333 time: 0.0149400 /var/lib/openstack/lib/python3.10/site-packages/pycadf/identifier.py:71: UserWarning: Invalid uuid: neutron. To ensure interoperability, identifiers should be a valid uuid. warnings.warn(('Invalid uuid: %s. To ensure interoperability, '
2026-06-24 19:06:47.346 10 INFO neutron.wsgi [None req-6c845845-41d7-4933-bdac-3e9b9ea47096 39142b38949d415187cd72dbc0da633e 6893e52beb2d40968282f52e40b3304b - - default default] 10.0.0.198 "DELETE /v2.0/subnets/bf3ceb09-7ecb-4a24-a66e-50ace08220f4 HTTP/1.1" status: 204 len: 168 time: 0.1858335
2026-06-24 19:06:47.547 9 INFO neutron.wsgi [None req-fef467bb-bb61-409c-aca1-7016fabc0140 a8a7de7117fb409b9a502b48744ef2cf f8b25b63beb84fa2ada4f999d2568fdb - - default default] 10.0.0.198 "DELETE /v2.0/security-groups/067f3200-d49f-4a7b-a3ca-f7b3452bdbe0 HTTP/1.1" status: 204 len: 168 time: 0.7706242
2026-06-24 19:06:47.690 10 INFO neutron.services.segments.plugin [-] Segment ea623504-4fe0-488f-a262-cd285ae63108 resource provider aggregate not found
2026-06-24 19:06:47.699 10 INFO neutron.services.segments.plugin [-] Segment ea623504-4fe0-488f-a262-cd285ae63108 resource provider aggregate not found
2026-06-24 19:06:47.712 9 INFO neutron.db.ovn_revision_numbers_db [None req-6a2c335b-f79d-4923-9823-ee7b82d6dc3c b98f5e718a6f428d9989beb68e9c42db d50d56daebb140c4a1151c16108d9bf2 - - default default] Successfully bumped revision number for resource 8bf6abe0-6bfa-4d3d-aa63-62ac15e44589 (type: floatingips) to 1
2026-06-24 19:06:47.865 9 INFO neutron.db.ovn_revision_numbers_db [None req-6a2c335b-f79d-4923-9823-ee7b82d6dc3c b98f5e718a6f428d9989beb68e9c42db d50d56daebb140c4a1151c16108d9bf2 - - default default] Successfully bumped revision number for resource 8bf6abe0-6bfa-4d3d-aa63-62ac15e44589 (type: floatingips) to 2
2026-06-24 19:06:47.910 9 INFO neutron.wsgi [None req-6a2c335b-f79d-4923-9823-ee7b82d6dc3c b98f5e718a6f428d9989beb68e9c42db d50d56daebb140c4a1151c16108d9bf2 - - default default] 10.0.0.198 "PUT /v2.0/floatingips/8bf6abe0-6bfa-4d3d-aa63-62ac15e44589 HTTP/1.1" status: 200 len: 1049 time: 1.1331670
2026-06-24 19:06:47.978 10 INFO neutron.services.segments.plugin [-] Segment ea623504-4fe0-488f-a262-cd285ae63108 resource provider not found; error: Placement Client Error (4xx): {"errors": [{"status": 404, "title": "Not Found", "detail": "The resource could not be found.\n\n No resource provider with uuid ea623504-4fe0-488f-a262-cd285ae63108 found for delete ", "request_id": "req-f0d3e3b3-cb73-4fd5-9fcc-d9502af54bd8"}]}
2026-06-24 19:06:47.990 10 INFO neutron.services.segments.plugin [-] Segment ea623504-4fe0-488f-a262-cd285ae63108 resource provider not found; error: Placement Client Error (4xx): {"errors": [{"status": 404, "title": "Not Found", "detail": "The resource could not be found.\n\n No resource provider with uuid ea623504-4fe0-488f-a262-cd285ae63108 found for delete ", "request_id": "req-2096bf25-7309-4ce2-a472-bd697e8b39b3"}]}
2026-06-24 19:06:48.004 10 INFO neutron.wsgi [None req-ad5a7035-ef0b-4956-bf44-b3930b7a9f40 39142b38949d415187cd72dbc0da633e 6893e52beb2d40968282f52e40b3304b - - default default] 10.0.0.198 "DELETE /v2.0/networks/1d9cb655-cebb-4c2a-881f-220be3aee95c HTTP/1.1" status: 204 len: 168 time: 0.6512280
2026-06-24 19:06:48.015 10 WARNING neutron_lib.context [None req-f32787b7-0747-4de5-8866-26730bafea4e 39142b38949d415187cd72dbc0da633e 6893e52beb2d40968282f52e40b3304b - - default default] Method 'is_advsvc' is deprecated since 2023.2 release (neutron-lib 3.8.0) and will be removed once support for the old RBAC API policies will be removed from Neutron. Please use method 'is_service_role' instead.
2026-06-24 19:06:48.100 10 INFO neutron.db.segments_db [None req-f32787b7-0747-4de5-8866-26730bafea4e 39142b38949d415187cd72dbc0da633e 6893e52beb2d40968282f52e40b3304b - - default default] Added segment 90c31696-e3a1-4d28-b31d-05b16b67012b of type geneve for network 9ff15be3-035c-4b41-a7fc-5d7691756e25
2026-06-24 19:06:48.272 10 INFO neutron.db.ovn_revision_numbers_db [None req-f32787b7-0747-4de5-8866-26730bafea4e 39142b38949d415187cd72dbc0da633e 6893e52beb2d40968282f52e40b3304b - - default default] Successfully bumped revision number for resource 9ff15be3-035c-4b41-a7fc-5d7691756e25 (type: networks) to 1
2026-06-24 19:06:48.440 10 WARNING neutron.scheduler.dhcp_agent_scheduler [None req-f32787b7-0747-4de5-8866-26730bafea4e 39142b38949d415187cd72dbc0da633e 6893e52beb2d40968282f52e40b3304b - - default default] No more DHCP agents
2026-06-24 19:06:48.441 10 WARNING neutron.api.rpc.agentnotifiers.dhcp_rpc_agent_api [None req-f32787b7-0747-4de5-8866-26730bafea4e 39142b38949d415187cd72dbc0da633e 6893e52beb2d40968282f52e40b3304b - - default default] Unable to schedule network 9ff15be3-035c-4b41-a7fc-5d7691756e25: no agents available; will retry on subsequent port and subnet creation events.
2026-06-24 19:06:48.521 10 INFO neutron.db.ovn_revision_numbers_db [None req-f32787b7-0747-4de5-8866-26730bafea4e 39142b38949d415187cd72dbc0da633e 6893e52beb2d40968282f52e40b3304b - - default default] Successfully bumped revision number for resource e389297b-2e96-41cd-bdcb-53066d509563 (type: ports) to 1
2026-06-24 19:06:48.540 10 INFO neutron.wsgi [None req-f32787b7-0747-4de5-8866-26730bafea4e 39142b38949d415187cd72dbc0da633e 6893e52beb2d40968282f52e40b3304b - - default default] 10.0.0.198 "POST /v2.0/networks HTTP/1.1" status: 201 len: 834 time: 0.5297825
2026-06-24 19:06:48.551 10 WARNING neutron_lib.context [None req-b599b25c-2d45-4503-9d11-9f4af87376d5 39142b38949d415187cd72dbc0da633e 6893e52beb2d40968282f52e40b3304b - - default default] Method 'is_advsvc' is deprecated since 2023.2 release (neutron-lib 3.8.0) and will be removed once support for the old RBAC API policies will be removed from Neutron. Please use method 'is_service_role' instead.
2026-06-24 19:06:48.807 10 WARNING neutron.scheduler.dhcp_agent_scheduler [None req-b599b25c-2d45-4503-9d11-9f4af87376d5 39142b38949d415187cd72dbc0da633e 6893e52beb2d40968282f52e40b3304b - - default default] No more DHCP agents
2026-06-24 19:06:48.811 10 WARNING neutron.api.rpc.agentnotifiers.dhcp_rpc_agent_api [None req-b599b25c-2d45-4503-9d11-9f4af87376d5 39142b38949d415187cd72dbc0da633e 6893e52beb2d40968282f52e40b3304b - - default default] Unable to schedule network 9ff15be3-035c-4b41-a7fc-5d7691756e25: no agents available; will retry on subsequent port and subnet creation events.
2026-06-24 19:06:48.812 9 INFO neutron.notifiers.nova [-] Nova event matching ['req-78b79a45-87ec-4c22-a51c-f2bb8d5bcdb3'] response: {'name': 'network-changed', 'server_uuid': '43461b4c-b93c-4c79-8512-8ae137971da1', 'tag': 'a7104033-b593-4e39-977e-c2023e5dc96f', 'status': 'completed', 'code': 200}
2026-06-24 19:06:48.841 10 INFO neutron.db.ovn_revision_numbers_db [None req-b599b25c-2d45-4503-9d11-9f4af87376d5 39142b38949d415187cd72dbc0da633e 6893e52beb2d40968282f52e40b3304b - - default default] Successfully bumped revision number for resource 388f8273-4bf2-4831-99c2-b8b9796e4abc (type: subnets) to 0
2026-06-24 19:06:48.857 10 INFO neutron.wsgi [None req-b599b25c-2d45-4503-9d11-9f4af87376d5 39142b38949d415187cd72dbc0da633e 6893e52beb2d40968282f52e40b3304b - - default default] 10.0.0.198 "POST /v2.0/subnets HTTP/1.1" status: 201 len: 821 time: 0.3113909
2026-06-24 19:06:48.866 10 WARNING neutron_lib.context [None req-69da0d61-c0e9-4581-b8b5-79d80d4c2d12 39142b38949d415187cd72dbc0da633e 6893e52beb2d40968282f52e40b3304b - - default default] Method 'is_advsvc' is deprecated since 2023.2 release (neutron-lib 3.8.0) and will be removed once support for the old RBAC API policies will be removed from Neutron. Please use method 'is_service_role' instead.
2026-06-24 19:06:48.891 9 INFO neutron.wsgi [req-39fdd6bf-a6d4-4eb9-8ab1-ed2ef06199d9 req-bf5c77e6-4965-4b9c-a548-f602956d2f39 1bfd51debc0243bfa47e134af339e843 72443ec725ae45abb6554219dff3cf98 - - 96f39892b42c4814a72e6e54be96ca4d 96f39892b42c4814a72e6e54be96ca4d] 199.19.213.122 "GET /v2.0/ports?tenant_id=d50d56daebb140c4a1151c16108d9bf2&device_id=43461b4c-b93c-4c79-8512-8ae137971da1 HTTP/1.1" status: 200 len: 1409 time: 0.0614128
2026-06-24 19:06:49.014 9 INFO neutron.wsgi [req-39fdd6bf-a6d4-4eb9-8ab1-ed2ef06199d9 req-c2af7502-d21f-486d-b5d1-a198e371bcfe 1bfd51debc0243bfa47e134af339e843 72443ec725ae45abb6554219dff3cf98 - - 96f39892b42c4814a72e6e54be96ca4d 96f39892b42c4814a72e6e54be96ca4d] 199.19.213.122 "GET /v2.0/networks?id=a21dd472-e54f-4f32-b7f4-b10dbc0567a2 HTTP/1.1" status: 200 len: 973 time: 0.1106513
2026-06-24 19:06:49.022 9 INFO neutron.wsgi [None req-05054a1a-dd7d-4af3-9439-c8d6bcac438b 28d82d2d82424dc3a37f17f137dc5142 1de640f537e84787a20ddfa4432868b7 - - default default] 10.0.0.198 "DELETE /v2.0/routers/fe483b21-1792-4dd6-b27d-c0e0216999a1 HTTP/1.1" status: 204 len: 168 time: 1.8663905
2026-06-24 19:06:49.072 9 INFO neutron.wsgi [req-39fdd6bf-a6d4-4eb9-8ab1-ed2ef06199d9 req-5015c5ca-a5aa-4c1e-9fca-666be67e9eeb 1bfd51debc0243bfa47e134af339e843 72443ec725ae45abb6554219dff3cf98 - - 96f39892b42c4814a72e6e54be96ca4d 96f39892b42c4814a72e6e54be96ca4d] 199.19.213.122 "GET /v2.0/floatingips?fixed_ip_address=10.100.0.8&port_id=a7104033-b593-4e39-977e-c2023e5dc96f HTTP/1.1" status: 200 len: 1059 time: 0.0492036
2026-06-24 19:06:49.121 9 INFO neutron.wsgi [req-39fdd6bf-a6d4-4eb9-8ab1-ed2ef06199d9 req-7e1ceefd-86e2-4e22-95f2-105194f9566e 1bfd51debc0243bfa47e134af339e843 72443ec725ae45abb6554219dff3cf98 - - 96f39892b42c4814a72e6e54be96ca4d 96f39892b42c4814a72e6e54be96ca4d] 199.19.213.122 "GET /v2.0/subnets?id=b47c1eae-a274-48a0-a75f-a9809a2cce8f HTTP/1.1" status: 200 len: 868 time: 0.0368893
2026-06-24 19:06:49.151 9 INFO neutron.wsgi [req-39fdd6bf-a6d4-4eb9-8ab1-ed2ef06199d9 req-d15e7d48-8239-4cbd-bec3-2bc0e2dd69bd 1bfd51debc0243bfa47e134af339e843 72443ec725ae45abb6554219dff3cf98 - - 96f39892b42c4814a72e6e54be96ca4d 96f39892b42c4814a72e6e54be96ca4d] 199.19.213.122 "GET /v2.0/ports?network_id=a21dd472-e54f-4f32-b7f4-b10dbc0567a2&device_owner=network%3Adhcp HTTP/1.1" status: 200 len: 210 time: 0.0226142
2026-06-24 19:06:49.166 10 WARNING neutron.scheduler.dhcp_agent_scheduler [None req-69da0d61-c0e9-4581-b8b5-79d80d4c2d12 39142b38949d415187cd72dbc0da633e 6893e52beb2d40968282f52e40b3304b - - default default] No more DHCP agents
2026-06-24 19:06:49.168 10 WARNING neutron.api.rpc.agentnotifiers.dhcp_rpc_agent_api [None req-69da0d61-c0e9-4581-b8b5-79d80d4c2d12 39142b38949d415187cd72dbc0da633e 6893e52beb2d40968282f52e40b3304b - - default default] Unable to schedule network 9ff15be3-035c-4b41-a7fc-5d7691756e25: no agents available; will retry on subsequent port and subnet creation events.
2026-06-24 19:06:49.246 9 INFO neutron.wsgi [req-34b20fc3-5b89-4f28-9c96-be2c551048fc req-ac4e77bd-d3ea-4a7e-8055-9ff3ecfd1fc1 b98f5e718a6f428d9989beb68e9c42db d50d56daebb140c4a1151c16108d9bf2 - - default default] 10.0.0.47 "GET /v2.0/ports?device_id=43461b4c-b93c-4c79-8512-8ae137971da1 HTTP/1.1" status: 200 len: 1170 time: 0.0435314
2026-06-24 19:06:49.249 9 INFO neutron.wsgi [req-39fdd6bf-a6d4-4eb9-8ab1-ed2ef06199d9 req-5bdd48b5-899c-4641-abda-58df14b5e286 1bfd51debc0243bfa47e134af339e843 72443ec725ae45abb6554219dff3cf98 - - 96f39892b42c4814a72e6e54be96ca4d 96f39892b42c4814a72e6e54be96ca4d] 199.19.213.122 "GET /v2.0/networks/a21dd472-e54f-4f32-b7f4-b10dbc0567a2?fields=segments HTTP/1.1" status: 200 len: 212 time: 0.0904901
2026-06-24 19:06:49.292 10 INFO neutron.db.ovn_revision_numbers_db [None req-69da0d61-c0e9-4581-b8b5-79d80d4c2d12 39142b38949d415187cd72dbc0da633e 6893e52beb2d40968282f52e40b3304b - - default default] Successfully bumped revision number for resource 6fade253-3efe-4c95-9d29-77a149a75e79 (type: ports) to 1
2026-06-24 19:06:49.294 9 INFO neutron.wsgi [None req-85198913-9ff2-4a91-b617-934780940ee5 28d82d2d82424dc3a37f17f137dc5142 1de640f537e84787a20ddfa4432868b7 - - default default] 10.0.0.198 "DELETE /v2.0/subnets/b403538a-06c0-4eec-bb4b-e463e98cce90 HTTP/1.1" status: 204 len: 168 time: 0.2653656
2026-06-24 19:06:49.340 10 INFO neutron.wsgi [None req-69da0d61-c0e9-4581-b8b5-79d80d4c2d12 39142b38949d415187cd72dbc0da633e 6893e52beb2d40968282f52e40b3304b - - default default] 10.0.0.198 "POST /v2.0/ports HTTP/1.1" status: 201 len: 1126 time: 0.4789698
2026-06-24 19:06:49.356 9 INFO neutron.wsgi [req-34b20fc3-5b89-4f28-9c96-be2c551048fc req-4a2a850e-46c7-4d5d-9784-fb0861e6f8f1 b98f5e718a6f428d9989beb68e9c42db d50d56daebb140c4a1151c16108d9bf2 - - default default] 10.0.0.47 "GET /v2.0/security-groups?id=0f492d1b-35c4-4fb2-9469-696b797482a1&fields=id&fields=name HTTP/1.1" status: 200 len: 312 time: 0.0970461
2026-06-24 19:06:49.378 9 INFO neutron.wsgi [req-39fdd6bf-a6d4-4eb9-8ab1-ed2ef06199d9 req-ee770814-c5e6-4d74-8cd6-1fadc9fcf8ef 1bfd51debc0243bfa47e134af339e843 72443ec725ae45abb6554219dff3cf98 - - 96f39892b42c4814a72e6e54be96ca4d 96f39892b42c4814a72e6e54be96ca4d] 199.19.213.122 "GET /v2.0/networks/a21dd472-e54f-4f32-b7f4-b10dbc0567a2?fields=provider%3Aphysical_network&fields=provider%3Anetwork_type HTTP/1.1" status: 200 len: 277 time: 0.1229179
2026-06-24 19:06:49.636 9 INFO neutron.plugins.ml2.drivers.ovn.mech_driver.mech_driver [None req-a93d7c23-903d-4be5-a954-9f933413b3f0 - - - - - -] OVN reports status down for port: a7104033-b593-4e39-977e-c2023e5dc96f
2026-06-24 19:06:49.643 9 INFO neutron.wsgi [req-0c23c089-8875-4fff-81f4-f3f457b24514 req-f2e8252f-1f3c-4e33-ab20-a6406475799d b98f5e718a6f428d9989beb68e9c42db d50d56daebb140c4a1151c16108d9bf2 - - default default] 10.0.0.47 "GET /v2.0/ports?device_id=43461b4c-b93c-4c79-8512-8ae137971da1 HTTP/1.1" status: 200 len: 1170 time: 0.0431590
2026-06-24 19:06:49.699 9 INFO neutron.wsgi [req-0c23c089-8875-4fff-81f4-f3f457b24514 req-1a1e1410-9eed-451f-863d-3e66b0af8de3 b98f5e718a6f428d9989beb68e9c42db d50d56daebb140c4a1151c16108d9bf2 - - default default] 10.0.0.47 "GET /v2.0/security-groups?id=0f492d1b-35c4-4fb2-9469-696b797482a1&fields=id&fields=name HTTP/1.1" status: 200 len: 312 time: 0.0452385
2026-06-24 19:06:49.703 10 INFO neutron.wsgi [None req-e5c06646-1237-4524-b007-be30bd515f5d 39142b38949d415187cd72dbc0da633e 6893e52beb2d40968282f52e40b3304b - - default default] 10.0.0.198 "DELETE /v2.0/ports/6fade253-3efe-4c95-9d29-77a149a75e79 HTTP/1.1" status: 204 len: 168 time: 0.3542006
2026-06-24 19:06:49.730 10 INFO neutron.pecan_wsgi.hooks.translation [None req-e66bfe3a-cf7c-4661-a432-045a63db899c 39142b38949d415187cd72dbc0da633e 6893e52beb2d40968282f52e40b3304b - - default default] GET failed (client error): The resource could not be found.
2026-06-24 19:06:49.731 10 INFO neutron.wsgi [None req-e66bfe3a-cf7c-4661-a432-045a63db899c 39142b38949d415187cd72dbc0da633e 6893e52beb2d40968282f52e40b3304b - - default default] 10.0.0.198 "GET /v2.0/ports/6fade253-3efe-4c95-9d29-77a149a75e79 HTTP/1.1" status: 404 len: 333 time: 0.0211039
2026-06-24 19:06:49.813 10 INFO neutron.wsgi [None req-da38dd88-d663-423a-bc59-6fb5a2d58464 28d82d2d82424dc3a37f17f137dc5142 1de640f537e84787a20ddfa4432868b7 - - default default] 10.0.0.198 "DELETE /v2.0/networks/0e9ca9bd-1eb5-40b6-99a1-55ae1578f2f5 HTTP/1.1" status: 204 len: 168 time: 0.5040448
2026-06-24 19:06:49.940 9 INFO neutron.wsgi [req-3be4ac65-ae90-45e2-971d-eb2559dc7c87 req-968ccc23-4840-4193-9c5b-ba737bf251f2 b98f5e718a6f428d9989beb68e9c42db d50d56daebb140c4a1151c16108d9bf2 - - default default] 199.19.213.122 "GET /v2.0/ports?device_id=43461b4c-b93c-4c79-8512-8ae137971da1 HTTP/1.1" status: 200 len: 1168 time: 0.0467274
2026-06-24 19:06:49.958 10 INFO neutron.wsgi [None req-62a0b243-7d7d-48a8-b1d7-97f3cafe4410 39142b38949d415187cd72dbc0da633e 6893e52beb2d40968282f52e40b3304b - - default default] 10.0.0.198 "DELETE /v2.0/subnets/388f8273-4bf2-4831-99c2-b8b9796e4abc HTTP/1.1" status: 204 len: 168 time: 0.2195046
2026-06-24 19:06:49.997 10 INFO neutron.services.segments.plugin [-] Segment 28040307-db46-4c5e-99b8-81d8884bb0eb resource provider aggregate not found
2026-06-24 19:06:50.007 9 INFO neutron.db.ovn_revision_numbers_db [None req-a93d7c23-903d-4be5-a954-9f933413b3f0 - - - - - -] Successfully bumped revision number for resource a7104033-b593-4e39-977e-c2023e5dc96f (type: ports) to 5
2026-06-24 19:06:50.012 10 INFO neutron.services.segments.plugin [-] Segment 28040307-db46-4c5e-99b8-81d8884bb0eb resource provider not found; error: Placement Client Error (4xx): {"errors": [{"status": 404, "title": "Not Found", "detail": "The resource could not be found.\n\n No resource provider with uuid 28040307-db46-4c5e-99b8-81d8884bb0eb found for delete ", "request_id": "req-8e285e63-47cd-4e39-a0bc-80b8356526e9"}]}
2026-06-24 19:06:50.016 10 INFO neutron.services.segments.plugin [-] Segment 28040307-db46-4c5e-99b8-81d8884bb0eb resource provider aggregate not found
2026-06-24 19:06:50.034 10 INFO neutron.services.segments.plugin [-] Segment 28040307-db46-4c5e-99b8-81d8884bb0eb resource provider not found; error: Placement Client Error (4xx): {"errors": [{"status": 404, "title": "Not Found", "detail": "The resource could not be found.\n\n No resource provider with uuid 28040307-db46-4c5e-99b8-81d8884bb0eb found for delete ", "request_id": "req-d55dd9cd-1116-4467-808c-7de68931d96c"}]}
2026-06-24 19:06:50.327 9 INFO neutron.db.l3_db [req-3be4ac65-ae90-45e2-971d-eb2559dc7c87 req-ba728062-e1cc-4d2a-b268-f7c747e76a25 b98f5e718a6f428d9989beb68e9c42db d50d56daebb140c4a1151c16108d9bf2 - - default default] Floating IP 8bf6abe0-6bfa-4d3d-aa63-62ac15e44589 disassociated. External IP: 10.96.250.210, port: a7104033-b593-4e39-977e-c2023e5dc96f.
2026-06-24 19:06:50.398 10 INFO neutron.wsgi [None req-a6db65bc-a111-45b3-bc37-4f6013b47a47 39142b38949d415187cd72dbc0da633e 6893e52beb2d40968282f52e40b3304b - - default default] 10.0.0.198 "DELETE /v2.0/networks/9ff15be3-035c-4b41-a7fc-5d7691756e25 HTTP/1.1" status: 204 len: 168 time: 0.4304659
2026-06-24 19:06:50.409 10 WARNING neutron_lib.context [None req-58138520-ef77-48e6-af76-f34388bbda18 39142b38949d415187cd72dbc0da633e 6893e52beb2d40968282f52e40b3304b - - default default] Method 'is_advsvc' is deprecated since 2023.2 release (neutron-lib 3.8.0) and will be removed once support for the old RBAC API policies will be removed from Neutron. Please use method 'is_service_role' instead.
2026-06-24 19:06:50.453 9 INFO neutron.wsgi [req-3be4ac65-ae90-45e2-971d-eb2559dc7c87 req-ba728062-e1cc-4d2a-b268-f7c747e76a25 b98f5e718a6f428d9989beb68e9c42db d50d56daebb140c4a1151c16108d9bf2 - - default default] 199.19.213.122 "DELETE /v2.0/ports/a7104033-b593-4e39-977e-c2023e5dc96f HTTP/1.1" status: 204 len: 173 time: 0.5066490 /var/lib/openstack/lib/python3.10/site-packages/pycadf/identifier.py:71: UserWarning: Invalid uuid: neutron. To ensure interoperability, identifiers should be a valid uuid. warnings.warn(('Invalid uuid: %s. To ensure interoperability, '
2026-06-24 19:06:50.523 9 INFO neutron.wsgi [None req-68463fbe-89c1-47c8-990b-dc9ef312312c a8a7de7117fb409b9a502b48744ef2cf f8b25b63beb84fa2ada4f999d2568fdb - - default default] 10.0.0.198 "GET /v2.0/security-groups?tenant_id=1de640f537e84787a20ddfa4432868b7&name=default HTTP/1.1" status: 200 len: 2996 time: 0.2111700
2026-06-24 19:06:50.694 9 INFO neutron.wsgi [None req-433266e7-c113-4fff-a007-1967e7922aba a8a7de7117fb409b9a502b48744ef2cf f8b25b63beb84fa2ada4f999d2568fdb - - default default] 10.0.0.198 "DELETE /v2.0/security-groups/d854616b-9356-40a9-bc38-2a3d94eb8360 HTTP/1.1" status: 204 len: 168 time: 0.1664705
2026-06-24 19:06:50.854 9 INFO neutron.notifiers.nova [-] Nova event matching ['req-6c15388c-f04f-4219-8292-2c2c6bfe7543'] response: {'server_uuid': '43461b4c-b93c-4c79-8512-8ae137971da1', 'name': 'network-vif-unplugged', 'status': 'completed', 'tag': 'a7104033-b593-4e39-977e-c2023e5dc96f', 'code': 200}
2026-06-24 19:06:50.854 9 INFO neutron.notifiers.nova [-] Nova event matching ['req-6c15388c-f04f-4219-8292-2c2c6bfe7543'] response: {'server_uuid': '43461b4c-b93c-4c79-8512-8ae137971da1', 'name': 'network-vif-plugged', 'status': 'completed', 'tag': 'a7104033-b593-4e39-977e-c2023e5dc96f', 'code': 200}
2026-06-24 19:06:50.854 9 INFO neutron.notifiers.nova [-] Nova event matching ['req-6c15388c-f04f-4219-8292-2c2c6bfe7543'] response: {'server_uuid': '43461b4c-b93c-4c79-8512-8ae137971da1', 'name': 'network-vif-deleted', 'tag': 'a7104033-b593-4e39-977e-c2023e5dc96f', 'status': 'completed', 'code': 200}
2026-06-24 19:06:50.883 10 WARNING neutron.scheduler.dhcp_agent_scheduler [None req-58138520-ef77-48e6-af76-f34388bbda18 39142b38949d415187cd72dbc0da633e 6893e52beb2d40968282f52e40b3304b - - default default] No more DHCP agents
2026-06-24 19:06:50.884 10 WARNING neutron.api.rpc.agentnotifiers.dhcp_rpc_agent_api [None req-58138520-ef77-48e6-af76-f34388bbda18 39142b38949d415187cd72dbc0da633e 6893e52beb2d40968282f52e40b3304b - - default default] Unable to schedule network 07324056-2a86-439d-80aa-6cee93930693: no agents available; will retry on subsequent port and subnet creation events.
2026-06-24 19:06:50.944 9 INFO neutron.wsgi [None req-b0d8bca0-6202-47c3-9dd6-d915e23ee22f b98f5e718a6f428d9989beb68e9c42db d50d56daebb140c4a1151c16108d9bf2 - - default default] 10.0.0.198 "DELETE /v2.0/security-groups/0f492d1b-35c4-4fb2-9469-696b797482a1 HTTP/1.1" status: 204 len: 168 time: 0.1444521 /var/lib/openstack/lib/python3.10/site-packages/pycadf/identifier.py:71: UserWarning: Invalid uuid: neutron. To ensure interoperability, identifiers should be a valid uuid. warnings.warn(('Invalid uuid: %s. To ensure interoperability, '
2026-06-24 19:06:50.968 10 INFO neutron.api.v2.resource [None req-e0f52d99-fc9c-48c4-b240-50f17b0e36f2 b98f5e718a6f428d9989beb68e9c42db d50d56daebb140c4a1151c16108d9bf2 - - default default] show failed (client error): The resource could not be found.
2026-06-24 19:06:50.970 10 INFO neutron.wsgi [None req-e0f52d99-fc9c-48c4-b240-50f17b0e36f2 b98f5e718a6f428d9989beb68e9c42db d50d56daebb140c4a1151c16108d9bf2 - - default default] 10.0.0.198 "GET /v2.0/security-groups/0f492d1b-35c4-4fb2-9469-696b797482a1 HTTP/1.1" status: 404 len: 347 time: 0.0176413
2026-06-24 19:06:50.983 10 INFO neutron.db.ovn_revision_numbers_db [None req-58138520-ef77-48e6-af76-f34388bbda18 39142b38949d415187cd72dbc0da633e 6893e52beb2d40968282f52e40b3304b - - default default] Successfully bumped revision number for resource 12cab538-853a-4e97-9f86-b6894b9317e7 (type: ports) to 1
2026-06-24 19:06:51.007 10 INFO neutron.wsgi [None req-58138520-ef77-48e6-af76-f34388bbda18 39142b38949d415187cd72dbc0da633e 6893e52beb2d40968282f52e40b3304b - - default default] 10.0.0.198 "POST /v2.0/ports HTTP/1.1" status: 201 len: 978 time: 0.6024017
2026-06-24 19:06:51.028 10 WARNING neutron.plugins.ml2.drivers.ovn.mech_driver.ovsdb.ovn_client [None req-884a0f8c-2aa1-46d4-bfa7-65445e42ffaf - - - - - -] No hosting information found for port dc793eee-84ef-4a4e-81b7-08bf1e34bbff: RuntimeError: No hosting information found for port dc793eee-84ef-4a4e-81b7-08bf1e34bbff
2026-06-24 19:06:51.510 9 INFO neutron.plugins.ml2.drivers.ovn.mech_driver.mech_driver [None req-a93d7c23-903d-4be5-a954-9f933413b3f0 - - - - - -] OVN reports status down for port: 12cab538-853a-4e97-9f86-b6894b9317e7
2026-06-24 19:06:51.552 9 INFO neutron.db.ovn_revision_numbers_db [None req-ec9fdc81-f850-4b74-a14a-ef4650c9c8e5 39142b38949d415187cd72dbc0da633e 6893e52beb2d40968282f52e40b3304b - - default default] Successfully bumped revision number for resource 12cab538-853a-4e97-9f86-b6894b9317e7 (type: ports) to 2
2026-06-24 19:06:51.567 9 INFO neutron.wsgi [None req-ec9fdc81-f850-4b74-a14a-ef4650c9c8e5 39142b38949d415187cd72dbc0da633e 6893e52beb2d40968282f52e40b3304b - - default default] 10.0.0.198 "PUT /v2.0/ports/12cab538-853a-4e97-9f86-b6894b9317e7 HTTP/1.1" status: 200 len: 946 time: 0.5493362 /var/lib/openstack/lib/python3.10/site-packages/pycadf/identifier.py:71: UserWarning: Invalid uuid: neutron. To ensure interoperability, identifiers should be a valid uuid. warnings.warn(('Invalid uuid: %s. To ensure interoperability, '
2026-06-24 19:06:51.635 9 INFO neutron.wsgi [None req-dedb83fb-2b30-4eae-9f58-a0f6853fa0f0 b98f5e718a6f428d9989beb68e9c42db d50d56daebb140c4a1151c16108d9bf2 - - default default] 10.0.0.198 "DELETE /v2.0/floatingips/8bf6abe0-6bfa-4d3d-aa63-62ac15e44589 HTTP/1.1" status: 204 len: 168 time: 0.6607783 /var/lib/openstack/lib/python3.10/site-packages/pycadf/identifier.py:71: UserWarning: Invalid uuid: neutron. To ensure interoperability, identifiers should be a valid uuid. warnings.warn(('Invalid uuid: %s. To ensure interoperability, '
2026-06-24 19:06:51.818 10 INFO neutron.wsgi [None req-b3985f0f-59ac-4c62-bfbe-ee6e23004c9b 39142b38949d415187cd72dbc0da633e 6893e52beb2d40968282f52e40b3304b - - default default] 10.0.0.198 "DELETE /v2.0/ports/12cab538-853a-4e97-9f86-b6894b9317e7 HTTP/1.1" status: 204 len: 168 time: 0.2441425
2026-06-24 19:06:51.904 10 INFO neutron.wsgi [None req-fc151c75-4c05-489f-b69b-e21a4c1f231b 39142b38949d415187cd72dbc0da633e 6893e52beb2d40968282f52e40b3304b - - default default] 10.0.0.198 "GET /v2.0/ports HTTP/1.1" status: 200 len: 1733 time: 0.0814307
2026-06-24 19:06:51.923 10 INFO neutron.pecan_wsgi.hooks.translation [None req-40d9c88c-f07b-413d-8ccf-03ce95ff6ee7 39142b38949d415187cd72dbc0da633e 6893e52beb2d40968282f52e40b3304b - - default default] GET failed (client error): The resource could not be found.
2026-06-24 19:06:51.924 10 INFO neutron.wsgi [None req-40d9c88c-f07b-413d-8ccf-03ce95ff6ee7 39142b38949d415187cd72dbc0da633e 6893e52beb2d40968282f52e40b3304b - - default default] 10.0.0.198 "GET /v2.0/ports/12cab538-853a-4e97-9f86-b6894b9317e7 HTTP/1.1" status: 404 len: 333 time: 0.0161974
2026-06-24 19:06:51.968 10 INFO neutron.wsgi [None req-11339aba-61c2-4b89-8295-75adc27732e3 39142b38949d415187cd72dbc0da633e 6893e52beb2d40968282f52e40b3304b - - default default] 10.0.0.198 "GET /v2.0/ports HTTP/1.1" status: 200 len: 1733 time: 0.0357509
2026-06-24 19:06:52.008 10 INFO neutron.wsgi [None req-10a4f14e-e5c4-42fa-9f4c-63d7ccc21a46 39142b38949d415187cd72dbc0da633e 6893e52beb2d40968282f52e40b3304b - - default default] 10.0.0.198 "GET /v2.0/ports/d1968bd3-3066-45fa-989e-344f9a73534b HTTP/1.1" status: 200 len: 973 time: 0.0325882
2026-06-24 19:06:52.033 9 INFO neutron.pecan_wsgi.hooks.translation [None req-cfd381e2-5783-43ac-ba43-303d3d002452 39142b38949d415187cd72dbc0da633e 6893e52beb2d40968282f52e40b3304b - - default default] DELETE failed (client error): The resource could not be found.
2026-06-24 19:06:52.035 9 INFO neutron.wsgi [None req-cfd381e2-5783-43ac-ba43-303d3d002452 39142b38949d415187cd72dbc0da633e 6893e52beb2d40968282f52e40b3304b - - default default] 10.0.0.198 "DELETE /v2.0/ports/6fade253-3efe-4c95-9d29-77a149a75e79 HTTP/1.1" status: 404 len: 333 time: 0.0182385
2026-06-24 19:06:52.044 10 INFO neutron.services.segments.plugin [-] Segment 90c31696-e3a1-4d28-b31d-05b16b67012b resource provider aggregate not found
2026-06-24 19:06:52.052 10 INFO neutron.services.segments.plugin [-] Segment 90c31696-e3a1-4d28-b31d-05b16b67012b resource provider aggregate not found
2026-06-24 19:06:52.070 10 INFO neutron.services.segments.plugin [-] Segment 90c31696-e3a1-4d28-b31d-05b16b67012b resource provider not found; error: Placement Client Error (4xx): {"errors": [{"status": 404, "title": "Not Found", "detail": "The resource could not be found.\n\n No resource provider with uuid 90c31696-e3a1-4d28-b31d-05b16b67012b found for delete ", "request_id": "req-9887fa43-98b6-43e3-b985-3727c486304a"}]}
2026-06-24 19:06:52.071 10 INFO neutron.services.segments.plugin [-] Segment 90c31696-e3a1-4d28-b31d-05b16b67012b resource provider not found; error: Placement Client Error (4xx): {"errors": [{"status": 404, "title": "Not Found", "detail": "The resource could not be found.\n\n No resource provider with uuid 90c31696-e3a1-4d28-b31d-05b16b67012b found for delete ", "request_id": "req-d3007541-ebe9-4b56-a8b8-7beaa49a4c63"}]}
2026-06-24 19:06:52.073 9 INFO neutron.pecan_wsgi.hooks.translation [None req-8b6dc593-d981-460b-9b2b-4c8c105880f1 39142b38949d415187cd72dbc0da633e 6893e52beb2d40968282f52e40b3304b - - default default] DELETE failed (client error): The resource could not be found.
2026-06-24 19:06:52.076 9 INFO neutron.wsgi [None req-8b6dc593-d981-460b-9b2b-4c8c105880f1 39142b38949d415187cd72dbc0da633e 6893e52beb2d40968282f52e40b3304b - - default default] 10.0.0.198 "DELETE /v2.0/subnets/388f8273-4bf2-4831-99c2-b8b9796e4abc HTTP/1.1" status: 404 len: 337 time: 0.0339355
2026-06-24 19:06:52.099 10 INFO neutron.pecan_wsgi.hooks.translation [None req-26542bc1-4b5e-4d2a-9a78-fed88c713031 39142b38949d415187cd72dbc0da633e 6893e52beb2d40968282f52e40b3304b - - default default] DELETE failed (client error): The resource could not be found.
2026-06-24 19:06:52.101 10 INFO neutron.wsgi [None req-26542bc1-4b5e-4d2a-9a78-fed88c713031 39142b38949d415187cd72dbc0da633e 6893e52beb2d40968282f52e40b3304b - - default default] 10.0.0.198 "DELETE /v2.0/subnets/bf3ceb09-7ecb-4a24-a66e-50ace08220f4 HTTP/1.1" status: 404 len: 337 time: 0.0217938
2026-06-24 19:06:52.339 10 INFO neutron.wsgi [None req-cd814727-0761-4da3-9f0d-ffd8cf908f96 39142b38949d415187cd72dbc0da633e 6893e52beb2d40968282f52e40b3304b - - default default] 10.0.0.198 "DELETE /v2.0/ports/d1968bd3-3066-45fa-989e-344f9a73534b HTTP/1.1" status: 204 len: 168 time: 0.2343664
2026-06-24 19:06:52.613 9 INFO neutron.wsgi [None req-6405b7d7-1e60-4f15-818a-f77d5feee37d a8a7de7117fb409b9a502b48744ef2cf f8b25b63beb84fa2ada4f999d2568fdb - - default default] 10.0.0.198 "PUT /v2.0/routers/172c2b06-c2ef-4358-8b04-8e16d2e6bc7d/remove_router_interface HTTP/1.1" status: 200 len: 503 time: 0.9723678 /var/lib/openstack/lib/python3.10/site-packages/pycadf/identifier.py:71: UserWarning: Invalid uuid: neutron. To ensure interoperability, identifiers should be a valid uuid. warnings.warn(('Invalid uuid: %s. To ensure interoperability, '
2026-06-24 19:06:52.713 10 INFO neutron.wsgi [None req-e2908846-9b06-411b-973b-c8befea79e78 39142b38949d415187cd72dbc0da633e 6893e52beb2d40968282f52e40b3304b - - default default] 10.0.0.198 "DELETE /v2.0/networks/07324056-2a86-439d-80aa-6cee93930693 HTTP/1.1" status: 204 len: 168 time: 0.3674390
2026-06-24 19:06:52.801 10 WARNING neutron_lib.context [None req-9dd62b3d-d7b5-4037-ba49-fcba163e6b12 8b35d5a59803431885a06973170a3bc5 5ffa413e3ea54925ad550891b48f39a7 - - default default] Method 'is_advsvc' is deprecated since 2023.2 release (neutron-lib 3.8.0) and will be removed once support for the old RBAC API policies will be removed from Neutron. Please use method 'is_service_role' instead.
2026-06-24 19:06:52.802 10 WARNING neutron_lib.context [None req-9dd62b3d-d7b5-4037-ba49-fcba163e6b12 8b35d5a59803431885a06973170a3bc5 5ffa413e3ea54925ad550891b48f39a7 - - default default] Method 'is_advsvc' is deprecated since 2023.2 release (neutron-lib 3.8.0) and will be removed once support for the old RBAC API policies will be removed from Neutron. Please use method 'is_service_role' instead.
2026-06-24 19:06:52.922 10 INFO neutron.db.ovn_revision_numbers_db [None req-9dd62b3d-d7b5-4037-ba49-fcba163e6b12 8b35d5a59803431885a06973170a3bc5 5ffa413e3ea54925ad550891b48f39a7 - - default default] Successfully bumped revision number for resource 04a4449f-d34a-42c5-9196-75dc850a8b3c (type: security_groups) to 1
2026-06-24 19:06:52.935 10 INFO neutron.db.ovn_revision_numbers_db [None req-9dd62b3d-d7b5-4037-ba49-fcba163e6b12 8b35d5a59803431885a06973170a3bc5 5ffa413e3ea54925ad550891b48f39a7 - - default default] Successfully bumped revision number for resource 0319abd5-3bff-43cb-a4d5-c494b168e4c2 (type: security_group_rules) to 0
2026-06-24 19:06:52.948 10 INFO neutron.db.ovn_revision_numbers_db [None req-9dd62b3d-d7b5-4037-ba49-fcba163e6b12 8b35d5a59803431885a06973170a3bc5 5ffa413e3ea54925ad550891b48f39a7 - - default default] Successfully bumped revision number for resource 1d85344a-1fa1-497c-8a3e-838f787010ea (type: security_group_rules) to 0
2026-06-24 19:06:52.960 10 INFO neutron.db.ovn_revision_numbers_db [None req-9dd62b3d-d7b5-4037-ba49-fcba163e6b12 8b35d5a59803431885a06973170a3bc5 5ffa413e3ea54925ad550891b48f39a7 - - default default] Successfully bumped revision number for resource 28a829da-23fb-40d8-b86e-997375f51ef7 (type: security_group_rules) to 0
2026-06-24 19:06:52.973 10 INFO neutron.db.ovn_revision_numbers_db [None req-9dd62b3d-d7b5-4037-ba49-fcba163e6b12 8b35d5a59803431885a06973170a3bc5 5ffa413e3ea54925ad550891b48f39a7 - - default default] Successfully bumped revision number for resource 7b1132b6-2bcc-4914-97a7-632454865326 (type: security_group_rules) to 0
2026-06-24 19:06:53.045 10 INFO neutron.db.segments_db [None req-9dd62b3d-d7b5-4037-ba49-fcba163e6b12 8b35d5a59803431885a06973170a3bc5 5ffa413e3ea54925ad550891b48f39a7 - - default default] Added segment fd44006a-ff77-4cba-83b4-5bff24eef70d of type geneve for network a50b0782-c7f2-445f-b721-060ce860c8ad
2026-06-24 19:06:53.162 10 INFO neutron.db.segments_db [None req-9dd62b3d-d7b5-4037-ba49-fcba163e6b12 8b35d5a59803431885a06973170a3bc5 5ffa413e3ea54925ad550891b48f39a7 - - default default] Added segment 18e8fb6a-786c-4f91-9359-84bc2d315b01 of type geneve for network 42dea643-5d6e-4a14-9482-e6f2b85ba43c
2026-06-24 19:06:53.336 10 INFO neutron.db.ovn_revision_numbers_db [None req-9dd62b3d-d7b5-4037-ba49-fcba163e6b12 8b35d5a59803431885a06973170a3bc5 5ffa413e3ea54925ad550891b48f39a7 - - default default] Successfully bumped revision number for resource a50b0782-c7f2-445f-b721-060ce860c8ad (type: networks) to 1
2026-06-24 19:06:53.527 10 WARNING neutron.scheduler.dhcp_agent_scheduler [None req-9dd62b3d-d7b5-4037-ba49-fcba163e6b12 8b35d5a59803431885a06973170a3bc5 5ffa413e3ea54925ad550891b48f39a7 - - default default] No more DHCP agents
2026-06-24 19:06:53.530 10 WARNING neutron.api.rpc.agentnotifiers.dhcp_rpc_agent_api [None req-9dd62b3d-d7b5-4037-ba49-fcba163e6b12 8b35d5a59803431885a06973170a3bc5 5ffa413e3ea54925ad550891b48f39a7 - - default default] Unable to schedule network a50b0782-c7f2-445f-b721-060ce860c8ad: no agents available; will retry on subsequent port and subnet creation events.
2026-06-24 19:06:53.531 9 INFO neutron.wsgi [None req-a2c51974-ab59-4bc1-9070-629cdab23a79 a8a7de7117fb409b9a502b48744ef2cf f8b25b63beb84fa2ada4f999d2568fdb - - default default] 10.0.0.198 "DELETE /v2.0/routers/172c2b06-c2ef-4358-8b04-8e16d2e6bc7d HTTP/1.1" status: 204 len: 168 time: 0.9131927
2026-06-24 19:06:53.551 10 INFO neutron.wsgi [None req-a21437f2-f6ee-40bf-8ef8-a327af9639d7 a8a7de7117fb409b9a502b48744ef2cf f8b25b63beb84fa2ada4f999d2568fdb - - default default] 10.0.0.198 "GET /v2.0/security-groups?tenant_id=6893e52beb2d40968282f52e40b3304b&name=default HTTP/1.1" status: 200 len: 2996 time: 0.2265356
2026-06-24 19:06:53.638 10 INFO neutron.db.ovn_revision_numbers_db [None req-9dd62b3d-d7b5-4037-ba49-fcba163e6b12 8b35d5a59803431885a06973170a3bc5 5ffa413e3ea54925ad550891b48f39a7 - - default default] Successfully bumped revision number for resource bc373142-b534-425c-b3f5-98f00fef3fc0 (type: ports) to 1
2026-06-24 19:06:53.724 10 INFO neutron.db.ovn_revision_numbers_db [None req-9dd62b3d-d7b5-4037-ba49-fcba163e6b12 8b35d5a59803431885a06973170a3bc5 5ffa413e3ea54925ad550891b48f39a7 - - default default] Successfully bumped revision number for resource 42dea643-5d6e-4a14-9482-e6f2b85ba43c (type: networks) to 1
