2026-06-24 19:05:58.505 10 INFO neutron.wsgi [req-80a922a4-d882-49e1-a455-5015bf5895ff req-6eeb1c8e-18d7-4759-b58b-711080e9dced 1bfd51debc0243bfa47e134af339e843 72443ec725ae45abb6554219dff3cf98 - - 96f39892b42c4814a72e6e54be96ca4d 96f39892b42c4814a72e6e54be96ca4d] 199.19.213.122 "GET /v2.0/floatingips?fixed_ip_address=10.100.0.12&port_id=95befc3f-2d7e-4c69-9ffd-c5f9447fc99b HTTP/1.1" status: 200 len: 1060 time: 0.0752127
2026-06-24 19:05:58.568 10 INFO neutron.wsgi [req-80a922a4-d882-49e1-a455-5015bf5895ff req-9c9f4520-b4db-4c44-9caa-4829dbdc4d6e 1bfd51debc0243bfa47e134af339e843 72443ec725ae45abb6554219dff3cf98 - - 96f39892b42c4814a72e6e54be96ca4d 96f39892b42c4814a72e6e54be96ca4d] 199.19.213.122 "GET /v2.0/subnets?id=4f24fdd0-eaa6-4347-a9c8-e56846231172 HTTP/1.1" status: 200 len: 873 time: 0.0529768
2026-06-24 19:05:58.568 9 INFO neutron.wsgi [req-8e966187-837e-4dbd-9a9e-d8c164effe3b req-725c9ffd-a3df-4c9b-8052-31c956f10349 1b72e2ee1183452dba85ba97f5336b44 dc127c35d27246bb8a2ca856fa70146f - - default default] 10.0.0.47 "GET /v2.0/ports?device_id=39935e12-032c-47a0-8552-b73ee4ea9ba3 HTTP/1.1" status: 200 len: 1170 time: 0.0389247
2026-06-24 19:05:58.599 10 INFO neutron.wsgi [req-80a922a4-d882-49e1-a455-5015bf5895ff req-a138651d-18a7-414d-80c0-ae6e6758945f 1bfd51debc0243bfa47e134af339e843 72443ec725ae45abb6554219dff3cf98 - - 96f39892b42c4814a72e6e54be96ca4d 96f39892b42c4814a72e6e54be96ca4d] 199.19.213.122 "GET /v2.0/ports?network_id=b8a0c420-2cc1-4d9f-ad92-49cd46128f46&device_owner=network%3Adhcp HTTP/1.1" status: 200 len: 210 time: 0.0261531
2026-06-24 19:05:58.639 9 INFO neutron.wsgi [req-8e966187-837e-4dbd-9a9e-d8c164effe3b req-43d92e8d-ce8e-4bbb-9bda-75e283d9b3bc 1b72e2ee1183452dba85ba97f5336b44 dc127c35d27246bb8a2ca856fa70146f - - default default] 10.0.0.47 "GET /v2.0/security-groups?id=f1b4c274-bdec-4109-822f-55cee9007707&fields=id&fields=name HTTP/1.1" status: 200 len: 313 time: 0.0610433
2026-06-24 19:05:58.687 10 INFO neutron.wsgi [req-80a922a4-d882-49e1-a455-5015bf5895ff req-26359593-9ec5-42d6-9827-d082effa7ba1 1bfd51debc0243bfa47e134af339e843 72443ec725ae45abb6554219dff3cf98 - - 96f39892b42c4814a72e6e54be96ca4d 96f39892b42c4814a72e6e54be96ca4d] 199.19.213.122 "GET /v2.0/networks/b8a0c420-2cc1-4d9f-ad92-49cd46128f46?fields=segments HTTP/1.1" status: 200 len: 212 time: 0.0825317
2026-06-24 19:05:58.708 9 INFO neutron.wsgi [req-c9dbee96-dd7d-4eed-ade8-ce267bb1d786 req-a1e0fbde-3f0f-497b-a023-e092b2091f52 41ce5f84c729422d9df9fb78ff950f47 f8eb3f321852412383cd1f7f2808ef3e - - default default] 199.19.213.122 "GET /v2.0/ports?device_id=336e5120-e4aa-4fca-9126-e28bb5d67d9a HTTP/1.1" status: 200 len: 1174 time: 0.0853617
2026-06-24 19:05:58.766 10 INFO neutron.wsgi [req-80a922a4-d882-49e1-a455-5015bf5895ff req-da7abbe0-9417-4ff5-ab1a-9655b981145e 1bfd51debc0243bfa47e134af339e843 72443ec725ae45abb6554219dff3cf98 - - 96f39892b42c4814a72e6e54be96ca4d 96f39892b42c4814a72e6e54be96ca4d] 199.19.213.122 "GET /v2.0/networks/b8a0c420-2cc1-4d9f-ad92-49cd46128f46?fields=provider%3Aphysical_network&fields=provider%3Anetwork_type HTTP/1.1" status: 200 len: 277 time: 0.0731342
2026-06-24 19:05:58.776 9 INFO neutron.wsgi [req-2c83b724-321e-40a4-b2da-2436611591cd req-5982da5c-5362-43f6-86a3-17b641360b0f 1b72e2ee1183452dba85ba97f5336b44 dc127c35d27246bb8a2ca856fa70146f - - default default] 10.0.0.47 "GET /v2.0/ports?device_id=39935e12-032c-47a0-8552-b73ee4ea9ba3 HTTP/1.1" status: 200 len: 1170 time: 0.0634139
2026-06-24 19:05:59.078 10 INFO neutron.db.l3_db [None req-34a21b77-2377-4df3-9584-9003e1052cd1 1b72e2ee1183452dba85ba97f5336b44 dc127c35d27246bb8a2ca856fa70146f - - default default] Floating IP 1bc6a5ff-29f5-4acf-8067-bfcf1d84ce62 associated. External IP: 10.96.250.218, port: 6e40ad1e-5632-46af-94d1-8885724150d2.
2026-06-24 19:05:59.221 9 INFO neutron.wsgi [req-d398361a-0138-45a3-9073-a47e3b1fa368 req-74344f69-bd66-4805-8a56-ebe988a6e50a 6c988dd0c7804dcc849f973279b7f6f7 ab1efb58ad4d4559ac221b971a1a4c41 - - default default] 10.0.0.47 "GET /v2.0/ports?device_id=519ec3a2-d924-4b4b-aa9f-645dddc3d9f7 HTTP/1.1" status: 200 len: 1168 time: 0.3286896
2026-06-24 19:05:59.288 9 INFO neutron.wsgi [req-d398361a-0138-45a3-9073-a47e3b1fa368 req-c4fc810a-5ed6-4c78-935f-7471f65eff8f 6c988dd0c7804dcc849f973279b7f6f7 ab1efb58ad4d4559ac221b971a1a4c41 - - default default] 10.0.0.47 "GET /v2.0/security-groups?id=86683e2b-aed8-4083-bb5d-784753b1e724&fields=id&fields=name HTTP/1.1" status: 200 len: 313 time: 0.0577519
2026-06-24 19:05:59.310 10 INFO neutron.db.ovn_revision_numbers_db [None req-34a21b77-2377-4df3-9584-9003e1052cd1 1b72e2ee1183452dba85ba97f5336b44 dc127c35d27246bb8a2ca856fa70146f - - default default] Successfully bumped revision number for resource 1bc6a5ff-29f5-4acf-8067-bfcf1d84ce62 (type: floatingips) to 1
2026-06-24 19:05:59.395 9 INFO neutron.db.l3_db [req-c9dbee96-dd7d-4eed-ade8-ce267bb1d786 req-d35995d4-287f-47a2-94bb-69fae4dc4081 41ce5f84c729422d9df9fb78ff950f47 f8eb3f321852412383cd1f7f2808ef3e - - default default] Floating IP d0468930-3eca-4238-87e6-35f4f00579e8 disassociated. External IP: 10.96.250.206, port: 95befc3f-2d7e-4c69-9ffd-c5f9447fc99b.
2026-06-24 19:05:59.442 10 INFO neutron.db.ovn_revision_numbers_db [None req-34a21b77-2377-4df3-9584-9003e1052cd1 1b72e2ee1183452dba85ba97f5336b44 dc127c35d27246bb8a2ca856fa70146f - - default default] Successfully bumped revision number for resource 1bc6a5ff-29f5-4acf-8067-bfcf1d84ce62 (type: floatingips) to 2
2026-06-24 19:05:59.460 9 INFO neutron.wsgi [req-0235e935-0358-457f-8f3e-35ce6dbec612 req-23cbac8c-ebbb-4773-87be-01c965a76b18 41ce5f84c729422d9df9fb78ff950f47 f8eb3f321852412383cd1f7f2808ef3e - - default default] 10.0.0.47 "GET /v2.0/ports?device_id=336e5120-e4aa-4fca-9126-e28bb5d67d9a HTTP/1.1" status: 200 len: 1174 time: 0.0451381
2026-06-24 19:05:59.470 10 INFO neutron.wsgi [None req-34a21b77-2377-4df3-9584-9003e1052cd1 1b72e2ee1183452dba85ba97f5336b44 dc127c35d27246bb8a2ca856fa70146f - - default default] 10.0.0.198 "PUT /v2.0/floatingips/1bc6a5ff-29f5-4acf-8067-bfcf1d84ce62 HTTP/1.1" status: 200 len: 1049 time: 0.6821139
2026-06-24 19:05:59.567 9 INFO neutron.wsgi [req-0235e935-0358-457f-8f3e-35ce6dbec612 req-d0fc7a95-1c7d-4ffe-a1fa-00c2cb0fdbde 41ce5f84c729422d9df9fb78ff950f47 f8eb3f321852412383cd1f7f2808ef3e - - default default] 10.0.0.47 "GET /v2.0/security-groups?id=e0ef6804-92a2-43d9-b4bb-8d266b24e299&fields=id&fields=name HTTP/1.1" status: 200 len: 311 time: 0.0878799
2026-06-24 19:05:59.623 9 INFO neutron.wsgi [req-c0862faa-64b7-4177-9031-ca017fe01d5d req-2efe812b-cb85-4d82-9feb-5bc132d51a6b 82fcc35b70c44f5fbb99ff6a625bee88 39e1669e23ae46419cd8fe1639145df6 - - default default] 10.0.0.47 "GET /v2.0/ports?device_id=68c21912-f49f-449b-93ce-899c40ac1c6e HTTP/1.1" status: 200 len: 1172 time: 0.1030800
2026-06-24 19:05:59.627 9 INFO neutron.wsgi [req-c9dbee96-dd7d-4eed-ade8-ce267bb1d786 req-d35995d4-287f-47a2-94bb-69fae4dc4081 41ce5f84c729422d9df9fb78ff950f47 f8eb3f321852412383cd1f7f2808ef3e - - default default] 199.19.213.122 "DELETE /v2.0/ports/95befc3f-2d7e-4c69-9ffd-c5f9447fc99b HTTP/1.1" status: 204 len: 173 time: 0.9136002
2026-06-24 19:05:59.666 9 INFO neutron.wsgi [req-c0862faa-64b7-4177-9031-ca017fe01d5d req-855d9a1e-c57f-4864-80be-94015c5eb9c3 82fcc35b70c44f5fbb99ff6a625bee88 39e1669e23ae46419cd8fe1639145df6 - - default default] 10.0.0.47 "GET /v2.0/security-groups?id=6ae9c7a5-c991-4bdf-902a-e173b76acf99&fields=id&fields=name HTTP/1.1" status: 200 len: 312 time: 0.0328937
2026-06-24 19:05:59.922 9 INFO neutron.notifiers.nova [-] Nova event matching ['req-5ab6c1ca-d3b4-4636-bca7-bc3f93edaeda'] response: {'name': 'network-changed', 'server_uuid': '68c21912-f49f-449b-93ce-899c40ac1c6e', 'tag': '3c10c73b-846b-492f-b749-6fc48378d382', 'status': 'completed', 'code': 200}
2026-06-24 19:05:59.923 9 INFO neutron.notifiers.nova [-] Nova event matching ['req-5ab6c1ca-d3b4-4636-bca7-bc3f93edaeda'] response: {'server_uuid': '336e5120-e4aa-4fca-9126-e28bb5d67d9a', 'name': 'network-vif-deleted', 'tag': '95befc3f-2d7e-4c69-9ffd-c5f9447fc99b', 'status': 'completed', 'code': 200}
2026-06-24 19:05:59.981 9 INFO neutron.wsgi [req-b432dfc2-5276-4d0d-ace8-403f18dee9f5 req-dc668c0d-3928-40ef-8016-0ef89b121483 1bfd51debc0243bfa47e134af339e843 72443ec725ae45abb6554219dff3cf98 - - 96f39892b42c4814a72e6e54be96ca4d 96f39892b42c4814a72e6e54be96ca4d] 199.19.213.122 "GET /v2.0/ports?tenant_id=39e1669e23ae46419cd8fe1639145df6&device_id=68c21912-f49f-449b-93ce-899c40ac1c6e HTTP/1.1" status: 200 len: 1411 time: 0.0475552
2026-06-24 19:06:00.062 9 INFO neutron.wsgi [req-b432dfc2-5276-4d0d-ace8-403f18dee9f5 req-fa25a146-317e-4acc-8d63-8eca4663361b 1bfd51debc0243bfa47e134af339e843 72443ec725ae45abb6554219dff3cf98 - - 96f39892b42c4814a72e6e54be96ca4d 96f39892b42c4814a72e6e54be96ca4d] 199.19.213.122 "GET /v2.0/networks?id=1ce0c1b9-34c3-498b-908e-8ba827b9408c HTTP/1.1" status: 200 len: 968 time: 0.0741358
2026-06-24 19:06:00.099 9 INFO neutron.wsgi [req-b432dfc2-5276-4d0d-ace8-403f18dee9f5 req-c0e4bc90-a452-462b-95b0-c0f05e691072 1bfd51debc0243bfa47e134af339e843 72443ec725ae45abb6554219dff3cf98 - - 96f39892b42c4814a72e6e54be96ca4d 96f39892b42c4814a72e6e54be96ca4d] 199.19.213.122 "GET /v2.0/floatingips?fixed_ip_address=10.100.0.10&port_id=3c10c73b-846b-492f-b749-6fc48378d382 HTTP/1.1" status: 200 len: 217 time: 0.0313661
2026-06-24 19:06:00.140 10 INFO neutron.wsgi [-] 10.0.0.145 "GET / HTTP/1.1" status: 200 len: 247 time: 0.0022354
2026-06-24 19:06:00.142 10 INFO neutron.wsgi [-] 10.0.0.145 "GET / HTTP/1.1" status: 200 len: 247 time: 0.0013201
2026-06-24 19:06:00.153 9 INFO neutron.wsgi [req-b432dfc2-5276-4d0d-ace8-403f18dee9f5 req-49d9b8fd-94ce-4138-b7e9-35a3873870db 1bfd51debc0243bfa47e134af339e843 72443ec725ae45abb6554219dff3cf98 - - 96f39892b42c4814a72e6e54be96ca4d 96f39892b42c4814a72e6e54be96ca4d] 199.19.213.122 "GET /v2.0/subnets?id=6bc7e5d0-7f35-4e72-84e0-1fb6634750a2 HTTP/1.1" status: 200 len: 863 time: 0.0457489
2026-06-24 19:06:00.187 9 INFO neutron.wsgi [req-b432dfc2-5276-4d0d-ace8-403f18dee9f5 req-718d40cf-82ca-4d8f-b660-163d9db8cca5 1bfd51debc0243bfa47e134af339e843 72443ec725ae45abb6554219dff3cf98 - - 96f39892b42c4814a72e6e54be96ca4d 96f39892b42c4814a72e6e54be96ca4d] 199.19.213.122 "GET /v2.0/ports?network_id=1ce0c1b9-34c3-498b-908e-8ba827b9408c&device_owner=network%3Adhcp HTTP/1.1" status: 200 len: 210 time: 0.0293891
2026-06-24 19:06:00.271 9 INFO neutron.wsgi [req-b432dfc2-5276-4d0d-ace8-403f18dee9f5 req-096da0f0-9986-44e2-ad61-4d2860d9e4a8 1bfd51debc0243bfa47e134af339e843 72443ec725ae45abb6554219dff3cf98 - - 96f39892b42c4814a72e6e54be96ca4d 96f39892b42c4814a72e6e54be96ca4d] 199.19.213.122 "GET /v2.0/networks/1ce0c1b9-34c3-498b-908e-8ba827b9408c?fields=segments HTTP/1.1" status: 200 len: 212 time: 0.0737634
2026-06-24 19:06:00.306 10 INFO neutron.notifiers.nova [-] Nova event matching ['req-4b67202a-0f46-44be-adef-b297a248c5dc'] response: {'name': 'network-changed', 'server_uuid': '39935e12-032c-47a0-8552-b73ee4ea9ba3', 'tag': '6e40ad1e-5632-46af-94d1-8885724150d2', 'status': 'completed', 'code': 200}
2026-06-24 19:06:00.346 9 INFO neutron.wsgi [req-b432dfc2-5276-4d0d-ace8-403f18dee9f5 req-a847d04a-f8c3-4b27-8a25-89b374f2e2bb 1bfd51debc0243bfa47e134af339e843 72443ec725ae45abb6554219dff3cf98 - - 96f39892b42c4814a72e6e54be96ca4d 96f39892b42c4814a72e6e54be96ca4d] 199.19.213.122 "GET /v2.0/networks/1ce0c1b9-34c3-498b-908e-8ba827b9408c?fields=provider%3Aphysical_network&fields=provider%3Anetwork_type HTTP/1.1" status: 200 len: 277 time: 0.0665054
2026-06-24 19:06:00.397 9 INFO neutron.wsgi [req-bab03024-c368-490b-ba48-4685ba1c8dbc req-a06c6ecc-ef76-468b-8950-157a9461582d 6c988dd0c7804dcc849f973279b7f6f7 ab1efb58ad4d4559ac221b971a1a4c41 - - default default] 10.0.0.47 "GET /v2.0/ports?device_id=519ec3a2-d924-4b4b-aa9f-645dddc3d9f7 HTTP/1.1" status: 200 len: 1168 time: 0.0354526
2026-06-24 19:06:00.436 9 INFO neutron.wsgi [req-bab03024-c368-490b-ba48-4685ba1c8dbc req-708197b3-8750-4c56-ab82-5db855de18bd 6c988dd0c7804dcc849f973279b7f6f7 ab1efb58ad4d4559ac221b971a1a4c41 - - default default] 10.0.0.47 "GET /v2.0/security-groups?id=86683e2b-aed8-4083-bb5d-784753b1e724&fields=id&fields=name HTTP/1.1" status: 200 len: 313 time: 0.0333774
2026-06-24 19:06:00.495 9 INFO neutron.wsgi [req-cb154070-aa30-453d-bb6f-65b50977063e req-3f8b9cbc-3591-4989-aca2-cd9a58a99114 1bfd51debc0243bfa47e134af339e843 72443ec725ae45abb6554219dff3cf98 - - 96f39892b42c4814a72e6e54be96ca4d 96f39892b42c4814a72e6e54be96ca4d] 199.19.213.122 "GET /v2.0/ports?tenant_id=dc127c35d27246bb8a2ca856fa70146f&device_id=39935e12-032c-47a0-8552-b73ee4ea9ba3 HTTP/1.1" status: 200 len: 1409 time: 0.0351324
2026-06-24 19:06:00.551 9 INFO neutron.wsgi [req-cb154070-aa30-453d-bb6f-65b50977063e req-9674624e-c46d-4cb1-b75c-9c93941760df 1bfd51debc0243bfa47e134af339e843 72443ec725ae45abb6554219dff3cf98 - - 96f39892b42c4814a72e6e54be96ca4d 96f39892b42c4814a72e6e54be96ca4d] 199.19.213.122 "GET /v2.0/networks?id=53e048c3-a61a-469a-988d-932db4957919 HTTP/1.1" status: 200 len: 973 time: 0.0494232
2026-06-24 19:06:00.600 9 INFO neutron.wsgi [req-cb154070-aa30-453d-bb6f-65b50977063e req-7736c8c5-9a64-42a7-b5d1-19a5d5284f2d 1bfd51debc0243bfa47e134af339e843 72443ec725ae45abb6554219dff3cf98 - - 96f39892b42c4814a72e6e54be96ca4d 96f39892b42c4814a72e6e54be96ca4d] 199.19.213.122 "GET /v2.0/floatingips?fixed_ip_address=10.100.0.4&port_id=6e40ad1e-5632-46af-94d1-8885724150d2 HTTP/1.1" status: 200 len: 1059 time: 0.0425670
2026-06-24 19:06:00.641 9 INFO neutron.wsgi [req-cb154070-aa30-453d-bb6f-65b50977063e req-85f7108d-7a22-4d21-8d25-772b368804f4 1bfd51debc0243bfa47e134af339e843 72443ec725ae45abb6554219dff3cf98 - - 96f39892b42c4814a72e6e54be96ca4d 96f39892b42c4814a72e6e54be96ca4d] 199.19.213.122 "GET /v2.0/subnets?id=2cfd6193-ce34-46ee-a859-31bab3ca70ba HTTP/1.1" status: 200 len: 868 time: 0.0356836 /var/lib/openstack/lib/python3.10/site-packages/pycadf/identifier.py:71: UserWarning: Invalid uuid: neutron. To ensure interoperability, identifiers should be a valid uuid. warnings.warn(('Invalid uuid: %s. To ensure interoperability, '
2026-06-24 19:06:00.678 9 INFO neutron.wsgi [req-cb154070-aa30-453d-bb6f-65b50977063e req-73fd3d70-3a3b-44c0-9b52-2414e66e7012 1bfd51debc0243bfa47e134af339e843 72443ec725ae45abb6554219dff3cf98 - - 96f39892b42c4814a72e6e54be96ca4d 96f39892b42c4814a72e6e54be96ca4d] 199.19.213.122 "GET /v2.0/ports?network_id=53e048c3-a61a-469a-988d-932db4957919&device_owner=network%3Adhcp HTTP/1.1" status: 200 len: 210 time: 0.0231259
2026-06-24 19:06:00.769 9 INFO neutron.wsgi [req-ce09b507-d5ea-4e65-bf5c-c2094aa9eeb5 req-e4953562-7c6e-4972-9186-ae7ceddc517d 82fcc35b70c44f5fbb99ff6a625bee88 39e1669e23ae46419cd8fe1639145df6 - - default default] 10.0.0.47 "GET /v2.0/ports?device_id=68c21912-f49f-449b-93ce-899c40ac1c6e HTTP/1.1" status: 200 len: 1172 time: 0.0410464
2026-06-24 19:06:00.769 10 INFO neutron.wsgi [None req-c2673366-c9d1-40c1-985f-8ae84e20a988 41ce5f84c729422d9df9fb78ff950f47 f8eb3f321852412383cd1f7f2808ef3e - - default default] 10.0.0.198 "DELETE /v2.0/security-groups/e0ef6804-92a2-43d9-b4bb-8d266b24e299 HTTP/1.1" status: 204 len: 168 time: 0.1220646
2026-06-24 19:06:00.785 9 INFO neutron.wsgi [req-cb154070-aa30-453d-bb6f-65b50977063e req-0d872ed2-1f72-4cd0-9f63-92f4c179b009 1bfd51debc0243bfa47e134af339e843 72443ec725ae45abb6554219dff3cf98 - - 96f39892b42c4814a72e6e54be96ca4d 96f39892b42c4814a72e6e54be96ca4d] 199.19.213.122 "GET /v2.0/networks/53e048c3-a61a-469a-988d-932db4957919?fields=segments HTTP/1.1" status: 200 len: 212 time: 0.0997105
2026-06-24 19:06:00.791 9 INFO neutron.api.v2.resource [None req-31adec5f-eb7f-4742-8344-537e7db61da5 41ce5f84c729422d9df9fb78ff950f47 f8eb3f321852412383cd1f7f2808ef3e - - default default] show failed (client error): The resource could not be found.
2026-06-24 19:06:00.792 9 INFO neutron.wsgi [None req-31adec5f-eb7f-4742-8344-537e7db61da5 41ce5f84c729422d9df9fb78ff950f47 f8eb3f321852412383cd1f7f2808ef3e - - default default] 10.0.0.198 "GET /v2.0/security-groups/e0ef6804-92a2-43d9-b4bb-8d266b24e299 HTTP/1.1" status: 404 len: 347 time: 0.0176170
2026-06-24 19:06:00.840 9 INFO neutron.wsgi [req-ce09b507-d5ea-4e65-bf5c-c2094aa9eeb5 req-c0ccb214-670a-4759-86e1-63f83a8144b9 82fcc35b70c44f5fbb99ff6a625bee88 39e1669e23ae46419cd8fe1639145df6 - - default default] 10.0.0.47 "GET /v2.0/security-groups?id=6ae9c7a5-c991-4bdf-902a-e173b76acf99&fields=id&fields=name HTTP/1.1" status: 200 len: 312 time: 0.0620263
2026-06-24 19:06:00.867 9 INFO neutron.wsgi [req-cb154070-aa30-453d-bb6f-65b50977063e req-9a546ef4-9f1c-4c82-993b-e9b88f4ab32b 1bfd51debc0243bfa47e134af339e843 72443ec725ae45abb6554219dff3cf98 - - 96f39892b42c4814a72e6e54be96ca4d 96f39892b42c4814a72e6e54be96ca4d] 199.19.213.122 "GET /v2.0/networks/53e048c3-a61a-469a-988d-932db4957919?fields=provider%3Aphysical_network&fields=provider%3Anetwork_type HTTP/1.1" status: 200 len: 277 time: 0.0734460
2026-06-24 19:06:01.169 10 INFO neutron.wsgi [None req-eb6daf9c-1628-45fb-8333-6d82d9ab7bf9 41ce5f84c729422d9df9fb78ff950f47 f8eb3f321852412383cd1f7f2808ef3e - - default default] 10.0.0.198 "DELETE /v2.0/floatingips/d0468930-3eca-4238-87e6-35f4f00579e8 HTTP/1.1" status: 204 len: 168 time: 0.3721778
2026-06-24 19:06:01.542 9 INFO neutron.wsgi [req-22f7d111-e2aa-4866-8fee-547246194dd4 req-46fdbc8f-688f-4d82-9724-fe1d70702645 6c988dd0c7804dcc849f973279b7f6f7 ab1efb58ad4d4559ac221b971a1a4c41 - - default default] 10.0.0.47 "GET /v2.0/ports?device_id=519ec3a2-d924-4b4b-aa9f-645dddc3d9f7 HTTP/1.1" status: 200 len: 1168 time: 0.0420413
2026-06-24 19:06:01.585 9 INFO neutron.wsgi [req-22f7d111-e2aa-4866-8fee-547246194dd4 req-380ad03f-e082-49e7-8cbe-f2529f1db25f 6c988dd0c7804dcc849f973279b7f6f7 ab1efb58ad4d4559ac221b971a1a4c41 - - default default] 10.0.0.47 "GET /v2.0/security-groups?id=86683e2b-aed8-4083-bb5d-784753b1e724&fields=id&fields=name HTTP/1.1" status: 200 len: 313 time: 0.0353014
2026-06-24 19:06:01.940 9 INFO neutron.wsgi [req-0323f6d1-cedf-4107-bbe6-3e9fb581f57d req-40d60864-6724-497b-b53d-76a78beb78b0 82fcc35b70c44f5fbb99ff6a625bee88 39e1669e23ae46419cd8fe1639145df6 - - default default] 10.0.0.47 "GET /v2.0/ports?device_id=68c21912-f49f-449b-93ce-899c40ac1c6e HTTP/1.1" status: 200 len: 1172 time: 0.0379605
2026-06-24 19:06:01.986 9 INFO neutron.wsgi [req-0323f6d1-cedf-4107-bbe6-3e9fb581f57d req-521baffb-920b-4552-9608-b4b07b40c0a2 82fcc35b70c44f5fbb99ff6a625bee88 39e1669e23ae46419cd8fe1639145df6 - - default default] 10.0.0.47 "GET /v2.0/security-groups?id=6ae9c7a5-c991-4bdf-902a-e173b76acf99&fields=id&fields=name HTTP/1.1" status: 200 len: 312 time: 0.0395269
2026-06-24 19:06:02.406 10 INFO neutron.wsgi [None req-3e8e0349-6e4f-4665-ade7-ea68c1e6368e a8a7de7117fb409b9a502b48744ef2cf f8b25b63beb84fa2ada4f999d2568fdb - - default default] 10.0.0.198 "PUT /v2.0/routers/b752c641-a6e9-42ff-9cfe-2d67ab3e21d7/remove_router_interface HTTP/1.1" status: 200 len: 503 time: 1.2307940 /var/lib/openstack/lib/python3.10/site-packages/pycadf/identifier.py:71: UserWarning: Invalid uuid: neutron. To ensure interoperability, identifiers should be a valid uuid. warnings.warn(('Invalid uuid: %s. To ensure interoperability, '
2026-06-24 19:06:02.687 9 INFO neutron.wsgi [req-1f0c9dee-62fa-40a8-be61-c6931b948e0d req-75ff9d5f-560f-49eb-b18f-c33961ce1059 6c988dd0c7804dcc849f973279b7f6f7 ab1efb58ad4d4559ac221b971a1a4c41 - - default default] 10.0.0.47 "GET /v2.0/ports?device_id=519ec3a2-d924-4b4b-aa9f-645dddc3d9f7 HTTP/1.1" status: 200 len: 1168 time: 0.0386968
2026-06-24 19:06:02.727 9 INFO neutron.wsgi [req-1f0c9dee-62fa-40a8-be61-c6931b948e0d req-063b4745-9769-4f34-b2d0-1cbaf55219dc 6c988dd0c7804dcc849f973279b7f6f7 ab1efb58ad4d4559ac221b971a1a4c41 - - default default] 10.0.0.47 "GET /v2.0/security-groups?id=86683e2b-aed8-4083-bb5d-784753b1e724&fields=id&fields=name HTTP/1.1" status: 200 len: 313 time: 0.0349460
2026-06-24 19:06:02.887 9 WARNING neutron.plugins.ml2.drivers.ovn.mech_driver.ovsdb.ovn_client [None req-a93d7c23-903d-4be5-a954-9f933413b3f0 - - - - - -] No hosting information found for port 28bcfc84-55cb-458e-a56c-a745c26ccf83: RuntimeError: No hosting information found for port 28bcfc84-55cb-458e-a56c-a745c26ccf83
2026-06-24 19:06:02.887 9 INFO neutron.plugins.ml2.drivers.ovn.mech_driver.mech_driver [None req-a93d7c23-903d-4be5-a954-9f933413b3f0 - - - - - -] OVN reports status up for port: a16f58ef-903e-45a0-891e-21c10d6b1728
2026-06-24 19:06:02.897 9 INFO neutron.plugins.ml2.plugin [None req-a93d7c23-903d-4be5-a954-9f933413b3f0 - - - - - -] Attempt 1 to provision port a16f58ef-903e-45a0-891e-21c10d6b1728
2026-06-24 19:06:03.001 9 INFO neutron.notifiers.nova [-] Nova event matching ['req-f8d475c4-ab37-4806-ac5e-c3c0583b5626'] response: {'server_uuid': '519ec3a2-d924-4b4b-aa9f-645dddc3d9f7', 'name': 'network-vif-plugged', 'status': 'completed', 'tag': 'a16f58ef-903e-45a0-891e-21c10d6b1728', 'code': 200}
2026-06-24 19:06:03.119 9 INFO neutron.wsgi [req-e0556342-88b6-45e1-98cf-e60d87c77a72 req-56d02189-3fff-47df-8379-a3739373488a 82fcc35b70c44f5fbb99ff6a625bee88 39e1669e23ae46419cd8fe1639145df6 - - default default] 10.0.0.47 "GET /v2.0/ports?device_id=68c21912-f49f-449b-93ce-899c40ac1c6e HTTP/1.1" status: 200 len: 1172 time: 0.0405412
2026-06-24 19:06:03.199 9 INFO neutron.wsgi [req-e0556342-88b6-45e1-98cf-e60d87c77a72 req-1a1229f1-67ad-4bc2-ae62-751cf4833815 82fcc35b70c44f5fbb99ff6a625bee88 39e1669e23ae46419cd8fe1639145df6 - - default default] 10.0.0.47 "GET /v2.0/security-groups?id=6ae9c7a5-c991-4bdf-902a-e173b76acf99&fields=id&fields=name HTTP/1.1" status: 200 len: 312 time: 0.0673466
2026-06-24 19:06:03.209 9 INFO neutron.db.ovn_revision_numbers_db [None req-a93d7c23-903d-4be5-a954-9f933413b3f0 - - - - - -] Successfully bumped revision number for resource a16f58ef-903e-45a0-891e-21c10d6b1728 (type: ports) to 4
2026-06-24 19:06:03.274 9 INFO neutron.plugins.ml2.drivers.ovn.mech_driver.mech_driver [None req-a93d7c23-903d-4be5-a954-9f933413b3f0 - - - - - -] OVN reports status down for port: 95befc3f-2d7e-4c69-9ffd-c5f9447fc99b
2026-06-24 19:06:03.302 9 INFO neutron.plugins.ml2.drivers.ovn.mech_driver.mech_driver [None req-a93d7c23-903d-4be5-a954-9f933413b3f0 - - - - - -] OVN reports status up for port: 3c10c73b-846b-492f-b749-6fc48378d382
2026-06-24 19:06:03.322 9 INFO neutron.plugins.ml2.plugin [None req-a93d7c23-903d-4be5-a954-9f933413b3f0 - - - - - -] Attempt 1 to provision port 3c10c73b-846b-492f-b749-6fc48378d382
2026-06-24 19:06:03.543 10 INFO neutron.wsgi [None req-ce31421d-5482-469e-a1db-041a8072fa90 a8a7de7117fb409b9a502b48744ef2cf f8b25b63beb84fa2ada4f999d2568fdb - - default default] 10.0.0.198 "DELETE /v2.0/routers/b752c641-a6e9-42ff-9cfe-2d67ab3e21d7 HTTP/1.1" status: 204 len: 168 time: 1.1327851
2026-06-24 19:06:03.613 9 INFO neutron.db.ovn_revision_numbers_db [None req-a93d7c23-903d-4be5-a954-9f933413b3f0 - - - - - -] Successfully bumped revision number for resource 3c10c73b-846b-492f-b749-6fc48378d382 (type: ports) to 4
2026-06-24 19:06:03.758 10 INFO neutron.wsgi [None req-be4c45dc-a748-4a78-8d83-eb6b515a323e a8a7de7117fb409b9a502b48744ef2cf f8b25b63beb84fa2ada4f999d2568fdb - - default default] 10.0.0.198 "DELETE /v2.0/subnets/4f24fdd0-eaa6-4347-a9c8-e56846231172 HTTP/1.1" status: 204 len: 168 time: 0.2068245 /var/lib/openstack/lib/python3.10/site-packages/pycadf/identifier.py:71: UserWarning: Invalid uuid: neutron. To ensure interoperability, identifiers should be a valid uuid. warnings.warn(('Invalid uuid: %s. To ensure interoperability, '
2026-06-24 19:06:03.983 9 INFO neutron.wsgi [req-e660f175-b3ec-4336-877a-4efd5d852da4 req-4f056306-5668-44ae-9089-3a9a493aa13c 6c988dd0c7804dcc849f973279b7f6f7 ab1efb58ad4d4559ac221b971a1a4c41 - - default default] 10.0.0.47 "GET /v2.0/ports?device_id=519ec3a2-d924-4b4b-aa9f-645dddc3d9f7 HTTP/1.1" status: 200 len: 1170 time: 0.0410674
2026-06-24 19:06:04.030 9 INFO neutron.wsgi [req-e660f175-b3ec-4336-877a-4efd5d852da4 req-616c4a10-b4ea-4ca6-836e-88c246dfb51c 6c988dd0c7804dcc849f973279b7f6f7 ab1efb58ad4d4559ac221b971a1a4c41 - - default default] 10.0.0.47 "GET /v2.0/security-groups?id=86683e2b-aed8-4083-bb5d-784753b1e724&fields=id&fields=name HTTP/1.1" status: 200 len: 313 time: 0.0406251
2026-06-24 19:06:04.130 9 INFO neutron.wsgi [req-dc8d8192-5d9e-4f34-be36-c42fd5980de2 req-b26a534e-0531-434a-afe1-ef09cea7099b 6c988dd0c7804dcc849f973279b7f6f7 ab1efb58ad4d4559ac221b971a1a4c41 - - default default] 10.0.0.47 "GET /v2.0/ports?device_id=519ec3a2-d924-4b4b-aa9f-645dddc3d9f7 HTTP/1.1" status: 200 len: 1170 time: 0.0431106
2026-06-24 19:06:04.360 9 INFO neutron.wsgi [req-4b4c07ff-6507-4007-a467-9f35a8a1ee00 req-e54aebe7-1a91-4ef8-9457-1192f4ef7454 82fcc35b70c44f5fbb99ff6a625bee88 39e1669e23ae46419cd8fe1639145df6 - - default default] 10.0.0.47 "GET /v2.0/ports?device_id=68c21912-f49f-449b-93ce-899c40ac1c6e HTTP/1.1" status: 200 len: 1174 time: 0.0818043
2026-06-24 19:06:04.462 9 INFO neutron.services.segments.plugin [-] Segment d9ab0316-a570-4335-84d7-230c409282d3 resource provider aggregate not found
2026-06-24 19:06:04.466 9 INFO neutron.services.segments.plugin [-] Segment d9ab0316-a570-4335-84d7-230c409282d3 resource provider aggregate not found
2026-06-24 19:06:04.486 9 INFO neutron.wsgi [req-4b4c07ff-6507-4007-a467-9f35a8a1ee00 req-418730c1-0d75-4bdb-9eaf-f72b871e9171 82fcc35b70c44f5fbb99ff6a625bee88 39e1669e23ae46419cd8fe1639145df6 - - default default] 10.0.0.47 "GET /v2.0/security-groups?id=6ae9c7a5-c991-4bdf-902a-e173b76acf99&fields=id&fields=name HTTP/1.1" status: 200 len: 312 time: 0.1095786
2026-06-24 19:06:04.498 9 INFO neutron.services.segments.plugin [-] Segment d9ab0316-a570-4335-84d7-230c409282d3 resource provider not found; error: Placement Client Error (4xx): {"errors": [{"status": 404, "title": "Not Found", "detail": "The resource could not be found.\n\n No resource provider with uuid d9ab0316-a570-4335-84d7-230c409282d3 found for delete ", "request_id": "req-6d8d9eb9-7ce0-476d-8b58-2817aa0dcad5"}]}
2026-06-24 19:06:04.499 9 INFO neutron.services.segments.plugin [-] Segment d9ab0316-a570-4335-84d7-230c409282d3 resource provider not found; error: Placement Client Error (4xx): {"errors": [{"status": 404, "title": "Not Found", "detail": "The resource could not be found.\n\n No resource provider with uuid d9ab0316-a570-4335-84d7-230c409282d3 found for delete ", "request_id": "req-a71dc510-3e7f-4497-89e8-0c39faf435f6"}]}
2026-06-24 19:06:04.517 9 INFO neutron.db.l3_db [None req-436c344f-61cb-49cb-88f0-744034b6bd8e 6c988dd0c7804dcc849f973279b7f6f7 ab1efb58ad4d4559ac221b971a1a4c41 - - default default] Floating IP 5dc9c9e8-d321-4dec-afe0-095e02cf11b6 associated. External IP: 10.96.250.208, port: a16f58ef-903e-45a0-891e-21c10d6b1728.
2026-06-24 19:06:04.551 9 INFO neutron.wsgi [None req-6dae1f5d-05e6-4af9-80f3-ea154259f85d a8a7de7117fb409b9a502b48744ef2cf f8b25b63beb84fa2ada4f999d2568fdb - - default default] 10.0.0.198 "DELETE /v2.0/networks/b8a0c420-2cc1-4d9f-ad92-49cd46128f46 HTTP/1.1" status: 204 len: 168 time: 0.7873061
2026-06-24 19:06:04.733 9 INFO neutron.db.ovn_revision_numbers_db [None req-436c344f-61cb-49cb-88f0-744034b6bd8e 6c988dd0c7804dcc849f973279b7f6f7 ab1efb58ad4d4559ac221b971a1a4c41 - - default default] Successfully bumped revision number for resource 5dc9c9e8-d321-4dec-afe0-095e02cf11b6 (type: floatingips) to 1
2026-06-24 19:06:04.761 10 INFO neutron.wsgi [None req-23fdff16-4295-4873-bdcb-e882ea02f910 a8a7de7117fb409b9a502b48744ef2cf f8b25b63beb84fa2ada4f999d2568fdb - - default default] 10.0.0.198 "GET /v2.0/security-groups?tenant_id=f8eb3f321852412383cd1f7f2808ef3e&name=default HTTP/1.1" status: 200 len: 2992 time: 0.0916445
2026-06-24 19:06:04.888 9 INFO neutron.db.ovn_revision_numbers_db [None req-436c344f-61cb-49cb-88f0-744034b6bd8e 6c988dd0c7804dcc849f973279b7f6f7 ab1efb58ad4d4559ac221b971a1a4c41 - - default default] Successfully bumped revision number for resource 5dc9c9e8-d321-4dec-afe0-095e02cf11b6 (type: floatingips) to 2
2026-06-24 19:06:04.916 9 INFO neutron.wsgi [None req-436c344f-61cb-49cb-88f0-744034b6bd8e 6c988dd0c7804dcc849f973279b7f6f7 ab1efb58ad4d4559ac221b971a1a4c41 - - default default] 10.0.0.198 "PUT /v2.0/floatingips/5dc9c9e8-d321-4dec-afe0-095e02cf11b6 HTTP/1.1" status: 200 len: 1049 time: 0.7750349
2026-06-24 19:06:05.042 9 INFO neutron.notifiers.nova [-] Nova event matching ['req-ce740137-9cd0-4490-8faa-c43d74287bc2'] response: {'server_uuid': '519ec3a2-d924-4b4b-aa9f-645dddc3d9f7', 'name': 'network-vif-plugged', 'status': 'completed', 'tag': 'a16f58ef-903e-45a0-891e-21c10d6b1728', 'code': 200}
2026-06-24 19:06:05.042 9 INFO neutron.notifiers.nova [-] Nova event matching ['req-ce740137-9cd0-4490-8faa-c43d74287bc2'] response: {'server_uuid': '68c21912-f49f-449b-93ce-899c40ac1c6e', 'name': 'network-vif-plugged', 'status': 'completed', 'tag': '3c10c73b-846b-492f-b749-6fc48378d382', 'code': 200}
2026-06-24 19:06:05.043 9 INFO neutron.notifiers.nova [-] Nova event matching ['req-ce740137-9cd0-4490-8faa-c43d74287bc2'] response: {'server_uuid': '68c21912-f49f-449b-93ce-899c40ac1c6e', 'name': 'network-vif-plugged', 'status': 'completed', 'tag': '3c10c73b-846b-492f-b749-6fc48378d382', 'code': 200}
2026-06-24 19:06:05.043 9 INFO neutron.notifiers.nova [-] Nova event matching ['req-ce740137-9cd0-4490-8faa-c43d74287bc2'] response: {'name': 'network-changed', 'server_uuid': '519ec3a2-d924-4b4b-aa9f-645dddc3d9f7', 'tag': 'a16f58ef-903e-45a0-891e-21c10d6b1728', 'status': 'completed', 'code': 200}
2026-06-24 19:06:05.057 9 INFO neutron.wsgi [None req-90de4328-19ef-461e-b6cd-4197e162f876 a8a7de7117fb409b9a502b48744ef2cf f8b25b63beb84fa2ada4f999d2568fdb - - default default] 10.0.0.198 "DELETE /v2.0/security-groups/d52cbdc9-f3d6-4f07-994f-fc847f48b6b1 HTTP/1.1" status: 204 len: 168 time: 0.2914736
2026-06-24 19:06:05.065 9 INFO neutron.wsgi [req-8e2c0742-f677-4f41-aee6-ef44478725e6 req-f40cb7f2-c721-4444-89a5-e9dd0424d6dc 6c988dd0c7804dcc849f973279b7f6f7 ab1efb58ad4d4559ac221b971a1a4c41 - - default default] 10.0.0.47 "GET /v2.0/ports?device_id=519ec3a2-d924-4b4b-aa9f-645dddc3d9f7 HTTP/1.1" status: 200 len: 1170 time: 0.1071615
2026-06-24 19:06:05.121 9 INFO neutron.wsgi [req-714791b7-0e4d-4e0c-815c-079d8eb0de45 req-f3812f1b-08e2-4ab1-a130-a94a5228f4a6 1bfd51debc0243bfa47e134af339e843 72443ec725ae45abb6554219dff3cf98 - - 96f39892b42c4814a72e6e54be96ca4d 96f39892b42c4814a72e6e54be96ca4d] 199.19.213.122 "GET /v2.0/ports?tenant_id=ab1efb58ad4d4559ac221b971a1a4c41&device_id=519ec3a2-d924-4b4b-aa9f-645dddc3d9f7 HTTP/1.1" status: 200 len: 1409 time: 0.0499012
2026-06-24 19:06:05.137 9 INFO neutron.wsgi [req-8e2c0742-f677-4f41-aee6-ef44478725e6 req-ac0093f0-3082-4105-84ae-7fed8b00b4a7 6c988dd0c7804dcc849f973279b7f6f7 ab1efb58ad4d4559ac221b971a1a4c41 - - default default] 10.0.0.47 "GET /v2.0/security-groups?id=86683e2b-aed8-4083-bb5d-784753b1e724&fields=id&fields=name HTTP/1.1" status: 200 len: 313 time: 0.0550225
2026-06-24 19:06:05.211 9 INFO neutron.wsgi [req-714791b7-0e4d-4e0c-815c-079d8eb0de45 req-c6cdf6ba-a50b-40e4-ad1f-850d6c1146ea 1bfd51debc0243bfa47e134af339e843 72443ec725ae45abb6554219dff3cf98 - - 96f39892b42c4814a72e6e54be96ca4d 96f39892b42c4814a72e6e54be96ca4d] 199.19.213.122 "GET /v2.0/networks?id=bc70c22a-5a86-456c-ba83-d5efd9c66380 HTTP/1.1" status: 200 len: 982 time: 0.0844858
2026-06-24 19:06:05.277 9 INFO neutron.wsgi [req-714791b7-0e4d-4e0c-815c-079d8eb0de45 req-e2e53fa2-8527-4f61-9182-73af2294f84e 1bfd51debc0243bfa47e134af339e843 72443ec725ae45abb6554219dff3cf98 - - 96f39892b42c4814a72e6e54be96ca4d 96f39892b42c4814a72e6e54be96ca4d] 199.19.213.122 "GET /v2.0/floatingips?fixed_ip_address=10.100.0.9&port_id=a16f58ef-903e-45a0-891e-21c10d6b1728 HTTP/1.1" status: 200 len: 1059 time: 0.0467525
2026-06-24 19:06:05.331 9 INFO neutron.wsgi [req-714791b7-0e4d-4e0c-815c-079d8eb0de45 req-2cd74069-a00c-49c4-903f-aa864dbb9d84 1bfd51debc0243bfa47e134af339e843 72443ec725ae45abb6554219dff3cf98 - - 96f39892b42c4814a72e6e54be96ca4d 96f39892b42c4814a72e6e54be96ca4d] 199.19.213.122 "GET /v2.0/subnets?id=e66e13c0-9085-441c-8b31-cda37d0ddea1 HTTP/1.1" status: 200 len: 877 time: 0.0436513
2026-06-24 19:06:05.362 9 INFO neutron.wsgi [req-714791b7-0e4d-4e0c-815c-079d8eb0de45 req-5edbc1d5-c1a4-4440-a0dc-8f972c029db5 1bfd51debc0243bfa47e134af339e843 72443ec725ae45abb6554219dff3cf98 - - 96f39892b42c4814a72e6e54be96ca4d 96f39892b42c4814a72e6e54be96ca4d] 199.19.213.122 "GET /v2.0/ports?network_id=bc70c22a-5a86-456c-ba83-d5efd9c66380&device_owner=network%3Adhcp HTTP/1.1" status: 200 len: 210 time: 0.0216663
2026-06-24 19:06:05.462 9 INFO neutron.wsgi [req-714791b7-0e4d-4e0c-815c-079d8eb0de45 req-9b572cbc-ccac-4361-9462-86cc40598ba8 1bfd51debc0243bfa47e134af339e843 72443ec725ae45abb6554219dff3cf98 - - 96f39892b42c4814a72e6e54be96ca4d 96f39892b42c4814a72e6e54be96ca4d] 199.19.213.122 "GET /v2.0/networks/bc70c22a-5a86-456c-ba83-d5efd9c66380?fields=segments HTTP/1.1" status: 200 len: 212 time: 0.0928519
2026-06-24 19:06:05.550 9 INFO neutron.wsgi [req-714791b7-0e4d-4e0c-815c-079d8eb0de45 req-e3ee3f1e-af1f-47b6-8e06-98ddf7449705 1bfd51debc0243bfa47e134af339e843 72443ec725ae45abb6554219dff3cf98 - - 96f39892b42c4814a72e6e54be96ca4d 96f39892b42c4814a72e6e54be96ca4d] 199.19.213.122 "GET /v2.0/networks/bc70c22a-5a86-456c-ba83-d5efd9c66380?fields=provider%3Aphysical_network&fields=provider%3Anetwork_type HTTP/1.1" status: 200 len: 277 time: 0.0795293
2026-06-24 19:06:05.644 9 INFO neutron.wsgi [req-b02b6bbd-68f1-48ac-84fc-ea5cd5ba3849 req-633fa59d-dc46-4787-b8bb-676550705f02 82fcc35b70c44f5fbb99ff6a625bee88 39e1669e23ae46419cd8fe1639145df6 - - default default] 10.0.0.47 "GET /v2.0/ports?device_id=68c21912-f49f-449b-93ce-899c40ac1c6e HTTP/1.1" status: 200 len: 1174 time: 0.0989223
2026-06-24 19:06:05.697 9 INFO neutron.wsgi [req-b02b6bbd-68f1-48ac-84fc-ea5cd5ba3849 req-8d6d93c8-bc28-4a5d-a0f1-786239e21a5e 82fcc35b70c44f5fbb99ff6a625bee88 39e1669e23ae46419cd8fe1639145df6 - - default default] 10.0.0.47 "GET /v2.0/security-groups?id=6ae9c7a5-c991-4bdf-902a-e173b76acf99&fields=id&fields=name HTTP/1.1" status: 200 len: 312 time: 0.0480673
2026-06-24 19:06:05.799 9 INFO neutron.wsgi [req-95b4b5a0-74d8-4616-b7bb-290eef1c5a51 req-75486d15-004a-46b5-89fd-abe4c2232b0e 82fcc35b70c44f5fbb99ff6a625bee88 39e1669e23ae46419cd8fe1639145df6 - - default default] 10.0.0.47 "GET /v2.0/ports?device_id=68c21912-f49f-449b-93ce-899c40ac1c6e HTTP/1.1" status: 200 len: 1174 time: 0.0444131
2026-06-24 19:06:06.057 9 INFO neutron.db.l3_db [None req-c0fbf75d-4e74-49c1-91ce-556ecafb385c 82fcc35b70c44f5fbb99ff6a625bee88 39e1669e23ae46419cd8fe1639145df6 - - default default] Floating IP cf8682bf-0a4f-40a3-90e1-72146119b24a associated. External IP: 10.96.250.219, port: 3c10c73b-846b-492f-b749-6fc48378d382.
2026-06-24 19:06:06.261 9 INFO neutron.db.ovn_revision_numbers_db [None req-c0fbf75d-4e74-49c1-91ce-556ecafb385c 82fcc35b70c44f5fbb99ff6a625bee88 39e1669e23ae46419cd8fe1639145df6 - - default default] Successfully bumped revision number for resource cf8682bf-0a4f-40a3-90e1-72146119b24a (type: floatingips) to 1
2026-06-24 19:06:06.397 9 INFO neutron.db.ovn_revision_numbers_db [None req-c0fbf75d-4e74-49c1-91ce-556ecafb385c 82fcc35b70c44f5fbb99ff6a625bee88 39e1669e23ae46419cd8fe1639145df6 - - default default] Successfully bumped revision number for resource cf8682bf-0a4f-40a3-90e1-72146119b24a (type: floatingips) to 2
2026-06-24 19:06:06.762 9 INFO neutron.wsgi [None req-c0fbf75d-4e74-49c1-91ce-556ecafb385c 82fcc35b70c44f5fbb99ff6a625bee88 39e1669e23ae46419cd8fe1639145df6 - - default default] 10.0.0.198 "PUT /v2.0/floatingips/cf8682bf-0a4f-40a3-90e1-72146119b24a HTTP/1.1" status: 200 len: 1050 time: 0.9491248
2026-06-24 19:06:06.850 9 INFO neutron.wsgi [req-7fea3b87-e718-4950-8e8e-2bacf534ec4e req-01d95ad4-64b1-4fad-995c-29efd596d176 82fcc35b70c44f5fbb99ff6a625bee88 39e1669e23ae46419cd8fe1639145df6 - - default default] 10.0.0.47 "GET /v2.0/ports?device_id=68c21912-f49f-449b-93ce-899c40ac1c6e HTTP/1.1" status: 200 len: 1174 time: 0.0434341
2026-06-24 19:06:06.890 9 INFO neutron.wsgi [req-7fea3b87-e718-4950-8e8e-2bacf534ec4e req-b4a13a49-bbb8-40ec-a8ba-d061da0061fb 82fcc35b70c44f5fbb99ff6a625bee88 39e1669e23ae46419cd8fe1639145df6 - - default default] 10.0.0.47 "GET /v2.0/security-groups?id=6ae9c7a5-c991-4bdf-902a-e173b76acf99&fields=id&fields=name HTTP/1.1" status: 200 len: 312 time: 0.0340624
2026-06-24 19:06:07.083 9 INFO neutron.notifiers.nova [-] Nova event matching ['req-02b53fbb-7115-4bbf-8880-ed44f9a0e41d'] response: {'name': 'network-changed', 'server_uuid': '68c21912-f49f-449b-93ce-899c40ac1c6e', 'tag': '3c10c73b-846b-492f-b749-6fc48378d382', 'status': 'completed', 'code': 200}
2026-06-24 19:06:07.156 9 INFO neutron.wsgi [req-225ac61e-65de-404f-9643-26cd758c2ed6 req-cbdf4f41-cb5f-4c30-b3f7-5bc1df116811 1bfd51debc0243bfa47e134af339e843 72443ec725ae45abb6554219dff3cf98 - - 96f39892b42c4814a72e6e54be96ca4d 96f39892b42c4814a72e6e54be96ca4d] 199.19.213.122 "GET /v2.0/ports?tenant_id=39e1669e23ae46419cd8fe1639145df6&device_id=68c21912-f49f-449b-93ce-899c40ac1c6e HTTP/1.1" status: 200 len: 1413 time: 0.0500450
2026-06-24 19:06:07.233 9 INFO neutron.wsgi [req-225ac61e-65de-404f-9643-26cd758c2ed6 req-8cd8db64-eafc-4764-83c9-cf635b14e358 1bfd51debc0243bfa47e134af339e843 72443ec725ae45abb6554219dff3cf98 - - 96f39892b42c4814a72e6e54be96ca4d 96f39892b42c4814a72e6e54be96ca4d] 199.19.213.122 "GET /v2.0/networks?id=1ce0c1b9-34c3-498b-908e-8ba827b9408c HTTP/1.1" status: 200 len: 968 time: 0.0710189
2026-06-24 19:06:07.289 9 INFO neutron.wsgi [req-6d7e09df-deaa-440b-a136-92186cfcb763 req-bdee033f-fefd-42e1-8524-bdc5a099ba5a 82fcc35b70c44f5fbb99ff6a625bee88 39e1669e23ae46419cd8fe1639145df6 - - default default] 10.0.0.47 "GET /v2.0/ports?device_id=68c21912-f49f-449b-93ce-899c40ac1c6e HTTP/1.1" status: 200 len: 1174 time: 0.0533125
2026-06-24 19:06:07.296 9 INFO neutron.plugins.ml2.drivers.ovn.mech_driver.mech_driver [None req-a93d7c23-903d-4be5-a954-9f933413b3f0 - - - - - -] OVN reports status down for port: 3c10c73b-846b-492f-b749-6fc48378d382
2026-06-24 19:06:07.322 9 INFO neutron.wsgi [req-225ac61e-65de-404f-9643-26cd758c2ed6 req-90968c8d-6bbe-4744-98b3-8a655c7ea7d4 1bfd51debc0243bfa47e134af339e843 72443ec725ae45abb6554219dff3cf98 - - 96f39892b42c4814a72e6e54be96ca4d 96f39892b42c4814a72e6e54be96ca4d] 199.19.213.122 "GET /v2.0/floatingips?fixed_ip_address=10.100.0.10&port_id=3c10c73b-846b-492f-b749-6fc48378d382 HTTP/1.1" status: 200 len: 1060 time: 0.0781639
2026-06-24 19:06:07.363 9 INFO neutron.wsgi [req-6d7e09df-deaa-440b-a136-92186cfcb763 req-7dad58f6-d9c8-47db-8e59-a0d3b52ae8d4 82fcc35b70c44f5fbb99ff6a625bee88 39e1669e23ae46419cd8fe1639145df6 - - default default] 10.0.0.47 "GET /v2.0/security-groups?id=6ae9c7a5-c991-4bdf-902a-e173b76acf99&fields=id&fields=name HTTP/1.1" status: 200 len: 312 time: 0.0677886
2026-06-24 19:06:07.375 9 INFO neutron.wsgi [req-225ac61e-65de-404f-9643-26cd758c2ed6 req-3348754c-cacc-471e-8f47-70d144100604 1bfd51debc0243bfa47e134af339e843 72443ec725ae45abb6554219dff3cf98 - - 96f39892b42c4814a72e6e54be96ca4d 96f39892b42c4814a72e6e54be96ca4d] 199.19.213.122 "GET /v2.0/subnets?id=6bc7e5d0-7f35-4e72-84e0-1fb6634750a2 HTTP/1.1" status: 200 len: 863 time: 0.0451872
2026-06-24 19:06:07.428 9 INFO neutron.wsgi [req-225ac61e-65de-404f-9643-26cd758c2ed6 req-1781f9bc-57b1-414f-9c1f-57edf6a04f6d 1bfd51debc0243bfa47e134af339e843 72443ec725ae45abb6554219dff3cf98 - - 96f39892b42c4814a72e6e54be96ca4d 96f39892b42c4814a72e6e54be96ca4d] 199.19.213.122 "GET /v2.0/ports?network_id=1ce0c1b9-34c3-498b-908e-8ba827b9408c&device_owner=network%3Adhcp HTTP/1.1" status: 200 len: 210 time: 0.0378358
2026-06-24 19:06:07.509 9 INFO neutron.wsgi [req-225ac61e-65de-404f-9643-26cd758c2ed6 req-aef26e0f-cce8-4326-b282-7ae0f76aac18 1bfd51debc0243bfa47e134af339e843 72443ec725ae45abb6554219dff3cf98 - - 96f39892b42c4814a72e6e54be96ca4d 96f39892b42c4814a72e6e54be96ca4d] 199.19.213.122 "GET /v2.0/networks/1ce0c1b9-34c3-498b-908e-8ba827b9408c?fields=segments HTTP/1.1" status: 200 len: 212 time: 0.0709565 /var/lib/openstack/lib/python3.10/site-packages/pycadf/identifier.py:71: UserWarning: Invalid uuid: neutron. To ensure interoperability, identifiers should be a valid uuid. warnings.warn(('Invalid uuid: %s. To ensure interoperability, '
2026-06-24 19:06:07.587 9 INFO neutron.wsgi [req-225ac61e-65de-404f-9643-26cd758c2ed6 req-ba6e1964-366f-4e22-ad63-78160bbbb4fe 1bfd51debc0243bfa47e134af339e843 72443ec725ae45abb6554219dff3cf98 - - 96f39892b42c4814a72e6e54be96ca4d 96f39892b42c4814a72e6e54be96ca4d] 199.19.213.122 "GET /v2.0/networks/1ce0c1b9-34c3-498b-908e-8ba827b9408c?fields=provider%3Aphysical_network&fields=provider%3Anetwork_type HTTP/1.1" status: 200 len: 277 time: 0.0724740
2026-06-24 19:06:07.653 9 INFO neutron.db.ovn_revision_numbers_db [None req-a93d7c23-903d-4be5-a954-9f933413b3f0 - - - - - -] Successfully bumped revision number for resource 3c10c73b-846b-492f-b749-6fc48378d382 (type: ports) to 5
2026-06-24 19:06:07.692 10 INFO neutron.wsgi [req-40d54840-daa3-4263-afba-c8637218175d req-6c7f8a60-c56c-455e-a0eb-6e3fdc23c93b 82fcc35b70c44f5fbb99ff6a625bee88 39e1669e23ae46419cd8fe1639145df6 - - default default] 199.19.213.122 "GET /v2.0/ports?device_id=68c21912-f49f-449b-93ce-899c40ac1c6e HTTP/1.1" status: 200 len: 1172 time: 0.1252861
2026-06-24 19:06:08.054 10 INFO neutron.db.l3_db [req-40d54840-daa3-4263-afba-c8637218175d req-358dc863-0fb6-4225-9bcb-f5280fdad054 82fcc35b70c44f5fbb99ff6a625bee88 39e1669e23ae46419cd8fe1639145df6 - - default default] Floating IP cf8682bf-0a4f-40a3-90e1-72146119b24a disassociated. External IP: 10.96.250.219, port: 3c10c73b-846b-492f-b749-6fc48378d382.
2026-06-24 19:06:08.250 10 INFO neutron.wsgi [req-40d54840-daa3-4263-afba-c8637218175d req-358dc863-0fb6-4225-9bcb-f5280fdad054 82fcc35b70c44f5fbb99ff6a625bee88 39e1669e23ae46419cd8fe1639145df6 - - default default] 199.19.213.122 "DELETE /v2.0/ports/3c10c73b-846b-492f-b749-6fc48378d382 HTTP/1.1" status: 204 len: 173 time: 0.5507748
2026-06-24 19:06:08.301 10 INFO neutron.notifiers.nova [-] Nova event matching ['req-ff705388-19ae-498b-969a-f60bc49dc789'] response: {'server_uuid': '68c21912-f49f-449b-93ce-899c40ac1c6e', 'name': 'network-vif-deleted', 'tag': '3c10c73b-846b-492f-b749-6fc48378d382', 'status': 'completed', 'code': 200} /var/lib/openstack/lib/python3.10/site-packages/pycadf/identifier.py:71: UserWarning: Invalid uuid: neutron. To ensure interoperability, identifiers should be a valid uuid. warnings.warn(('Invalid uuid: %s. To ensure interoperability, '
2026-06-24 19:06:08.468 9 INFO neutron.wsgi [req-b8f45cf7-2308-4acb-8f88-93654a82de4b req-e23bf2cb-7aee-4d2b-8b5c-9fc7dd684f3f 82fcc35b70c44f5fbb99ff6a625bee88 39e1669e23ae46419cd8fe1639145df6 - - default default] 10.0.0.47 "GET /v2.0/ports?device_id=68c21912-f49f-449b-93ce-899c40ac1c6e HTTP/1.1" status: 200 len: 210 time: 0.0248187
2026-06-24 19:06:09.119 9 INFO neutron.notifiers.nova [-] Nova event matching ['req-b604ce50-303d-4547-a88f-836c7c286b9a'] response: {'server_uuid': '68c21912-f49f-449b-93ce-899c40ac1c6e', 'name': 'network-vif-unplugged', 'status': 'completed', 'tag': '3c10c73b-846b-492f-b749-6fc48378d382', 'code': 200}
2026-06-24 19:06:09.120 9 INFO neutron.notifiers.nova [-] Nova event matching ['req-b604ce50-303d-4547-a88f-836c7c286b9a'] response: {'server_uuid': '68c21912-f49f-449b-93ce-899c40ac1c6e', 'name': 'network-vif-plugged', 'status': 'completed', 'tag': '3c10c73b-846b-492f-b749-6fc48378d382', 'code': 200}
2026-06-24 19:06:09.311 9 INFO neutron.db.ovn_revision_numbers_db [None req-dad39bc6-e091-400e-a911-42a068de6f0a a8a7de7117fb409b9a502b48744ef2cf f8b25b63beb84fa2ada4f999d2568fdb - - default default] Successfully bumped revision number for resource e958dfa2-94e5-4963-a4e6-b793612fa335 (type: security_groups) to 1
2026-06-24 19:06:09.328 9 INFO neutron.db.ovn_revision_numbers_db [None req-dad39bc6-e091-400e-a911-42a068de6f0a a8a7de7117fb409b9a502b48744ef2cf f8b25b63beb84fa2ada4f999d2568fdb - - default default] Successfully bumped revision number for resource 05bd9a00-679d-4424-ae24-23cc0529fd22 (type: security_group_rules) to 0
2026-06-24 19:06:09.342 9 INFO neutron.db.ovn_revision_numbers_db [None req-dad39bc6-e091-400e-a911-42a068de6f0a a8a7de7117fb409b9a502b48744ef2cf f8b25b63beb84fa2ada4f999d2568fdb - - default default] Successfully bumped revision number for resource 3b1fe584-5b60-473a-a680-99e1841b19fc (type: security_group_rules) to 0
2026-06-24 19:06:09.361 9 INFO neutron.db.ovn_revision_numbers_db [None req-dad39bc6-e091-400e-a911-42a068de6f0a a8a7de7117fb409b9a502b48744ef2cf f8b25b63beb84fa2ada4f999d2568fdb - - default default] Successfully bumped revision number for resource 69343625-a1a1-4ede-8da7-e70e62fd8a3b (type: security_group_rules) to 0
2026-06-24 19:06:09.376 9 INFO neutron.db.ovn_revision_numbers_db [None req-dad39bc6-e091-400e-a911-42a068de6f0a a8a7de7117fb409b9a502b48744ef2cf f8b25b63beb84fa2ada4f999d2568fdb - - default default] Successfully bumped revision number for resource f272fd3a-d419-4813-9c7a-113ac719fa4f (type: security_group_rules) to 0
2026-06-24 19:06:09.402 9 INFO neutron.wsgi [None req-dad39bc6-e091-400e-a911-42a068de6f0a a8a7de7117fb409b9a502b48744ef2cf f8b25b63beb84fa2ada4f999d2568fdb - - default default] 10.0.0.198 "GET /v2.0/security-groups?tenant_id=7f2ad4fa10374b8497460c02fc662800&name=default HTTP/1.1" status: 200 len: 2996 time: 0.3813434
2026-06-24 19:06:09.634 9 INFO neutron.wsgi [None req-2fb0eec9-0455-41e7-8319-1c26dafa19d1 a8a7de7117fb409b9a502b48744ef2cf f8b25b63beb84fa2ada4f999d2568fdb - - default default] 10.0.0.198 "DELETE /v2.0/security-groups/e958dfa2-94e5-4963-a4e6-b793612fa335 HTTP/1.1" status: 204 len: 168 time: 0.2272825
2026-06-24 19:06:09.675 9 INFO neutron.wsgi [None req-de6785f3-6f07-477e-abc2-4890dd7b704b 82fcc35b70c44f5fbb99ff6a625bee88 39e1669e23ae46419cd8fe1639145df6 - - default default] 10.0.0.198 "DELETE /v2.0/security-groups/6ae9c7a5-c991-4bdf-902a-e173b76acf99 HTTP/1.1" status: 204 len: 168 time: 0.1177673
2026-06-24 19:06:09.687 9 INFO neutron.api.v2.resource [None req-f22fed8d-011d-4862-b73e-1770d8b198e7 82fcc35b70c44f5fbb99ff6a625bee88 39e1669e23ae46419cd8fe1639145df6 - - default default] show failed (client error): The resource could not be found.
2026-06-24 19:06:09.688 9 INFO neutron.wsgi [None req-f22fed8d-011d-4862-b73e-1770d8b198e7 82fcc35b70c44f5fbb99ff6a625bee88 39e1669e23ae46419cd8fe1639145df6 - - default default] 10.0.0.198 "GET /v2.0/security-groups/6ae9c7a5-c991-4bdf-902a-e173b76acf99 HTTP/1.1" status: 404 len: 347 time: 0.0079029 /var/lib/openstack/lib/python3.10/site-packages/pycadf/identifier.py:71: UserWarning: Invalid uuid: neutron. To ensure interoperability, identifiers should be a valid uuid. warnings.warn(('Invalid uuid: %s. To ensure interoperability, '
2026-06-24 19:06:09.836 10 INFO neutron.db.ovn_revision_numbers_db [None req-9bbacebf-9594-4d8b-b432-ae21822dbb18 a8a7de7117fb409b9a502b48744ef2cf f8b25b63beb84fa2ada4f999d2568fdb - - default default] Successfully bumped revision number for resource bb22442b-25bf-40c9-a26e-ac4d5a4e14cf (type: security_groups) to 1
2026-06-24 19:06:09.853 10 INFO neutron.db.ovn_revision_numbers_db [None req-9bbacebf-9594-4d8b-b432-ae21822dbb18 a8a7de7117fb409b9a502b48744ef2cf f8b25b63beb84fa2ada4f999d2568fdb - - default default] Successfully bumped revision number for resource 0bfe217b-d479-4d43-9c27-b54794388ac6 (type: security_group_rules) to 0
2026-06-24 19:06:09.864 10 INFO neutron.db.ovn_revision_numbers_db [None req-9bbacebf-9594-4d8b-b432-ae21822dbb18 a8a7de7117fb409b9a502b48744ef2cf f8b25b63beb84fa2ada4f999d2568fdb - - default default] Successfully bumped revision number for resource 6535d1cc-a6dc-44ee-b732-fff72a817726 (type: security_group_rules) to 0
2026-06-24 19:06:09.878 10 INFO neutron.db.ovn_revision_numbers_db [None req-9bbacebf-9594-4d8b-b432-ae21822dbb18 a8a7de7117fb409b9a502b48744ef2cf f8b25b63beb84fa2ada4f999d2568fdb - - default default] Successfully bumped revision number for resource ac51497d-c03f-4145-98ca-48dacb866148 (type: security_group_rules) to 0
2026-06-24 19:06:09.890 10 INFO neutron.db.ovn_revision_numbers_db [None req-9bbacebf-9594-4d8b-b432-ae21822dbb18 a8a7de7117fb409b9a502b48744ef2cf f8b25b63beb84fa2ada4f999d2568fdb - - default default] Successfully bumped revision number for resource fface933-f43f-43af-94ad-3bfbc2ca0d5a (type: security_group_rules) to 0
2026-06-24 19:06:09.911 10 INFO neutron.wsgi [None req-9bbacebf-9594-4d8b-b432-ae21822dbb18 a8a7de7117fb409b9a502b48744ef2cf f8b25b63beb84fa2ada4f999d2568fdb - - default default] 10.0.0.198 "GET /v2.0/security-groups?tenant_id=1a3b1925311249cda41fb615f242dc62&name=default HTTP/1.1" status: 200 len: 2996 time: 0.1876054
2026-06-24 19:06:09.947 9 INFO neutron.wsgi [None req-d43b057a-9bce-4432-b5e8-dded6afdef9d 82fcc35b70c44f5fbb99ff6a625bee88 39e1669e23ae46419cd8fe1639145df6 - - default default] 10.0.0.198 "DELETE /v2.0/floatingips/cf8682bf-0a4f-40a3-90e1-72146119b24a HTTP/1.1" status: 204 len: 168 time: 0.2555685
2026-06-24 19:06:10.193 10 INFO neutron.wsgi [None req-7f32bf27-027e-4ab1-8587-c4aaaae6ec10 a8a7de7117fb409b9a502b48744ef2cf f8b25b63beb84fa2ada4f999d2568fdb - - default default] 10.0.0.198 "DELETE /v2.0/security-groups/bb22442b-25bf-40c9-a26e-ac4d5a4e14cf HTTP/1.1" status: 204 len: 168 time: 0.2770903
2026-06-24 19:06:10.934 9 INFO neutron.wsgi [req-f6a280fe-e27a-4fea-9101-952c6117f649 req-95d1d330-b12a-4557-8f32-e7b1e46d44ea 1bfd51debc0243bfa47e134af339e843 72443ec725ae45abb6554219dff3cf98 - - 96f39892b42c4814a72e6e54be96ca4d 96f39892b42c4814a72e6e54be96ca4d] 10.0.0.80 "GET /v2.0/ports?device_id=39935e12-032c-47a0-8552-b73ee4ea9ba3 HTTP/1.1" status: 200 len: 1409 time: 0.2146137
2026-06-24 19:06:10.980 9 INFO neutron.wsgi [req-f6a280fe-e27a-4fea-9101-952c6117f649 req-0f5599f9-da85-452b-9ce2-4cdadd47f5a9 1bfd51debc0243bfa47e134af339e843 72443ec725ae45abb6554219dff3cf98 - - 96f39892b42c4814a72e6e54be96ca4d 96f39892b42c4814a72e6e54be96ca4d] 10.0.0.80 "GET /v2.0/security-groups?id=f1b4c274-bdec-4109-822f-55cee9007707&fields=id&fields=name HTTP/1.1" status: 200 len: 313 time: 0.0381246
