2026-06-24 19:07:18.292 9 INFO neutron.wsgi [None req-e13eb5b2-4ea5-490b-80e3-df3d266fa8ec c3e13f521c0e4cd1b0252902e2e23774 b735f79bb09b420391a85717a94aab63 - - default default] 10.0.0.198 "GET /v2.0/security-groups HTTP/1.1" status: 200 len: 2996 time: 0.0437508
2026-06-24 19:07:18.344 10 INFO neutron.wsgi [None req-db004af8-5cfc-46aa-bb9b-b770c852f1b8 c3e13f521c0e4cd1b0252902e2e23774 b735f79bb09b420391a85717a94aab63 - - default default] 10.0.0.198 "GET /v2.0/security-groups HTTP/1.1" status: 200 len: 2996 time: 0.0454476
2026-06-24 19:07:18.736 9 INFO neutron.wsgi [req-a410c2fa-f8d4-429c-b26d-75698909f413 req-37970633-5868-49b2-b995-2f4a41578cc1 1eb4e64a975743719365f2b7f7f6a39f 48bd0829a5914fca996b0594dc6ae4fc - - default default] 199.19.213.122 "GET /v2.0/networks?id=b888e14b-2314-4695-848d-034ad6a50c19 HTTP/1.1" status: 200 len: 876 time: 0.0796332
2026-06-24 19:07:18.750 9 WARNING neutron_lib.context [req-a410c2fa-f8d4-429c-b26d-75698909f413 req-53868181-f5e2-4e21-8b49-c67c6f54b5d5 1eb4e64a975743719365f2b7f7f6a39f 48bd0829a5914fca996b0594dc6ae4fc - - default default] Method 'is_advsvc' is deprecated since 2023.2 release (neutron-lib 3.8.0) and will be removed once support for the old RBAC API policies will be removed from Neutron. Please use method 'is_service_role' instead.
2026-06-24 19:07:18.792 10 INFO neutron.wsgi [None req-043268c1-e5bc-402f-a242-1c7e7f092e46 a8a7de7117fb409b9a502b48744ef2cf f8b25b63beb84fa2ada4f999d2568fdb - - default default] 10.0.0.198 "GET /v2.0/security-groups?tenant_id=5ffa413e3ea54925ad550891b48f39a7&name=default HTTP/1.1" status: 200 len: 2996 time: 0.1658213
2026-06-24 19:07:18.903 9 INFO neutron.wsgi [req-c0b51379-1fa2-430e-a556-353a622053da req-41685adf-d630-4ffa-ae84-66e0d21a12a8 1eb4e64a975743719365f2b7f7f6a39f 48bd0829a5914fca996b0594dc6ae4fc - - default default] 10.0.0.47 "GET /v2.0/ports?device_id=e1eb8472-4507-4e11-a3c2-cbf8f5175045 HTTP/1.1" status: 200 len: 210 time: 0.0296342
2026-06-24 19:07:19.121 10 INFO neutron.wsgi [None req-ffa5e227-c15b-44ab-8654-476ee039ec07 a8a7de7117fb409b9a502b48744ef2cf f8b25b63beb84fa2ada4f999d2568fdb - - default default] 10.0.0.198 "DELETE /v2.0/security-groups/04a4449f-d34a-42c5-9196-75dc850a8b3c HTTP/1.1" status: 204 len: 168 time: 0.3228142
2026-06-24 19:07:19.154 10 INFO neutron.wsgi [None req-f1914055-a7da-47bf-bff4-a9a3e014732f a8a7de7117fb409b9a502b48744ef2cf f8b25b63beb84fa2ada4f999d2568fdb - - default default] 10.0.0.198 "GET /v2.0/security-groups?tenant_id=b735f79bb09b420391a85717a94aab63&name=default HTTP/1.1" status: 200 len: 2996 time: 0.2188528
2026-06-24 19:07:19.196 10 WARNING neutron_lib.context [None req-fef7f97c-830d-4f49-a0ff-5e6bacb1c964 f0e3564fdd804cf29f05e69d9124030a 9ffb499d3ec4480dab7aad170f422786 - - default default] Method 'is_advsvc' is deprecated since 2023.2 release (neutron-lib 3.8.0) and will be removed once support for the old RBAC API policies will be removed from Neutron. Please use method 'is_service_role' instead.
2026-06-24 19:07:19.235 9 WARNING neutron.scheduler.dhcp_agent_scheduler [req-a410c2fa-f8d4-429c-b26d-75698909f413 req-53868181-f5e2-4e21-8b49-c67c6f54b5d5 1eb4e64a975743719365f2b7f7f6a39f 48bd0829a5914fca996b0594dc6ae4fc - - default default] No more DHCP agents
2026-06-24 19:07:19.238 9 WARNING neutron.api.rpc.agentnotifiers.dhcp_rpc_agent_api [req-a410c2fa-f8d4-429c-b26d-75698909f413 req-53868181-f5e2-4e21-8b49-c67c6f54b5d5 1eb4e64a975743719365f2b7f7f6a39f 48bd0829a5914fca996b0594dc6ae4fc - - default default] Unable to schedule network b888e14b-2314-4695-848d-034ad6a50c19: no agents available; will retry on subsequent port and subnet creation events.
2026-06-24 19:07:19.393 10 INFO neutron.db.ovn_revision_numbers_db [None req-fef7f97c-830d-4f49-a0ff-5e6bacb1c964 f0e3564fdd804cf29f05e69d9124030a 9ffb499d3ec4480dab7aad170f422786 - - default default] Successfully bumped revision number for resource cbeb0c46-0b47-4a6a-9e99-396babfe6390 (type: security_groups) to 1
2026-06-24 19:07:19.413 10 INFO neutron.db.ovn_revision_numbers_db [None req-fef7f97c-830d-4f49-a0ff-5e6bacb1c964 f0e3564fdd804cf29f05e69d9124030a 9ffb499d3ec4480dab7aad170f422786 - - default default] Successfully bumped revision number for resource 274a779c-e01a-4091-8bcc-b3b84dbc2bbe (type: security_group_rules) to 0
2026-06-24 19:07:19.423 9 INFO neutron.db.ovn_revision_numbers_db [req-a410c2fa-f8d4-429c-b26d-75698909f413 req-53868181-f5e2-4e21-8b49-c67c6f54b5d5 1eb4e64a975743719365f2b7f7f6a39f 48bd0829a5914fca996b0594dc6ae4fc - - default default] Successfully bumped revision number for resource a37e6ef7-a668-4484-8417-6797e344f10c (type: ports) to 1
2026-06-24 19:07:19.427 10 INFO neutron.db.ovn_revision_numbers_db [None req-fef7f97c-830d-4f49-a0ff-5e6bacb1c964 f0e3564fdd804cf29f05e69d9124030a 9ffb499d3ec4480dab7aad170f422786 - - default default] Successfully bumped revision number for resource 3ed192aa-3b45-4619-be89-9ad4545b5bc3 (type: security_group_rules) to 0
2026-06-24 19:07:19.444 10 INFO neutron.db.ovn_revision_numbers_db [None req-fef7f97c-830d-4f49-a0ff-5e6bacb1c964 f0e3564fdd804cf29f05e69d9124030a 9ffb499d3ec4480dab7aad170f422786 - - default default] Successfully bumped revision number for resource 99dccdbd-5c02-4fb9-85b6-98145d923a6c (type: security_group_rules) to 0
2026-06-24 19:07:19.449 9 INFO neutron.wsgi [req-a410c2fa-f8d4-429c-b26d-75698909f413 req-53868181-f5e2-4e21-8b49-c67c6f54b5d5 1eb4e64a975743719365f2b7f7f6a39f 48bd0829a5914fca996b0594dc6ae4fc - - default default] 199.19.213.122 "POST /v2.0/ports HTTP/1.1" status: 201 len: 1158 time: 0.7036860
2026-06-24 19:07:19.462 10 INFO neutron.wsgi [None req-7399d2b2-ca5b-477f-85e0-17cb0739d33a a8a7de7117fb409b9a502b48744ef2cf f8b25b63beb84fa2ada4f999d2568fdb - - default default] 10.0.0.198 "DELETE /v2.0/security-groups/deee5a08-86d1-4cea-9f50-d01e9298d2dd HTTP/1.1" status: 204 len: 168 time: 0.3029544 /var/lib/openstack/lib/python3.10/site-packages/pycadf/identifier.py:71: UserWarning: Invalid uuid: neutron. To ensure interoperability, identifiers should be a valid uuid. warnings.warn(('Invalid uuid: %s. To ensure interoperability, '
2026-06-24 19:07:19.468 10 INFO neutron.db.ovn_revision_numbers_db [None req-fef7f97c-830d-4f49-a0ff-5e6bacb1c964 f0e3564fdd804cf29f05e69d9124030a 9ffb499d3ec4480dab7aad170f422786 - - default default] Successfully bumped revision number for resource d9a58db0-c3cb-4f71-80e7-01f2a8f3dbed (type: security_group_rules) to 0
2026-06-24 19:07:19.529 10 INFO neutron.db.segments_db [None req-fef7f97c-830d-4f49-a0ff-5e6bacb1c964 f0e3564fdd804cf29f05e69d9124030a 9ffb499d3ec4480dab7aad170f422786 - - default default] Added segment c63388ee-01e4-4d3a-849e-2c26863cb1f4 of type geneve for network 7ea6e520-9715-4b0b-9f31-188445df1fd3
2026-06-24 19:07:19.690 10 INFO neutron.db.ovn_revision_numbers_db [None req-fef7f97c-830d-4f49-a0ff-5e6bacb1c964 f0e3564fdd804cf29f05e69d9124030a 9ffb499d3ec4480dab7aad170f422786 - - default default] Successfully bumped revision number for resource 7ea6e520-9715-4b0b-9f31-188445df1fd3 (type: networks) to 1
2026-06-24 19:07:19.870 9 INFO neutron.wsgi [None req-af02ff76-1fc6-4228-ae03-ddc09fe39324 a8a7de7117fb409b9a502b48744ef2cf f8b25b63beb84fa2ada4f999d2568fdb - - default default] 10.0.0.217 "GET /v2.0/ports HTTP/1.1" status: 200 len: 9658 time: 0.2510831 /var/lib/openstack/lib/python3.10/site-packages/pycadf/identifier.py:71: UserWarning: Invalid uuid: neutron. To ensure interoperability, identifiers should be a valid uuid. warnings.warn(('Invalid uuid: %s. To ensure interoperability, '
2026-06-24 19:07:19.891 10 WARNING neutron.scheduler.dhcp_agent_scheduler [None req-fef7f97c-830d-4f49-a0ff-5e6bacb1c964 f0e3564fdd804cf29f05e69d9124030a 9ffb499d3ec4480dab7aad170f422786 - - default default] No more DHCP agents
2026-06-24 19:07:19.900 10 WARNING neutron.api.rpc.agentnotifiers.dhcp_rpc_agent_api [None req-fef7f97c-830d-4f49-a0ff-5e6bacb1c964 f0e3564fdd804cf29f05e69d9124030a 9ffb499d3ec4480dab7aad170f422786 - - default default] Unable to schedule network 7ea6e520-9715-4b0b-9f31-188445df1fd3: no agents available; will retry on subsequent port and subnet creation events.
2026-06-24 19:07:20.002 10 INFO neutron.db.ovn_revision_numbers_db [None req-fef7f97c-830d-4f49-a0ff-5e6bacb1c964 f0e3564fdd804cf29f05e69d9124030a 9ffb499d3ec4480dab7aad170f422786 - - default default] Successfully bumped revision number for resource fbf472a7-9c80-4d9c-9fc6-431d49eb751e (type: ports) to 1
2026-06-24 19:07:20.027 10 INFO neutron.wsgi [None req-fef7f97c-830d-4f49-a0ff-5e6bacb1c964 f0e3564fdd804cf29f05e69d9124030a 9ffb499d3ec4480dab7aad170f422786 - - default default] 10.0.0.198 "POST /v2.0/networks HTTP/1.1" status: 201 len: 842 time: 0.8960707
2026-06-24 19:07:20.071 10 WARNING neutron_lib.context [None req-460f76f2-8e44-4855-82b5-5da5e63ff3f4 f0e3564fdd804cf29f05e69d9124030a 9ffb499d3ec4480dab7aad170f422786 - - default default] Method 'is_advsvc' is deprecated since 2023.2 release (neutron-lib 3.8.0) and will be removed once support for the old RBAC API policies will be removed from Neutron. Please use method 'is_service_role' instead.
2026-06-24 19:07:20.278 9 INFO neutron.wsgi [None req-f8a5436d-149e-4ac8-8319-2a67a2713b94 a8a7de7117fb409b9a502b48744ef2cf f8b25b63beb84fa2ada4f999d2568fdb - - default default] 10.0.0.217 "GET /v2.0/routers HTTP/1.1" status: 200 len: 863 time: 0.3953362
2026-06-24 19:07:20.335 9 INFO neutron.wsgi [None req-5ed93012-4c96-4133-8180-e08e66493c71 a8a7de7117fb409b9a502b48744ef2cf f8b25b63beb84fa2ada4f999d2568fdb - - default default] 10.0.0.217 "GET /v2.0/agents?binary=ovn-controller HTTP/1.1" status: 200 len: 591 time: 0.0535929
2026-06-24 19:07:20.341 10 WARNING neutron.scheduler.dhcp_agent_scheduler [None req-460f76f2-8e44-4855-82b5-5da5e63ff3f4 f0e3564fdd804cf29f05e69d9124030a 9ffb499d3ec4480dab7aad170f422786 - - default default] No more DHCP agents
2026-06-24 19:07:20.344 10 WARNING neutron.api.rpc.agentnotifiers.dhcp_rpc_agent_api [None req-460f76f2-8e44-4855-82b5-5da5e63ff3f4 f0e3564fdd804cf29f05e69d9124030a 9ffb499d3ec4480dab7aad170f422786 - - default default] Unable to schedule network 7ea6e520-9715-4b0b-9f31-188445df1fd3: no agents available; will retry on subsequent port and subnet creation events.
2026-06-24 19:07:20.354 9 INFO neutron.wsgi [req-1ab8b806-49ca-4144-9a0e-c3be94bdd542 req-9e2a9e19-dbee-4278-9fc3-dbbe44b7a0f6 1eb4e64a975743719365f2b7f7f6a39f 48bd0829a5914fca996b0594dc6ae4fc - - default default] 10.0.0.47 "GET /v2.0/ports?device_id=e1eb8472-4507-4e11-a3c2-cbf8f5175045 HTTP/1.1" status: 200 len: 1168 time: 0.1967239
2026-06-24 19:07:20.358 9 INFO neutron.wsgi [None req-14a4910c-f331-4e16-998c-c7953adca24f a8a7de7117fb409b9a502b48744ef2cf f8b25b63beb84fa2ada4f999d2568fdb - - default default] 10.0.0.217 "GET /v2.0/agents HTTP/1.1" status: 200 len: 997 time: 0.0188615
2026-06-24 19:07:20.359 9 INFO neutron.db.ovn_revision_numbers_db [req-a410c2fa-f8d4-429c-b26d-75698909f413 req-808d748e-21fd-40e1-b0ee-3d04fdfa32a8 1bfd51debc0243bfa47e134af339e843 72443ec725ae45abb6554219dff3cf98 - - 96f39892b42c4814a72e6e54be96ca4d 96f39892b42c4814a72e6e54be96ca4d] Successfully bumped revision number for resource a37e6ef7-a668-4484-8417-6797e344f10c (type: ports) to 2
2026-06-24 19:07:20.418 9 INFO neutron.wsgi [None req-67419e27-c0ed-4743-b5be-aa5e712daa78 a8a7de7117fb409b9a502b48744ef2cf f8b25b63beb84fa2ada4f999d2568fdb - - default default] 10.0.0.217 "GET /v2.0/subnets HTTP/1.1" status: 200 len: 2720 time: 0.0571835
2026-06-24 19:07:20.428 9 INFO neutron.wsgi [req-1ab8b806-49ca-4144-9a0e-c3be94bdd542 req-269673e8-52fb-42db-bba4-41ed5aa8afb5 1eb4e64a975743719365f2b7f7f6a39f 48bd0829a5914fca996b0594dc6ae4fc - - default default] 10.0.0.47 "GET /v2.0/security-groups?id=18bcd431-3b70-4c70-8827-3ba9bd7245cb&fields=id&fields=name HTTP/1.1" status: 200 len: 286 time: 0.0704792
2026-06-24 19:07:20.469 9 INFO neutron.wsgi [None req-4aec65f7-06f4-4055-b080-fa99fc8c5d51 a8a7de7117fb409b9a502b48744ef2cf f8b25b63beb84fa2ada4f999d2568fdb - - default default] 10.0.0.217 "GET /v2.0/subnets HTTP/1.1" status: 200 len: 2720 time: 0.0479624
2026-06-24 19:07:20.485 9 INFO neutron.wsgi [None req-f47b5426-e42a-414e-ab8e-c1288ed6667f a8a7de7117fb409b9a502b48744ef2cf f8b25b63beb84fa2ada4f999d2568fdb - - default default] 10.0.0.217 "GET /v2.0/subnetpools HTTP/1.1" status: 200 len: 193 time: 0.0129929
2026-06-24 19:07:20.501 9 INFO neutron.wsgi [None req-7090da8f-51a5-4a78-a9f5-87f8ab6eac3b a8a7de7117fb409b9a502b48744ef2cf f8b25b63beb84fa2ada4f999d2568fdb - - default default] 10.0.0.217 "GET /v2.0/network-ip-availabilities HTTP/1.1" status: 200 len: 2190 time: 0.0147235
2026-06-24 19:07:20.535 9 INFO neutron.wsgi [None req-92ebc5eb-0a54-40ef-b1aa-c374c796dd55 a8a7de7117fb409b9a502b48744ef2cf f8b25b63beb84fa2ada4f999d2568fdb - - default default] 10.0.0.217 "GET /v2.0/floatingips HTTP/1.1" status: 200 len: 193 time: 0.0315502
2026-06-24 19:07:20.616 9 INFO neutron.wsgi [None req-f621502c-7eb7-4aef-b20e-e13fc3ccd82c a8a7de7117fb409b9a502b48744ef2cf f8b25b63beb84fa2ada4f999d2568fdb - - default default] 10.0.0.217 "GET /v2.0/security-groups HTTP/1.1" status: 200 len: 22359 time: 0.0794888 /var/lib/openstack/lib/python3.10/site-packages/pycadf/identifier.py:71: UserWarning: Invalid uuid: neutron. To ensure interoperability, identifiers should be a valid uuid. warnings.warn(('Invalid uuid: %s. To ensure interoperability, '
2026-06-24 19:07:20.732 9 INFO neutron.wsgi [None req-b44da421-11cb-44f1-8c91-c4fafac7b55e a8a7de7117fb409b9a502b48744ef2cf f8b25b63beb84fa2ada4f999d2568fdb - - default default] 10.0.0.217 "GET /v2.0/networks HTTP/1.1" status: 200 len: 3866 time: 0.1017642
2026-06-24 19:07:20.742 9 INFO neutron.db.ovn_revision_numbers_db [req-a410c2fa-f8d4-429c-b26d-75698909f413 req-808d748e-21fd-40e1-b0ee-3d04fdfa32a8 1bfd51debc0243bfa47e134af339e843 72443ec725ae45abb6554219dff3cf98 - - 96f39892b42c4814a72e6e54be96ca4d 96f39892b42c4814a72e6e54be96ca4d] Successfully bumped revision number for resource a37e6ef7-a668-4484-8417-6797e344f10c (type: ports) to 2
2026-06-24 19:07:20.758 9 INFO neutron.wsgi [req-a410c2fa-f8d4-429c-b26d-75698909f413 req-808d748e-21fd-40e1-b0ee-3d04fdfa32a8 1bfd51debc0243bfa47e134af339e843 72443ec725ae45abb6554219dff3cf98 - - 96f39892b42c4814a72e6e54be96ca4d 96f39892b42c4814a72e6e54be96ca4d] 199.19.213.122 "PUT /v2.0/ports/a37e6ef7-a668-4484-8417-6797e344f10c HTTP/1.1" status: 200 len: 1376 time: 1.2970989
2026-06-24 19:07:20.802 9 INFO neutron.notifiers.nova [-] Nova event matching ['req-8c265463-f3ed-418a-b31d-842317a527b0'] response: {'name': 'network-changed', 'server_uuid': 'e1eb8472-4507-4e11-a3c2-cbf8f5175045', 'tag': 'a37e6ef7-a668-4484-8417-6797e344f10c', 'status': 'completed', 'code': 200}
2026-06-24 19:07:20.819 10 INFO neutron.db.ovn_revision_numbers_db [None req-460f76f2-8e44-4855-82b5-5da5e63ff3f4 f0e3564fdd804cf29f05e69d9124030a 9ffb499d3ec4480dab7aad170f422786 - - default default] Successfully bumped revision number for resource fbf472a7-9c80-4d9c-9fc6-431d49eb751e (type: ports) to 2
2026-06-24 19:07:20.830 9 INFO neutron.wsgi [req-a410c2fa-f8d4-429c-b26d-75698909f413 req-f1773aa4-1ee7-49a8-9177-227ddc31339b 1bfd51debc0243bfa47e134af339e843 72443ec725ae45abb6554219dff3cf98 - - 96f39892b42c4814a72e6e54be96ca4d 96f39892b42c4814a72e6e54be96ca4d] 199.19.213.122 "GET /v2.0/ports?tenant_id=48bd0829a5914fca996b0594dc6ae4fc&device_id=e1eb8472-4507-4e11-a3c2-cbf8f5175045 HTTP/1.1" status: 200 len: 1407 time: 0.0389938
2026-06-24 19:07:20.847 10 INFO neutron.db.ovn_revision_numbers_db [None req-460f76f2-8e44-4855-82b5-5da5e63ff3f4 f0e3564fdd804cf29f05e69d9124030a 9ffb499d3ec4480dab7aad170f422786 - - default default] Successfully bumped revision number for resource fcdc76ab-b9f0-43d3-b169-a0d1ec8d8319 (type: subnets) to 0
2026-06-24 19:07:20.860 10 INFO neutron.wsgi [None req-460f76f2-8e44-4855-82b5-5da5e63ff3f4 f0e3564fdd804cf29f05e69d9124030a 9ffb499d3ec4480dab7aad170f422786 - - default default] 10.0.0.198 "POST /v2.0/subnets HTTP/1.1" status: 201 len: 816 time: 0.7966933
2026-06-24 19:07:20.861 9 INFO neutron.wsgi [req-a410c2fa-f8d4-429c-b26d-75698909f413 req-cf5ccf2d-1c96-4a7b-9952-67ad97793022 1bfd51debc0243bfa47e134af339e843 72443ec725ae45abb6554219dff3cf98 - - 96f39892b42c4814a72e6e54be96ca4d 96f39892b42c4814a72e6e54be96ca4d] 199.19.213.122 "GET /v2.0/floatingips?fixed_ip_address=10.100.0.4&port_id=a37e6ef7-a668-4484-8417-6797e344f10c HTTP/1.1" status: 200 len: 217 time: 0.0246608
2026-06-24 19:07:20.872 10 WARNING neutron_lib.context [None req-c78b0f5d-7f46-4863-9bfe-621631448917 f0e3564fdd804cf29f05e69d9124030a 9ffb499d3ec4480dab7aad170f422786 - - default default] Method 'is_advsvc' is deprecated since 2023.2 release (neutron-lib 3.8.0) and will be removed once support for the old RBAC API policies will be removed from Neutron. Please use method 'is_service_role' instead.
2026-06-24 19:07:20.899 9 INFO neutron.wsgi [req-a410c2fa-f8d4-429c-b26d-75698909f413 req-0a4d2616-7bf6-48ef-9be9-6bf1fccec15d 1bfd51debc0243bfa47e134af339e843 72443ec725ae45abb6554219dff3cf98 - - 96f39892b42c4814a72e6e54be96ca4d 96f39892b42c4814a72e6e54be96ca4d] 199.19.213.122 "GET /v2.0/subnets?id=5b644ae6-1c44-41a0-ad7f-37f2fa48a65d HTTP/1.1" status: 200 len: 870 time: 0.0312076
2026-06-24 19:07:20.925 9 INFO neutron.wsgi [req-a410c2fa-f8d4-429c-b26d-75698909f413 req-a7bad49d-82d9-4405-8ae7-e689f91a1b1b 1bfd51debc0243bfa47e134af339e843 72443ec725ae45abb6554219dff3cf98 - - 96f39892b42c4814a72e6e54be96ca4d 96f39892b42c4814a72e6e54be96ca4d] 199.19.213.122 "GET /v2.0/ports?network_id=b888e14b-2314-4695-848d-034ad6a50c19&device_owner=network%3Adhcp HTTP/1.1" status: 200 len: 210 time: 0.0216043
2026-06-24 19:07:20.934 10 INFO neutron.db.segments_db [None req-c78b0f5d-7f46-4863-9bfe-621631448917 f0e3564fdd804cf29f05e69d9124030a 9ffb499d3ec4480dab7aad170f422786 - - default default] Added segment 2aff7794-92f8-4b00-b058-f556fe055927 of type geneve for network 99ef8b11-2147-4148-930e-295341fe70ae
2026-06-24 19:07:21.003 9 INFO neutron.wsgi [req-a410c2fa-f8d4-429c-b26d-75698909f413 req-2e1886a2-6c0d-451c-86be-90ebcbedc71c 1bfd51debc0243bfa47e134af339e843 72443ec725ae45abb6554219dff3cf98 - - 96f39892b42c4814a72e6e54be96ca4d 96f39892b42c4814a72e6e54be96ca4d] 199.19.213.122 "GET /v2.0/networks/b888e14b-2314-4695-848d-034ad6a50c19?fields=segments HTTP/1.1" status: 200 len: 212 time: 0.0674624
2026-06-24 19:07:21.050 10 WARNING neutron_lib.context [None req-2170f061-db41-461f-a1bc-955b4ffa67d3 2055ba8f7b7a4e438ae9680fa9b94d90 8af1bb51d5f941a4ae187b7c547e408e - - default default] Method 'is_advsvc' is deprecated since 2023.2 release (neutron-lib 3.8.0) and will be removed once support for the old RBAC API policies will be removed from Neutron. Please use method 'is_service_role' instead.
2026-06-24 19:07:21.050 10 WARNING neutron_lib.context [None req-2170f061-db41-461f-a1bc-955b4ffa67d3 2055ba8f7b7a4e438ae9680fa9b94d90 8af1bb51d5f941a4ae187b7c547e408e - - default default] Method 'is_advsvc' is deprecated since 2023.2 release (neutron-lib 3.8.0) and will be removed once support for the old RBAC API policies will be removed from Neutron. Please use method 'is_service_role' instead.
2026-06-24 19:07:21.062 10 INFO neutron.db.ovn_revision_numbers_db [None req-c78b0f5d-7f46-4863-9bfe-621631448917 f0e3564fdd804cf29f05e69d9124030a 9ffb499d3ec4480dab7aad170f422786 - - default default] Successfully bumped revision number for resource 99ef8b11-2147-4148-930e-295341fe70ae (type: networks) to 1
2026-06-24 19:07:21.069 9 INFO neutron.wsgi [req-a410c2fa-f8d4-429c-b26d-75698909f413 req-1c830df6-06c4-4783-a4b8-6665caa81282 1bfd51debc0243bfa47e134af339e843 72443ec725ae45abb6554219dff3cf98 - - 96f39892b42c4814a72e6e54be96ca4d 96f39892b42c4814a72e6e54be96ca4d] 199.19.213.122 "GET /v2.0/networks/b888e14b-2314-4695-848d-034ad6a50c19?fields=provider%3Aphysical_network&fields=provider%3Anetwork_type HTTP/1.1" status: 200 len: 277 time: 0.0603809
2026-06-24 19:07:21.144 9 INFO neutron.wsgi [req-969657d4-9285-4af7-b879-4da5cfeff918 req-ce1e1408-9fdc-43dd-ad0e-f84e294dc78b 1bfd51debc0243bfa47e134af339e843 72443ec725ae45abb6554219dff3cf98 - - 96f39892b42c4814a72e6e54be96ca4d 96f39892b42c4814a72e6e54be96ca4d] 199.19.213.122 "GET /v2.0/ports?tenant_id=48bd0829a5914fca996b0594dc6ae4fc&device_id=e1eb8472-4507-4e11-a3c2-cbf8f5175045 HTTP/1.1" status: 200 len: 1407 time: 0.0380425
2026-06-24 19:07:21.215 9 INFO neutron.wsgi [req-969657d4-9285-4af7-b879-4da5cfeff918 req-917d669d-f2dd-4083-963b-93a2c9e41a3b 1bfd51debc0243bfa47e134af339e843 72443ec725ae45abb6554219dff3cf98 - - 96f39892b42c4814a72e6e54be96ca4d 96f39892b42c4814a72e6e54be96ca4d] 199.19.213.122 "GET /v2.0/networks?id=b888e14b-2314-4695-848d-034ad6a50c19 HTTP/1.1" status: 200 len: 974 time: 0.0650270
2026-06-24 19:07:21.244 9 INFO neutron.wsgi [req-969657d4-9285-4af7-b879-4da5cfeff918 req-fe9b38a0-f7e3-4c58-84b8-4b242e49afe1 1bfd51debc0243bfa47e134af339e843 72443ec725ae45abb6554219dff3cf98 - - 96f39892b42c4814a72e6e54be96ca4d 96f39892b42c4814a72e6e54be96ca4d] 199.19.213.122 "GET /v2.0/floatingips?fixed_ip_address=10.100.0.4&port_id=a37e6ef7-a668-4484-8417-6797e344f10c HTTP/1.1" status: 200 len: 217 time: 0.0237086
2026-06-24 19:07:21.246 10 WARNING neutron.scheduler.dhcp_agent_scheduler [None req-c78b0f5d-7f46-4863-9bfe-621631448917 f0e3564fdd804cf29f05e69d9124030a 9ffb499d3ec4480dab7aad170f422786 - - default default] No more DHCP agents
2026-06-24 19:07:21.247 10 WARNING neutron.api.rpc.agentnotifiers.dhcp_rpc_agent_api [None req-c78b0f5d-7f46-4863-9bfe-621631448917 f0e3564fdd804cf29f05e69d9124030a 9ffb499d3ec4480dab7aad170f422786 - - default default] Unable to schedule network 99ef8b11-2147-4148-930e-295341fe70ae: no agents available; will retry on subsequent port and subnet creation events.
2026-06-24 19:07:21.251 10 INFO neutron.db.ovn_revision_numbers_db [None req-2170f061-db41-461f-a1bc-955b4ffa67d3 2055ba8f7b7a4e438ae9680fa9b94d90 8af1bb51d5f941a4ae187b7c547e408e - - default default] Successfully bumped revision number for resource 6476d4bf-3897-4977-8fe8-e103dd2e0acc (type: security_groups) to 1
2026-06-24 19:07:21.284 9 INFO neutron.wsgi [req-969657d4-9285-4af7-b879-4da5cfeff918 req-849606b8-ebb3-4d1e-b890-b4012c945d13 1bfd51debc0243bfa47e134af339e843 72443ec725ae45abb6554219dff3cf98 - - 96f39892b42c4814a72e6e54be96ca4d 96f39892b42c4814a72e6e54be96ca4d] 199.19.213.122 "GET /v2.0/subnets?id=5b644ae6-1c44-41a0-ad7f-37f2fa48a65d HTTP/1.1" status: 200 len: 870 time: 0.0364575
2026-06-24 19:07:21.311 9 INFO neutron.wsgi [req-969657d4-9285-4af7-b879-4da5cfeff918 req-e2b1c746-46f4-4134-a3c7-36653a41bcf1 1bfd51debc0243bfa47e134af339e843 72443ec725ae45abb6554219dff3cf98 - - 96f39892b42c4814a72e6e54be96ca4d 96f39892b42c4814a72e6e54be96ca4d] 199.19.213.122 "GET /v2.0/ports?network_id=b888e14b-2314-4695-848d-034ad6a50c19&device_owner=network%3Adhcp HTTP/1.1" status: 200 len: 210 time: 0.0218415
2026-06-24 19:07:21.384 9 INFO neutron.wsgi [req-969657d4-9285-4af7-b879-4da5cfeff918 req-53712454-70b0-4b03-8f42-553316a291b5 1bfd51debc0243bfa47e134af339e843 72443ec725ae45abb6554219dff3cf98 - - 96f39892b42c4814a72e6e54be96ca4d 96f39892b42c4814a72e6e54be96ca4d] 199.19.213.122 "GET /v2.0/networks/b888e14b-2314-4695-848d-034ad6a50c19?fields=segments HTTP/1.1" status: 200 len: 212 time: 0.0582068
2026-06-24 19:07:21.439 10 INFO neutron.plugins.ml2.drivers.ovn.mech_driver.mech_driver [None req-884a0f8c-2aa1-46d4-bfa7-65445e42ffaf - - - - - -] OVN reports status up for port: a37e6ef7-a668-4484-8417-6797e344f10c
2026-06-24 19:07:21.452 10 INFO neutron.db.ovn_revision_numbers_db [None req-2170f061-db41-461f-a1bc-955b4ffa67d3 2055ba8f7b7a4e438ae9680fa9b94d90 8af1bb51d5f941a4ae187b7c547e408e - - default default] Successfully bumped revision number for resource 1552b435-9c5f-43bf-b882-a5c737c47f27 (type: security_group_rules) to 0
2026-06-24 19:07:21.452 9 INFO neutron.wsgi [req-969657d4-9285-4af7-b879-4da5cfeff918 req-359f4e71-b7d3-4e84-82d1-881537a46535 1bfd51debc0243bfa47e134af339e843 72443ec725ae45abb6554219dff3cf98 - - 96f39892b42c4814a72e6e54be96ca4d 96f39892b42c4814a72e6e54be96ca4d] 199.19.213.122 "GET /v2.0/networks/b888e14b-2314-4695-848d-034ad6a50c19?fields=provider%3Aphysical_network&fields=provider%3Anetwork_type HTTP/1.1" status: 200 len: 277 time: 0.0637596
2026-06-24 19:07:21.473 10 INFO neutron.plugins.ml2.plugin [None req-884a0f8c-2aa1-46d4-bfa7-65445e42ffaf - - - - - -] Attempt 1 to provision port a37e6ef7-a668-4484-8417-6797e344f10c
2026-06-24 19:07:21.475 10 INFO neutron.db.ovn_revision_numbers_db [None req-2170f061-db41-461f-a1bc-955b4ffa67d3 2055ba8f7b7a4e438ae9680fa9b94d90 8af1bb51d5f941a4ae187b7c547e408e - - default default] Successfully bumped revision number for resource 15c32b62-57db-4734-9737-f3be097e83c0 (type: security_group_rules) to 0
2026-06-24 19:07:21.506 10 INFO neutron.db.ovn_revision_numbers_db [None req-2170f061-db41-461f-a1bc-955b4ffa67d3 2055ba8f7b7a4e438ae9680fa9b94d90 8af1bb51d5f941a4ae187b7c547e408e - - default default] Successfully bumped revision number for resource 573cb2f3-8a4a-4793-b001-39c317ad849e (type: security_group_rules) to 0
2026-06-24 19:07:21.531 10 INFO neutron.db.ovn_revision_numbers_db [None req-2170f061-db41-461f-a1bc-955b4ffa67d3 2055ba8f7b7a4e438ae9680fa9b94d90 8af1bb51d5f941a4ae187b7c547e408e - - default default] Successfully bumped revision number for resource 6630f666-532c-4201-b00f-f1700c07ef31 (type: security_group_rules) to 0
2026-06-24 19:07:21.555 10 INFO neutron.db.ovn_revision_numbers_db [None req-c78b0f5d-7f46-4863-9bfe-621631448917 f0e3564fdd804cf29f05e69d9124030a 9ffb499d3ec4480dab7aad170f422786 - - default default] Successfully bumped revision number for resource d9a734a5-74a7-441e-a136-a6eb8bedfe12 (type: ports) to 1
2026-06-24 19:07:21.566 9 INFO neutron.wsgi [req-8ed53e7c-1b22-41ba-8e0e-834fc1bf1faf req-611bde44-6ccd-4abe-9cc4-714c81fc1a40 1eb4e64a975743719365f2b7f7f6a39f 48bd0829a5914fca996b0594dc6ae4fc - - default default] 10.0.0.47 "GET /v2.0/ports?device_id=e1eb8472-4507-4e11-a3c2-cbf8f5175045 HTTP/1.1" status: 200 len: 1168 time: 0.0716443
2026-06-24 19:07:21.590 10 INFO neutron.wsgi [None req-c78b0f5d-7f46-4863-9bfe-621631448917 f0e3564fdd804cf29f05e69d9124030a 9ffb499d3ec4480dab7aad170f422786 - - default default] 10.0.0.198 "POST /v2.0/networks HTTP/1.1" status: 201 len: 842 time: 0.7212503
2026-06-24 19:07:21.615 10 INFO neutron.db.segments_db [None req-2170f061-db41-461f-a1bc-955b4ffa67d3 2055ba8f7b7a4e438ae9680fa9b94d90 8af1bb51d5f941a4ae187b7c547e408e - - default default] Added segment b6792023-41a8-41d6-b6ef-80286bab92d4 of type geneve for network 6aa99653-f4a5-405a-b274-7175515a1161
2026-06-24 19:07:21.629 10 INFO neutron.notifiers.nova [-] Nova event matching ['req-f5df6c2c-1242-4dd1-9aaa-24219d9b04c4'] response: {'server_uuid': 'e1eb8472-4507-4e11-a3c2-cbf8f5175045', 'name': 'network-vif-plugged', 'status': 'completed', 'tag': 'a37e6ef7-a668-4484-8417-6797e344f10c', 'code': 200}
2026-06-24 19:07:21.630 9 INFO neutron.wsgi [req-8ed53e7c-1b22-41ba-8e0e-834fc1bf1faf req-30f138b9-f764-4b92-aec2-b3446eb7dcce 1eb4e64a975743719365f2b7f7f6a39f 48bd0829a5914fca996b0594dc6ae4fc - - default default] 10.0.0.47 "GET /v2.0/security-groups?id=18bcd431-3b70-4c70-8827-3ba9bd7245cb&fields=id&fields=name HTTP/1.1" status: 200 len: 286 time: 0.0580812
2026-06-24 19:07:21.770 10 INFO neutron.db.segments_db [None req-2170f061-db41-461f-a1bc-955b4ffa67d3 2055ba8f7b7a4e438ae9680fa9b94d90 8af1bb51d5f941a4ae187b7c547e408e - - default default] Added segment 384e8f4d-8a39-4c95-ba28-3c06a0d02844 of type geneve for network 13d3c7f1-c4df-4daa-8671-8319abaacc52
2026-06-24 19:07:21.812 9 INFO neutron.db.ovn_revision_numbers_db [None req-c07a1c0a-76bf-463f-95fe-457ff6f4af65 f0e3564fdd804cf29f05e69d9124030a 9ffb499d3ec4480dab7aad170f422786 - - default default] Successfully bumped revision number for resource 99ef8b11-2147-4148-930e-295341fe70ae (type: networks) to 2
2026-06-24 19:07:21.817 9 INFO neutron.wsgi [None req-c07a1c0a-76bf-463f-95fe-457ff6f4af65 f0e3564fdd804cf29f05e69d9124030a 9ffb499d3ec4480dab7aad170f422786 - - default default] 10.0.0.198 "PUT /v2.0/networks/99ef8b11-2147-4148-930e-295341fe70ae HTTP/1.1" status: 200 len: 792 time: 0.2219138
2026-06-24 19:07:21.831 9 WARNING neutron_lib.context [None req-bc75e2be-9227-4c5c-ba9f-29061cc26ad9 f0e3564fdd804cf29f05e69d9124030a 9ffb499d3ec4480dab7aad170f422786 - - default default] Method 'is_advsvc' is deprecated since 2023.2 release (neutron-lib 3.8.0) and will be removed once support for the old RBAC API policies will be removed from Neutron. Please use method 'is_service_role' instead.
2026-06-24 19:07:21.854 10 INFO neutron.db.ovn_revision_numbers_db [None req-884a0f8c-2aa1-46d4-bfa7-65445e42ffaf - - - - - -] Successfully bumped revision number for resource a37e6ef7-a668-4484-8417-6797e344f10c (type: ports) to 4
2026-06-24 19:07:21.966 10 INFO neutron.db.ovn_revision_numbers_db [None req-2170f061-db41-461f-a1bc-955b4ffa67d3 2055ba8f7b7a4e438ae9680fa9b94d90 8af1bb51d5f941a4ae187b7c547e408e - - default default] Successfully bumped revision number for resource 6aa99653-f4a5-405a-b274-7175515a1161 (type: networks) to 1
2026-06-24 19:07:22.092 9 WARNING neutron.scheduler.dhcp_agent_scheduler [None req-bc75e2be-9227-4c5c-ba9f-29061cc26ad9 f0e3564fdd804cf29f05e69d9124030a 9ffb499d3ec4480dab7aad170f422786 - - default default] No more DHCP agents
2026-06-24 19:07:22.096 9 WARNING neutron.api.rpc.agentnotifiers.dhcp_rpc_agent_api [None req-bc75e2be-9227-4c5c-ba9f-29061cc26ad9 f0e3564fdd804cf29f05e69d9124030a 9ffb499d3ec4480dab7aad170f422786 - - default default] Unable to schedule network 99ef8b11-2147-4148-930e-295341fe70ae: no agents available; will retry on subsequent port and subnet creation events.
2026-06-24 19:07:22.145 10 WARNING neutron.scheduler.dhcp_agent_scheduler [None req-2170f061-db41-461f-a1bc-955b4ffa67d3 2055ba8f7b7a4e438ae9680fa9b94d90 8af1bb51d5f941a4ae187b7c547e408e - - default default] No more DHCP agents
2026-06-24 19:07:22.148 10 WARNING neutron.api.rpc.agentnotifiers.dhcp_rpc_agent_api [None req-2170f061-db41-461f-a1bc-955b4ffa67d3 2055ba8f7b7a4e438ae9680fa9b94d90 8af1bb51d5f941a4ae187b7c547e408e - - default default] Unable to schedule network 6aa99653-f4a5-405a-b274-7175515a1161: no agents available; will retry on subsequent port and subnet creation events.
2026-06-24 19:07:22.266 10 INFO neutron.db.ovn_revision_numbers_db [None req-2170f061-db41-461f-a1bc-955b4ffa67d3 2055ba8f7b7a4e438ae9680fa9b94d90 8af1bb51d5f941a4ae187b7c547e408e - - default default] Successfully bumped revision number for resource 004ce70f-0aeb-47d5-9aa3-c768666f44c4 (type: ports) to 1
2026-06-24 19:07:22.754 9 INFO neutron.wsgi [req-66c82bc2-d40e-4661-9522-0798b8218ca3 req-4f81a546-c034-4140-8065-e913a15e8c5a 1eb4e64a975743719365f2b7f7f6a39f 48bd0829a5914fca996b0594dc6ae4fc - - default default] 10.0.0.47 "GET /v2.0/ports?device_id=e1eb8472-4507-4e11-a3c2-cbf8f5175045 HTTP/1.1" status: 200 len: 1170 time: 0.0437028
2026-06-24 19:07:22.803 9 INFO neutron.wsgi [req-66c82bc2-d40e-4661-9522-0798b8218ca3 req-b2f1b166-5d81-492d-b0f9-7896fd5298b7 1eb4e64a975743719365f2b7f7f6a39f 48bd0829a5914fca996b0594dc6ae4fc - - default default] 10.0.0.47 "GET /v2.0/security-groups?id=18bcd431-3b70-4c70-8827-3ba9bd7245cb&fields=id&fields=name HTTP/1.1" status: 200 len: 286 time: 0.0410073
2026-06-24 19:07:23.677 10 INFO neutron.notifiers.nova [-] Nova event matching ['req-95ef13ae-d2be-4790-b341-6dc6b220f77b'] response: {'server_uuid': 'e1eb8472-4507-4e11-a3c2-cbf8f5175045', 'name': 'network-vif-plugged', 'status': 'completed', 'tag': 'a37e6ef7-a668-4484-8417-6797e344f10c', 'code': 200}
2026-06-24 19:07:23.831 10 INFO neutron.db.ovn_revision_numbers_db [None req-2170f061-db41-461f-a1bc-955b4ffa67d3 2055ba8f7b7a4e438ae9680fa9b94d90 8af1bb51d5f941a4ae187b7c547e408e - - default default] Successfully bumped revision number for resource 13d3c7f1-c4df-4daa-8671-8319abaacc52 (type: networks) to 1
2026-06-24 19:07:23.960 10 INFO neutron.plugins.ml2.drivers.ovn.mech_driver.mech_driver [None req-884a0f8c-2aa1-46d4-bfa7-65445e42ffaf - - - - - -] OVN reports status down for port: a37e6ef7-a668-4484-8417-6797e344f10c
2026-06-24 19:07:23.981 9 INFO neutron.wsgi [req-d34bd116-94f0-45c6-9817-d614654eb227 req-822c7951-fcf2-45bf-a617-51afb3b12ce2 1eb4e64a975743719365f2b7f7f6a39f 48bd0829a5914fca996b0594dc6ae4fc - - default default] 10.0.0.47 "GET /v2.0/ports?device_id=e1eb8472-4507-4e11-a3c2-cbf8f5175045 HTTP/1.1" status: 200 len: 1170 time: 0.0555830
2026-06-24 19:07:24.036 9 INFO neutron.wsgi [req-d34bd116-94f0-45c6-9817-d614654eb227 req-b00aea35-7f38-4c41-a715-9bbcb7a2ba50 1eb4e64a975743719365f2b7f7f6a39f 48bd0829a5914fca996b0594dc6ae4fc - - default default] 10.0.0.47 "GET /v2.0/security-groups?id=18bcd431-3b70-4c70-8827-3ba9bd7245cb&fields=id&fields=name HTTP/1.1" status: 200 len: 286 time: 0.0413802
2026-06-24 19:07:24.043 10 WARNING neutron.scheduler.dhcp_agent_scheduler [None req-2170f061-db41-461f-a1bc-955b4ffa67d3 2055ba8f7b7a4e438ae9680fa9b94d90 8af1bb51d5f941a4ae187b7c547e408e - - default default] No more DHCP agents
2026-06-24 19:07:24.049 10 WARNING neutron.api.rpc.agentnotifiers.dhcp_rpc_agent_api [None req-2170f061-db41-461f-a1bc-955b4ffa67d3 2055ba8f7b7a4e438ae9680fa9b94d90 8af1bb51d5f941a4ae187b7c547e408e - - default default] Unable to schedule network 13d3c7f1-c4df-4daa-8671-8319abaacc52: no agents available; will retry on subsequent port and subnet creation events.
2026-06-24 19:07:24.156 9 INFO neutron.db.ovn_revision_numbers_db [None req-bc75e2be-9227-4c5c-ba9f-29061cc26ad9 f0e3564fdd804cf29f05e69d9124030a 9ffb499d3ec4480dab7aad170f422786 - - default default] Successfully bumped revision number for resource d9a734a5-74a7-441e-a136-a6eb8bedfe12 (type: ports) to 2
2026-06-24 19:07:24.190 10 INFO neutron.db.ovn_revision_numbers_db [None req-2170f061-db41-461f-a1bc-955b4ffa67d3 2055ba8f7b7a4e438ae9680fa9b94d90 8af1bb51d5f941a4ae187b7c547e408e - - default default] Successfully bumped revision number for resource e9ff2957-e753-44c0-a720-30572469f283 (type: ports) to 1
2026-06-24 19:07:24.191 9 INFO neutron.db.ovn_revision_numbers_db [None req-bc75e2be-9227-4c5c-ba9f-29061cc26ad9 f0e3564fdd804cf29f05e69d9124030a 9ffb499d3ec4480dab7aad170f422786 - - default default] Successfully bumped revision number for resource b2957306-4402-4565-9d60-025edd2227b7 (type: subnets) to 0
2026-06-24 19:07:24.208 9 INFO neutron.wsgi [None req-bc75e2be-9227-4c5c-ba9f-29061cc26ad9 f0e3564fdd804cf29f05e69d9124030a 9ffb499d3ec4480dab7aad170f422786 - - default default] 10.0.0.198 "POST /v2.0/subnets HTTP/1.1" status: 201 len: 801 time: 2.3842158
2026-06-24 19:07:24.228 10 INFO neutron.wsgi [None req-2170f061-db41-461f-a1bc-955b4ffa67d3 2055ba8f7b7a4e438ae9680fa9b94d90 8af1bb51d5f941a4ae187b7c547e408e - - default default] 10.0.0.198 "POST /v2.0/networks HTTP/1.1" status: 201 len: 1445 time: 3.3541863 /var/lib/openstack/lib/python3.10/site-packages/pycadf/identifier.py:71: UserWarning: Invalid uuid: neutron. To ensure interoperability, identifiers should be a valid uuid. warnings.warn(('Invalid uuid: %s. To ensure interoperability, '
2026-06-24 19:07:24.302 9 INFO neutron.wsgi [req-2aa080fe-af92-4b6a-9312-a604f4939da0 req-a341d10f-c678-4eef-9d95-6c46868450f1 1eb4e64a975743719365f2b7f7f6a39f 48bd0829a5914fca996b0594dc6ae4fc - - default default] 199.19.213.122 "GET /v2.0/ports?device_id=e1eb8472-4507-4e11-a3c2-cbf8f5175045 HTTP/1.1" status: 200 len: 1168 time: 0.0613210
2026-06-24 19:07:24.353 10 INFO neutron.wsgi [None req-d6f8473e-f0a4-4351-94c5-4f6e5ab6be90 2055ba8f7b7a4e438ae9680fa9b94d90 8af1bb51d5f941a4ae187b7c547e408e - - default default] 10.0.0.198 "GET /v2.0/networks HTTP/1.1" status: 200 len: 2051 time: 0.1160975
2026-06-24 19:07:24.407 10 INFO neutron.db.ovn_revision_numbers_db [None req-884a0f8c-2aa1-46d4-bfa7-65445e42ffaf - - - - - -] Successfully bumped revision number for resource a37e6ef7-a668-4484-8417-6797e344f10c (type: ports) to 5
2026-06-24 19:07:24.700 10 INFO neutron.services.segments.plugin [-] Segment b6792023-41a8-41d6-b6ef-80286bab92d4 resource provider aggregate not found
2026-06-24 19:07:24.712 10 INFO neutron.services.segments.plugin [-] Segment b6792023-41a8-41d6-b6ef-80286bab92d4 resource provider aggregate not found
2026-06-24 19:07:24.723 10 INFO neutron.services.segments.plugin [-] Segment b6792023-41a8-41d6-b6ef-80286bab92d4 resource provider not found; error: Placement Client Error (4xx): {"errors": [{"status": 404, "title": "Not Found", "detail": "The resource could not be found.\n\n No resource provider with uuid b6792023-41a8-41d6-b6ef-80286bab92d4 found for delete ", "request_id": "req-b7ff4062-cc9f-4ab6-a19b-fc463040bbf0"}]}
2026-06-24 19:07:24.734 10 INFO neutron.services.segments.plugin [-] Segment b6792023-41a8-41d6-b6ef-80286bab92d4 resource provider not found; error: Placement Client Error (4xx): {"errors": [{"status": 404, "title": "Not Found", "detail": "The resource could not be found.\n\n No resource provider with uuid b6792023-41a8-41d6-b6ef-80286bab92d4 found for delete ", "request_id": "req-99e623d3-1e2e-4160-bbbb-4a5ba89b76d2"}]}
2026-06-24 19:07:24.754 10 INFO neutron.wsgi [None req-9547c873-5266-42d6-a171-0a8feca5950c 2055ba8f7b7a4e438ae9680fa9b94d90 8af1bb51d5f941a4ae187b7c547e408e - - default default] 10.0.0.198 "DELETE /v2.0/networks/6aa99653-f4a5-405a-b274-7175515a1161 HTTP/1.1" status: 204 len: 168 time: 0.3955448 /var/lib/openstack/lib/python3.10/site-packages/pycadf/identifier.py:71: UserWarning: Invalid uuid: neutron. To ensure interoperability, identifiers should be a valid uuid. warnings.warn(('Invalid uuid: %s. To ensure interoperability, '
2026-06-24 19:07:24.872 9 INFO neutron.db.ovn_revision_numbers_db [None req-bdb7032a-9160-4369-8f55-e84aae7a66af f0e3564fdd804cf29f05e69d9124030a 9ffb499d3ec4480dab7aad170f422786 - - default default] Successfully bumped revision number for resource b2957306-4402-4565-9d60-025edd2227b7 (type: subnets) to 1
2026-06-24 19:07:24.875 9 INFO neutron.wsgi [None req-bdb7032a-9160-4369-8f55-e84aae7a66af f0e3564fdd804cf29f05e69d9124030a 9ffb499d3ec4480dab7aad170f422786 - - default default] 10.0.0.198 "PUT /v2.0/subnets/b2957306-4402-4565-9d60-025edd2227b7 HTTP/1.1" status: 200 len: 806 time: 0.6457982
2026-06-24 19:07:24.891 9 INFO neutron.wsgi [req-2aa080fe-af92-4b6a-9312-a604f4939da0 req-c6d7703f-db6f-46d4-b0d1-8f9b25f9f793 1eb4e64a975743719365f2b7f7f6a39f 48bd0829a5914fca996b0594dc6ae4fc - - default default] 199.19.213.122 "DELETE /v2.0/ports/a37e6ef7-a668-4484-8417-6797e344f10c HTTP/1.1" status: 204 len: 173 time: 0.5805578
2026-06-24 19:07:24.935 9 INFO neutron.notifiers.nova [-] Nova event matching ['req-f09a68a1-5648-4557-891e-e123401cb72a'] response: {'server_uuid': 'e1eb8472-4507-4e11-a3c2-cbf8f5175045', 'name': 'network-vif-deleted', 'tag': 'a37e6ef7-a668-4484-8417-6797e344f10c', 'status': 'completed', 'code': 200}
2026-06-24 19:07:25.156 9 INFO neutron.wsgi [req-bfc9e616-4f62-4294-892e-ba95c9760656 req-9d8cea0d-5590-4058-b6ed-9eecbc4943ce 1eb4e64a975743719365f2b7f7f6a39f 48bd0829a5914fca996b0594dc6ae4fc - - default default] 10.0.0.47 "GET /v2.0/ports?device_id=e1eb8472-4507-4e11-a3c2-cbf8f5175045 HTTP/1.1" status: 200 len: 210 time: 0.0221670
2026-06-24 19:07:25.227 10 INFO neutron.wsgi [None req-f1b16859-535c-4b25-a408-229e196e5f17 2055ba8f7b7a4e438ae9680fa9b94d90 8af1bb51d5f941a4ae187b7c547e408e - - default default] 10.0.0.198 "DELETE /v2.0/networks/13d3c7f1-c4df-4daa-8671-8319abaacc52 HTTP/1.1" status: 204 len: 168 time: 0.4661114
2026-06-24 19:07:25.317 9 INFO neutron.wsgi [None req-c70c7a6b-3c0b-456e-8ef9-93a17b993ff1 2055ba8f7b7a4e438ae9680fa9b94d90 8af1bb51d5f941a4ae187b7c547e408e - - default default] 10.0.0.198 "GET /v2.0/networks HTTP/1.1" status: 200 len: 845 time: 0.0840640
2026-06-24 19:07:25.327 9 WARNING neutron_lib.context [None req-1888b136-9cef-4416-b126-5955b5affa8e 2055ba8f7b7a4e438ae9680fa9b94d90 8af1bb51d5f941a4ae187b7c547e408e - - default default] Method 'is_advsvc' is deprecated since 2023.2 release (neutron-lib 3.8.0) and will be removed once support for the old RBAC API policies will be removed from Neutron. Please use method 'is_service_role' instead.
2026-06-24 19:07:25.419 9 INFO neutron.db.segments_db [None req-1888b136-9cef-4416-b126-5955b5affa8e 2055ba8f7b7a4e438ae9680fa9b94d90 8af1bb51d5f941a4ae187b7c547e408e - - default default] Added segment 675bf4f3-319c-4a0b-b8b3-dc66328071e0 of type geneve for network d9c06db1-b542-4203-a253-74327c84f3cf
2026-06-24 19:07:25.563 10 INFO neutron.wsgi [None req-c560880b-6292-497e-b4fa-a34e7fc87917 f0e3564fdd804cf29f05e69d9124030a 9ffb499d3ec4480dab7aad170f422786 - - default default] 10.0.0.198 "DELETE /v2.0/networks/99ef8b11-2147-4148-930e-295341fe70ae HTTP/1.1" status: 204 len: 168 time: 0.6807461
2026-06-24 19:07:25.569 9 INFO neutron.db.ovn_revision_numbers_db [None req-1888b136-9cef-4416-b126-5955b5affa8e 2055ba8f7b7a4e438ae9680fa9b94d90 8af1bb51d5f941a4ae187b7c547e408e - - default default] Successfully bumped revision number for resource d9c06db1-b542-4203-a253-74327c84f3cf (type: networks) to 1
2026-06-24 19:07:25.588 9 INFO neutron.pecan_wsgi.hooks.translation [None req-c204eacc-f10c-485f-a654-6c19025664b4 f0e3564fdd804cf29f05e69d9124030a 9ffb499d3ec4480dab7aad170f422786 - - default default] DELETE failed (client error): The resource could not be found.
2026-06-24 19:07:25.590 9 INFO neutron.wsgi [None req-c204eacc-f10c-485f-a654-6c19025664b4 f0e3564fdd804cf29f05e69d9124030a 9ffb499d3ec4480dab7aad170f422786 - - default default] 10.0.0.198 "DELETE /v2.0/networks/99ef8b11-2147-4148-930e-295341fe70ae HTTP/1.1" status: 404 len: 339 time: 0.0224593
2026-06-24 19:07:25.720 10 INFO neutron.wsgi [None req-2a48711f-a341-4f60-8a90-7f7b3dc4c6c2 f0e3564fdd804cf29f05e69d9124030a 9ffb499d3ec4480dab7aad170f422786 - - default default] 10.0.0.198 "GET /v2.0/networks?router%3Aexternal=True HTTP/1.1" status: 200 len: 845 time: 0.1216877
2026-06-24 19:07:25.721 10 INFO neutron.notifiers.nova [-] Nova event matching ['req-e199ec6b-aed8-4f96-8a45-3a5ee32c71bb'] response: {'server_uuid': 'e1eb8472-4507-4e11-a3c2-cbf8f5175045', 'name': 'network-vif-unplugged', 'status': 'completed', 'tag': 'a37e6ef7-a668-4484-8417-6797e344f10c', 'code': 200}
2026-06-24 19:07:25.721 10 INFO neutron.notifiers.nova [-] Nova event matching ['req-e199ec6b-aed8-4f96-8a45-3a5ee32c71bb'] response: {'server_uuid': 'e1eb8472-4507-4e11-a3c2-cbf8f5175045', 'name': 'network-vif-plugged', 'status': 'completed', 'tag': 'a37e6ef7-a668-4484-8417-6797e344f10c', 'code': 200}
2026-06-24 19:07:25.757 9 WARNING neutron.scheduler.dhcp_agent_scheduler [None req-1888b136-9cef-4416-b126-5955b5affa8e 2055ba8f7b7a4e438ae9680fa9b94d90 8af1bb51d5f941a4ae187b7c547e408e - - default default] No more DHCP agents
2026-06-24 19:07:25.759 10 INFO neutron.wsgi [None req-896168af-6200-4b47-8ff4-5587b7421494 f0e3564fdd804cf29f05e69d9124030a 9ffb499d3ec4480dab7aad170f422786 - - default default] 10.0.0.198 "GET /v2.0/subnets?network_id=9f2072f5-7eec-4e11-a0c9-72ec37e5c48f HTTP/1.1" status: 200 len: 820 time: 0.0348418
2026-06-24 19:07:25.761 9 WARNING neutron.api.rpc.agentnotifiers.dhcp_rpc_agent_api [None req-1888b136-9cef-4416-b126-5955b5affa8e 2055ba8f7b7a4e438ae9680fa9b94d90 8af1bb51d5f941a4ae187b7c547e408e - - default default] Unable to schedule network d9c06db1-b542-4203-a253-74327c84f3cf: no agents available; will retry on subsequent port and subnet creation events.
2026-06-24 19:07:25.791 10 INFO neutron.wsgi [None req-ba1c37ce-d224-455c-b02c-c6e5db5a00d4 f0e3564fdd804cf29f05e69d9124030a 9ffb499d3ec4480dab7aad170f422786 - - default default] 10.0.0.198 "GET /v2.0/extensions HTTP/1.1" status: 200 len: 16975 time: 0.0078156
2026-06-24 19:07:25.859 9 INFO neutron.db.ovn_revision_numbers_db [None req-1888b136-9cef-4416-b126-5955b5affa8e 2055ba8f7b7a4e438ae9680fa9b94d90 8af1bb51d5f941a4ae187b7c547e408e - - default default] Successfully bumped revision number for resource eaf95cd2-b1b9-43ae-8d87-da02eff74116 (type: ports) to 1
2026-06-24 19:07:25.883 10 INFO neutron.wsgi [None req-11807a7e-a324-4a1d-b71a-cc9e5455a71e f0e3564fdd804cf29f05e69d9124030a 9ffb499d3ec4480dab7aad170f422786 - - default default] 10.0.0.198 "GET /v2.0/networks HTTP/1.1" status: 200 len: 1503 time: 0.0861495
2026-06-24 19:07:25.885 9 INFO neutron.wsgi [None req-1888b136-9cef-4416-b126-5955b5affa8e 2055ba8f7b7a4e438ae9680fa9b94d90 8af1bb51d5f941a4ae187b7c547e408e - - default default] 10.0.0.198 "POST /v2.0/networks HTTP/1.1" status: 201 len: 849 time: 0.5609391
2026-06-24 19:07:25.900 10 WARNING neutron_lib.context [None req-f2ce79db-ef51-4a6e-937a-fd502b0d75ff 2055ba8f7b7a4e438ae9680fa9b94d90 8af1bb51d5f941a4ae187b7c547e408e - - default default] Method 'is_advsvc' is deprecated since 2023.2 release (neutron-lib 3.8.0) and will be removed once support for the old RBAC API policies will be removed from Neutron. Please use method 'is_service_role' instead.
2026-06-24 19:07:25.932 9 INFO neutron.wsgi [None req-cff27ebb-22fe-4e9f-8c4d-f9cf17098fe6 f0e3564fdd804cf29f05e69d9124030a 9ffb499d3ec4480dab7aad170f422786 - - default default] 10.0.0.198 "GET /v2.0/subnets HTTP/1.1" status: 200 len: 1428 time: 0.0369720
2026-06-24 19:07:26.000 9 INFO neutron.wsgi [None req-f6324080-8982-458d-bf67-4d194c7e1c1e f0e3564fdd804cf29f05e69d9124030a 9ffb499d3ec4480dab7aad170f422786 - - default default] 10.0.0.198 "GET /v2.0/networks/7ea6e520-9715-4b0b-9f31-188445df1fd3 HTTP/1.1" status: 200 len: 862 time: 0.0634494
2026-06-24 19:07:26.001 10 INFO neutron.db.segments_db [None req-f2ce79db-ef51-4a6e-937a-fd502b0d75ff 2055ba8f7b7a4e438ae9680fa9b94d90 8af1bb51d5f941a4ae187b7c547e408e - - default default] Added segment 50d1fcc2-0906-4d84-a5f1-e8e0676fbf5c of type geneve for network 2427c8a9-938d-437e-ae14-9b5c1cf2ec7a
2026-06-24 19:07:26.038 9 INFO neutron.wsgi [None req-2ff3e080-da38-4fd6-bca2-a9de3235faef f0e3564fdd804cf29f05e69d9124030a 9ffb499d3ec4480dab7aad170f422786 - - default default] 10.0.0.198 "GET /v2.0/subnets/fcdc76ab-b9f0-43d3-b169-a0d1ec8d8319 HTTP/1.1" status: 200 len: 811 time: 0.0325248
2026-06-24 19:07:26.061 9 INFO neutron.pecan_wsgi.hooks.translation [None req-ea0bd94c-866f-4c78-b731-a622edec4cf3 f0e3564fdd804cf29f05e69d9124030a 9ffb499d3ec4480dab7aad170f422786 - - default default] DELETE failed (client error): The resource could not be found.
2026-06-24 19:07:26.064 9 INFO neutron.wsgi [None req-ea0bd94c-866f-4c78-b731-a622edec4cf3 f0e3564fdd804cf29f05e69d9124030a 9ffb499d3ec4480dab7aad170f422786 - - default default] 10.0.0.198 "DELETE /v2.0/subnets/b2957306-4402-4565-9d60-025edd2227b7 HTTP/1.1" status: 404 len: 337 time: 0.0202243
2026-06-24 19:07:26.079 9 INFO neutron.pecan_wsgi.hooks.translation [None req-1ed674d2-54dd-4c40-a3e2-62d67c2d2541 f0e3564fdd804cf29f05e69d9124030a 9ffb499d3ec4480dab7aad170f422786 - - default default] DELETE failed (client error): The resource could not be found.
2026-06-24 19:07:26.081 9 INFO neutron.wsgi [None req-1ed674d2-54dd-4c40-a3e2-62d67c2d2541 f0e3564fdd804cf29f05e69d9124030a 9ffb499d3ec4480dab7aad170f422786 - - default default] 10.0.0.198 "DELETE /v2.0/networks/99ef8b11-2147-4148-930e-295341fe70ae HTTP/1.1" status: 404 len: 339 time: 0.0134463
2026-06-24 19:07:26.141 10 INFO neutron.db.ovn_revision_numbers_db [None req-f2ce79db-ef51-4a6e-937a-fd502b0d75ff 2055ba8f7b7a4e438ae9680fa9b94d90 8af1bb51d5f941a4ae187b7c547e408e - - default default] Successfully bumped revision number for resource 2427c8a9-938d-437e-ae14-9b5c1cf2ec7a (type: networks) to 1
2026-06-24 19:07:26.280 9 INFO neutron.wsgi [None req-ed91b030-4676-4b15-aed5-b84158045142 f0e3564fdd804cf29f05e69d9124030a 9ffb499d3ec4480dab7aad170f422786 - - default default] 10.0.0.198 "DELETE /v2.0/subnets/fcdc76ab-b9f0-43d3-b169-a0d1ec8d8319 HTTP/1.1" status: 204 len: 168 time: 0.1944110
2026-06-24 19:07:26.341 10 WARNING neutron.scheduler.dhcp_agent_scheduler [None req-f2ce79db-ef51-4a6e-937a-fd502b0d75ff 2055ba8f7b7a4e438ae9680fa9b94d90 8af1bb51d5f941a4ae187b7c547e408e - - default default] No more DHCP agents
2026-06-24 19:07:26.345 10 WARNING neutron.api.rpc.agentnotifiers.dhcp_rpc_agent_api [None req-f2ce79db-ef51-4a6e-937a-fd502b0d75ff 2055ba8f7b7a4e438ae9680fa9b94d90 8af1bb51d5f941a4ae187b7c547e408e - - default default] Unable to schedule network 2427c8a9-938d-437e-ae14-9b5c1cf2ec7a: no agents available; will retry on subsequent port and subnet creation events.
2026-06-24 19:07:26.680 10 INFO neutron.db.ovn_revision_numbers_db [None req-f2ce79db-ef51-4a6e-937a-fd502b0d75ff 2055ba8f7b7a4e438ae9680fa9b94d90 8af1bb51d5f941a4ae187b7c547e408e - - default default] Successfully bumped revision number for resource 9a141872-9ca9-45f8-ad51-66f25a05fad3 (type: ports) to 1
2026-06-24 19:07:26.695 9 INFO neutron.services.segments.plugin [-] Segment c63388ee-01e4-4d3a-849e-2c26863cb1f4 resource provider aggregate not found
2026-06-24 19:07:26.701 9 INFO neutron.services.segments.plugin [-] Segment c63388ee-01e4-4d3a-849e-2c26863cb1f4 resource provider aggregate not found
2026-06-24 19:07:26.714 10 INFO neutron.wsgi [None req-f2ce79db-ef51-4a6e-937a-fd502b0d75ff 2055ba8f7b7a4e438ae9680fa9b94d90 8af1bb51d5f941a4ae187b7c547e408e - - default default] 10.0.0.198 "POST /v2.0/networks HTTP/1.1" status: 201 len: 849 time: 0.8189571
2026-06-24 19:07:26.720 9 INFO neutron.services.segments.plugin [-] Segment c63388ee-01e4-4d3a-849e-2c26863cb1f4 resource provider not found; error: Placement Client Error (4xx): {"errors": [{"status": 404, "title": "Not Found", "detail": "The resource could not be found.\n\n No resource provider with uuid c63388ee-01e4-4d3a-849e-2c26863cb1f4 found for delete ", "request_id": "req-be45cdf0-070b-473b-90b7-845686743869"}]}
2026-06-24 19:07:26.722 9 INFO neutron.services.segments.plugin [-] Segment c63388ee-01e4-4d3a-849e-2c26863cb1f4 resource provider not found; error: Placement Client Error (4xx): {"errors": [{"status": 404, "title": "Not Found", "detail": "The resource could not be found.\n\n No resource provider with uuid c63388ee-01e4-4d3a-849e-2c26863cb1f4 found for delete ", "request_id": "req-62507d13-38ed-45af-b94c-bcf927b7a04a"}]}
