2026-06-24 19:06:59.238 9 INFO neutron.db.ovn_revision_numbers_db [None req-048517f1-0d2c-4b5c-aa30-0ad654f0fc63 04347245eda14e27afa89c2b5acc50c5 c88e75da84d44f928294c4f3c15b0ad0 - - default default] Successfully bumped revision number for resource 02999c26-3dfa-4b91-8453-adaeac1bc005 (type: subnets) to 0
2026-06-24 19:06:59.259 9 INFO neutron.wsgi [None req-048517f1-0d2c-4b5c-aa30-0ad654f0fc63 04347245eda14e27afa89c2b5acc50c5 c88e75da84d44f928294c4f3c15b0ad0 - - default default] 10.0.0.198 "POST /v2.0/subnets HTTP/1.1" status: 201 len: 848 time: 0.5237467
2026-06-24 19:06:59.271 9 WARNING neutron_lib.context [None req-34ba8c93-469e-43c5-8850-dbf76e36057f 04347245eda14e27afa89c2b5acc50c5 c88e75da84d44f928294c4f3c15b0ad0 - - default default] Method 'is_advsvc' is deprecated since 2023.2 release (neutron-lib 3.8.0) and will be removed once support for the old RBAC API policies will be removed from Neutron. Please use method 'is_service_role' instead.
2026-06-24 19:06:59.312 9 WARNING neutron.scheduler.dhcp_agent_scheduler [None req-903abe4b-fa80-4942-9bb2-f9c2ceb9aec9 8b35d5a59803431885a06973170a3bc5 5ffa413e3ea54925ad550891b48f39a7 - - default default] No more DHCP agents
2026-06-24 19:06:59.316 9 WARNING neutron.api.rpc.agentnotifiers.dhcp_rpc_agent_api [None req-903abe4b-fa80-4942-9bb2-f9c2ceb9aec9 8b35d5a59803431885a06973170a3bc5 5ffa413e3ea54925ad550891b48f39a7 - - default default] Unable to schedule network c9d93dba-e815-4cbb-955d-243d2d5be332: no agents available; will retry on subsequent port and subnet creation events.
2026-06-24 19:06:59.389 9 INFO neutron.db.segments_db [None req-34ba8c93-469e-43c5-8850-dbf76e36057f 04347245eda14e27afa89c2b5acc50c5 c88e75da84d44f928294c4f3c15b0ad0 - - default default] Added segment 41cc647c-ec99-41dc-bcd2-4b40d336d961 of type geneve for network abb48e28-c2dd-4de6-8e5d-7d5c909c012e
2026-06-24 19:06:59.417 9 INFO neutron.db.ovn_revision_numbers_db [None req-903abe4b-fa80-4942-9bb2-f9c2ceb9aec9 8b35d5a59803431885a06973170a3bc5 5ffa413e3ea54925ad550891b48f39a7 - - default default] Successfully bumped revision number for resource 0545b2e6-44bd-4d93-9534-e7a1a9a761c2 (type: ports) to 1
2026-06-24 19:06:59.451 9 INFO neutron.wsgi [None req-903abe4b-fa80-4942-9bb2-f9c2ceb9aec9 8b35d5a59803431885a06973170a3bc5 5ffa413e3ea54925ad550891b48f39a7 - - default default] 10.0.0.198 "POST /v2.0/networks HTTP/1.1" status: 201 len: 852 time: 0.7802870
2026-06-24 19:06:59.546 9 INFO neutron.db.ovn_revision_numbers_db [None req-34ba8c93-469e-43c5-8850-dbf76e36057f 04347245eda14e27afa89c2b5acc50c5 c88e75da84d44f928294c4f3c15b0ad0 - - default default] Successfully bumped revision number for resource abb48e28-c2dd-4de6-8e5d-7d5c909c012e (type: networks) to 1
2026-06-24 19:06:59.665 9 INFO neutron.wsgi [None req-e6fb347a-cc92-4f12-a92a-d4f27b625780 a8a7de7117fb409b9a502b48744ef2cf f8b25b63beb84fa2ada4f999d2568fdb - - default default] 10.0.0.198 "GET /v2.0/security-groups?tenant_id=18d5a186d350412aa1f5ddc12efdc505&name=default HTTP/1.1" status: 200 len: 2996 time: 0.1561685
2026-06-24 19:06:59.695 10 INFO neutron.plugins.ml2.drivers.ovn.mech_driver.mech_driver [None req-884a0f8c-2aa1-46d4-bfa7-65445e42ffaf - - - - - -] OVN reports status up for port: 55a308ba-4b52-4318-a160-d0ca174dce7d
2026-06-24 19:06:59.713 10 INFO neutron.plugins.ml2.drivers.ovn.mech_driver.ovsdb.ovsdb_monitor [None req-dac5d165-a395-4111-8d94-1bdba094dc33 - - - - - -] Router 4f56d201-cc5c-469e-b546-e9ef90308462 is bound to host instance
2026-06-24 19:06:59.724 10 INFO neutron.plugins.ml2.plugin [None req-884a0f8c-2aa1-46d4-bfa7-65445e42ffaf - - - - - -] Attempt 1 to provision port 55a308ba-4b52-4318-a160-d0ca174dce7d
2026-06-24 19:06:59.758 10 INFO neutron.db.ovn_revision_numbers_db [None req-ccb958bf-772d-466e-8959-606968754c59 a8a7de7117fb409b9a502b48744ef2cf f8b25b63beb84fa2ada4f999d2568fdb - - default default] Successfully bumped revision number for resource 55a308ba-4b52-4318-a160-d0ca174dce7d (type: router_ports) to 1
2026-06-24 19:06:59.763 9 WARNING neutron.scheduler.dhcp_agent_scheduler [None req-34ba8c93-469e-43c5-8850-dbf76e36057f 04347245eda14e27afa89c2b5acc50c5 c88e75da84d44f928294c4f3c15b0ad0 - - default default] No more DHCP agents
2026-06-24 19:06:59.768 9 WARNING neutron.api.rpc.agentnotifiers.dhcp_rpc_agent_api [None req-34ba8c93-469e-43c5-8850-dbf76e36057f 04347245eda14e27afa89c2b5acc50c5 c88e75da84d44f928294c4f3c15b0ad0 - - default default] Unable to schedule network abb48e28-c2dd-4de6-8e5d-7d5c909c012e: no agents available; will retry on subsequent port and subnet creation events.
2026-06-24 19:06:59.859 9 INFO neutron.db.ovn_revision_numbers_db [None req-34ba8c93-469e-43c5-8850-dbf76e36057f 04347245eda14e27afa89c2b5acc50c5 c88e75da84d44f928294c4f3c15b0ad0 - - default default] Successfully bumped revision number for resource 2e53b8da-3bca-4504-aa4a-848f790d7fc0 (type: ports) to 1
2026-06-24 19:06:59.886 10 INFO neutron.db.ovn_revision_numbers_db [None req-ccb958bf-772d-466e-8959-606968754c59 a8a7de7117fb409b9a502b48744ef2cf f8b25b63beb84fa2ada4f999d2568fdb - - default default] Successfully bumped revision number for resource 4f56d201-cc5c-469e-b546-e9ef90308462 (type: routers) to 2
2026-06-24 19:06:59.892 9 INFO neutron.wsgi [None req-34ba8c93-469e-43c5-8850-dbf76e36057f 04347245eda14e27afa89c2b5acc50c5 c88e75da84d44f928294c4f3c15b0ad0 - - default default] 10.0.0.198 "POST /v2.0/networks HTTP/1.1" status: 201 len: 847 time: 0.6260495
2026-06-24 19:06:59.909 10 WARNING neutron_lib.context [None req-ee33384f-8d31-450b-aa8a-70b15cdf7ee1 8b35d5a59803431885a06973170a3bc5 5ffa413e3ea54925ad550891b48f39a7 - - default default] Method 'is_advsvc' is deprecated since 2023.2 release (neutron-lib 3.8.0) and will be removed once support for the old RBAC API policies will be removed from Neutron. Please use method 'is_service_role' instead.
2026-06-24 19:06:59.913 10 INFO neutron.wsgi [None req-ccb958bf-772d-466e-8959-606968754c59 a8a7de7117fb409b9a502b48744ef2cf f8b25b63beb84fa2ada4f999d2568fdb - - default default] 10.0.0.198 "POST /v2.0/routers HTTP/1.1" status: 201 len: 878 time: 1.5476437
2026-06-24 19:06:59.952 9 INFO neutron.wsgi [None req-4c29a8c1-7725-4a9a-8498-44434156a0eb a8a7de7117fb409b9a502b48744ef2cf f8b25b63beb84fa2ada4f999d2568fdb - - default default] 10.0.0.198 "DELETE /v2.0/security-groups/e5529fe4-b184-4ac4-a341-6f318f714048 HTTP/1.1" status: 204 len: 168 time: 0.2830925
2026-06-24 19:06:59.993 10 WARNING neutron_lib.context [None req-ee33384f-8d31-450b-aa8a-70b15cdf7ee1 8b35d5a59803431885a06973170a3bc5 5ffa413e3ea54925ad550891b48f39a7 - - default default] Method 'is_advsvc' is deprecated since 2023.2 release (neutron-lib 3.8.0) and will be removed once support for the old RBAC API policies will be removed from Neutron. Please use method 'is_service_role' instead.
2026-06-24 19:07:00.082 9 INFO neutron.db.ovn_revision_numbers_db [None req-033cb6c3-a978-4bed-bc1d-481f2a65a78c 04347245eda14e27afa89c2b5acc50c5 c88e75da84d44f928294c4f3c15b0ad0 - - default default] Successfully bumped revision number for resource abb48e28-c2dd-4de6-8e5d-7d5c909c012e (type: networks) to 2
2026-06-24 19:07:00.087 9 INFO neutron.wsgi [None req-033cb6c3-a978-4bed-bc1d-481f2a65a78c 04347245eda14e27afa89c2b5acc50c5 c88e75da84d44f928294c4f3c15b0ad0 - - default default] 10.0.0.198 "PUT /v2.0/networks/abb48e28-c2dd-4de6-8e5d-7d5c909c012e HTTP/1.1" status: 200 len: 792 time: 0.1905200
2026-06-24 19:07:00.097 9 WARNING neutron_lib.context [None req-bdeb4da4-2d8e-4461-a3c5-b30db3c2945e 04347245eda14e27afa89c2b5acc50c5 c88e75da84d44f928294c4f3c15b0ad0 - - default default] Method 'is_advsvc' is deprecated since 2023.2 release (neutron-lib 3.8.0) and will be removed once support for the old RBAC API policies will be removed from Neutron. Please use method 'is_service_role' instead.
2026-06-24 19:07:00.139 9 INFO neutron.wsgi [-] 10.0.0.145 "GET / HTTP/1.1" status: 200 len: 247 time: 0.0013065
2026-06-24 19:07:00.141 9 INFO neutron.wsgi [-] 10.0.0.145 "GET / HTTP/1.1" status: 200 len: 247 time: 0.0015249
2026-06-24 19:07:00.342 9 WARNING neutron.scheduler.dhcp_agent_scheduler [None req-bdeb4da4-2d8e-4461-a3c5-b30db3c2945e 04347245eda14e27afa89c2b5acc50c5 c88e75da84d44f928294c4f3c15b0ad0 - - default default] No more DHCP agents
2026-06-24 19:07:00.344 9 WARNING neutron.api.rpc.agentnotifiers.dhcp_rpc_agent_api [None req-bdeb4da4-2d8e-4461-a3c5-b30db3c2945e 04347245eda14e27afa89c2b5acc50c5 c88e75da84d44f928294c4f3c15b0ad0 - - default default] Unable to schedule network abb48e28-c2dd-4de6-8e5d-7d5c909c012e: no agents available; will retry on subsequent port and subnet creation events.
2026-06-24 19:07:00.388 9 INFO neutron.db.ovn_revision_numbers_db [None req-bdeb4da4-2d8e-4461-a3c5-b30db3c2945e 04347245eda14e27afa89c2b5acc50c5 c88e75da84d44f928294c4f3c15b0ad0 - - default default] Successfully bumped revision number for resource 23b642e6-f969-4058-b116-602578f6713b (type: subnets) to 0
2026-06-24 19:07:00.403 9 INFO neutron.wsgi [None req-bdeb4da4-2d8e-4461-a3c5-b30db3c2945e 04347245eda14e27afa89c2b5acc50c5 c88e75da84d44f928294c4f3c15b0ad0 - - default default] 10.0.0.198 "POST /v2.0/subnets HTTP/1.1" status: 201 len: 821 time: 0.3105445
2026-06-24 19:07:00.817 10 INFO neutron.db.ovn_revision_numbers_db [None req-dac5d165-a395-4111-8d94-1bdba094dc33 - - - - - -] Successfully bumped revision number for resource 55a308ba-4b52-4318-a160-d0ca174dce7d (type: ports) to 1
2026-06-24 19:07:00.897 10 WARNING neutron.scheduler.dhcp_agent_scheduler [None req-ee33384f-8d31-450b-aa8a-70b15cdf7ee1 8b35d5a59803431885a06973170a3bc5 5ffa413e3ea54925ad550891b48f39a7 - - default default] No more DHCP agents
2026-06-24 19:07:00.912 10 WARNING neutron.api.rpc.agentnotifiers.dhcp_rpc_agent_api [None req-ee33384f-8d31-450b-aa8a-70b15cdf7ee1 8b35d5a59803431885a06973170a3bc5 5ffa413e3ea54925ad550891b48f39a7 - - default default] Unable to schedule network 72e02e0d-6f56-488c-b8a7-a82bcef774c7: no agents available; will retry on subsequent port and subnet creation events.
2026-06-24 19:07:00.924 10 WARNING neutron.scheduler.dhcp_agent_scheduler [None req-a33dbd1f-9e8e-4208-aadf-af7241bb5860 a8a7de7117fb409b9a502b48744ef2cf f8b25b63beb84fa2ada4f999d2568fdb - - default default] No more DHCP agents
2026-06-24 19:07:00.931 10 WARNING neutron.api.rpc.agentnotifiers.dhcp_rpc_agent_api [None req-a33dbd1f-9e8e-4208-aadf-af7241bb5860 a8a7de7117fb409b9a502b48744ef2cf f8b25b63beb84fa2ada4f999d2568fdb - - default default] Unable to schedule network b888e14b-2314-4695-848d-034ad6a50c19: no agents available; will retry on subsequent port and subnet creation events.
2026-06-24 19:07:01.004 10 INFO neutron.db.ovn_revision_numbers_db [None req-ee33384f-8d31-450b-aa8a-70b15cdf7ee1 8b35d5a59803431885a06973170a3bc5 5ffa413e3ea54925ad550891b48f39a7 - - default default] Successfully bumped revision number for resource 3d69dc12-a8a7-4f25-a1ec-a500e2ea46ac (type: subnets) to 0
2026-06-24 19:07:01.077 10 WARNING neutron.scheduler.dhcp_agent_scheduler [None req-ee33384f-8d31-450b-aa8a-70b15cdf7ee1 8b35d5a59803431885a06973170a3bc5 5ffa413e3ea54925ad550891b48f39a7 - - default default] No more DHCP agents
2026-06-24 19:07:01.082 10 WARNING neutron.api.rpc.agentnotifiers.dhcp_rpc_agent_api [None req-ee33384f-8d31-450b-aa8a-70b15cdf7ee1 8b35d5a59803431885a06973170a3bc5 5ffa413e3ea54925ad550891b48f39a7 - - default default] Unable to schedule network c9d93dba-e815-4cbb-955d-243d2d5be332: no agents available; will retry on subsequent port and subnet creation events.
2026-06-24 19:07:01.134 10 INFO neutron.db.ovn_revision_numbers_db [None req-ee33384f-8d31-450b-aa8a-70b15cdf7ee1 8b35d5a59803431885a06973170a3bc5 5ffa413e3ea54925ad550891b48f39a7 - - default default] Successfully bumped revision number for resource 2892c560-fea3-429b-afa2-e4a7ecd95582 (type: subnets) to 0
2026-06-24 19:07:01.154 10 INFO neutron.wsgi [None req-ee33384f-8d31-450b-aa8a-70b15cdf7ee1 8b35d5a59803431885a06973170a3bc5 5ffa413e3ea54925ad550891b48f39a7 - - default default] 10.0.0.198 "POST /v2.0/subnets HTTP/1.1" status: 201 len: 1476 time: 1.2511072
2026-06-24 19:07:01.245 10 INFO neutron.wsgi [None req-e8beb99d-ece7-4ee4-bb78-bfa331a0184d 8b35d5a59803431885a06973170a3bc5 5ffa413e3ea54925ad550891b48f39a7 - - default default] 10.0.0.198 "GET /v2.0/subnets HTTP/1.1" status: 200 len: 2084 time: 0.0799713
2026-06-24 19:07:01.247 10 INFO neutron.db.ovn_revision_numbers_db [None req-dac5d165-a395-4111-8d94-1bdba094dc33 - - - - - -] Successfully bumped revision number for resource 55a308ba-4b52-4318-a160-d0ca174dce7d (type: router_ports) to 3
2026-06-24 19:07:01.285 10 INFO neutron.db.ovn_revision_numbers_db [None req-a33dbd1f-9e8e-4208-aadf-af7241bb5860 a8a7de7117fb409b9a502b48744ef2cf f8b25b63beb84fa2ada4f999d2568fdb - - default default] Successfully bumped revision number for resource af7d09e0-5197-40ad-915b-1d571edb3997 (type: ports) to 1
2026-06-24 19:07:01.392 9 INFO neutron.db.ovn_revision_numbers_db [None req-890f58c7-aaf0-4cdd-93cb-3953cb7c500f 04347245eda14e27afa89c2b5acc50c5 c88e75da84d44f928294c4f3c15b0ad0 - - default default] Successfully bumped revision number for resource 2e53b8da-3bca-4504-aa4a-848f790d7fc0 (type: ports) to 2
2026-06-24 19:07:01.449 9 INFO neutron.db.ovn_revision_numbers_db [None req-890f58c7-aaf0-4cdd-93cb-3953cb7c500f 04347245eda14e27afa89c2b5acc50c5 c88e75da84d44f928294c4f3c15b0ad0 - - default default] Successfully bumped revision number for resource 23b642e6-f969-4058-b116-602578f6713b (type: subnets) to 1
2026-06-24 19:07:01.453 9 INFO neutron.wsgi [None req-890f58c7-aaf0-4cdd-93cb-3953cb7c500f 04347245eda14e27afa89c2b5acc50c5 c88e75da84d44f928294c4f3c15b0ad0 - - default default] 10.0.0.198 "PUT /v2.0/subnets/23b642e6-f969-4058-b116-602578f6713b HTTP/1.1" status: 200 len: 826 time: 1.0438895
2026-06-24 19:07:01.581 10 INFO neutron.db.ovn_revision_numbers_db [None req-dac5d165-a395-4111-8d94-1bdba094dc33 - - - - - -] Successfully bumped revision number for resource 55a308ba-4b52-4318-a160-d0ca174dce7d (type: ports) to 2
2026-06-24 19:07:01.613 10 INFO neutron.wsgi [None req-126038ee-0a5e-4948-9b63-a3fe1581dd9a 8b35d5a59803431885a06973170a3bc5 5ffa413e3ea54925ad550891b48f39a7 - - default default] 10.0.0.198 "DELETE /v2.0/subnets/3d69dc12-a8a7-4f25-a1ec-a500e2ea46ac HTTP/1.1" status: 204 len: 168 time: 0.3498859
2026-06-24 19:07:01.652 9 WARNING neutron_lib.context [None req-0d1347d0-ca8d-4dbe-8f9a-e8f1383505c1 c3e13f521c0e4cd1b0252902e2e23774 b735f79bb09b420391a85717a94aab63 - - default default] Method 'is_advsvc' is deprecated since 2023.2 release (neutron-lib 3.8.0) and will be removed once support for the old RBAC API policies will be removed from Neutron. Please use method 'is_service_role' instead.
2026-06-24 19:07:01.809 9 INFO neutron.db.ovn_revision_numbers_db [None req-0d1347d0-ca8d-4dbe-8f9a-e8f1383505c1 c3e13f521c0e4cd1b0252902e2e23774 b735f79bb09b420391a85717a94aab63 - - default default] Successfully bumped revision number for resource deee5a08-86d1-4cea-9f50-d01e9298d2dd (type: security_groups) to 1
2026-06-24 19:07:01.823 9 INFO neutron.db.ovn_revision_numbers_db [None req-0d1347d0-ca8d-4dbe-8f9a-e8f1383505c1 c3e13f521c0e4cd1b0252902e2e23774 b735f79bb09b420391a85717a94aab63 - - default default] Successfully bumped revision number for resource 09f039fa-8e96-4fe2-8e8e-47d59cd14335 (type: security_group_rules) to 0
2026-06-24 19:07:01.843 9 INFO neutron.db.ovn_revision_numbers_db [None req-0d1347d0-ca8d-4dbe-8f9a-e8f1383505c1 c3e13f521c0e4cd1b0252902e2e23774 b735f79bb09b420391a85717a94aab63 - - default default] Successfully bumped revision number for resource 34b0a018-b062-47d1-aee9-ea16374cfe01 (type: security_group_rules) to 0
2026-06-24 19:07:01.874 9 INFO neutron.db.ovn_revision_numbers_db [None req-0d1347d0-ca8d-4dbe-8f9a-e8f1383505c1 c3e13f521c0e4cd1b0252902e2e23774 b735f79bb09b420391a85717a94aab63 - - default default] Successfully bumped revision number for resource 6b5c4d59-b999-4e60-93a6-6a7de2a39f99 (type: security_group_rules) to 0
2026-06-24 19:07:01.897 9 INFO neutron.db.ovn_revision_numbers_db [None req-0d1347d0-ca8d-4dbe-8f9a-e8f1383505c1 c3e13f521c0e4cd1b0252902e2e23774 b735f79bb09b420391a85717a94aab63 - - default default] Successfully bumped revision number for resource ef6cb6ee-f330-4170-bd82-0ec78637625c (type: security_group_rules) to 0
2026-06-24 19:07:01.920 10 INFO neutron.wsgi [None req-3f6b5421-8cdc-46cf-8c0f-b44f829749e9 8b35d5a59803431885a06973170a3bc5 5ffa413e3ea54925ad550891b48f39a7 - - default default] 10.0.0.198 "DELETE /v2.0/subnets/2892c560-fea3-429b-afa2-e4a7ecd95582 HTTP/1.1" status: 204 len: 168 time: 0.3002155
2026-06-24 19:07:01.999 9 INFO neutron.services.segments.plugin [-] Segment 41cc647c-ec99-41dc-bcd2-4b40d336d961 resource provider aggregate not found
2026-06-24 19:07:02.009 9 INFO neutron.services.segments.plugin [-] Segment 41cc647c-ec99-41dc-bcd2-4b40d336d961 resource provider aggregate not found
2026-06-24 19:07:02.024 9 INFO neutron.plugins.ml2.drivers.ovn.mech_driver.mech_driver [None req-a93d7c23-903d-4be5-a954-9f933413b3f0 - - - - - -] OVN reports status up for port: af7d09e0-5197-40ad-915b-1d571edb3997
2026-06-24 19:07:02.026 9 INFO neutron.services.segments.plugin [-] Segment 41cc647c-ec99-41dc-bcd2-4b40d336d961 resource provider not found; error: Placement Client Error (4xx): {"errors": [{"status": 404, "title": "Not Found", "detail": "The resource could not be found.\n\n No resource provider with uuid 41cc647c-ec99-41dc-bcd2-4b40d336d961 found for delete ", "request_id": "req-78eda689-20c2-4839-9872-1cf0d66e7ec9"}]}
2026-06-24 19:07:02.034 10 INFO neutron.db.ovn_revision_numbers_db [None req-dac5d165-a395-4111-8d94-1bdba094dc33 - - - - - -] Successfully bumped revision number for resource 55a308ba-4b52-4318-a160-d0ca174dce7d (type: ports) to 4
2026-06-24 19:07:02.037 9 INFO neutron.wsgi [None req-9d47986a-9d1e-4cf7-9615-dec1cacfe95d 8b35d5a59803431885a06973170a3bc5 5ffa413e3ea54925ad550891b48f39a7 - - default default] 10.0.0.198 "GET /v2.0/subnets HTTP/1.1" status: 200 len: 820 time: 0.1103835
2026-06-24 19:07:02.039 9 INFO neutron.services.segments.plugin [-] Segment 41cc647c-ec99-41dc-bcd2-4b40d336d961 resource provider not found; error: Placement Client Error (4xx): {"errors": [{"status": 404, "title": "Not Found", "detail": "The resource could not be found.\n\n No resource provider with uuid 41cc647c-ec99-41dc-bcd2-4b40d336d961 found for delete ", "request_id": "req-9cdfce18-4c83-4884-a15c-131d4a39310a"}]}
2026-06-24 19:07:02.042 9 INFO neutron.plugins.ml2.plugin [None req-a93d7c23-903d-4be5-a954-9f933413b3f0 - - - - - -] Attempt 1 to provision port af7d09e0-5197-40ad-915b-1d571edb3997
2026-06-24 19:07:02.054 10 INFO neutron.db.ovn_revision_numbers_db [None req-a33dbd1f-9e8e-4208-aadf-af7241bb5860 a8a7de7117fb409b9a502b48744ef2cf f8b25b63beb84fa2ada4f999d2568fdb - - default default] Successfully bumped revision number for resource af7d09e0-5197-40ad-915b-1d571edb3997 (type: router_ports) to 1
2026-06-24 19:07:02.078 9 INFO neutron.wsgi [None req-6dfafe16-3073-4274-8a50-884ebfefe51b 04347245eda14e27afa89c2b5acc50c5 c88e75da84d44f928294c4f3c15b0ad0 - - default default] 10.0.0.198 "DELETE /v2.0/networks/abb48e28-c2dd-4de6-8e5d-7d5c909c012e HTTP/1.1" status: 204 len: 168 time: 0.6214793
2026-06-24 19:07:02.108 9 INFO neutron.pecan_wsgi.hooks.translation [None req-4110bfb3-8539-4867-b6a7-b2b783a22cf9 04347245eda14e27afa89c2b5acc50c5 c88e75da84d44f928294c4f3c15b0ad0 - - default default] DELETE failed (client error): The resource could not be found.
2026-06-24 19:07:02.110 9 INFO neutron.wsgi [None req-4110bfb3-8539-4867-b6a7-b2b783a22cf9 04347245eda14e27afa89c2b5acc50c5 c88e75da84d44f928294c4f3c15b0ad0 - - default default] 10.0.0.198 "DELETE /v2.0/networks/abb48e28-c2dd-4de6-8e5d-7d5c909c012e HTTP/1.1" status: 404 len: 339 time: 0.0222602
2026-06-24 19:07:02.125 9 INFO neutron.db.ovn_revision_numbers_db [None req-0d1347d0-ca8d-4dbe-8f9a-e8f1383505c1 c3e13f521c0e4cd1b0252902e2e23774 b735f79bb09b420391a85717a94aab63 - - default default] Successfully bumped revision number for resource 3e761448-b92d-4422-b8a2-8a4dd362cc48 (type: security_groups) to 1
2026-06-24 19:07:02.182 9 INFO neutron.db.ovn_revision_numbers_db [None req-0d1347d0-ca8d-4dbe-8f9a-e8f1383505c1 c3e13f521c0e4cd1b0252902e2e23774 b735f79bb09b420391a85717a94aab63 - - default default] Successfully bumped revision number for resource 50a152a0-39a5-45a5-b7f6-715cc71e993c (type: security_group_rules) to 0
2026-06-24 19:07:02.214 9 INFO neutron.db.ovn_revision_numbers_db [None req-0d1347d0-ca8d-4dbe-8f9a-e8f1383505c1 c3e13f521c0e4cd1b0252902e2e23774 b735f79bb09b420391a85717a94aab63 - - default default] Successfully bumped revision number for resource d61a78c1-d9cf-4b52-a480-f47b188f3de9 (type: security_group_rules) to 0
2026-06-24 19:07:02.230 9 INFO neutron.wsgi [None req-48d026f4-74fe-4d82-8d01-0ce7803f443f 04347245eda14e27afa89c2b5acc50c5 c88e75da84d44f928294c4f3c15b0ad0 - - default default] 10.0.0.198 "GET /v2.0/networks?router%3Aexternal=True HTTP/1.1" status: 200 len: 845 time: 0.1140475
2026-06-24 19:07:02.262 9 INFO neutron.wsgi [None req-0d1347d0-ca8d-4dbe-8f9a-e8f1383505c1 c3e13f521c0e4cd1b0252902e2e23774 b735f79bb09b420391a85717a94aab63 - - default default] 10.0.0.198 "POST /v2.0/security-groups HTTP/1.1" status: 201 len: 1760 time: 0.7439165
2026-06-24 19:07:02.317 9 INFO neutron.wsgi [None req-410788aa-99a9-4d1b-9a87-cc0e526d4a78 c3e13f521c0e4cd1b0252902e2e23774 b735f79bb09b420391a85717a94aab63 - - default default] 10.0.0.198 "GET /v2.0/security-groups HTTP/1.1" status: 200 len: 4538 time: 0.0495229
2026-06-24 19:07:02.592 10 INFO neutron.wsgi [None req-175aea71-d83b-4263-ae9e-d2e5860ffe9e 04347245eda14e27afa89c2b5acc50c5 c88e75da84d44f928294c4f3c15b0ad0 - - default default] 10.0.0.198 "GET /v2.0/subnets?network_id=9f2072f5-7eec-4e11-a0c9-72ec37e5c48f HTTP/1.1" status: 200 len: 820 time: 0.3540206
2026-06-24 19:07:02.601 10 ERROR ovsdbapp.backend.ovs_idl.transaction [None req-a33dbd1f-9e8e-4208-aadf-af7241bb5860 a8a7de7117fb409b9a502b48744ef2cf f8b25b63beb84fa2ada4f999d2568fdb - - default default]
Traceback (most recent call last): File "/var/lib/openstack/lib/python3.10/site-packages/ovsdbapp/backend/ovs_idl/connection.py", line 118, in run txn.results.put(txn.do_commit())
File "/var/lib/openstack/lib/python3.10/site-packages/ovsdbapp/backend/ovs_idl/transaction.py", line 92, in do_commit command.run_idl(txn)
File "/var/lib/openstack/lib/python3.10/site-packages/neutron/plugins/ml2/drivers/ovn/mech_driver/ovsdb/commands.py", line 823, in run_idl raise ovn_exc.RevisionConflict( neutron.common.ovn.exceptions.RevisionConflict: OVN revision number for af7d09e0-5197-40ad-915b-1d571edb3997 (type: ports) is higher than the given resource. Skipping update 
2026-06-24 19:07:02.601 10 INFO neutron.plugins.ml2.drivers.ovn.mech_driver.ovsdb.impl_idl_ovn [None req-a33dbd1f-9e8e-4208-aadf-af7241bb5860 a8a7de7117fb409b9a502b48744ef2cf f8b25b63beb84fa2ada4f999d2568fdb - - default default] Transaction aborted. Reason: OVN revision number for af7d09e0-5197-40ad-915b-1d571edb3997 (type: ports) is higher than the given resource. Skipping update
2026-06-24 19:07:02.603 9 INFO neutron.wsgi [None req-96545e57-7794-4732-ad44-e0f850cc76af 04347245eda14e27afa89c2b5acc50c5 c88e75da84d44f928294c4f3c15b0ad0 - - default default] 10.0.0.198 "GET /v2.0/extensions HTTP/1.1" status: 200 len: 16975 time: 0.0063717
2026-06-24 19:07:02.679 9 INFO neutron.wsgi [None req-2bd47f45-5f2e-4a73-b1e0-074745dce942 04347245eda14e27afa89c2b5acc50c5 c88e75da84d44f928294c4f3c15b0ad0 - - default default] 10.0.0.198 "GET /v2.0/networks HTTP/1.1" status: 200 len: 1508 time: 0.0703709
2026-06-24 19:07:02.705 10 WARNING neutron.scheduler.dhcp_agent_scheduler [None req-a33dbd1f-9e8e-4208-aadf-af7241bb5860 a8a7de7117fb409b9a502b48744ef2cf f8b25b63beb84fa2ada4f999d2568fdb - - default default] No more DHCP agents
2026-06-24 19:07:02.706 10 WARNING neutron.api.rpc.agentnotifiers.dhcp_rpc_agent_api [None req-a33dbd1f-9e8e-4208-aadf-af7241bb5860 a8a7de7117fb409b9a502b48744ef2cf f8b25b63beb84fa2ada4f999d2568fdb - - default default] Unable to schedule network b888e14b-2314-4695-848d-034ad6a50c19: no agents available; will retry on subsequent port and subnet creation events.
2026-06-24 19:07:02.718 9 INFO neutron.wsgi [None req-d6754fa7-db98-46d2-bb8a-15254239d4f6 04347245eda14e27afa89c2b5acc50c5 c88e75da84d44f928294c4f3c15b0ad0 - - default default] 10.0.0.198 "GET /v2.0/subnets HTTP/1.1" status: 200 len: 1460 time: 0.0331209
2026-06-24 19:07:02.788 9 INFO neutron.wsgi [None req-d05ad259-5295-4992-8cd0-5cf3d9e6ece3 04347245eda14e27afa89c2b5acc50c5 c88e75da84d44f928294c4f3c15b0ad0 - - default default] 10.0.0.198 "GET /v2.0/networks/22fd812f-a9f2-405d-b57b-de78520b1a01 HTTP/1.1" status: 200 len: 867 time: 0.0647652
2026-06-24 19:07:02.825 9 INFO neutron.wsgi [None req-a8db78f8-117f-4d08-ae93-77594a30c4b4 04347245eda14e27afa89c2b5acc50c5 c88e75da84d44f928294c4f3c15b0ad0 - - default default] 10.0.0.198 "GET /v2.0/subnets/02999c26-3dfa-4b91-8453-adaeac1bc005 HTTP/1.1" status: 200 len: 843 time: 0.0319219
2026-06-24 19:07:02.861 9 INFO neutron.pecan_wsgi.hooks.translation [None req-3e1f0a62-25d6-4170-a77c-425fc4fed0a2 04347245eda14e27afa89c2b5acc50c5 c88e75da84d44f928294c4f3c15b0ad0 - - default default] DELETE failed (client error): The resource could not be found.
2026-06-24 19:07:02.863 9 INFO neutron.wsgi [None req-3e1f0a62-25d6-4170-a77c-425fc4fed0a2 04347245eda14e27afa89c2b5acc50c5 c88e75da84d44f928294c4f3c15b0ad0 - - default default] 10.0.0.198 "DELETE /v2.0/subnets/23b642e6-f969-4058-b116-602578f6713b HTTP/1.1" status: 404 len: 337 time: 0.0252531
2026-06-24 19:07:02.881 9 INFO neutron.pecan_wsgi.hooks.translation [None req-c2749b9d-dcaf-4c13-842f-e862f39f95b5 04347245eda14e27afa89c2b5acc50c5 c88e75da84d44f928294c4f3c15b0ad0 - - default default] DELETE failed (client error): The resource could not be found.
2026-06-24 19:07:02.883 9 INFO neutron.wsgi [None req-c2749b9d-dcaf-4c13-842f-e862f39f95b5 04347245eda14e27afa89c2b5acc50c5 c88e75da84d44f928294c4f3c15b0ad0 - - default default] 10.0.0.198 "DELETE /v2.0/networks/abb48e28-c2dd-4de6-8e5d-7d5c909c012e HTTP/1.1" status: 404 len: 339 time: 0.0151007
2026-06-24 19:07:06.784 9 INFO neutron.db.ovn_revision_numbers_db [None req-a93d7c23-903d-4be5-a954-9f933413b3f0 - - - - - -] Successfully bumped revision number for resource af7d09e0-5197-40ad-915b-1d571edb3997 (type: ports) to 2
2026-06-24 19:07:06.787 10 INFO neutron.db.ovn_revision_numbers_db [None req-a33dbd1f-9e8e-4208-aadf-af7241bb5860 a8a7de7117fb409b9a502b48744ef2cf f8b25b63beb84fa2ada4f999d2568fdb - - default default] Successfully bumped revision number for resource af7d09e0-5197-40ad-915b-1d571edb3997 (type: router_ports) to 2
2026-06-24 19:07:06.790 10 INFO neutron.wsgi [None req-a33dbd1f-9e8e-4208-aadf-af7241bb5860 a8a7de7117fb409b9a502b48744ef2cf f8b25b63beb84fa2ada4f999d2568fdb - - default default] 10.0.0.198 "PUT /v2.0/routers/4f56d201-cc5c-469e-b546-e9ef90308462/add_router_interface HTTP/1.1" status: 200 len: 503 time: 6.8719716
2026-06-24 19:07:06.791 10 INFO neutron.db.ovn_revision_numbers_db [None req-dac5d165-a395-4111-8d94-1bdba094dc33 - - - - - -] Successfully bumped revision number for resource 55a308ba-4b52-4318-a160-d0ca174dce7d (type: router_ports) to 4
2026-06-24 19:07:06.848 9 INFO neutron.db.ovn_revision_numbers_db [None req-c4ac68ae-5a62-48a2-bf42-baf48e4d7e89 c3e13f521c0e4cd1b0252902e2e23774 b735f79bb09b420391a85717a94aab63 - - default default] Successfully bumped revision number for resource 3e761448-b92d-4422-b8a2-8a4dd362cc48 (type: security_groups) to 2
2026-06-24 19:07:06.851 9 INFO neutron.wsgi [None req-c4ac68ae-5a62-48a2-bf42-baf48e4d7e89 c3e13f521c0e4cd1b0252902e2e23774 b735f79bb09b420391a85717a94aab63 - - default default] 10.0.0.198 "PUT /v2.0/security-groups/3e761448-b92d-4422-b8a2-8a4dd362cc48 HTTP/1.1" status: 200 len: 1794 time: 4.5259402
2026-06-24 19:07:06.860 9 INFO neutron.wsgi [None req-8884ae10-14a3-45c0-a4b5-5c28cc97e766 04347245eda14e27afa89c2b5acc50c5 c88e75da84d44f928294c4f3c15b0ad0 - - default default] 10.0.0.198 "DELETE /v2.0/subnets/02999c26-3dfa-4b91-8453-adaeac1bc005 HTTP/1.1" status: 204 len: 168 time: 3.9743321
2026-06-24 19:07:06.942 10 INFO neutron.wsgi [None req-e864b4d6-5034-40a3-bc07-60e8d7471300 c3e13f521c0e4cd1b0252902e2e23774 b735f79bb09b420391a85717a94aab63 - - default default] 10.0.0.198 "GET /v2.0/security-groups/3e761448-b92d-4422-b8a2-8a4dd362cc48 HTTP/1.1" status: 200 len: 1794 time: 0.0801752
2026-06-24 19:07:07.011 10 INFO neutron.services.segments.plugin [-] Segment c38d4872-a6b6-4792-b988-d917ca60c71d resource provider aggregate not found
2026-06-24 19:07:07.017 10 INFO neutron.services.segments.plugin [-] Segment c38d4872-a6b6-4792-b988-d917ca60c71d resource provider aggregate not found
2026-06-24 19:07:07.031 10 INFO neutron.services.segments.plugin [-] Segment c38d4872-a6b6-4792-b988-d917ca60c71d resource provider not found; error: Placement Client Error (4xx): {"errors": [{"status": 404, "title": "Not Found", "detail": "The resource could not be found.\n\n No resource provider with uuid c38d4872-a6b6-4792-b988-d917ca60c71d found for delete ", "request_id": "req-27094e87-6542-45cf-90ad-2f30c0bb47b8"}]}
2026-06-24 19:07:07.031 10 INFO neutron.services.segments.plugin [-] Segment c38d4872-a6b6-4792-b988-d917ca60c71d resource provider not found; error: Placement Client Error (4xx): {"errors": [{"status": 404, "title": "Not Found", "detail": "The resource could not be found.\n\n No resource provider with uuid c38d4872-a6b6-4792-b988-d917ca60c71d found for delete ", "request_id": "req-0e26699d-ccfc-47ef-90ab-b8775d378f7d"}]}
2026-06-24 19:07:07.059 10 INFO neutron.wsgi [None req-6de14f47-695d-4214-b02c-ba34aad4e5ae 8b35d5a59803431885a06973170a3bc5 5ffa413e3ea54925ad550891b48f39a7 - - default default] 10.0.0.198 "DELETE /v2.0/networks/c9d93dba-e815-4cbb-955d-243d2d5be332 HTTP/1.1" status: 204 len: 168 time: 5.0144017
2026-06-24 19:07:07.172 9 INFO neutron.wsgi [None req-36152c30-753f-434f-a387-dd6e3a705009 c3e13f521c0e4cd1b0252902e2e23774 b735f79bb09b420391a85717a94aab63 - - default default] 10.0.0.198 "DELETE /v2.0/security-groups/3e761448-b92d-4422-b8a2-8a4dd362cc48 HTTP/1.1" status: 204 len: 168 time: 0.2230532
2026-06-24 19:07:07.222 10 INFO neutron.wsgi [None req-f81de3ba-173d-4501-b4ad-4449e12da0ee c3e13f521c0e4cd1b0252902e2e23774 b735f79bb09b420391a85717a94aab63 - - default default] 10.0.0.198 "GET /v2.0/security-groups HTTP/1.1" status: 200 len: 2996 time: 0.0423176
2026-06-24 19:07:07.241 10 INFO neutron.api.v2.resource [None req-5f3c4080-8a16-4e41-bcb0-509f709fa201 c3e13f521c0e4cd1b0252902e2e23774 b735f79bb09b420391a85717a94aab63 - - default default] delete failed (client error): The resource could not be found.
2026-06-24 19:07:07.242 10 INFO neutron.wsgi [None req-5f3c4080-8a16-4e41-bcb0-509f709fa201 c3e13f521c0e4cd1b0252902e2e23774 b735f79bb09b420391a85717a94aab63 - - default default] 10.0.0.198 "DELETE /v2.0/security-groups/3e761448-b92d-4422-b8a2-8a4dd362cc48 HTTP/1.1" status: 404 len: 347 time: 0.0122590
2026-06-24 19:07:07.254 10 WARNING neutron_lib.context [None req-2fd25a04-1b7b-4d6e-b6e6-5c45949fd355 c3e13f521c0e4cd1b0252902e2e23774 b735f79bb09b420391a85717a94aab63 - - default default] Method 'is_advsvc' is deprecated since 2023.2 release (neutron-lib 3.8.0) and will be removed once support for the old RBAC API policies will be removed from Neutron. Please use method 'is_service_role' instead.
2026-06-24 19:07:07.391 10 INFO neutron.db.ovn_revision_numbers_db [None req-2fd25a04-1b7b-4d6e-b6e6-5c45949fd355 c3e13f521c0e4cd1b0252902e2e23774 b735f79bb09b420391a85717a94aab63 - - default default] Successfully bumped revision number for resource dcd10d0b-2bb2-437c-895e-ededeab9db72 (type: security_groups) to 1
2026-06-24 19:07:07.407 10 INFO neutron.db.ovn_revision_numbers_db [None req-2fd25a04-1b7b-4d6e-b6e6-5c45949fd355 c3e13f521c0e4cd1b0252902e2e23774 b735f79bb09b420391a85717a94aab63 - - default default] Successfully bumped revision number for resource 5079ebc7-e769-47a0-ad5f-d964742c9ed4 (type: security_group_rules) to 0
2026-06-24 19:07:07.410 9 INFO neutron.services.segments.plugin [-] Segment 84037e4b-cdfe-478a-b6f0-b3ccf1aec236 resource provider aggregate not found
2026-06-24 19:07:07.419 10 INFO neutron.db.ovn_revision_numbers_db [None req-2fd25a04-1b7b-4d6e-b6e6-5c45949fd355 c3e13f521c0e4cd1b0252902e2e23774 b735f79bb09b420391a85717a94aab63 - - default default] Successfully bumped revision number for resource 5d3f6850-bb62-4e60-880a-ccbd452bd354 (type: security_group_rules) to 0
2026-06-24 19:07:07.422 9 INFO neutron.services.segments.plugin [-] Segment 84037e4b-cdfe-478a-b6f0-b3ccf1aec236 resource provider aggregate not found
2026-06-24 19:07:07.432 9 INFO neutron.services.segments.plugin [-] Segment 84037e4b-cdfe-478a-b6f0-b3ccf1aec236 resource provider not found; error: Placement Client Error (4xx): {"errors": [{"status": 404, "title": "Not Found", "detail": "The resource could not be found.\n\n No resource provider with uuid 84037e4b-cdfe-478a-b6f0-b3ccf1aec236 found for delete ", "request_id": "req-55b80f07-260f-4b13-aa55-7f7de6f2bbf0"}]}
2026-06-24 19:07:07.441 10 INFO neutron.wsgi [None req-2fd25a04-1b7b-4d6e-b6e6-5c45949fd355 c3e13f521c0e4cd1b0252902e2e23774 b735f79bb09b420391a85717a94aab63 - - default default] 10.0.0.198 "POST /v2.0/security-groups HTTP/1.1" status: 201 len: 1761 time: 0.1928339
2026-06-24 19:07:07.445 9 INFO neutron.services.segments.plugin [-] Segment 84037e4b-cdfe-478a-b6f0-b3ccf1aec236 resource provider not found; error: Placement Client Error (4xx): {"errors": [{"status": 404, "title": "Not Found", "detail": "The resource could not be found.\n\n No resource provider with uuid 84037e4b-cdfe-478a-b6f0-b3ccf1aec236 found for delete ", "request_id": "req-9fb84aa3-820c-4cf8-b922-70067103c544"}]}
2026-06-24 19:07:07.451 10 WARNING neutron_lib.context [None req-33a4f2eb-1b9b-4297-82a2-1c549de93423 c3e13f521c0e4cd1b0252902e2e23774 b735f79bb09b420391a85717a94aab63 - - default default] Method 'is_advsvc' is deprecated since 2023.2 release (neutron-lib 3.8.0) and will be removed once support for the old RBAC API policies will be removed from Neutron. Please use method 'is_service_role' instead.
2026-06-24 19:07:07.477 9 INFO neutron.wsgi [None req-b0d67626-bbb6-4e0a-933e-3f712fd36b66 04347245eda14e27afa89c2b5acc50c5 c88e75da84d44f928294c4f3c15b0ad0 - - default default] 10.0.0.198 "DELETE /v2.0/networks/22fd812f-a9f2-405d-b57b-de78520b1a01 HTTP/1.1" status: 204 len: 168 time: 0.6030512
2026-06-24 19:07:07.544 9 INFO neutron.wsgi [None req-7c04a1dd-3805-4cbd-8c48-da52b449e61a 8b35d5a59803431885a06973170a3bc5 5ffa413e3ea54925ad550891b48f39a7 - - default default] 10.0.0.198 "DELETE /v2.0/networks/72e02e0d-6f56-488c-b8a7-a82bcef774c7 HTTP/1.1" status: 204 len: 168 time: 0.4792695
2026-06-24 19:07:07.580 10 INFO neutron.db.ovn_revision_numbers_db [None req-33a4f2eb-1b9b-4297-82a2-1c549de93423 c3e13f521c0e4cd1b0252902e2e23774 b735f79bb09b420391a85717a94aab63 - - default default] Successfully bumped revision number for resource 0c26d68e-eaf0-4852-b0c8-0a783c6acc5b (type: security_group_rules) to 0
2026-06-24 19:07:07.606 10 INFO neutron.wsgi [None req-33a4f2eb-1b9b-4297-82a2-1c549de93423 c3e13f521c0e4cd1b0252902e2e23774 b735f79bb09b420391a85717a94aab63 - - default default] 10.0.0.198 "POST /v2.0/security-group-rules HTTP/1.1" status: 201 len: 768 time: 0.1599956
2026-06-24 19:07:07.627 10 INFO neutron.wsgi [None req-d39b955f-d3a6-48f1-9631-6f0adfe60308 c3e13f521c0e4cd1b0252902e2e23774 b735f79bb09b420391a85717a94aab63 - - default default] 10.0.0.198 "GET /v2.0/security-group-rules/0c26d68e-eaf0-4852-b0c8-0a783c6acc5b HTTP/1.1" status: 200 len: 763 time: 0.0158820
2026-06-24 19:07:07.681 10 INFO neutron.wsgi [None req-36d3248f-2c76-4a8f-bded-36e9e95deb2f c3e13f521c0e4cd1b0252902e2e23774 b735f79bb09b420391a85717a94aab63 - - default default] 10.0.0.198 "GET /v2.0/security-group-rules HTTP/1.1" status: 200 len: 4113 time: 0.0493293
2026-06-24 19:07:07.784 10 INFO neutron.wsgi [None req-c742842c-5063-40e6-9492-609424ac91b3 c3e13f521c0e4cd1b0252902e2e23774 b735f79bb09b420391a85717a94aab63 - - default default] 10.0.0.198 "DELETE /v2.0/security-group-rules/0c26d68e-eaf0-4852-b0c8-0a783c6acc5b HTTP/1.1" status: 204 len: 168 time: 0.0983160
2026-06-24 19:07:07.826 10 INFO neutron.wsgi [None req-e406a42c-4d0b-4a97-9a45-99bef481d8c6 c3e13f521c0e4cd1b0252902e2e23774 b735f79bb09b420391a85717a94aab63 - - default default] 10.0.0.198 "GET /v2.0/security-group-rules HTTP/1.1" status: 200 len: 3567 time: 0.0359089
2026-06-24 19:07:07.834 10 WARNING neutron_lib.context [None req-0a0f8944-0851-40f4-a0e6-1c8f74d818e2 c3e13f521c0e4cd1b0252902e2e23774 b735f79bb09b420391a85717a94aab63 - - default default] Method 'is_advsvc' is deprecated since 2023.2 release (neutron-lib 3.8.0) and will be removed once support for the old RBAC API policies will be removed from Neutron. Please use method 'is_service_role' instead.
2026-06-24 19:07:07.929 10 INFO neutron.db.ovn_revision_numbers_db [None req-0a0f8944-0851-40f4-a0e6-1c8f74d818e2 c3e13f521c0e4cd1b0252902e2e23774 b735f79bb09b420391a85717a94aab63 - - default default] Successfully bumped revision number for resource 8b695bef-e06c-423e-95db-895af23bfa1a (type: security_group_rules) to 0
2026-06-24 19:07:07.957 10 INFO neutron.wsgi [None req-0a0f8944-0851-40f4-a0e6-1c8f74d818e2 c3e13f521c0e4cd1b0252902e2e23774 b735f79bb09b420391a85717a94aab63 - - default default] 10.0.0.198 "POST /v2.0/security-group-rules HTTP/1.1" status: 201 len: 768 time: 0.1264482
2026-06-24 19:07:07.958 9 INFO neutron.wsgi [req-a410c2fa-f8d4-429c-b26d-75698909f413 req-b2e336b9-bb45-4613-b518-00c629b0f448 1eb4e64a975743719365f2b7f7f6a39f 48bd0829a5914fca996b0594dc6ae4fc - - default default] 10.0.0.47 "GET /v2.0/networks?id=b888e14b-2314-4695-848d-034ad6a50c19 HTTP/1.1" status: 200 len: 876 time: 0.2954264
2026-06-24 19:07:07.976 9 INFO neutron.wsgi [req-a410c2fa-f8d4-429c-b26d-75698909f413 req-69d54267-a1f6-4d06-bf5c-82bd166ad27f 1eb4e64a975743719365f2b7f7f6a39f 48bd0829a5914fca996b0594dc6ae4fc - - default default] 10.0.0.47 "GET /v2.0/quotas/48bd0829a5914fca996b0594dc6ae4fc HTTP/1.1" status: 200 len: 386 time: 0.0107489
2026-06-24 19:07:07.980 10 INFO neutron.wsgi [None req-3a12ff2e-9857-4519-bee4-5e38f29bdd5f c3e13f521c0e4cd1b0252902e2e23774 b735f79bb09b420391a85717a94aab63 - - default default] 10.0.0.198 "GET /v2.0/security-group-rules/8b695bef-e06c-423e-95db-895af23bfa1a HTTP/1.1" status: 200 len: 763 time: 0.0155632
2026-06-24 19:07:08.023 10 INFO neutron.wsgi [None req-bdba3117-6038-4791-8f0e-5fac24fd9897 c3e13f521c0e4cd1b0252902e2e23774 b735f79bb09b420391a85717a94aab63 - - default default] 10.0.0.198 "GET /v2.0/security-group-rules HTTP/1.1" status: 200 len: 4113 time: 0.0384769
2026-06-24 19:07:08.113 9 INFO neutron.wsgi [req-a410c2fa-f8d4-429c-b26d-75698909f413 req-e3c6a498-197f-4051-ba47-f1dbf51be591 1eb4e64a975743719365f2b7f7f6a39f 48bd0829a5914fca996b0594dc6ae4fc - - default default] 10.0.0.47 "GET /v2.0/ports?tenant_id=48bd0829a5914fca996b0594dc6ae4fc&fields=id HTTP/1.1" status: 200 len: 302 time: 0.1309047
2026-06-24 19:07:08.132 10 INFO neutron.wsgi [None req-61a1681d-36be-4805-b1e4-c9d87cdd8b65 c3e13f521c0e4cd1b0252902e2e23774 b735f79bb09b420391a85717a94aab63 - - default default] 10.0.0.198 "DELETE /v2.0/security-group-rules/8b695bef-e06c-423e-95db-895af23bfa1a HTTP/1.1" status: 204 len: 168 time: 0.1024034
2026-06-24 19:07:08.166 10 INFO neutron.wsgi [None req-8a26343c-d3bb-4869-91ea-f89f732fd87e a8a7de7117fb409b9a502b48744ef2cf f8b25b63beb84fa2ada4f999d2568fdb - - default default] 10.0.0.198 "GET /v2.0/security-groups?tenant_id=c88e75da84d44f928294c4f3c15b0ad0&name=default HTTP/1.1" status: 200 len: 2996 time: 0.1542099
2026-06-24 19:07:08.174 10 INFO neutron.wsgi [None req-880647d3-4326-453f-a1b6-88162104bc31 c3e13f521c0e4cd1b0252902e2e23774 b735f79bb09b420391a85717a94aab63 - - default default] 10.0.0.198 "GET /v2.0/security-group-rules HTTP/1.1" status: 200 len: 3567 time: 0.0378346
2026-06-24 19:07:08.187 9 WARNING neutron_lib.context [None req-185904c7-4a43-4f79-bd14-32d1c4497229 c3e13f521c0e4cd1b0252902e2e23774 b735f79bb09b420391a85717a94aab63 - - default default] Method 'is_advsvc' is deprecated since 2023.2 release (neutron-lib 3.8.0) and will be removed once support for the old RBAC API policies will be removed from Neutron. Please use method 'is_service_role' instead.
2026-06-24 19:07:08.211 9 INFO neutron.wsgi [req-a410c2fa-f8d4-429c-b26d-75698909f413 req-247f2a78-e9e9-4a11-b7f2-028da6e53e30 1bfd51debc0243bfa47e134af339e843 72443ec725ae45abb6554219dff3cf98 - - 96f39892b42c4814a72e6e54be96ca4d 96f39892b42c4814a72e6e54be96ca4d] 10.0.0.47 "GET /v2.0/networks/b888e14b-2314-4695-848d-034ad6a50c19?fields=segments HTTP/1.1" status: 200 len: 212 time: 0.0873446
2026-06-24 19:07:08.239 9 INFO neutron.wsgi [None req-fa4bd7d4-05b6-4c04-8288-d07f4cdde2d3 8b35d5a59803431885a06973170a3bc5 5ffa413e3ea54925ad550891b48f39a7 - - default default] 10.0.0.198 "DELETE /v2.0/networks/1c63c2d2-99b9-4a63-b044-debe3917e135 HTTP/1.1" status: 204 len: 168 time: 0.6901131
2026-06-24 19:07:08.298 9 INFO neutron.wsgi [req-a410c2fa-f8d4-429c-b26d-75698909f413 req-f0e8c207-f8f2-4305-9920-d7ab5e3b6a1e 1bfd51debc0243bfa47e134af339e843 72443ec725ae45abb6554219dff3cf98 - - 96f39892b42c4814a72e6e54be96ca4d 96f39892b42c4814a72e6e54be96ca4d] 10.0.0.47 "GET /v2.0/networks/b888e14b-2314-4695-848d-034ad6a50c19?fields=provider%3Aphysical_network&fields=provider%3Anetwork_type HTTP/1.1" status: 200 len: 277 time: 0.0769556
2026-06-24 19:07:09.454 9 INFO neutron.services.segments.plugin [-] Segment 185f5406-f695-4b48-b935-3b8aa12d9eaf resource provider aggregate not found
2026-06-24 19:07:09.465 9 INFO neutron.services.segments.plugin [-] Segment 185f5406-f695-4b48-b935-3b8aa12d9eaf resource provider aggregate not found
2026-06-24 19:07:09.469 9 INFO neutron.services.segments.plugin [-] Segment 185f5406-f695-4b48-b935-3b8aa12d9eaf resource provider not found; error: Placement Client Error (4xx): {"errors": [{"status": 404, "title": "Not Found", "detail": "The resource could not be found.\n\n No resource provider with uuid 185f5406-f695-4b48-b935-3b8aa12d9eaf found for delete ", "request_id": "req-0560222e-601a-4c9e-a73c-703625907de8"}]}
2026-06-24 19:07:09.485 9 INFO neutron.services.segments.plugin [-] Segment 185f5406-f695-4b48-b935-3b8aa12d9eaf resource provider not found; error: Placement Client Error (4xx): {"errors": [{"status": 404, "title": "Not Found", "detail": "The resource could not be found.\n\n No resource provider with uuid 185f5406-f695-4b48-b935-3b8aa12d9eaf found for delete ", "request_id": "req-515b8aeb-1321-4d7e-8665-2dbabd6c77fd"}]}
2026-06-24 19:07:09.490 9 INFO neutron.services.segments.plugin [-] Segment 476d0470-fb8f-44c4-836d-b7a9f19d4056 resource provider aggregate not found
2026-06-24 19:07:09.505 9 INFO neutron.services.segments.plugin [-] Segment 476d0470-fb8f-44c4-836d-b7a9f19d4056 resource provider not found; error: Placement Client Error (4xx): {"errors": [{"status": 404, "title": "Not Found", "detail": "The resource could not be found.\n\n No resource provider with uuid 476d0470-fb8f-44c4-836d-b7a9f19d4056 found for delete ", "request_id": "req-5bbe6582-f1e0-4007-b178-9ae82a8f9da3"}]}
2026-06-24 19:07:09.507 9 INFO neutron.services.segments.plugin [-] Segment 476d0470-fb8f-44c4-836d-b7a9f19d4056 resource provider aggregate not found
2026-06-24 19:07:09.524 9 INFO neutron.services.segments.plugin [-] Segment 476d0470-fb8f-44c4-836d-b7a9f19d4056 resource provider not found; error: Placement Client Error (4xx): {"errors": [{"status": 404, "title": "Not Found", "detail": "The resource could not be found.\n\n No resource provider with uuid 476d0470-fb8f-44c4-836d-b7a9f19d4056 found for delete ", "request_id": "req-4d47fe70-aa9d-45a3-b678-5d9e3db5caf4"}]}
2026-06-24 19:07:12.402 9 WARNING neutron.plugins.ml2.drivers.ovn.mech_driver.ovsdb.ovn_client [None req-a93d7c23-903d-4be5-a954-9f933413b3f0 - - - - - -] No hosting information found for port af7d09e0-5197-40ad-915b-1d571edb3997: RuntimeError: No hosting information found for port af7d09e0-5197-40ad-915b-1d571edb3997
2026-06-24 19:07:13.378 9 INFO neutron.db.ovn_revision_numbers_db [None req-185904c7-4a43-4f79-bd14-32d1c4497229 c3e13f521c0e4cd1b0252902e2e23774 b735f79bb09b420391a85717a94aab63 - - default default] Successfully bumped revision number for resource ae33351e-70ba-4477-9f93-7875249e3630 (type: security_group_rules) to 0
2026-06-24 19:07:13.434 9 INFO neutron.wsgi [None req-185904c7-4a43-4f79-bd14-32d1c4497229 c3e13f521c0e4cd1b0252902e2e23774 b735f79bb09b420391a85717a94aab63 - - default default] 10.0.0.198 "POST /v2.0/security-group-rules HTTP/1.1" status: 201 len: 769 time: 5.2533274
2026-06-24 19:07:13.476 10 INFO neutron.wsgi [None req-7e810528-dcb9-4d92-8b0c-8c5e09584496 a8a7de7117fb409b9a502b48744ef2cf f8b25b63beb84fa2ada4f999d2568fdb - - default default] 10.0.0.198 "DELETE /v2.0/security-groups/826c34f4-2212-4672-bc5d-351184cfe074 HTTP/1.1" status: 204 len: 168 time: 5.3005824
2026-06-24 19:07:13.479 9 INFO neutron.wsgi [req-7271d0d6-2103-4a70-9db3-471c341a592c req-19f357e9-06fc-4c05-8cc3-9aac1ffe3ef1 1eb4e64a975743719365f2b7f7f6a39f 48bd0829a5914fca996b0594dc6ae4fc - - default default] 10.0.0.47 "GET /v2.0/ports?device_id=e1eb8472-4507-4e11-a3c2-cbf8f5175045 HTTP/1.1" status: 200 len: 210 time: 0.0274484
2026-06-24 19:07:13.496 9 INFO neutron.wsgi [None req-d35e94aa-1099-47be-8d66-249e2cbaef34 c3e13f521c0e4cd1b0252902e2e23774 b735f79bb09b420391a85717a94aab63 - - default default] 10.0.0.198 "GET /v2.0/security-group-rules/ae33351e-70ba-4477-9f93-7875249e3630 HTTP/1.1" status: 200 len: 764 time: 0.0509620
2026-06-24 19:07:13.545 10 INFO neutron.services.segments.plugin [-] Segment c894a9d8-65df-44f4-86e5-f2526dde90fd resource provider aggregate not found
2026-06-24 19:07:13.551 10 INFO neutron.services.segments.plugin [-] Segment c894a9d8-65df-44f4-86e5-f2526dde90fd resource provider aggregate not found
2026-06-24 19:07:13.557 9 INFO neutron.wsgi [None req-654e22bd-8cb4-438c-afc7-52e0e8663118 c3e13f521c0e4cd1b0252902e2e23774 b735f79bb09b420391a85717a94aab63 - - default default] 10.0.0.198 "GET /v2.0/security-group-rules HTTP/1.1" status: 200 len: 4114 time: 0.0523818
2026-06-24 19:07:13.586 10 INFO neutron.wsgi [None req-b67ad497-aa42-4cd4-bfd3-5a74ff7e5959 8b35d5a59803431885a06973170a3bc5 5ffa413e3ea54925ad550891b48f39a7 - - default default] 10.0.0.198 "DELETE /v2.0/networks/40870098-c644-44fa-9bbd-cadaedd2293d HTTP/1.1" status: 204 len: 168 time: 5.3397045
2026-06-24 19:07:13.588 10 INFO neutron.services.segments.plugin [-] Segment c894a9d8-65df-44f4-86e5-f2526dde90fd resource provider not found; error: Placement Client Error (4xx): {"errors": [{"status": 404, "title": "Not Found", "detail": "The resource could not be found.\n\n No resource provider with uuid c894a9d8-65df-44f4-86e5-f2526dde90fd found for delete ", "request_id": "req-e79a088d-2992-4ece-8256-881bc98ac57b"}]}
2026-06-24 19:07:13.594 10 INFO neutron.services.segments.plugin [-] Segment c894a9d8-65df-44f4-86e5-f2526dde90fd resource provider not found; error: Placement Client Error (4xx): {"errors": [{"status": 404, "title": "Not Found", "detail": "The resource could not be found.\n\n No resource provider with uuid c894a9d8-65df-44f4-86e5-f2526dde90fd found for delete ", "request_id": "req-aca25dee-7a17-4a9b-9cc2-5669fd218484"}]}
2026-06-24 19:07:13.866 9 INFO neutron.wsgi [None req-56a6712c-83e2-45b9-b3b5-02f31b11af68 c3e13f521c0e4cd1b0252902e2e23774 b735f79bb09b420391a85717a94aab63 - - default default] 10.0.0.198 "DELETE /v2.0/security-group-rules/ae33351e-70ba-4477-9f93-7875249e3630 HTTP/1.1" status: 204 len: 168 time: 0.3054624
2026-06-24 19:07:13.905 9 INFO neutron.wsgi [None req-97f23929-9629-42ab-a43a-36f931c52cc5 c3e13f521c0e4cd1b0252902e2e23774 b735f79bb09b420391a85717a94aab63 - - default default] 10.0.0.198 "GET /v2.0/security-group-rules HTTP/1.1" status: 200 len: 3567 time: 0.0348165
2026-06-24 19:07:14.556 9 INFO neutron.wsgi [req-5c0c8e55-b740-4e83-b0cc-9afda04a7cbd req-d7d15279-c2de-4095-9a39-f93c3ee594aa 1eb4e64a975743719365f2b7f7f6a39f 48bd0829a5914fca996b0594dc6ae4fc - - default default] 10.0.0.47 "GET /v2.0/ports?device_id=e1eb8472-4507-4e11-a3c2-cbf8f5175045 HTTP/1.1" status: 200 len: 210 time: 0.0242121
2026-06-24 19:07:15.141 9 INFO neutron.wsgi [-] 10.0.0.145 "GET / HTTP/1.1" status: 200 len: 247 time: 0.0025370
2026-06-24 19:07:15.148 9 INFO neutron.wsgi [-] 10.0.0.145 "GET / HTTP/1.1" status: 200 len: 247 time: 0.0031872
2026-06-24 19:07:15.630 9 INFO neutron.wsgi [req-3ecf28a9-1b47-4708-8504-b9402e56d5a5 req-bdd092d5-e19c-4f9b-aadb-44e28dcf5731 1eb4e64a975743719365f2b7f7f6a39f 48bd0829a5914fca996b0594dc6ae4fc - - default default] 10.0.0.47 "GET /v2.0/ports?device_id=e1eb8472-4507-4e11-a3c2-cbf8f5175045 HTTP/1.1" status: 200 len: 210 time: 0.0247998
2026-06-24 19:07:16.705 9 INFO neutron.wsgi [req-d758040e-64c2-48f6-a9ac-e4e651e4f7b1 req-af390070-e8c3-4211-a637-9eb3370ecbf3 1eb4e64a975743719365f2b7f7f6a39f 48bd0829a5914fca996b0594dc6ae4fc - - default default] 10.0.0.47 "GET /v2.0/ports?device_id=e1eb8472-4507-4e11-a3c2-cbf8f5175045 HTTP/1.1" status: 200 len: 210 time: 0.0251033
2026-06-24 19:07:17.776 9 INFO neutron.wsgi [req-ed53c48a-be0b-4599-9578-d94a7f660a21 req-45faeba1-ab06-42d2-970e-0df055b93451 1eb4e64a975743719365f2b7f7f6a39f 48bd0829a5914fca996b0594dc6ae4fc - - default default] 10.0.0.47 "GET /v2.0/ports?device_id=e1eb8472-4507-4e11-a3c2-cbf8f5175045 HTTP/1.1" status: 200 len: 210 time: 0.0233147
2026-06-24 19:07:18.242 9 INFO neutron.wsgi [None req-5c5aec7b-e52e-4807-be1a-028899532ed5 c3e13f521c0e4cd1b0252902e2e23774 b735f79bb09b420391a85717a94aab63 - - default default] 10.0.0.198 "DELETE /v2.0/security-groups/dcd10d0b-2bb2-437c-895e-ededeab9db72 HTTP/1.1" status: 204 len: 168 time: 4.3325529
