2026-06-24 19:08:22.897 10 WARNING neutron_lib.context [None req-7d2b2d87-9651-4510-b95b-929738754443 811c856ed1794e5b9c15dcc6ed928c59 9429aa6017754d31b51212ea65944003 - - default default] Method 'is_advsvc' is deprecated since 2023.2 release (neutron-lib 3.8.0) and will be removed once support for the old RBAC API policies will be removed from Neutron. Please use method 'is_service_role' instead.
2026-06-24 19:08:23.117 10 WARNING neutron.scheduler.dhcp_agent_scheduler [None req-7d2b2d87-9651-4510-b95b-929738754443 811c856ed1794e5b9c15dcc6ed928c59 9429aa6017754d31b51212ea65944003 - - default default] No more DHCP agents
2026-06-24 19:08:23.119 10 WARNING neutron.api.rpc.agentnotifiers.dhcp_rpc_agent_api [None req-7d2b2d87-9651-4510-b95b-929738754443 811c856ed1794e5b9c15dcc6ed928c59 9429aa6017754d31b51212ea65944003 - - default default] Unable to schedule network 923e99b9-82d8-4451-a163-5027aa04c02e: no agents available; will retry on subsequent port and subnet creation events.
2026-06-24 19:08:23.215 10 INFO neutron.db.ovn_revision_numbers_db [None req-7d2b2d87-9651-4510-b95b-929738754443 811c856ed1794e5b9c15dcc6ed928c59 9429aa6017754d31b51212ea65944003 - - default default] Successfully bumped revision number for resource 967eaf58-4035-47ab-83a9-6ff0987c72a4 (type: ports) to 1
2026-06-24 19:08:23.242 10 INFO neutron.wsgi [None req-7d2b2d87-9651-4510-b95b-929738754443 811c856ed1794e5b9c15dcc6ed928c59 9429aa6017754d31b51212ea65944003 - - default default] 10.0.0.198 "POST /v2.0/ports HTTP/1.1" status: 201 len: 942 time: 0.3491857 /var/lib/openstack/lib/python3.10/site-packages/pycadf/identifier.py:71: UserWarning: Invalid uuid: neutron. To ensure interoperability, identifiers should be a valid uuid. warnings.warn(('Invalid uuid: %s. To ensure interoperability, '
2026-06-24 19:08:23.254 10 WARNING neutron_lib.context [None req-414e90b9-7eb7-44e4-8240-040bd1a5b315 811c856ed1794e5b9c15dcc6ed928c59 9429aa6017754d31b51212ea65944003 - - default default] Method 'is_advsvc' is deprecated since 2023.2 release (neutron-lib 3.8.0) and will be removed once support for the old RBAC API policies will be removed from Neutron. Please use method 'is_service_role' instead.
2026-06-24 19:08:23.341 10 INFO neutron.db.segments_db [None req-414e90b9-7eb7-44e4-8240-040bd1a5b315 811c856ed1794e5b9c15dcc6ed928c59 9429aa6017754d31b51212ea65944003 - - default default] Added segment 0a2675b9-d1d1-4504-81e2-a988e31f33dc of type geneve for network aeb34373-72b1-491a-91da-354cdec7ff2c
2026-06-24 19:08:23.465 10 INFO neutron.db.ovn_revision_numbers_db [None req-414e90b9-7eb7-44e4-8240-040bd1a5b315 811c856ed1794e5b9c15dcc6ed928c59 9429aa6017754d31b51212ea65944003 - - default default] Successfully bumped revision number for resource aeb34373-72b1-491a-91da-354cdec7ff2c (type: networks) to 1
2026-06-24 19:08:23.606 10 WARNING neutron.scheduler.dhcp_agent_scheduler [None req-414e90b9-7eb7-44e4-8240-040bd1a5b315 811c856ed1794e5b9c15dcc6ed928c59 9429aa6017754d31b51212ea65944003 - - default default] No more DHCP agents
2026-06-24 19:08:23.607 10 WARNING neutron.api.rpc.agentnotifiers.dhcp_rpc_agent_api [None req-414e90b9-7eb7-44e4-8240-040bd1a5b315 811c856ed1794e5b9c15dcc6ed928c59 9429aa6017754d31b51212ea65944003 - - default default] Unable to schedule network aeb34373-72b1-491a-91da-354cdec7ff2c: no agents available; will retry on subsequent port and subnet creation events.
2026-06-24 19:08:23.678 10 INFO neutron.db.ovn_revision_numbers_db [None req-414e90b9-7eb7-44e4-8240-040bd1a5b315 811c856ed1794e5b9c15dcc6ed928c59 9429aa6017754d31b51212ea65944003 - - default default] Successfully bumped revision number for resource 830f2099-c5d3-43f2-bf62-c27b99e44bcd (type: ports) to 1
2026-06-24 19:08:23.695 10 INFO neutron.wsgi [None req-414e90b9-7eb7-44e4-8240-040bd1a5b315 811c856ed1794e5b9c15dcc6ed928c59 9429aa6017754d31b51212ea65944003 - - default default] 10.0.0.198 "POST /v2.0/networks HTTP/1.1" status: 201 len: 831 time: 0.4465332
2026-06-24 19:08:23.702 10 WARNING neutron_lib.context [None req-efc72d82-211b-440d-af97-e6fac602273e 811c856ed1794e5b9c15dcc6ed928c59 9429aa6017754d31b51212ea65944003 - - default default] Method 'is_advsvc' is deprecated since 2023.2 release (neutron-lib 3.8.0) and will be removed once support for the old RBAC API policies will be removed from Neutron. Please use method 'is_service_role' instead.
2026-06-24 19:08:23.902 10 WARNING neutron.scheduler.dhcp_agent_scheduler [None req-efc72d82-211b-440d-af97-e6fac602273e 811c856ed1794e5b9c15dcc6ed928c59 9429aa6017754d31b51212ea65944003 - - default default] No more DHCP agents
2026-06-24 19:08:23.904 10 WARNING neutron.api.rpc.agentnotifiers.dhcp_rpc_agent_api [None req-efc72d82-211b-440d-af97-e6fac602273e 811c856ed1794e5b9c15dcc6ed928c59 9429aa6017754d31b51212ea65944003 - - default default] Unable to schedule network aeb34373-72b1-491a-91da-354cdec7ff2c: no agents available; will retry on subsequent port and subnet creation events.
2026-06-24 19:08:24.005 10 INFO neutron.db.ovn_revision_numbers_db [None req-efc72d82-211b-440d-af97-e6fac602273e 811c856ed1794e5b9c15dcc6ed928c59 9429aa6017754d31b51212ea65944003 - - default default] Successfully bumped revision number for resource d798bbe8-08f4-47a6-8844-792c19f7d4dc (type: ports) to 1
2026-06-24 19:08:24.029 10 INFO neutron.wsgi [None req-efc72d82-211b-440d-af97-e6fac602273e 811c856ed1794e5b9c15dcc6ed928c59 9429aa6017754d31b51212ea65944003 - - default default] 10.0.0.198 "POST /v2.0/ports HTTP/1.1" status: 201 len: 942 time: 0.3303387 /var/lib/openstack/lib/python3.10/site-packages/pycadf/identifier.py:71: UserWarning: Invalid uuid: neutron. To ensure interoperability, identifiers should be a valid uuid. warnings.warn(('Invalid uuid: %s. To ensure interoperability, '
2026-06-24 19:08:24.087 10 INFO neutron.wsgi [None req-4425c043-85b7-447a-9323-e0d61c4aa7bc 811c856ed1794e5b9c15dcc6ed928c59 9429aa6017754d31b51212ea65944003 - - default default] 10.0.0.198 "PUT /v2.0/ports/66d9ec1b-f291-4411-ab02-b5af94eef7ec/tags HTTP/1.1" status: 200 len: 210 time: 0.0527222
2026-06-24 19:08:24.106 10 WARNING neutron.plugins.ml2.drivers.ovn.mech_driver.ovsdb.ovn_client [None req-884a0f8c-2aa1-46d4-bfa7-65445e42ffaf - - - - - -] No port found with ID 763166be-3f7c-43ad-a85c-bb4a014ff516: RuntimeError: No port found with ID 763166be-3f7c-43ad-a85c-bb4a014ff516
2026-06-24 19:08:24.139 9 INFO neutron.wsgi [None req-66f4da54-b422-419c-928f-f8b5ef42baae 811c856ed1794e5b9c15dcc6ed928c59 9429aa6017754d31b51212ea65944003 - - default default] 10.0.0.198 "PUT /v2.0/ports/fa390170-572d-49d2-854c-0ba9fe4d41a9/tags HTTP/1.1" status: 200 len: 218 time: 0.0493615
2026-06-24 19:08:24.192 9 INFO neutron.wsgi [None req-7b110cd7-c2dc-4bec-b455-44af1ae8f0c3 811c856ed1794e5b9c15dcc6ed928c59 9429aa6017754d31b51212ea65944003 - - default default] 10.0.0.198 "PUT /v2.0/ports/adc2b97c-c827-4e66-b7bd-74f06a570929/tags HTTP/1.1" status: 200 len: 227 time: 0.0475819
2026-06-24 19:08:24.257 9 WARNING neutron_lib.context [None req-abf1662c-50f0-45ce-8e46-823f1a86aaf9 dc4951b641a24b2fb8fbc7ea32ab001a 06687028aec843ecba24915c9139025e - - default default] Method 'is_advsvc' is deprecated since 2023.2 release (neutron-lib 3.8.0) and will be removed once support for the old RBAC API policies will be removed from Neutron. Please use method 'is_service_role' instead.
2026-06-24 19:08:24.262 9 INFO neutron.wsgi [None req-b1f5e87b-af77-4779-affb-2c14c516524d 811c856ed1794e5b9c15dcc6ed928c59 9429aa6017754d31b51212ea65944003 - - default default] 10.0.0.198 "PUT /v2.0/ports/967eaf58-4035-47ab-83a9-6ff0987c72a4/tags HTTP/1.1" status: 200 len: 212 time: 0.0661120
2026-06-24 19:08:24.392 9 INFO neutron.db.ovn_revision_numbers_db [None req-abf1662c-50f0-45ce-8e46-823f1a86aaf9 dc4951b641a24b2fb8fbc7ea32ab001a 06687028aec843ecba24915c9139025e - - default default] Successfully bumped revision number for resource 4eb742de-3410-48a2-ade0-9620d7ebee44 (type: security_groups) to 1
2026-06-24 19:08:24.404 9 INFO neutron.db.ovn_revision_numbers_db [None req-abf1662c-50f0-45ce-8e46-823f1a86aaf9 dc4951b641a24b2fb8fbc7ea32ab001a 06687028aec843ecba24915c9139025e - - default default] Successfully bumped revision number for resource 6ff88d1f-f0fd-4c3a-8143-c54effb69b17 (type: security_group_rules) to 0
2026-06-24 19:08:24.416 9 INFO neutron.db.ovn_revision_numbers_db [None req-abf1662c-50f0-45ce-8e46-823f1a86aaf9 dc4951b641a24b2fb8fbc7ea32ab001a 06687028aec843ecba24915c9139025e - - default default] Successfully bumped revision number for resource 8e281926-23f5-42b4-a0fd-f1cc24b56c1c (type: security_group_rules) to 0
2026-06-24 19:08:24.431 9 INFO neutron.db.ovn_revision_numbers_db [None req-abf1662c-50f0-45ce-8e46-823f1a86aaf9 dc4951b641a24b2fb8fbc7ea32ab001a 06687028aec843ecba24915c9139025e - - default default] Successfully bumped revision number for resource a1406535-b1bd-46e3-b5f2-712b36b7fde7 (type: security_group_rules) to 0
2026-06-24 19:08:24.444 9 INFO neutron.db.ovn_revision_numbers_db [None req-abf1662c-50f0-45ce-8e46-823f1a86aaf9 dc4951b641a24b2fb8fbc7ea32ab001a 06687028aec843ecba24915c9139025e - - default default] Successfully bumped revision number for resource e73a40ea-714e-4096-9f10-ce3e87e476b9 (type: security_group_rules) to 0
2026-06-24 19:08:24.447 10 INFO neutron.wsgi [None req-0a0bef9a-4f68-4c41-997d-12446b411a87 811c856ed1794e5b9c15dcc6ed928c59 9429aa6017754d31b51212ea65944003 - - default default] 10.0.0.198 "GET /v2.0/ports?tags=red HTTP/1.1" status: 200 len: 2448 time: 0.1750746
2026-06-24 19:08:24.494 9 INFO neutron.db.segments_db [None req-abf1662c-50f0-45ce-8e46-823f1a86aaf9 dc4951b641a24b2fb8fbc7ea32ab001a 06687028aec843ecba24915c9139025e - - default default] Added segment a57f96db-2d45-43b8-9b8a-7e45411b761f of type geneve for network a44eaf91-212d-4efa-967c-f42166b932c0
2026-06-24 19:08:24.512 10 INFO neutron.wsgi [None req-807ec637-826a-4e82-b792-b670c3e47578 811c856ed1794e5b9c15dcc6ed928c59 9429aa6017754d31b51212ea65944003 - - default default] 10.0.0.198 "GET /v2.0/ports?tags=red%2Cblue HTTP/1.1" status: 200 len: 1708 time: 0.0598974
2026-06-24 19:08:24.569 10 INFO neutron.wsgi [None req-2b9a0736-4559-462e-8156-b7a9667f449d 811c856ed1794e5b9c15dcc6ed928c59 9429aa6017754d31b51212ea65944003 - - default default] 10.0.0.198 "GET /v2.0/ports?tags-any=blue HTTP/1.1" status: 200 len: 1708 time: 0.0527470
2026-06-24 19:08:24.616 9 INFO neutron.db.ovn_revision_numbers_db [None req-abf1662c-50f0-45ce-8e46-823f1a86aaf9 dc4951b641a24b2fb8fbc7ea32ab001a 06687028aec843ecba24915c9139025e - - default default] Successfully bumped revision number for resource a44eaf91-212d-4efa-967c-f42166b932c0 (type: networks) to 1
2026-06-24 19:08:24.630 10 INFO neutron.wsgi [None req-720f817b-a19d-4f14-b90f-7a720796d303 811c856ed1794e5b9c15dcc6ed928c59 9429aa6017754d31b51212ea65944003 - - default default] 10.0.0.198 "GET /v2.0/ports?tags-any=red%2Cblue HTTP/1.1" status: 200 len: 2448 time: 0.0531752
2026-06-24 19:08:24.872 9 WARNING neutron.scheduler.dhcp_agent_scheduler [None req-abf1662c-50f0-45ce-8e46-823f1a86aaf9 dc4951b641a24b2fb8fbc7ea32ab001a 06687028aec843ecba24915c9139025e - - default default] No more DHCP agents
2026-06-24 19:08:24.877 9 WARNING neutron.api.rpc.agentnotifiers.dhcp_rpc_agent_api [None req-abf1662c-50f0-45ce-8e46-823f1a86aaf9 dc4951b641a24b2fb8fbc7ea32ab001a 06687028aec843ecba24915c9139025e - - default default] Unable to schedule network a44eaf91-212d-4efa-967c-f42166b932c0: no agents available; will retry on subsequent port and subnet creation events.
2026-06-24 19:08:24.989 9 INFO neutron.wsgi [None req-43f5352e-96cd-491c-9b28-026285a8863a 811c856ed1794e5b9c15dcc6ed928c59 9429aa6017754d31b51212ea65944003 - - default default] 10.0.0.198 "GET /v2.0/ports?not-tags=red HTTP/1.1" status: 200 len: 5463 time: 0.3532443
2026-06-24 19:08:25.002 9 INFO neutron.db.ovn_revision_numbers_db [None req-abf1662c-50f0-45ce-8e46-823f1a86aaf9 dc4951b641a24b2fb8fbc7ea32ab001a 06687028aec843ecba24915c9139025e - - default default] Successfully bumped revision number for resource 3b9532af-7e2e-457a-ba57-2c768c8a902f (type: ports) to 1
2026-06-24 19:08:25.025 9 INFO neutron.wsgi [None req-abf1662c-50f0-45ce-8e46-823f1a86aaf9 dc4951b641a24b2fb8fbc7ea32ab001a 06687028aec843ecba24915c9139025e - - default default] 10.0.0.198 "POST /v2.0/networks HTTP/1.1" status: 201 len: 828 time: 0.9440267
2026-06-24 19:08:25.043 9 WARNING neutron_lib.context [None req-3665dd63-e5bd-43a3-9667-e0bf75a833cf dc4951b641a24b2fb8fbc7ea32ab001a 06687028aec843ecba24915c9139025e - - default default] Method 'is_advsvc' is deprecated since 2023.2 release (neutron-lib 3.8.0) and will be removed once support for the old RBAC API policies will be removed from Neutron. Please use method 'is_service_role' instead.
2026-06-24 19:08:25.123 9 INFO neutron.db.segments_db [None req-3665dd63-e5bd-43a3-9667-e0bf75a833cf dc4951b641a24b2fb8fbc7ea32ab001a 06687028aec843ecba24915c9139025e - - default default] Added segment 9931acb0-1684-47a0-993b-48d45475d5a0 of type geneve for network 03e0754b-9f81-499e-9992-328fb558ba42
2026-06-24 19:08:25.176 10 INFO neutron.wsgi [None req-d8d1f185-7d27-43f2-88a5-a1ceeeedec25 811c856ed1794e5b9c15dcc6ed928c59 9429aa6017754d31b51212ea65944003 - - default default] 10.0.0.198 "GET /v2.0/ports?not-tags=red%2Cblue HTTP/1.1" status: 200 len: 6203 time: 0.1812279
2026-06-24 19:08:25.275 10 INFO neutron.wsgi [None req-ee45b5d7-f4d9-4d44-9d59-a2c174ff5f80 811c856ed1794e5b9c15dcc6ed928c59 9429aa6017754d31b51212ea65944003 - - default default] 10.0.0.198 "GET /v2.0/ports?not-tags-any=blue HTTP/1.1" status: 200 len: 6203 time: 0.0925689
2026-06-24 19:08:25.321 9 INFO neutron.db.ovn_revision_numbers_db [None req-3665dd63-e5bd-43a3-9667-e0bf75a833cf dc4951b641a24b2fb8fbc7ea32ab001a 06687028aec843ecba24915c9139025e - - default default] Successfully bumped revision number for resource 03e0754b-9f81-499e-9992-328fb558ba42 (type: networks) to 1
2026-06-24 19:08:25.348 10 INFO neutron.wsgi [None req-b80cad66-5322-41f3-92d6-615b6fe9e946 811c856ed1794e5b9c15dcc6ed928c59 9429aa6017754d31b51212ea65944003 - - default default] 10.0.0.198 "GET /v2.0/ports?not-tags-any=red%2Cblue HTTP/1.1" status: 200 len: 5463 time: 0.0671580
2026-06-24 19:08:25.495 9 WARNING neutron.scheduler.dhcp_agent_scheduler [None req-3665dd63-e5bd-43a3-9667-e0bf75a833cf dc4951b641a24b2fb8fbc7ea32ab001a 06687028aec843ecba24915c9139025e - - default default] No more DHCP agents
2026-06-24 19:08:25.498 9 WARNING neutron.api.rpc.agentnotifiers.dhcp_rpc_agent_api [None req-3665dd63-e5bd-43a3-9667-e0bf75a833cf dc4951b641a24b2fb8fbc7ea32ab001a 06687028aec843ecba24915c9139025e - - default default] Unable to schedule network 03e0754b-9f81-499e-9992-328fb558ba42: no agents available; will retry on subsequent port and subnet creation events.
2026-06-24 19:08:25.584 9 INFO neutron.db.ovn_revision_numbers_db [None req-3665dd63-e5bd-43a3-9667-e0bf75a833cf dc4951b641a24b2fb8fbc7ea32ab001a 06687028aec843ecba24915c9139025e - - default default] Successfully bumped revision number for resource d6f92d5d-97fb-4402-bc6d-9b5602027f6a (type: ports) to 1
2026-06-24 19:08:25.590 10 INFO neutron.wsgi [None req-11d50a69-f788-4841-a2f2-3e4d87f3d7ee 811c856ed1794e5b9c15dcc6ed928c59 9429aa6017754d31b51212ea65944003 - - default default] 10.0.0.198 "DELETE /v2.0/ports/66d9ec1b-f291-4411-ab02-b5af94eef7ec HTTP/1.1" status: 204 len: 168 time: 0.2362289
2026-06-24 19:08:25.625 9 INFO neutron.wsgi [None req-3665dd63-e5bd-43a3-9667-e0bf75a833cf dc4951b641a24b2fb8fbc7ea32ab001a 06687028aec843ecba24915c9139025e - - default default] 10.0.0.198 "POST /v2.0/networks HTTP/1.1" status: 201 len: 829 time: 0.5948536
2026-06-24 19:08:25.634 10 WARNING neutron_lib.context [None req-ec5231e7-f8bd-4e87-95a6-5788ebfeb642 dc4951b641a24b2fb8fbc7ea32ab001a 06687028aec843ecba24915c9139025e - - default default] Method 'is_advsvc' is deprecated since 2023.2 release (neutron-lib 3.8.0) and will be removed once support for the old RBAC API policies will be removed from Neutron. Please use method 'is_service_role' instead.
2026-06-24 19:08:25.901 10 INFO neutron.wsgi [None req-0d34cf78-4d6a-4ce9-b521-4309108b97ed 811c856ed1794e5b9c15dcc6ed928c59 9429aa6017754d31b51212ea65944003 - - default default] 10.0.0.198 "DELETE /v2.0/ports/fa390170-572d-49d2-854c-0ba9fe4d41a9 HTTP/1.1" status: 204 len: 168 time: 0.3056145
2026-06-24 19:08:25.921 10 WARNING neutron.scheduler.dhcp_agent_scheduler [None req-ec5231e7-f8bd-4e87-95a6-5788ebfeb642 dc4951b641a24b2fb8fbc7ea32ab001a 06687028aec843ecba24915c9139025e - - default default] No more DHCP agents
2026-06-24 19:08:25.923 10 WARNING neutron.api.rpc.agentnotifiers.dhcp_rpc_agent_api [None req-ec5231e7-f8bd-4e87-95a6-5788ebfeb642 dc4951b641a24b2fb8fbc7ea32ab001a 06687028aec843ecba24915c9139025e - - default default] Unable to schedule network a44eaf91-212d-4efa-967c-f42166b932c0: no agents available; will retry on subsequent port and subnet creation events.
2026-06-24 19:08:26.175 9 INFO neutron.wsgi [None req-de1717e2-df70-425a-bac6-39190c5fe11c 811c856ed1794e5b9c15dcc6ed928c59 9429aa6017754d31b51212ea65944003 - - default default] 10.0.0.198 "DELETE /v2.0/ports/adc2b97c-c827-4e66-b7bd-74f06a570929 HTTP/1.1" status: 204 len: 168 time: 0.2682106
2026-06-24 19:08:26.421 10 INFO neutron.db.ovn_revision_numbers_db [None req-ec5231e7-f8bd-4e87-95a6-5788ebfeb642 dc4951b641a24b2fb8fbc7ea32ab001a 06687028aec843ecba24915c9139025e - - default default] Successfully bumped revision number for resource 3b9532af-7e2e-457a-ba57-2c768c8a902f (type: ports) to 2
2026-06-24 19:08:26.426 9 INFO neutron.wsgi [None req-a18cc8f7-3440-4d2b-9dd4-241b135ace80 811c856ed1794e5b9c15dcc6ed928c59 9429aa6017754d31b51212ea65944003 - - default default] 10.0.0.198 "DELETE /v2.0/ports/967eaf58-4035-47ab-83a9-6ff0987c72a4 HTTP/1.1" status: 204 len: 168 time: 0.2453475
2026-06-24 19:08:26.454 10 INFO neutron.db.ovn_revision_numbers_db [None req-ec5231e7-f8bd-4e87-95a6-5788ebfeb642 dc4951b641a24b2fb8fbc7ea32ab001a 06687028aec843ecba24915c9139025e - - default default] Successfully bumped revision number for resource 3f88b85f-911f-4047-9bc2-6786acce4130 (type: subnets) to 0
2026-06-24 19:08:26.466 10 INFO neutron.wsgi [None req-ec5231e7-f8bd-4e87-95a6-5788ebfeb642 dc4951b641a24b2fb8fbc7ea32ab001a 06687028aec843ecba24915c9139025e - - default default] 10.0.0.198 "POST /v2.0/subnets HTTP/1.1" status: 201 len: 801 time: 0.8355203
2026-06-24 19:08:26.479 10 WARNING neutron_lib.context [None req-37598d96-2929-46ef-b37c-3a71c0eb85ca dc4951b641a24b2fb8fbc7ea32ab001a 06687028aec843ecba24915c9139025e - - default default] Method 'is_advsvc' is deprecated since 2023.2 release (neutron-lib 3.8.0) and will be removed once support for the old RBAC API policies will be removed from Neutron. Please use method 'is_service_role' instead.
2026-06-24 19:08:26.662 9 INFO neutron.wsgi [None req-9d24ad43-e4b7-4607-ae69-827ecefb8306 811c856ed1794e5b9c15dcc6ed928c59 9429aa6017754d31b51212ea65944003 - - default default] 10.0.0.198 "DELETE /v2.0/ports/d798bbe8-08f4-47a6-8844-792c19f7d4dc HTTP/1.1" status: 204 len: 168 time: 0.2306654
2026-06-24 19:08:26.730 10 WARNING neutron.scheduler.dhcp_agent_scheduler [None req-37598d96-2929-46ef-b37c-3a71c0eb85ca dc4951b641a24b2fb8fbc7ea32ab001a 06687028aec843ecba24915c9139025e - - default default] No more DHCP agents
2026-06-24 19:08:26.732 10 WARNING neutron.api.rpc.agentnotifiers.dhcp_rpc_agent_api [None req-37598d96-2929-46ef-b37c-3a71c0eb85ca dc4951b641a24b2fb8fbc7ea32ab001a 06687028aec843ecba24915c9139025e - - default default] Unable to schedule network 03e0754b-9f81-499e-9992-328fb558ba42: no agents available; will retry on subsequent port and subnet creation events.
2026-06-24 19:08:27.344 10 INFO neutron.services.segments.plugin [-] Segment 3d90eaba-cc8e-46e0-a83a-06c9be46a600 resource provider aggregate not found
2026-06-24 19:08:27.351 10 INFO neutron.services.segments.plugin [-] Segment 3d90eaba-cc8e-46e0-a83a-06c9be46a600 resource provider aggregate not found
2026-06-24 19:08:27.385 10 INFO neutron.services.segments.plugin [-] Segment 3d90eaba-cc8e-46e0-a83a-06c9be46a600 resource provider not found; error: Placement Client Error (4xx): {"errors": [{"status": 404, "title": "Not Found", "detail": "The resource could not be found.\n\n No resource provider with uuid 3d90eaba-cc8e-46e0-a83a-06c9be46a600 found for delete ", "request_id": "req-ca9c5d0f-1b29-4fa1-8c79-356203d1012c"}]}
2026-06-24 19:08:27.389 10 INFO neutron.services.segments.plugin [-] Segment 3d90eaba-cc8e-46e0-a83a-06c9be46a600 resource provider not found; error: Placement Client Error (4xx): {"errors": [{"status": 404, "title": "Not Found", "detail": "The resource could not be found.\n\n No resource provider with uuid 3d90eaba-cc8e-46e0-a83a-06c9be46a600 found for delete ", "request_id": "req-2530d84e-aff1-4700-8f01-3b5391dd0e02"}]}
2026-06-24 19:08:27.436 10 INFO neutron.wsgi [None req-3782b256-785e-4e00-9cb5-475a0cad348a 811c856ed1794e5b9c15dcc6ed928c59 9429aa6017754d31b51212ea65944003 - - default default] 10.0.0.198 "DELETE /v2.0/networks/72dc9ad1-3af6-4c93-b02c-86de027c5b9f HTTP/1.1" status: 204 len: 168 time: 0.7694759
2026-06-24 19:08:27.596 10 INFO neutron.db.ovn_revision_numbers_db [None req-37598d96-2929-46ef-b37c-3a71c0eb85ca dc4951b641a24b2fb8fbc7ea32ab001a 06687028aec843ecba24915c9139025e - - default default] Successfully bumped revision number for resource d6f92d5d-97fb-4402-bc6d-9b5602027f6a (type: ports) to 2
2026-06-24 19:08:27.628 10 INFO neutron.db.ovn_revision_numbers_db [None req-37598d96-2929-46ef-b37c-3a71c0eb85ca dc4951b641a24b2fb8fbc7ea32ab001a 06687028aec843ecba24915c9139025e - - default default] Successfully bumped revision number for resource 213f56e1-53f2-49c7-b2f9-ce408a786964 (type: subnets) to 0
2026-06-24 19:08:27.645 10 INFO neutron.wsgi [None req-37598d96-2929-46ef-b37c-3a71c0eb85ca dc4951b641a24b2fb8fbc7ea32ab001a 06687028aec843ecba24915c9139025e - - default default] 10.0.0.198 "POST /v2.0/subnets HTTP/1.1" status: 201 len: 801 time: 1.1729212
2026-06-24 19:08:27.654 10 WARNING neutron_lib.context [None req-6470cb85-3d7d-4e4e-87eb-9d08f9ff5fcb dc4951b641a24b2fb8fbc7ea32ab001a 06687028aec843ecba24915c9139025e - - default default] Method 'is_advsvc' is deprecated since 2023.2 release (neutron-lib 3.8.0) and will be removed once support for the old RBAC API policies will be removed from Neutron. Please use method 'is_service_role' instead.
2026-06-24 19:08:27.796 10 INFO neutron.db.ovn_revision_numbers_db [None req-6470cb85-3d7d-4e4e-87eb-9d08f9ff5fcb dc4951b641a24b2fb8fbc7ea32ab001a 06687028aec843ecba24915c9139025e - - default default] Successfully bumped revision number for resource 01e9a240-1046-4229-b252-605727960c3c (type: routers) to 1
2026-06-24 19:08:27.807 9 INFO neutron.services.segments.plugin [-] Segment 7de8503d-918a-4ed3-a0b0-539fdb497e44 resource provider aggregate not found
2026-06-24 19:08:27.811 10 INFO neutron.wsgi [None req-6470cb85-3d7d-4e4e-87eb-9d08f9ff5fcb dc4951b641a24b2fb8fbc7ea32ab001a 06687028aec843ecba24915c9139025e - - default default] 10.0.0.198 "POST /v2.0/routers HTTP/1.1" status: 201 len: 687 time: 0.1619482
2026-06-24 19:08:27.812 9 INFO neutron.services.segments.plugin [-] Segment 7de8503d-918a-4ed3-a0b0-539fdb497e44 resource provider aggregate not found
2026-06-24 19:08:27.825 9 INFO neutron.services.segments.plugin [-] Segment 7de8503d-918a-4ed3-a0b0-539fdb497e44 resource provider not found; error: Placement Client Error (4xx): {"errors": [{"status": 404, "title": "Not Found", "detail": "The resource could not be found.\n\n No resource provider with uuid 7de8503d-918a-4ed3-a0b0-539fdb497e44 found for delete ", "request_id": "req-078687a6-6ae5-4c3f-849c-404ff0d59f5b"}]}
2026-06-24 19:08:27.828 9 INFO neutron.services.segments.plugin [-] Segment 7de8503d-918a-4ed3-a0b0-539fdb497e44 resource provider not found; error: Placement Client Error (4xx): {"errors": [{"status": 404, "title": "Not Found", "detail": "The resource could not be found.\n\n No resource provider with uuid 7de8503d-918a-4ed3-a0b0-539fdb497e44 found for delete ", "request_id": "req-b38ab923-b3a6-4c59-89b6-729b6661f186"}]}
2026-06-24 19:08:27.856 9 INFO neutron.wsgi [None req-01f08f96-4b4c-4c32-8f26-95e0bcfbcd4c 811c856ed1794e5b9c15dcc6ed928c59 9429aa6017754d31b51212ea65944003 - - default default] 10.0.0.198 "DELETE /v2.0/networks/789094d8-3e4d-42ff-b80d-70433d23a26c HTTP/1.1" status: 204 len: 168 time: 0.4147153
2026-06-24 19:08:28.282 10 WARNING neutron.scheduler.dhcp_agent_scheduler [None req-37c99084-90d9-46cb-8660-e2f7c47a9e5e dc4951b641a24b2fb8fbc7ea32ab001a 06687028aec843ecba24915c9139025e - - default default] No more DHCP agents
2026-06-24 19:08:28.286 10 WARNING neutron.api.rpc.agentnotifiers.dhcp_rpc_agent_api [None req-37c99084-90d9-46cb-8660-e2f7c47a9e5e dc4951b641a24b2fb8fbc7ea32ab001a 06687028aec843ecba24915c9139025e - - default default] Unable to schedule network a44eaf91-212d-4efa-967c-f42166b932c0: no agents available; will retry on subsequent port and subnet creation events.
2026-06-24 19:08:28.365 10 INFO neutron.wsgi [None req-428a1b89-6c94-4052-95e3-941737432afe 811c856ed1794e5b9c15dcc6ed928c59 9429aa6017754d31b51212ea65944003 - - default default] 10.0.0.198 "DELETE /v2.0/networks/ea11c3dc-5640-4b71-a720-f22263a10078 HTTP/1.1" status: 204 len: 168 time: 0.5035272
2026-06-24 19:08:28.473 10 INFO neutron.db.ovn_revision_numbers_db [None req-37c99084-90d9-46cb-8660-e2f7c47a9e5e dc4951b641a24b2fb8fbc7ea32ab001a 06687028aec843ecba24915c9139025e - - default default] Successfully bumped revision number for resource 356b3c97-43b7-4a2c-93b5-2af96c227cc6 (type: ports) to 1
2026-06-24 19:08:28.727 9 INFO neutron.wsgi [None req-a1cbbf6e-6c50-41bf-94bf-6d9218960ffe 811c856ed1794e5b9c15dcc6ed928c59 9429aa6017754d31b51212ea65944003 - - default default] 10.0.0.198 "DELETE /v2.0/networks/923e99b9-82d8-4451-a163-5027aa04c02e HTTP/1.1" status: 204 len: 168 time: 0.3565483
2026-06-24 19:08:28.784 10 INFO neutron.plugins.ml2.drivers.ovn.mech_driver.mech_driver [None req-884a0f8c-2aa1-46d4-bfa7-65445e42ffaf - - - - - -] OVN reports status up for port: 356b3c97-43b7-4a2c-93b5-2af96c227cc6
2026-06-24 19:08:28.795 10 INFO neutron.plugins.ml2.plugin [None req-884a0f8c-2aa1-46d4-bfa7-65445e42ffaf - - - - - -] Attempt 1 to provision port 356b3c97-43b7-4a2c-93b5-2af96c227cc6
2026-06-24 19:08:28.804 10 INFO neutron.db.ovn_revision_numbers_db [None req-37c99084-90d9-46cb-8660-e2f7c47a9e5e dc4951b641a24b2fb8fbc7ea32ab001a 06687028aec843ecba24915c9139025e - - default default] Successfully bumped revision number for resource 356b3c97-43b7-4a2c-93b5-2af96c227cc6 (type: router_ports) to 1
2026-06-24 19:08:28.951 9 INFO neutron.wsgi [req-f41fc17f-c5a2-454f-93c0-2558bc915be9 req-35c469b6-8202-45ba-9683-5802eeed840a 1bfd51debc0243bfa47e134af339e843 72443ec725ae45abb6554219dff3cf98 - - 96f39892b42c4814a72e6e54be96ca4d 96f39892b42c4814a72e6e54be96ca4d] 199.19.213.122 "GET /v2.0/ports?device_id=9ab49d4d-a61d-4a74-9e32-ca7d0677dfa6&fields=binding%3Ahost_id&fields=binding%3Avif_type HTTP/1.1" status: 200 len: 265 time: 0.0387039
2026-06-24 19:08:28.973 10 INFO neutron.db.ovn_revision_numbers_db [None req-37c99084-90d9-46cb-8660-e2f7c47a9e5e dc4951b641a24b2fb8fbc7ea32ab001a 06687028aec843ecba24915c9139025e - - default default] Successfully bumped revision number for resource 356b3c97-43b7-4a2c-93b5-2af96c227cc6 (type: ports) to 1
2026-06-24 19:08:29.048 9 INFO neutron.wsgi [req-f41fc17f-c5a2-454f-93c0-2558bc915be9 req-85c77173-623d-4cd1-9450-3d20087fe19f 1bfd51debc0243bfa47e134af339e843 72443ec725ae45abb6554219dff3cf98 - - 96f39892b42c4814a72e6e54be96ca4d 96f39892b42c4814a72e6e54be96ca4d] 199.19.213.122 "GET /v2.0/ports?tenant_id=2e88770565a54e979a1e502e3aa35f36&device_id=9ab49d4d-a61d-4a74-9e32-ca7d0677dfa6 HTTP/1.1" status: 200 len: 1448 time: 0.0512068
2026-06-24 19:08:29.061 10 WARNING neutron.scheduler.dhcp_agent_scheduler [None req-37c99084-90d9-46cb-8660-e2f7c47a9e5e dc4951b641a24b2fb8fbc7ea32ab001a 06687028aec843ecba24915c9139025e - - default default] No more DHCP agents
2026-06-24 19:08:29.062 10 WARNING neutron.api.rpc.agentnotifiers.dhcp_rpc_agent_api [None req-37c99084-90d9-46cb-8660-e2f7c47a9e5e dc4951b641a24b2fb8fbc7ea32ab001a 06687028aec843ecba24915c9139025e - - default default] Unable to schedule network a44eaf91-212d-4efa-967c-f42166b932c0: no agents available; will retry on subsequent port and subnet creation events.
2026-06-24 19:08:29.134 10 INFO neutron.db.ovn_revision_numbers_db [None req-884a0f8c-2aa1-46d4-bfa7-65445e42ffaf - - - - - -] Successfully bumped revision number for resource 356b3c97-43b7-4a2c-93b5-2af96c227cc6 (type: ports) to 2
2026-06-24 19:08:29.149 9 INFO neutron.wsgi [req-f41fc17f-c5a2-454f-93c0-2558bc915be9 req-e2da521f-415a-460d-ae56-68af873dd1db 1bfd51debc0243bfa47e134af339e843 72443ec725ae45abb6554219dff3cf98 - - 96f39892b42c4814a72e6e54be96ca4d 96f39892b42c4814a72e6e54be96ca4d] 199.19.213.122 "GET /v2.0/networks?id=a4cb7682-da37-4880-8de3-83c40cf2c85b HTTP/1.1" status: 200 len: 970 time: 0.0813751
2026-06-24 19:08:29.196 9 INFO neutron.wsgi [None req-7664676e-e836-4937-8e8a-368159ef9ed1 811c856ed1794e5b9c15dcc6ed928c59 9429aa6017754d31b51212ea65944003 - - default default] 10.0.0.198 "DELETE /v2.0/networks/aeb34373-72b1-491a-91da-354cdec7ff2c HTTP/1.1" status: 204 len: 168 time: 0.4615457
2026-06-24 19:08:29.214 9 INFO neutron.wsgi [req-f41fc17f-c5a2-454f-93c0-2558bc915be9 req-bc19a8e5-da2d-4dd0-9748-d9dc5ab75c72 1bfd51debc0243bfa47e134af339e843 72443ec725ae45abb6554219dff3cf98 - - 96f39892b42c4814a72e6e54be96ca4d 96f39892b42c4814a72e6e54be96ca4d] 199.19.213.122 "GET /v2.0/floatingips?fixed_ip_address=10.100.0.7&port_id=9e6d0a93-c092-41de-b57c-e95f60734e7c HTTP/1.1" status: 200 len: 1059 time: 0.0573432
2026-06-24 19:08:29.243 10 INFO neutron.db.ovn_revision_numbers_db [None req-884a0f8c-2aa1-46d4-bfa7-65445e42ffaf - - - - - -] Successfully bumped revision number for resource 356b3c97-43b7-4a2c-93b5-2af96c227cc6 (type: router_ports) to 2
2026-06-24 19:08:29.253 9 INFO neutron.wsgi [req-f41fc17f-c5a2-454f-93c0-2558bc915be9 req-017fd050-e459-485b-96ce-3ecfee79a635 1bfd51debc0243bfa47e134af339e843 72443ec725ae45abb6554219dff3cf98 - - 96f39892b42c4814a72e6e54be96ca4d 96f39892b42c4814a72e6e54be96ca4d] 199.19.213.122 "GET /v2.0/subnets?id=dec28d28-f791-41ec-9b63-c4a9c8d802ad HTTP/1.1" status: 200 len: 865 time: 0.0318687
2026-06-24 19:08:29.256 10 INFO neutron.db.ovn_revision_numbers_db [None req-37c99084-90d9-46cb-8660-e2f7c47a9e5e dc4951b641a24b2fb8fbc7ea32ab001a 06687028aec843ecba24915c9139025e - - default default] Successfully bumped revision number for resource 356b3c97-43b7-4a2c-93b5-2af96c227cc6 (type: router_ports) to 2
2026-06-24 19:08:29.258 10 INFO neutron.wsgi [None req-37c99084-90d9-46cb-8660-e2f7c47a9e5e dc4951b641a24b2fb8fbc7ea32ab001a 06687028aec843ecba24915c9139025e - - default default] 10.0.0.198 "PUT /v2.0/routers/01e9a240-1046-4229-b252-605727960c3c/add_router_interface HTTP/1.1" status: 200 len: 503 time: 1.4430883
2026-06-24 19:08:29.279 9 INFO neutron.wsgi [req-f41fc17f-c5a2-454f-93c0-2558bc915be9 req-16da4216-47a0-43a1-b181-d68711866b64 1bfd51debc0243bfa47e134af339e843 72443ec725ae45abb6554219dff3cf98 - - 96f39892b42c4814a72e6e54be96ca4d 96f39892b42c4814a72e6e54be96ca4d] 199.19.213.122 "GET /v2.0/ports?network_id=a4cb7682-da37-4880-8de3-83c40cf2c85b&device_owner=network%3Adhcp HTTP/1.1" status: 200 len: 210 time: 0.0195513
2026-06-24 19:08:29.308 10 INFO neutron.wsgi [None req-f472dbc9-96d4-4f7e-98c7-5db0b0df34ee dc4951b641a24b2fb8fbc7ea32ab001a 06687028aec843ecba24915c9139025e - - default default] 10.0.0.198 "GET /v2.0/ports/356b3c97-43b7-4a2c-93b5-2af96c227cc6 HTTP/1.1" status: 200 len: 1137 time: 0.0446043
2026-06-24 19:08:29.346 9 INFO neutron.wsgi [req-f41fc17f-c5a2-454f-93c0-2558bc915be9 req-5ab4f1e4-3a8b-4e97-9c62-295fe56fa4ae 1bfd51debc0243bfa47e134af339e843 72443ec725ae45abb6554219dff3cf98 - - 96f39892b42c4814a72e6e54be96ca4d 96f39892b42c4814a72e6e54be96ca4d] 199.19.213.122 "GET /v2.0/networks/a4cb7682-da37-4880-8de3-83c40cf2c85b?fields=segments HTTP/1.1" status: 200 len: 212 time: 0.0611024
2026-06-24 19:08:29.408 9 INFO neutron.wsgi [req-f41fc17f-c5a2-454f-93c0-2558bc915be9 req-eb1d88b3-6fcd-41d6-afcd-d2c2b86fd01b 1bfd51debc0243bfa47e134af339e843 72443ec725ae45abb6554219dff3cf98 - - 96f39892b42c4814a72e6e54be96ca4d 96f39892b42c4814a72e6e54be96ca4d] 199.19.213.122 "GET /v2.0/networks/a4cb7682-da37-4880-8de3-83c40cf2c85b?fields=provider%3Aphysical_network&fields=provider%3Anetwork_type HTTP/1.1" status: 200 len: 277 time: 0.0551500
2026-06-24 19:08:29.410 10 INFO neutron.services.segments.plugin [-] Segment 2010a9c2-f147-4b71-af00-564b0d0edb23 resource provider aggregate not found
2026-06-24 19:08:29.414 10 INFO neutron.services.segments.plugin [-] Segment 2010a9c2-f147-4b71-af00-564b0d0edb23 resource provider aggregate not found
2026-06-24 19:08:29.432 10 INFO neutron.services.segments.plugin [-] Segment 2010a9c2-f147-4b71-af00-564b0d0edb23 resource provider not found; error: Placement Client Error (4xx): {"errors": [{"status": 404, "title": "Not Found", "detail": "The resource could not be found.\n\n No resource provider with uuid 2010a9c2-f147-4b71-af00-564b0d0edb23 found for delete ", "request_id": "req-a7f1fa76-96d0-48d7-b9ff-0ce4692856ca"}]}
2026-06-24 19:08:29.433 10 INFO neutron.services.segments.plugin [-] Segment 2010a9c2-f147-4b71-af00-564b0d0edb23 resource provider not found; error: Placement Client Error (4xx): {"errors": [{"status": 404, "title": "Not Found", "detail": "The resource could not be found.\n\n No resource provider with uuid 2010a9c2-f147-4b71-af00-564b0d0edb23 found for delete ", "request_id": "req-06561d5c-26b2-44d1-8188-8cf923ef24c9"}]}
2026-06-24 19:08:29.847 9 INFO neutron.services.segments.plugin [-] Segment ba9845c5-eb88-4310-b5f6-0dbeb68046c0 resource provider aggregate not found
2026-06-24 19:08:29.851 9 INFO neutron.services.segments.plugin [-] Segment ba9845c5-eb88-4310-b5f6-0dbeb68046c0 resource provider aggregate not found
2026-06-24 19:08:29.860 9 INFO neutron.services.segments.plugin [-] Segment ba9845c5-eb88-4310-b5f6-0dbeb68046c0 resource provider not found; error: Placement Client Error (4xx): {"errors": [{"status": 404, "title": "Not Found", "detail": "The resource could not be found.\n\n No resource provider with uuid ba9845c5-eb88-4310-b5f6-0dbeb68046c0 found for delete ", "request_id": "req-2ed40aee-fc2e-451d-853d-9254af01fd5f"}]}
2026-06-24 19:08:29.863 9 INFO neutron.services.segments.plugin [-] Segment ba9845c5-eb88-4310-b5f6-0dbeb68046c0 resource provider not found; error: Placement Client Error (4xx): {"errors": [{"status": 404, "title": "Not Found", "detail": "The resource could not be found.\n\n No resource provider with uuid ba9845c5-eb88-4310-b5f6-0dbeb68046c0 found for delete ", "request_id": "req-71463267-10ba-4a01-929c-e6a86246c95a"}]}
2026-06-24 19:08:29.871 9 INFO neutron.services.segments.plugin [-] Segment 0a2675b9-d1d1-4504-81e2-a988e31f33dc resource provider aggregate not found
2026-06-24 19:08:29.879 9 INFO neutron.services.segments.plugin [-] Segment 0a2675b9-d1d1-4504-81e2-a988e31f33dc resource provider aggregate not found
2026-06-24 19:08:29.890 9 INFO neutron.services.segments.plugin [-] Segment 0a2675b9-d1d1-4504-81e2-a988e31f33dc resource provider not found; error: Placement Client Error (4xx): {"errors": [{"status": 404, "title": "Not Found", "detail": "The resource could not be found.\n\n No resource provider with uuid 0a2675b9-d1d1-4504-81e2-a988e31f33dc found for delete ", "request_id": "req-c71e943f-c9fc-4d25-ab03-dd87027bdef6"}]}
2026-06-24 19:08:29.901 9 INFO neutron.services.segments.plugin [-] Segment 0a2675b9-d1d1-4504-81e2-a988e31f33dc resource provider not found; error: Placement Client Error (4xx): {"errors": [{"status": 404, "title": "Not Found", "detail": "The resource could not be found.\n\n No resource provider with uuid 0a2675b9-d1d1-4504-81e2-a988e31f33dc found for delete ", "request_id": "req-e7c5124a-c74e-4b4e-ac98-4772e3ce5b26"}]}
2026-06-24 19:08:30.141 9 INFO neutron.wsgi [-] 10.0.0.145 "GET / HTTP/1.1" status: 200 len: 247 time: 0.0015039
2026-06-24 19:08:30.143 9 INFO neutron.wsgi [-] 10.0.0.145 "GET / HTTP/1.1" status: 200 len: 247 time: 0.0009058
2026-06-24 19:08:30.234 9 INFO neutron.db.ovn_revision_numbers_db [None req-c9232f13-8b73-476b-96f2-7ea06afa2e48 a8a7de7117fb409b9a502b48744ef2cf f8b25b63beb84fa2ada4f999d2568fdb - - default default] Successfully bumped revision number for resource 9c640812-75ad-4ba1-ab86-6a92c40e30d1 (type: security_groups) to 1
2026-06-24 19:08:30.240 9 INFO neutron.db.ovn_revision_numbers_db [None req-81551c48-f15f-4aac-bed6-455f0ef39f5b a8a7de7117fb409b9a502b48744ef2cf f8b25b63beb84fa2ada4f999d2568fdb - - default default] Successfully bumped revision number for resource c4dc4a8d-921d-4f9e-aa92-2cca3973094c (type: security_groups) to 1
2026-06-24 19:08:30.251 9 INFO neutron.db.ovn_revision_numbers_db [None req-c9232f13-8b73-476b-96f2-7ea06afa2e48 a8a7de7117fb409b9a502b48744ef2cf f8b25b63beb84fa2ada4f999d2568fdb - - default default] Successfully bumped revision number for resource 37058dd2-64f4-4c27-b620-93d890bcae3f (type: security_group_rules) to 0
2026-06-24 19:08:30.260 9 INFO neutron.db.ovn_revision_numbers_db [None req-81551c48-f15f-4aac-bed6-455f0ef39f5b a8a7de7117fb409b9a502b48744ef2cf f8b25b63beb84fa2ada4f999d2568fdb - - default default] Successfully bumped revision number for resource 395270e6-aed6-4f2d-83f0-a3e1ff6ae9cf (type: security_group_rules) to 0
2026-06-24 19:08:30.269 9 INFO neutron.db.ovn_revision_numbers_db [None req-c9232f13-8b73-476b-96f2-7ea06afa2e48 a8a7de7117fb409b9a502b48744ef2cf f8b25b63beb84fa2ada4f999d2568fdb - - default default] Successfully bumped revision number for resource 49c25e4b-3eaa-4f82-9a52-bcd176bd659b (type: security_group_rules) to 0
2026-06-24 19:08:30.270 10 WARNING neutron.scheduler.dhcp_agent_scheduler [None req-e52ac011-ace6-4db0-b90b-f0bbf2770e77 dc4951b641a24b2fb8fbc7ea32ab001a 06687028aec843ecba24915c9139025e - - default default] No more DHCP agents
2026-06-24 19:08:30.272 10 WARNING neutron.api.rpc.agentnotifiers.dhcp_rpc_agent_api [None req-e52ac011-ace6-4db0-b90b-f0bbf2770e77 dc4951b641a24b2fb8fbc7ea32ab001a 06687028aec843ecba24915c9139025e - - default default] Unable to schedule network 03e0754b-9f81-499e-9992-328fb558ba42: no agents available; will retry on subsequent port and subnet creation events.
2026-06-24 19:08:30.275 9 INFO neutron.db.ovn_revision_numbers_db [None req-81551c48-f15f-4aac-bed6-455f0ef39f5b a8a7de7117fb409b9a502b48744ef2cf f8b25b63beb84fa2ada4f999d2568fdb - - default default] Successfully bumped revision number for resource a6ec2456-f675-4ed8-a186-54b812eeb765 (type: security_group_rules) to 0
2026-06-24 19:08:30.286 9 INFO neutron.db.ovn_revision_numbers_db [None req-c9232f13-8b73-476b-96f2-7ea06afa2e48 a8a7de7117fb409b9a502b48744ef2cf f8b25b63beb84fa2ada4f999d2568fdb - - default default] Successfully bumped revision number for resource ca534914-9272-450b-a867-2190d43edcbd (type: security_group_rules) to 0
2026-06-24 19:08:30.293 9 INFO neutron.db.ovn_revision_numbers_db [None req-81551c48-f15f-4aac-bed6-455f0ef39f5b a8a7de7117fb409b9a502b48744ef2cf f8b25b63beb84fa2ada4f999d2568fdb - - default default] Successfully bumped revision number for resource b3be470e-a76a-4174-8759-9692a3e3044c (type: security_group_rules) to 0
2026-06-24 19:08:30.304 9 INFO neutron.db.ovn_revision_numbers_db [None req-c9232f13-8b73-476b-96f2-7ea06afa2e48 a8a7de7117fb409b9a502b48744ef2cf f8b25b63beb84fa2ada4f999d2568fdb - - default default] Successfully bumped revision number for resource eeae443e-3bff-4f07-ba74-fab802361f28 (type: security_group_rules) to 0
2026-06-24 19:08:30.325 9 INFO neutron.db.ovn_revision_numbers_db [None req-81551c48-f15f-4aac-bed6-455f0ef39f5b a8a7de7117fb409b9a502b48744ef2cf f8b25b63beb84fa2ada4f999d2568fdb - - default default] Successfully bumped revision number for resource f71179f3-27cc-4a4e-9900-e0e97b3c9c1c (type: security_group_rules) to 0
2026-06-24 19:08:30.331 9 INFO neutron.wsgi [None req-c9232f13-8b73-476b-96f2-7ea06afa2e48 a8a7de7117fb409b9a502b48744ef2cf f8b25b63beb84fa2ada4f999d2568fdb - - default default] 10.0.0.198 "GET /v2.0/security-groups?tenant_id=8701b120d7364f66b3a03e274d13c653&name=default HTTP/1.1" status: 200 len: 2996 time: 0.3417990
2026-06-24 19:08:30.352 9 INFO neutron.wsgi [None req-81551c48-f15f-4aac-bed6-455f0ef39f5b a8a7de7117fb409b9a502b48744ef2cf f8b25b63beb84fa2ada4f999d2568fdb - - default default] 10.0.0.198 "GET /v2.0/security-groups?tenant_id=13b3583ed4e0401eb9f7c07be4803062&name=default HTTP/1.1" status: 200 len: 2996 time: 0.3934190
2026-06-24 19:08:30.442 10 INFO neutron.db.ovn_revision_numbers_db [None req-e52ac011-ace6-4db0-b90b-f0bbf2770e77 dc4951b641a24b2fb8fbc7ea32ab001a 06687028aec843ecba24915c9139025e - - default default] Successfully bumped revision number for resource bb83024a-3c96-461b-b869-c6bd13ec0b9a (type: ports) to 1
2026-06-24 19:08:30.542 9 INFO neutron.wsgi [None req-ac69de60-5dfb-409b-84dd-e24561669841 a8a7de7117fb409b9a502b48744ef2cf f8b25b63beb84fa2ada4f999d2568fdb - - default default] 10.0.0.198 "DELETE /v2.0/security-groups/c4dc4a8d-921d-4f9e-aa92-2cca3973094c HTTP/1.1" status: 204 len: 168 time: 0.1835318
2026-06-24 19:08:30.571 10 INFO neutron.wsgi [None req-453f993b-877a-4537-b94a-d840522c9cae a8a7de7117fb409b9a502b48744ef2cf f8b25b63beb84fa2ada4f999d2568fdb - - default default] 10.0.0.198 "DELETE /v2.0/security-groups/9c640812-75ad-4ba1-ab86-6a92c40e30d1 HTTP/1.1" status: 204 len: 168 time: 0.2342160
2026-06-24 19:08:30.806 9 INFO neutron.plugins.ml2.drivers.ovn.mech_driver.mech_driver [None req-a93d7c23-903d-4be5-a954-9f933413b3f0 - - - - - -] OVN reports status up for port: bb83024a-3c96-461b-b869-c6bd13ec0b9a
2026-06-24 19:08:30.809 10 INFO neutron.db.ovn_revision_numbers_db [None req-b4e22926-16d5-496f-ace5-9d0145b96c4a a8a7de7117fb409b9a502b48744ef2cf f8b25b63beb84fa2ada4f999d2568fdb - - default default] Successfully bumped revision number for resource a127914d-d12b-41d2-ac72-07f1423a0723 (type: security_groups) to 1
2026-06-24 19:08:30.838 9 INFO neutron.plugins.ml2.plugin [None req-a93d7c23-903d-4be5-a954-9f933413b3f0 - - - - - -] Attempt 1 to provision port bb83024a-3c96-461b-b869-c6bd13ec0b9a
2026-06-24 19:08:30.840 10 INFO neutron.db.ovn_revision_numbers_db [None req-b4e22926-16d5-496f-ace5-9d0145b96c4a a8a7de7117fb409b9a502b48744ef2cf f8b25b63beb84fa2ada4f999d2568fdb - - default default] Successfully bumped revision number for resource 3cb22eda-32e5-4212-8c48-a03a06865442 (type: security_group_rules) to 0
2026-06-24 19:08:30.841 10 INFO neutron.db.ovn_revision_numbers_db [None req-e52ac011-ace6-4db0-b90b-f0bbf2770e77 dc4951b641a24b2fb8fbc7ea32ab001a 06687028aec843ecba24915c9139025e - - default default] Successfully bumped revision number for resource bb83024a-3c96-461b-b869-c6bd13ec0b9a (type: router_ports) to 1
2026-06-24 19:08:30.867 10 INFO neutron.db.ovn_revision_numbers_db [None req-b4e22926-16d5-496f-ace5-9d0145b96c4a a8a7de7117fb409b9a502b48744ef2cf f8b25b63beb84fa2ada4f999d2568fdb - - default default] Successfully bumped revision number for resource 6496962c-f6f1-48ec-88c8-a817d3c09aeb (type: security_group_rules) to 0
2026-06-24 19:08:30.888 10 INFO neutron.db.ovn_revision_numbers_db [None req-b4e22926-16d5-496f-ace5-9d0145b96c4a a8a7de7117fb409b9a502b48744ef2cf f8b25b63beb84fa2ada4f999d2568fdb - - default default] Successfully bumped revision number for resource c87ef6f7-c6e8-47da-b81a-4a0067633e43 (type: security_group_rules) to 0
2026-06-24 19:08:30.908 10 INFO neutron.db.ovn_revision_numbers_db [None req-b4e22926-16d5-496f-ace5-9d0145b96c4a a8a7de7117fb409b9a502b48744ef2cf f8b25b63beb84fa2ada4f999d2568fdb - - default default] Successfully bumped revision number for resource df5cca76-c65e-47d1-97ac-5750c10ed2f8 (type: security_group_rules) to 0
2026-06-24 19:08:30.937 10 INFO neutron.wsgi [None req-b4e22926-16d5-496f-ace5-9d0145b96c4a a8a7de7117fb409b9a502b48744ef2cf f8b25b63beb84fa2ada4f999d2568fdb - - default default] 10.0.0.198 "GET /v2.0/security-groups?tenant_id=41df3b9e92f641bf9a165b9d480771af&name=default HTTP/1.1" status: 200 len: 2996 time: 0.2896152
2026-06-24 19:08:31.040 10 INFO neutron.db.ovn_revision_numbers_db [None req-e52ac011-ace6-4db0-b90b-f0bbf2770e77 dc4951b641a24b2fb8fbc7ea32ab001a 06687028aec843ecba24915c9139025e - - default default] Successfully bumped revision number for resource bb83024a-3c96-461b-b869-c6bd13ec0b9a (type: ports) to 1
2026-06-24 19:08:31.113 10 WARNING neutron.scheduler.dhcp_agent_scheduler [None req-e52ac011-ace6-4db0-b90b-f0bbf2770e77 dc4951b641a24b2fb8fbc7ea32ab001a 06687028aec843ecba24915c9139025e - - default default] No more DHCP agents
2026-06-24 19:08:31.116 10 WARNING neutron.api.rpc.agentnotifiers.dhcp_rpc_agent_api [None req-e52ac011-ace6-4db0-b90b-f0bbf2770e77 dc4951b641a24b2fb8fbc7ea32ab001a 06687028aec843ecba24915c9139025e - - default default] Unable to schedule network 03e0754b-9f81-499e-9992-328fb558ba42: no agents available; will retry on subsequent port and subnet creation events.
2026-06-24 19:08:31.169 9 INFO neutron.db.ovn_revision_numbers_db [None req-a93d7c23-903d-4be5-a954-9f933413b3f0 - - - - - -] Successfully bumped revision number for resource bb83024a-3c96-461b-b869-c6bd13ec0b9a (type: ports) to 2
2026-06-24 19:08:31.249 10 INFO neutron.wsgi [None req-a41979cb-9095-42d0-9c31-368488d392f7 a8a7de7117fb409b9a502b48744ef2cf f8b25b63beb84fa2ada4f999d2568fdb - - default default] 10.0.0.198 "DELETE /v2.0/security-groups/a127914d-d12b-41d2-ac72-07f1423a0723 HTTP/1.1" status: 204 len: 168 time: 0.3039789
2026-06-24 19:08:31.278 9 INFO neutron.db.ovn_revision_numbers_db [None req-a93d7c23-903d-4be5-a954-9f933413b3f0 - - - - - -] Successfully bumped revision number for resource bb83024a-3c96-461b-b869-c6bd13ec0b9a (type: router_ports) to 2
2026-06-24 19:08:31.298 10 INFO neutron.db.ovn_revision_numbers_db [None req-e52ac011-ace6-4db0-b90b-f0bbf2770e77 dc4951b641a24b2fb8fbc7ea32ab001a 06687028aec843ecba24915c9139025e - - default default] Successfully bumped revision number for resource bb83024a-3c96-461b-b869-c6bd13ec0b9a (type: router_ports) to 2
2026-06-24 19:08:31.303 10 INFO neutron.wsgi [None req-e52ac011-ace6-4db0-b90b-f0bbf2770e77 dc4951b641a24b2fb8fbc7ea32ab001a 06687028aec843ecba24915c9139025e - - default default] 10.0.0.198 "PUT /v2.0/routers/01e9a240-1046-4229-b252-605727960c3c/add_router_interface HTTP/1.1" status: 200 len: 503 time: 1.9886446
2026-06-24 19:08:31.367 10 INFO neutron.wsgi [None req-77928f16-28cc-489c-81b8-bcf9c7b61e8a dc4951b641a24b2fb8fbc7ea32ab001a 06687028aec843ecba24915c9139025e - - default default] 10.0.0.198 "GET /v2.0/ports/bb83024a-3c96-461b-b869-c6bd13ec0b9a HTTP/1.1" status: 200 len: 1137 time: 0.0569453
2026-06-24 19:08:31.407 10 INFO neutron.wsgi [None req-932eb1f3-b35c-4711-a637-06150044727e dc4951b641a24b2fb8fbc7ea32ab001a 06687028aec843ecba24915c9139025e - - default default] 10.0.0.198 "GET /v2.0/ports/bb83024a-3c96-461b-b869-c6bd13ec0b9a HTTP/1.1" status: 200 len: 1137 time: 0.0364926
2026-06-24 19:08:31.464 10 INFO neutron.wsgi [None req-b3fab4a5-5944-4657-afd2-8112d0df6cbd a8a7de7117fb409b9a502b48744ef2cf f8b25b63beb84fa2ada4f999d2568fdb - - default default] 10.0.0.198 "GET /v2.0/security-groups?tenant_id=9429aa6017754d31b51212ea65944003&name=default HTTP/1.1" status: 200 len: 2996 time: 0.0558338
2026-06-24 19:08:31.742 10 INFO neutron.wsgi [None req-4d5bc765-50e6-4f73-84ef-90b91c3d9dc7 a8a7de7117fb409b9a502b48744ef2cf f8b25b63beb84fa2ada4f999d2568fdb - - default default] 10.0.0.198 "DELETE /v2.0/security-groups/4afb2fdb-ca53-417c-808c-65d85d28a791 HTTP/1.1" status: 204 len: 168 time: 0.2726710
2026-06-24 19:08:32.103 10 INFO neutron.wsgi [None req-1ee07859-75da-43d8-8856-b62791a7f74c dc4951b641a24b2fb8fbc7ea32ab001a 06687028aec843ecba24915c9139025e - - default default] 10.0.0.198 "PUT /v2.0/routers/01e9a240-1046-4229-b252-605727960c3c/remove_router_interface HTTP/1.1" status: 200 len: 503 time: 0.6895406
2026-06-24 19:08:32.205 9 INFO neutron.wsgi [None req-9d017cb4-c19f-44aa-9589-8306fb2352a1 dc4951b641a24b2fb8fbc7ea32ab001a 06687028aec843ecba24915c9139025e - - default default] 10.0.0.198 "GET /v2.0/ports/356b3c97-43b7-4a2c-93b5-2af96c227cc6 HTTP/1.1" status: 200 len: 1137 time: 0.0979254
2026-06-24 19:08:32.891 9 INFO neutron.wsgi [None req-41fc902f-c2ae-4527-be7d-e4bfa33c718f dc4951b641a24b2fb8fbc7ea32ab001a 06687028aec843ecba24915c9139025e - - default default] 10.0.0.198 "PUT /v2.0/routers/01e9a240-1046-4229-b252-605727960c3c/remove_router_interface HTTP/1.1" status: 200 len: 503 time: 0.6801531 /var/lib/openstack/lib/python3.10/site-packages/pycadf/identifier.py:71: UserWarning: Invalid uuid: neutron. To ensure interoperability, identifiers should be a valid uuid. warnings.warn(('Invalid uuid: %s. To ensure interoperability, '
2026-06-24 19:08:32.924 9 INFO neutron.wsgi [None req-7ab7728e-09af-4f38-9ed0-67afe56adb14 dc4951b641a24b2fb8fbc7ea32ab001a 06687028aec843ecba24915c9139025e - - default default] 10.0.0.198 "GET /v2.0/ports?device_id=01e9a240-1046-4229-b252-605727960c3c HTTP/1.1" status: 200 len: 205 time: 0.0283194
2026-06-24 19:08:33.202 9 INFO neutron.wsgi [None req-231416ae-0e22-48b7-ac0d-53cd8c9b97df dc4951b641a24b2fb8fbc7ea32ab001a 06687028aec843ecba24915c9139025e - - default default] 10.0.0.198 "DELETE /v2.0/routers/01e9a240-1046-4229-b252-605727960c3c HTTP/1.1" status: 204 len: 168 time: 0.2740378 /var/lib/openstack/lib/python3.10/site-packages/pycadf/identifier.py:71: UserWarning: Invalid uuid: neutron. To ensure interoperability, identifiers should be a valid uuid. warnings.warn(('Invalid uuid: %s. To ensure interoperability, '
2026-06-24 19:08:33.442 10 INFO neutron.wsgi [None req-10dbeee5-beed-43e2-96a2-d2a804a9825d dc4951b641a24b2fb8fbc7ea32ab001a 06687028aec843ecba24915c9139025e - - default default] 10.0.0.198 "DELETE /v2.0/subnets/213f56e1-53f2-49c7-b2f9-ce408a786964 HTTP/1.1" status: 204 len: 168 time: 0.2358160
