2026-06-24 19:08:02.770 10 WARNING neutron.scheduler.dhcp_agent_scheduler [None req-ac7e3ff9-3393-4914-8d61-8963f0b0d554 a8a7de7117fb409b9a502b48744ef2cf f8b25b63beb84fa2ada4f999d2568fdb - - default default] No more DHCP agents
2026-06-24 19:08:02.772 10 WARNING neutron.api.rpc.agentnotifiers.dhcp_rpc_agent_api [None req-ac7e3ff9-3393-4914-8d61-8963f0b0d554 a8a7de7117fb409b9a502b48744ef2cf f8b25b63beb84fa2ada4f999d2568fdb - - default default] Unable to schedule network 659edbef-5b08-4dd3-870d-29ec92384b04: no agents available; will retry on subsequent port and subnet creation events.
2026-06-24 19:08:02.805 10 WARNING neutron.scheduler.dhcp_agent_scheduler [None req-b1790812-a022-42db-8def-dd8dc0fc6503 d2a84077f97f41f1b39fb815ce5e28db 7c08f8f67fee42918f8c84c9ec525131 - - default default] No more DHCP agents
2026-06-24 19:08:02.808 10 WARNING neutron.api.rpc.agentnotifiers.dhcp_rpc_agent_api [None req-b1790812-a022-42db-8def-dd8dc0fc6503 d2a84077f97f41f1b39fb815ce5e28db 7c08f8f67fee42918f8c84c9ec525131 - - default default] Unable to schedule network 267c3c6e-a81a-4109-9efc-6692a55c15d8: no agents available; will retry on subsequent port and subnet creation events.
2026-06-24 19:08:03.130 10 INFO neutron.db.ovn_revision_numbers_db [None req-b1790812-a022-42db-8def-dd8dc0fc6503 d2a84077f97f41f1b39fb815ce5e28db 7c08f8f67fee42918f8c84c9ec525131 - - default default] Successfully bumped revision number for resource eefda2b9-56da-4156-935a-a714c76869a5 (type: ports) to 1
2026-06-24 19:08:03.164 10 INFO neutron.wsgi [None req-b1790812-a022-42db-8def-dd8dc0fc6503 d2a84077f97f41f1b39fb815ce5e28db 7c08f8f67fee42918f8c84c9ec525131 - - default default] 10.0.0.198 "POST /v2.0/networks HTTP/1.1" status: 201 len: 830 time: 1.4504004
2026-06-24 19:08:03.172 10 WARNING neutron_lib.context [None req-214e8f62-a9ed-4d53-bc25-b6b0b4e7459c d2a84077f97f41f1b39fb815ce5e28db 7c08f8f67fee42918f8c84c9ec525131 - - default default] Method 'is_advsvc' is deprecated since 2023.2 release (neutron-lib 3.8.0) and will be removed once support for the old RBAC API policies will be removed from Neutron. Please use method 'is_service_role' instead.
2026-06-24 19:08:03.174 10 INFO neutron.db.ovn_revision_numbers_db [None req-ac7e3ff9-3393-4914-8d61-8963f0b0d554 a8a7de7117fb409b9a502b48744ef2cf f8b25b63beb84fa2ada4f999d2568fdb - - default default] Successfully bumped revision number for resource 7db5a2b1-9d24-4e34-9928-347e21aab6af (type: ports) to 1
2026-06-24 19:08:03.259 10 INFO neutron.db.segments_db [None req-214e8f62-a9ed-4d53-bc25-b6b0b4e7459c d2a84077f97f41f1b39fb815ce5e28db 7c08f8f67fee42918f8c84c9ec525131 - - default default] Added segment e3018c7d-6205-4dce-a146-a4a0cfbe3e9b of type geneve for network b22429d4-85a0-4c8c-bd30-38a3f4d32144
2026-06-24 19:08:03.310 9 INFO neutron.wsgi [req-f40eb8e1-a13e-4656-ad6e-9e94078e9be8 req-38c8ea85-bb2b-48a7-b934-b04c9910c2b2 decef7f1a0244d65b92fdf9639c31cc6 2f5f7f093f994fa4b245706c81ba8e43 - - default default] 199.19.213.122 "GET /v2.0/networks?id=75956cf1-6bbb-411f-b8f2-defbc7050d47 HTTP/1.1" status: 200 len: 871 time: 0.1354055
2026-06-24 19:08:03.331 9 WARNING neutron_lib.context [req-f40eb8e1-a13e-4656-ad6e-9e94078e9be8 req-10995a67-8f23-434b-b188-1de6786e4ab5 decef7f1a0244d65b92fdf9639c31cc6 2f5f7f093f994fa4b245706c81ba8e43 - - default default] Method 'is_advsvc' is deprecated since 2023.2 release (neutron-lib 3.8.0) and will be removed once support for the old RBAC API policies will be removed from Neutron. Please use method 'is_service_role' instead.
2026-06-24 19:08:03.350 9 INFO neutron.db.ovn_revision_numbers_db [None req-c8f55256-4e59-4e1e-be64-6c16205cf24e - - - - - -] Successfully bumped revision number for resource 76b9666a-4b1b-496e-8ba8-cc2d894c04d8 (type: router_ports) to 3
2026-06-24 19:08:03.437 9 INFO neutron.wsgi [None req-9c44e002-dfdd-43e7-9f0d-e1162921f3a1 6a0446aa060a4969a9c855a6a2b8845c dabf24bccf8d4874a1dafbbeac187f5c - - default default] 10.0.0.198 "DELETE /v2.0/subnets/4e7e8322-4f97-4c35-8d5f-c3e6b7260fcb HTTP/1.1" status: 204 len: 168 time: 0.6911888
2026-06-24 19:08:03.449 10 INFO neutron.db.ovn_revision_numbers_db [None req-214e8f62-a9ed-4d53-bc25-b6b0b4e7459c d2a84077f97f41f1b39fb815ce5e28db 7c08f8f67fee42918f8c84c9ec525131 - - default default] Successfully bumped revision number for resource b22429d4-85a0-4c8c-bd30-38a3f4d32144 (type: networks) to 1
2026-06-24 19:08:03.631 10 WARNING neutron.scheduler.dhcp_agent_scheduler [None req-214e8f62-a9ed-4d53-bc25-b6b0b4e7459c d2a84077f97f41f1b39fb815ce5e28db 7c08f8f67fee42918f8c84c9ec525131 - - default default] No more DHCP agents
2026-06-24 19:08:03.647 10 WARNING neutron.api.rpc.agentnotifiers.dhcp_rpc_agent_api [None req-214e8f62-a9ed-4d53-bc25-b6b0b4e7459c d2a84077f97f41f1b39fb815ce5e28db 7c08f8f67fee42918f8c84c9ec525131 - - default default] Unable to schedule network b22429d4-85a0-4c8c-bd30-38a3f4d32144: no agents available; will retry on subsequent port and subnet creation events.
2026-06-24 19:08:03.694 9 INFO neutron.db.ovn_revision_numbers_db [None req-c8f55256-4e59-4e1e-be64-6c16205cf24e - - - - - -] Successfully bumped revision number for resource 76b9666a-4b1b-496e-8ba8-cc2d894c04d8 (type: ports) to 2
2026-06-24 19:08:03.711 9 INFO neutron.wsgi [req-2b7545b2-d3fb-4428-8373-d14f404b5ef6 req-6211b643-f093-4eca-af14-de8ab0d80eb3 decef7f1a0244d65b92fdf9639c31cc6 2f5f7f093f994fa4b245706c81ba8e43 - - default default] 10.0.0.47 "GET /v2.0/ports?device_id=1790074d-53f7-4c14-bb6e-ecfc6d388e17 HTTP/1.1" status: 200 len: 210 time: 0.0326750
2026-06-24 19:08:03.748 10 INFO neutron.db.ovn_revision_numbers_db [None req-ac7e3ff9-3393-4914-8d61-8963f0b0d554 a8a7de7117fb409b9a502b48744ef2cf f8b25b63beb84fa2ada4f999d2568fdb - - default default] Successfully bumped revision number for resource 7db5a2b1-9d24-4e34-9928-347e21aab6af (type: router_ports) to 1
2026-06-24 19:08:03.768 10 INFO neutron.db.ovn_revision_numbers_db [None req-214e8f62-a9ed-4d53-bc25-b6b0b4e7459c d2a84077f97f41f1b39fb815ce5e28db 7c08f8f67fee42918f8c84c9ec525131 - - default default] Successfully bumped revision number for resource cb02e44e-e2a7-4814-9d4c-e6ba58ca8eb7 (type: ports) to 1
2026-06-24 19:08:03.794 10 INFO neutron.wsgi [None req-214e8f62-a9ed-4d53-bc25-b6b0b4e7459c d2a84077f97f41f1b39fb815ce5e28db 7c08f8f67fee42918f8c84c9ec525131 - - default default] 10.0.0.198 "POST /v2.0/networks HTTP/1.1" status: 201 len: 831 time: 0.6259458
2026-06-24 19:08:03.810 9 WARNING neutron_lib.context [None req-5095e239-09a8-40bc-b728-74f6081c1a60 d2a84077f97f41f1b39fb815ce5e28db 7c08f8f67fee42918f8c84c9ec525131 - - default default] Method 'is_advsvc' is deprecated since 2023.2 release (neutron-lib 3.8.0) and will be removed once support for the old RBAC API policies will be removed from Neutron. Please use method 'is_service_role' instead.
2026-06-24 19:08:03.888 10 INFO neutron.db.ovn_revision_numbers_db [None req-ac7e3ff9-3393-4914-8d61-8963f0b0d554 a8a7de7117fb409b9a502b48744ef2cf f8b25b63beb84fa2ada4f999d2568fdb - - default default] Successfully bumped revision number for resource 7db5a2b1-9d24-4e34-9928-347e21aab6af (type: ports) to 1
2026-06-24 19:08:03.946 10 WARNING neutron.scheduler.dhcp_agent_scheduler [None req-ac7e3ff9-3393-4914-8d61-8963f0b0d554 a8a7de7117fb409b9a502b48744ef2cf f8b25b63beb84fa2ada4f999d2568fdb - - default default] No more DHCP agents
2026-06-24 19:08:03.947 10 WARNING neutron.api.rpc.agentnotifiers.dhcp_rpc_agent_api [None req-ac7e3ff9-3393-4914-8d61-8963f0b0d554 a8a7de7117fb409b9a502b48744ef2cf f8b25b63beb84fa2ada4f999d2568fdb - - default default] Unable to schedule network 659edbef-5b08-4dd3-870d-29ec92384b04: no agents available; will retry on subsequent port and subnet creation events.
2026-06-24 19:08:03.979 9 INFO neutron.db.segments_db [None req-5095e239-09a8-40bc-b728-74f6081c1a60 d2a84077f97f41f1b39fb815ce5e28db 7c08f8f67fee42918f8c84c9ec525131 - - default default] Added segment ef979c52-7da1-43ea-9302-3dc185d40e7c of type geneve for network 196fe3e9-6875-4a80-a45b-98e0373f799b
2026-06-24 19:08:03.983 9 WARNING neutron.scheduler.dhcp_agent_scheduler [req-f40eb8e1-a13e-4656-ad6e-9e94078e9be8 req-10995a67-8f23-434b-b188-1de6786e4ab5 decef7f1a0244d65b92fdf9639c31cc6 2f5f7f093f994fa4b245706c81ba8e43 - - default default] No more DHCP agents
2026-06-24 19:08:03.994 9 WARNING neutron.api.rpc.agentnotifiers.dhcp_rpc_agent_api [req-f40eb8e1-a13e-4656-ad6e-9e94078e9be8 req-10995a67-8f23-434b-b188-1de6786e4ab5 decef7f1a0244d65b92fdf9639c31cc6 2f5f7f093f994fa4b245706c81ba8e43 - - default default] Unable to schedule network 75956cf1-6bbb-411f-b8f2-defbc7050d47: no agents available; will retry on subsequent port and subnet creation events.
2026-06-24 19:08:04.216 9 INFO neutron.services.segments.plugin [-] Segment 6c09e48a-5c10-4d16-a60b-0377aa4cd897 resource provider aggregate not found
2026-06-24 19:08:04.234 9 INFO neutron.services.segments.plugin [-] Segment 6c09e48a-5c10-4d16-a60b-0377aa4cd897 resource provider aggregate not found
2026-06-24 19:08:04.261 9 INFO neutron.services.segments.plugin [-] Segment 6c09e48a-5c10-4d16-a60b-0377aa4cd897 resource provider not found; error: Placement Client Error (4xx): {"errors": [{"status": 404, "title": "Not Found", "detail": "The resource could not be found.\n\n No resource provider with uuid 6c09e48a-5c10-4d16-a60b-0377aa4cd897 found for delete ", "request_id": "req-85563063-f001-4d74-bc25-2b2a9a81af3b"}]}
2026-06-24 19:08:04.275 9 INFO neutron.services.segments.plugin [-] Segment 6c09e48a-5c10-4d16-a60b-0377aa4cd897 resource provider not found; error: Placement Client Error (4xx): {"errors": [{"status": 404, "title": "Not Found", "detail": "The resource could not be found.\n\n No resource provider with uuid 6c09e48a-5c10-4d16-a60b-0377aa4cd897 found for delete ", "request_id": "req-d30b83de-5def-419c-9a7f-375d8c7a7a90"}]}
2026-06-24 19:08:04.360 9 INFO neutron.wsgi [None req-739cda69-6073-4285-ac41-b306b0b8c87c 6a0446aa060a4969a9c855a6a2b8845c dabf24bccf8d4874a1dafbbeac187f5c - - default default] 10.0.0.198 "DELETE /v2.0/networks/c3fec6f1-ce0b-4a7e-86d7-9e357156f34f HTTP/1.1" status: 204 len: 168 time: 0.9156659
2026-06-24 19:08:04.365 9 INFO neutron.db.ovn_revision_numbers_db [None req-5095e239-09a8-40bc-b728-74f6081c1a60 d2a84077f97f41f1b39fb815ce5e28db 7c08f8f67fee42918f8c84c9ec525131 - - default default] Successfully bumped revision number for resource 196fe3e9-6875-4a80-a45b-98e0373f799b (type: networks) to 1
2026-06-24 19:08:04.390 9 INFO neutron.db.ovn_revision_numbers_db [None req-c8f55256-4e59-4e1e-be64-6c16205cf24e - - - - - -] Successfully bumped revision number for resource 76b9666a-4b1b-496e-8ba8-cc2d894c04d8 (type: ports) to 4
2026-06-24 19:08:04.492 9 INFO neutron.db.ovn_revision_numbers_db [req-f40eb8e1-a13e-4656-ad6e-9e94078e9be8 req-10995a67-8f23-434b-b188-1de6786e4ab5 decef7f1a0244d65b92fdf9639c31cc6 2f5f7f093f994fa4b245706c81ba8e43 - - default default] Successfully bumped revision number for resource e662dbb9-7e3a-4810-8434-3b998ce4e17e (type: ports) to 1
2026-06-24 19:08:04.554 9 INFO neutron.wsgi [req-f40eb8e1-a13e-4656-ad6e-9e94078e9be8 req-10995a67-8f23-434b-b188-1de6786e4ab5 decef7f1a0244d65b92fdf9639c31cc6 2f5f7f093f994fa4b245706c81ba8e43 - - default default] 199.19.213.122 "POST /v2.0/ports HTTP/1.1" status: 201 len: 1162 time: 1.2313266 /var/lib/openstack/lib/python3.10/site-packages/pycadf/identifier.py:71: UserWarning: Invalid uuid: neutron. To ensure interoperability, identifiers should be a valid uuid. warnings.warn(('Invalid uuid: %s. To ensure interoperability, '
2026-06-24 19:08:04.657 10 INFO neutron.db.ovn_revision_numbers_db [None req-ac7e3ff9-3393-4914-8d61-8963f0b0d554 a8a7de7117fb409b9a502b48744ef2cf f8b25b63beb84fa2ada4f999d2568fdb - - default default] Successfully bumped revision number for resource 7db5a2b1-9d24-4e34-9928-347e21aab6af (type: router_ports) to 1
2026-06-24 19:08:04.659 10 INFO neutron.wsgi [None req-ac7e3ff9-3393-4914-8d61-8963f0b0d554 a8a7de7117fb409b9a502b48744ef2cf f8b25b63beb84fa2ada4f999d2568fdb - - default default] 10.0.0.198 "PUT /v2.0/routers/5aff3ef3-5c7b-43ce-8169-b0a2bcd31a96/add_router_interface HTTP/1.1" status: 200 len: 503 time: 2.7089272
2026-06-24 19:08:04.730 9 WARNING neutron.scheduler.dhcp_agent_scheduler [None req-5095e239-09a8-40bc-b728-74f6081c1a60 d2a84077f97f41f1b39fb815ce5e28db 7c08f8f67fee42918f8c84c9ec525131 - - default default] No more DHCP agents
2026-06-24 19:08:04.740 9 WARNING neutron.api.rpc.agentnotifiers.dhcp_rpc_agent_api [None req-5095e239-09a8-40bc-b728-74f6081c1a60 d2a84077f97f41f1b39fb815ce5e28db 7c08f8f67fee42918f8c84c9ec525131 - - default default] Unable to schedule network 196fe3e9-6875-4a80-a45b-98e0373f799b: no agents available; will retry on subsequent port and subnet creation events.
2026-06-24 19:08:04.791 10 INFO neutron.services.segments.plugin [-] Segment 381d025d-eae5-4250-b742-ac84f8bc2bf1 resource provider aggregate not found
2026-06-24 19:08:04.796 10 INFO neutron.services.segments.plugin [-] Segment 381d025d-eae5-4250-b742-ac84f8bc2bf1 resource provider aggregate not found
2026-06-24 19:08:04.815 10 INFO neutron.services.segments.plugin [-] Segment 381d025d-eae5-4250-b742-ac84f8bc2bf1 resource provider not found; error: Placement Client Error (4xx): {"errors": [{"status": 404, "title": "Not Found", "detail": "The resource could not be found.\n\n No resource provider with uuid 381d025d-eae5-4250-b742-ac84f8bc2bf1 found for delete ", "request_id": "req-0bbbc8fc-ff01-4392-9580-a8aa80f50b82"}]}
2026-06-24 19:08:04.816 10 INFO neutron.services.segments.plugin [-] Segment 381d025d-eae5-4250-b742-ac84f8bc2bf1 resource provider not found; error: Placement Client Error (4xx): {"errors": [{"status": 404, "title": "Not Found", "detail": "The resource could not be found.\n\n No resource provider with uuid 381d025d-eae5-4250-b742-ac84f8bc2bf1 found for delete ", "request_id": "req-54e333de-ec4d-4fb8-a6ec-06136d7cfa0e"}]}
2026-06-24 19:08:04.844 9 INFO neutron.db.ovn_revision_numbers_db [None req-c8f55256-4e59-4e1e-be64-6c16205cf24e - - - - - -] Successfully bumped revision number for resource 76b9666a-4b1b-496e-8ba8-cc2d894c04d8 (type: router_ports) to 4
2026-06-24 19:08:04.848 10 INFO neutron.wsgi [None req-1e606d7a-917f-4a9d-91b0-c0fe701cbbef 6a0446aa060a4969a9c855a6a2b8845c dabf24bccf8d4874a1dafbbeac187f5c - - default default] 10.0.0.198 "DELETE /v2.0/networks/873c9c00-1f02-4bda-989a-f40a3c6824eb HTTP/1.1" status: 204 len: 168 time: 0.4826519
2026-06-24 19:08:04.866 9 INFO neutron.wsgi [req-03c801c6-3958-4644-af6e-668a91122ef6 req-017e199b-78fb-4557-bd4a-449dccdbc1c8 decef7f1a0244d65b92fdf9639c31cc6 2f5f7f093f994fa4b245706c81ba8e43 - - default default] 10.0.0.47 "GET /v2.0/ports?device_id=1790074d-53f7-4c14-bb6e-ecfc6d388e17 HTTP/1.1" status: 200 len: 1160 time: 0.0765905
2026-06-24 19:08:04.872 9 WARNING neutron_lib.context [None req-5f1ed7cc-fdd7-4ce7-8f27-a9eb966eff1d 6a0446aa060a4969a9c855a6a2b8845c dabf24bccf8d4874a1dafbbeac187f5c - - default default] Method 'is_advsvc' is deprecated since 2023.2 release (neutron-lib 3.8.0) and will be removed once support for the old RBAC API policies will be removed from Neutron. Please use method 'is_service_role' instead.
2026-06-24 19:08:04.978 9 INFO neutron.wsgi [req-03c801c6-3958-4644-af6e-668a91122ef6 req-f072a7c8-70e0-4a23-a595-286de0b51ed0 decef7f1a0244d65b92fdf9639c31cc6 2f5f7f093f994fa4b245706c81ba8e43 - - default default] 10.0.0.47 "GET /v2.0/security-groups?id=c9d6b2bc-6dd9-4291-b85c-032781d7f39e&fields=id&fields=name HTTP/1.1" status: 200 len: 286 time: 0.1014128
2026-06-24 19:08:04.993 9 INFO neutron.db.ovn_revision_numbers_db [None req-5095e239-09a8-40bc-b728-74f6081c1a60 d2a84077f97f41f1b39fb815ce5e28db 7c08f8f67fee42918f8c84c9ec525131 - - default default] Successfully bumped revision number for resource 2051e207-90b1-47b5-ad05-2226801a2d66 (type: ports) to 1
2026-06-24 19:08:05.024 9 INFO neutron.db.segments_db [None req-5f1ed7cc-fdd7-4ce7-8f27-a9eb966eff1d 6a0446aa060a4969a9c855a6a2b8845c dabf24bccf8d4874a1dafbbeac187f5c - - default default] Added segment 361e21ea-bed5-4f86-a501-902839359aac of type geneve for network a736d832-5f37-4c9d-8985-b7c411b3ef47
2026-06-24 19:08:05.031 9 INFO neutron.wsgi [None req-5095e239-09a8-40bc-b728-74f6081c1a60 d2a84077f97f41f1b39fb815ce5e28db 7c08f8f67fee42918f8c84c9ec525131 - - default default] 10.0.0.198 "POST /v2.0/networks HTTP/1.1" status: 201 len: 830 time: 1.2266638
2026-06-24 19:08:05.041 10 WARNING neutron_lib.context [None req-c675c2bd-c411-4a8c-afee-05864b227a53 d2a84077f97f41f1b39fb815ce5e28db 7c08f8f67fee42918f8c84c9ec525131 - - default default] Method 'is_advsvc' is deprecated since 2023.2 release (neutron-lib 3.8.0) and will be removed once support for the old RBAC API policies will be removed from Neutron. Please use method 'is_service_role' instead.
2026-06-24 19:08:05.116 10 INFO neutron.db.segments_db [None req-c675c2bd-c411-4a8c-afee-05864b227a53 d2a84077f97f41f1b39fb815ce5e28db 7c08f8f67fee42918f8c84c9ec525131 - - default default] Added segment 82c25b33-856f-4076-8613-b74ad3f9a05c of type geneve for network 386dc6cb-aba5-43ec-8ab4-e7b9e7e268d6
2026-06-24 19:08:05.258 10 INFO neutron.db.ovn_revision_numbers_db [None req-c675c2bd-c411-4a8c-afee-05864b227a53 d2a84077f97f41f1b39fb815ce5e28db 7c08f8f67fee42918f8c84c9ec525131 - - default default] Successfully bumped revision number for resource 386dc6cb-aba5-43ec-8ab4-e7b9e7e268d6 (type: networks) to 1
2026-06-24 19:08:05.366 10 WARNING neutron_lib.context [None req-a533668e-bafe-4ccb-a43e-f855d87a32e9 638b622eba274535a98972a924e445a4 2e88770565a54e979a1e502e3aa35f36 - - default default] Method 'is_advsvc' is deprecated since 2023.2 release (neutron-lib 3.8.0) and will be removed once support for the old RBAC API policies will be removed from Neutron. Please use method 'is_service_role' instead.
2026-06-24 19:08:05.466 10 WARNING neutron.plugins.ml2.drivers.ovn.mech_driver.ovsdb.ovn_client [None req-884a0f8c-2aa1-46d4-bfa7-65445e42ffaf - - - - - -] No port found with ID 3ec413bb-7589-4756-b43b-60e1647beffd: RuntimeError: No port found with ID 3ec413bb-7589-4756-b43b-60e1647beffd
2026-06-24 19:08:05.466 10 INFO neutron.plugins.ml2.drivers.ovn.mech_driver.mech_driver [None req-884a0f8c-2aa1-46d4-bfa7-65445e42ffaf - - - - - -] OVN reports status up for port: 91a0c473-3712-4c89-9218-119c11387b12
2026-06-24 19:08:05.471 9 INFO neutron.db.ovn_revision_numbers_db [None req-5f1ed7cc-fdd7-4ce7-8f27-a9eb966eff1d 6a0446aa060a4969a9c855a6a2b8845c dabf24bccf8d4874a1dafbbeac187f5c - - default default] Successfully bumped revision number for resource a736d832-5f37-4c9d-8985-b7c411b3ef47 (type: networks) to 1
2026-06-24 19:08:05.477 10 WARNING neutron.scheduler.dhcp_agent_scheduler [None req-c675c2bd-c411-4a8c-afee-05864b227a53 d2a84077f97f41f1b39fb815ce5e28db 7c08f8f67fee42918f8c84c9ec525131 - - default default] No more DHCP agents
2026-06-24 19:08:05.483 10 WARNING neutron.api.rpc.agentnotifiers.dhcp_rpc_agent_api [None req-c675c2bd-c411-4a8c-afee-05864b227a53 d2a84077f97f41f1b39fb815ce5e28db 7c08f8f67fee42918f8c84c9ec525131 - - default default] Unable to schedule network 386dc6cb-aba5-43ec-8ab4-e7b9e7e268d6: no agents available; will retry on subsequent port and subnet creation events.
2026-06-24 19:08:05.493 10 INFO neutron.plugins.ml2.plugin [None req-884a0f8c-2aa1-46d4-bfa7-65445e42ffaf - - - - - -] Attempt 1 to provision port 91a0c473-3712-4c89-9218-119c11387b12
2026-06-24 19:08:05.544 9 INFO neutron.db.ovn_revision_numbers_db [req-f40eb8e1-a13e-4656-ad6e-9e94078e9be8 req-5c032251-c73e-47dc-a40e-dd6f5994a52d 1bfd51debc0243bfa47e134af339e843 72443ec725ae45abb6554219dff3cf98 - - 96f39892b42c4814a72e6e54be96ca4d 96f39892b42c4814a72e6e54be96ca4d] Successfully bumped revision number for resource e662dbb9-7e3a-4810-8434-3b998ce4e17e (type: ports) to 2
2026-06-24 19:08:05.576 10 INFO neutron.db.ovn_revision_numbers_db [None req-a533668e-bafe-4ccb-a43e-f855d87a32e9 638b622eba274535a98972a924e445a4 2e88770565a54e979a1e502e3aa35f36 - - default default] Successfully bumped revision number for resource aa9351a6-69fa-4914-b09d-5e5694e36142 (type: security_groups) to 1
2026-06-24 19:08:05.601 10 INFO neutron.db.ovn_revision_numbers_db [None req-c675c2bd-c411-4a8c-afee-05864b227a53 d2a84077f97f41f1b39fb815ce5e28db 7c08f8f67fee42918f8c84c9ec525131 - - default default] Successfully bumped revision number for resource fc27545c-608e-477c-a5be-3d152af2e5fd (type: ports) to 1
2026-06-24 19:08:05.614 10 INFO neutron.db.ovn_revision_numbers_db [None req-a533668e-bafe-4ccb-a43e-f855d87a32e9 638b622eba274535a98972a924e445a4 2e88770565a54e979a1e502e3aa35f36 - - default default] Successfully bumped revision number for resource 2ab967ce-92db-443f-8bb6-22c1e39494a6 (type: security_group_rules) to 0
2026-06-24 19:08:05.620 10 INFO neutron.plugins.ml2.drivers.ovn.mech_driver.mech_driver [None req-884a0f8c-2aa1-46d4-bfa7-65445e42ffaf - - - - - -] OVN reports status up for port: b322d402-f0b4-4cb7-bb50-f3a2afc3024a
2026-06-24 19:08:05.629 10 INFO neutron.wsgi [None req-c675c2bd-c411-4a8c-afee-05864b227a53 d2a84077f97f41f1b39fb815ce5e28db 7c08f8f67fee42918f8c84c9ec525131 - - default default] 10.0.0.198 "POST /v2.0/networks HTTP/1.1" status: 201 len: 831 time: 0.5923545
2026-06-24 19:08:05.630 10 INFO neutron.plugins.ml2.plugin [None req-884a0f8c-2aa1-46d4-bfa7-65445e42ffaf - - - - - -] Attempt 1 to provision port b322d402-f0b4-4cb7-bb50-f3a2afc3024a /var/lib/openstack/lib/python3.10/site-packages/pycadf/identifier.py:71: UserWarning: Invalid uuid: neutron. To ensure interoperability, identifiers should be a valid uuid. warnings.warn(('Invalid uuid: %s. To ensure interoperability, '
2026-06-24 19:08:05.640 10 INFO neutron.db.ovn_revision_numbers_db [None req-a533668e-bafe-4ccb-a43e-f855d87a32e9 638b622eba274535a98972a924e445a4 2e88770565a54e979a1e502e3aa35f36 - - default default] Successfully bumped revision number for resource 33bb36f0-9fc1-4db0-a2a3-e7303d3816fb (type: security_group_rules) to 0
2026-06-24 19:08:05.640 9 WARNING neutron_lib.context [None req-95273535-a957-46e9-9068-85929617b021 d2a84077f97f41f1b39fb815ce5e28db 7c08f8f67fee42918f8c84c9ec525131 - - default default] Method 'is_advsvc' is deprecated since 2023.2 release (neutron-lib 3.8.0) and will be removed once support for the old RBAC API policies will be removed from Neutron. Please use method 'is_service_role' instead.
2026-06-24 19:08:05.663 10 INFO neutron.wsgi [None req-a533668e-bafe-4ccb-a43e-f855d87a32e9 638b622eba274535a98972a924e445a4 2e88770565a54e979a1e502e3aa35f36 - - default default] 10.0.0.198 "POST /v2.0/security-groups HTTP/1.1" status: 201 len: 1809 time: 0.3031578
2026-06-24 19:08:05.688 10 WARNING neutron_lib.context [None req-4a2548a7-309b-4b3c-9d5e-c05fb268ed02 638b622eba274535a98972a924e445a4 2e88770565a54e979a1e502e3aa35f36 - - default default] Method 'is_advsvc' is deprecated since 2023.2 release (neutron-lib 3.8.0) and will be removed once support for the old RBAC API policies will be removed from Neutron. Please use method 'is_service_role' instead.
2026-06-24 19:08:05.786 9 INFO neutron.db.segments_db [None req-95273535-a957-46e9-9068-85929617b021 d2a84077f97f41f1b39fb815ce5e28db 7c08f8f67fee42918f8c84c9ec525131 - - default default] Added segment da94742f-bbf9-4386-a210-c4e17af574b8 of type geneve for network 135a208a-1422-4ad6-9bfe-6280acc965a4
2026-06-24 19:08:05.809 9 WARNING neutron.scheduler.dhcp_agent_scheduler [None req-5f1ed7cc-fdd7-4ce7-8f27-a9eb966eff1d 6a0446aa060a4969a9c855a6a2b8845c dabf24bccf8d4874a1dafbbeac187f5c - - default default] No more DHCP agents
2026-06-24 19:08:05.818 9 WARNING neutron.api.rpc.agentnotifiers.dhcp_rpc_agent_api [None req-5f1ed7cc-fdd7-4ce7-8f27-a9eb966eff1d 6a0446aa060a4969a9c855a6a2b8845c dabf24bccf8d4874a1dafbbeac187f5c - - default default] Unable to schedule network a736d832-5f37-4c9d-8985-b7c411b3ef47: no agents available; will retry on subsequent port and subnet creation events.
2026-06-24 19:08:05.932 9 INFO neutron.db.ovn_revision_numbers_db [req-f40eb8e1-a13e-4656-ad6e-9e94078e9be8 req-5c032251-c73e-47dc-a40e-dd6f5994a52d 1bfd51debc0243bfa47e134af339e843 72443ec725ae45abb6554219dff3cf98 - - 96f39892b42c4814a72e6e54be96ca4d 96f39892b42c4814a72e6e54be96ca4d] Successfully bumped revision number for resource e662dbb9-7e3a-4810-8434-3b998ce4e17e (type: ports) to 2
2026-06-24 19:08:05.979 9 INFO neutron.wsgi [req-f40eb8e1-a13e-4656-ad6e-9e94078e9be8 req-5c032251-c73e-47dc-a40e-dd6f5994a52d 1bfd51debc0243bfa47e134af339e843 72443ec725ae45abb6554219dff3cf98 - - 96f39892b42c4814a72e6e54be96ca4d 96f39892b42c4814a72e6e54be96ca4d] 199.19.213.122 "PUT /v2.0/ports/e662dbb9-7e3a-4810-8434-3b998ce4e17e HTTP/1.1" status: 200 len: 1380 time: 1.4086146
2026-06-24 19:08:06.009 9 INFO neutron.db.ovn_revision_numbers_db [None req-5f1ed7cc-fdd7-4ce7-8f27-a9eb966eff1d 6a0446aa060a4969a9c855a6a2b8845c dabf24bccf8d4874a1dafbbeac187f5c - - default default] Successfully bumped revision number for resource b09b17ae-154d-4482-a160-ab8b6de8b644 (type: ports) to 1
2026-06-24 19:08:06.025 9 INFO neutron.notifiers.nova [-] Nova event matching ['req-d7ebaed4-f47b-471b-957f-023f588a7dcf'] response: {'name': 'network-changed', 'server_uuid': '1790074d-53f7-4c14-bb6e-ecfc6d388e17', 'tag': 'e662dbb9-7e3a-4810-8434-3b998ce4e17e', 'status': 'completed', 'code': 200} /var/lib/openstack/lib/python3.10/site-packages/pycadf/identifier.py:71: UserWarning: Invalid uuid: neutron. To ensure interoperability, identifiers should be a valid uuid. warnings.warn(('Invalid uuid: %s. To ensure interoperability, '
2026-06-24 19:08:06.087 9 INFO neutron.wsgi [req-f40eb8e1-a13e-4656-ad6e-9e94078e9be8 req-a1c67881-e527-4474-98ee-8cdd52a3e906 1bfd51debc0243bfa47e134af339e843 72443ec725ae45abb6554219dff3cf98 - - 96f39892b42c4814a72e6e54be96ca4d 96f39892b42c4814a72e6e54be96ca4d] 199.19.213.122 "GET /v2.0/ports?tenant_id=2f5f7f093f994fa4b245706c81ba8e43&device_id=1790074d-53f7-4c14-bb6e-ecfc6d388e17 HTTP/1.1" status: 200 len: 1411 time: 0.0687377
2026-06-24 19:08:06.088 9 INFO neutron.db.ovn_revision_numbers_db [None req-95273535-a957-46e9-9068-85929617b021 d2a84077f97f41f1b39fb815ce5e28db 7c08f8f67fee42918f8c84c9ec525131 - - default default] Successfully bumped revision number for resource 135a208a-1422-4ad6-9bfe-6280acc965a4 (type: networks) to 1
2026-06-24 19:08:06.091 9 INFO neutron.wsgi [None req-5f1ed7cc-fdd7-4ce7-8f27-a9eb966eff1d 6a0446aa060a4969a9c855a6a2b8845c dabf24bccf8d4874a1dafbbeac187f5c - - default default] 10.0.0.198 "POST /v2.0/networks HTTP/1.1" status: 201 len: 832 time: 1.2380908
2026-06-24 19:08:06.108 10 WARNING neutron_lib.context [None req-9cd7cc31-2340-4c37-8e07-d741eaee5155 6a0446aa060a4969a9c855a6a2b8845c dabf24bccf8d4874a1dafbbeac187f5c - - default default] Method 'is_advsvc' is deprecated since 2023.2 release (neutron-lib 3.8.0) and will be removed once support for the old RBAC API policies will be removed from Neutron. Please use method 'is_service_role' instead.
2026-06-24 19:08:06.129 9 INFO neutron.wsgi [req-c826388c-ada4-40af-908c-05eec059fd84 req-fcc54d29-233f-4c0c-b5a4-1f3e363e4707 decef7f1a0244d65b92fdf9639c31cc6 2f5f7f093f994fa4b245706c81ba8e43 - - default default] 10.0.0.47 "GET /v2.0/ports?device_id=1790074d-53f7-4c14-bb6e-ecfc6d388e17 HTTP/1.1" status: 200 len: 1172 time: 0.0769532
2026-06-24 19:08:06.131 9 INFO neutron.wsgi [req-f40eb8e1-a13e-4656-ad6e-9e94078e9be8 req-ea733f2e-b5aa-4b97-8fae-6d17d8ed8182 1bfd51debc0243bfa47e134af339e843 72443ec725ae45abb6554219dff3cf98 - - 96f39892b42c4814a72e6e54be96ca4d 96f39892b42c4814a72e6e54be96ca4d] 199.19.213.122 "GET /v2.0/floatingips?fixed_ip_address=10.100.0.13&port_id=e662dbb9-7e3a-4810-8434-3b998ce4e17e HTTP/1.1" status: 200 len: 217 time: 0.0322175
2026-06-24 19:08:06.180 10 INFO neutron.db.ovn_revision_numbers_db [None req-4a2548a7-309b-4b3c-9d5e-c05fb268ed02 638b622eba274535a98972a924e445a4 2e88770565a54e979a1e502e3aa35f36 - - default default] Successfully bumped revision number for resource 83834b76-8551-4388-974b-77bc133f9272 (type: security_group_rules) to 0
2026-06-24 19:08:06.194 9 INFO neutron.wsgi [req-f40eb8e1-a13e-4656-ad6e-9e94078e9be8 req-3082dd7a-60f8-4c97-97a8-88a589f55168 1bfd51debc0243bfa47e134af339e843 72443ec725ae45abb6554219dff3cf98 - - 96f39892b42c4814a72e6e54be96ca4d 96f39892b42c4814a72e6e54be96ca4d] 199.19.213.122 "GET /v2.0/subnets?id=61edaf13-707c-46d5-b7dc-2b40839e1176 HTTP/1.1" status: 200 len: 865 time: 0.0587254
2026-06-24 19:08:06.225 10 INFO neutron.wsgi [None req-4a2548a7-309b-4b3c-9d5e-c05fb268ed02 638b622eba274535a98972a924e445a4 2e88770565a54e979a1e502e3aa35f36 - - default default] 10.0.0.198 "POST /v2.0/security-group-rules HTTP/1.1" status: 201 len: 764 time: 0.5575361
2026-06-24 19:08:06.234 9 WARNING neutron.plugins.ml2.drivers.ovn.mech_driver.ovsdb.ovn_client [None req-a93d7c23-903d-4be5-a954-9f933413b3f0 - - - - - -] No hosting information found for port e3d0ecb2-23a3-4184-9a5c-80703ff97503: RuntimeError: No hosting information found for port e3d0ecb2-23a3-4184-9a5c-80703ff97503
2026-06-24 19:08:06.235 9 INFO neutron.plugins.ml2.drivers.ovn.mech_driver.mech_driver [None req-a93d7c23-903d-4be5-a954-9f933413b3f0 - - - - - -] OVN reports status up for port: 76b9666a-4b1b-496e-8ba8-cc2d894c04d8
2026-06-24 19:08:06.242 9 INFO neutron.wsgi [req-f40eb8e1-a13e-4656-ad6e-9e94078e9be8 req-4df0ebbe-f030-4d75-9a31-514439ea7864 1bfd51debc0243bfa47e134af339e843 72443ec725ae45abb6554219dff3cf98 - - 96f39892b42c4814a72e6e54be96ca4d 96f39892b42c4814a72e6e54be96ca4d] 199.19.213.122 "GET /v2.0/ports?network_id=75956cf1-6bbb-411f-b8f2-defbc7050d47&device_owner=network%3Adhcp HTTP/1.1" status: 200 len: 210 time: 0.0383639
2026-06-24 19:08:06.242 10 WARNING neutron_lib.context [None req-0db38cd3-9d13-4898-ab2e-961064c0ff2a 638b622eba274535a98972a924e445a4 2e88770565a54e979a1e502e3aa35f36 - - default default] Method 'is_advsvc' is deprecated since 2023.2 release (neutron-lib 3.8.0) and will be removed once support for the old RBAC API policies will be removed from Neutron. Please use method 'is_service_role' instead.
2026-06-24 19:08:06.257 10 INFO neutron.db.ovn_revision_numbers_db [None req-884a0f8c-2aa1-46d4-bfa7-65445e42ffaf - - - - - -] Successfully bumped revision number for resource b322d402-f0b4-4cb7-bb50-f3a2afc3024a (type: ports) to 2
2026-06-24 19:08:06.273 9 INFO neutron.wsgi [req-c826388c-ada4-40af-908c-05eec059fd84 req-d813bf1c-c9ed-49af-81f8-abd4ce82ddf4 decef7f1a0244d65b92fdf9639c31cc6 2f5f7f093f994fa4b245706c81ba8e43 - - default default] 10.0.0.47 "GET /v2.0/security-groups?id=c9d6b2bc-6dd9-4291-b85c-032781d7f39e&fields=id&fields=name HTTP/1.1" status: 200 len: 286 time: 0.1341312
2026-06-24 19:08:06.273 9 INFO neutron.plugins.ml2.plugin [None req-a93d7c23-903d-4be5-a954-9f933413b3f0 - - - - - -] Attempt 1 to provision port 76b9666a-4b1b-496e-8ba8-cc2d894c04d8
2026-06-24 19:08:06.370 9 INFO neutron.wsgi [req-f40eb8e1-a13e-4656-ad6e-9e94078e9be8 req-0a7b073b-fd10-42b5-8b71-c5ca4549c824 1bfd51debc0243bfa47e134af339e843 72443ec725ae45abb6554219dff3cf98 - - 96f39892b42c4814a72e6e54be96ca4d 96f39892b42c4814a72e6e54be96ca4d] 199.19.213.122 "GET /v2.0/networks/75956cf1-6bbb-411f-b8f2-defbc7050d47?fields=segments HTTP/1.1" status: 200 len: 212 time: 0.1185865
2026-06-24 19:08:06.376 10 INFO neutron.db.ovn_revision_numbers_db [None req-884a0f8c-2aa1-46d4-bfa7-65445e42ffaf - - - - - -] Successfully bumped revision number for resource b322d402-f0b4-4cb7-bb50-f3a2afc3024a (type: router_ports) to 2
2026-06-24 19:08:06.421 9 WARNING neutron.scheduler.dhcp_agent_scheduler [None req-95273535-a957-46e9-9068-85929617b021 d2a84077f97f41f1b39fb815ce5e28db 7c08f8f67fee42918f8c84c9ec525131 - - default default] No more DHCP agents
2026-06-24 19:08:06.433 9 WARNING neutron.api.rpc.agentnotifiers.dhcp_rpc_agent_api [None req-95273535-a957-46e9-9068-85929617b021 d2a84077f97f41f1b39fb815ce5e28db 7c08f8f67fee42918f8c84c9ec525131 - - default default] Unable to schedule network 135a208a-1422-4ad6-9bfe-6280acc965a4: no agents available; will retry on subsequent port and subnet creation events.
2026-06-24 19:08:06.466 10 WARNING neutron.scheduler.dhcp_agent_scheduler [None req-9cd7cc31-2340-4c37-8e07-d741eaee5155 6a0446aa060a4969a9c855a6a2b8845c dabf24bccf8d4874a1dafbbeac187f5c - - default default] No more DHCP agents
2026-06-24 19:08:06.471 10 WARNING neutron.api.rpc.agentnotifiers.dhcp_rpc_agent_api [None req-9cd7cc31-2340-4c37-8e07-d741eaee5155 6a0446aa060a4969a9c855a6a2b8845c dabf24bccf8d4874a1dafbbeac187f5c - - default default] Unable to schedule network a736d832-5f37-4c9d-8985-b7c411b3ef47: no agents available; will retry on subsequent port and subnet creation events.
2026-06-24 19:08:06.478 9 INFO neutron.wsgi [req-f40eb8e1-a13e-4656-ad6e-9e94078e9be8 req-401fb097-7ed6-4ecd-9bf8-2ca4b547a0de 1bfd51debc0243bfa47e134af339e843 72443ec725ae45abb6554219dff3cf98 - - 96f39892b42c4814a72e6e54be96ca4d 96f39892b42c4814a72e6e54be96ca4d] 199.19.213.122 "GET /v2.0/networks/75956cf1-6bbb-411f-b8f2-defbc7050d47?fields=provider%3Aphysical_network&fields=provider%3Anetwork_type HTTP/1.1" status: 200 len: 277 time: 0.0934222
2026-06-24 19:08:06.480 10 INFO neutron.db.ovn_revision_numbers_db [None req-0db38cd3-9d13-4898-ab2e-961064c0ff2a 638b622eba274535a98972a924e445a4 2e88770565a54e979a1e502e3aa35f36 - - default default] Successfully bumped revision number for resource b763580a-6aee-4063-8cbc-77e0e3e5f2fe (type: security_group_rules) to 0
2026-06-24 19:08:06.514 10 INFO neutron.wsgi [None req-0db38cd3-9d13-4898-ab2e-961064c0ff2a 638b622eba274535a98972a924e445a4 2e88770565a54e979a1e502e3aa35f36 - - default default] 10.0.0.198 "POST /v2.0/security-group-rules HTTP/1.1" status: 201 len: 763 time: 0.2764151
2026-06-24 19:08:06.514 10 INFO neutron.db.ovn_revision_numbers_db [None req-9cd7cc31-2340-4c37-8e07-d741eaee5155 6a0446aa060a4969a9c855a6a2b8845c dabf24bccf8d4874a1dafbbeac187f5c - - default default] Successfully bumped revision number for resource 7e49ec6d-2d76-408f-971d-e974dbf92704 (type: subnets) to 0
2026-06-24 19:08:06.527 10 WARNING neutron_lib.context [None req-5324124a-8390-4b1f-817d-c656b0175e29 638b622eba274535a98972a924e445a4 2e88770565a54e979a1e502e3aa35f36 - - default default] Method 'is_advsvc' is deprecated since 2023.2 release (neutron-lib 3.8.0) and will be removed once support for the old RBAC API policies will be removed from Neutron. Please use method 'is_service_role' instead.
2026-06-24 19:08:06.532 9 INFO neutron.db.ovn_revision_numbers_db [None req-95273535-a957-46e9-9068-85929617b021 d2a84077f97f41f1b39fb815ce5e28db 7c08f8f67fee42918f8c84c9ec525131 - - default default] Successfully bumped revision number for resource 1a446659-072c-4760-9af2-cc9df0a79ec7 (type: ports) to 1
2026-06-24 19:08:06.535 10 INFO neutron.wsgi [None req-9cd7cc31-2340-4c37-8e07-d741eaee5155 6a0446aa060a4969a9c855a6a2b8845c dabf24bccf8d4874a1dafbbeac187f5c - - default default] 10.0.0.198 "POST /v2.0/subnets HTTP/1.1" status: 201 len: 821 time: 0.4355836
2026-06-24 19:08:06.546 10 WARNING neutron_lib.context [None req-8eeb623f-2b7e-4d19-a98e-e7d719896cc6 6a0446aa060a4969a9c855a6a2b8845c dabf24bccf8d4874a1dafbbeac187f5c - - default default] Method 'is_advsvc' is deprecated since 2023.2 release (neutron-lib 3.8.0) and will be removed once support for the old RBAC API policies will be removed from Neutron. Please use method 'is_service_role' instead.
2026-06-24 19:08:06.567 9 INFO neutron.wsgi [None req-95273535-a957-46e9-9068-85929617b021 d2a84077f97f41f1b39fb815ce5e28db 7c08f8f67fee42918f8c84c9ec525131 - - default default] 10.0.0.198 "POST /v2.0/networks HTTP/1.1" status: 201 len: 830 time: 0.9316072
2026-06-24 19:08:06.581 9 INFO neutron.wsgi [req-310cd3c4-d54e-4ef9-a705-b852deaee245 req-58cbbc6e-0d6b-4389-8bdd-be1b2f1583c1 1bfd51debc0243bfa47e134af339e843 72443ec725ae45abb6554219dff3cf98 - - 96f39892b42c4814a72e6e54be96ca4d 96f39892b42c4814a72e6e54be96ca4d] 199.19.213.122 "GET /v2.0/ports?tenant_id=2f5f7f093f994fa4b245706c81ba8e43&device_id=1790074d-53f7-4c14-bb6e-ecfc6d388e17 HTTP/1.1" status: 200 len: 1411 time: 0.0586972
2026-06-24 19:08:06.657 9 INFO neutron.wsgi [None req-17a5407c-d9f5-4da4-a242-df8dc6ec5b48 d2a84077f97f41f1b39fb815ce5e28db 7c08f8f67fee42918f8c84c9ec525131 - - default default] 10.0.0.198 "PUT /v2.0/networks/267c3c6e-a81a-4109-9efc-6692a55c15d8/tags HTTP/1.1" status: 200 len: 210 time: 0.0819054
2026-06-24 19:08:06.672 9 INFO neutron.plugins.ml2.drivers.ovn.mech_driver.mech_driver [None req-a93d7c23-903d-4be5-a954-9f933413b3f0 - - - - - -] OVN reports status up for port: e662dbb9-7e3a-4810-8434-3b998ce4e17e
2026-06-24 19:08:06.688 9 INFO neutron.plugins.ml2.plugin [None req-a93d7c23-903d-4be5-a954-9f933413b3f0 - - - - - -] Attempt 1 to provision port e662dbb9-7e3a-4810-8434-3b998ce4e17e
2026-06-24 19:08:06.693 9 INFO neutron.wsgi [req-310cd3c4-d54e-4ef9-a705-b852deaee245 req-a78d2338-c273-4acc-bbe5-2fc6bf251d43 1bfd51debc0243bfa47e134af339e843 72443ec725ae45abb6554219dff3cf98 - - 96f39892b42c4814a72e6e54be96ca4d 96f39892b42c4814a72e6e54be96ca4d] 199.19.213.122 "GET /v2.0/networks?id=75956cf1-6bbb-411f-b8f2-defbc7050d47 HTTP/1.1" status: 200 len: 970 time: 0.1009345
2026-06-24 19:08:06.710 10 INFO neutron.db.ovn_revision_numbers_db [None req-8eeb623f-2b7e-4d19-a98e-e7d719896cc6 6a0446aa060a4969a9c855a6a2b8845c dabf24bccf8d4874a1dafbbeac187f5c - - default default] Successfully bumped revision number for resource eb77606b-2cc4-4e0d-99ec-506662a9e3b8 (type: routers) to 1
2026-06-24 19:08:06.723 9 INFO neutron.wsgi [req-310cd3c4-d54e-4ef9-a705-b852deaee245 req-8d2d703b-e767-43b0-847e-1f51c05bcefa 1bfd51debc0243bfa47e134af339e843 72443ec725ae45abb6554219dff3cf98 - - 96f39892b42c4814a72e6e54be96ca4d 96f39892b42c4814a72e6e54be96ca4d] 199.19.213.122 "GET /v2.0/floatingips?fixed_ip_address=10.100.0.13&port_id=e662dbb9-7e3a-4810-8434-3b998ce4e17e HTTP/1.1" status: 200 len: 217 time: 0.0234644
2026-06-24 19:08:06.739 10 INFO neutron.wsgi [None req-8eeb623f-2b7e-4d19-a98e-e7d719896cc6 6a0446aa060a4969a9c855a6a2b8845c dabf24bccf8d4874a1dafbbeac187f5c - - default default] 10.0.0.198 "POST /v2.0/routers HTTP/1.1" status: 201 len: 691 time: 0.1970963
2026-06-24 19:08:06.740 10 INFO neutron.wsgi [None req-66ccd803-c2c7-47b3-8d0c-b83db006b5be d2a84077f97f41f1b39fb815ce5e28db 7c08f8f67fee42918f8c84c9ec525131 - - default default] 10.0.0.198 "PUT /v2.0/networks/b22429d4-85a0-4c8c-bd30-38a3f4d32144/tags HTTP/1.1" status: 200 len: 218 time: 0.0786061
2026-06-24 19:08:06.741 10 INFO neutron.db.ovn_revision_numbers_db [None req-5324124a-8390-4b1f-817d-c656b0175e29 638b622eba274535a98972a924e445a4 2e88770565a54e979a1e502e3aa35f36 - - default default] Successfully bumped revision number for resource 6e546eef-52c1-40ac-83d7-4abff8d8bf47 (type: security_group_rules) to 0
2026-06-24 19:08:06.750 10 WARNING neutron_lib.context [None req-ab357f67-2d1e-42af-82ce-fec2a10423e7 6a0446aa060a4969a9c855a6a2b8845c dabf24bccf8d4874a1dafbbeac187f5c - - default default] Method 'is_advsvc' is deprecated since 2023.2 release (neutron-lib 3.8.0) and will be removed once support for the old RBAC API policies will be removed from Neutron. Please use method 'is_service_role' instead.
2026-06-24 19:08:06.770 9 INFO neutron.wsgi [req-310cd3c4-d54e-4ef9-a705-b852deaee245 req-20807cd4-08ab-4f1c-8be9-05ea493c868a 1bfd51debc0243bfa47e134af339e843 72443ec725ae45abb6554219dff3cf98 - - 96f39892b42c4814a72e6e54be96ca4d 96f39892b42c4814a72e6e54be96ca4d] 199.19.213.122 "GET /v2.0/subnets?id=61edaf13-707c-46d5-b7dc-2b40839e1176 HTTP/1.1" status: 200 len: 865 time: 0.0426173
2026-06-24 19:08:06.789 10 INFO neutron.wsgi [None req-5324124a-8390-4b1f-817d-c656b0175e29 638b622eba274535a98972a924e445a4 2e88770565a54e979a1e502e3aa35f36 - - default default] 10.0.0.198 "POST /v2.0/security-group-rules HTTP/1.1" status: 201 len: 769 time: 0.2673330
2026-06-24 19:08:06.800 9 WARNING neutron_lib.context [None req-8f0f60e1-52fe-41d5-b6db-dab82b6cc508 638b622eba274535a98972a924e445a4 2e88770565a54e979a1e502e3aa35f36 - - default default] Method 'is_advsvc' is deprecated since 2023.2 release (neutron-lib 3.8.0) and will be removed once support for the old RBAC API policies will be removed from Neutron. Please use method 'is_service_role' instead.
2026-06-24 19:08:06.804 9 INFO neutron.wsgi [req-310cd3c4-d54e-4ef9-a705-b852deaee245 req-152af1aa-8f20-46d4-ac3b-da7ef3394c7d 1bfd51debc0243bfa47e134af339e843 72443ec725ae45abb6554219dff3cf98 - - 96f39892b42c4814a72e6e54be96ca4d 96f39892b42c4814a72e6e54be96ca4d] 199.19.213.122 "GET /v2.0/ports?network_id=75956cf1-6bbb-411f-b8f2-defbc7050d47&device_owner=network%3Adhcp HTTP/1.1" status: 200 len: 210 time: 0.0283995
2026-06-24 19:08:06.830 10 INFO neutron.wsgi [None req-a039897c-6e7c-4686-8381-7c0cd4ddb6e5 d2a84077f97f41f1b39fb815ce5e28db 7c08f8f67fee42918f8c84c9ec525131 - - default default] 10.0.0.198 "PUT /v2.0/networks/196fe3e9-6875-4a80-a45b-98e0373f799b/tags HTTP/1.1" status: 200 len: 227 time: 0.0665884
2026-06-24 19:08:06.890 10 INFO neutron.wsgi [None req-4195919e-78a3-4b19-8103-503ca3eafd03 d2a84077f97f41f1b39fb815ce5e28db 7c08f8f67fee42918f8c84c9ec525131 - - default default] 10.0.0.198 "PUT /v2.0/networks/386dc6cb-aba5-43ec-8ab4-e7b9e7e268d6/tags HTTP/1.1" status: 200 len: 212 time: 0.0542336
2026-06-24 19:08:06.917 9 INFO neutron.wsgi [req-310cd3c4-d54e-4ef9-a705-b852deaee245 req-6628b919-1645-412c-b173-0fbcc6465ccd 1bfd51debc0243bfa47e134af339e843 72443ec725ae45abb6554219dff3cf98 - - 96f39892b42c4814a72e6e54be96ca4d 96f39892b42c4814a72e6e54be96ca4d] 199.19.213.122 "GET /v2.0/networks/75956cf1-6bbb-411f-b8f2-defbc7050d47?fields=segments HTTP/1.1" status: 200 len: 212 time: 0.1027777
2026-06-24 19:08:07.005 9 INFO neutron.wsgi [None req-85cdeaca-8733-4877-a1fb-4c72c28f1b2f d2a84077f97f41f1b39fb815ce5e28db 7c08f8f67fee42918f8c84c9ec525131 - - default default] 10.0.0.198 "GET /v2.0/networks?tags=red HTTP/1.1" status: 200 len: 2068 time: 0.1062992
2026-06-24 19:08:07.054 9 INFO neutron.wsgi [req-310cd3c4-d54e-4ef9-a705-b852deaee245 req-e3b80d09-873d-436c-8b43-42a60b62000f 1bfd51debc0243bfa47e134af339e843 72443ec725ae45abb6554219dff3cf98 - - 96f39892b42c4814a72e6e54be96ca4d 96f39892b42c4814a72e6e54be96ca4d] 199.19.213.122 "GET /v2.0/networks/75956cf1-6bbb-411f-b8f2-defbc7050d47?fields=provider%3Aphysical_network&fields=provider%3Anetwork_type HTTP/1.1" status: 200 len: 277 time: 0.1218672
2026-06-24 19:08:07.113 9 INFO neutron.db.ovn_revision_numbers_db [None req-8f0f60e1-52fe-41d5-b6db-dab82b6cc508 638b622eba274535a98972a924e445a4 2e88770565a54e979a1e502e3aa35f36 - - default default] Successfully bumped revision number for resource 08aacbe0-7965-46ed-9518-c8018ac55a74 (type: security_group_rules) to 0
2026-06-24 19:08:07.121 10 INFO neutron.wsgi [None req-26814cd4-5c67-4f0c-ba51-e35082d23a02 d2a84077f97f41f1b39fb815ce5e28db 7c08f8f67fee42918f8c84c9ec525131 - - default default] 10.0.0.198 "GET /v2.0/networks?tags=red%2Cblue HTTP/1.1" status: 200 len: 1456 time: 0.1093540
2026-06-24 19:08:07.142 9 INFO neutron.db.ovn_revision_numbers_db [None req-a93d7c23-903d-4be5-a954-9f933413b3f0 - - - - - -] Successfully bumped revision number for resource e662dbb9-7e3a-4810-8434-3b998ce4e17e (type: ports) to 4
2026-06-24 19:08:07.156 9 INFO neutron.wsgi [None req-8f0f60e1-52fe-41d5-b6db-dab82b6cc508 638b622eba274535a98972a924e445a4 2e88770565a54e979a1e502e3aa35f36 - - default default] 10.0.0.198 "POST /v2.0/security-group-rules HTTP/1.1" status: 201 len: 768 time: 0.3599269 /var/lib/openstack/lib/python3.10/site-packages/pycadf/identifier.py:71: UserWarning: Invalid uuid: neutron. To ensure interoperability, identifiers should be a valid uuid. warnings.warn(('Invalid uuid: %s. To ensure interoperability, '
2026-06-24 19:08:07.174 10 WARNING neutron_lib.context [None req-61eaeea7-41e3-4df4-a43b-54fa4e580a49 638b622eba274535a98972a924e445a4 2e88770565a54e979a1e502e3aa35f36 - - default default] Method 'is_advsvc' is deprecated since 2023.2 release (neutron-lib 3.8.0) and will be removed once support for the old RBAC API policies will be removed from Neutron. Please use method 'is_service_role' instead.
2026-06-24 19:08:07.193 10 WARNING neutron.scheduler.dhcp_agent_scheduler [None req-ab357f67-2d1e-42af-82ce-fec2a10423e7 6a0446aa060a4969a9c855a6a2b8845c dabf24bccf8d4874a1dafbbeac187f5c - - default default] No more DHCP agents
2026-06-24 19:08:07.196 10 WARNING neutron.api.rpc.agentnotifiers.dhcp_rpc_agent_api [None req-ab357f67-2d1e-42af-82ce-fec2a10423e7 6a0446aa060a4969a9c855a6a2b8845c dabf24bccf8d4874a1dafbbeac187f5c - - default default] Unable to schedule network a736d832-5f37-4c9d-8985-b7c411b3ef47: no agents available; will retry on subsequent port and subnet creation events.
2026-06-24 19:08:07.215 10 INFO neutron.db.securitygroups_db [None req-61eaeea7-41e3-4df4-a43b-54fa4e580a49 638b622eba274535a98972a924e445a4 2e88770565a54e979a1e502e3aa35f36 - - default default] Project 2e88770565a54e979a1e502e3aa35f36 added a security group rule with legacy IPv6 ICMP protocol name icmp, ipv6-icmp should be used instead. It was automatically converted.
2026-06-24 19:08:07.223 9 INFO neutron.wsgi [None req-3dc96502-2416-4fa9-bdb5-54708a1ff1ca d2a84077f97f41f1b39fb815ce5e28db 7c08f8f67fee42918f8c84c9ec525131 - - default default] 10.0.0.198 "GET /v2.0/networks?tags-any=blue HTTP/1.1" status: 200 len: 1456 time: 0.0936022 /var/lib/openstack/lib/python3.10/site-packages/pycadf/identifier.py:71: UserWarning: Invalid uuid: neutron. To ensure interoperability, identifiers should be a valid uuid. warnings.warn(('Invalid uuid: %s. To ensure interoperability, '
2026-06-24 19:08:07.282 9 INFO neutron.wsgi [None req-2afc97d4-3979-4381-bc0f-336394731555 d2a84077f97f41f1b39fb815ce5e28db 7c08f8f67fee42918f8c84c9ec525131 - - default default] 10.0.0.198 "GET /v2.0/networks?tags-any=red%2Cblue HTTP/1.1" status: 200 len: 2068 time: 0.0520806
2026-06-24 19:08:07.350 10 INFO neutron.db.ovn_revision_numbers_db [None req-ab357f67-2d1e-42af-82ce-fec2a10423e7 6a0446aa060a4969a9c855a6a2b8845c dabf24bccf8d4874a1dafbbeac187f5c - - default default] Successfully bumped revision number for resource 1da051b6-da79-45f0-ae96-664c5657e2ae (type: ports) to 1
2026-06-24 19:08:07.378 10 INFO neutron.db.ovn_revision_numbers_db [None req-61eaeea7-41e3-4df4-a43b-54fa4e580a49 638b622eba274535a98972a924e445a4 2e88770565a54e979a1e502e3aa35f36 - - default default] Successfully bumped revision number for resource 2c122b52-d69b-4fef-b984-b3652f4a0b71 (type: security_group_rules) to 0
2026-06-24 19:08:07.401 10 INFO neutron.wsgi [None req-ab357f67-2d1e-42af-82ce-fec2a10423e7 6a0446aa060a4969a9c855a6a2b8845c dabf24bccf8d4874a1dafbbeac187f5c - - default default] 10.0.0.198 "POST /v2.0/ports HTTP/1.1" status: 201 len: 1163 time: 0.6571085
2026-06-24 19:08:07.405 10 INFO neutron.wsgi [None req-61eaeea7-41e3-4df4-a43b-54fa4e580a49 638b622eba274535a98972a924e445a4 2e88770565a54e979a1e502e3aa35f36 - - default default] 10.0.0.198 "POST /v2.0/security-group-rules HTTP/1.1" status: 201 len: 774 time: 0.2373607 /var/lib/openstack/lib/python3.10/site-packages/pycadf/identifier.py:71: UserWarning: Invalid uuid: neutron. To ensure interoperability, identifiers should be a valid uuid. warnings.warn(('Invalid uuid: %s. To ensure interoperability, '
2026-06-24 19:08:07.411 9 INFO neutron.wsgi [None req-b0fb6da3-af3d-45c1-9934-7810263c8501 d2a84077f97f41f1b39fb815ce5e28db 7c08f8f67fee42918f8c84c9ec525131 - - default default] 10.0.0.198 "GET /v2.0/networks?not-tags=red HTTP/1.1" status: 200 len: 2068 time: 0.1209652
2026-06-24 19:08:07.416 9 WARNING neutron_lib.context [None req-5212765e-3463-4024-9b89-064b9c49b241 638b622eba274535a98972a924e445a4 2e88770565a54e979a1e502e3aa35f36 - - default default] Method 'is_advsvc' is deprecated since 2023.2 release (neutron-lib 3.8.0) and will be removed once support for the old RBAC API policies will be removed from Neutron. Please use method 'is_service_role' instead.
2026-06-24 19:08:07.465 9 INFO neutron.db.securitygroups_db [None req-5212765e-3463-4024-9b89-064b9c49b241 638b622eba274535a98972a924e445a4 2e88770565a54e979a1e502e3aa35f36 - - default default] Project 2e88770565a54e979a1e502e3aa35f36 added a security group rule with legacy IPv6 ICMP protocol name icmp, ipv6-icmp should be used instead. It was automatically converted.
2026-06-24 19:08:07.757 9 INFO neutron.wsgi [req-6b6c15c2-92b9-43d5-87ca-bf790b1fc026 req-b38e8284-aad3-4b61-8629-ac01d1cf1ab0 decef7f1a0244d65b92fdf9639c31cc6 2f5f7f093f994fa4b245706c81ba8e43 - - default default] 10.0.0.47 "GET /v2.0/ports?device_id=1790074d-53f7-4c14-bb6e-ecfc6d388e17 HTTP/1.1" status: 200 len: 1174 time: 0.4137347
2026-06-24 19:08:07.788 9 INFO neutron.wsgi [None req-e128809c-39d9-4323-a9b7-4cfaf714bdd3 d2a84077f97f41f1b39fb815ce5e28db 7c08f8f67fee42918f8c84c9ec525131 - - default default] 10.0.0.198 "GET /v2.0/networks?not-tags=red%2Cblue HTTP/1.1" status: 200 len: 2680 time: 0.3684342
2026-06-24 19:08:07.798 10 INFO neutron.db.ovn_revision_numbers_db [None req-9a352aad-80b2-41d9-bde5-0d0ddb52af56 6a0446aa060a4969a9c855a6a2b8845c dabf24bccf8d4874a1dafbbeac187f5c - - default default] Successfully bumped revision number for resource 1da051b6-da79-45f0-ae96-664c5657e2ae (type: router_ports) to 2
2026-06-24 19:08:07.887 9 INFO neutron.wsgi [req-6b6c15c2-92b9-43d5-87ca-bf790b1fc026 req-c1ef2391-c463-40a2-b635-45c4ea09a2aa decef7f1a0244d65b92fdf9639c31cc6 2f5f7f093f994fa4b245706c81ba8e43 - - default default] 10.0.0.47 "GET /v2.0/security-groups?id=c9d6b2bc-6dd9-4291-b85c-032781d7f39e&fields=id&fields=name HTTP/1.1" status: 200 len: 286 time: 0.1209116
2026-06-24 19:08:07.933 9 INFO neutron.wsgi [None req-99e94522-e111-4515-b5f5-d1fbd971824a d2a84077f97f41f1b39fb815ce5e28db 7c08f8f67fee42918f8c84c9ec525131 - - default default] 10.0.0.198 "GET /v2.0/networks?not-tags-any=blue HTTP/1.1" status: 200 len: 2680 time: 0.1357901 /var/lib/openstack/lib/python3.10/site-packages/pycadf/identifier.py:71: UserWarning: Invalid uuid: neutron. To ensure interoperability, identifiers should be a valid uuid. warnings.warn(('Invalid uuid: %s. To ensure interoperability, '
