2026-06-24 19:06:25.680 10 INFO neutron.db.ovn_revision_numbers_db [None req-4ea5a688-fb9c-4655-9211-ffd1db5be874 a8a7de7117fb409b9a502b48744ef2cf f8b25b63beb84fa2ada4f999d2568fdb - - default default] Successfully bumped revision number for resource e14bba3b-3e97-4c53-87bb-8caeceecf1f5 (type: security_groups) to 1
2026-06-24 19:06:25.686 9 INFO neutron.wsgi [req-fa83d303-0aed-481d-ad43-fd9ab3507f84 req-afba6cf1-de2c-41b4-8ccf-c167b0a9cd15 6c988dd0c7804dcc849f973279b7f6f7 ab1efb58ad4d4559ac221b971a1a4c41 - - default default] 10.0.0.47 "GET /v2.0/ports?device_id=519ec3a2-d924-4b4b-aa9f-645dddc3d9f7 HTTP/1.1" status: 200 len: 210 time: 0.0244164
2026-06-24 19:06:25.692 9 INFO neutron.db.ovn_revision_numbers_db [None req-bb1e8ac0-2087-421e-b4d9-527f34009422 a8a7de7117fb409b9a502b48744ef2cf f8b25b63beb84fa2ada4f999d2568fdb - - default default] Successfully bumped revision number for resource a4ebd82c-8098-44a1-9202-fccff4a290d3 (type: security_groups) to 1
2026-06-24 19:06:25.695 10 INFO neutron.db.ovn_revision_numbers_db [None req-4ea5a688-fb9c-4655-9211-ffd1db5be874 a8a7de7117fb409b9a502b48744ef2cf f8b25b63beb84fa2ada4f999d2568fdb - - default default] Successfully bumped revision number for resource 2e10a28b-48ca-48ee-accc-3fa1008eebee (type: security_group_rules) to 0
2026-06-24 19:06:25.708 10 INFO neutron.db.ovn_revision_numbers_db [None req-4ea5a688-fb9c-4655-9211-ffd1db5be874 a8a7de7117fb409b9a502b48744ef2cf f8b25b63beb84fa2ada4f999d2568fdb - - default default] Successfully bumped revision number for resource 4592494e-3c20-4532-bf57-0ebac6b93ec6 (type: security_group_rules) to 0
2026-06-24 19:06:25.715 9 INFO neutron.db.ovn_revision_numbers_db [None req-bb1e8ac0-2087-421e-b4d9-527f34009422 a8a7de7117fb409b9a502b48744ef2cf f8b25b63beb84fa2ada4f999d2568fdb - - default default] Successfully bumped revision number for resource 81d06c24-9067-4861-98f8-bd365db13b81 (type: security_group_rules) to 0
2026-06-24 19:06:25.725 10 INFO neutron.db.ovn_revision_numbers_db [None req-4ea5a688-fb9c-4655-9211-ffd1db5be874 a8a7de7117fb409b9a502b48744ef2cf f8b25b63beb84fa2ada4f999d2568fdb - - default default] Successfully bumped revision number for resource 70a9bb8e-6a25-4fc0-b0c8-98b1c6a1038d (type: security_group_rules) to 0
2026-06-24 19:06:25.730 9 INFO neutron.db.ovn_revision_numbers_db [None req-bb1e8ac0-2087-421e-b4d9-527f34009422 a8a7de7117fb409b9a502b48744ef2cf f8b25b63beb84fa2ada4f999d2568fdb - - default default] Successfully bumped revision number for resource 91c7a993-09e2-4e1c-a155-3f2efaa6315b (type: security_group_rules) to 0
2026-06-24 19:06:25.739 10 INFO neutron.db.ovn_revision_numbers_db [None req-4ea5a688-fb9c-4655-9211-ffd1db5be874 a8a7de7117fb409b9a502b48744ef2cf f8b25b63beb84fa2ada4f999d2568fdb - - default default] Successfully bumped revision number for resource f6e66275-0df7-46e3-9d76-0fa0951e0382 (type: security_group_rules) to 0
2026-06-24 19:06:25.742 9 INFO neutron.db.ovn_revision_numbers_db [None req-bb1e8ac0-2087-421e-b4d9-527f34009422 a8a7de7117fb409b9a502b48744ef2cf f8b25b63beb84fa2ada4f999d2568fdb - - default default] Successfully bumped revision number for resource 9ce69221-ac64-4a31-ae9c-e44cfddaa6ab (type: security_group_rules) to 0
2026-06-24 19:06:25.753 9 INFO neutron.db.ovn_revision_numbers_db [None req-bb1e8ac0-2087-421e-b4d9-527f34009422 a8a7de7117fb409b9a502b48744ef2cf f8b25b63beb84fa2ada4f999d2568fdb - - default default] Successfully bumped revision number for resource ec153cd5-2c7b-4d47-b5e5-38e43c28e502 (type: security_group_rules) to 0
2026-06-24 19:06:25.763 10 INFO neutron.wsgi [None req-4ea5a688-fb9c-4655-9211-ffd1db5be874 a8a7de7117fb409b9a502b48744ef2cf f8b25b63beb84fa2ada4f999d2568fdb - - default default] 10.0.0.198 "GET /v2.0/security-groups?tenant_id=d604560d324d427a87016fbac3d29bcc&name=default HTTP/1.1" status: 200 len: 2996 time: 0.3576565
2026-06-24 19:06:25.779 9 INFO neutron.wsgi [None req-bb1e8ac0-2087-421e-b4d9-527f34009422 a8a7de7117fb409b9a502b48744ef2cf f8b25b63beb84fa2ada4f999d2568fdb - - default default] 10.0.0.198 "GET /v2.0/security-groups?tenant_id=7ae8f9ed08084aa58d69d75f9831353c&name=default HTTP/1.1" status: 200 len: 2996 time: 0.2888615
2026-06-24 19:06:25.946 9 INFO neutron.wsgi [req-c698be15-ff4f-47fe-a887-8da982e3eb70 req-37d5dbdc-277e-45f9-9edd-d1ce94ddae22 1bfd51debc0243bfa47e134af339e843 72443ec725ae45abb6554219dff3cf98 - - 96f39892b42c4814a72e6e54be96ca4d 96f39892b42c4814a72e6e54be96ca4d] 199.19.213.122 "GET /v2.0/ports?device_id=39935e12-032c-47a0-8552-b73ee4ea9ba3&fields=binding%3Ahost_id&fields=binding%3Avif_type HTTP/1.1" status: 200 len: 265 time: 0.0377808
2026-06-24 19:06:25.962 10 INFO neutron.wsgi [None req-25397999-6075-4632-9fd8-4f8eb8f3b328 a8a7de7117fb409b9a502b48744ef2cf f8b25b63beb84fa2ada4f999d2568fdb - - default default] 10.0.0.198 "DELETE /v2.0/security-groups/e14bba3b-3e97-4c53-87bb-8caeceecf1f5 HTTP/1.1" status: 204 len: 168 time: 0.1936533
2026-06-24 19:06:25.997 9 INFO neutron.wsgi [None req-73ad448c-9c6b-4a50-8c9f-8e25f6986c55 a8a7de7117fb409b9a502b48744ef2cf f8b25b63beb84fa2ada4f999d2568fdb - - default default] 10.0.0.198 "DELETE /v2.0/security-groups/a4ebd82c-8098-44a1-9202-fccff4a290d3 HTTP/1.1" status: 204 len: 168 time: 0.2133908
2026-06-24 19:06:26.020 9 INFO neutron.wsgi [req-c698be15-ff4f-47fe-a887-8da982e3eb70 req-fb080bb8-6b12-4a59-9314-21ab4b446954 1bfd51debc0243bfa47e134af339e843 72443ec725ae45abb6554219dff3cf98 - - 96f39892b42c4814a72e6e54be96ca4d 96f39892b42c4814a72e6e54be96ca4d] 199.19.213.122 "GET /v2.0/ports?tenant_id=dc127c35d27246bb8a2ca856fa70146f&device_id=39935e12-032c-47a0-8552-b73ee4ea9ba3 HTTP/1.1" status: 200 len: 1409 time: 0.0355330
2026-06-24 19:06:26.095 9 INFO neutron.wsgi [req-c698be15-ff4f-47fe-a887-8da982e3eb70 req-86857fab-8fb2-4d25-960a-7154856a47ee 1bfd51debc0243bfa47e134af339e843 72443ec725ae45abb6554219dff3cf98 - - 96f39892b42c4814a72e6e54be96ca4d 96f39892b42c4814a72e6e54be96ca4d] 199.19.213.122 "GET /v2.0/networks?id=53e048c3-a61a-469a-988d-932db4957919 HTTP/1.1" status: 200 len: 973 time: 0.0548072
2026-06-24 19:06:26.158 9 INFO neutron.wsgi [req-c698be15-ff4f-47fe-a887-8da982e3eb70 req-0924381a-6c64-4380-b89e-ab1e6bde60de 1bfd51debc0243bfa47e134af339e843 72443ec725ae45abb6554219dff3cf98 - - 96f39892b42c4814a72e6e54be96ca4d 96f39892b42c4814a72e6e54be96ca4d] 199.19.213.122 "GET /v2.0/floatingips?fixed_ip_address=10.100.0.4&port_id=6e40ad1e-5632-46af-94d1-8885724150d2 HTTP/1.1" status: 200 len: 1059 time: 0.0575123
2026-06-24 19:06:26.201 9 INFO neutron.wsgi [req-c698be15-ff4f-47fe-a887-8da982e3eb70 req-e0e7b331-303f-4460-b7b8-43d0e356029e 1bfd51debc0243bfa47e134af339e843 72443ec725ae45abb6554219dff3cf98 - - 96f39892b42c4814a72e6e54be96ca4d 96f39892b42c4814a72e6e54be96ca4d] 199.19.213.122 "GET /v2.0/subnets?id=2cfd6193-ce34-46ee-a859-31bab3ca70ba HTTP/1.1" status: 200 len: 868 time: 0.0345180
2026-06-24 19:06:26.225 10 INFO neutron.db.ovn_revision_numbers_db [None req-a5bd411e-69e9-4c5e-b657-45cedb5c5ced a8a7de7117fb409b9a502b48744ef2cf f8b25b63beb84fa2ada4f999d2568fdb - - default default] Successfully bumped revision number for resource 410af5b0-99cc-4b99-b21a-ec6409670356 (type: security_groups) to 1
2026-06-24 19:06:26.239 10 INFO neutron.db.ovn_revision_numbers_db [None req-a5bd411e-69e9-4c5e-b657-45cedb5c5ced a8a7de7117fb409b9a502b48744ef2cf f8b25b63beb84fa2ada4f999d2568fdb - - default default] Successfully bumped revision number for resource 3b180dea-ea14-4f28-a1f3-4d26b8203078 (type: security_group_rules) to 0
2026-06-24 19:06:26.241 9 INFO neutron.wsgi [req-c698be15-ff4f-47fe-a887-8da982e3eb70 req-df16a573-331c-441a-b650-4ad341f48027 1bfd51debc0243bfa47e134af339e843 72443ec725ae45abb6554219dff3cf98 - - 96f39892b42c4814a72e6e54be96ca4d 96f39892b42c4814a72e6e54be96ca4d] 199.19.213.122 "GET /v2.0/ports?network_id=53e048c3-a61a-469a-988d-932db4957919&device_owner=network%3Adhcp HTTP/1.1" status: 200 len: 210 time: 0.0263145
2026-06-24 19:06:26.259 10 INFO neutron.db.ovn_revision_numbers_db [None req-a5bd411e-69e9-4c5e-b657-45cedb5c5ced a8a7de7117fb409b9a502b48744ef2cf f8b25b63beb84fa2ada4f999d2568fdb - - default default] Successfully bumped revision number for resource 8904815e-b808-4ed3-8759-bcfa3eebbc1e (type: security_group_rules) to 0
2026-06-24 19:06:26.283 10 INFO neutron.db.ovn_revision_numbers_db [None req-a5bd411e-69e9-4c5e-b657-45cedb5c5ced a8a7de7117fb409b9a502b48744ef2cf f8b25b63beb84fa2ada4f999d2568fdb - - default default] Successfully bumped revision number for resource 951ef01e-455a-40bb-bd81-5123b75dd51c (type: security_group_rules) to 0
2026-06-24 19:06:26.295 10 INFO neutron.db.ovn_revision_numbers_db [None req-a5bd411e-69e9-4c5e-b657-45cedb5c5ced a8a7de7117fb409b9a502b48744ef2cf f8b25b63beb84fa2ada4f999d2568fdb - - default default] Successfully bumped revision number for resource de0c44f1-58ea-48aa-a160-b4f62e3f5b71 (type: security_group_rules) to 0
2026-06-24 19:06:26.314 10 INFO neutron.wsgi [None req-a5bd411e-69e9-4c5e-b657-45cedb5c5ced a8a7de7117fb409b9a502b48744ef2cf f8b25b63beb84fa2ada4f999d2568fdb - - default default] 10.0.0.198 "GET /v2.0/security-groups?tenant_id=4bdd6544f33a4c9f942ac532ee7656b0&name=default HTTP/1.1" status: 200 len: 2996 time: 0.2016408
2026-06-24 19:06:26.315 9 INFO neutron.wsgi [req-c698be15-ff4f-47fe-a887-8da982e3eb70 req-bc2499ac-4e15-44a2-a01e-fab5a79891e6 1bfd51debc0243bfa47e134af339e843 72443ec725ae45abb6554219dff3cf98 - - 96f39892b42c4814a72e6e54be96ca4d 96f39892b42c4814a72e6e54be96ca4d] 199.19.213.122 "GET /v2.0/networks/53e048c3-a61a-469a-988d-932db4957919?fields=segments HTTP/1.1" status: 200 len: 212 time: 0.0660074
2026-06-24 19:06:26.373 9 INFO neutron.wsgi [req-c698be15-ff4f-47fe-a887-8da982e3eb70 req-3409e14f-7b72-4301-81c0-e539c184f51f 1bfd51debc0243bfa47e134af339e843 72443ec725ae45abb6554219dff3cf98 - - 96f39892b42c4814a72e6e54be96ca4d 96f39892b42c4814a72e6e54be96ca4d] 199.19.213.122 "GET /v2.0/networks/53e048c3-a61a-469a-988d-932db4957919?fields=provider%3Aphysical_network&fields=provider%3Anetwork_type HTTP/1.1" status: 200 len: 277 time: 0.0512784
2026-06-24 19:06:26.514 10 INFO neutron.wsgi [None req-e309c1c4-4814-4cfb-a34a-1ef799f1e0d2 a8a7de7117fb409b9a502b48744ef2cf f8b25b63beb84fa2ada4f999d2568fdb - - default default] 10.0.0.198 "DELETE /v2.0/security-groups/410af5b0-99cc-4b99-b21a-ec6409670356 HTTP/1.1" status: 204 len: 168 time: 0.1930323
2026-06-24 19:06:26.735 9 INFO neutron.notifiers.nova [-] Nova event matching ['req-f0e7a3a9-49a6-49e7-98dc-5a069c54c489'] response: {'server_uuid': '519ec3a2-d924-4b4b-aa9f-645dddc3d9f7', 'name': 'network-vif-plugged', 'status': 'completed', 'tag': 'a16f58ef-903e-45a0-891e-21c10d6b1728', 'code': 200}
2026-06-24 19:06:26.735 9 INFO neutron.notifiers.nova [-] Nova event matching ['req-f0e7a3a9-49a6-49e7-98dc-5a069c54c489'] response: {'server_uuid': '519ec3a2-d924-4b4b-aa9f-645dddc3d9f7', 'name': 'network-vif-deleted', 'tag': 'a16f58ef-903e-45a0-891e-21c10d6b1728', 'status': 'completed', 'code': 200}
2026-06-24 19:06:26.907 10 INFO neutron.wsgi [None req-2a238431-07a1-4d39-92bc-8c3cce9dc231 6c988dd0c7804dcc849f973279b7f6f7 ab1efb58ad4d4559ac221b971a1a4c41 - - default default] 10.0.0.198 "DELETE /v2.0/security-groups/86683e2b-aed8-4083-bb5d-784753b1e724 HTTP/1.1" status: 204 len: 168 time: 0.1283031
2026-06-24 19:06:26.932 10 INFO neutron.api.v2.resource [None req-d5c05755-f3e6-4893-a236-ef5640b08340 6c988dd0c7804dcc849f973279b7f6f7 ab1efb58ad4d4559ac221b971a1a4c41 - - default default] show failed (client error): The resource could not be found.
2026-06-24 19:06:26.933 10 INFO neutron.wsgi [None req-d5c05755-f3e6-4893-a236-ef5640b08340 6c988dd0c7804dcc849f973279b7f6f7 ab1efb58ad4d4559ac221b971a1a4c41 - - default default] 10.0.0.198 "GET /v2.0/security-groups/86683e2b-aed8-4083-bb5d-784753b1e724 HTTP/1.1" status: 404 len: 347 time: 0.0101714
2026-06-24 19:06:27.265 10 INFO neutron.wsgi [None req-c67df99c-1059-49c8-bc8d-0a9fdd3da064 6c988dd0c7804dcc849f973279b7f6f7 ab1efb58ad4d4559ac221b971a1a4c41 - - default default] 10.0.0.198 "DELETE /v2.0/floatingips/5dc9c9e8-d321-4dec-afe0-095e02cf11b6 HTTP/1.1" status: 204 len: 168 time: 0.3267822
2026-06-24 19:06:28.364 9 INFO neutron.wsgi [None req-d536e7cf-473c-4f5f-a812-893da8933a3d a8a7de7117fb409b9a502b48744ef2cf f8b25b63beb84fa2ada4f999d2568fdb - - default default] 10.0.0.198 "PUT /v2.0/routers/380f24be-cfe9-4644-b414-00decd0dc156/remove_router_interface HTTP/1.1" status: 200 len: 503 time: 1.0110795 /var/lib/openstack/lib/python3.10/site-packages/pycadf/identifier.py:71: UserWarning: Invalid uuid: neutron. To ensure interoperability, identifiers should be a valid uuid. warnings.warn(('Invalid uuid: %s. To ensure interoperability, '
2026-06-24 19:06:28.636 10 INFO neutron.wsgi [req-ba22197a-b2c1-4f33-a0eb-8e61c56b7944 req-99c9bc78-d985-4d43-88c1-8876b9cf3509 1bfd51debc0243bfa47e134af339e843 72443ec725ae45abb6554219dff3cf98 - - 96f39892b42c4814a72e6e54be96ca4d 96f39892b42c4814a72e6e54be96ca4d] 10.0.0.80 "GET /v2.0/ports?device_id=39935e12-032c-47a0-8552-b73ee4ea9ba3 HTTP/1.1" status: 200 len: 1409 time: 0.2128563
2026-06-24 19:06:28.687 10 INFO neutron.wsgi [req-ba22197a-b2c1-4f33-a0eb-8e61c56b7944 req-e0e9c247-bc7d-4c84-ae24-c7751550e7f0 1bfd51debc0243bfa47e134af339e843 72443ec725ae45abb6554219dff3cf98 - - 96f39892b42c4814a72e6e54be96ca4d 96f39892b42c4814a72e6e54be96ca4d] 10.0.0.80 "GET /v2.0/security-groups?id=f1b4c274-bdec-4109-822f-55cee9007707&fields=id&fields=name HTTP/1.1" status: 200 len: 313 time: 0.0450552
2026-06-24 19:06:29.563 9 INFO neutron.wsgi [None req-4347c85b-b92d-46d0-b18f-ffc8f186d4aa a8a7de7117fb409b9a502b48744ef2cf f8b25b63beb84fa2ada4f999d2568fdb - - default default] 10.0.0.198 "DELETE /v2.0/routers/380f24be-cfe9-4644-b414-00decd0dc156 HTTP/1.1" status: 204 len: 168 time: 1.1957419
2026-06-24 19:06:29.749 9 INFO neutron.wsgi [None req-db1a4ac8-84a4-4ade-a671-63fcbf40eda8 a8a7de7117fb409b9a502b48744ef2cf f8b25b63beb84fa2ada4f999d2568fdb - - default default] 10.0.0.198 "DELETE /v2.0/subnets/e66e13c0-9085-441c-8b31-cda37d0ddea1 HTTP/1.1" status: 204 len: 168 time: 0.1809988
2026-06-24 19:06:30.084 9 INFO neutron.services.segments.plugin [-] Segment 59cf17c2-5de3-41a5-b350-0c7653157c25 resource provider aggregate not found
2026-06-24 19:06:30.088 9 INFO neutron.services.segments.plugin [-] Segment 59cf17c2-5de3-41a5-b350-0c7653157c25 resource provider aggregate not found
2026-06-24 19:06:30.103 9 INFO neutron.services.segments.plugin [-] Segment 59cf17c2-5de3-41a5-b350-0c7653157c25 resource provider not found; error: Placement Client Error (4xx): {"errors": [{"status": 404, "title": "Not Found", "detail": "The resource could not be found.\n\n No resource provider with uuid 59cf17c2-5de3-41a5-b350-0c7653157c25 found for delete ", "request_id": "req-dcf5b379-9890-4683-a84d-e0c01bea05aa"}]}
2026-06-24 19:06:30.104 9 INFO neutron.services.segments.plugin [-] Segment 59cf17c2-5de3-41a5-b350-0c7653157c25 resource provider not found; error: Placement Client Error (4xx): {"errors": [{"status": 404, "title": "Not Found", "detail": "The resource could not be found.\n\n No resource provider with uuid 59cf17c2-5de3-41a5-b350-0c7653157c25 found for delete ", "request_id": "req-86539c75-1126-400c-8c27-1ab20f223702"}]}
2026-06-24 19:06:30.125 9 INFO neutron.wsgi [None req-98b5af0b-d6f0-47ce-a7ca-142e1a462ef5 a8a7de7117fb409b9a502b48744ef2cf f8b25b63beb84fa2ada4f999d2568fdb - - default default] 10.0.0.198 "DELETE /v2.0/networks/bc70c22a-5a86-456c-ba83-d5efd9c66380 HTTP/1.1" status: 204 len: 168 time: 0.3697095
2026-06-24 19:06:30.139 9 INFO neutron.wsgi [-] 10.0.0.145 "GET / HTTP/1.1" status: 200 len: 247 time: 0.0012233
2026-06-24 19:06:30.141 10 INFO neutron.wsgi [-] 10.0.0.145 "GET / HTTP/1.1" status: 200 len: 247 time: 0.0032287
2026-06-24 19:06:30.266 9 INFO neutron.wsgi [None req-129bd5d4-0080-4932-9c9c-b848e3d4687d a8a7de7117fb409b9a502b48744ef2cf f8b25b63beb84fa2ada4f999d2568fdb - - default default] 10.0.0.198 "GET /v2.0/security-groups?tenant_id=ab1efb58ad4d4559ac221b971a1a4c41&name=default HTTP/1.1" status: 200 len: 2996 time: 0.0432296
2026-06-24 19:06:30.472 9 INFO neutron.wsgi [None req-df14e3a7-43fd-4b49-bc0f-c616c9e6084b a8a7de7117fb409b9a502b48744ef2cf f8b25b63beb84fa2ada4f999d2568fdb - - default default] 10.0.0.198 "DELETE /v2.0/security-groups/5ffe6a09-80b5-4913-812c-a55c591fe69a HTTP/1.1" status: 204 len: 168 time: 0.2014401
2026-06-24 19:06:30.913 9 INFO neutron.db.ovn_revision_numbers_db [None req-b2112b67-342a-4acb-9d54-ca6f8f48b9c6 a8a7de7117fb409b9a502b48744ef2cf f8b25b63beb84fa2ada4f999d2568fdb - - default default] Successfully bumped revision number for resource 93aff08b-aede-4566-91b8-ffe3d3b8acea (type: security_groups) to 1
2026-06-24 19:06:30.930 9 INFO neutron.db.ovn_revision_numbers_db [None req-b2112b67-342a-4acb-9d54-ca6f8f48b9c6 a8a7de7117fb409b9a502b48744ef2cf f8b25b63beb84fa2ada4f999d2568fdb - - default default] Successfully bumped revision number for resource 87cbbf8f-b25b-4bf3-850f-b153c948ed56 (type: security_group_rules) to 0
2026-06-24 19:06:30.950 9 INFO neutron.db.ovn_revision_numbers_db [None req-b2112b67-342a-4acb-9d54-ca6f8f48b9c6 a8a7de7117fb409b9a502b48744ef2cf f8b25b63beb84fa2ada4f999d2568fdb - - default default] Successfully bumped revision number for resource acfff612-00f7-47e6-9e11-a96e0df53b19 (type: security_group_rules) to 0
2026-06-24 19:06:30.969 9 INFO neutron.db.ovn_revision_numbers_db [None req-b2112b67-342a-4acb-9d54-ca6f8f48b9c6 a8a7de7117fb409b9a502b48744ef2cf f8b25b63beb84fa2ada4f999d2568fdb - - default default] Successfully bumped revision number for resource e4be3b6a-ff82-4d5e-848f-920196209fdd (type: security_group_rules) to 0
2026-06-24 19:06:30.985 9 INFO neutron.db.ovn_revision_numbers_db [None req-b2112b67-342a-4acb-9d54-ca6f8f48b9c6 a8a7de7117fb409b9a502b48744ef2cf f8b25b63beb84fa2ada4f999d2568fdb - - default default] Successfully bumped revision number for resource e99a4402-91db-4b69-a547-b5fc9e1edaff (type: security_group_rules) to 0
2026-06-24 19:06:31.013 9 INFO neutron.wsgi [None req-b2112b67-342a-4acb-9d54-ca6f8f48b9c6 a8a7de7117fb409b9a502b48744ef2cf f8b25b63beb84fa2ada4f999d2568fdb - - default default] 10.0.0.198 "GET /v2.0/security-groups?tenant_id=ac1b5db642434b8f8cd130033372f355&name=default HTTP/1.1" status: 200 len: 2996 time: 0.4228737
2026-06-24 19:06:31.197 9 INFO neutron.wsgi [None req-e3017f5e-e1a2-4059-a24d-8fa9f5c39498 a8a7de7117fb409b9a502b48744ef2cf f8b25b63beb84fa2ada4f999d2568fdb - - default default] 10.0.0.198 "DELETE /v2.0/security-groups/93aff08b-aede-4566-91b8-ffe3d3b8acea HTTP/1.1" status: 204 len: 168 time: 0.1785884
2026-06-24 19:06:32.615 9 INFO neutron.db.ovn_revision_numbers_db [None req-75732cf6-e687-491b-933a-21d83aa6497f a8a7de7117fb409b9a502b48744ef2cf f8b25b63beb84fa2ada4f999d2568fdb - - default default] Successfully bumped revision number for resource 66227281-0b60-44fa-9be1-283e3253fe80 (type: security_groups) to 1
2026-06-24 19:06:32.627 9 INFO neutron.db.ovn_revision_numbers_db [None req-75732cf6-e687-491b-933a-21d83aa6497f a8a7de7117fb409b9a502b48744ef2cf f8b25b63beb84fa2ada4f999d2568fdb - - default default] Successfully bumped revision number for resource 1c4ae617-462b-490c-98dd-84524a2a476f (type: security_group_rules) to 0
2026-06-24 19:06:32.641 9 INFO neutron.db.ovn_revision_numbers_db [None req-75732cf6-e687-491b-933a-21d83aa6497f a8a7de7117fb409b9a502b48744ef2cf f8b25b63beb84fa2ada4f999d2568fdb - - default default] Successfully bumped revision number for resource 1db76387-e5ff-4376-af14-b25e6c1ad110 (type: security_group_rules) to 0
2026-06-24 19:06:32.654 9 INFO neutron.db.ovn_revision_numbers_db [None req-75732cf6-e687-491b-933a-21d83aa6497f a8a7de7117fb409b9a502b48744ef2cf f8b25b63beb84fa2ada4f999d2568fdb - - default default] Successfully bumped revision number for resource 38aab56f-9cf5-4c53-8454-44ce9760bf6c (type: security_group_rules) to 0
2026-06-24 19:06:32.665 9 INFO neutron.db.ovn_revision_numbers_db [None req-75732cf6-e687-491b-933a-21d83aa6497f a8a7de7117fb409b9a502b48744ef2cf f8b25b63beb84fa2ada4f999d2568fdb - - default default] Successfully bumped revision number for resource b37ff7e2-144a-4491-a653-432507d41033 (type: security_group_rules) to 0
2026-06-24 19:06:32.726 9 INFO neutron.db.segments_db [None req-75732cf6-e687-491b-933a-21d83aa6497f a8a7de7117fb409b9a502b48744ef2cf f8b25b63beb84fa2ada4f999d2568fdb - - default default] Added segment bc079548-545c-492b-9d61-1b6eb1e0b1dd of type geneve for network a21dd472-e54f-4f32-b7f4-b10dbc0567a2
2026-06-24 19:06:32.872 9 INFO neutron.db.ovn_revision_numbers_db [None req-75732cf6-e687-491b-933a-21d83aa6497f a8a7de7117fb409b9a502b48744ef2cf f8b25b63beb84fa2ada4f999d2568fdb - - default default] Successfully bumped revision number for resource a21dd472-e54f-4f32-b7f4-b10dbc0567a2 (type: networks) to 1
2026-06-24 19:06:33.049 9 WARNING neutron.scheduler.dhcp_agent_scheduler [None req-75732cf6-e687-491b-933a-21d83aa6497f a8a7de7117fb409b9a502b48744ef2cf f8b25b63beb84fa2ada4f999d2568fdb - - default default] No more DHCP agents
2026-06-24 19:06:33.053 9 WARNING neutron.api.rpc.agentnotifiers.dhcp_rpc_agent_api [None req-75732cf6-e687-491b-933a-21d83aa6497f a8a7de7117fb409b9a502b48744ef2cf f8b25b63beb84fa2ada4f999d2568fdb - - default default] Unable to schedule network a21dd472-e54f-4f32-b7f4-b10dbc0567a2: no agents available; will retry on subsequent port and subnet creation events.
2026-06-24 19:06:33.120 9 INFO neutron.db.ovn_revision_numbers_db [None req-75732cf6-e687-491b-933a-21d83aa6497f a8a7de7117fb409b9a502b48744ef2cf f8b25b63beb84fa2ada4f999d2568fdb - - default default] Successfully bumped revision number for resource b3daeb98-d519-4db3-b588-b706c9ee9cf9 (type: ports) to 1
2026-06-24 19:06:33.139 9 INFO neutron.wsgi [None req-75732cf6-e687-491b-933a-21d83aa6497f a8a7de7117fb409b9a502b48744ef2cf f8b25b63beb84fa2ada4f999d2568fdb - - default default] 10.0.0.198 "POST /v2.0/networks HTTP/1.1" status: 201 len: 945 time: 0.7938552
2026-06-24 19:06:33.345 9 WARNING neutron.scheduler.dhcp_agent_scheduler [None req-97a4e9b8-355e-46a8-88f1-1735d31dcebb a8a7de7117fb409b9a502b48744ef2cf f8b25b63beb84fa2ada4f999d2568fdb - - default default] No more DHCP agents
2026-06-24 19:06:33.348 9 WARNING neutron.api.rpc.agentnotifiers.dhcp_rpc_agent_api [None req-97a4e9b8-355e-46a8-88f1-1735d31dcebb a8a7de7117fb409b9a502b48744ef2cf f8b25b63beb84fa2ada4f999d2568fdb - - default default] Unable to schedule network a21dd472-e54f-4f32-b7f4-b10dbc0567a2: no agents available; will retry on subsequent port and subnet creation events.
2026-06-24 19:06:33.355 10 WARNING neutron_lib.context [None req-4bf4a94d-dfe8-4e4f-97c5-076540e37057 28d82d2d82424dc3a37f17f137dc5142 1de640f537e84787a20ddfa4432868b7 - - default default] Method 'is_advsvc' is deprecated since 2023.2 release (neutron-lib 3.8.0) and will be removed once support for the old RBAC API policies will be removed from Neutron. Please use method 'is_service_role' instead.
2026-06-24 19:06:33.473 10 INFO neutron.db.ovn_revision_numbers_db [None req-a4af5a45-3048-47c6-9b0e-ba4097efb40a a8a7de7117fb409b9a502b48744ef2cf f8b25b63beb84fa2ada4f999d2568fdb - - default default] Successfully bumped revision number for resource 880c2d5e-2629-441a-9b15-99df5d27810e (type: security_groups) to 1
2026-06-24 19:06:33.488 10 INFO neutron.db.ovn_revision_numbers_db [None req-a4af5a45-3048-47c6-9b0e-ba4097efb40a a8a7de7117fb409b9a502b48744ef2cf f8b25b63beb84fa2ada4f999d2568fdb - - default default] Successfully bumped revision number for resource 1301a243-ca9e-4230-a8b4-c12201f2cca2 (type: security_group_rules) to 0
2026-06-24 19:06:33.492 10 INFO neutron.db.ovn_revision_numbers_db [None req-4bf4a94d-dfe8-4e4f-97c5-076540e37057 28d82d2d82424dc3a37f17f137dc5142 1de640f537e84787a20ddfa4432868b7 - - default default] Successfully bumped revision number for resource d854616b-9356-40a9-bc38-2a3d94eb8360 (type: security_groups) to 1
2026-06-24 19:06:33.498 10 INFO neutron.db.ovn_revision_numbers_db [None req-a4af5a45-3048-47c6-9b0e-ba4097efb40a a8a7de7117fb409b9a502b48744ef2cf f8b25b63beb84fa2ada4f999d2568fdb - - default default] Successfully bumped revision number for resource 34f84e6a-d294-4e00-8a3e-9ebd9da03c5f (type: security_group_rules) to 0
2026-06-24 19:06:33.506 10 INFO neutron.db.ovn_revision_numbers_db [None req-4bf4a94d-dfe8-4e4f-97c5-076540e37057 28d82d2d82424dc3a37f17f137dc5142 1de640f537e84787a20ddfa4432868b7 - - default default] Successfully bumped revision number for resource 5963fad7-89d6-4155-994e-9d8ef5aec482 (type: security_group_rules) to 0
2026-06-24 19:06:33.511 10 INFO neutron.db.ovn_revision_numbers_db [None req-a4af5a45-3048-47c6-9b0e-ba4097efb40a a8a7de7117fb409b9a502b48744ef2cf f8b25b63beb84fa2ada4f999d2568fdb - - default default] Successfully bumped revision number for resource ece72036-662c-46bc-b2ec-0fbbb3183e06 (type: security_group_rules) to 0
2026-06-24 19:06:33.519 10 INFO neutron.db.ovn_revision_numbers_db [None req-4bf4a94d-dfe8-4e4f-97c5-076540e37057 28d82d2d82424dc3a37f17f137dc5142 1de640f537e84787a20ddfa4432868b7 - - default default] Successfully bumped revision number for resource 66d11271-57a9-416c-869b-f640cf4e1b95 (type: security_group_rules) to 0
2026-06-24 19:06:33.525 10 INFO neutron.db.ovn_revision_numbers_db [None req-a4af5a45-3048-47c6-9b0e-ba4097efb40a a8a7de7117fb409b9a502b48744ef2cf f8b25b63beb84fa2ada4f999d2568fdb - - default default] Successfully bumped revision number for resource f9a28020-48da-4fc6-b018-7b3e98a6e4b8 (type: security_group_rules) to 0
2026-06-24 19:06:33.536 10 INFO neutron.db.ovn_revision_numbers_db [None req-4bf4a94d-dfe8-4e4f-97c5-076540e37057 28d82d2d82424dc3a37f17f137dc5142 1de640f537e84787a20ddfa4432868b7 - - default default] Successfully bumped revision number for resource 8c88e0f6-6717-4bf6-90fe-81a5f5017d44 (type: security_group_rules) to 0
2026-06-24 19:06:33.551 10 INFO neutron.wsgi [None req-a4af5a45-3048-47c6-9b0e-ba4097efb40a a8a7de7117fb409b9a502b48744ef2cf f8b25b63beb84fa2ada4f999d2568fdb - - default default] 10.0.0.198 "GET /v2.0/security-groups?tenant_id=ea7046c74d4e425ea39590dfb3de15eb&name=default HTTP/1.1" status: 200 len: 2996 time: 0.3823113
2026-06-24 19:06:33.559 10 INFO neutron.db.ovn_revision_numbers_db [None req-4bf4a94d-dfe8-4e4f-97c5-076540e37057 28d82d2d82424dc3a37f17f137dc5142 1de640f537e84787a20ddfa4432868b7 - - default default] Successfully bumped revision number for resource d73f7ed3-8d0b-4ae1-b18c-315a42dfaa81 (type: security_group_rules) to 0
2026-06-24 19:06:33.608 10 INFO neutron.db.segments_db [None req-4bf4a94d-dfe8-4e4f-97c5-076540e37057 28d82d2d82424dc3a37f17f137dc5142 1de640f537e84787a20ddfa4432868b7 - - default default] Added segment 28040307-db46-4c5e-99b8-81d8884bb0eb of type geneve for network 0e9ca9bd-1eb5-40b6-99a1-55ae1578f2f5
2026-06-24 19:06:33.767 9 INFO neutron.wsgi [req-15414f12-9fca-4e51-9199-85b9cfd8b1e8 req-56911d5f-52e8-46dc-9bb7-5ea047a13bb6 1b72e2ee1183452dba85ba97f5336b44 dc127c35d27246bb8a2ca856fa70146f - - default default] 10.0.0.47 "GET /v2.0/ports?device_id=39935e12-032c-47a0-8552-b73ee4ea9ba3 HTTP/1.1" status: 200 len: 1170 time: 0.1271267
2026-06-24 19:06:33.778 10 INFO neutron.db.ovn_revision_numbers_db [None req-4bf4a94d-dfe8-4e4f-97c5-076540e37057 28d82d2d82424dc3a37f17f137dc5142 1de640f537e84787a20ddfa4432868b7 - - default default] Successfully bumped revision number for resource 0e9ca9bd-1eb5-40b6-99a1-55ae1578f2f5 (type: networks) to 1
2026-06-24 19:06:33.827 9 INFO neutron.wsgi [req-15414f12-9fca-4e51-9199-85b9cfd8b1e8 req-4191d59e-cb80-4b74-8846-201f0cf15412 1b72e2ee1183452dba85ba97f5336b44 dc127c35d27246bb8a2ca856fa70146f - - default default] 10.0.0.47 "GET /v2.0/security-groups?id=f1b4c274-bdec-4109-822f-55cee9007707&fields=id&fields=name HTTP/1.1" status: 200 len: 313 time: 0.0513415
2026-06-24 19:06:33.893 9 INFO neutron.wsgi [None req-844719b1-e29c-49b4-b201-aef0e4e2a698 a8a7de7117fb409b9a502b48744ef2cf f8b25b63beb84fa2ada4f999d2568fdb - - default default] 10.0.0.198 "DELETE /v2.0/security-groups/880c2d5e-2629-441a-9b15-99df5d27810e HTTP/1.1" status: 204 len: 168 time: 0.3363807
2026-06-24 19:06:33.894 9 INFO neutron.db.ovn_revision_numbers_db [None req-97a4e9b8-355e-46a8-88f1-1735d31dcebb a8a7de7117fb409b9a502b48744ef2cf f8b25b63beb84fa2ada4f999d2568fdb - - default default] Successfully bumped revision number for resource b3daeb98-d519-4db3-b588-b706c9ee9cf9 (type: ports) to 2
2026-06-24 19:06:33.927 9 INFO neutron.db.ovn_revision_numbers_db [None req-97a4e9b8-355e-46a8-88f1-1735d31dcebb a8a7de7117fb409b9a502b48744ef2cf f8b25b63beb84fa2ada4f999d2568fdb - - default default] Successfully bumped revision number for resource b47c1eae-a274-48a0-a75f-a9809a2cce8f (type: subnets) to 0
2026-06-24 19:06:33.945 9 INFO neutron.wsgi [None req-97a4e9b8-355e-46a8-88f1-1735d31dcebb a8a7de7117fb409b9a502b48744ef2cf f8b25b63beb84fa2ada4f999d2568fdb - - default default] 10.0.0.198 "POST /v2.0/subnets HTTP/1.1" status: 201 len: 865 time: 0.7984943
2026-06-24 19:06:33.994 10 WARNING neutron.scheduler.dhcp_agent_scheduler [None req-4bf4a94d-dfe8-4e4f-97c5-076540e37057 28d82d2d82424dc3a37f17f137dc5142 1de640f537e84787a20ddfa4432868b7 - - default default] No more DHCP agents
2026-06-24 19:06:34.003 10 WARNING neutron.api.rpc.agentnotifiers.dhcp_rpc_agent_api [None req-4bf4a94d-dfe8-4e4f-97c5-076540e37057 28d82d2d82424dc3a37f17f137dc5142 1de640f537e84787a20ddfa4432868b7 - - default default] Unable to schedule network 0e9ca9bd-1eb5-40b6-99a1-55ae1578f2f5: no agents available; will retry on subsequent port and subnet creation events.
2026-06-24 19:06:34.035 9 INFO neutron.wsgi [req-71f6ecc9-3f5d-461b-a672-3553bed79ef1 req-9aec4a75-117e-488c-8f85-abc79ae5ce69 1b72e2ee1183452dba85ba97f5336b44 dc127c35d27246bb8a2ca856fa70146f - - default default] 10.0.0.47 "GET /v2.0/ports?device_id=39935e12-032c-47a0-8552-b73ee4ea9ba3 HTTP/1.1" status: 200 len: 1170 time: 0.0475881
2026-06-24 19:06:34.081 9 INFO neutron.plugins.ml2.drivers.ovn.mech_driver.mech_driver [None req-a93d7c23-903d-4be5-a954-9f933413b3f0 - - - - - -] OVN reports status down for port: 6e40ad1e-5632-46af-94d1-8885724150d2
2026-06-24 19:06:34.117 10 INFO neutron.db.ovn_revision_numbers_db [None req-4bf4a94d-dfe8-4e4f-97c5-076540e37057 28d82d2d82424dc3a37f17f137dc5142 1de640f537e84787a20ddfa4432868b7 - - default default] Successfully bumped revision number for resource bac67684-5509-4600-852c-76bd41c80ed0 (type: ports) to 1
2026-06-24 19:06:34.139 10 INFO neutron.wsgi [None req-4bf4a94d-dfe8-4e4f-97c5-076540e37057 28d82d2d82424dc3a37f17f137dc5142 1de640f537e84787a20ddfa4432868b7 - - default default] 10.0.0.198 "POST /v2.0/networks HTTP/1.1" status: 201 len: 849 time: 0.9335999
2026-06-24 19:06:34.149 10 WARNING neutron_lib.context [None req-74126d81-8f96-48e2-ac5b-18c30e37c6be 28d82d2d82424dc3a37f17f137dc5142 1de640f537e84787a20ddfa4432868b7 - - default default] Method 'is_advsvc' is deprecated since 2023.2 release (neutron-lib 3.8.0) and will be removed once support for the old RBAC API policies will be removed from Neutron. Please use method 'is_service_role' instead.
2026-06-24 19:06:34.149 9 INFO neutron.wsgi [req-71f6ecc9-3f5d-461b-a672-3553bed79ef1 req-1f85989f-5b26-40f0-9b40-3639d486e6a6 1b72e2ee1183452dba85ba97f5336b44 dc127c35d27246bb8a2ca856fa70146f - - default default] 10.0.0.47 "GET /v2.0/security-groups?id=f1b4c274-bdec-4109-822f-55cee9007707&fields=id&fields=name HTTP/1.1" status: 200 len: 313 time: 0.1010940
2026-06-24 19:06:34.181 10 INFO neutron.db.ovn_revision_numbers_db [None req-0188a7ea-3407-47fe-a9a2-75c004c54cb4 a8a7de7117fb409b9a502b48744ef2cf f8b25b63beb84fa2ada4f999d2568fdb - - default default] Successfully bumped revision number for resource 0902e9dd-2f84-4332-8c68-b1a6583e9f02 (type: security_groups) to 1
2026-06-24 19:06:34.196 10 INFO neutron.db.ovn_revision_numbers_db [None req-0188a7ea-3407-47fe-a9a2-75c004c54cb4 a8a7de7117fb409b9a502b48744ef2cf f8b25b63beb84fa2ada4f999d2568fdb - - default default] Successfully bumped revision number for resource 39cc4fc9-200b-48b0-89d3-02c0ed3b928f (type: security_group_rules) to 0
2026-06-24 19:06:34.224 10 INFO neutron.db.ovn_revision_numbers_db [None req-0188a7ea-3407-47fe-a9a2-75c004c54cb4 a8a7de7117fb409b9a502b48744ef2cf f8b25b63beb84fa2ada4f999d2568fdb - - default default] Successfully bumped revision number for resource 3cdca843-5192-42c8-bc54-bb108815312c (type: security_group_rules) to 0
2026-06-24 19:06:34.249 10 INFO neutron.db.ovn_revision_numbers_db [None req-0188a7ea-3407-47fe-a9a2-75c004c54cb4 a8a7de7117fb409b9a502b48744ef2cf f8b25b63beb84fa2ada4f999d2568fdb - - default default] Successfully bumped revision number for resource c01a7f11-d4e5-4e25-99fc-83a447e8bed7 (type: security_group_rules) to 0
2026-06-24 19:06:34.277 10 INFO neutron.db.ovn_revision_numbers_db [None req-0188a7ea-3407-47fe-a9a2-75c004c54cb4 a8a7de7117fb409b9a502b48744ef2cf f8b25b63beb84fa2ada4f999d2568fdb - - default default] Successfully bumped revision number for resource cea5e8a1-4107-49f5-9243-6ab6723a3dd1 (type: security_group_rules) to 0
2026-06-24 19:06:34.296 9 INFO neutron.notifiers.nova [-] Nova event matching ['req-8988a7b7-63f1-414b-a4cc-8839965dfdf1'] response: {'server_uuid': '39935e12-032c-47a0-8552-b73ee4ea9ba3', 'name': 'network-vif-unplugged', 'status': 'completed', 'tag': '6e40ad1e-5632-46af-94d1-8885724150d2', 'code': 200}
2026-06-24 19:06:34.317 10 INFO neutron.wsgi [None req-0188a7ea-3407-47fe-a9a2-75c004c54cb4 a8a7de7117fb409b9a502b48744ef2cf f8b25b63beb84fa2ada4f999d2568fdb - - default default] 10.0.0.198 "GET /v2.0/security-groups?tenant_id=84bd5a7698a8422eb1c96c85669b31b6&name=default HTTP/1.1" status: 200 len: 2996 time: 0.3212807
2026-06-24 19:06:34.382 9 INFO neutron.wsgi [req-e7728f39-8e1c-4569-adab-ff59bcaa0b39 req-1cc28e0e-c513-4d29-9495-a23abace3c7c 1b72e2ee1183452dba85ba97f5336b44 dc127c35d27246bb8a2ca856fa70146f - - default default] 199.19.213.122 "GET /v2.0/ports?device_id=39935e12-032c-47a0-8552-b73ee4ea9ba3 HTTP/1.1" status: 200 len: 1168 time: 0.0598085
2026-06-24 19:06:34.437 10 WARNING neutron.scheduler.dhcp_agent_scheduler [None req-74126d81-8f96-48e2-ac5b-18c30e37c6be 28d82d2d82424dc3a37f17f137dc5142 1de640f537e84787a20ddfa4432868b7 - - default default] No more DHCP agents
2026-06-24 19:06:34.440 10 WARNING neutron.api.rpc.agentnotifiers.dhcp_rpc_agent_api [None req-74126d81-8f96-48e2-ac5b-18c30e37c6be 28d82d2d82424dc3a37f17f137dc5142 1de640f537e84787a20ddfa4432868b7 - - default default] Unable to schedule network 0e9ca9bd-1eb5-40b6-99a1-55ae1578f2f5: no agents available; will retry on subsequent port and subnet creation events.
2026-06-24 19:06:34.472 10 INFO neutron.db.ovn_revision_numbers_db [None req-74126d81-8f96-48e2-ac5b-18c30e37c6be 28d82d2d82424dc3a37f17f137dc5142 1de640f537e84787a20ddfa4432868b7 - - default default] Successfully bumped revision number for resource b403538a-06c0-4eec-bb4b-e463e98cce90 (type: subnets) to 0
2026-06-24 19:06:34.490 10 INFO neutron.wsgi [None req-74126d81-8f96-48e2-ac5b-18c30e37c6be 28d82d2d82424dc3a37f17f137dc5142 1de640f537e84787a20ddfa4432868b7 - - default default] 10.0.0.198 "POST /v2.0/subnets HTTP/1.1" status: 201 len: 802 time: 0.3453593
2026-06-24 19:06:34.499 10 WARNING neutron_lib.context [None req-a00959d7-e0f9-45c3-8235-57ad13bfb7fa 28d82d2d82424dc3a37f17f137dc5142 1de640f537e84787a20ddfa4432868b7 - - default default] Method 'is_advsvc' is deprecated since 2023.2 release (neutron-lib 3.8.0) and will be removed once support for the old RBAC API policies will be removed from Neutron. Please use method 'is_service_role' instead.
2026-06-24 19:06:34.568 10 INFO neutron.wsgi [None req-5c479301-5efc-4b8c-8fc3-1a85842875b4 a8a7de7117fb409b9a502b48744ef2cf f8b25b63beb84fa2ada4f999d2568fdb - - default default] 10.0.0.198 "DELETE /v2.0/security-groups/0902e9dd-2f84-4332-8c68-b1a6583e9f02 HTTP/1.1" status: 204 len: 168 time: 0.2446470
2026-06-24 19:06:34.641 9 INFO neutron.db.ovn_revision_numbers_db [None req-a93d7c23-903d-4be5-a954-9f933413b3f0 - - - - - -] Successfully bumped revision number for resource 6e40ad1e-5632-46af-94d1-8885724150d2 (type: ports) to 7
2026-06-24 19:06:34.879 9 WARNING neutron.scheduler.dhcp_agent_scheduler [None req-e89d76f1-9640-4afe-8949-f4588889592e a8a7de7117fb409b9a502b48744ef2cf f8b25b63beb84fa2ada4f999d2568fdb - - default default] No more DHCP agents
2026-06-24 19:06:34.883 9 WARNING neutron.api.rpc.agentnotifiers.dhcp_rpc_agent_api [None req-e89d76f1-9640-4afe-8949-f4588889592e a8a7de7117fb409b9a502b48744ef2cf f8b25b63beb84fa2ada4f999d2568fdb - - default default] Unable to schedule network 9f2072f5-7eec-4e11-a0c9-72ec37e5c48f: no agents available; will retry on subsequent port and subnet creation events.
2026-06-24 19:06:34.999 10 WARNING neutron.scheduler.dhcp_agent_scheduler [None req-a00959d7-e0f9-45c3-8235-57ad13bfb7fa 28d82d2d82424dc3a37f17f137dc5142 1de640f537e84787a20ddfa4432868b7 - - default default] No more DHCP agents
2026-06-24 19:06:35.001 10 WARNING neutron.api.rpc.agentnotifiers.dhcp_rpc_agent_api [None req-a00959d7-e0f9-45c3-8235-57ad13bfb7fa 28d82d2d82424dc3a37f17f137dc5142 1de640f537e84787a20ddfa4432868b7 - - default default] Unable to schedule network 9f2072f5-7eec-4e11-a0c9-72ec37e5c48f: no agents available; will retry on subsequent port and subnet creation events.
2026-06-24 19:06:35.089 9 INFO neutron.db.l3_db [req-e7728f39-8e1c-4569-adab-ff59bcaa0b39 req-514da7dd-8a48-4706-bf36-f505a8d74d9e 1b72e2ee1183452dba85ba97f5336b44 dc127c35d27246bb8a2ca856fa70146f - - default default] Floating IP 1bc6a5ff-29f5-4acf-8067-bfcf1d84ce62 disassociated. External IP: 10.96.250.218, port: 6e40ad1e-5632-46af-94d1-8885724150d2.
2026-06-24 19:06:35.145 9 INFO neutron.db.ovn_revision_numbers_db [None req-e89d76f1-9640-4afe-8949-f4588889592e a8a7de7117fb409b9a502b48744ef2cf f8b25b63beb84fa2ada4f999d2568fdb - - default default] Successfully bumped revision number for resource 26cdb0f3-f39e-4112-bcce-ea7c41e32d4b (type: ports) to 1
2026-06-24 19:06:35.202 10 INFO neutron.db.ovn_revision_numbers_db [None req-a00959d7-e0f9-45c3-8235-57ad13bfb7fa 28d82d2d82424dc3a37f17f137dc5142 1de640f537e84787a20ddfa4432868b7 - - default default] Successfully bumped revision number for resource 1e8dbd33-ed5d-41de-bc21-933ee82e943d (type: ports) to 1 /var/lib/openstack/lib/python3.10/site-packages/pycadf/identifier.py:71: UserWarning: Invalid uuid: neutron. To ensure interoperability, identifiers should be a valid uuid. warnings.warn(('Invalid uuid: %s. To ensure interoperability, '
2026-06-24 19:06:35.272 9 INFO neutron.wsgi [req-28a3a3df-2c6b-42ef-bec5-6a0caf8406f5 req-c66cce52-6598-46c1-998e-1e2bc9f24bf1 1b72e2ee1183452dba85ba97f5336b44 dc127c35d27246bb8a2ca856fa70146f - - default default] 10.0.0.47 "GET /v2.0/ports?device_id=39935e12-032c-47a0-8552-b73ee4ea9ba3 HTTP/1.1" status: 200 len: 1168 time: 0.0611050
2026-06-24 19:06:35.359 9 INFO neutron.wsgi [req-e7728f39-8e1c-4569-adab-ff59bcaa0b39 req-514da7dd-8a48-4706-bf36-f505a8d74d9e 1b72e2ee1183452dba85ba97f5336b44 dc127c35d27246bb8a2ca856fa70146f - - default default] 199.19.213.122 "DELETE /v2.0/ports/6e40ad1e-5632-46af-94d1-8885724150d2 HTTP/1.1" status: 204 len: 173 time: 0.9728580
2026-06-24 19:06:35.367 9 INFO neutron.wsgi [req-28a3a3df-2c6b-42ef-bec5-6a0caf8406f5 req-e92d4573-af64-4f73-a6c9-c66ab92e52b1 1b72e2ee1183452dba85ba97f5336b44 dc127c35d27246bb8a2ca856fa70146f - - default default] 10.0.0.47 "GET /v2.0/security-groups?id=f1b4c274-bdec-4109-822f-55cee9007707&fields=id&fields=name HTTP/1.1" status: 200 len: 313 time: 0.0867159
2026-06-24 19:06:35.877 9 INFO neutron.plugins.ml2.drivers.ovn.mech_driver.ovsdb.ovsdb_monitor [None req-c8f55256-4e59-4e1e-be64-6c16205cf24e - - - - - -] Router 172c2b06-c2ef-4358-8b04-8e16d2e6bc7d is bound to host instance
2026-06-24 19:06:35.896 9 INFO neutron.db.ovn_revision_numbers_db [None req-e89d76f1-9640-4afe-8949-f4588889592e a8a7de7117fb409b9a502b48744ef2cf f8b25b63beb84fa2ada4f999d2568fdb - - default default] Successfully bumped revision number for resource 26cdb0f3-f39e-4112-bcce-ea7c41e32d4b (type: router_ports) to 1
2026-06-24 19:06:36.011 9 INFO neutron.db.ovn_revision_numbers_db [None req-e89d76f1-9640-4afe-8949-f4588889592e a8a7de7117fb409b9a502b48744ef2cf f8b25b63beb84fa2ada4f999d2568fdb - - default default] Successfully bumped revision number for resource 172c2b06-c2ef-4358-8b04-8e16d2e6bc7d (type: routers) to 2
2026-06-24 19:06:36.042 9 INFO neutron.wsgi [None req-e89d76f1-9640-4afe-8949-f4588889592e a8a7de7117fb409b9a502b48744ef2cf f8b25b63beb84fa2ada4f999d2568fdb - - default default] 10.0.0.198 "POST /v2.0/routers HTTP/1.1" status: 201 len: 876 time: 2.0916843
2026-06-24 19:06:36.074 10 INFO neutron.plugins.ml2.drivers.ovn.mech_driver.mech_driver [None req-884a0f8c-2aa1-46d4-bfa7-65445e42ffaf - - - - - -] OVN reports status up for port: 26cdb0f3-f39e-4112-bcce-ea7c41e32d4b
2026-06-24 19:06:36.084 10 INFO neutron.plugins.ml2.plugin [None req-884a0f8c-2aa1-46d4-bfa7-65445e42ffaf - - - - - -] Attempt 1 to provision port 26cdb0f3-f39e-4112-bcce-ea7c41e32d4b
2026-06-24 19:06:36.126 9 INFO neutron.plugins.ml2.drivers.ovn.mech_driver.mech_driver [None req-a93d7c23-903d-4be5-a954-9f933413b3f0 - - - - - -] OVN reports status up for port: 1e8dbd33-ed5d-41de-bc21-933ee82e943d
2026-06-24 19:06:36.147 9 INFO neutron.plugins.ml2.plugin [None req-a93d7c23-903d-4be5-a954-9f933413b3f0 - - - - - -] Attempt 1 to provision port 1e8dbd33-ed5d-41de-bc21-933ee82e943d
2026-06-24 19:06:36.166 10 INFO neutron.db.ovn_revision_numbers_db [None req-a00959d7-e0f9-45c3-8235-57ad13bfb7fa 28d82d2d82424dc3a37f17f137dc5142 1de640f537e84787a20ddfa4432868b7 - - default default] Successfully bumped revision number for resource 1e8dbd33-ed5d-41de-bc21-933ee82e943d (type: router_ports) to 1
2026-06-24 19:06:36.245 10 INFO neutron.db.ovn_revision_numbers_db [None req-a00959d7-e0f9-45c3-8235-57ad13bfb7fa 28d82d2d82424dc3a37f17f137dc5142 1de640f537e84787a20ddfa4432868b7 - - default default] Successfully bumped revision number for resource fe483b21-1792-4dd6-b27d-c0e0216999a1 (type: routers) to 2
2026-06-24 19:06:36.260 10 INFO neutron.wsgi [None req-a00959d7-e0f9-45c3-8235-57ad13bfb7fa 28d82d2d82424dc3a37f17f137dc5142 1de640f537e84787a20ddfa4432868b7 - - default default] 10.0.0.198 "POST /v2.0/routers HTTP/1.1" status: 201 len: 874 time: 1.7649953 /var/lib/openstack/lib/python3.10/site-packages/pycadf/identifier.py:71: UserWarning: Invalid uuid: neutron. To ensure interoperability, identifiers should be a valid uuid. warnings.warn(('Invalid uuid: %s. To ensure interoperability, '
2026-06-24 19:06:36.550 9 INFO neutron.notifiers.nova [-] Nova event matching ['req-ca3d9266-26a6-445d-86be-5d8111b7e228'] response: {'server_uuid': '39935e12-032c-47a0-8552-b73ee4ea9ba3', 'name': 'network-vif-plugged', 'status': 'completed', 'tag': '6e40ad1e-5632-46af-94d1-8885724150d2', 'code': 200}
2026-06-24 19:06:36.551 9 INFO neutron.notifiers.nova [-] Nova event matching ['req-ca3d9266-26a6-445d-86be-5d8111b7e228'] response: {'server_uuid': '39935e12-032c-47a0-8552-b73ee4ea9ba3', 'name': 'network-vif-deleted', 'tag': '6e40ad1e-5632-46af-94d1-8885724150d2', 'status': 'completed', 'code': 200}
2026-06-24 19:06:36.656 10 INFO neutron.wsgi [None req-c6864939-9ee7-444d-ba7a-50775f95aef3 1b72e2ee1183452dba85ba97f5336b44 dc127c35d27246bb8a2ca856fa70146f - - default default] 10.0.0.198 "DELETE /v2.0/security-groups/f1b4c274-bdec-4109-822f-55cee9007707 HTTP/1.1" status: 204 len: 168 time: 0.2007449
2026-06-24 19:06:36.682 9 INFO neutron.api.v2.resource [None req-bd2a84b3-3038-41a6-9831-9ba885c952b8 1b72e2ee1183452dba85ba97f5336b44 dc127c35d27246bb8a2ca856fa70146f - - default default] show failed (client error): The resource could not be found.
2026-06-24 19:06:36.683 9 INFO neutron.wsgi [None req-bd2a84b3-3038-41a6-9831-9ba885c952b8 1b72e2ee1183452dba85ba97f5336b44 dc127c35d27246bb8a2ca856fa70146f - - default default] 10.0.0.198 "GET /v2.0/security-groups/f1b4c274-bdec-4109-822f-55cee9007707 HTTP/1.1" status: 404 len: 347 time: 0.0219812
2026-06-24 19:06:36.868 10 WARNING neutron.scheduler.dhcp_agent_scheduler [None req-61c4dceb-d9c2-4e67-b480-f92c92340410 28d82d2d82424dc3a37f17f137dc5142 1de640f537e84787a20ddfa4432868b7 - - default default] No more DHCP agents
2026-06-24 19:06:36.870 10 WARNING neutron.api.rpc.agentnotifiers.dhcp_rpc_agent_api [None req-61c4dceb-d9c2-4e67-b480-f92c92340410 28d82d2d82424dc3a37f17f137dc5142 1de640f537e84787a20ddfa4432868b7 - - default default] Unable to schedule network 0e9ca9bd-1eb5-40b6-99a1-55ae1578f2f5: no agents available; will retry on subsequent port and subnet creation events.
2026-06-24 19:06:36.914 9 INFO neutron.db.ovn_revision_numbers_db [None req-c8f55256-4e59-4e1e-be64-6c16205cf24e - - - - - -] Successfully bumped revision number for resource 26cdb0f3-f39e-4112-bcce-ea7c41e32d4b (type: ports) to 1
2026-06-24 19:06:36.966 9 WARNING neutron.scheduler.dhcp_agent_scheduler [None req-cc907cb4-5e76-4d13-93a0-0ce302c05475 a8a7de7117fb409b9a502b48744ef2cf f8b25b63beb84fa2ada4f999d2568fdb - - default default] No more DHCP agents
2026-06-24 19:06:36.979 9 WARNING neutron.api.rpc.agentnotifiers.dhcp_rpc_agent_api [None req-cc907cb4-5e76-4d13-93a0-0ce302c05475 a8a7de7117fb409b9a502b48744ef2cf f8b25b63beb84fa2ada4f999d2568fdb - - default default] Unable to schedule network a21dd472-e54f-4f32-b7f4-b10dbc0567a2: no agents available; will retry on subsequent port and subnet creation events.
2026-06-24 19:06:37.033 10 INFO neutron.db.ovn_revision_numbers_db [None req-61c4dceb-d9c2-4e67-b480-f92c92340410 28d82d2d82424dc3a37f17f137dc5142 1de640f537e84787a20ddfa4432868b7 - - default default] Successfully bumped revision number for resource 161f4002-7e4a-4a77-84e7-727e84a81e11 (type: ports) to 1
2026-06-24 19:06:37.259 9 INFO neutron.db.ovn_revision_numbers_db [None req-cc907cb4-5e76-4d13-93a0-0ce302c05475 a8a7de7117fb409b9a502b48744ef2cf f8b25b63beb84fa2ada4f999d2568fdb - - default default] Successfully bumped revision number for resource dc793eee-84ef-4a4e-81b7-08bf1e34bbff (type: ports) to 1
2026-06-24 19:06:37.306 9 INFO neutron.wsgi [None req-39b8e1ed-6711-45c8-b3e4-94a92b1dfbad 1b72e2ee1183452dba85ba97f5336b44 dc127c35d27246bb8a2ca856fa70146f - - default default] 10.0.0.198 "DELETE /v2.0/floatingips/1bc6a5ff-29f5-4acf-8067-bfcf1d84ce62 HTTP/1.1" status: 204 len: 168 time: 0.6181669
2026-06-24 19:06:37.320 9 INFO neutron.db.ovn_revision_numbers_db [None req-c8f55256-4e59-4e1e-be64-6c16205cf24e - - - - - -] Successfully bumped revision number for resource 26cdb0f3-f39e-4112-bcce-ea7c41e32d4b (type: router_ports) to 3
2026-06-24 19:06:37.416 10 INFO neutron.db.ovn_revision_numbers_db [None req-c89b965e-a13e-41dd-b077-c6449510a62f a8a7de7117fb409b9a502b48744ef2cf f8b25b63beb84fa2ada4f999d2568fdb - - default default] Successfully bumped revision number for resource 0f50b7e6-3043-4293-8a0c-6b459e5c0cbb (type: security_groups) to 1
2026-06-24 19:06:37.449 10 INFO neutron.db.ovn_revision_numbers_db [None req-c89b965e-a13e-41dd-b077-c6449510a62f a8a7de7117fb409b9a502b48744ef2cf f8b25b63beb84fa2ada4f999d2568fdb - - default default] Successfully bumped revision number for resource 584d0291-a142-40d1-9b78-b58bc5d6f094 (type: security_group_rules) to 0
2026-06-24 19:06:37.480 10 INFO neutron.db.ovn_revision_numbers_db [None req-c89b965e-a13e-41dd-b077-c6449510a62f a8a7de7117fb409b9a502b48744ef2cf f8b25b63beb84fa2ada4f999d2568fdb - - default default] Successfully bumped revision number for resource 8a1d5eaa-64de-4fde-a071-e0ec7264d95d (type: security_group_rules) to 0
2026-06-24 19:06:37.508 10 INFO neutron.db.ovn_revision_numbers_db [None req-c89b965e-a13e-41dd-b077-c6449510a62f a8a7de7117fb409b9a502b48744ef2cf f8b25b63beb84fa2ada4f999d2568fdb - - default default] Successfully bumped revision number for resource 9bf65611-5e32-4477-8df2-1a18893dcb08 (type: security_group_rules) to 0
2026-06-24 19:06:37.515 9 INFO neutron.db.ovn_revision_numbers_db [None req-c8f55256-4e59-4e1e-be64-6c16205cf24e - - - - - -] Successfully bumped revision number for resource 26cdb0f3-f39e-4112-bcce-ea7c41e32d4b (type: ports) to 2
2026-06-24 19:06:37.554 10 INFO neutron.db.ovn_revision_numbers_db [None req-c89b965e-a13e-41dd-b077-c6449510a62f a8a7de7117fb409b9a502b48744ef2cf f8b25b63beb84fa2ada4f999d2568fdb - - default default] Successfully bumped revision number for resource d3b8ce84-134c-4621-97c3-d88c7cbd3eb3 (type: security_group_rules) to 0
2026-06-24 19:06:37.595 10 INFO neutron.wsgi [None req-c89b965e-a13e-41dd-b077-c6449510a62f a8a7de7117fb409b9a502b48744ef2cf f8b25b63beb84fa2ada4f999d2568fdb - - default default] 10.0.0.198 "GET /v2.0/security-groups?tenant_id=06bd2b36ad884eb28c2a281f8baf8923&name=default HTTP/1.1" status: 200 len: 2996 time: 0.6169138
2026-06-24 19:06:37.634 10 INFO neutron.db.ovn_revision_numbers_db [None req-61c4dceb-d9c2-4e67-b480-f92c92340410 28d82d2d82424dc3a37f17f137dc5142 1de640f537e84787a20ddfa4432868b7 - - default default] Successfully bumped revision number for resource 161f4002-7e4a-4a77-84e7-727e84a81e11 (type: router_ports) to 1
2026-06-24 19:06:37.762 9 INFO neutron.db.ovn_revision_numbers_db [None req-cc907cb4-5e76-4d13-93a0-0ce302c05475 a8a7de7117fb409b9a502b48744ef2cf f8b25b63beb84fa2ada4f999d2568fdb - - default default] Successfully bumped revision number for resource dc793eee-84ef-4a4e-81b7-08bf1e34bbff (type: router_ports) to 1
2026-06-24 19:06:37.817 10 INFO neutron.db.ovn_revision_numbers_db [None req-61c4dceb-d9c2-4e67-b480-f92c92340410 28d82d2d82424dc3a37f17f137dc5142 1de640f537e84787a20ddfa4432868b7 - - default default] Successfully bumped revision number for resource 161f4002-7e4a-4a77-84e7-727e84a81e11 (type: ports) to 1
2026-06-24 19:06:37.887 9 INFO neutron.db.ovn_revision_numbers_db [None req-c8f55256-4e59-4e1e-be64-6c16205cf24e - - - - - -] Successfully bumped revision number for resource 26cdb0f3-f39e-4112-bcce-ea7c41e32d4b (type: ports) to 4
