2026-06-24 19:08:48.758 10 INFO neutron.wsgi [None req-1d5af696-9a3e-42b6-b102-bb1956454756 a8a7de7117fb409b9a502b48744ef2cf f8b25b63beb84fa2ada4f999d2568fdb - - default default] 10.0.0.198 "DELETE /v2.0/networks/659edbef-5b08-4dd3-870d-29ec92384b04 HTTP/1.1" status: 204 len: 168 time: 0.5695820
2026-06-24 19:08:48.871 10 INFO neutron.wsgi [None req-6e86f392-72f0-450c-bd5d-f8583365d373 ad1c36470f574add9ba9e32823099dcd 687a87c45db646f9ad7f245f4bd06581 - - default default] 10.0.0.198 "DELETE /v2.0/ports/4d85316e-a41d-439e-968f-863dbe6ee076 HTTP/1.1" status: 204 len: 168 time: 0.4278040
2026-06-24 19:08:49.138 10 INFO neutron.wsgi [None req-24283131-366b-41f2-9a26-456d45594d28 a8a7de7117fb409b9a502b48744ef2cf f8b25b63beb84fa2ada4f999d2568fdb - - default default] 10.0.0.198 "GET /v2.0/security-groups?tenant_id=2e88770565a54e979a1e502e3aa35f36&name=default HTTP/1.1" status: 200 len: 2996 time: 0.0549970
2026-06-24 19:08:49.288 10 WARNING neutron.scheduler.dhcp_agent_scheduler [None req-b8d85273-e949-471e-87fa-943f3de0cecd dc4951b641a24b2fb8fbc7ea32ab001a 06687028aec843ecba24915c9139025e - - default default] No more DHCP agents
2026-06-24 19:08:49.294 10 WARNING neutron.api.rpc.agentnotifiers.dhcp_rpc_agent_api [None req-b8d85273-e949-471e-87fa-943f3de0cecd dc4951b641a24b2fb8fbc7ea32ab001a 06687028aec843ecba24915c9139025e - - default default] Unable to schedule network 9f2072f5-7eec-4e11-a0c9-72ec37e5c48f: no agents available; will retry on subsequent port and subnet creation events.
2026-06-24 19:08:49.314 9 INFO neutron.wsgi [None req-cc6a10b5-57f0-4884-a3ed-342988564eae ad1c36470f574add9ba9e32823099dcd 687a87c45db646f9ad7f245f4bd06581 - - default default] 10.0.0.198 "DELETE /v2.0/networks/94e59569-452b-4883-88ed-b8f6ed0890fd HTTP/1.1" status: 204 len: 168 time: 0.4380546
2026-06-24 19:08:49.531 10 INFO neutron.wsgi [None req-99cef880-d123-48c1-a76b-01a140798581 a8a7de7117fb409b9a502b48744ef2cf f8b25b63beb84fa2ada4f999d2568fdb - - default default] 10.0.0.198 "DELETE /v2.0/security-groups/662707dc-f993-4205-b805-caed66514c8f HTTP/1.1" status: 204 len: 168 time: 0.3884273
2026-06-24 19:08:49.542 10 INFO neutron.db.ovn_revision_numbers_db [None req-b8d85273-e949-471e-87fa-943f3de0cecd dc4951b641a24b2fb8fbc7ea32ab001a 06687028aec843ecba24915c9139025e - - default default] Successfully bumped revision number for resource 569e1872-976e-4cd1-ab4d-3a5f5a0c5052 (type: ports) to 1
2026-06-24 19:08:49.938 10 INFO neutron.wsgi [None req-414fe168-1ee4-47af-aa59-0ffd30bc022b a8a7de7117fb409b9a502b48744ef2cf f8b25b63beb84fa2ada4f999d2568fdb - - default default] 10.0.0.198 "GET /v2.0/security-groups?tenant_id=4c5f94f9df3a44e6979c5d8b1bfbcbe8&name=default HTTP/1.1" status: 200 len: 2996 time: 0.3205335
2026-06-24 19:08:50.145 10 INFO neutron.wsgi [None req-5e47b031-99d0-4758-af09-2833b7f57136 ad1c36470f574add9ba9e32823099dcd 687a87c45db646f9ad7f245f4bd06581 - - default default] 10.0.0.198 "DELETE /v2.0/networks/7fd5affc-af3d-482c-ae09-f6035dc7565c HTTP/1.1" status: 204 len: 168 time: 0.8253782
2026-06-24 19:08:50.175 9 INFO neutron.wsgi [None req-d3854d63-e3c1-465c-b55d-0eabab078aec a8a7de7117fb409b9a502b48744ef2cf f8b25b63beb84fa2ada4f999d2568fdb - - default default] 10.0.0.198 "DELETE /v2.0/security-groups/49594a1d-855e-4984-824c-9c99d0e7007a HTTP/1.1" status: 204 len: 168 time: 0.2313769
2026-06-24 19:08:50.561 9 INFO neutron.wsgi [None req-1f32f304-3fdc-4bee-8ed5-2e154d9d44da ad1c36470f574add9ba9e32823099dcd 687a87c45db646f9ad7f245f4bd06581 - - default default] 10.0.0.198 "DELETE /v2.0/networks/8dc48bff-1ec5-404d-b788-0ec52fb980cb HTTP/1.1" status: 204 len: 168 time: 0.4109349
2026-06-24 19:08:50.561 10 INFO neutron.db.ovn_revision_numbers_db [None req-b8d85273-e949-471e-87fa-943f3de0cecd dc4951b641a24b2fb8fbc7ea32ab001a 06687028aec843ecba24915c9139025e - - default default] Successfully bumped revision number for resource 569e1872-976e-4cd1-ab4d-3a5f5a0c5052 (type: router_ports) to 1
2026-06-24 19:08:50.600 9 INFO neutron.services.segments.plugin [-] Segment 26200144-43d2-4caa-a410-ff159500f4eb resource provider aggregate not found
2026-06-24 19:08:50.609 9 INFO neutron.services.segments.plugin [-] Segment 26200144-43d2-4caa-a410-ff159500f4eb resource provider aggregate not found
2026-06-24 19:08:50.631 9 INFO neutron.services.segments.plugin [-] Segment 26200144-43d2-4caa-a410-ff159500f4eb resource provider not found; error: Placement Client Error (4xx): {"errors": [{"status": 404, "title": "Not Found", "detail": "The resource could not be found.\n\n No resource provider with uuid 26200144-43d2-4caa-a410-ff159500f4eb found for delete ", "request_id": "req-e662616c-6a90-4365-8c59-e34ea8e5971b"}]}
2026-06-24 19:08:50.639 9 INFO neutron.services.segments.plugin [-] Segment 26200144-43d2-4caa-a410-ff159500f4eb resource provider not found; error: Placement Client Error (4xx): {"errors": [{"status": 404, "title": "Not Found", "detail": "The resource could not be found.\n\n No resource provider with uuid 26200144-43d2-4caa-a410-ff159500f4eb found for delete ", "request_id": "req-15157cf8-2dad-4ce9-9f37-ea7e361619ae"}]}
2026-06-24 19:08:50.651 10 INFO neutron.db.ovn_revision_numbers_db [None req-b8d85273-e949-471e-87fa-943f3de0cecd dc4951b641a24b2fb8fbc7ea32ab001a 06687028aec843ecba24915c9139025e - - default default] Successfully bumped revision number for resource 15cd9b79-a411-480b-bac1-94eade285701 (type: routers) to 2
2026-06-24 19:08:50.655 9 INFO neutron.services.segments.plugin [-] Segment c1983e72-569b-404c-a30c-6cad0d540ca9 resource provider aggregate not found
2026-06-24 19:08:50.659 9 INFO neutron.services.segments.plugin [-] Segment c1983e72-569b-404c-a30c-6cad0d540ca9 resource provider aggregate not found
2026-06-24 19:08:50.668 10 INFO neutron.wsgi [None req-b8d85273-e949-471e-87fa-943f3de0cecd dc4951b641a24b2fb8fbc7ea32ab001a 06687028aec843ecba24915c9139025e - - default default] 10.0.0.198 "POST /v2.0/routers HTTP/1.1" status: 201 len: 867 time: 2.0638669
2026-06-24 19:08:50.676 9 INFO neutron.services.segments.plugin [-] Segment c1983e72-569b-404c-a30c-6cad0d540ca9 resource provider not found; error: Placement Client Error (4xx): {"errors": [{"status": 404, "title": "Not Found", "detail": "The resource could not be found.\n\n No resource provider with uuid c1983e72-569b-404c-a30c-6cad0d540ca9 found for delete ", "request_id": "req-8a78f6cd-c280-4e62-99bc-dba4c44c47bd"}]}
2026-06-24 19:08:50.679 9 INFO neutron.services.segments.plugin [-] Segment c1983e72-569b-404c-a30c-6cad0d540ca9 resource provider not found; error: Placement Client Error (4xx): {"errors": [{"status": 404, "title": "Not Found", "detail": "The resource could not be found.\n\n No resource provider with uuid c1983e72-569b-404c-a30c-6cad0d540ca9 found for delete ", "request_id": "req-209f09b1-4f03-41ad-a723-64e0de2bce95"}]}
2026-06-24 19:08:50.720 10 INFO neutron.services.segments.plugin [-] Segment e11c22f5-dcec-4294-b9f6-eebffa782897 resource provider aggregate not found
2026-06-24 19:08:50.724 10 INFO neutron.services.segments.plugin [-] Segment e11c22f5-dcec-4294-b9f6-eebffa782897 resource provider aggregate not found
2026-06-24 19:08:50.739 10 INFO neutron.services.segments.plugin [-] Segment e11c22f5-dcec-4294-b9f6-eebffa782897 resource provider not found; error: Placement Client Error (4xx): {"errors": [{"status": 404, "title": "Not Found", "detail": "The resource could not be found.\n\n No resource provider with uuid e11c22f5-dcec-4294-b9f6-eebffa782897 found for delete ", "request_id": "req-3cedfe50-036e-45ad-a01a-410495cc0018"}]}
2026-06-24 19:08:50.740 10 INFO neutron.services.segments.plugin [-] Segment e11c22f5-dcec-4294-b9f6-eebffa782897 resource provider not found; error: Placement Client Error (4xx): {"errors": [{"status": 404, "title": "Not Found", "detail": "The resource could not be found.\n\n No resource provider with uuid e11c22f5-dcec-4294-b9f6-eebffa782897 found for delete ", "request_id": "req-0cd23383-1c44-4b91-a807-15c3ec262879"}]}
2026-06-24 19:08:50.754 10 INFO neutron.wsgi [None req-4e811670-28a1-41ee-8a32-fc35c2b5df9a dc4951b641a24b2fb8fbc7ea32ab001a 06687028aec843ecba24915c9139025e - - default default] 10.0.0.198 "GET /v2.0/routers/15cd9b79-a411-480b-bac1-94eade285701 HTTP/1.1" status: 200 len: 868 time: 0.0818145
2026-06-24 19:08:50.891 10 INFO neutron.wsgi [None req-c9df8864-7059-4fdc-b5a7-a78f06e52de0 dc4951b641a24b2fb8fbc7ea32ab001a 06687028aec843ecba24915c9139025e - - default default] 10.0.0.198 "GET /v2.0/routers HTTP/1.1" status: 200 len: 871 time: 0.1316874
2026-06-24 19:08:51.018 9 INFO neutron.wsgi [None req-4cbc40ad-e140-4d42-9969-aadb59e88b61 ad1c36470f574add9ba9e32823099dcd 687a87c45db646f9ad7f245f4bd06581 - - default default] 10.0.0.198 "DELETE /v2.0/networks/ccbb90d4-7f60-48fe-adef-d24cc4ed03a5 HTTP/1.1" status: 204 len: 168 time: 0.4501879
2026-06-24 19:08:51.317 10 INFO neutron.db.ovn_revision_numbers_db [None req-6ec2aadc-e879-4553-895d-5a51bcac9ab8 dc4951b641a24b2fb8fbc7ea32ab001a 06687028aec843ecba24915c9139025e - - default default] Successfully bumped revision number for resource 15cd9b79-a411-480b-bac1-94eade285701 (type: routers) to 3
2026-06-24 19:08:51.323 10 INFO neutron.wsgi [None req-6ec2aadc-e879-4553-895d-5a51bcac9ab8 dc4951b641a24b2fb8fbc7ea32ab001a 06687028aec843ecba24915c9139025e - - default default] 10.0.0.198 "PUT /v2.0/routers/15cd9b79-a411-480b-bac1-94eade285701 HTTP/1.1" status: 200 len: 875 time: 0.4211984
2026-06-24 19:08:51.419 9 INFO neutron.wsgi [None req-43461072-1ff6-4962-9780-92ccac6b2a0d dc4951b641a24b2fb8fbc7ea32ab001a 06687028aec843ecba24915c9139025e - - default default] 10.0.0.198 "GET /v2.0/routers/15cd9b79-a411-480b-bac1-94eade285701 HTTP/1.1" status: 200 len: 875 time: 0.0905509
2026-06-24 19:08:51.448 9 INFO neutron.wsgi [None req-2e475df8-57df-4dc0-9099-316a8ec8ad01 dc4951b641a24b2fb8fbc7ea32ab001a 06687028aec843ecba24915c9139025e - - default default] 10.0.0.198 "GET /v2.0/ports?device_id=15cd9b79-a411-480b-bac1-94eade285701 HTTP/1.1" status: 200 len: 205 time: 0.0234597
2026-06-24 19:08:51.487 9 INFO neutron.wsgi [None req-3e99aa2f-4f72-4dcc-9c89-ac3577b2b265 ad1c36470f574add9ba9e32823099dcd 687a87c45db646f9ad7f245f4bd06581 - - default default] 10.0.0.198 "DELETE /v2.0/networks/0a34d42a-23d8-4c4c-a1e1-0bb808145ae6 HTTP/1.1" status: 204 len: 168 time: 0.4643621
2026-06-24 19:08:51.990 9 WARNING neutron.plugins.ml2.drivers.ovn.mech_driver.ovsdb.ovn_client [None req-a93d7c23-903d-4be5-a954-9f933413b3f0 - - - - - -] No port found with ID 9f64c108-e34e-456a-82bf-c4c6f8c7a849: RuntimeError: No port found with ID 9f64c108-e34e-456a-82bf-c4c6f8c7a849
2026-06-24 19:08:51.990 9 INFO neutron.plugins.ml2.drivers.ovn.mech_driver.mech_driver [None req-a93d7c23-903d-4be5-a954-9f933413b3f0 - - - - - -] OVN reports status up for port: 569e1872-976e-4cd1-ab4d-3a5f5a0c5052
2026-06-24 19:08:52.006 9 INFO neutron.plugins.ml2.plugin [None req-a93d7c23-903d-4be5-a954-9f933413b3f0 - - - - - -] Attempt 1 to provision port 569e1872-976e-4cd1-ab4d-3a5f5a0c5052
2026-06-24 19:08:52.233 10 WARNING neutron_lib.context [None req-698abd3a-eb89-4312-9e3f-9671a6574d6b 6a0d41f542bd48628c046c2f33f3ce0e 9356d5af11374419a461ed673422c951 - - default default] Method 'is_advsvc' is deprecated since 2023.2 release (neutron-lib 3.8.0) and will be removed once support for the old RBAC API policies will be removed from Neutron. Please use method 'is_service_role' instead.
2026-06-24 19:08:52.303 10 INFO neutron.wsgi [None req-698abd3a-eb89-4312-9e3f-9671a6574d6b 6a0d41f542bd48628c046c2f33f3ce0e 9356d5af11374419a461ed673422c951 - - default default] 10.0.0.198 "POST /v2.0/subnetpools HTTP/1.1" status: 201 len: 715 time: 0.3244596
2026-06-24 19:08:52.354 10 INFO neutron.wsgi [None req-1aa868d0-7c87-47fe-9ad2-f71aa4b329e0 6a0d41f542bd48628c046c2f33f3ce0e 9356d5af11374419a461ed673422c951 - - default default] 10.0.0.198 "PUT /v2.0/subnetpools/5a56b6eb-00e7-490f-a133-ab8cceaac43b/tags HTTP/1.1" status: 200 len: 218 time: 0.0449107
2026-06-24 19:08:52.418 10 INFO neutron.wsgi [None req-a23e85c0-bf7f-495c-8512-6cb3c3d4d85f 6a0d41f542bd48628c046c2f33f3ce0e 9356d5af11374419a461ed673422c951 - - default default] 10.0.0.198 "GET /v2.0/subnetpools/5a56b6eb-00e7-490f-a133-ab8cceaac43b/tags HTTP/1.1" status: 200 len: 218 time: 0.0512946
2026-06-24 19:08:52.460 10 INFO neutron.wsgi [None req-0bc95a13-0a62-47f1-a00a-1f03f1e19d50 6a0d41f542bd48628c046c2f33f3ce0e 9356d5af11374419a461ed673422c951 - - default default] 10.0.0.198 "PUT /v2.0/subnetpools/5a56b6eb-00e7-490f-a133-ab8cceaac43b/tags/green HTTP/1.1" status: 201 len: 201 time: 0.0371866
2026-06-24 19:08:52.507 9 INFO neutron.wsgi [None req-ef28b83a-6743-4322-b186-add841ae71c4 6a0d41f542bd48628c046c2f33f3ce0e 9356d5af11374419a461ed673422c951 - - default default] 10.0.0.198 "GET /v2.0/subnetpools/5a56b6eb-00e7-490f-a133-ab8cceaac43b/tags HTTP/1.1" status: 200 len: 227 time: 0.0425632
2026-06-24 19:08:52.552 10 INFO neutron.db.ovn_revision_numbers_db [None req-c5b5b14e-5a48-4138-bf93-dcebfcd6f607 a8a7de7117fb409b9a502b48744ef2cf f8b25b63beb84fa2ada4f999d2568fdb - - default default] Successfully bumped revision number for resource 743b0c12-a882-458d-8536-457334f75249 (type: security_groups) to 1
2026-06-24 19:08:52.555 9 INFO neutron.wsgi [None req-3d1ec321-6086-4386-8bad-a36fe02f4587 6a0d41f542bd48628c046c2f33f3ce0e 9356d5af11374419a461ed673422c951 - - default default] 10.0.0.198 "PUT /v2.0/subnetpools/5a56b6eb-00e7-490f-a133-ab8cceaac43b/tags/red HTTP/1.1" status: 201 len: 201 time: 0.0420330
2026-06-24 19:08:52.572 10 INFO neutron.db.ovn_revision_numbers_db [None req-c5b5b14e-5a48-4138-bf93-dcebfcd6f607 a8a7de7117fb409b9a502b48744ef2cf f8b25b63beb84fa2ada4f999d2568fdb - - default default] Successfully bumped revision number for resource 258593e9-0d72-4008-85f5-6d0bae46d4a1 (type: security_group_rules) to 0
2026-06-24 19:08:52.586 10 INFO neutron.db.ovn_revision_numbers_db [None req-c5b5b14e-5a48-4138-bf93-dcebfcd6f607 a8a7de7117fb409b9a502b48744ef2cf f8b25b63beb84fa2ada4f999d2568fdb - - default default] Successfully bumped revision number for resource 7c650cd3-bbac-4ef7-9467-f36871261d3a (type: security_group_rules) to 0
2026-06-24 19:08:52.592 9 INFO neutron.wsgi [None req-edf2084e-5ce0-40e6-a997-436a4311332b 6a0d41f542bd48628c046c2f33f3ce0e 9356d5af11374419a461ed673422c951 - - default default] 10.0.0.198 "GET /v2.0/subnetpools/5a56b6eb-00e7-490f-a133-ab8cceaac43b/tags HTTP/1.1" status: 200 len: 227 time: 0.0322211
2026-06-24 19:08:52.597 10 INFO neutron.db.ovn_revision_numbers_db [None req-c5b5b14e-5a48-4138-bf93-dcebfcd6f607 a8a7de7117fb409b9a502b48744ef2cf f8b25b63beb84fa2ada4f999d2568fdb - - default default] Successfully bumped revision number for resource a80128a1-6dc3-4534-b78a-69f6a45c385d (type: security_group_rules) to 0
2026-06-24 19:08:52.627 10 INFO neutron.db.ovn_revision_numbers_db [None req-c5b5b14e-5a48-4138-bf93-dcebfcd6f607 a8a7de7117fb409b9a502b48744ef2cf f8b25b63beb84fa2ada4f999d2568fdb - - default default] Successfully bumped revision number for resource ed19f3c8-5d6e-4836-9061-7c816aa48b35 (type: security_group_rules) to 0
2026-06-24 19:08:52.647 9 INFO neutron.wsgi [None req-287520d9-25de-4176-bd16-8b713d9c427f 6a0d41f542bd48628c046c2f33f3ce0e 9356d5af11374419a461ed673422c951 - - default default] 10.0.0.198 "PUT /v2.0/subnetpools/5a56b6eb-00e7-490f-a133-ab8cceaac43b/tags/black.or.white HTTP/1.1" status: 201 len: 201 time: 0.0504584
2026-06-24 19:08:52.655 10 INFO neutron.wsgi [None req-c5b5b14e-5a48-4138-bf93-dcebfcd6f607 a8a7de7117fb409b9a502b48744ef2cf f8b25b63beb84fa2ada4f999d2568fdb - - default default] 10.0.0.198 "GET /v2.0/security-groups?tenant_id=de60cd61cb7d4e8095e3150e3b5173b3&name=default HTTP/1.1" status: 200 len: 2996 time: 0.3656721
2026-06-24 19:08:52.694 9 INFO neutron.services.segments.plugin [-] Segment b38aaeaa-4bd5-40e6-bf66-6f700736f00b resource provider aggregate not found
2026-06-24 19:08:52.700 10 INFO neutron.wsgi [None req-fdb0c2ec-986b-45a3-b366-c5c9e27f37f6 6a0d41f542bd48628c046c2f33f3ce0e 9356d5af11374419a461ed673422c951 - - default default] 10.0.0.198 "GET /v2.0/subnetpools/5a56b6eb-00e7-490f-a133-ab8cceaac43b/tags HTTP/1.1" status: 200 len: 245 time: 0.0481803
2026-06-24 19:08:52.716 9 INFO neutron.services.segments.plugin [-] Segment b38aaeaa-4bd5-40e6-bf66-6f700736f00b resource provider aggregate not found
2026-06-24 19:08:52.721 9 INFO neutron.services.segments.plugin [-] Segment b38aaeaa-4bd5-40e6-bf66-6f700736f00b resource provider not found; error: Placement Client Error (4xx): {"errors": [{"status": 404, "title": "Not Found", "detail": "The resource could not be found.\n\n No resource provider with uuid b38aaeaa-4bd5-40e6-bf66-6f700736f00b found for delete ", "request_id": "req-8c3e4156-a0a1-4989-abe3-27c97740401b"}]}
2026-06-24 19:08:52.745 9 INFO neutron.services.segments.plugin [-] Segment b38aaeaa-4bd5-40e6-bf66-6f700736f00b resource provider not found; error: Placement Client Error (4xx): {"errors": [{"status": 404, "title": "Not Found", "detail": "The resource could not be found.\n\n No resource provider with uuid b38aaeaa-4bd5-40e6-bf66-6f700736f00b found for delete ", "request_id": "req-dd458f73-9cd2-409f-90f4-b97ebf21c8f2"}]}
2026-06-24 19:08:52.746 10 INFO neutron.wsgi [None req-e1e38550-dd48-4620-b45c-f744fc1c3ed8 6a0d41f542bd48628c046c2f33f3ce0e 9356d5af11374419a461ed673422c951 - - default default] 10.0.0.198 "PUT /v2.0/subnetpools/5a56b6eb-00e7-490f-a133-ab8cceaac43b/tags HTTP/1.1" status: 200 len: 230 time: 0.0408170
2026-06-24 19:08:52.749 9 INFO neutron.services.segments.plugin [-] Segment 934e1fc7-324b-4a25-b869-78d5a7bee6ae resource provider aggregate not found
2026-06-24 19:08:52.776 9 INFO neutron.services.segments.plugin [-] Segment 934e1fc7-324b-4a25-b869-78d5a7bee6ae resource provider aggregate not found
2026-06-24 19:08:52.778 10 INFO neutron.wsgi [None req-faa8576c-4447-4bec-ab0d-0c691bf197df 6a0d41f542bd48628c046c2f33f3ce0e 9356d5af11374419a461ed673422c951 - - default default] 10.0.0.198 "GET /v2.0/subnetpools/5a56b6eb-00e7-490f-a133-ab8cceaac43b/tags HTTP/1.1" status: 200 len: 230 time: 0.0274379
2026-06-24 19:08:52.781 9 INFO neutron.services.segments.plugin [-] Segment 934e1fc7-324b-4a25-b869-78d5a7bee6ae resource provider not found; error: Placement Client Error (4xx): {"errors": [{"status": 404, "title": "Not Found", "detail": "The resource could not be found.\n\n No resource provider with uuid 934e1fc7-324b-4a25-b869-78d5a7bee6ae found for delete ", "request_id": "req-57407ea4-dae2-457b-aba9-7a64919ec7b7"}]}
2026-06-24 19:08:52.803 9 INFO neutron.services.segments.plugin [-] Segment 934e1fc7-324b-4a25-b869-78d5a7bee6ae resource provider not found; error: Placement Client Error (4xx): {"errors": [{"status": 404, "title": "Not Found", "detail": "The resource could not be found.\n\n No resource provider with uuid 934e1fc7-324b-4a25-b869-78d5a7bee6ae found for delete ", "request_id": "req-622933fe-3127-4fbd-8c3e-0ea986f88fd5"}]}
2026-06-24 19:08:52.806 10 INFO neutron.wsgi [None req-701baac8-9ad7-4d60-a2bc-405bfa12ca75 6a0d41f542bd48628c046c2f33f3ce0e 9356d5af11374419a461ed673422c951 - - default default] 10.0.0.198 "GET /v2.0/subnetpools/5a56b6eb-00e7-490f-a133-ab8cceaac43b/tags/red HTTP/1.1" status: 204 len: 168 time: 0.0234406
2026-06-24 19:08:52.839 10 INFO neutron.api.v2.resource [None req-161b8b69-0020-4003-ad9e-aa048ac87ddb 6a0d41f542bd48628c046c2f33f3ce0e 9356d5af11374419a461ed673422c951 - - default default] show failed (client error): The resource could not be found.
2026-06-24 19:08:52.841 10 INFO neutron.wsgi [None req-161b8b69-0020-4003-ad9e-aa048ac87ddb 6a0d41f542bd48628c046c2f33f3ce0e 9356d5af11374419a461ed673422c951 - - default default] 10.0.0.198 "GET /v2.0/subnetpools/5a56b6eb-00e7-490f-a133-ab8cceaac43b/tags/green HTTP/1.1" status: 404 len: 299 time: 0.0307407
2026-06-24 19:08:52.888 10 INFO neutron.wsgi [None req-4742e1ab-f5d6-429a-95a4-165eba684e5a a8a7de7117fb409b9a502b48744ef2cf f8b25b63beb84fa2ada4f999d2568fdb - - default default] 10.0.0.198 "DELETE /v2.0/security-groups/743b0c12-a882-458d-8536-457334f75249 HTTP/1.1" status: 204 len: 168 time: 0.2281940
2026-06-24 19:08:52.933 9 INFO neutron.wsgi [None req-1c8be468-7087-444c-87b2-4f40a70c3f1f 6a0d41f542bd48628c046c2f33f3ce0e 9356d5af11374419a461ed673422c951 - - default default] 10.0.0.198 "DELETE /v2.0/subnetpools/5a56b6eb-00e7-490f-a133-ab8cceaac43b/tags/red HTTP/1.1" status: 204 len: 168 time: 0.0881550
2026-06-24 19:08:52.952 9 INFO neutron.wsgi [None req-77cfc232-20ef-4fed-bf3b-1078f75bbd39 dc4951b641a24b2fb8fbc7ea32ab001a 06687028aec843ecba24915c9139025e - - default default] 10.0.0.198 "DELETE /v2.0/routers/15cd9b79-a411-480b-bac1-94eade285701 HTTP/1.1" status: 204 len: 168 time: 1.5011168
2026-06-24 19:08:52.968 10 INFO neutron.wsgi [None req-39673263-9d14-41ea-adbc-ede1125ffec1 6a0d41f542bd48628c046c2f33f3ce0e 9356d5af11374419a461ed673422c951 - - default default] 10.0.0.198 "GET /v2.0/subnetpools/5a56b6eb-00e7-490f-a133-ab8cceaac43b/tags HTTP/1.1" status: 200 len: 223 time: 0.0304050
2026-06-24 19:08:52.976 10 INFO neutron.wsgi [None req-20f6b464-d3a5-4dda-a600-3fb5a5e36502 dc4951b641a24b2fb8fbc7ea32ab001a 06687028aec843ecba24915c9139025e - - default default] 10.0.0.198 "GET /v2.0/ports?device_id=15cd9b79-a411-480b-bac1-94eade285701 HTTP/1.1" status: 200 len: 205 time: 0.0174048
2026-06-24 19:08:52.999 10 INFO neutron.api.v2.resource [None req-9ae0484f-226e-484c-ad2b-5191e4c6b76e dc4951b641a24b2fb8fbc7ea32ab001a 06687028aec843ecba24915c9139025e - - default default] delete failed (client error): The resource could not be found.
2026-06-24 19:08:53.000 9 INFO neutron.api.v2.resource [None req-365466c7-879f-4f19-b7d5-8b5c0f979a15 6a0d41f542bd48628c046c2f33f3ce0e 9356d5af11374419a461ed673422c951 - - default default] delete failed (client error): The resource could not be found.
2026-06-24 19:08:53.001 10 INFO neutron.wsgi [None req-9ae0484f-226e-484c-ad2b-5191e4c6b76e dc4951b641a24b2fb8fbc7ea32ab001a 06687028aec843ecba24915c9139025e - - default default] 10.0.0.198 "DELETE /v2.0/routers/15cd9b79-a411-480b-bac1-94eade285701 HTTP/1.1" status: 404 len: 336 time: 0.0204797
2026-06-24 19:08:53.001 9 INFO neutron.wsgi [None req-365466c7-879f-4f19-b7d5-8b5c0f979a15 6a0d41f542bd48628c046c2f33f3ce0e 9356d5af11374419a461ed673422c951 - - default default] 10.0.0.198 "DELETE /v2.0/subnetpools/5a56b6eb-00e7-490f-a133-ab8cceaac43b/tags/green HTTP/1.1" status: 404 len: 299 time: 0.0276277
2026-06-24 19:08:53.023 10 INFO neutron.wsgi [None req-b399886f-3ac0-481b-8e5e-a7e30ce2d587 dc4951b641a24b2fb8fbc7ea32ab001a 06687028aec843ecba24915c9139025e - - default default] 10.0.0.198 "GET /v2.0/ports?device_id=75ec9940-af01-47be-a632-8cb917bfb4f5 HTTP/1.1" status: 200 len: 205 time: 0.0186584
2026-06-24 19:08:53.048 10 INFO neutron.api.v2.resource [None req-04397d6d-bed0-4774-bba8-4f4bb9d0b8d1 dc4951b641a24b2fb8fbc7ea32ab001a 06687028aec843ecba24915c9139025e - - default default] delete failed (client error): The resource could not be found.
2026-06-24 19:08:53.049 10 INFO neutron.wsgi [None req-04397d6d-bed0-4774-bba8-4f4bb9d0b8d1 dc4951b641a24b2fb8fbc7ea32ab001a 06687028aec843ecba24915c9139025e - - default default] 10.0.0.198 "DELETE /v2.0/routers/75ec9940-af01-47be-a632-8cb917bfb4f5 HTTP/1.1" status: 404 len: 336 time: 0.0226977
2026-06-24 19:08:53.062 9 INFO neutron.wsgi [None req-033f31d0-e324-40be-a51b-30e655320993 6a0d41f542bd48628c046c2f33f3ce0e 9356d5af11374419a461ed673422c951 - - default default] 10.0.0.198 "DELETE /v2.0/subnetpools/5a56b6eb-00e7-490f-a133-ab8cceaac43b/tags HTTP/1.1" status: 204 len: 168 time: 0.0546091
2026-06-24 19:08:53.065 9 INFO neutron.wsgi [None req-01e0ad85-c18e-4176-86d3-c32aa6f9e2d2 a8a7de7117fb409b9a502b48744ef2cf f8b25b63beb84fa2ada4f999d2568fdb - - default default] 10.0.0.198 "GET /v2.0/security-groups?tenant_id=687a87c45db646f9ad7f245f4bd06581&name=default HTTP/1.1" status: 200 len: 2996 time: 0.0399697
2026-06-24 19:08:53.068 10 INFO neutron.pecan_wsgi.hooks.translation [None req-8638bd16-620b-4f89-9f77-4756c8f50138 dc4951b641a24b2fb8fbc7ea32ab001a 06687028aec843ecba24915c9139025e - - default default] DELETE failed (client error): The resource could not be found.
2026-06-24 19:08:53.070 10 INFO neutron.wsgi [None req-8638bd16-620b-4f89-9f77-4756c8f50138 dc4951b641a24b2fb8fbc7ea32ab001a 06687028aec843ecba24915c9139025e - - default default] 10.0.0.198 "DELETE /v2.0/subnets/2134cf59-6b7b-441b-bc79-4dec303e6747 HTTP/1.1" status: 404 len: 337 time: 0.0168519
2026-06-24 19:08:53.097 9 INFO neutron.wsgi [None req-9b7fecb9-88fc-4070-964c-c9702686adb5 dc4951b641a24b2fb8fbc7ea32ab001a 06687028aec843ecba24915c9139025e - - default default] 10.0.0.198 "GET /v2.0/ports?device_id=5a79e4eb-d07b-4ea7-9d74-9afcf9b10645 HTTP/1.1" status: 200 len: 205 time: 0.0230455
2026-06-24 19:08:53.100 9 INFO neutron.wsgi [None req-6231e102-17e5-4dbd-92c8-ea69bd0a1adb 6a0d41f542bd48628c046c2f33f3ce0e 9356d5af11374419a461ed673422c951 - - default default] 10.0.0.198 "GET /v2.0/subnetpools/5a56b6eb-00e7-490f-a133-ab8cceaac43b/tags HTTP/1.1" status: 200 len: 205 time: 0.0333400
2026-06-24 19:08:53.133 10 INFO neutron.api.v2.resource [None req-1ad3b2b3-fd76-4b7f-a08f-bd32008c36a2 dc4951b641a24b2fb8fbc7ea32ab001a 06687028aec843ecba24915c9139025e - - default default] delete failed (client error): The resource could not be found.
2026-06-24 19:08:53.134 10 INFO neutron.wsgi [None req-1ad3b2b3-fd76-4b7f-a08f-bd32008c36a2 dc4951b641a24b2fb8fbc7ea32ab001a 06687028aec843ecba24915c9139025e - - default default] 10.0.0.198 "DELETE /v2.0/routers/5a79e4eb-d07b-4ea7-9d74-9afcf9b10645 HTTP/1.1" status: 404 len: 336 time: 0.0331151
2026-06-24 19:08:53.161 9 INFO neutron.pecan_wsgi.hooks.translation [None req-3df6d828-4428-4782-b2e5-763aa5058123 dc4951b641a24b2fb8fbc7ea32ab001a 06687028aec843ecba24915c9139025e - - default default] DELETE failed (client error): The resource could not be found.
2026-06-24 19:08:53.163 9 INFO neutron.wsgi [None req-3df6d828-4428-4782-b2e5-763aa5058123 dc4951b641a24b2fb8fbc7ea32ab001a 06687028aec843ecba24915c9139025e - - default default] 10.0.0.198 "DELETE /v2.0/subnets/2ba24aa3-f25a-45b8-b9ae-7776ab9aaf8c HTTP/1.1" status: 404 len: 337 time: 0.0239503
2026-06-24 19:08:53.187 9 INFO neutron.wsgi [None req-20726ac7-6c22-43a1-8295-366960f226b8 dc4951b641a24b2fb8fbc7ea32ab001a 06687028aec843ecba24915c9139025e - - default default] 10.0.0.198 "GET /v2.0/ports?device_id=01e9a240-1046-4229-b252-605727960c3c HTTP/1.1" status: 200 len: 205 time: 0.0198138
2026-06-24 19:08:53.214 9 INFO neutron.wsgi [None req-d6aa8b0c-c99f-44d7-82f6-dae0c4cefad2 6a0d41f542bd48628c046c2f33f3ce0e 9356d5af11374419a461ed673422c951 - - default default] 10.0.0.198 "DELETE /v2.0/subnetpools/5a56b6eb-00e7-490f-a133-ab8cceaac43b HTTP/1.1" status: 204 len: 168 time: 0.0951436
2026-06-24 19:08:53.215 10 INFO neutron.api.v2.resource [None req-2c14bb64-74de-4a69-9874-01d466642db3 dc4951b641a24b2fb8fbc7ea32ab001a 06687028aec843ecba24915c9139025e - - default default] delete failed (client error): The resource could not be found.
2026-06-24 19:08:53.216 10 INFO neutron.wsgi [None req-2c14bb64-74de-4a69-9874-01d466642db3 dc4951b641a24b2fb8fbc7ea32ab001a 06687028aec843ecba24915c9139025e - - default default] 10.0.0.198 "DELETE /v2.0/routers/01e9a240-1046-4229-b252-605727960c3c HTTP/1.1" status: 404 len: 336 time: 0.0252812
2026-06-24 19:08:53.247 9 INFO neutron.pecan_wsgi.hooks.translation [None req-ae36b77e-7faf-41c2-9b29-32215267c518 dc4951b641a24b2fb8fbc7ea32ab001a 06687028aec843ecba24915c9139025e - - default default] DELETE failed (client error): The resource could not be found.
2026-06-24 19:08:53.252 9 INFO neutron.wsgi [None req-ae36b77e-7faf-41c2-9b29-32215267c518 dc4951b641a24b2fb8fbc7ea32ab001a 06687028aec843ecba24915c9139025e - - default default] 10.0.0.198 "DELETE /v2.0/subnets/213f56e1-53f2-49c7-b2f9-ce408a786964 HTTP/1.1" status: 404 len: 337 time: 0.0263455
2026-06-24 19:08:53.285 9 INFO neutron.pecan_wsgi.hooks.translation [None req-76365a10-18fd-4c37-a3bf-33853d14c1bc dc4951b641a24b2fb8fbc7ea32ab001a 06687028aec843ecba24915c9139025e - - default default] DELETE failed (client error): The resource could not be found.
2026-06-24 19:08:53.288 9 INFO neutron.wsgi [None req-76365a10-18fd-4c37-a3bf-33853d14c1bc dc4951b641a24b2fb8fbc7ea32ab001a 06687028aec843ecba24915c9139025e - - default default] 10.0.0.198 "DELETE /v2.0/subnets/3f88b85f-911f-4047-9bc2-6786acce4130 HTTP/1.1" status: 404 len: 337 time: 0.0301006
2026-06-24 19:08:53.305 10 INFO neutron.wsgi [None req-ec4ad730-760e-47ec-bc8a-44add37922ab a8a7de7117fb409b9a502b48744ef2cf f8b25b63beb84fa2ada4f999d2568fdb - - default default] 10.0.0.198 "DELETE /v2.0/security-groups/816d4100-c2ae-4f15-bb1b-1871bd5a829a HTTP/1.1" status: 204 len: 168 time: 0.2343996
2026-06-24 19:08:53.611 10 INFO neutron.db.ovn_revision_numbers_db [None req-6ac30bb0-af35-4202-acd7-6c660fbf28ef a8a7de7117fb409b9a502b48744ef2cf f8b25b63beb84fa2ada4f999d2568fdb - - default default] Successfully bumped revision number for resource 506d67e2-30df-4f69-b1c4-b224bb8370de (type: security_groups) to 1
2026-06-24 19:08:53.622 10 INFO neutron.db.ovn_revision_numbers_db [None req-6ac30bb0-af35-4202-acd7-6c660fbf28ef a8a7de7117fb409b9a502b48744ef2cf f8b25b63beb84fa2ada4f999d2568fdb - - default default] Successfully bumped revision number for resource 02b32403-b475-43cc-b7d2-5625b2ead5d3 (type: security_group_rules) to 0
2026-06-24 19:08:53.635 10 INFO neutron.db.ovn_revision_numbers_db [None req-6ac30bb0-af35-4202-acd7-6c660fbf28ef a8a7de7117fb409b9a502b48744ef2cf f8b25b63beb84fa2ada4f999d2568fdb - - default default] Successfully bumped revision number for resource ae25154e-1fda-41a0-8763-fc71400485a1 (type: security_group_rules) to 0
2026-06-24 19:08:53.649 10 INFO neutron.db.ovn_revision_numbers_db [None req-6ac30bb0-af35-4202-acd7-6c660fbf28ef a8a7de7117fb409b9a502b48744ef2cf f8b25b63beb84fa2ada4f999d2568fdb - - default default] Successfully bumped revision number for resource e9b43ca7-133b-427c-9b4f-9dbde00790e0 (type: security_group_rules) to 0
2026-06-24 19:08:53.662 10 INFO neutron.db.ovn_revision_numbers_db [None req-6ac30bb0-af35-4202-acd7-6c660fbf28ef a8a7de7117fb409b9a502b48744ef2cf f8b25b63beb84fa2ada4f999d2568fdb - - default default] Successfully bumped revision number for resource f72b8380-f9c2-49ba-ae52-24019246c18c (type: security_group_rules) to 0
2026-06-24 19:08:53.688 10 INFO neutron.wsgi [None req-6ac30bb0-af35-4202-acd7-6c660fbf28ef a8a7de7117fb409b9a502b48744ef2cf f8b25b63beb84fa2ada4f999d2568fdb - - default default] 10.0.0.198 "GET /v2.0/security-groups?tenant_id=da3040cbe64e4e909b3da479698c4fd2&name=default HTTP/1.1" status: 200 len: 2996 time: 0.1888258
2026-06-24 19:08:53.890 10 INFO neutron.wsgi [None req-b83d14df-3c06-4191-8c77-132d40ccd78a a8a7de7117fb409b9a502b48744ef2cf f8b25b63beb84fa2ada4f999d2568fdb - - default default] 10.0.0.198 "DELETE /v2.0/security-groups/506d67e2-30df-4f69-b1c4-b224bb8370de HTTP/1.1" status: 204 len: 168 time: 0.1959720
2026-06-24 19:08:53.955 9 INFO neutron.wsgi [None req-d09299b1-9e61-4f1d-8ab1-aa2cc6f41882 a8a7de7117fb409b9a502b48744ef2cf f8b25b63beb84fa2ada4f999d2568fdb - - default default] 10.0.0.198 "GET /v2.0/security-groups?tenant_id=06687028aec843ecba24915c9139025e&name=default HTTP/1.1" status: 200 len: 2996 time: 0.1471601
2026-06-24 19:08:54.050 9 INFO neutron.db.ovn_revision_numbers_db [None req-51a29728-d7d2-4916-98cb-4d93793cf367 a8a7de7117fb409b9a502b48744ef2cf f8b25b63beb84fa2ada4f999d2568fdb - - default default] Successfully bumped revision number for resource 58514714-1e75-4869-bd5d-16112bb5589a (type: security_groups) to 1
2026-06-24 19:08:54.065 9 INFO neutron.db.ovn_revision_numbers_db [None req-51a29728-d7d2-4916-98cb-4d93793cf367 a8a7de7117fb409b9a502b48744ef2cf f8b25b63beb84fa2ada4f999d2568fdb - - default default] Successfully bumped revision number for resource 039e71e7-e604-438f-b96e-de0dd0d1e7e5 (type: security_group_rules) to 0
2026-06-24 19:08:54.081 9 INFO neutron.db.ovn_revision_numbers_db [None req-51a29728-d7d2-4916-98cb-4d93793cf367 a8a7de7117fb409b9a502b48744ef2cf f8b25b63beb84fa2ada4f999d2568fdb - - default default] Successfully bumped revision number for resource 10298b88-0e43-483a-94c8-65404639e0f0 (type: security_group_rules) to 0
2026-06-24 19:08:54.098 9 INFO neutron.db.ovn_revision_numbers_db [None req-51a29728-d7d2-4916-98cb-4d93793cf367 a8a7de7117fb409b9a502b48744ef2cf f8b25b63beb84fa2ada4f999d2568fdb - - default default] Successfully bumped revision number for resource 3deda15f-fece-4bf2-bbc7-564fc4f6d9ca (type: security_group_rules) to 0
2026-06-24 19:08:54.113 9 INFO neutron.db.ovn_revision_numbers_db [None req-51a29728-d7d2-4916-98cb-4d93793cf367 a8a7de7117fb409b9a502b48744ef2cf f8b25b63beb84fa2ada4f999d2568fdb - - default default] Successfully bumped revision number for resource 7898da19-676c-443c-b1ee-8bc682a97bae (type: security_group_rules) to 0
2026-06-24 19:08:54.144 9 INFO neutron.wsgi [None req-51a29728-d7d2-4916-98cb-4d93793cf367 a8a7de7117fb409b9a502b48744ef2cf f8b25b63beb84fa2ada4f999d2568fdb - - default default] 10.0.0.198 "GET /v2.0/security-groups?tenant_id=e2cfb343c51d40c48e934ea20ae41062&name=default HTTP/1.1" status: 200 len: 2996 time: 0.2606289
2026-06-24 19:08:54.163 10 INFO neutron.wsgi [None req-3a056c21-6d7a-47d6-a317-f38af132562e a8a7de7117fb409b9a502b48744ef2cf f8b25b63beb84fa2ada4f999d2568fdb - - default default] 10.0.0.198 "DELETE /v2.0/security-groups/4eb742de-3410-48a2-ade0-9620d7ebee44 HTTP/1.1" status: 204 len: 168 time: 0.2007375
2026-06-24 19:08:54.394 10 INFO neutron.wsgi [None req-07fc3997-4e0a-4247-a28b-02011a536f96 a8a7de7117fb409b9a502b48744ef2cf f8b25b63beb84fa2ada4f999d2568fdb - - default default] 10.0.0.198 "DELETE /v2.0/security-groups/58514714-1e75-4869-bd5d-16112bb5589a HTTP/1.1" status: 204 len: 168 time: 0.2455516
2026-06-24 19:08:54.670 10 INFO neutron.db.ovn_revision_numbers_db [None req-86fb925a-f1e6-4335-a231-f2385f477809 a8a7de7117fb409b9a502b48744ef2cf f8b25b63beb84fa2ada4f999d2568fdb - - default default] Successfully bumped revision number for resource 5c064391-35f0-4bc4-ac31-14b0a9f4b5ed (type: security_groups) to 1
2026-06-24 19:08:54.685 10 INFO neutron.db.ovn_revision_numbers_db [None req-86fb925a-f1e6-4335-a231-f2385f477809 a8a7de7117fb409b9a502b48744ef2cf f8b25b63beb84fa2ada4f999d2568fdb - - default default] Successfully bumped revision number for resource 2cdbdc46-e90e-4236-b0cc-05d2251cf6b8 (type: security_group_rules) to 0
2026-06-24 19:08:54.700 10 INFO neutron.db.ovn_revision_numbers_db [None req-86fb925a-f1e6-4335-a231-f2385f477809 a8a7de7117fb409b9a502b48744ef2cf f8b25b63beb84fa2ada4f999d2568fdb - - default default] Successfully bumped revision number for resource 81f6736b-4edb-42a7-9395-1fdb2bc9b13d (type: security_group_rules) to 0
2026-06-24 19:08:54.717 10 INFO neutron.db.ovn_revision_numbers_db [None req-86fb925a-f1e6-4335-a231-f2385f477809 a8a7de7117fb409b9a502b48744ef2cf f8b25b63beb84fa2ada4f999d2568fdb - - default default] Successfully bumped revision number for resource 960a942d-76c1-4d0c-9a34-f35c204bae89 (type: security_group_rules) to 0
2026-06-24 19:08:54.735 10 INFO neutron.db.ovn_revision_numbers_db [None req-86fb925a-f1e6-4335-a231-f2385f477809 a8a7de7117fb409b9a502b48744ef2cf f8b25b63beb84fa2ada4f999d2568fdb - - default default] Successfully bumped revision number for resource bab9c531-d900-4590-81ae-7320faeedfdc (type: security_group_rules) to 0
2026-06-24 19:08:54.737 9 WARNING neutron_lib.context [None req-8bfe9467-f1e5-4a06-b076-ad0a6a24301e bfc9f017b2bd4012b529c226d761dce6 3a613b6b271b4239b7b0773b5a5f7621 - - default default] Method 'is_advsvc' is deprecated since 2023.2 release (neutron-lib 3.8.0) and will be removed once support for the old RBAC API policies will be removed from Neutron. Please use method 'is_service_role' instead.
2026-06-24 19:08:54.760 10 INFO neutron.wsgi [None req-86fb925a-f1e6-4335-a231-f2385f477809 a8a7de7117fb409b9a502b48744ef2cf f8b25b63beb84fa2ada4f999d2568fdb - - default default] 10.0.0.198 "GET /v2.0/security-groups?tenant_id=9356d5af11374419a461ed673422c951&name=default HTTP/1.1" status: 200 len: 2996 time: 0.2132680
2026-06-24 19:08:54.969 10 INFO neutron.wsgi [None req-d0e5fa50-419a-44c5-bdd2-406a397b2e96 a8a7de7117fb409b9a502b48744ef2cf f8b25b63beb84fa2ada4f999d2568fdb - - default default] 10.0.0.198 "DELETE /v2.0/security-groups/5c064391-35f0-4bc4-ac31-14b0a9f4b5ed HTTP/1.1" status: 204 len: 168 time: 0.2033553
2026-06-24 19:08:55.034 9 WARNING neutron.scheduler.dhcp_agent_scheduler [None req-8bfe9467-f1e5-4a06-b076-ad0a6a24301e bfc9f017b2bd4012b529c226d761dce6 3a613b6b271b4239b7b0773b5a5f7621 - - default default] No more DHCP agents
2026-06-24 19:08:55.036 9 WARNING neutron.api.rpc.agentnotifiers.dhcp_rpc_agent_api [None req-8bfe9467-f1e5-4a06-b076-ad0a6a24301e bfc9f017b2bd4012b529c226d761dce6 3a613b6b271b4239b7b0773b5a5f7621 - - default default] Unable to schedule network 9f2072f5-7eec-4e11-a0c9-72ec37e5c48f: no agents available; will retry on subsequent port and subnet creation events.
2026-06-24 19:08:55.421 9 INFO neutron.db.ovn_revision_numbers_db [None req-8bfe9467-f1e5-4a06-b076-ad0a6a24301e bfc9f017b2bd4012b529c226d761dce6 3a613b6b271b4239b7b0773b5a5f7621 - - default default] Successfully bumped revision number for resource 8a7856c2-ac9f-4e23-ab64-cfb77fe67a82 (type: floatingips) to 0
2026-06-24 19:08:55.441 9 INFO neutron.wsgi [None req-8bfe9467-f1e5-4a06-b076-ad0a6a24301e bfc9f017b2bd4012b529c226d761dce6 3a613b6b271b4239b7b0773b5a5f7621 - - default default] 10.0.0.198 "POST /v2.0/floatingips HTTP/1.1" status: 201 len: 751 time: 0.9592392
2026-06-24 19:08:55.451 9 WARNING neutron_lib.context [None req-f5dbda3f-7028-416c-a403-96ca08a9e1ac bfc9f017b2bd4012b529c226d761dce6 3a613b6b271b4239b7b0773b5a5f7621 - - default default] Method 'is_advsvc' is deprecated since 2023.2 release (neutron-lib 3.8.0) and will be removed once support for the old RBAC API policies will be removed from Neutron. Please use method 'is_service_role' instead.
2026-06-24 19:08:55.744 9 WARNING neutron.scheduler.dhcp_agent_scheduler [None req-f5dbda3f-7028-416c-a403-96ca08a9e1ac bfc9f017b2bd4012b529c226d761dce6 3a613b6b271b4239b7b0773b5a5f7621 - - default default] No more DHCP agents
2026-06-24 19:08:55.746 9 WARNING neutron.api.rpc.agentnotifiers.dhcp_rpc_agent_api [None req-f5dbda3f-7028-416c-a403-96ca08a9e1ac bfc9f017b2bd4012b529c226d761dce6 3a613b6b271b4239b7b0773b5a5f7621 - - default default] Unable to schedule network 9f2072f5-7eec-4e11-a0c9-72ec37e5c48f: no agents available; will retry on subsequent port and subnet creation events.
2026-06-24 19:08:56.085 9 INFO neutron.db.ovn_revision_numbers_db [None req-f5dbda3f-7028-416c-a403-96ca08a9e1ac bfc9f017b2bd4012b529c226d761dce6 3a613b6b271b4239b7b0773b5a5f7621 - - default default] Successfully bumped revision number for resource 2be2ed58-fc99-4ec2-b519-122bd07458c6 (type: floatingips) to 0
2026-06-24 19:08:56.098 9 INFO neutron.wsgi [None req-f5dbda3f-7028-416c-a403-96ca08a9e1ac bfc9f017b2bd4012b529c226d761dce6 3a613b6b271b4239b7b0773b5a5f7621 - - default default] 10.0.0.198 "POST /v2.0/floatingips HTTP/1.1" status: 201 len: 751 time: 0.6516030
2026-06-24 19:08:56.109 9 WARNING neutron_lib.context [None req-e56bd696-365c-41c7-911f-2df0d706c382 bfc9f017b2bd4012b529c226d761dce6 3a613b6b271b4239b7b0773b5a5f7621 - - default default] Method 'is_advsvc' is deprecated since 2023.2 release (neutron-lib 3.8.0) and will be removed once support for the old RBAC API policies will be removed from Neutron. Please use method 'is_service_role' instead.
2026-06-24 19:08:56.194 10 WARNING neutron_lib.context [None req-77a9c64e-c45d-4aa3-9d5f-37e673522d9f eaab0c96b36c419bbc825145c60c9dd9 a35efad1221144e0889dcd4df91e3f2d - - default default] Method 'is_advsvc' is deprecated since 2023.2 release (neutron-lib 3.8.0) and will be removed once support for the old RBAC API policies will be removed from Neutron. Please use method 'is_service_role' instead.
2026-06-24 19:08:56.219 9 WARNING neutron.plugins.ml2.drivers.ovn.mech_driver.ovsdb.ovn_client [None req-a93d7c23-903d-4be5-a954-9f933413b3f0 - - - - - -] No port found with ID 569e1872-976e-4cd1-ab4d-3a5f5a0c5052: RuntimeError: No port found with ID 569e1872-976e-4cd1-ab4d-3a5f5a0c5052
2026-06-24 19:08:56.262 10 INFO neutron.wsgi [None req-77a9c64e-c45d-4aa3-9d5f-37e673522d9f eaab0c96b36c419bbc825145c60c9dd9 a35efad1221144e0889dcd4df91e3f2d - - default default] 10.0.0.198 "POST /v2.0/subnetpools HTTP/1.1" status: 201 len: 747 time: 0.1876974
2026-06-24 19:08:56.292 9 INFO neutron.wsgi [None req-5a123ee8-8899-4a69-b4dd-d3fe07d8388a eaab0c96b36c419bbc825145c60c9dd9 a35efad1221144e0889dcd4df91e3f2d - - default default] 10.0.0.198 "GET /v2.0/subnetpools/a5e15259-1f49-4ba1-ab3f-55856390f5f2 HTTP/1.1" status: 200 len: 742 time: 0.0254362
2026-06-24 19:08:56.370 10 INFO neutron.wsgi [None req-289a18fa-2471-457e-a8b5-18353da78ad2 eaab0c96b36c419bbc825145c60c9dd9 a35efad1221144e0889dcd4df91e3f2d - - default default] 10.0.0.198 "PUT /v2.0/subnetpools/a5e15259-1f49-4ba1-ab3f-55856390f5f2 HTTP/1.1" status: 200 len: 695 time: 0.0727117
2026-06-24 19:08:56.409 9 WARNING neutron.scheduler.dhcp_agent_scheduler [None req-e56bd696-365c-41c7-911f-2df0d706c382 bfc9f017b2bd4012b529c226d761dce6 3a613b6b271b4239b7b0773b5a5f7621 - - default default] No more DHCP agents
2026-06-24 19:08:56.411 9 WARNING neutron.api.rpc.agentnotifiers.dhcp_rpc_agent_api [None req-e56bd696-365c-41c7-911f-2df0d706c382 bfc9f017b2bd4012b529c226d761dce6 3a613b6b271b4239b7b0773b5a5f7621 - - default default] Unable to schedule network 9f2072f5-7eec-4e11-a0c9-72ec37e5c48f: no agents available; will retry on subsequent port and subnet creation events.
2026-06-24 19:08:56.433 10 INFO neutron.wsgi [None req-40138854-f0c7-485e-a463-85b87a0eb906 eaab0c96b36c419bbc825145c60c9dd9 a35efad1221144e0889dcd4df91e3f2d - - default default] 10.0.0.198 "DELETE /v2.0/subnetpools/a5e15259-1f49-4ba1-ab3f-55856390f5f2 HTTP/1.1" status: 204 len: 168 time: 0.0585852
2026-06-24 19:08:56.447 10 INFO neutron.api.v2.resource [None req-ae8dfd2b-7ba9-42c9-9aee-f7865348bb81 eaab0c96b36c419bbc825145c60c9dd9 a35efad1221144e0889dcd4df91e3f2d - - default default] show failed (client error): The resource could not be found.
2026-06-24 19:08:56.448 10 INFO neutron.wsgi [None req-ae8dfd2b-7ba9-42c9-9aee-f7865348bb81 eaab0c96b36c419bbc825145c60c9dd9 a35efad1221144e0889dcd4df91e3f2d - - default default] 10.0.0.198 "GET /v2.0/subnetpools/a5e15259-1f49-4ba1-ab3f-55856390f5f2 HTTP/1.1" status: 404 len: 346 time: 0.0111217
2026-06-24 19:08:56.462 10 INFO neutron.api.v2.resource [None req-7ecf7d69-fd93-49b6-9618-61d507d125d4 eaab0c96b36c419bbc825145c60c9dd9 a35efad1221144e0889dcd4df91e3f2d - - default default] delete failed (client error): The resource could not be found.
2026-06-24 19:08:56.463 10 INFO neutron.wsgi [None req-7ecf7d69-fd93-49b6-9618-61d507d125d4 eaab0c96b36c419bbc825145c60c9dd9 a35efad1221144e0889dcd4df91e3f2d - - default default] 10.0.0.198 "DELETE /v2.0/subnetpools/a5e15259-1f49-4ba1-ab3f-55856390f5f2 HTTP/1.1" status: 404 len: 346 time: 0.0105829
2026-06-24 19:08:56.771 15 INFO neutron.plugins.ml2.drivers.ovn.mech_driver.ovsdb.maintenance [None req-c71a4423-a621-4415-a8ef-ea169d192ae8 - - - - - -] Maintenance task: Synchronization finished (took 1.66 seconds)
2026-06-24 19:08:56.965 9 INFO neutron.db.ovn_revision_numbers_db [None req-e56bd696-365c-41c7-911f-2df0d706c382 bfc9f017b2bd4012b529c226d761dce6 3a613b6b271b4239b7b0773b5a5f7621 - - default default] Successfully bumped revision number for resource df767c1c-df0e-4da1-8e86-4c0bb325045e (type: floatingips) to 0
2026-06-24 19:08:56.980 9 INFO neutron.wsgi [None req-e56bd696-365c-41c7-911f-2df0d706c382 bfc9f017b2bd4012b529c226d761dce6 3a613b6b271b4239b7b0773b5a5f7621 - - default default] 10.0.0.198 "POST /v2.0/floatingips HTTP/1.1" status: 201 len: 751 time: 0.8760846
2026-06-24 19:08:56.991 9 WARNING neutron_lib.context [None req-e441307e-24c8-4ba3-8e42-d3e318ad2501 bfc9f017b2bd4012b529c226d761dce6 3a613b6b271b4239b7b0773b5a5f7621 - - default default] Method 'is_advsvc' is deprecated since 2023.2 release (neutron-lib 3.8.0) and will be removed once support for the old RBAC API policies will be removed from Neutron. Please use method 'is_service_role' instead.
2026-06-24 19:08:57.300 9 WARNING neutron.scheduler.dhcp_agent_scheduler [None req-e441307e-24c8-4ba3-8e42-d3e318ad2501 bfc9f017b2bd4012b529c226d761dce6 3a613b6b271b4239b7b0773b5a5f7621 - - default default] No more DHCP agents
2026-06-24 19:08:57.301 9 INFO neutron.db.ovn_revision_numbers_db [None req-a2ddbdf6-e804-40dd-9003-83072a3f9acf a8a7de7117fb409b9a502b48744ef2cf f8b25b63beb84fa2ada4f999d2568fdb - - default default] Successfully bumped revision number for resource 392ffecc-1572-457e-835d-4771d91e437d (type: security_groups) to 1
2026-06-24 19:08:57.305 9 WARNING neutron.api.rpc.agentnotifiers.dhcp_rpc_agent_api [None req-e441307e-24c8-4ba3-8e42-d3e318ad2501 bfc9f017b2bd4012b529c226d761dce6 3a613b6b271b4239b7b0773b5a5f7621 - - default default] Unable to schedule network 9f2072f5-7eec-4e11-a0c9-72ec37e5c48f: no agents available; will retry on subsequent port and subnet creation events.
2026-06-24 19:08:57.336 9 INFO neutron.db.ovn_revision_numbers_db [None req-a2ddbdf6-e804-40dd-9003-83072a3f9acf a8a7de7117fb409b9a502b48744ef2cf f8b25b63beb84fa2ada4f999d2568fdb - - default default] Successfully bumped revision number for resource 0a2c6531-4b4c-426f-bbac-a24f15654a18 (type: security_group_rules) to 0
2026-06-24 19:08:57.368 9 INFO neutron.db.ovn_revision_numbers_db [None req-a2ddbdf6-e804-40dd-9003-83072a3f9acf a8a7de7117fb409b9a502b48744ef2cf f8b25b63beb84fa2ada4f999d2568fdb - - default default] Successfully bumped revision number for resource 6c3f8344-37a8-4a86-9f85-01197157c9e2 (type: security_group_rules) to 0
2026-06-24 19:08:57.387 9 INFO neutron.db.ovn_revision_numbers_db [None req-a2ddbdf6-e804-40dd-9003-83072a3f9acf a8a7de7117fb409b9a502b48744ef2cf f8b25b63beb84fa2ada4f999d2568fdb - - default default] Successfully bumped revision number for resource 80ca3424-0c97-4916-a944-fdd94e4c830d (type: security_group_rules) to 0
2026-06-24 19:08:57.406 9 INFO neutron.db.ovn_revision_numbers_db [None req-a2ddbdf6-e804-40dd-9003-83072a3f9acf a8a7de7117fb409b9a502b48744ef2cf f8b25b63beb84fa2ada4f999d2568fdb - - default default] Successfully bumped revision number for resource d210bfce-24a2-423c-bf7f-382cbea65858 (type: security_group_rules) to 0
2026-06-24 19:08:57.433 9 INFO neutron.wsgi [None req-a2ddbdf6-e804-40dd-9003-83072a3f9acf a8a7de7117fb409b9a502b48744ef2cf f8b25b63beb84fa2ada4f999d2568fdb - - default default] 10.0.0.198 "GET /v2.0/security-groups?tenant_id=a35efad1221144e0889dcd4df91e3f2d&name=default HTTP/1.1" status: 200 len: 2996 time: 0.4366381
2026-06-24 19:08:57.468 10 WARNING neutron_lib.context [None req-87833100-5ac1-4566-bc15-d861c45678a8 b8830bcaf1e14a48970ab5cc0d7e9c1d 44caaa1e9d944ec0b358c4b83c6f667c - - default default] Method 'is_advsvc' is deprecated since 2023.2 release (neutron-lib 3.8.0) and will be removed once support for the old RBAC API policies will be removed from Neutron. Please use method 'is_service_role' instead.
2026-06-24 19:08:57.757 9 INFO neutron.db.ovn_revision_numbers_db [None req-e441307e-24c8-4ba3-8e42-d3e318ad2501 bfc9f017b2bd4012b529c226d761dce6 3a613b6b271b4239b7b0773b5a5f7621 - - default default] Successfully bumped revision number for resource f101c5e8-33d9-4212-9d03-59c085653176 (type: floatingips) to 0
2026-06-24 19:08:57.760 10 WARNING neutron.scheduler.dhcp_agent_scheduler [None req-87833100-5ac1-4566-bc15-d861c45678a8 b8830bcaf1e14a48970ab5cc0d7e9c1d 44caaa1e9d944ec0b358c4b83c6f667c - - default default] No more DHCP agents
2026-06-24 19:08:57.766 10 WARNING neutron.api.rpc.agentnotifiers.dhcp_rpc_agent_api [None req-87833100-5ac1-4566-bc15-d861c45678a8 b8830bcaf1e14a48970ab5cc0d7e9c1d 44caaa1e9d944ec0b358c4b83c6f667c - - default default] Unable to schedule network 9f2072f5-7eec-4e11-a0c9-72ec37e5c48f: no agents available; will retry on subsequent port and subnet creation events.
2026-06-24 19:08:57.785 9 INFO neutron.wsgi [None req-e441307e-24c8-4ba3-8e42-d3e318ad2501 bfc9f017b2bd4012b529c226d761dce6 3a613b6b271b4239b7b0773b5a5f7621 - - default default] 10.0.0.198 "POST /v2.0/floatingips HTTP/1.1" status: 201 len: 751 time: 0.7995551
2026-06-24 19:08:57.801 9 WARNING neutron_lib.context [None req-b8ea3b59-ce40-4636-881a-4d9a39ded183 bfc9f017b2bd4012b529c226d761dce6 3a613b6b271b4239b7b0773b5a5f7621 - - default default] Method 'is_advsvc' is deprecated since 2023.2 release (neutron-lib 3.8.0) and will be removed once support for the old RBAC API policies will be removed from Neutron. Please use method 'is_service_role' instead.
2026-06-24 19:08:57.834 9 INFO neutron.wsgi [None req-15453ca9-56f5-4742-bfff-2fe8535b4a87 a8a7de7117fb409b9a502b48744ef2cf f8b25b63beb84fa2ada4f999d2568fdb - - default default] 10.0.0.198 "DELETE /v2.0/security-groups/392ffecc-1572-457e-835d-4771d91e437d HTTP/1.1" status: 204 len: 168 time: 0.3969078
2026-06-24 19:08:58.142 9 WARNING neutron.scheduler.dhcp_agent_scheduler [None req-b8ea3b59-ce40-4636-881a-4d9a39ded183 bfc9f017b2bd4012b529c226d761dce6 3a613b6b271b4239b7b0773b5a5f7621 - - default default] No more DHCP agents
2026-06-24 19:08:58.145 9 WARNING neutron.api.rpc.agentnotifiers.dhcp_rpc_agent_api [None req-b8ea3b59-ce40-4636-881a-4d9a39ded183 bfc9f017b2bd4012b529c226d761dce6 3a613b6b271b4239b7b0773b5a5f7621 - - default default] Unable to schedule network 9f2072f5-7eec-4e11-a0c9-72ec37e5c48f: no agents available; will retry on subsequent port and subnet creation events.
2026-06-24 19:08:58.193 10 INFO neutron.db.ovn_revision_numbers_db [None req-87833100-5ac1-4566-bc15-d861c45678a8 b8830bcaf1e14a48970ab5cc0d7e9c1d 44caaa1e9d944ec0b358c4b83c6f667c - - default default] Successfully bumped revision number for resource a3863a08-7efc-487f-ba0a-1c52ec291093 (type: floatingips) to 0
