2026-06-24 19:09:26.593 10 INFO neutron.wsgi [req-de70ca15-166c-450a-bb6a-c5b6d7c307f1 req-699bb137-cf24-4d59-a016-6d59429a2fea 1bfd51debc0243bfa47e134af339e843 72443ec725ae45abb6554219dff3cf98 - - 96f39892b42c4814a72e6e54be96ca4d 96f39892b42c4814a72e6e54be96ca4d] 10.0.0.80 "GET /v2.0/ports?device_id=dd2e2bf6-630c-4e2c-ba54-40455613071d HTTP/1.1" status: 200 len: 1413 time: 0.0373693
2026-06-24 19:09:26.612 9 INFO neutron.wsgi [None req-e9652f8e-e3d3-497b-9b11-54e260520a81 a8a7de7117fb409b9a502b48744ef2cf f8b25b63beb84fa2ada4f999d2568fdb - - default default] 10.0.0.198 "GET /v2.0/security-groups?tenant_id=68e0c21bbb61497db53818c4d5fe6e38&name=default HTTP/1.1" status: 200 len: 3000 time: 0.2263634
2026-06-24 19:09:26.639 10 INFO neutron.wsgi [req-de70ca15-166c-450a-bb6a-c5b6d7c307f1 req-5301bba9-f537-4504-b375-9a96764ec1b4 1bfd51debc0243bfa47e134af339e843 72443ec725ae45abb6554219dff3cf98 - - 96f39892b42c4814a72e6e54be96ca4d 96f39892b42c4814a72e6e54be96ca4d] 10.0.0.80 "GET /v2.0/security-groups?id=ceda1f27-f7cf-494c-a547-ceb93599c065&fields=id&fields=name HTTP/1.1" status: 200 len: 312 time: 0.0382886
2026-06-24 19:09:26.815 9 INFO neutron.wsgi [None req-1efc5bf8-a5b5-4091-ba7e-842bb96c058c a8a7de7117fb409b9a502b48744ef2cf f8b25b63beb84fa2ada4f999d2568fdb - - default default] 10.0.0.198 "DELETE /v2.0/security-groups/d85fbd0b-4d51-41f8-ab7a-a9601c29cf78 HTTP/1.1" status: 204 len: 168 time: 0.1975505
2026-06-24 19:09:26.981 9 INFO neutron.wsgi [req-cc86a95f-25af-48a2-8890-aae9e0dfb573 req-926f96b7-5c7b-4638-94e1-5a5b77739719 38b32c5f1e32448f9d80a0c98b1f7f6b e4fc9537d8ac48c9b908e9c55bbdbca2 - - default default] 199.19.213.122 "GET /v2.0/networks?id=80259604-72d9-44db-991a-e7a5782aa12d HTTP/1.1" status: 200 len: 904 time: 0.1159210
2026-06-24 19:09:27.060 9 INFO neutron.wsgi [req-cc86a95f-25af-48a2-8890-aae9e0dfb573 req-94fdab93-3687-46dd-a2bc-6d84b934f191 38b32c5f1e32448f9d80a0c98b1f7f6b e4fc9537d8ac48c9b908e9c55bbdbca2 - - default default] 199.19.213.122 "GET /v2.0/security-groups?fields=id&fields=name&tenant_id=e4fc9537d8ac48c9b908e9c55bbdbca2 HTTP/1.1" status: 200 len: 378 time: 0.0722263
2026-06-24 19:09:27.077 9 WARNING neutron_lib.context [req-cc86a95f-25af-48a2-8890-aae9e0dfb573 req-2d148470-2a44-4bcb-b873-b4bcfd3382ef 38b32c5f1e32448f9d80a0c98b1f7f6b e4fc9537d8ac48c9b908e9c55bbdbca2 - - default default] Method 'is_advsvc' is deprecated since 2023.2 release (neutron-lib 3.8.0) and will be removed once support for the old RBAC API policies will be removed from Neutron. Please use method 'is_service_role' instead.
2026-06-24 19:09:27.487 9 WARNING neutron.scheduler.dhcp_agent_scheduler [req-cc86a95f-25af-48a2-8890-aae9e0dfb573 req-2d148470-2a44-4bcb-b873-b4bcfd3382ef 38b32c5f1e32448f9d80a0c98b1f7f6b e4fc9537d8ac48c9b908e9c55bbdbca2 - - default default] No more DHCP agents
2026-06-24 19:09:27.489 9 WARNING neutron.api.rpc.agentnotifiers.dhcp_rpc_agent_api [req-cc86a95f-25af-48a2-8890-aae9e0dfb573 req-2d148470-2a44-4bcb-b873-b4bcfd3382ef 38b32c5f1e32448f9d80a0c98b1f7f6b e4fc9537d8ac48c9b908e9c55bbdbca2 - - default default] Unable to schedule network 80259604-72d9-44db-991a-e7a5782aa12d: no agents available; will retry on subsequent port and subnet creation events.
2026-06-24 19:09:27.502 10 WARNING neutron.plugins.ml2.drivers.ovn.mech_driver.ovsdb.ovn_client [None req-884a0f8c-2aa1-46d4-bfa7-65445e42ffaf - - - - - -] No hosting information found for port d057d728-8712-4b6f-9755-6f3459f23f57: RuntimeError: No hosting information found for port d057d728-8712-4b6f-9755-6f3459f23f57
2026-06-24 19:09:27.539 9 WARNING neutron.plugins.ml2.drivers.ovn.mech_driver.ovsdb.ovn_client [None req-a93d7c23-903d-4be5-a954-9f933413b3f0 - - - - - -] No hosting information found for port b6ca9629-e3c1-4344-baa1-83bbf1520481: RuntimeError: No hosting information found for port b6ca9629-e3c1-4344-baa1-83bbf1520481
2026-06-24 19:09:27.681 9 INFO neutron.db.ovn_revision_numbers_db [req-cc86a95f-25af-48a2-8890-aae9e0dfb573 req-2d148470-2a44-4bcb-b873-b4bcfd3382ef 38b32c5f1e32448f9d80a0c98b1f7f6b e4fc9537d8ac48c9b908e9c55bbdbca2 - - default default] Successfully bumped revision number for resource c9af131e-af3c-4c16-afcf-b20398a71672 (type: ports) to 1
2026-06-24 19:09:27.708 9 INFO neutron.wsgi [req-cc86a95f-25af-48a2-8890-aae9e0dfb573 req-2d148470-2a44-4bcb-b873-b4bcfd3382ef 38b32c5f1e32448f9d80a0c98b1f7f6b e4fc9537d8ac48c9b908e9c55bbdbca2 - - default default] 199.19.213.122 "POST /v2.0/ports HTTP/1.1" status: 201 len: 1384 time: 0.6372428 /var/lib/openstack/lib/python3.10/site-packages/pycadf/identifier.py:71: UserWarning: Invalid uuid: neutron. To ensure interoperability, identifiers should be a valid uuid. warnings.warn(('Invalid uuid: %s. To ensure interoperability, '
2026-06-24 19:09:28.166 9 INFO neutron.db.ovn_revision_numbers_db [req-cc86a95f-25af-48a2-8890-aae9e0dfb573 req-50ff60fb-65c9-4147-a01f-7c5bdc392747 1bfd51debc0243bfa47e134af339e843 72443ec725ae45abb6554219dff3cf98 - - 96f39892b42c4814a72e6e54be96ca4d 96f39892b42c4814a72e6e54be96ca4d] Successfully bumped revision number for resource c9af131e-af3c-4c16-afcf-b20398a71672 (type: ports) to 2 /var/lib/openstack/lib/python3.10/site-packages/pycadf/identifier.py:71: UserWarning: Invalid uuid: neutron. To ensure interoperability, identifiers should be a valid uuid. warnings.warn(('Invalid uuid: %s. To ensure interoperability, '
2026-06-24 19:09:28.284 9 WARNING neutron_lib.context [None req-201d8fee-f6e6-43e3-92f1-50b914ef7d7f 121c8d0114494055bbc2d54f8517659e 2295edab51a543518ae46a5af413d5f2 - - default default] Method 'is_advsvc' is deprecated since 2023.2 release (neutron-lib 3.8.0) and will be removed once support for the old RBAC API policies will be removed from Neutron. Please use method 'is_service_role' instead.
2026-06-24 19:09:28.400 9 INFO neutron.db.ovn_revision_numbers_db [req-cc86a95f-25af-48a2-8890-aae9e0dfb573 req-50ff60fb-65c9-4147-a01f-7c5bdc392747 1bfd51debc0243bfa47e134af339e843 72443ec725ae45abb6554219dff3cf98 - - 96f39892b42c4814a72e6e54be96ca4d 96f39892b42c4814a72e6e54be96ca4d] Successfully bumped revision number for resource c9af131e-af3c-4c16-afcf-b20398a71672 (type: ports) to 2
2026-06-24 19:09:28.421 9 INFO neutron.wsgi [req-cc86a95f-25af-48a2-8890-aae9e0dfb573 req-50ff60fb-65c9-4147-a01f-7c5bdc392747 1bfd51debc0243bfa47e134af339e843 72443ec725ae45abb6554219dff3cf98 - - 96f39892b42c4814a72e6e54be96ca4d 96f39892b42c4814a72e6e54be96ca4d] 199.19.213.122 "PUT /v2.0/ports/c9af131e-af3c-4c16-afcf-b20398a71672 HTTP/1.1" status: 200 len: 1601 time: 0.7033806
2026-06-24 19:09:28.465 9 INFO neutron.notifiers.nova [-] Nova event matching ['req-0dcdadb6-23f3-4e7f-bab9-21f249a88293'] response: {'name': 'network-changed', 'server_uuid': 'a512e988-984f-4acf-815a-f822436f2274', 'tag': 'c9af131e-af3c-4c16-afcf-b20398a71672', 'status': 'completed', 'code': 200} /var/lib/openstack/lib/python3.10/site-packages/pycadf/identifier.py:71: UserWarning: Invalid uuid: neutron. To ensure interoperability, identifiers should be a valid uuid. warnings.warn(('Invalid uuid: %s. To ensure interoperability, '
2026-06-24 19:09:28.472 9 INFO neutron.db.ovn_revision_numbers_db [None req-201d8fee-f6e6-43e3-92f1-50b914ef7d7f 121c8d0114494055bbc2d54f8517659e 2295edab51a543518ae46a5af413d5f2 - - default default] Successfully bumped revision number for resource d7d00412-6b9c-448c-bdee-5f9be21464b6 (type: security_groups) to 1
2026-06-24 19:09:28.491 9 INFO neutron.db.ovn_revision_numbers_db [None req-201d8fee-f6e6-43e3-92f1-50b914ef7d7f 121c8d0114494055bbc2d54f8517659e 2295edab51a543518ae46a5af413d5f2 - - default default] Successfully bumped revision number for resource 5dbe6c87-77ca-44ac-9bb3-fd96788c49af (type: security_group_rules) to 0
2026-06-24 19:09:28.497 9 INFO neutron.wsgi [req-cc86a95f-25af-48a2-8890-aae9e0dfb573 req-1f9efcd7-0893-4af3-979d-5cc10377cb3b 1bfd51debc0243bfa47e134af339e843 72443ec725ae45abb6554219dff3cf98 - - 96f39892b42c4814a72e6e54be96ca4d 96f39892b42c4814a72e6e54be96ca4d] 199.19.213.122 "GET /v2.0/ports?tenant_id=e4fc9537d8ac48c9b908e9c55bbdbca2&device_id=a512e988-984f-4acf-815a-f822436f2274 HTTP/1.1" status: 200 len: 1632 time: 0.0346420
2026-06-24 19:09:28.509 9 INFO neutron.db.ovn_revision_numbers_db [None req-201d8fee-f6e6-43e3-92f1-50b914ef7d7f 121c8d0114494055bbc2d54f8517659e 2295edab51a543518ae46a5af413d5f2 - - default default] Successfully bumped revision number for resource 7a3ea6f6-abb6-4573-b1e6-681e47504d74 (type: security_group_rules) to 0
2026-06-24 19:09:28.525 9 INFO neutron.wsgi [req-cc86a95f-25af-48a2-8890-aae9e0dfb573 req-59690924-b99d-4bf1-93f9-00a20a59af18 1bfd51debc0243bfa47e134af339e843 72443ec725ae45abb6554219dff3cf98 - - 96f39892b42c4814a72e6e54be96ca4d 96f39892b42c4814a72e6e54be96ca4d] 199.19.213.122 "GET /v2.0/floatingips?fixed_ip_address=10.2.1.57&port_id=c9af131e-af3c-4c16-afcf-b20398a71672 HTTP/1.1" status: 200 len: 217 time: 0.0214329
2026-06-24 19:09:28.535 9 INFO neutron.db.ovn_revision_numbers_db [None req-201d8fee-f6e6-43e3-92f1-50b914ef7d7f 121c8d0114494055bbc2d54f8517659e 2295edab51a543518ae46a5af413d5f2 - - default default] Successfully bumped revision number for resource a3ecee6a-3eb3-40da-9491-004981fd62db (type: security_group_rules) to 0
2026-06-24 19:09:28.549 9 INFO neutron.wsgi [req-cc86a95f-25af-48a2-8890-aae9e0dfb573 req-c4751527-bc01-4fd3-87bd-12b927f30f8b 1bfd51debc0243bfa47e134af339e843 72443ec725ae45abb6554219dff3cf98 - - 96f39892b42c4814a72e6e54be96ca4d 96f39892b42c4814a72e6e54be96ca4d] 199.19.213.122 "GET /v2.0/floatingips?fixed_ip_address=fd7b%3Af9f7%3Afff%3A4eca%3A%3A1e0&port_id=c9af131e-af3c-4c16-afcf-b20398a71672 HTTP/1.1" status: 200 len: 217 time: 0.0199993
2026-06-24 19:09:28.560 9 INFO neutron.db.ovn_revision_numbers_db [None req-201d8fee-f6e6-43e3-92f1-50b914ef7d7f 121c8d0114494055bbc2d54f8517659e 2295edab51a543518ae46a5af413d5f2 - - default default] Successfully bumped revision number for resource bb81c686-6522-4b57-a5ed-ee9b5a1147c2 (type: security_group_rules) to 0
2026-06-24 19:09:28.589 9 INFO neutron.wsgi [req-cc86a95f-25af-48a2-8890-aae9e0dfb573 req-64c14c12-cdbd-481e-92c3-f03dd151f503 1bfd51debc0243bfa47e134af339e843 72443ec725ae45abb6554219dff3cf98 - - 96f39892b42c4814a72e6e54be96ca4d 96f39892b42c4814a72e6e54be96ca4d] 199.19.213.122 "GET /v2.0/subnets?id=154ffcd6-1a37-4ca0-bf57-e85e191e0b82&id=5bd29158-be4b-444d-9dcb-dc05e43aafd3 HTTP/1.1" status: 200 len: 1561 time: 0.0363796
2026-06-24 19:09:28.623 9 INFO neutron.wsgi [req-cc86a95f-25af-48a2-8890-aae9e0dfb573 req-9a95fc7c-34f0-4e73-a82a-ba8f2fecb3a1 1bfd51debc0243bfa47e134af339e843 72443ec725ae45abb6554219dff3cf98 - - 96f39892b42c4814a72e6e54be96ca4d 96f39892b42c4814a72e6e54be96ca4d] 199.19.213.122 "GET /v2.0/ports?network_id=80259604-72d9-44db-991a-e7a5782aa12d&device_owner=network%3Adhcp HTTP/1.1" status: 200 len: 210 time: 0.0235879
2026-06-24 19:09:28.626 9 INFO neutron.db.segments_db [None req-201d8fee-f6e6-43e3-92f1-50b914ef7d7f 121c8d0114494055bbc2d54f8517659e 2295edab51a543518ae46a5af413d5f2 - - default default] Added segment 331f610f-56d0-45f0-b0d6-4f8fe78601a7 of type geneve for network 8fabe6e1-c4d0-4a01-ac3a-fa4b87303f90
2026-06-24 19:09:28.652 9 INFO neutron.wsgi [req-cc86a95f-25af-48a2-8890-aae9e0dfb573 req-7c439088-d65a-48cb-b741-270acfb40386 1bfd51debc0243bfa47e134af339e843 72443ec725ae45abb6554219dff3cf98 - - 96f39892b42c4814a72e6e54be96ca4d 96f39892b42c4814a72e6e54be96ca4d] 199.19.213.122 "GET /v2.0/ports?network_id=80259604-72d9-44db-991a-e7a5782aa12d&device_owner=network%3Adhcp HTTP/1.1" status: 200 len: 210 time: 0.0229998
2026-06-24 19:09:28.703 10 INFO neutron.wsgi [None req-ffa9c5ed-0f87-46b2-b40c-163b24ea99ee 36cea06e0b7c444fa407f1fa27855ebf 97cd212f3a944960a6bd9db11ff90717 - - default default] 10.0.0.198 "GET /v2.0/ports?project_id=78ff5217bf084cbdb2599b5416f1a68b&network_id=973e0ddb-3248-484e-ac82-fed3dfed06a5 HTTP/1.1" status: 200 len: 3514 time: 0.0703392
2026-06-24 19:09:28.753 9 INFO neutron.wsgi [req-cc86a95f-25af-48a2-8890-aae9e0dfb573 req-65e1994d-19fa-4f7e-b1c8-d69726d9b066 1bfd51debc0243bfa47e134af339e843 72443ec725ae45abb6554219dff3cf98 - - 96f39892b42c4814a72e6e54be96ca4d 96f39892b42c4814a72e6e54be96ca4d] 199.19.213.122 "GET /v2.0/networks/80259604-72d9-44db-991a-e7a5782aa12d?fields=segments HTTP/1.1" status: 200 len: 212 time: 0.0919316
2026-06-24 19:09:28.805 9 INFO neutron.db.ovn_revision_numbers_db [None req-201d8fee-f6e6-43e3-92f1-50b914ef7d7f 121c8d0114494055bbc2d54f8517659e 2295edab51a543518ae46a5af413d5f2 - - default default] Successfully bumped revision number for resource 8fabe6e1-c4d0-4a01-ac3a-fa4b87303f90 (type: networks) to 1
2026-06-24 19:09:28.842 9 INFO neutron.wsgi [req-cc86a95f-25af-48a2-8890-aae9e0dfb573 req-76d11f22-66e0-48f5-ab38-467f178b3028 1bfd51debc0243bfa47e134af339e843 72443ec725ae45abb6554219dff3cf98 - - 96f39892b42c4814a72e6e54be96ca4d 96f39892b42c4814a72e6e54be96ca4d] 199.19.213.122 "GET /v2.0/networks/80259604-72d9-44db-991a-e7a5782aa12d?fields=provider%3Aphysical_network&fields=provider%3Anetwork_type HTTP/1.1" status: 200 len: 277 time: 0.0809698
2026-06-24 19:09:28.933 9 INFO neutron.wsgi [req-c9a6917a-1ab3-4622-9af7-d68a8fb0f1bb req-0461ba92-6646-4fd8-a79e-897efb8037f6 1bfd51debc0243bfa47e134af339e843 72443ec725ae45abb6554219dff3cf98 - - 96f39892b42c4814a72e6e54be96ca4d 96f39892b42c4814a72e6e54be96ca4d] 199.19.213.122 "GET /v2.0/ports?tenant_id=e4fc9537d8ac48c9b908e9c55bbdbca2&device_id=a512e988-984f-4acf-815a-f822436f2274 HTTP/1.1" status: 200 len: 1632 time: 0.0479941
2026-06-24 19:09:28.993 10 INFO neutron.wsgi [None req-26aea177-c52b-42d6-afef-7da6843f92d5 36cea06e0b7c444fa407f1fa27855ebf 97cd212f3a944960a6bd9db11ff90717 - - default default] 10.0.0.198 "GET /v2.0/subnets?network_id=9f2072f5-7eec-4e11-a0c9-72ec37e5c48f HTTP/1.1" status: 200 len: 838 time: 0.0426557
2026-06-24 19:09:29.029 9 INFO neutron.wsgi [req-c9a6917a-1ab3-4622-9af7-d68a8fb0f1bb req-4703cfb9-f831-4a9c-a70c-1dff7c4c6762 1bfd51debc0243bfa47e134af339e843 72443ec725ae45abb6554219dff3cf98 - - 96f39892b42c4814a72e6e54be96ca4d 96f39892b42c4814a72e6e54be96ca4d] 199.19.213.122 "GET /v2.0/networks?id=80259604-72d9-44db-991a-e7a5782aa12d HTTP/1.1" status: 200 len: 1003 time: 0.0893857
2026-06-24 19:09:29.033 9 WARNING neutron.scheduler.dhcp_agent_scheduler [None req-201d8fee-f6e6-43e3-92f1-50b914ef7d7f 121c8d0114494055bbc2d54f8517659e 2295edab51a543518ae46a5af413d5f2 - - default default] No more DHCP agents
2026-06-24 19:09:29.035 9 WARNING neutron.api.rpc.agentnotifiers.dhcp_rpc_agent_api [None req-201d8fee-f6e6-43e3-92f1-50b914ef7d7f 121c8d0114494055bbc2d54f8517659e 2295edab51a543518ae46a5af413d5f2 - - default default] Unable to schedule network 8fabe6e1-c4d0-4a01-ac3a-fa4b87303f90: no agents available; will retry on subsequent port and subnet creation events.
2026-06-24 19:09:29.081 9 INFO neutron.plugins.ml2.drivers.ovn.mech_driver.mech_driver [None req-a93d7c23-903d-4be5-a954-9f933413b3f0 - - - - - -] OVN reports status up for port: c9af131e-af3c-4c16-afcf-b20398a71672
2026-06-24 19:09:29.084 9 INFO neutron.wsgi [req-c9a6917a-1ab3-4622-9af7-d68a8fb0f1bb req-d8a91784-3afc-4908-b0f6-a6ff54582107 1bfd51debc0243bfa47e134af339e843 72443ec725ae45abb6554219dff3cf98 - - 96f39892b42c4814a72e6e54be96ca4d 96f39892b42c4814a72e6e54be96ca4d] 199.19.213.122 "GET /v2.0/floatingips?fixed_ip_address=10.2.1.57&port_id=c9af131e-af3c-4c16-afcf-b20398a71672 HTTP/1.1" status: 200 len: 217 time: 0.0472398
2026-06-24 19:09:29.110 9 INFO neutron.plugins.ml2.plugin [None req-a93d7c23-903d-4be5-a954-9f933413b3f0 - - - - - -] Attempt 1 to provision port c9af131e-af3c-4c16-afcf-b20398a71672
2026-06-24 19:09:29.142 9 INFO neutron.wsgi [req-c9a6917a-1ab3-4622-9af7-d68a8fb0f1bb req-37cf5856-2373-432a-9105-8440e864ec09 1bfd51debc0243bfa47e134af339e843 72443ec725ae45abb6554219dff3cf98 - - 96f39892b42c4814a72e6e54be96ca4d 96f39892b42c4814a72e6e54be96ca4d] 199.19.213.122 "GET /v2.0/floatingips?fixed_ip_address=fd7b%3Af9f7%3Afff%3A4eca%3A%3A1e0&port_id=c9af131e-af3c-4c16-afcf-b20398a71672 HTTP/1.1" status: 200 len: 217 time: 0.0517273
2026-06-24 19:09:29.198 9 INFO neutron.wsgi [req-c9a6917a-1ab3-4622-9af7-d68a8fb0f1bb req-73c653c0-1dd5-4347-8927-7abdec32b09c 1bfd51debc0243bfa47e134af339e843 72443ec725ae45abb6554219dff3cf98 - - 96f39892b42c4814a72e6e54be96ca4d 96f39892b42c4814a72e6e54be96ca4d] 199.19.213.122 "GET /v2.0/subnets?id=154ffcd6-1a37-4ca0-bf57-e85e191e0b82&id=5bd29158-be4b-444d-9dcb-dc05e43aafd3 HTTP/1.1" status: 200 len: 1561 time: 0.0501337
2026-06-24 19:09:29.239 9 INFO neutron.wsgi [req-c9a6917a-1ab3-4622-9af7-d68a8fb0f1bb req-5ea5b120-190f-43cd-aff5-e61e27bd9c9f 1bfd51debc0243bfa47e134af339e843 72443ec725ae45abb6554219dff3cf98 - - 96f39892b42c4814a72e6e54be96ca4d 96f39892b42c4814a72e6e54be96ca4d] 199.19.213.122 "GET /v2.0/ports?network_id=80259604-72d9-44db-991a-e7a5782aa12d&device_owner=network%3Adhcp HTTP/1.1" status: 200 len: 210 time: 0.0288506
2026-06-24 19:09:29.247 9 INFO neutron.db.ovn_revision_numbers_db [None req-201d8fee-f6e6-43e3-92f1-50b914ef7d7f 121c8d0114494055bbc2d54f8517659e 2295edab51a543518ae46a5af413d5f2 - - default default] Successfully bumped revision number for resource de44cbe5-9fb6-4db0-9a08-a9e049b4c64f (type: ports) to 1
2026-06-24 19:09:29.278 9 INFO neutron.wsgi [req-c9a6917a-1ab3-4622-9af7-d68a8fb0f1bb req-05ac9946-7099-48e7-ae43-dd9d5d660b44 1bfd51debc0243bfa47e134af339e843 72443ec725ae45abb6554219dff3cf98 - - 96f39892b42c4814a72e6e54be96ca4d 96f39892b42c4814a72e6e54be96ca4d] 199.19.213.122 "GET /v2.0/ports?network_id=80259604-72d9-44db-991a-e7a5782aa12d&device_owner=network%3Adhcp HTTP/1.1" status: 200 len: 210 time: 0.0314610
2026-06-24 19:09:29.285 9 INFO neutron.wsgi [None req-201d8fee-f6e6-43e3-92f1-50b914ef7d7f 121c8d0114494055bbc2d54f8517659e 2295edab51a543518ae46a5af413d5f2 - - default default] 10.0.0.198 "POST /v2.0/networks HTTP/1.1" status: 201 len: 830 time: 1.2381597
2026-06-24 19:09:29.307 10 INFO neutron.db.l3_db [None req-7039b5ae-0fd2-437f-b6a4-e9d85f421ba9 5db40c00b5f94af691e802475e94ad7b 78ff5217bf084cbdb2599b5416f1a68b - - default default] Floating IP 68940dda-4647-49a1-8f2a-bd4c9e79a321 disassociated. External IP: 10.96.250.209, port: cf15687a-8eae-4738-ae54-3ede93ecfcb0.
2026-06-24 19:09:29.348 10 INFO neutron.db.ovn_revision_numbers_db [None req-7039b5ae-0fd2-437f-b6a4-e9d85f421ba9 5db40c00b5f94af691e802475e94ad7b 78ff5217bf084cbdb2599b5416f1a68b - - default default] Successfully bumped revision number for resource 68940dda-4647-49a1-8f2a-bd4c9e79a321 (type: floatingips) to 2
2026-06-24 19:09:29.398 9 INFO neutron.wsgi [None req-98143028-330f-4fb0-ba05-642f0f8a352f 121c8d0114494055bbc2d54f8517659e 2295edab51a543518ae46a5af413d5f2 - - default default] 10.0.0.198 "PUT /v2.0/networks/8fabe6e1-c4d0-4a01-ac3a-fa4b87303f90/tags HTTP/1.1" status: 200 len: 218 time: 0.1016166
2026-06-24 19:09:29.407 9 INFO neutron.wsgi [req-c9a6917a-1ab3-4622-9af7-d68a8fb0f1bb req-cb3f9cfd-341c-488b-84bd-42fdb4b1c23b 1bfd51debc0243bfa47e134af339e843 72443ec725ae45abb6554219dff3cf98 - - 96f39892b42c4814a72e6e54be96ca4d 96f39892b42c4814a72e6e54be96ca4d] 199.19.213.122 "GET /v2.0/networks/80259604-72d9-44db-991a-e7a5782aa12d?fields=segments HTTP/1.1" status: 200 len: 212 time: 0.1193824
2026-06-24 19:09:29.459 10 INFO neutron.wsgi [None req-7039b5ae-0fd2-437f-b6a4-e9d85f421ba9 5db40c00b5f94af691e802475e94ad7b 78ff5217bf084cbdb2599b5416f1a68b - - default default] 10.0.0.198 "PUT /v2.0/floatingips/68940dda-4647-49a1-8f2a-bd4c9e79a321 HTTP/1.1" status: 200 len: 748 time: 0.3070903
2026-06-24 19:09:29.465 10 INFO neutron.wsgi [None req-820df062-8acb-48f7-ab12-7c8d7843bcb6 121c8d0114494055bbc2d54f8517659e 2295edab51a543518ae46a5af413d5f2 - - default default] 10.0.0.198 "GET /v2.0/networks/8fabe6e1-c4d0-4a01-ac3a-fa4b87303f90/tags HTTP/1.1" status: 200 len: 218 time: 0.0554335
2026-06-24 19:09:29.491 10 INFO neutron.wsgi [None req-4bc7da39-55b0-4daa-850c-c3e88ef563af 5db40c00b5f94af691e802475e94ad7b 78ff5217bf084cbdb2599b5416f1a68b - - default default] 10.0.0.198 "GET /v2.0/floatingips/68940dda-4647-49a1-8f2a-bd4c9e79a321 HTTP/1.1" status: 200 len: 746 time: 0.0251877
2026-06-24 19:09:29.493 10 INFO neutron.notifiers.nova [-] Nova event matching ['req-3669509c-12b9-4211-8da0-9dfe3a631cee'] response: {'name': 'network-changed', 'server_uuid': 'dd2e2bf6-630c-4e2c-ba54-40455613071d', 'tag': 'cf15687a-8eae-4738-ae54-3ede93ecfcb0', 'status': 'completed', 'code': 200}
2026-06-24 19:09:29.495 9 INFO neutron.wsgi [req-c9a6917a-1ab3-4622-9af7-d68a8fb0f1bb req-4d970515-09fa-4181-b8c8-a05a95ad106a 1bfd51debc0243bfa47e134af339e843 72443ec725ae45abb6554219dff3cf98 - - 96f39892b42c4814a72e6e54be96ca4d 96f39892b42c4814a72e6e54be96ca4d] 199.19.213.122 "GET /v2.0/networks/80259604-72d9-44db-991a-e7a5782aa12d?fields=provider%3Aphysical_network&fields=provider%3Anetwork_type HTTP/1.1" status: 200 len: 277 time: 0.0826716
2026-06-24 19:09:29.846 9 INFO neutron.wsgi [req-a0df0258-83e1-4c02-bf8e-bec16c344c6f req-e778a152-440c-4c10-b67e-b31c7ff44723 1bfd51debc0243bfa47e134af339e843 72443ec725ae45abb6554219dff3cf98 - - 96f39892b42c4814a72e6e54be96ca4d 96f39892b42c4814a72e6e54be96ca4d] 199.19.213.122 "GET /v2.0/ports?tenant_id=78ff5217bf084cbdb2599b5416f1a68b&device_id=dd2e2bf6-630c-4e2c-ba54-40455613071d HTTP/1.1" status: 200 len: 1413 time: 0.3358772
2026-06-24 19:09:29.852 9 INFO neutron.wsgi [None req-7c357762-f326-44a7-a6df-42b6eb5d5e19 121c8d0114494055bbc2d54f8517659e 2295edab51a543518ae46a5af413d5f2 - - default default] 10.0.0.198 "PUT /v2.0/networks/8fabe6e1-c4d0-4a01-ac3a-fa4b87303f90/tags/green HTTP/1.1" status: 201 len: 201 time: 0.3821745
2026-06-24 19:09:29.898 10 INFO neutron.wsgi [None req-37e2ad59-9aae-418c-8d0a-d989abc4d5d9 121c8d0114494055bbc2d54f8517659e 2295edab51a543518ae46a5af413d5f2 - - default default] 10.0.0.198 "GET /v2.0/networks/8fabe6e1-c4d0-4a01-ac3a-fa4b87303f90/tags HTTP/1.1" status: 200 len: 227 time: 0.0415292
2026-06-24 19:09:29.915 9 INFO neutron.db.ovn_revision_numbers_db [None req-a93d7c23-903d-4be5-a954-9f933413b3f0 - - - - - -] Successfully bumped revision number for resource c9af131e-af3c-4c16-afcf-b20398a71672 (type: ports) to 4
2026-06-24 19:09:29.925 9 INFO neutron.wsgi [req-a0df0258-83e1-4c02-bf8e-bec16c344c6f req-be2f90e0-2562-4a3b-81cb-b4c51e1d3cc9 1bfd51debc0243bfa47e134af339e843 72443ec725ae45abb6554219dff3cf98 - - 96f39892b42c4814a72e6e54be96ca4d 96f39892b42c4814a72e6e54be96ca4d] 199.19.213.122 "GET /v2.0/networks?id=973e0ddb-3248-484e-ac82-fed3dfed06a5 HTTP/1.1" status: 200 len: 958 time: 0.0714037
2026-06-24 19:09:29.951 10 INFO neutron.wsgi [None req-92beed18-b9e8-4caa-9f03-51b43046c05b 121c8d0114494055bbc2d54f8517659e 2295edab51a543518ae46a5af413d5f2 - - default default] 10.0.0.198 "PUT /v2.0/networks/8fabe6e1-c4d0-4a01-ac3a-fa4b87303f90/tags/red HTTP/1.1" status: 201 len: 201 time: 0.0481391
2026-06-24 19:09:29.960 10 INFO neutron.wsgi [req-920ecea5-036b-4673-88fa-34cf03f795bd req-8f8eafac-1c21-47bc-9321-c609cedd7ee7 1bfd51debc0243bfa47e134af339e843 72443ec725ae45abb6554219dff3cf98 - - 96f39892b42c4814a72e6e54be96ca4d 96f39892b42c4814a72e6e54be96ca4d] 199.19.213.122 "GET /v2.0/ports?device_id=dd2e2bf6-630c-4e2c-ba54-40455613071d&fields=binding%3Ahost_id&fields=binding%3Avif_type HTTP/1.1" status: 200 len: 265 time: 0.0471337
2026-06-24 19:09:29.974 9 INFO neutron.wsgi [req-a0df0258-83e1-4c02-bf8e-bec16c344c6f req-2b50155e-1238-4383-bb4c-856209a27114 1bfd51debc0243bfa47e134af339e843 72443ec725ae45abb6554219dff3cf98 - - 96f39892b42c4814a72e6e54be96ca4d 96f39892b42c4814a72e6e54be96ca4d] 199.19.213.122 "GET /v2.0/floatingips?fixed_ip_address=10.100.0.10&port_id=cf15687a-8eae-4738-ae54-3ede93ecfcb0 HTTP/1.1" status: 200 len: 217 time: 0.0331244 /var/lib/openstack/lib/python3.10/site-packages/pycadf/identifier.py:71: UserWarning: Invalid uuid: neutron. To ensure interoperability, identifiers should be a valid uuid. warnings.warn(('Invalid uuid: %s. To ensure interoperability, '
2026-06-24 19:09:30.003 10 INFO neutron.wsgi [None req-105f683a-e915-4e38-883d-507a20a67889 121c8d0114494055bbc2d54f8517659e 2295edab51a543518ae46a5af413d5f2 - - default default] 10.0.0.198 "GET /v2.0/networks/8fabe6e1-c4d0-4a01-ac3a-fa4b87303f90/tags HTTP/1.1" status: 200 len: 227 time: 0.0410473
2026-06-24 19:09:30.038 9 INFO neutron.wsgi [req-a0df0258-83e1-4c02-bf8e-bec16c344c6f req-b04ce825-ce00-49bd-acf6-624a1037b068 1bfd51debc0243bfa47e134af339e843 72443ec725ae45abb6554219dff3cf98 - - 96f39892b42c4814a72e6e54be96ca4d 96f39892b42c4814a72e6e54be96ca4d] 199.19.213.122 "GET /v2.0/subnets?id=8d4fc4d1-3a0a-433f-b252-0b6f62629a8d HTTP/1.1" status: 200 len: 852 time: 0.0583177 /var/lib/openstack/lib/python3.10/site-packages/pycadf/identifier.py:71: UserWarning: Invalid uuid: neutron. To ensure interoperability, identifiers should be a valid uuid. warnings.warn(('Invalid uuid: %s. To ensure interoperability, '
2026-06-24 19:09:30.064 9 INFO neutron.wsgi [req-a0df0258-83e1-4c02-bf8e-bec16c344c6f req-4f70a4f6-47fa-41c5-9f4e-0fb009223dc5 1bfd51debc0243bfa47e134af339e843 72443ec725ae45abb6554219dff3cf98 - - 96f39892b42c4814a72e6e54be96ca4d 96f39892b42c4814a72e6e54be96ca4d] 199.19.213.122 "GET /v2.0/ports?network_id=973e0ddb-3248-484e-ac82-fed3dfed06a5&device_owner=network%3Adhcp HTTP/1.1" status: 200 len: 210 time: 0.0206201
2026-06-24 19:09:30.066 10 INFO neutron.wsgi [None req-9cc67e62-efed-4546-b481-98c61b04dbab 121c8d0114494055bbc2d54f8517659e 2295edab51a543518ae46a5af413d5f2 - - default default] 10.0.0.198 "PUT /v2.0/networks/8fabe6e1-c4d0-4a01-ac3a-fa4b87303f90/tags/black.or.white HTTP/1.1" status: 201 len: 201 time: 0.0591190
2026-06-24 19:09:30.111 10 INFO neutron.wsgi [None req-40565082-e287-43b9-8b2e-078fa5640dc7 121c8d0114494055bbc2d54f8517659e 2295edab51a543518ae46a5af413d5f2 - - default default] 10.0.0.198 "GET /v2.0/networks/8fabe6e1-c4d0-4a01-ac3a-fa4b87303f90/tags HTTP/1.1" status: 200 len: 245 time: 0.0405645
2026-06-24 19:09:30.141 10 INFO neutron.wsgi [-] 10.0.0.145 "GET / HTTP/1.1" status: 200 len: 247 time: 0.0036652
2026-06-24 19:09:30.145 10 INFO neutron.wsgi [-] 10.0.0.145 "GET / HTTP/1.1" status: 200 len: 247 time: 0.0023060
2026-06-24 19:09:30.148 9 INFO neutron.wsgi [req-a0df0258-83e1-4c02-bf8e-bec16c344c6f req-51ae714e-96d4-48ea-af6a-b0e8fcd57001 1bfd51debc0243bfa47e134af339e843 72443ec725ae45abb6554219dff3cf98 - - 96f39892b42c4814a72e6e54be96ca4d 96f39892b42c4814a72e6e54be96ca4d] 199.19.213.122 "GET /v2.0/networks/973e0ddb-3248-484e-ac82-fed3dfed06a5?fields=segments HTTP/1.1" status: 200 len: 212 time: 0.0765793
2026-06-24 19:09:30.199 9 INFO neutron.wsgi [None req-f05052a5-58ca-4a3a-ab32-4d34ee938629 121c8d0114494055bbc2d54f8517659e 2295edab51a543518ae46a5af413d5f2 - - default default] 10.0.0.198 "PUT /v2.0/networks/8fabe6e1-c4d0-4a01-ac3a-fa4b87303f90/tags HTTP/1.1" status: 200 len: 230 time: 0.0826705
2026-06-24 19:09:30.238 9 INFO neutron.wsgi [req-a0df0258-83e1-4c02-bf8e-bec16c344c6f req-a2609e53-d73a-4d79-ad96-0366a1c7dd4f 1bfd51debc0243bfa47e134af339e843 72443ec725ae45abb6554219dff3cf98 - - 96f39892b42c4814a72e6e54be96ca4d 96f39892b42c4814a72e6e54be96ca4d] 199.19.213.122 "GET /v2.0/networks/973e0ddb-3248-484e-ac82-fed3dfed06a5?fields=provider%3Aphysical_network&fields=provider%3Anetwork_type HTTP/1.1" status: 200 len: 277 time: 0.0779600
2026-06-24 19:09:30.260 9 INFO neutron.wsgi [None req-d7ba54da-03e1-4c75-8a47-8d653f717b38 121c8d0114494055bbc2d54f8517659e 2295edab51a543518ae46a5af413d5f2 - - default default] 10.0.0.198 "GET /v2.0/networks/8fabe6e1-c4d0-4a01-ac3a-fa4b87303f90/tags HTTP/1.1" status: 200 len: 230 time: 0.0534611
2026-06-24 19:09:30.290 10 WARNING neutron_lib.context [None req-6cd63e62-d97d-4b13-bede-0f6b06987730 0020749f540d409a910369157a443de8 b2b4cadd70074a6985f60cb4dcf6946c - - default default] Method 'is_advsvc' is deprecated since 2023.2 release (neutron-lib 3.8.0) and will be removed once support for the old RBAC API policies will be removed from Neutron. Please use method 'is_service_role' instead.
2026-06-24 19:09:30.338 9 INFO neutron.wsgi [None req-9510a592-f2d5-4880-afa6-bb4f2d69157f 121c8d0114494055bbc2d54f8517659e 2295edab51a543518ae46a5af413d5f2 - - default default] 10.0.0.198 "GET /v2.0/networks/8fabe6e1-c4d0-4a01-ac3a-fa4b87303f90/tags/red HTTP/1.1" status: 204 len: 168 time: 0.0714195
2026-06-24 19:09:30.359 9 INFO neutron.wsgi [req-920ecea5-036b-4673-88fa-34cf03f795bd req-ffe2e21e-c4b6-4fcb-9065-bef260946d07 1bfd51debc0243bfa47e134af339e843 72443ec725ae45abb6554219dff3cf98 - - 96f39892b42c4814a72e6e54be96ca4d 96f39892b42c4814a72e6e54be96ca4d] 199.19.213.122 "GET /v2.0/ports?tenant_id=78ff5217bf084cbdb2599b5416f1a68b&device_id=dd2e2bf6-630c-4e2c-ba54-40455613071d HTTP/1.1" status: 200 len: 1413 time: 0.0392210
2026-06-24 19:09:30.387 10 INFO neutron.api.v2.resource [None req-72e37f2d-c73c-4408-8996-93da42594aeb 121c8d0114494055bbc2d54f8517659e 2295edab51a543518ae46a5af413d5f2 - - default default] show failed (client error): The resource could not be found.
2026-06-24 19:09:30.388 10 INFO neutron.wsgi [None req-72e37f2d-c73c-4408-8996-93da42594aeb 121c8d0114494055bbc2d54f8517659e 2295edab51a543518ae46a5af413d5f2 - - default default] 10.0.0.198 "GET /v2.0/networks/8fabe6e1-c4d0-4a01-ac3a-fa4b87303f90/tags/green HTTP/1.1" status: 404 len: 299 time: 0.0459468
2026-06-24 19:09:30.447 9 INFO neutron.wsgi [req-920ecea5-036b-4673-88fa-34cf03f795bd req-8504ee34-7fd0-4fb0-85e2-258879319569 1bfd51debc0243bfa47e134af339e843 72443ec725ae45abb6554219dff3cf98 - - 96f39892b42c4814a72e6e54be96ca4d 96f39892b42c4814a72e6e54be96ca4d] 199.19.213.122 "GET /v2.0/networks?id=973e0ddb-3248-484e-ac82-fed3dfed06a5 HTTP/1.1" status: 200 len: 958 time: 0.0680606
2026-06-24 19:09:30.463 10 INFO neutron.db.ovn_revision_numbers_db [None req-6cd63e62-d97d-4b13-bede-0f6b06987730 0020749f540d409a910369157a443de8 b2b4cadd70074a6985f60cb4dcf6946c - - default default] Successfully bumped revision number for resource 59260975-0add-4f34-90ce-fe9a67c10daa (type: security_groups) to 1
2026-06-24 19:09:30.470 10 INFO neutron.wsgi [None req-d783a80b-0838-489a-860e-2efcf69c3bf1 121c8d0114494055bbc2d54f8517659e 2295edab51a543518ae46a5af413d5f2 - - default default] 10.0.0.198 "DELETE /v2.0/networks/8fabe6e1-c4d0-4a01-ac3a-fa4b87303f90/tags/red HTTP/1.1" status: 204 len: 168 time: 0.0750678
2026-06-24 19:09:30.480 9 INFO neutron.wsgi [req-920ecea5-036b-4673-88fa-34cf03f795bd req-3ec193d3-05ef-42bc-8892-86771c1f2e8f 1bfd51debc0243bfa47e134af339e843 72443ec725ae45abb6554219dff3cf98 - - 96f39892b42c4814a72e6e54be96ca4d 96f39892b42c4814a72e6e54be96ca4d] 199.19.213.122 "GET /v2.0/floatingips?fixed_ip_address=10.100.0.10&port_id=cf15687a-8eae-4738-ae54-3ede93ecfcb0 HTTP/1.1" status: 200 len: 217 time: 0.0275791
2026-06-24 19:09:30.482 10 INFO neutron.db.ovn_revision_numbers_db [None req-6cd63e62-d97d-4b13-bede-0f6b06987730 0020749f540d409a910369157a443de8 b2b4cadd70074a6985f60cb4dcf6946c - - default default] Successfully bumped revision number for resource 3202a2c8-a86f-4129-8356-e8859eea9714 (type: security_group_rules) to 0
2026-06-24 19:09:30.505 10 INFO neutron.db.ovn_revision_numbers_db [None req-6cd63e62-d97d-4b13-bede-0f6b06987730 0020749f540d409a910369157a443de8 b2b4cadd70074a6985f60cb4dcf6946c - - default default] Successfully bumped revision number for resource 34567462-f333-420f-82b4-bb91bf980710 (type: security_group_rules) to 0
2026-06-24 19:09:30.510 9 INFO neutron.notifiers.nova [-] Nova event matching ['req-95ab0277-0834-4ce3-a047-e22634e82280'] response: {'server_uuid': 'a512e988-984f-4acf-815a-f822436f2274', 'name': 'network-vif-plugged', 'status': 'completed', 'tag': 'c9af131e-af3c-4c16-afcf-b20398a71672', 'code': 200}
2026-06-24 19:09:30.510 9 INFO neutron.notifiers.nova [-] Nova event matching ['req-95ab0277-0834-4ce3-a047-e22634e82280'] response: {'server_uuid': 'a512e988-984f-4acf-815a-f822436f2274', 'name': 'network-vif-plugged', 'status': 'completed', 'tag': 'c9af131e-af3c-4c16-afcf-b20398a71672', 'code': 200}
2026-06-24 19:09:30.519 9 INFO neutron.wsgi [req-920ecea5-036b-4673-88fa-34cf03f795bd req-b34cfbd1-4e9e-4f92-8124-36245f183607 1bfd51debc0243bfa47e134af339e843 72443ec725ae45abb6554219dff3cf98 - - 96f39892b42c4814a72e6e54be96ca4d 96f39892b42c4814a72e6e54be96ca4d] 199.19.213.122 "GET /v2.0/subnets?id=8d4fc4d1-3a0a-433f-b252-0b6f62629a8d HTTP/1.1" status: 200 len: 852 time: 0.0329537
2026-06-24 19:09:30.531 10 INFO neutron.wsgi [None req-7baf0d21-7faf-4fdc-9fde-f7e9e7d6eb8a 121c8d0114494055bbc2d54f8517659e 2295edab51a543518ae46a5af413d5f2 - - default default] 10.0.0.198 "GET /v2.0/networks/8fabe6e1-c4d0-4a01-ac3a-fa4b87303f90/tags HTTP/1.1" status: 200 len: 223 time: 0.0558934
2026-06-24 19:09:30.540 10 INFO neutron.db.ovn_revision_numbers_db [None req-6cd63e62-d97d-4b13-bede-0f6b06987730 0020749f540d409a910369157a443de8 b2b4cadd70074a6985f60cb4dcf6946c - - default default] Successfully bumped revision number for resource 8eaae3bc-c340-4a95-b911-4a7bf8cc2e6f (type: security_group_rules) to 0
2026-06-24 19:09:30.551 9 INFO neutron.wsgi [req-920ecea5-036b-4673-88fa-34cf03f795bd req-0379fe13-2c96-45f7-a2cf-a405e8115a9e 1bfd51debc0243bfa47e134af339e843 72443ec725ae45abb6554219dff3cf98 - - 96f39892b42c4814a72e6e54be96ca4d 96f39892b42c4814a72e6e54be96ca4d] 199.19.213.122 "GET /v2.0/ports?network_id=973e0ddb-3248-484e-ac82-fed3dfed06a5&device_owner=network%3Adhcp HTTP/1.1" status: 200 len: 210 time: 0.0232284
2026-06-24 19:09:30.562 10 INFO neutron.db.ovn_revision_numbers_db [None req-6cd63e62-d97d-4b13-bede-0f6b06987730 0020749f540d409a910369157a443de8 b2b4cadd70074a6985f60cb4dcf6946c - - default default] Successfully bumped revision number for resource e65357f1-e94f-4863-8cf1-77f7027bd3d5 (type: security_group_rules) to 0
2026-06-24 19:09:30.580 10 WARNING neutron_lib.context [None req-9b6aeeb3-ff41-4bf2-b530-6d4310aee493 5db40c00b5f94af691e802475e94ad7b 78ff5217bf084cbdb2599b5416f1a68b - - default default] Method 'is_advsvc' is deprecated since 2023.2 release (neutron-lib 3.8.0) and will be removed once support for the old RBAC API policies will be removed from Neutron. Please use method 'is_service_role' instead.
2026-06-24 19:09:30.605 10 INFO neutron.api.v2.resource [None req-d9dc307d-f329-4dee-8623-744d35a3079a 121c8d0114494055bbc2d54f8517659e 2295edab51a543518ae46a5af413d5f2 - - default default] delete failed (client error): The resource could not be found.
2026-06-24 19:09:30.606 10 INFO neutron.wsgi [None req-d9dc307d-f329-4dee-8623-744d35a3079a 121c8d0114494055bbc2d54f8517659e 2295edab51a543518ae46a5af413d5f2 - - default default] 10.0.0.198 "DELETE /v2.0/networks/8fabe6e1-c4d0-4a01-ac3a-fa4b87303f90/tags/green HTTP/1.1" status: 404 len: 299 time: 0.0715721
2026-06-24 19:09:30.631 10 INFO neutron.db.segments_db [None req-6cd63e62-d97d-4b13-bede-0f6b06987730 0020749f540d409a910369157a443de8 b2b4cadd70074a6985f60cb4dcf6946c - - default default] Added segment cd5567c7-459b-443b-ab53-be4789457bda of type geneve for network 226b522d-80f9-44b4-b3bc-f5ea00e485b7
2026-06-24 19:09:30.632 9 INFO neutron.wsgi [req-920ecea5-036b-4673-88fa-34cf03f795bd req-854ca750-94ee-4dfc-a826-9cb97fc0c7fb 1bfd51debc0243bfa47e134af339e843 72443ec725ae45abb6554219dff3cf98 - - 96f39892b42c4814a72e6e54be96ca4d 96f39892b42c4814a72e6e54be96ca4d] 199.19.213.122 "GET /v2.0/networks/973e0ddb-3248-484e-ac82-fed3dfed06a5?fields=segments HTTP/1.1" status: 200 len: 212 time: 0.0760832
2026-06-24 19:09:30.694 9 INFO neutron.wsgi [None req-ca345801-b513-4d64-9e04-c46314da27cb 121c8d0114494055bbc2d54f8517659e 2295edab51a543518ae46a5af413d5f2 - - default default] 10.0.0.198 "DELETE /v2.0/networks/8fabe6e1-c4d0-4a01-ac3a-fa4b87303f90/tags HTTP/1.1" status: 204 len: 168 time: 0.0810866
2026-06-24 19:09:30.712 9 INFO neutron.wsgi [req-920ecea5-036b-4673-88fa-34cf03f795bd req-e67cbf5b-82c3-44e0-bec6-09d7d1cff899 1bfd51debc0243bfa47e134af339e843 72443ec725ae45abb6554219dff3cf98 - - 96f39892b42c4814a72e6e54be96ca4d 96f39892b42c4814a72e6e54be96ca4d] 199.19.213.122 "GET /v2.0/networks/973e0ddb-3248-484e-ac82-fed3dfed06a5?fields=provider%3Aphysical_network&fields=provider%3Anetwork_type HTTP/1.1" status: 200 len: 277 time: 0.0744596
2026-06-24 19:09:30.747 9 INFO neutron.wsgi [None req-11e86a76-f474-42af-8132-33ee46966d7f 121c8d0114494055bbc2d54f8517659e 2295edab51a543518ae46a5af413d5f2 - - default default] 10.0.0.198 "GET /v2.0/networks/8fabe6e1-c4d0-4a01-ac3a-fa4b87303f90/tags HTTP/1.1" status: 200 len: 205 time: 0.0479939
2026-06-24 19:09:30.773 10 INFO neutron.db.ovn_revision_numbers_db [None req-9b6aeeb3-ff41-4bf2-b530-6d4310aee493 5db40c00b5f94af691e802475e94ad7b 78ff5217bf084cbdb2599b5416f1a68b - - default default] Successfully bumped revision number for resource 3dede295-fe83-4f47-8f2b-e792175ef2d4 (type: security_groups) to 1
2026-06-24 19:09:30.797 10 INFO neutron.db.ovn_revision_numbers_db [None req-9b6aeeb3-ff41-4bf2-b530-6d4310aee493 5db40c00b5f94af691e802475e94ad7b 78ff5217bf084cbdb2599b5416f1a68b - - default default] Successfully bumped revision number for resource 0a28b55e-d4eb-4d83-bc21-2c9021e82a14 (type: security_group_rules) to 0
2026-06-24 19:09:30.800 10 INFO neutron.db.ovn_revision_numbers_db [None req-6cd63e62-d97d-4b13-bede-0f6b06987730 0020749f540d409a910369157a443de8 b2b4cadd70074a6985f60cb4dcf6946c - - default default] Successfully bumped revision number for resource 226b522d-80f9-44b4-b3bc-f5ea00e485b7 (type: networks) to 1
2026-06-24 19:09:30.831 10 INFO neutron.db.ovn_revision_numbers_db [None req-9b6aeeb3-ff41-4bf2-b530-6d4310aee493 5db40c00b5f94af691e802475e94ad7b 78ff5217bf084cbdb2599b5416f1a68b - - default default] Successfully bumped revision number for resource 83b2dae7-15fa-464f-a94b-13449cc28d52 (type: security_group_rules) to 0
2026-06-24 19:09:30.868 10 INFO neutron.wsgi [None req-9b6aeeb3-ff41-4bf2-b530-6d4310aee493 5db40c00b5f94af691e802475e94ad7b 78ff5217bf084cbdb2599b5416f1a68b - - default default] 10.0.0.198 "POST /v2.0/security-groups HTTP/1.1" status: 201 len: 1813 time: 0.3017716
2026-06-24 19:09:30.878 10 WARNING neutron_lib.context [None req-c744177e-8b5b-4744-9666-6df7f6277df6 5db40c00b5f94af691e802475e94ad7b 78ff5217bf084cbdb2599b5416f1a68b - - default default] Method 'is_advsvc' is deprecated since 2023.2 release (neutron-lib 3.8.0) and will be removed once support for the old RBAC API policies will be removed from Neutron. Please use method 'is_service_role' instead.
2026-06-24 19:09:31.044 10 WARNING neutron.scheduler.dhcp_agent_scheduler [None req-6cd63e62-d97d-4b13-bede-0f6b06987730 0020749f540d409a910369157a443de8 b2b4cadd70074a6985f60cb4dcf6946c - - default default] No more DHCP agents
2026-06-24 19:09:31.049 10 WARNING neutron.api.rpc.agentnotifiers.dhcp_rpc_agent_api [None req-6cd63e62-d97d-4b13-bede-0f6b06987730 0020749f540d409a910369157a443de8 b2b4cadd70074a6985f60cb4dcf6946c - - default default] Unable to schedule network 226b522d-80f9-44b4-b3bc-f5ea00e485b7: no agents available; will retry on subsequent port and subnet creation events.
2026-06-24 19:09:31.114 10 INFO neutron.db.ovn_revision_numbers_db [None req-c744177e-8b5b-4744-9666-6df7f6277df6 5db40c00b5f94af691e802475e94ad7b 78ff5217bf084cbdb2599b5416f1a68b - - default default] Successfully bumped revision number for resource 00563d54-4944-4484-b782-4d61ab0d3264 (type: security_group_rules) to 0
2026-06-24 19:09:31.152 10 INFO neutron.wsgi [None req-c744177e-8b5b-4744-9666-6df7f6277df6 5db40c00b5f94af691e802475e94ad7b 78ff5217bf084cbdb2599b5416f1a68b - - default default] 10.0.0.198 "POST /v2.0/security-group-rules HTTP/1.1" status: 201 len: 764 time: 0.2793772
2026-06-24 19:09:31.153 10 INFO neutron.db.ovn_revision_numbers_db [None req-6cd63e62-d97d-4b13-bede-0f6b06987730 0020749f540d409a910369157a443de8 b2b4cadd70074a6985f60cb4dcf6946c - - default default] Successfully bumped revision number for resource a4455a0e-1ff1-4b78-80fa-68ca128697b3 (type: ports) to 1
2026-06-24 19:09:31.155 9 INFO neutron.services.segments.plugin [-] Segment 331f610f-56d0-45f0-b0d6-4f8fe78601a7 resource provider aggregate not found
2026-06-24 19:09:31.168 9 INFO neutron.services.segments.plugin [-] Segment 331f610f-56d0-45f0-b0d6-4f8fe78601a7 resource provider aggregate not found
2026-06-24 19:09:31.172 10 WARNING neutron_lib.context [None req-2e8c6132-a79f-44e5-a2ad-635ba6d3de98 5db40c00b5f94af691e802475e94ad7b 78ff5217bf084cbdb2599b5416f1a68b - - default default] Method 'is_advsvc' is deprecated since 2023.2 release (neutron-lib 3.8.0) and will be removed once support for the old RBAC API policies will be removed from Neutron. Please use method 'is_service_role' instead.
2026-06-24 19:09:31.196 9 INFO neutron.services.segments.plugin [-] Segment 331f610f-56d0-45f0-b0d6-4f8fe78601a7 resource provider not found; error: Placement Client Error (4xx): {"errors": [{"status": 404, "title": "Not Found", "detail": "The resource could not be found.\n\n No resource provider with uuid 331f610f-56d0-45f0-b0d6-4f8fe78601a7 found for delete ", "request_id": "req-1966debc-1010-4d21-9f95-152a69574a05"}]}
2026-06-24 19:09:31.196 9 INFO neutron.services.segments.plugin [-] Segment 331f610f-56d0-45f0-b0d6-4f8fe78601a7 resource provider not found; error: Placement Client Error (4xx): {"errors": [{"status": 404, "title": "Not Found", "detail": "The resource could not be found.\n\n No resource provider with uuid 331f610f-56d0-45f0-b0d6-4f8fe78601a7 found for delete ", "request_id": "req-aff25fa2-f0ad-4f84-b736-7e4be7db79c1"}]}
2026-06-24 19:09:31.202 10 INFO neutron.wsgi [None req-6cd63e62-d97d-4b13-bede-0f6b06987730 0020749f540d409a910369157a443de8 b2b4cadd70074a6985f60cb4dcf6946c - - default default] 10.0.0.198 "POST /v2.0/networks HTTP/1.1" status: 201 len: 831 time: 1.0861208
2026-06-24 19:09:31.215 9 WARNING neutron_lib.context [None req-f602d189-9dbd-48d4-ba6f-ba9ce705e1bc 0020749f540d409a910369157a443de8 b2b4cadd70074a6985f60cb4dcf6946c - - default default] Method 'is_advsvc' is deprecated since 2023.2 release (neutron-lib 3.8.0) and will be removed once support for the old RBAC API policies will be removed from Neutron. Please use method 'is_service_role' instead.
2026-06-24 19:09:31.251 9 INFO neutron.wsgi [None req-f9142c6f-6fe0-4ebf-81e6-c8bf095c40c8 121c8d0114494055bbc2d54f8517659e 2295edab51a543518ae46a5af413d5f2 - - default default] 10.0.0.198 "DELETE /v2.0/networks/8fabe6e1-c4d0-4a01-ac3a-fa4b87303f90 HTTP/1.1" status: 204 len: 168 time: 0.4953058
2026-06-24 19:09:31.307 10 INFO neutron.db.ovn_revision_numbers_db [None req-2e8c6132-a79f-44e5-a2ad-635ba6d3de98 5db40c00b5f94af691e802475e94ad7b 78ff5217bf084cbdb2599b5416f1a68b - - default default] Successfully bumped revision number for resource 65744644-186c-46b9-85b0-d38b44bed9a5 (type: security_group_rules) to 0
2026-06-24 19:09:31.337 10 INFO neutron.wsgi [None req-2e8c6132-a79f-44e5-a2ad-635ba6d3de98 5db40c00b5f94af691e802475e94ad7b 78ff5217bf084cbdb2599b5416f1a68b - - default default] 10.0.0.198 "POST /v2.0/security-group-rules HTTP/1.1" status: 201 len: 763 time: 0.1696484
2026-06-24 19:09:31.343 9 INFO neutron.db.segments_db [None req-f602d189-9dbd-48d4-ba6f-ba9ce705e1bc 0020749f540d409a910369157a443de8 b2b4cadd70074a6985f60cb4dcf6946c - - default default] Added segment bb2a0cf3-dee7-47e3-b67a-c69217064846 of type geneve for network f9bc66cc-85d2-43f0-a892-6435234d8ff9
2026-06-24 19:09:31.348 10 WARNING neutron_lib.context [None req-aa6026a7-e7b3-4c97-b976-3501100550f0 5db40c00b5f94af691e802475e94ad7b 78ff5217bf084cbdb2599b5416f1a68b - - default default] Method 'is_advsvc' is deprecated since 2023.2 release (neutron-lib 3.8.0) and will be removed once support for the old RBAC API policies will be removed from Neutron. Please use method 'is_service_role' instead.
2026-06-24 19:09:31.413 9 INFO neutron.wsgi [req-9e19b961-3c54-4d1c-92f6-7b2599cb3b90 req-abe97227-d39e-4ccd-8e34-567476a5cdab 38b32c5f1e32448f9d80a0c98b1f7f6b e4fc9537d8ac48c9b908e9c55bbdbca2 - - default default] 10.0.0.47 "GET /v2.0/ports?device_id=a512e988-984f-4acf-815a-f822436f2274 HTTP/1.1" status: 200 len: 1396 time: 0.1537564
2026-06-24 19:09:31.468 10 INFO neutron.db.ovn_revision_numbers_db [None req-aa6026a7-e7b3-4c97-b976-3501100550f0 5db40c00b5f94af691e802475e94ad7b 78ff5217bf084cbdb2599b5416f1a68b - - default default] Successfully bumped revision number for resource 233b0845-60b3-43ed-a291-762ed2913047 (type: security_group_rules) to 0
2026-06-24 19:09:31.490 9 INFO neutron.wsgi [req-9e19b961-3c54-4d1c-92f6-7b2599cb3b90 req-c09eef39-726e-460f-8514-8b42a35ce512 38b32c5f1e32448f9d80a0c98b1f7f6b e4fc9537d8ac48c9b908e9c55bbdbca2 - - default default] 10.0.0.47 "GET /v2.0/security-groups?id=17c1c00b-ce1d-4ebb-b5c2-3ea3f5851912&fields=id&fields=name HTTP/1.1" status: 200 len: 311 time: 0.0661435
2026-06-24 19:09:31.507 10 INFO neutron.wsgi [None req-aa6026a7-e7b3-4c97-b976-3501100550f0 5db40c00b5f94af691e802475e94ad7b 78ff5217bf084cbdb2599b5416f1a68b - - default default] 10.0.0.198 "POST /v2.0/security-group-rules HTTP/1.1" status: 201 len: 769 time: 0.1649139
2026-06-24 19:09:31.520 10 WARNING neutron_lib.context [None req-d5ff1492-0902-4e58-af86-139ccf030f37 5db40c00b5f94af691e802475e94ad7b 78ff5217bf084cbdb2599b5416f1a68b - - default default] Method 'is_advsvc' is deprecated since 2023.2 release (neutron-lib 3.8.0) and will be removed once support for the old RBAC API policies will be removed from Neutron. Please use method 'is_service_role' instead.
2026-06-24 19:09:31.560 9 INFO neutron.db.ovn_revision_numbers_db [None req-f602d189-9dbd-48d4-ba6f-ba9ce705e1bc 0020749f540d409a910369157a443de8 b2b4cadd70074a6985f60cb4dcf6946c - - default default] Successfully bumped revision number for resource f9bc66cc-85d2-43f0-a892-6435234d8ff9 (type: networks) to 1
2026-06-24 19:09:31.600 9 INFO neutron.wsgi [None req-444c21eb-e78f-49a1-a8f6-9d7d84b5c0a3 38b32c5f1e32448f9d80a0c98b1f7f6b e4fc9537d8ac48c9b908e9c55bbdbca2 - - default default] 10.0.0.198 "GET /v2.0/ports?network_id=80259604-72d9-44db-991a-e7a5782aa12d&mac_address=fa%3A16%3A3e%3A60%3A60%3Ab5 HTTP/1.1" status: 200 len: 1391 time: 0.0763025
2026-06-24 19:09:31.611 9 WARNING neutron_lib.context [None req-15467d42-9645-458c-a4b7-5ec05d6ddb24 38b32c5f1e32448f9d80a0c98b1f7f6b e4fc9537d8ac48c9b908e9c55bbdbca2 - - default default] Method 'is_advsvc' is deprecated since 2023.2 release (neutron-lib 3.8.0) and will be removed once support for the old RBAC API policies will be removed from Neutron. Please use method 'is_service_role' instead.
2026-06-24 19:09:31.637 10 INFO neutron.db.ovn_revision_numbers_db [None req-d5ff1492-0902-4e58-af86-139ccf030f37 5db40c00b5f94af691e802475e94ad7b 78ff5217bf084cbdb2599b5416f1a68b - - default default] Successfully bumped revision number for resource 70440441-f779-4dd7-bd86-79a2fed386ef (type: security_group_rules) to 0
2026-06-24 19:09:31.662 10 INFO neutron.wsgi [None req-d5ff1492-0902-4e58-af86-139ccf030f37 5db40c00b5f94af691e802475e94ad7b 78ff5217bf084cbdb2599b5416f1a68b - - default default] 10.0.0.198 "POST /v2.0/security-group-rules HTTP/1.1" status: 201 len: 768 time: 0.1478333
2026-06-24 19:09:31.673 10 WARNING neutron_lib.context [None req-dfe7b116-66a7-4b1f-8a1d-777b902bd719 5db40c00b5f94af691e802475e94ad7b 78ff5217bf084cbdb2599b5416f1a68b - - default default] Method 'is_advsvc' is deprecated since 2023.2 release (neutron-lib 3.8.0) and will be removed once support for the old RBAC API policies will be removed from Neutron. Please use method 'is_service_role' instead.
2026-06-24 19:09:31.689 10 INFO neutron.db.securitygroups_db [None req-dfe7b116-66a7-4b1f-8a1d-777b902bd719 5db40c00b5f94af691e802475e94ad7b 78ff5217bf084cbdb2599b5416f1a68b - - default default] Project 78ff5217bf084cbdb2599b5416f1a68b added a security group rule with legacy IPv6 ICMP protocol name icmp, ipv6-icmp should be used instead. It was automatically converted.
2026-06-24 19:09:31.793 10 INFO neutron.db.ovn_revision_numbers_db [None req-dfe7b116-66a7-4b1f-8a1d-777b902bd719 5db40c00b5f94af691e802475e94ad7b 78ff5217bf084cbdb2599b5416f1a68b - - default default] Successfully bumped revision number for resource 68cc5b67-997c-4931-b6e8-ac3a0e770498 (type: security_group_rules) to 0
2026-06-24 19:09:31.814 9 WARNING neutron.scheduler.dhcp_agent_scheduler [None req-f602d189-9dbd-48d4-ba6f-ba9ce705e1bc 0020749f540d409a910369157a443de8 b2b4cadd70074a6985f60cb4dcf6946c - - default default] No more DHCP agents
2026-06-24 19:09:31.819 9 WARNING neutron.api.rpc.agentnotifiers.dhcp_rpc_agent_api [None req-f602d189-9dbd-48d4-ba6f-ba9ce705e1bc 0020749f540d409a910369157a443de8 b2b4cadd70074a6985f60cb4dcf6946c - - default default] Unable to schedule network f9bc66cc-85d2-43f0-a892-6435234d8ff9: no agents available; will retry on subsequent port and subnet creation events.
2026-06-24 19:09:31.820 10 INFO neutron.wsgi [None req-dfe7b116-66a7-4b1f-8a1d-777b902bd719 5db40c00b5f94af691e802475e94ad7b 78ff5217bf084cbdb2599b5416f1a68b - - default default] 10.0.0.198 "POST /v2.0/security-group-rules HTTP/1.1" status: 201 len: 774 time: 0.1519239
2026-06-24 19:09:31.835 10 WARNING neutron_lib.context [None req-433c8c46-76d2-4dc2-8a99-81d89174d72c 5db40c00b5f94af691e802475e94ad7b 78ff5217bf084cbdb2599b5416f1a68b - - default default] Method 'is_advsvc' is deprecated since 2023.2 release (neutron-lib 3.8.0) and will be removed once support for the old RBAC API policies will be removed from Neutron. Please use method 'is_service_role' instead.
2026-06-24 19:09:31.851 10 INFO neutron.db.securitygroups_db [None req-433c8c46-76d2-4dc2-8a99-81d89174d72c 5db40c00b5f94af691e802475e94ad7b 78ff5217bf084cbdb2599b5416f1a68b - - default default] Project 78ff5217bf084cbdb2599b5416f1a68b added a security group rule with legacy IPv6 ICMP protocol name icmp, ipv6-icmp should be used instead. It was automatically converted.
2026-06-24 19:09:31.935 9 INFO neutron.db.ovn_revision_numbers_db [None req-f602d189-9dbd-48d4-ba6f-ba9ce705e1bc 0020749f540d409a910369157a443de8 b2b4cadd70074a6985f60cb4dcf6946c - - default default] Successfully bumped revision number for resource c7ff44e6-b049-4b4d-a64c-7a0499f823d1 (type: ports) to 1
