2026-06-24 19:05:52.195 9 INFO neutron.db.ovn_revision_numbers_db [None req-bf0c1751-ca39-481e-a62d-3a30d3e6a236 6c988dd0c7804dcc849f973279b7f6f7 ab1efb58ad4d4559ac221b971a1a4c41 - - default default] Successfully bumped revision number for resource 86683e2b-aed8-4083-bb5d-784753b1e724 (type: security_groups) to 1
2026-06-24 19:05:52.206 9 INFO neutron.wsgi [req-5435511d-3911-4d89-9b12-23a53cd691a0 req-daeb7e81-964a-4af5-89c5-ff44b5d82d90 1b72e2ee1183452dba85ba97f5336b44 dc127c35d27246bb8a2ca856fa70146f - - default default] 10.0.0.47 "GET /v2.0/security-groups?id=f1b4c274-bdec-4109-822f-55cee9007707&fields=id&fields=name HTTP/1.1" status: 200 len: 313 time: 0.0623941
2026-06-24 19:05:52.224 9 INFO neutron.db.ovn_revision_numbers_db [None req-bf0c1751-ca39-481e-a62d-3a30d3e6a236 6c988dd0c7804dcc849f973279b7f6f7 ab1efb58ad4d4559ac221b971a1a4c41 - - default default] Successfully bumped revision number for resource 31ff74ee-36e6-4761-81b5-7e64eba74105 (type: security_group_rules) to 0
2026-06-24 19:05:52.252 9 INFO neutron.db.ovn_revision_numbers_db [None req-bf0c1751-ca39-481e-a62d-3a30d3e6a236 6c988dd0c7804dcc849f973279b7f6f7 ab1efb58ad4d4559ac221b971a1a4c41 - - default default] Successfully bumped revision number for resource 6e20740b-6ebe-46d7-a974-7e640d4a440f (type: security_group_rules) to 0
2026-06-24 19:05:52.279 9 INFO neutron.wsgi [None req-bf0c1751-ca39-481e-a62d-3a30d3e6a236 6c988dd0c7804dcc849f973279b7f6f7 ab1efb58ad4d4559ac221b971a1a4c41 - - default default] 10.0.0.198 "POST /v2.0/security-groups HTTP/1.1" status: 201 len: 1796 time: 0.3749580
2026-06-24 19:05:52.291 9 WARNING neutron_lib.context [None req-57f2dc85-02bb-49f8-8c7e-e2fda646fc8b 6c988dd0c7804dcc849f973279b7f6f7 ab1efb58ad4d4559ac221b971a1a4c41 - - default default] Method 'is_advsvc' is deprecated since 2023.2 release (neutron-lib 3.8.0) and will be removed once support for the old RBAC API policies will be removed from Neutron. Please use method 'is_service_role' instead.
2026-06-24 19:05:52.434 9 INFO neutron.db.ovn_revision_numbers_db [None req-7d1b7ce5-b365-4715-9b79-9ef9e7a53b06 a8a7de7117fb409b9a502b48744ef2cf f8b25b63beb84fa2ada4f999d2568fdb - - default default] Successfully bumped revision number for resource 28bcfc84-55cb-458e-a56c-a745c26ccf83 (type: router_ports) to 1
2026-06-24 19:05:52.436 9 INFO neutron.wsgi [None req-7d1b7ce5-b365-4715-9b79-9ef9e7a53b06 a8a7de7117fb409b9a502b48744ef2cf f8b25b63beb84fa2ada4f999d2568fdb - - default default] 10.0.0.198 "PUT /v2.0/routers/71cd8839-d0d7-46a6-93ec-850ed464a793/add_router_interface HTTP/1.1" status: 200 len: 503 time: 3.9255762
2026-06-24 19:05:52.454 9 INFO neutron.db.ovn_revision_numbers_db [None req-57f2dc85-02bb-49f8-8c7e-e2fda646fc8b 6c988dd0c7804dcc849f973279b7f6f7 ab1efb58ad4d4559ac221b971a1a4c41 - - default default] Successfully bumped revision number for resource 6054d0d7-d3fc-4acd-8094-60bd4abdd3b7 (type: security_group_rules) to 0
2026-06-24 19:05:52.485 9 INFO neutron.wsgi [None req-57f2dc85-02bb-49f8-8c7e-e2fda646fc8b 6c988dd0c7804dcc849f973279b7f6f7 ab1efb58ad4d4559ac221b971a1a4c41 - - default default] 10.0.0.198 "POST /v2.0/security-group-rules HTTP/1.1" status: 201 len: 764 time: 0.1998327
2026-06-24 19:05:52.495 9 WARNING neutron_lib.context [None req-0400aebf-5af5-4182-b235-61bcc3e5968b 6c988dd0c7804dcc849f973279b7f6f7 ab1efb58ad4d4559ac221b971a1a4c41 - - default default] Method 'is_advsvc' is deprecated since 2023.2 release (neutron-lib 3.8.0) and will be removed once support for the old RBAC API policies will be removed from Neutron. Please use method 'is_service_role' instead.
2026-06-24 19:05:52.597 9 INFO neutron.db.ovn_revision_numbers_db [None req-0400aebf-5af5-4182-b235-61bcc3e5968b 6c988dd0c7804dcc849f973279b7f6f7 ab1efb58ad4d4559ac221b971a1a4c41 - - default default] Successfully bumped revision number for resource c0df7264-e01c-44b1-995f-8b07c62e6c89 (type: security_group_rules) to 0
2026-06-24 19:05:52.622 9 INFO neutron.wsgi [None req-0400aebf-5af5-4182-b235-61bcc3e5968b 6c988dd0c7804dcc849f973279b7f6f7 ab1efb58ad4d4559ac221b971a1a4c41 - - default default] 10.0.0.198 "POST /v2.0/security-group-rules HTTP/1.1" status: 201 len: 769 time: 0.1315069
2026-06-24 19:05:52.634 9 WARNING neutron_lib.context [None req-d939902f-283e-4a1e-b11f-2f05f4a62fd9 6c988dd0c7804dcc849f973279b7f6f7 ab1efb58ad4d4559ac221b971a1a4c41 - - default default] Method 'is_advsvc' is deprecated since 2023.2 release (neutron-lib 3.8.0) and will be removed once support for the old RBAC API policies will be removed from Neutron. Please use method 'is_service_role' instead.
2026-06-24 19:05:52.881 10 WARNING neutron_lib.context [None req-f2696972-916f-4bb0-a7b2-7f3ec14affe2 82fcc35b70c44f5fbb99ff6a625bee88 39e1669e23ae46419cd8fe1639145df6 - - default default] Method 'is_advsvc' is deprecated since 2023.2 release (neutron-lib 3.8.0) and will be removed once support for the old RBAC API policies will be removed from Neutron. Please use method 'is_service_role' instead.
2026-06-24 19:05:52.885 9 WARNING neutron.scheduler.dhcp_agent_scheduler [None req-d939902f-283e-4a1e-b11f-2f05f4a62fd9 6c988dd0c7804dcc849f973279b7f6f7 ab1efb58ad4d4559ac221b971a1a4c41 - - default default] No more DHCP agents
2026-06-24 19:05:52.886 9 WARNING neutron.api.rpc.agentnotifiers.dhcp_rpc_agent_api [None req-d939902f-283e-4a1e-b11f-2f05f4a62fd9 6c988dd0c7804dcc849f973279b7f6f7 ab1efb58ad4d4559ac221b971a1a4c41 - - default default] Unable to schedule network 9f2072f5-7eec-4e11-a0c9-72ec37e5c48f: no agents available; will retry on subsequent port and subnet creation events.
2026-06-24 19:05:52.997 10 INFO neutron.db.ovn_revision_numbers_db [None req-f2696972-916f-4bb0-a7b2-7f3ec14affe2 82fcc35b70c44f5fbb99ff6a625bee88 39e1669e23ae46419cd8fe1639145df6 - - default default] Successfully bumped revision number for resource 6ae9c7a5-c991-4bdf-902a-e173b76acf99 (type: security_groups) to 1
2026-06-24 19:05:53.011 10 INFO neutron.db.ovn_revision_numbers_db [None req-f2696972-916f-4bb0-a7b2-7f3ec14affe2 82fcc35b70c44f5fbb99ff6a625bee88 39e1669e23ae46419cd8fe1639145df6 - - default default] Successfully bumped revision number for resource 13630c91-a720-40a0-b163-a402b537be53 (type: security_group_rules) to 0
2026-06-24 19:05:53.024 10 INFO neutron.db.ovn_revision_numbers_db [None req-f2696972-916f-4bb0-a7b2-7f3ec14affe2 82fcc35b70c44f5fbb99ff6a625bee88 39e1669e23ae46419cd8fe1639145df6 - - default default] Successfully bumped revision number for resource 27d963fa-c223-431d-a5cb-4257c21cbb22 (type: security_group_rules) to 0
2026-06-24 19:05:53.044 10 INFO neutron.wsgi [None req-f2696972-916f-4bb0-a7b2-7f3ec14affe2 82fcc35b70c44f5fbb99ff6a625bee88 39e1669e23ae46419cd8fe1639145df6 - - default default] 10.0.0.198 "POST /v2.0/security-groups HTTP/1.1" status: 201 len: 1796 time: 0.1690743
2026-06-24 19:05:53.051 10 WARNING neutron_lib.context [None req-dd27a72a-8e17-496c-8604-c9c2a8ecf330 82fcc35b70c44f5fbb99ff6a625bee88 39e1669e23ae46419cd8fe1639145df6 - - default default] Method 'is_advsvc' is deprecated since 2023.2 release (neutron-lib 3.8.0) and will be removed once support for the old RBAC API policies will be removed from Neutron. Please use method 'is_service_role' instead.
2026-06-24 19:05:53.156 10 INFO neutron.db.ovn_revision_numbers_db [None req-dd27a72a-8e17-496c-8604-c9c2a8ecf330 82fcc35b70c44f5fbb99ff6a625bee88 39e1669e23ae46419cd8fe1639145df6 - - default default] Successfully bumped revision number for resource ebf5fe53-80ce-40b6-b9f5-f47d898fd60f (type: security_group_rules) to 0
2026-06-24 19:05:53.175 10 INFO neutron.wsgi [None req-dd27a72a-8e17-496c-8604-c9c2a8ecf330 82fcc35b70c44f5fbb99ff6a625bee88 39e1669e23ae46419cd8fe1639145df6 - - default default] 10.0.0.198 "POST /v2.0/security-group-rules HTTP/1.1" status: 201 len: 764 time: 0.1278760
2026-06-24 19:05:53.185 10 WARNING neutron_lib.context [None req-6b0ef733-d902-4501-92b1-39a91b1cceaf 82fcc35b70c44f5fbb99ff6a625bee88 39e1669e23ae46419cd8fe1639145df6 - - default default] Method 'is_advsvc' is deprecated since 2023.2 release (neutron-lib 3.8.0) and will be removed once support for the old RBAC API policies will be removed from Neutron. Please use method 'is_service_role' instead.
2026-06-24 19:05:53.195 9 INFO neutron.db.ovn_revision_numbers_db [None req-d939902f-283e-4a1e-b11f-2f05f4a62fd9 6c988dd0c7804dcc849f973279b7f6f7 ab1efb58ad4d4559ac221b971a1a4c41 - - default default] Successfully bumped revision number for resource 5dc9c9e8-d321-4dec-afe0-095e02cf11b6 (type: floatingips) to 0
2026-06-24 19:05:53.213 9 INFO neutron.wsgi [None req-d939902f-283e-4a1e-b11f-2f05f4a62fd9 6c988dd0c7804dcc849f973279b7f6f7 ab1efb58ad4d4559ac221b971a1a4c41 - - default default] 10.0.0.198 "POST /v2.0/floatingips HTTP/1.1" status: 201 len: 751 time: 0.5844712
2026-06-24 19:05:53.288 10 INFO neutron.db.ovn_revision_numbers_db [None req-6b0ef733-d902-4501-92b1-39a91b1cceaf 82fcc35b70c44f5fbb99ff6a625bee88 39e1669e23ae46419cd8fe1639145df6 - - default default] Successfully bumped revision number for resource 829a47c9-b4cb-41b4-a20e-0f1800dd65cb (type: security_group_rules) to 0
2026-06-24 19:05:53.316 10 INFO neutron.wsgi [None req-6b0ef733-d902-4501-92b1-39a91b1cceaf 82fcc35b70c44f5fbb99ff6a625bee88 39e1669e23ae46419cd8fe1639145df6 - - default default] 10.0.0.198 "POST /v2.0/security-group-rules HTTP/1.1" status: 201 len: 769 time: 0.1369066
2026-06-24 19:05:53.326 10 WARNING neutron_lib.context [None req-73a0b57b-1d6a-41f4-a50b-d0348ecbc8bd 82fcc35b70c44f5fbb99ff6a625bee88 39e1669e23ae46419cd8fe1639145df6 - - default default] Method 'is_advsvc' is deprecated since 2023.2 release (neutron-lib 3.8.0) and will be removed once support for the old RBAC API policies will be removed from Neutron. Please use method 'is_service_role' instead.
2026-06-24 19:05:53.469 9 INFO neutron.wsgi [req-602ba6b0-259a-4c5e-9896-d482a4916f6e req-53fbafa5-b6bd-4781-b040-c8e2d81f80d8 1b72e2ee1183452dba85ba97f5336b44 dc127c35d27246bb8a2ca856fa70146f - - default default] 10.0.0.47 "GET /v2.0/ports?device_id=39935e12-032c-47a0-8552-b73ee4ea9ba3 HTTP/1.1" status: 200 len: 1168 time: 0.0557044
2026-06-24 19:05:53.486 9 INFO neutron.wsgi [req-6f295897-be3e-4c04-9fa5-bae3d9463a23 req-81664861-26e5-40f3-8f7e-09822f1baceb 41ce5f84c729422d9df9fb78ff950f47 f8eb3f321852412383cd1f7f2808ef3e - - default default] 10.0.0.47 "GET /v2.0/ports?device_id=336e5120-e4aa-4fca-9126-e28bb5d67d9a HTTP/1.1" status: 200 len: 1172 time: 0.3126342
2026-06-24 19:05:53.518 9 INFO neutron.wsgi [req-602ba6b0-259a-4c5e-9896-d482a4916f6e req-1aadf802-2d14-470f-90a6-1dc0e94d35c2 1b72e2ee1183452dba85ba97f5336b44 dc127c35d27246bb8a2ca856fa70146f - - default default] 10.0.0.47 "GET /v2.0/security-groups?id=f1b4c274-bdec-4109-822f-55cee9007707&fields=id&fields=name HTTP/1.1" status: 200 len: 313 time: 0.0408852
2026-06-24 19:05:53.533 9 INFO neutron.wsgi [req-6f295897-be3e-4c04-9fa5-bae3d9463a23 req-e83a85ee-4ccd-4c79-90b3-e25898454c68 41ce5f84c729422d9df9fb78ff950f47 f8eb3f321852412383cd1f7f2808ef3e - - default default] 10.0.0.47 "GET /v2.0/security-groups?id=e0ef6804-92a2-43d9-b4bb-8d266b24e299&fields=id&fields=name HTTP/1.1" status: 200 len: 311 time: 0.0381608
2026-06-24 19:05:53.559 10 WARNING neutron.scheduler.dhcp_agent_scheduler [None req-73a0b57b-1d6a-41f4-a50b-d0348ecbc8bd 82fcc35b70c44f5fbb99ff6a625bee88 39e1669e23ae46419cd8fe1639145df6 - - default default] No more DHCP agents
2026-06-24 19:05:53.561 10 WARNING neutron.api.rpc.agentnotifiers.dhcp_rpc_agent_api [None req-73a0b57b-1d6a-41f4-a50b-d0348ecbc8bd 82fcc35b70c44f5fbb99ff6a625bee88 39e1669e23ae46419cd8fe1639145df6 - - default default] Unable to schedule network 9f2072f5-7eec-4e11-a0c9-72ec37e5c48f: no agents available; will retry on subsequent port and subnet creation events.
2026-06-24 19:05:53.648 9 INFO neutron.wsgi [req-c1f2b554-0155-459b-9c3f-3935b2307123 req-a0fbd96f-6e86-4edc-ba07-137a8a99f70f 6c988dd0c7804dcc849f973279b7f6f7 ab1efb58ad4d4559ac221b971a1a4c41 - - default default] 10.0.0.47 "GET /v2.0/security-groups?name=tempest-securitygroup--1394552297&fields=id&tenant_id=ab1efb58ad4d4559ac221b971a1a4c41 HTTP/1.1" status: 200 len: 267 time: 0.0372217
2026-06-24 19:05:53.710 9 INFO neutron.wsgi [req-c1f2b554-0155-459b-9c3f-3935b2307123 req-5f3aef88-85cf-460d-854c-f4b321929df6 6c988dd0c7804dcc849f973279b7f6f7 ab1efb58ad4d4559ac221b971a1a4c41 - - default default] 10.0.0.47 "GET /v2.0/networks?id=bc70c22a-5a86-456c-ba83-d5efd9c66380 HTTP/1.1" status: 200 len: 883 time: 0.0552166
2026-06-24 19:05:53.730 9 INFO neutron.wsgi [req-c1f2b554-0155-459b-9c3f-3935b2307123 req-5d4d9d3b-7aa8-4ed5-8329-12981e175bca 6c988dd0c7804dcc849f973279b7f6f7 ab1efb58ad4d4559ac221b971a1a4c41 - - default default] 10.0.0.47 "GET /v2.0/quotas/ab1efb58ad4d4559ac221b971a1a4c41 HTTP/1.1" status: 200 len: 386 time: 0.0072384
2026-06-24 19:05:53.806 9 INFO neutron.wsgi [req-c1f2b554-0155-459b-9c3f-3935b2307123 req-601ff849-16c2-4d40-840e-c45b2ebb0c56 6c988dd0c7804dcc849f973279b7f6f7 ab1efb58ad4d4559ac221b971a1a4c41 - - default default] 10.0.0.47 "GET /v2.0/ports?tenant_id=ab1efb58ad4d4559ac221b971a1a4c41&fields=id HTTP/1.1" status: 200 len: 302 time: 0.0710630
2026-06-24 19:05:53.857 10 INFO neutron.db.ovn_revision_numbers_db [None req-73a0b57b-1d6a-41f4-a50b-d0348ecbc8bd 82fcc35b70c44f5fbb99ff6a625bee88 39e1669e23ae46419cd8fe1639145df6 - - default default] Successfully bumped revision number for resource cf8682bf-0a4f-40a3-90e1-72146119b24a (type: floatingips) to 0
2026-06-24 19:05:53.869 9 INFO neutron.wsgi [req-c1f2b554-0155-459b-9c3f-3935b2307123 req-c4c4af65-4854-482f-9c98-32ae9523ad31 1bfd51debc0243bfa47e134af339e843 72443ec725ae45abb6554219dff3cf98 - - 96f39892b42c4814a72e6e54be96ca4d 96f39892b42c4814a72e6e54be96ca4d] 10.0.0.47 "GET /v2.0/networks/bc70c22a-5a86-456c-ba83-d5efd9c66380?fields=segments HTTP/1.1" status: 200 len: 212 time: 0.0503383
2026-06-24 19:05:53.872 10 INFO neutron.wsgi [None req-73a0b57b-1d6a-41f4-a50b-d0348ecbc8bd 82fcc35b70c44f5fbb99ff6a625bee88 39e1669e23ae46419cd8fe1639145df6 - - default default] 10.0.0.198 "POST /v2.0/floatingips HTTP/1.1" status: 201 len: 751 time: 0.5508256
2026-06-24 19:05:53.937 9 INFO neutron.wsgi [req-c1f2b554-0155-459b-9c3f-3935b2307123 req-3eef9a37-0bee-4f67-8517-3bd424b89707 1bfd51debc0243bfa47e134af339e843 72443ec725ae45abb6554219dff3cf98 - - 96f39892b42c4814a72e6e54be96ca4d 96f39892b42c4814a72e6e54be96ca4d] 10.0.0.47 "GET /v2.0/networks/bc70c22a-5a86-456c-ba83-d5efd9c66380?fields=provider%3Aphysical_network&fields=provider%3Anetwork_type HTTP/1.1" status: 200 len: 277 time: 0.0590785
2026-06-24 19:05:54.061 9 INFO neutron.wsgi [req-312aa81a-e9a6-4614-97ae-04c3e3ede6ab req-ebabc945-fe4b-4fdb-a747-d63a313e7f4a 6c988dd0c7804dcc849f973279b7f6f7 ab1efb58ad4d4559ac221b971a1a4c41 - - default default] 10.0.0.47 "GET /v2.0/ports?device_id=519ec3a2-d924-4b4b-aa9f-645dddc3d9f7 HTTP/1.1" status: 200 len: 210 time: 0.0208664
2026-06-24 19:05:54.301 9 INFO neutron.wsgi [req-068190d6-d234-43d2-861f-cc49c085fb81 req-c5d9db2c-08dd-4b13-8ecf-ae018e22981d 82fcc35b70c44f5fbb99ff6a625bee88 39e1669e23ae46419cd8fe1639145df6 - - default default] 10.0.0.47 "GET /v2.0/security-groups?name=tempest-securitygroup--427938693&fields=id&tenant_id=39e1669e23ae46419cd8fe1639145df6 HTTP/1.1" status: 200 len: 267 time: 0.0590153
2026-06-24 19:05:54.386 9 INFO neutron.wsgi [req-068190d6-d234-43d2-861f-cc49c085fb81 req-7194f857-8f34-4264-9551-2bd768c69487 82fcc35b70c44f5fbb99ff6a625bee88 39e1669e23ae46419cd8fe1639145df6 - - default default] 10.0.0.47 "GET /v2.0/networks?id=1ce0c1b9-34c3-498b-908e-8ba827b9408c HTTP/1.1" status: 200 len: 869 time: 0.0783231
2026-06-24 19:05:54.404 9 INFO neutron.wsgi [req-068190d6-d234-43d2-861f-cc49c085fb81 req-d9979d1c-ac3d-477b-8cb8-e5d9481b2d18 82fcc35b70c44f5fbb99ff6a625bee88 39e1669e23ae46419cd8fe1639145df6 - - default default] 10.0.0.47 "GET /v2.0/quotas/39e1669e23ae46419cd8fe1639145df6 HTTP/1.1" status: 200 len: 386 time: 0.0097926
2026-06-24 19:05:54.503 9 INFO neutron.wsgi [req-068190d6-d234-43d2-861f-cc49c085fb81 req-c476a2da-c99e-4ab5-96da-03c91a10e760 82fcc35b70c44f5fbb99ff6a625bee88 39e1669e23ae46419cd8fe1639145df6 - - default default] 10.0.0.47 "GET /v2.0/ports?tenant_id=39e1669e23ae46419cd8fe1639145df6&fields=id HTTP/1.1" status: 200 len: 302 time: 0.0919890
2026-06-24 19:05:54.577 9 INFO neutron.wsgi [req-068190d6-d234-43d2-861f-cc49c085fb81 req-7ddab37d-d056-44af-b44f-215f147821ee 1bfd51debc0243bfa47e134af339e843 72443ec725ae45abb6554219dff3cf98 - - 96f39892b42c4814a72e6e54be96ca4d 96f39892b42c4814a72e6e54be96ca4d] 10.0.0.47 "GET /v2.0/networks/1ce0c1b9-34c3-498b-908e-8ba827b9408c?fields=segments HTTP/1.1" status: 200 len: 212 time: 0.0614836
2026-06-24 19:05:54.642 9 INFO neutron.wsgi [req-d1bfeb2e-c16d-4fe3-b965-7d2abf7431ce req-b9d262e8-5e1a-427a-a5ad-39063315f545 1b72e2ee1183452dba85ba97f5336b44 dc127c35d27246bb8a2ca856fa70146f - - default default] 10.0.0.47 "GET /v2.0/ports?device_id=39935e12-032c-47a0-8552-b73ee4ea9ba3 HTTP/1.1" status: 200 len: 1168 time: 0.0514238
2026-06-24 19:05:54.688 9 INFO neutron.wsgi [req-068190d6-d234-43d2-861f-cc49c085fb81 req-05b16fde-5f7f-42a7-acc4-5392ac8cc75e 1bfd51debc0243bfa47e134af339e843 72443ec725ae45abb6554219dff3cf98 - - 96f39892b42c4814a72e6e54be96ca4d 96f39892b42c4814a72e6e54be96ca4d] 10.0.0.47 "GET /v2.0/networks/1ce0c1b9-34c3-498b-908e-8ba827b9408c?fields=provider%3Aphysical_network&fields=provider%3Anetwork_type HTTP/1.1" status: 200 len: 277 time: 0.1048739
2026-06-24 19:05:54.721 9 INFO neutron.wsgi [req-d1bfeb2e-c16d-4fe3-b965-7d2abf7431ce req-b569fa62-934c-423b-a103-eba61b5fa263 1b72e2ee1183452dba85ba97f5336b44 dc127c35d27246bb8a2ca856fa70146f - - default default] 10.0.0.47 "GET /v2.0/security-groups?id=f1b4c274-bdec-4109-822f-55cee9007707&fields=id&fields=name HTTP/1.1" status: 200 len: 313 time: 0.0719526
2026-06-24 19:05:54.768 10 INFO neutron.wsgi [req-c1f2b554-0155-459b-9c3f-3935b2307123 req-0f57cfee-5b2e-4c6a-8115-844f3a684efb 6c988dd0c7804dcc849f973279b7f6f7 ab1efb58ad4d4559ac221b971a1a4c41 - - default default] 199.19.213.122 "GET /v2.0/networks?id=bc70c22a-5a86-456c-ba83-d5efd9c66380 HTTP/1.1" status: 200 len: 883 time: 0.0637918
2026-06-24 19:05:54.808 9 INFO neutron.wsgi [req-92ec4b03-d2c3-41a6-893e-ad3bfd33c0f8 req-6b54f332-1334-4961-b379-1d8aa091f342 41ce5f84c729422d9df9fb78ff950f47 f8eb3f321852412383cd1f7f2808ef3e - - default default] 10.0.0.47 "GET /v2.0/ports?device_id=336e5120-e4aa-4fca-9126-e28bb5d67d9a HTTP/1.1" status: 200 len: 1172 time: 0.0481169
2026-06-24 19:05:54.819 10 INFO neutron.wsgi [req-c1f2b554-0155-459b-9c3f-3935b2307123 req-6e9ca878-a8e2-47f0-a9cd-f4a00775291e 6c988dd0c7804dcc849f973279b7f6f7 ab1efb58ad4d4559ac221b971a1a4c41 - - default default] 199.19.213.122 "GET /v2.0/security-groups?fields=id&fields=name&tenant_id=ab1efb58ad4d4559ac221b971a1a4c41 HTTP/1.1" status: 200 len: 380 time: 0.0436890
2026-06-24 19:05:54.832 9 INFO neutron.wsgi [req-941ea787-c486-4eb7-b450-f652e3f71898 req-d2b45c20-a839-4b9b-bdcc-42789120b035 82fcc35b70c44f5fbb99ff6a625bee88 39e1669e23ae46419cd8fe1639145df6 - - default default] 10.0.0.47 "GET /v2.0/ports?device_id=68c21912-f49f-449b-93ce-899c40ac1c6e HTTP/1.1" status: 200 len: 210 time: 0.0204856
2026-06-24 19:05:54.849 10 WARNING neutron_lib.context [req-c1f2b554-0155-459b-9c3f-3935b2307123 req-d2323749-7852-477d-91a3-47c536f6e073 6c988dd0c7804dcc849f973279b7f6f7 ab1efb58ad4d4559ac221b971a1a4c41 - - default default] Method 'is_advsvc' is deprecated since 2023.2 release (neutron-lib 3.8.0) and will be removed once support for the old RBAC API policies will be removed from Neutron. Please use method 'is_service_role' instead.
2026-06-24 19:05:54.857 9 INFO neutron.wsgi [req-92ec4b03-d2c3-41a6-893e-ad3bfd33c0f8 req-02c3cac5-f79f-4747-8dee-b11b85361346 41ce5f84c729422d9df9fb78ff950f47 f8eb3f321852412383cd1f7f2808ef3e - - default default] 10.0.0.47 "GET /v2.0/security-groups?id=e0ef6804-92a2-43d9-b4bb-8d266b24e299&fields=id&fields=name HTTP/1.1" status: 200 len: 311 time: 0.0396497
2026-06-24 19:05:55.130 10 WARNING neutron.scheduler.dhcp_agent_scheduler [req-c1f2b554-0155-459b-9c3f-3935b2307123 req-d2323749-7852-477d-91a3-47c536f6e073 6c988dd0c7804dcc849f973279b7f6f7 ab1efb58ad4d4559ac221b971a1a4c41 - - default default] No more DHCP agents
2026-06-24 19:05:55.134 10 WARNING neutron.api.rpc.agentnotifiers.dhcp_rpc_agent_api [req-c1f2b554-0155-459b-9c3f-3935b2307123 req-d2323749-7852-477d-91a3-47c536f6e073 6c988dd0c7804dcc849f973279b7f6f7 ab1efb58ad4d4559ac221b971a1a4c41 - - default default] Unable to schedule network bc70c22a-5a86-456c-ba83-d5efd9c66380: no agents available; will retry on subsequent port and subnet creation events.
2026-06-24 19:05:55.164 9 INFO neutron.wsgi [req-a23a5048-c135-46fa-9c57-bd980e027e67 req-556eb5d7-d86d-4864-8355-c034f3a1ae1b 6c988dd0c7804dcc849f973279b7f6f7 ab1efb58ad4d4559ac221b971a1a4c41 - - default default] 10.0.0.47 "GET /v2.0/ports?device_id=519ec3a2-d924-4b4b-aa9f-645dddc3d9f7 HTTP/1.1" status: 200 len: 1156 time: 0.0435007
2026-06-24 19:05:55.214 9 INFO neutron.wsgi [req-a23a5048-c135-46fa-9c57-bd980e027e67 req-b7a3beb7-a5c7-4934-b5ea-0c1758faad2f 6c988dd0c7804dcc849f973279b7f6f7 ab1efb58ad4d4559ac221b971a1a4c41 - - default default] 10.0.0.47 "GET /v2.0/security-groups?id=86683e2b-aed8-4083-bb5d-784753b1e724&fields=id&fields=name HTTP/1.1" status: 200 len: 313 time: 0.0438626
2026-06-24 19:05:55.329 10 INFO neutron.db.ovn_revision_numbers_db [req-c1f2b554-0155-459b-9c3f-3935b2307123 req-d2323749-7852-477d-91a3-47c536f6e073 6c988dd0c7804dcc849f973279b7f6f7 ab1efb58ad4d4559ac221b971a1a4c41 - - default default] Successfully bumped revision number for resource a16f58ef-903e-45a0-891e-21c10d6b1728 (type: ports) to 1
2026-06-24 19:05:55.355 10 INFO neutron.wsgi [req-c1f2b554-0155-459b-9c3f-3935b2307123 req-d2323749-7852-477d-91a3-47c536f6e073 6c988dd0c7804dcc849f973279b7f6f7 ab1efb58ad4d4559ac221b971a1a4c41 - - default default] 199.19.213.122 "POST /v2.0/ports HTTP/1.1" status: 201 len: 1158 time: 0.5134823 /var/lib/openstack/lib/python3.10/site-packages/pycadf/identifier.py:71: UserWarning: Invalid uuid: neutron. To ensure interoperability, identifiers should be a valid uuid. warnings.warn(('Invalid uuid: %s. To ensure interoperability, '
2026-06-24 19:05:55.581 9 INFO neutron.wsgi [req-068190d6-d234-43d2-861f-cc49c085fb81 req-becc1157-0e21-44ad-ad96-2587986aa78d 82fcc35b70c44f5fbb99ff6a625bee88 39e1669e23ae46419cd8fe1639145df6 - - default default] 199.19.213.122 "GET /v2.0/networks?id=1ce0c1b9-34c3-498b-908e-8ba827b9408c HTTP/1.1" status: 200 len: 869 time: 0.0852277
2026-06-24 19:05:55.590 9 WARNING neutron.plugins.ml2.drivers.ovn.mech_driver.ovsdb.ovn_client [None req-a93d7c23-903d-4be5-a954-9f933413b3f0 - - - - - -] No hosting information found for port 531e5039-528e-4908-87d4-26579d06f13c: RuntimeError: No hosting information found for port 531e5039-528e-4908-87d4-26579d06f13c
2026-06-24 19:05:55.590 9 INFO neutron.plugins.ml2.drivers.ovn.mech_driver.mech_driver [None req-a93d7c23-903d-4be5-a954-9f933413b3f0 - - - - - -] OVN reports status up for port: 95befc3f-2d7e-4c69-9ffd-c5f9447fc99b
2026-06-24 19:05:55.606 9 INFO neutron.plugins.ml2.plugin [None req-a93d7c23-903d-4be5-a954-9f933413b3f0 - - - - - -] Attempt 1 to provision port 95befc3f-2d7e-4c69-9ffd-c5f9447fc99b
2026-06-24 19:05:55.641 9 INFO neutron.wsgi [req-068190d6-d234-43d2-861f-cc49c085fb81 req-dde7b45c-1fd0-43a3-9991-672d0c6370a3 82fcc35b70c44f5fbb99ff6a625bee88 39e1669e23ae46419cd8fe1639145df6 - - default default] 199.19.213.122 "GET /v2.0/security-groups?fields=id&fields=name&tenant_id=39e1669e23ae46419cd8fe1639145df6 HTTP/1.1" status: 200 len: 379 time: 0.0488713
2026-06-24 19:05:55.661 9 WARNING neutron_lib.context [req-068190d6-d234-43d2-861f-cc49c085fb81 req-c4188cdc-de9c-4a87-8eda-df1a1bb7bffc 82fcc35b70c44f5fbb99ff6a625bee88 39e1669e23ae46419cd8fe1639145df6 - - default default] Method 'is_advsvc' is deprecated since 2023.2 release (neutron-lib 3.8.0) and will be removed once support for the old RBAC API policies will be removed from Neutron. Please use method 'is_service_role' instead.
2026-06-24 19:05:55.741 10 INFO neutron.db.ovn_revision_numbers_db [req-c1f2b554-0155-459b-9c3f-3935b2307123 req-e86250df-e880-4962-8d90-5f5dbcbfe570 1bfd51debc0243bfa47e134af339e843 72443ec725ae45abb6554219dff3cf98 - - 96f39892b42c4814a72e6e54be96ca4d 96f39892b42c4814a72e6e54be96ca4d] Successfully bumped revision number for resource a16f58ef-903e-45a0-891e-21c10d6b1728 (type: ports) to 2
2026-06-24 19:05:55.759 9 INFO neutron.notifiers.nova [-] Nova event matching ['req-fd4bbc84-aae4-4340-846e-99ed7eeb3ac3'] response: {'server_uuid': '336e5120-e4aa-4fca-9126-e28bb5d67d9a', 'name': 'network-vif-plugged', 'status': 'completed', 'tag': '95befc3f-2d7e-4c69-9ffd-c5f9447fc99b', 'code': 200}
2026-06-24 19:05:55.970 9 INFO neutron.wsgi [req-4e12b614-27cb-459c-990c-8f5497f1f166 req-fe833dc3-50ca-4643-a07b-88ac1af3c931 82fcc35b70c44f5fbb99ff6a625bee88 39e1669e23ae46419cd8fe1639145df6 - - default default] 10.0.0.47 "GET /v2.0/ports?device_id=68c21912-f49f-449b-93ce-899c40ac1c6e HTTP/1.1" status: 200 len: 210 time: 0.0622780
2026-06-24 19:05:56.050 9 INFO neutron.wsgi [req-a8b01918-e339-45d7-9d3a-0be93e47a168 req-291886ee-e7c4-4722-acdd-0b9680052a54 1b72e2ee1183452dba85ba97f5336b44 dc127c35d27246bb8a2ca856fa70146f - - default default] 10.0.0.47 "GET /v2.0/ports?device_id=39935e12-032c-47a0-8552-b73ee4ea9ba3 HTTP/1.1" status: 200 len: 1168 time: 0.2440763
2026-06-24 19:05:56.092 9 INFO neutron.wsgi [req-e46c9b43-30b0-46ec-8a2f-c4bb75c7addc req-27a8657b-214a-4a45-9b5b-651afd516943 41ce5f84c729422d9df9fb78ff950f47 f8eb3f321852412383cd1f7f2808ef3e - - default default] 10.0.0.47 "GET /v2.0/ports?device_id=336e5120-e4aa-4fca-9126-e28bb5d67d9a HTTP/1.1" status: 200 len: 1174 time: 0.0669935
2026-06-24 19:05:56.157 10 INFO neutron.db.ovn_revision_numbers_db [req-c1f2b554-0155-459b-9c3f-3935b2307123 req-e86250df-e880-4962-8d90-5f5dbcbfe570 1bfd51debc0243bfa47e134af339e843 72443ec725ae45abb6554219dff3cf98 - - 96f39892b42c4814a72e6e54be96ca4d 96f39892b42c4814a72e6e54be96ca4d] Successfully bumped revision number for resource a16f58ef-903e-45a0-891e-21c10d6b1728 (type: ports) to 2
2026-06-24 19:05:56.162 9 INFO neutron.wsgi [req-a8b01918-e339-45d7-9d3a-0be93e47a168 req-405f7b60-e0af-4dda-adb7-018e3a434755 1b72e2ee1183452dba85ba97f5336b44 dc127c35d27246bb8a2ca856fa70146f - - default default] 10.0.0.47 "GET /v2.0/security-groups?id=f1b4c274-bdec-4109-822f-55cee9007707&fields=id&fields=name HTTP/1.1" status: 200 len: 313 time: 0.0991163
2026-06-24 19:05:56.175 10 INFO neutron.wsgi [req-c1f2b554-0155-459b-9c3f-3935b2307123 req-e86250df-e880-4962-8d90-5f5dbcbfe570 1bfd51debc0243bfa47e134af339e843 72443ec725ae45abb6554219dff3cf98 - - 96f39892b42c4814a72e6e54be96ca4d 96f39892b42c4814a72e6e54be96ca4d] 199.19.213.122 "PUT /v2.0/ports/a16f58ef-903e-45a0-891e-21c10d6b1728 HTTP/1.1" status: 200 len: 1376 time: 0.8106067
2026-06-24 19:05:56.189 9 INFO neutron.wsgi [req-e46c9b43-30b0-46ec-8a2f-c4bb75c7addc req-cd097a0d-d8d9-43f5-baa1-77b99e3861a3 41ce5f84c729422d9df9fb78ff950f47 f8eb3f321852412383cd1f7f2808ef3e - - default default] 10.0.0.47 "GET /v2.0/security-groups?id=e0ef6804-92a2-43d9-b4bb-8d266b24e299&fields=id&fields=name HTTP/1.1" status: 200 len: 311 time: 0.0852332
2026-06-24 19:05:56.196 9 INFO neutron.db.ovn_revision_numbers_db [None req-a93d7c23-903d-4be5-a954-9f933413b3f0 - - - - - -] Successfully bumped revision number for resource 95befc3f-2d7e-4c69-9ffd-c5f9447fc99b (type: ports) to 4
2026-06-24 19:05:56.217 10 INFO neutron.notifiers.nova [-] Nova event matching ['req-1146ac21-cc49-4b97-b522-13ec8e87c17d'] response: {'name': 'network-changed', 'server_uuid': '519ec3a2-d924-4b4b-aa9f-645dddc3d9f7', 'tag': 'a16f58ef-903e-45a0-891e-21c10d6b1728', 'status': 'completed', 'code': 200} /var/lib/openstack/lib/python3.10/site-packages/pycadf/identifier.py:71: UserWarning: Invalid uuid: neutron. To ensure interoperability, identifiers should be a valid uuid. warnings.warn(('Invalid uuid: %s. To ensure interoperability, '
2026-06-24 19:05:56.277 9 INFO neutron.plugins.ml2.drivers.ovn.mech_driver.mech_driver [None req-a93d7c23-903d-4be5-a954-9f933413b3f0 - - - - - -] OVN reports status up for port: 6e40ad1e-5632-46af-94d1-8885724150d2
2026-06-24 19:05:56.288 10 INFO neutron.wsgi [req-c1f2b554-0155-459b-9c3f-3935b2307123 req-5de89693-fbcc-42a3-916a-a44eee9e0557 1bfd51debc0243bfa47e134af339e843 72443ec725ae45abb6554219dff3cf98 - - 96f39892b42c4814a72e6e54be96ca4d 96f39892b42c4814a72e6e54be96ca4d] 199.19.213.122 "GET /v2.0/ports?tenant_id=ab1efb58ad4d4559ac221b971a1a4c41&device_id=519ec3a2-d924-4b4b-aa9f-645dddc3d9f7 HTTP/1.1" status: 200 len: 1407 time: 0.0599327 /var/lib/openstack/lib/python3.10/site-packages/pycadf/identifier.py:71: UserWarning: Invalid uuid: neutron. To ensure interoperability, identifiers should be a valid uuid. warnings.warn(('Invalid uuid: %s. To ensure interoperability, '
2026-06-24 19:05:56.318 10 INFO neutron.wsgi [req-c1f2b554-0155-459b-9c3f-3935b2307123 req-bc9e78a4-3ce9-4618-8e63-69e49d21d39f 1bfd51debc0243bfa47e134af339e843 72443ec725ae45abb6554219dff3cf98 - - 96f39892b42c4814a72e6e54be96ca4d 96f39892b42c4814a72e6e54be96ca4d] 199.19.213.122 "GET /v2.0/floatingips?fixed_ip_address=10.100.0.9&port_id=a16f58ef-903e-45a0-891e-21c10d6b1728 HTTP/1.1" status: 200 len: 217 time: 0.0224457
2026-06-24 19:05:56.330 9 INFO neutron.plugins.ml2.plugin [None req-a93d7c23-903d-4be5-a954-9f933413b3f0 - - - - - -] Attempt 1 to provision port 6e40ad1e-5632-46af-94d1-8885724150d2
2026-06-24 19:05:56.332 9 WARNING neutron.scheduler.dhcp_agent_scheduler [req-068190d6-d234-43d2-861f-cc49c085fb81 req-c4188cdc-de9c-4a87-8eda-df1a1bb7bffc 82fcc35b70c44f5fbb99ff6a625bee88 39e1669e23ae46419cd8fe1639145df6 - - default default] No more DHCP agents
2026-06-24 19:05:56.338 9 WARNING neutron.api.rpc.agentnotifiers.dhcp_rpc_agent_api [req-068190d6-d234-43d2-861f-cc49c085fb81 req-c4188cdc-de9c-4a87-8eda-df1a1bb7bffc 82fcc35b70c44f5fbb99ff6a625bee88 39e1669e23ae46419cd8fe1639145df6 - - default default] Unable to schedule network 1ce0c1b9-34c3-498b-908e-8ba827b9408c: no agents available; will retry on subsequent port and subnet creation events.
2026-06-24 19:05:56.361 10 INFO neutron.wsgi [req-c1f2b554-0155-459b-9c3f-3935b2307123 req-6b5856aa-7989-4439-9066-d84395398c26 1bfd51debc0243bfa47e134af339e843 72443ec725ae45abb6554219dff3cf98 - - 96f39892b42c4814a72e6e54be96ca4d 96f39892b42c4814a72e6e54be96ca4d] 199.19.213.122 "GET /v2.0/subnets?id=e66e13c0-9085-441c-8b31-cda37d0ddea1 HTTP/1.1" status: 200 len: 877 time: 0.0350323
2026-06-24 19:05:56.384 10 INFO neutron.wsgi [req-c1f2b554-0155-459b-9c3f-3935b2307123 req-4cce1df3-9103-4b09-9e06-92dfb7d638e6 1bfd51debc0243bfa47e134af339e843 72443ec725ae45abb6554219dff3cf98 - - 96f39892b42c4814a72e6e54be96ca4d 96f39892b42c4814a72e6e54be96ca4d] 199.19.213.122 "GET /v2.0/ports?network_id=bc70c22a-5a86-456c-ba83-d5efd9c66380&device_owner=network%3Adhcp HTTP/1.1" status: 200 len: 210 time: 0.0178461
2026-06-24 19:05:56.442 10 INFO neutron.wsgi [req-c1f2b554-0155-459b-9c3f-3935b2307123 req-6a9e0066-37ad-4398-a901-9b500eccb149 1bfd51debc0243bfa47e134af339e843 72443ec725ae45abb6554219dff3cf98 - - 96f39892b42c4814a72e6e54be96ca4d 96f39892b42c4814a72e6e54be96ca4d] 199.19.213.122 "GET /v2.0/networks/bc70c22a-5a86-456c-ba83-d5efd9c66380?fields=segments HTTP/1.1" status: 200 len: 212 time: 0.0503101
2026-06-24 19:05:56.513 10 INFO neutron.wsgi [req-c1f2b554-0155-459b-9c3f-3935b2307123 req-0de8d1ed-abbf-4d40-b57c-43d0ddef6a78 1bfd51debc0243bfa47e134af339e843 72443ec725ae45abb6554219dff3cf98 - - 96f39892b42c4814a72e6e54be96ca4d 96f39892b42c4814a72e6e54be96ca4d] 199.19.213.122 "GET /v2.0/networks/bc70c22a-5a86-456c-ba83-d5efd9c66380?fields=provider%3Aphysical_network&fields=provider%3Anetwork_type HTTP/1.1" status: 200 len: 277 time: 0.0653083
2026-06-24 19:05:56.520 9 INFO neutron.wsgi [req-df46c313-bbd9-44bb-a47e-4863e7f6b03d req-b4b59e2e-5f0d-46e2-8a3a-1ec784e6840a 41ce5f84c729422d9df9fb78ff950f47 f8eb3f321852412383cd1f7f2808ef3e - - default default] 10.0.0.47 "GET /v2.0/ports?device_id=336e5120-e4aa-4fca-9126-e28bb5d67d9a HTTP/1.1" status: 200 len: 1174 time: 0.2362688
2026-06-24 19:05:56.525 9 INFO neutron.wsgi [req-23196a09-21de-4b3e-a5a2-d0322392fd68 req-81d3a374-0e32-4335-a1ef-443f21cd2cca 6c988dd0c7804dcc849f973279b7f6f7 ab1efb58ad4d4559ac221b971a1a4c41 - - default default] 10.0.0.47 "GET /v2.0/ports?device_id=519ec3a2-d924-4b4b-aa9f-645dddc3d9f7 HTTP/1.1" status: 200 len: 1168 time: 0.2362339 /var/lib/openstack/lib/python3.10/site-packages/pycadf/identifier.py:71: UserWarning: Invalid uuid: neutron. To ensure interoperability, identifiers should be a valid uuid. warnings.warn(('Invalid uuid: %s. To ensure interoperability, '
2026-06-24 19:05:56.584 9 INFO neutron.wsgi [req-23196a09-21de-4b3e-a5a2-d0322392fd68 req-c998b8e7-0872-4267-b382-705d9f879994 6c988dd0c7804dcc849f973279b7f6f7 ab1efb58ad4d4559ac221b971a1a4c41 - - default default] 10.0.0.47 "GET /v2.0/security-groups?id=86683e2b-aed8-4083-bb5d-784753b1e724&fields=id&fields=name HTTP/1.1" status: 200 len: 313 time: 0.0512991
2026-06-24 19:05:56.634 10 INFO neutron.wsgi [req-4905e321-9838-4172-82f6-c09ffa9574df req-2f740841-053f-4687-b782-b9f43827f0a7 1bfd51debc0243bfa47e134af339e843 72443ec725ae45abb6554219dff3cf98 - - 96f39892b42c4814a72e6e54be96ca4d 96f39892b42c4814a72e6e54be96ca4d] 199.19.213.122 "GET /v2.0/ports?tenant_id=ab1efb58ad4d4559ac221b971a1a4c41&device_id=519ec3a2-d924-4b4b-aa9f-645dddc3d9f7 HTTP/1.1" status: 200 len: 1407 time: 0.0797150
2026-06-24 19:05:56.745 9 INFO neutron.db.ovn_revision_numbers_db [req-068190d6-d234-43d2-861f-cc49c085fb81 req-c4188cdc-de9c-4a87-8eda-df1a1bb7bffc 82fcc35b70c44f5fbb99ff6a625bee88 39e1669e23ae46419cd8fe1639145df6 - - default default] Successfully bumped revision number for resource 3c10c73b-846b-492f-b749-6fc48378d382 (type: ports) to 1
2026-06-24 19:05:56.784 10 INFO neutron.wsgi [req-4905e321-9838-4172-82f6-c09ffa9574df req-67da13f5-d700-4c2d-9075-f7d27bd0a70d 1bfd51debc0243bfa47e134af339e843 72443ec725ae45abb6554219dff3cf98 - - 96f39892b42c4814a72e6e54be96ca4d 96f39892b42c4814a72e6e54be96ca4d] 199.19.213.122 "GET /v2.0/networks?id=bc70c22a-5a86-456c-ba83-d5efd9c66380 HTTP/1.1" status: 200 len: 982 time: 0.1413629
2026-06-24 19:05:56.784 9 INFO neutron.wsgi [req-068190d6-d234-43d2-861f-cc49c085fb81 req-c4188cdc-de9c-4a87-8eda-df1a1bb7bffc 82fcc35b70c44f5fbb99ff6a625bee88 39e1669e23ae46419cd8fe1639145df6 - - default default] 199.19.213.122 "POST /v2.0/ports HTTP/1.1" status: 201 len: 1162 time: 1.1313093
2026-06-24 19:05:56.828 10 INFO neutron.wsgi [req-4905e321-9838-4172-82f6-c09ffa9574df req-1825ba66-76b9-4abc-a728-9d154b1574bf 1bfd51debc0243bfa47e134af339e843 72443ec725ae45abb6554219dff3cf98 - - 96f39892b42c4814a72e6e54be96ca4d 96f39892b42c4814a72e6e54be96ca4d] 199.19.213.122 "GET /v2.0/floatingips?fixed_ip_address=10.100.0.9&port_id=a16f58ef-903e-45a0-891e-21c10d6b1728 HTTP/1.1" status: 200 len: 217 time: 0.0290370
2026-06-24 19:05:56.875 9 INFO neutron.db.ovn_revision_numbers_db [None req-a93d7c23-903d-4be5-a954-9f933413b3f0 - - - - - -] Successfully bumped revision number for resource 6e40ad1e-5632-46af-94d1-8885724150d2 (type: ports) to 4
2026-06-24 19:05:56.885 10 INFO neutron.wsgi [req-4905e321-9838-4172-82f6-c09ffa9574df req-75863c44-9ee1-4376-9844-b1804a86f328 1bfd51debc0243bfa47e134af339e843 72443ec725ae45abb6554219dff3cf98 - - 96f39892b42c4814a72e6e54be96ca4d 96f39892b42c4814a72e6e54be96ca4d] 199.19.213.122 "GET /v2.0/subnets?id=e66e13c0-9085-441c-8b31-cda37d0ddea1 HTTP/1.1" status: 200 len: 877 time: 0.0503128
2026-06-24 19:05:56.926 10 INFO neutron.wsgi [req-4905e321-9838-4172-82f6-c09ffa9574df req-7dc7d371-10af-4d99-8035-8ea4efcc217b 1bfd51debc0243bfa47e134af339e843 72443ec725ae45abb6554219dff3cf98 - - 96f39892b42c4814a72e6e54be96ca4d 96f39892b42c4814a72e6e54be96ca4d] 199.19.213.122 "GET /v2.0/ports?network_id=bc70c22a-5a86-456c-ba83-d5efd9c66380&device_owner=network%3Adhcp HTTP/1.1" status: 200 len: 210 time: 0.0330229
2026-06-24 19:05:56.945 9 INFO neutron.plugins.ml2.drivers.ovn.mech_driver.mech_driver [None req-a93d7c23-903d-4be5-a954-9f933413b3f0 - - - - - -] OVN reports status up for port: 28bcfc84-55cb-458e-a56c-a745c26ccf83
2026-06-24 19:05:56.959 9 INFO neutron.plugins.ml2.plugin [None req-a93d7c23-903d-4be5-a954-9f933413b3f0 - - - - - -] Attempt 1 to provision port 28bcfc84-55cb-458e-a56c-a745c26ccf83
2026-06-24 19:05:56.964 10 INFO neutron.db.l3_db [None req-d32b0a98-e956-4d3d-8146-263022c44d93 41ce5f84c729422d9df9fb78ff950f47 f8eb3f321852412383cd1f7f2808ef3e - - default default] Floating IP d0468930-3eca-4238-87e6-35f4f00579e8 associated. External IP: 10.96.250.206, port: 95befc3f-2d7e-4c69-9ffd-c5f9447fc99b.
2026-06-24 19:05:57.023 10 INFO neutron.wsgi [req-4905e321-9838-4172-82f6-c09ffa9574df req-4d2cf725-e846-4809-a84a-ca1f8cc90be4 1bfd51debc0243bfa47e134af339e843 72443ec725ae45abb6554219dff3cf98 - - 96f39892b42c4814a72e6e54be96ca4d 96f39892b42c4814a72e6e54be96ca4d] 199.19.213.122 "GET /v2.0/networks/bc70c22a-5a86-456c-ba83-d5efd9c66380?fields=segments HTTP/1.1" status: 200 len: 212 time: 0.0898623 /var/lib/openstack/lib/python3.10/site-packages/pycadf/identifier.py:71: UserWarning: Invalid uuid: neutron. To ensure interoperability, identifiers should be a valid uuid. warnings.warn(('Invalid uuid: %s. To ensure interoperability, '
2026-06-24 19:05:57.143 9 INFO neutron.wsgi [req-cda17ec3-ea6d-44ac-a17d-74001b48016e req-ceea07bf-b767-49cc-8d69-ee6bc3d18f46 82fcc35b70c44f5fbb99ff6a625bee88 39e1669e23ae46419cd8fe1639145df6 - - default default] 10.0.0.47 "GET /v2.0/ports?device_id=68c21912-f49f-449b-93ce-899c40ac1c6e HTTP/1.1" status: 200 len: 1160 time: 0.0803115
2026-06-24 19:05:57.152 10 INFO neutron.wsgi [req-4905e321-9838-4172-82f6-c09ffa9574df req-244e26a2-4aff-49e0-bd9a-37ac680d148f 1bfd51debc0243bfa47e134af339e843 72443ec725ae45abb6554219dff3cf98 - - 96f39892b42c4814a72e6e54be96ca4d 96f39892b42c4814a72e6e54be96ca4d] 199.19.213.122 "GET /v2.0/networks/bc70c22a-5a86-456c-ba83-d5efd9c66380?fields=provider%3Aphysical_network&fields=provider%3Anetwork_type HTTP/1.1" status: 200 len: 277 time: 0.1218374
2026-06-24 19:05:57.233 9 INFO neutron.wsgi [req-cda17ec3-ea6d-44ac-a17d-74001b48016e req-db0a16b5-cc38-4dc0-a631-3c0c677f040a 82fcc35b70c44f5fbb99ff6a625bee88 39e1669e23ae46419cd8fe1639145df6 - - default default] 10.0.0.47 "GET /v2.0/security-groups?id=6ae9c7a5-c991-4bdf-902a-e173b76acf99&fields=id&fields=name HTTP/1.1" status: 200 len: 312 time: 0.0801654 /var/lib/openstack/lib/python3.10/site-packages/pycadf/identifier.py:71: UserWarning: Invalid uuid: neutron. To ensure interoperability, identifiers should be a valid uuid. warnings.warn(('Invalid uuid: %s. To ensure interoperability, '
2026-06-24 19:05:57.314 10 INFO neutron.db.ovn_revision_numbers_db [None req-d32b0a98-e956-4d3d-8146-263022c44d93 41ce5f84c729422d9df9fb78ff950f47 f8eb3f321852412383cd1f7f2808ef3e - - default default] Successfully bumped revision number for resource d0468930-3eca-4238-87e6-35f4f00579e8 (type: floatingips) to 1
2026-06-24 19:05:57.340 9 INFO neutron.wsgi [req-e22ebd2e-1478-4d7b-ba7a-76f0a33d0469 req-ddf4015e-9e1d-4ee9-b71c-9fe328a9ec5f 1b72e2ee1183452dba85ba97f5336b44 dc127c35d27246bb8a2ca856fa70146f - - default default] 10.0.0.47 "GET /v2.0/ports?device_id=39935e12-032c-47a0-8552-b73ee4ea9ba3 HTTP/1.1" status: 200 len: 1170 time: 0.0867693
2026-06-24 19:05:57.443 9 INFO neutron.wsgi [req-e22ebd2e-1478-4d7b-ba7a-76f0a33d0469 req-430eb3d8-aa25-42c1-9876-27aa025c83c7 1b72e2ee1183452dba85ba97f5336b44 dc127c35d27246bb8a2ca856fa70146f - - default default] 10.0.0.47 "GET /v2.0/security-groups?id=f1b4c274-bdec-4109-822f-55cee9007707&fields=id&fields=name HTTP/1.1" status: 200 len: 313 time: 0.0937951
2026-06-24 19:05:57.480 9 INFO neutron.db.ovn_revision_numbers_db [req-068190d6-d234-43d2-861f-cc49c085fb81 req-3fceb215-0fa7-4b32-bf2f-1e25bb983006 1bfd51debc0243bfa47e134af339e843 72443ec725ae45abb6554219dff3cf98 - - 96f39892b42c4814a72e6e54be96ca4d 96f39892b42c4814a72e6e54be96ca4d] Successfully bumped revision number for resource 3c10c73b-846b-492f-b749-6fc48378d382 (type: ports) to 2
2026-06-24 19:05:57.521 9 INFO neutron.db.ovn_revision_numbers_db [None req-a93d7c23-903d-4be5-a954-9f933413b3f0 - - - - - -] Successfully bumped revision number for resource 28bcfc84-55cb-458e-a56c-a745c26ccf83 (type: ports) to 2
2026-06-24 19:05:57.593 10 INFO neutron.db.ovn_revision_numbers_db [None req-d32b0a98-e956-4d3d-8146-263022c44d93 41ce5f84c729422d9df9fb78ff950f47 f8eb3f321852412383cd1f7f2808ef3e - - default default] Successfully bumped revision number for resource d0468930-3eca-4238-87e6-35f4f00579e8 (type: floatingips) to 2
2026-06-24 19:05:57.631 10 INFO neutron.wsgi [None req-d32b0a98-e956-4d3d-8146-263022c44d93 41ce5f84c729422d9df9fb78ff950f47 f8eb3f321852412383cd1f7f2808ef3e - - default default] 10.0.0.198 "PUT /v2.0/floatingips/d0468930-3eca-4238-87e6-35f4f00579e8 HTTP/1.1" status: 200 len: 1050 time: 1.0961504
2026-06-24 19:05:57.664 9 INFO neutron.db.ovn_revision_numbers_db [None req-a93d7c23-903d-4be5-a954-9f933413b3f0 - - - - - -] Successfully bumped revision number for resource 28bcfc84-55cb-458e-a56c-a745c26ccf83 (type: router_ports) to 2 /var/lib/openstack/lib/python3.10/site-packages/pycadf/identifier.py:71: UserWarning: Invalid uuid: neutron. To ensure interoperability, identifiers should be a valid uuid. warnings.warn(('Invalid uuid: %s. To ensure interoperability, '
2026-06-24 19:05:57.727 9 INFO neutron.wsgi [req-adde889e-0ee8-4f21-98e3-2ecc959731cc req-62e10c44-bb1d-4a9a-840d-00c593fb1eae 6c988dd0c7804dcc849f973279b7f6f7 ab1efb58ad4d4559ac221b971a1a4c41 - - default default] 10.0.0.47 "GET /v2.0/ports?device_id=519ec3a2-d924-4b4b-aa9f-645dddc3d9f7 HTTP/1.1" status: 200 len: 1168 time: 0.0817621
2026-06-24 19:05:57.759 9 INFO neutron.wsgi [req-672db5b3-f32f-4f4a-98e9-2e6ae0bd5ccf req-d311ced9-a3df-4119-a88d-6b7674381dbf 41ce5f84c729422d9df9fb78ff950f47 f8eb3f321852412383cd1f7f2808ef3e - - default default] 10.0.0.47 "GET /v2.0/ports?device_id=336e5120-e4aa-4fca-9126-e28bb5d67d9a HTTP/1.1" status: 200 len: 1174 time: 0.0677273
2026-06-24 19:05:57.829 9 INFO neutron.wsgi [req-adde889e-0ee8-4f21-98e3-2ecc959731cc req-1f2b8fc5-16fa-4367-a4df-b6e7dc894142 6c988dd0c7804dcc849f973279b7f6f7 ab1efb58ad4d4559ac221b971a1a4c41 - - default default] 10.0.0.47 "GET /v2.0/security-groups?id=86683e2b-aed8-4083-bb5d-784753b1e724&fields=id&fields=name HTTP/1.1" status: 200 len: 313 time: 0.0858080
2026-06-24 19:05:57.833 9 INFO neutron.db.ovn_revision_numbers_db [req-068190d6-d234-43d2-861f-cc49c085fb81 req-3fceb215-0fa7-4b32-bf2f-1e25bb983006 1bfd51debc0243bfa47e134af339e843 72443ec725ae45abb6554219dff3cf98 - - 96f39892b42c4814a72e6e54be96ca4d 96f39892b42c4814a72e6e54be96ca4d] Successfully bumped revision number for resource 3c10c73b-846b-492f-b749-6fc48378d382 (type: ports) to 2
2026-06-24 19:05:57.839 9 INFO neutron.wsgi [req-672db5b3-f32f-4f4a-98e9-2e6ae0bd5ccf req-f1f9a7f5-bc91-434c-9cf7-76129c86a8a8 41ce5f84c729422d9df9fb78ff950f47 f8eb3f321852412383cd1f7f2808ef3e - - default default] 10.0.0.47 "GET /v2.0/security-groups?id=e0ef6804-92a2-43d9-b4bb-8d266b24e299&fields=id&fields=name HTTP/1.1" status: 200 len: 311 time: 0.0692039
2026-06-24 19:05:57.851 9 INFO neutron.wsgi [req-068190d6-d234-43d2-861f-cc49c085fb81 req-3fceb215-0fa7-4b32-bf2f-1e25bb983006 1bfd51debc0243bfa47e134af339e843 72443ec725ae45abb6554219dff3cf98 - - 96f39892b42c4814a72e6e54be96ca4d 96f39892b42c4814a72e6e54be96ca4d] 199.19.213.122 "PUT /v2.0/ports/3c10c73b-846b-492f-b749-6fc48378d382 HTTP/1.1" status: 200 len: 1380 time: 1.0573454
2026-06-24 19:05:57.867 9 INFO neutron.notifiers.nova [-] Nova event matching ['req-612fd963-0bdd-410c-874e-0e8446c37747'] response: {'server_uuid': '336e5120-e4aa-4fca-9126-e28bb5d67d9a', 'name': 'network-vif-plugged', 'status': 'completed', 'tag': '95befc3f-2d7e-4c69-9ffd-c5f9447fc99b', 'code': 200}
2026-06-24 19:05:57.868 9 INFO neutron.notifiers.nova [-] Nova event matching ['req-612fd963-0bdd-410c-874e-0e8446c37747'] response: {'server_uuid': '39935e12-032c-47a0-8552-b73ee4ea9ba3', 'name': 'network-vif-plugged', 'status': 'completed', 'tag': '6e40ad1e-5632-46af-94d1-8885724150d2', 'code': 200}
2026-06-24 19:05:57.868 9 INFO neutron.notifiers.nova [-] Nova event matching ['req-612fd963-0bdd-410c-874e-0e8446c37747'] response: {'server_uuid': '39935e12-032c-47a0-8552-b73ee4ea9ba3', 'name': 'network-vif-plugged', 'status': 'completed', 'tag': '6e40ad1e-5632-46af-94d1-8885724150d2', 'code': 200}
2026-06-24 19:05:57.943 9 INFO neutron.wsgi [req-068190d6-d234-43d2-861f-cc49c085fb81 req-c49e8cae-3df8-48d6-a092-625ad9d4a262 1bfd51debc0243bfa47e134af339e843 72443ec725ae45abb6554219dff3cf98 - - 96f39892b42c4814a72e6e54be96ca4d 96f39892b42c4814a72e6e54be96ca4d] 199.19.213.122 "GET /v2.0/ports?tenant_id=39e1669e23ae46419cd8fe1639145df6&device_id=68c21912-f49f-449b-93ce-899c40ac1c6e HTTP/1.1" status: 200 len: 1411 time: 0.0393615
2026-06-24 19:05:57.984 9 INFO neutron.wsgi [req-068190d6-d234-43d2-861f-cc49c085fb81 req-eac0f9e9-2a76-4373-b490-11e747aba6ba 1bfd51debc0243bfa47e134af339e843 72443ec725ae45abb6554219dff3cf98 - - 96f39892b42c4814a72e6e54be96ca4d 96f39892b42c4814a72e6e54be96ca4d] 199.19.213.122 "GET /v2.0/floatingips?fixed_ip_address=10.100.0.10&port_id=3c10c73b-846b-492f-b749-6fc48378d382 HTTP/1.1" status: 200 len: 217 time: 0.0300634
2026-06-24 19:05:58.025 9 INFO neutron.wsgi [req-068190d6-d234-43d2-861f-cc49c085fb81 req-e4e62ce9-58c6-4415-a90b-8f73f4bd6fd5 1bfd51debc0243bfa47e134af339e843 72443ec725ae45abb6554219dff3cf98 - - 96f39892b42c4814a72e6e54be96ca4d 96f39892b42c4814a72e6e54be96ca4d] 199.19.213.122 "GET /v2.0/subnets?id=6bc7e5d0-7f35-4e72-84e0-1fb6634750a2 HTTP/1.1" status: 200 len: 863 time: 0.0329435
2026-06-24 19:05:58.066 9 INFO neutron.wsgi [req-068190d6-d234-43d2-861f-cc49c085fb81 req-ae45304f-4973-48fb-8ea8-c192c0f0dc01 1bfd51debc0243bfa47e134af339e843 72443ec725ae45abb6554219dff3cf98 - - 96f39892b42c4814a72e6e54be96ca4d 96f39892b42c4814a72e6e54be96ca4d] 199.19.213.122 "GET /v2.0/ports?network_id=1ce0c1b9-34c3-498b-908e-8ba827b9408c&device_owner=network%3Adhcp HTTP/1.1" status: 200 len: 210 time: 0.0328479
2026-06-24 19:05:58.158 9 INFO neutron.wsgi [req-068190d6-d234-43d2-861f-cc49c085fb81 req-ab009322-8970-4410-8e31-b840b5f131d8 1bfd51debc0243bfa47e134af339e843 72443ec725ae45abb6554219dff3cf98 - - 96f39892b42c4814a72e6e54be96ca4d 96f39892b42c4814a72e6e54be96ca4d] 199.19.213.122 "GET /v2.0/networks/1ce0c1b9-34c3-498b-908e-8ba827b9408c?fields=segments HTTP/1.1" status: 200 len: 212 time: 0.0874765
2026-06-24 19:05:58.261 10 INFO neutron.notifiers.nova [-] Nova event matching ['req-c04172ea-beb0-476c-9b55-990553f0e209'] response: {'name': 'network-changed', 'server_uuid': '336e5120-e4aa-4fca-9126-e28bb5d67d9a', 'tag': '95befc3f-2d7e-4c69-9ffd-c5f9447fc99b', 'status': 'completed', 'code': 200}
2026-06-24 19:05:58.272 9 INFO neutron.wsgi [req-8f0090f2-c5b9-40ee-9e9f-abeadf85a949 req-54ccc31c-1639-4a70-b12a-d77cbfec727c 41ce5f84c729422d9df9fb78ff950f47 f8eb3f321852412383cd1f7f2808ef3e - - default default] 10.0.0.47 "GET /v2.0/ports?device_id=336e5120-e4aa-4fca-9126-e28bb5d67d9a HTTP/1.1" status: 200 len: 1174 time: 0.0687475
2026-06-24 19:05:58.280 9 INFO neutron.wsgi [req-068190d6-d234-43d2-861f-cc49c085fb81 req-aaf15089-f714-4426-81e5-44d6565895b8 1bfd51debc0243bfa47e134af339e843 72443ec725ae45abb6554219dff3cf98 - - 96f39892b42c4814a72e6e54be96ca4d 96f39892b42c4814a72e6e54be96ca4d] 199.19.213.122 "GET /v2.0/networks/1ce0c1b9-34c3-498b-908e-8ba827b9408c?fields=provider%3Aphysical_network&fields=provider%3Anetwork_type HTTP/1.1" status: 200 len: 277 time: 0.1176386 /var/lib/openstack/lib/python3.10/site-packages/pycadf/identifier.py:71: UserWarning: Invalid uuid: neutron. To ensure interoperability, identifiers should be a valid uuid. warnings.warn(('Invalid uuid: %s. To ensure interoperability, '
2026-06-24 19:05:58.332 9 INFO neutron.wsgi [req-8f0090f2-c5b9-40ee-9e9f-abeadf85a949 req-92ba1d5d-c41a-492d-bd63-ddbc2d2c472b 41ce5f84c729422d9df9fb78ff950f47 f8eb3f321852412383cd1f7f2808ef3e - - default default] 10.0.0.47 "GET /v2.0/security-groups?id=e0ef6804-92a2-43d9-b4bb-8d266b24e299&fields=id&fields=name HTTP/1.1" status: 200 len: 311 time: 0.0512118
2026-06-24 19:05:58.338 10 INFO neutron.wsgi [req-80a922a4-d882-49e1-a455-5015bf5895ff req-08107e19-a951-4b5d-b547-12ad93dffd31 1bfd51debc0243bfa47e134af339e843 72443ec725ae45abb6554219dff3cf98 - - 96f39892b42c4814a72e6e54be96ca4d 96f39892b42c4814a72e6e54be96ca4d] 199.19.213.122 "GET /v2.0/ports?tenant_id=f8eb3f321852412383cd1f7f2808ef3e&device_id=336e5120-e4aa-4fca-9126-e28bb5d67d9a HTTP/1.1" status: 200 len: 1413 time: 0.0579817
2026-06-24 19:05:58.390 9 INFO neutron.wsgi [req-6d3c23f6-5d4f-4361-978d-60e24e091df7 req-97bd3d01-d8bf-4e63-8a90-121011034a76 82fcc35b70c44f5fbb99ff6a625bee88 39e1669e23ae46419cd8fe1639145df6 - - default default] 10.0.0.47 "GET /v2.0/ports?device_id=68c21912-f49f-449b-93ce-899c40ac1c6e HTTP/1.1" status: 200 len: 1172 time: 0.0745211
2026-06-24 19:05:58.423 10 INFO neutron.wsgi [req-80a922a4-d882-49e1-a455-5015bf5895ff req-8bcf1315-7993-4c9c-b155-e5da7dcd4b58 1bfd51debc0243bfa47e134af339e843 72443ec725ae45abb6554219dff3cf98 - - 96f39892b42c4814a72e6e54be96ca4d 96f39892b42c4814a72e6e54be96ca4d] 199.19.213.122 "GET /v2.0/networks?id=b8a0c420-2cc1-4d9f-ad92-49cd46128f46 HTTP/1.1" status: 200 len: 978 time: 0.0787981
2026-06-24 19:05:58.460 9 INFO neutron.wsgi [req-6d3c23f6-5d4f-4361-978d-60e24e091df7 req-8a4cbf93-f7c5-4d9b-80a7-4da2d1437cd7 82fcc35b70c44f5fbb99ff6a625bee88 39e1669e23ae46419cd8fe1639145df6 - - default default] 10.0.0.47 "GET /v2.0/security-groups?id=6ae9c7a5-c991-4bdf-902a-e173b76acf99&fields=id&fields=name HTTP/1.1" status: 200 len: 312 time: 0.0606730
