2026-06-24 19:09:20.124 10 INFO neutron.db.ovn_revision_numbers_db [None req-e7c99b5a-7642-498a-be4f-467b56d8e502 5f886c852ffb486e97bea12b45f35185 9760f801892f401aba006dea5748931e - - default default] Successfully bumped revision number for resource 97a50a93-6085-45c4-9052-d5877ace981e (type: security_group_rules) to 0
2026-06-24 19:09:20.142 10 INFO neutron.db.ovn_revision_numbers_db [None req-e7c99b5a-7642-498a-be4f-467b56d8e502 5f886c852ffb486e97bea12b45f35185 9760f801892f401aba006dea5748931e - - default default] Successfully bumped revision number for resource dd47d095-a2c2-4ac1-853f-6f11c2035102 (type: security_group_rules) to 0
2026-06-24 19:09:20.169 10 INFO neutron.wsgi [None req-e7c99b5a-7642-498a-be4f-467b56d8e502 5f886c852ffb486e97bea12b45f35185 9760f801892f401aba006dea5748931e - - default default] 10.0.0.198 "POST /v2.0/security-groups HTTP/1.1" status: 201 len: 1737 time: 0.1904323
2026-06-24 19:09:20.219 10 INFO neutron.wsgi [None req-53ac6daa-6941-4d84-9b17-827be27d1d4c 5f886c852ffb486e97bea12b45f35185 9760f801892f401aba006dea5748931e - - default default] 10.0.0.198 "PUT /v2.0/security-groups/76ce0777-84a7-4390-b386-3da234a7f575/tags HTTP/1.1" status: 200 len: 210 time: 0.0444841
2026-06-24 19:09:20.234 9 INFO neutron.wsgi [None req-06b78a16-2a54-4534-8cb3-1a00d65f2fb6 a8a7de7117fb409b9a502b48744ef2cf f8b25b63beb84fa2ada4f999d2568fdb - - default default] 10.0.0.217 "GET /v2.0/ports HTTP/1.1" status: 200 len: 17109 time: 0.1158011
2026-06-24 19:09:20.274 9 INFO neutron.wsgi [None req-15c3a5aa-7705-4c8d-b8a8-241a364a8703 a8a7de7117fb409b9a502b48744ef2cf f8b25b63beb84fa2ada4f999d2568fdb - - default default] 10.0.0.217 "GET /v2.0/network-ip-availabilities HTTP/1.1" status: 200 len: 3809 time: 0.0212665
2026-06-24 19:09:20.278 10 INFO neutron.wsgi [None req-c8fcb7b2-d94c-4c2c-8809-8c89893ad5f5 5f886c852ffb486e97bea12b45f35185 9760f801892f401aba006dea5748931e - - default default] 10.0.0.198 "PUT /v2.0/security-groups/8a524c17-789c-4619-9700-77e833d147d4/tags HTTP/1.1" status: 200 len: 218 time: 0.0478094
2026-06-24 19:09:20.286 9 INFO neutron.db.ovn_revision_numbers_db [None req-a425642b-4d2d-4446-84e9-b69d8d18aa4e 38b32c5f1e32448f9d80a0c98b1f7f6b e4fc9537d8ac48c9b908e9c55bbdbca2 - - default default] Successfully bumped revision number for resource b6ca9629-e3c1-4344-baa1-83bbf1520481 (type: router_ports) to 1
2026-06-24 19:09:20.288 9 INFO neutron.wsgi [None req-a425642b-4d2d-4446-84e9-b69d8d18aa4e 38b32c5f1e32448f9d80a0c98b1f7f6b e4fc9537d8ac48c9b908e9c55bbdbca2 - - default default] 10.0.0.198 "PUT /v2.0/routers/7c2fb6bf-b2df-4e01-b882-a6d3135e1416/add_router_interface HTTP/1.1" status: 200 len: 503 time: 2.3986542
2026-06-24 19:09:20.292 9 INFO neutron.wsgi [None req-e0c1c881-5cd5-42cb-93ad-346dcb4f9e0b a8a7de7117fb409b9a502b48744ef2cf f8b25b63beb84fa2ada4f999d2568fdb - - default default] 10.0.0.217 "GET /v2.0/agents HTTP/1.1" status: 200 len: 997 time: 0.0160270
2026-06-24 19:09:20.348 9 INFO neutron.wsgi [None req-745f5536-bd0c-44f1-8ed3-096dd186a0ff a8a7de7117fb409b9a502b48744ef2cf f8b25b63beb84fa2ada4f999d2568fdb - - default default] 10.0.0.217 "GET /v2.0/floatingips HTTP/1.1" status: 200 len: 1036 time: 0.0545533
2026-06-24 19:09:20.357 10 INFO neutron.wsgi [None req-56d38bc8-2407-47b6-a4e4-cc77b176dacd 5f886c852ffb486e97bea12b45f35185 9760f801892f401aba006dea5748931e - - default default] 10.0.0.198 "PUT /v2.0/security-groups/8eb8af9f-ce84-480d-b2b8-fed7d841fc24/tags HTTP/1.1" status: 200 len: 227 time: 0.0742621
2026-06-24 19:09:20.405 10 INFO neutron.wsgi [None req-e37f5ac0-46be-4614-bb14-1732d9f41e74 5f886c852ffb486e97bea12b45f35185 9760f801892f401aba006dea5748931e - - default default] 10.0.0.198 "PUT /v2.0/security-groups/bfb4a4ae-0cb9-41b8-8586-4b5b48bc7dd8/tags HTTP/1.1" status: 200 len: 212 time: 0.0430474
2026-06-24 19:09:20.477 9 INFO neutron.wsgi [None req-375ac913-7c6d-4d09-bf6c-51d065525b05 a8a7de7117fb409b9a502b48744ef2cf f8b25b63beb84fa2ada4f999d2568fdb - - default default] 10.0.0.217 "GET /v2.0/networks HTTP/1.1" status: 200 len: 5465 time: 0.1271718
2026-06-24 19:09:20.487 9 INFO neutron.wsgi [None req-5db03474-5cda-4ce4-910c-7d3df91d2a9a 5f886c852ffb486e97bea12b45f35185 9760f801892f401aba006dea5748931e - - default default] 10.0.0.198 "GET /v2.0/security-groups?tags=red HTTP/1.1" status: 200 len: 4813 time: 0.0749526
2026-06-24 19:09:20.553 9 INFO neutron.wsgi [None req-6c7fb893-66e5-49b2-815f-47037001ef3f a8a7de7117fb409b9a502b48744ef2cf f8b25b63beb84fa2ada4f999d2568fdb - - default default] 10.0.0.217 "GET /v2.0/security-groups HTTP/1.1" status: 200 len: 37873 time: 0.0743713
2026-06-24 19:09:20.560 10 INFO neutron.wsgi [None req-b40faab7-8071-4c35-a417-20894b181b85 5f886c852ffb486e97bea12b45f35185 9760f801892f401aba006dea5748931e - - default default] 10.0.0.198 "GET /v2.0/security-groups?tags=red%2Cblue HTTP/1.1" status: 200 len: 3289 time: 0.0673852
2026-06-24 19:09:20.606 9 INFO neutron.wsgi [None req-1b722341-c3ad-4711-856e-edb8cf7e61cd 5f886c852ffb486e97bea12b45f35185 9760f801892f401aba006dea5748931e - - default default] 10.0.0.198 "GET /v2.0/security-groups?tags-any=blue HTTP/1.1" status: 200 len: 3289 time: 0.0399144
2026-06-24 19:09:20.651 9 INFO neutron.wsgi [None req-e2790e48-17a5-4c20-a9c5-2db7234347fa 5f886c852ffb486e97bea12b45f35185 9760f801892f401aba006dea5748931e - - default default] 10.0.0.198 "GET /v2.0/security-groups?tags-any=red%2Cblue HTTP/1.1" status: 200 len: 4813 time: 0.0410244
2026-06-24 19:09:20.708 9 INFO neutron.wsgi [None req-1cc502d3-d3ba-41fb-b061-0ed74891b4ba 5f886c852ffb486e97bea12b45f35185 9760f801892f401aba006dea5748931e - - default default] 10.0.0.198 "GET /v2.0/security-groups?not-tags=red HTTP/1.1" status: 200 len: 6041 time: 0.0517795
2026-06-24 19:09:20.762 9 INFO neutron.wsgi [None req-eccc203b-2cd0-4254-8bc6-d6c5d5de2aeb 5f886c852ffb486e97bea12b45f35185 9760f801892f401aba006dea5748931e - - default default] 10.0.0.198 "GET /v2.0/security-groups?not-tags=red%2Cblue HTTP/1.1" status: 200 len: 7565 time: 0.0486338
2026-06-24 19:09:20.811 9 INFO neutron.wsgi [None req-64df6274-4809-499d-a0f2-8caf0aa5c47c 5f886c852ffb486e97bea12b45f35185 9760f801892f401aba006dea5748931e - - default default] 10.0.0.198 "GET /v2.0/security-groups?not-tags-any=blue HTTP/1.1" status: 200 len: 7565 time: 0.0446887
2026-06-24 19:09:20.858 9 INFO neutron.wsgi [None req-778214b0-a229-496c-8029-e0f3ad6a8bbc 5f886c852ffb486e97bea12b45f35185 9760f801892f401aba006dea5748931e - - default default] 10.0.0.198 "GET /v2.0/security-groups?not-tags-any=red%2Cblue HTTP/1.1" status: 200 len: 6041 time: 0.0413365
2026-06-24 19:09:20.895 10 WARNING neutron.scheduler.dhcp_agent_scheduler [None req-3f3f3128-a500-403b-98ee-3a435053af5c 38b32c5f1e32448f9d80a0c98b1f7f6b e4fc9537d8ac48c9b908e9c55bbdbca2 - - default default] No more DHCP agents
2026-06-24 19:09:20.900 10 WARNING neutron.api.rpc.agentnotifiers.dhcp_rpc_agent_api [None req-3f3f3128-a500-403b-98ee-3a435053af5c 38b32c5f1e32448f9d80a0c98b1f7f6b e4fc9537d8ac48c9b908e9c55bbdbca2 - - default default] Unable to schedule network b02fa205-dfb9-4015-bd34-c9091f68ca6c: no agents available; will retry on subsequent port and subnet creation events.
2026-06-24 19:09:21.078 10 INFO neutron.db.ovn_revision_numbers_db [None req-3f3f3128-a500-403b-98ee-3a435053af5c 38b32c5f1e32448f9d80a0c98b1f7f6b e4fc9537d8ac48c9b908e9c55bbdbca2 - - default default] Successfully bumped revision number for resource d057d728-8712-4b6f-9755-6f3459f23f57 (type: ports) to 1
2026-06-24 19:09:21.201 9 INFO neutron.wsgi [None req-767c8942-2229-4742-85e2-aabd6ddd7ffd 5f886c852ffb486e97bea12b45f35185 9760f801892f401aba006dea5748931e - - default default] 10.0.0.198 "DELETE /v2.0/security-groups/76ce0777-84a7-4390-b386-3da234a7f575 HTTP/1.1" status: 204 len: 168 time: 0.3362772
2026-06-24 19:09:21.349 9 INFO neutron.wsgi [None req-81d0773d-e276-47ec-bb3a-7eb653cfb079 5f886c852ffb486e97bea12b45f35185 9760f801892f401aba006dea5748931e - - default default] 10.0.0.198 "DELETE /v2.0/security-groups/8a524c17-789c-4619-9700-77e833d147d4 HTTP/1.1" status: 204 len: 168 time: 0.1387632
2026-06-24 19:09:21.455 10 WARNING neutron_lib.context [None req-9e8cafd1-fe39-4a48-a3c8-6dc59bf349a5 6fbdca6f2d9442d78cfc4f2d9bef1e93 ff96c745eea448fc8eefd04d184397f7 - - default default] Method 'is_advsvc' is deprecated since 2023.2 release (neutron-lib 3.8.0) and will be removed once support for the old RBAC API policies will be removed from Neutron. Please use method 'is_service_role' instead.
2026-06-24 19:09:21.476 9 INFO neutron.wsgi [None req-ea866e32-b7ea-44f4-b3e2-416343682bbe 5f886c852ffb486e97bea12b45f35185 9760f801892f401aba006dea5748931e - - default default] 10.0.0.198 "DELETE /v2.0/security-groups/8eb8af9f-ce84-480d-b2b8-fed7d841fc24 HTTP/1.1" status: 204 len: 168 time: 0.1224577
2026-06-24 19:09:21.590 10 INFO neutron.plugins.ml2.drivers.ovn.mech_driver.mech_driver [None req-884a0f8c-2aa1-46d4-bfa7-65445e42ffaf - - - - - -] OVN reports status up for port: d057d728-8712-4b6f-9755-6f3459f23f57
2026-06-24 19:09:21.601 9 INFO neutron.wsgi [None req-96d34629-ca71-4569-a589-d28bb50642f1 5f886c852ffb486e97bea12b45f35185 9760f801892f401aba006dea5748931e - - default default] 10.0.0.198 "DELETE /v2.0/security-groups/bfb4a4ae-0cb9-41b8-8586-4b5b48bc7dd8 HTTP/1.1" status: 204 len: 168 time: 0.1192307
2026-06-24 19:09:21.616 10 INFO neutron.plugins.ml2.plugin [None req-884a0f8c-2aa1-46d4-bfa7-65445e42ffaf - - - - - -] Attempt 1 to provision port d057d728-8712-4b6f-9755-6f3459f23f57
2026-06-24 19:09:21.678 10 INFO neutron.db.ovn_revision_numbers_db [None req-9e8cafd1-fe39-4a48-a3c8-6dc59bf349a5 6fbdca6f2d9442d78cfc4f2d9bef1e93 ff96c745eea448fc8eefd04d184397f7 - - default default] Successfully bumped revision number for resource ca16b7dc-797f-4e9b-8268-32ae25a8d7a9 (type: security_groups) to 1
2026-06-24 19:09:21.680 10 INFO neutron.db.ovn_revision_numbers_db [None req-3f3f3128-a500-403b-98ee-3a435053af5c 38b32c5f1e32448f9d80a0c98b1f7f6b e4fc9537d8ac48c9b908e9c55bbdbca2 - - default default] Successfully bumped revision number for resource d057d728-8712-4b6f-9755-6f3459f23f57 (type: router_ports) to 1
2026-06-24 19:09:21.710 10 INFO neutron.db.ovn_revision_numbers_db [None req-9e8cafd1-fe39-4a48-a3c8-6dc59bf349a5 6fbdca6f2d9442d78cfc4f2d9bef1e93 ff96c745eea448fc8eefd04d184397f7 - - default default] Successfully bumped revision number for resource 3e4acf5d-2674-4193-bdde-a7d9f155e900 (type: security_group_rules) to 0
2026-06-24 19:09:21.769 10 INFO neutron.db.ovn_revision_numbers_db [None req-9e8cafd1-fe39-4a48-a3c8-6dc59bf349a5 6fbdca6f2d9442d78cfc4f2d9bef1e93 ff96c745eea448fc8eefd04d184397f7 - - default default] Successfully bumped revision number for resource 6c5288f5-34d4-4d8f-9cd8-41396a11cbcb (type: security_group_rules) to 0
2026-06-24 19:09:21.806 10 INFO neutron.db.ovn_revision_numbers_db [None req-9e8cafd1-fe39-4a48-a3c8-6dc59bf349a5 6fbdca6f2d9442d78cfc4f2d9bef1e93 ff96c745eea448fc8eefd04d184397f7 - - default default] Successfully bumped revision number for resource 9cf9a35f-df1a-4325-9bca-8974f0b97cff (type: security_group_rules) to 0
2026-06-24 19:09:21.840 10 INFO neutron.db.ovn_revision_numbers_db [None req-9e8cafd1-fe39-4a48-a3c8-6dc59bf349a5 6fbdca6f2d9442d78cfc4f2d9bef1e93 ff96c745eea448fc8eefd04d184397f7 - - default default] Successfully bumped revision number for resource fdb1e71a-8a24-42e3-bb5c-619c242f089a (type: security_group_rules) to 0
2026-06-24 19:09:21.885 10 INFO neutron.wsgi [None req-f369e6ac-39aa-4f79-bb35-7f8a7a9054e3 5f886c852ffb486e97bea12b45f35185 9760f801892f401aba006dea5748931e - - default default] 10.0.0.198 "DELETE /v2.0/security-groups/16407efa-5f08-4a67-851b-9ff9520efa2a HTTP/1.1" status: 204 len: 168 time: 0.2751875
2026-06-24 19:09:21.925 10 INFO neutron.db.segments_db [None req-9e8cafd1-fe39-4a48-a3c8-6dc59bf349a5 6fbdca6f2d9442d78cfc4f2d9bef1e93 ff96c745eea448fc8eefd04d184397f7 - - default default] Added segment 08262b05-51f5-4c54-a228-e34fdcd91ae6 of type geneve for network 2b15fd0b-4faa-44c4-97ef-1f8a6518cd7d
2026-06-24 19:09:22.006 10 INFO neutron.db.ovn_revision_numbers_db [None req-3f3f3128-a500-403b-98ee-3a435053af5c 38b32c5f1e32448f9d80a0c98b1f7f6b e4fc9537d8ac48c9b908e9c55bbdbca2 - - default default] Successfully bumped revision number for resource d057d728-8712-4b6f-9755-6f3459f23f57 (type: ports) to 1
2026-06-24 19:09:22.175 10 WARNING neutron.scheduler.dhcp_agent_scheduler [None req-3f3f3128-a500-403b-98ee-3a435053af5c 38b32c5f1e32448f9d80a0c98b1f7f6b e4fc9537d8ac48c9b908e9c55bbdbca2 - - default default] No more DHCP agents
2026-06-24 19:09:22.178 10 INFO neutron.db.ovn_revision_numbers_db [None req-9e8cafd1-fe39-4a48-a3c8-6dc59bf349a5 6fbdca6f2d9442d78cfc4f2d9bef1e93 ff96c745eea448fc8eefd04d184397f7 - - default default] Successfully bumped revision number for resource 2b15fd0b-4faa-44c4-97ef-1f8a6518cd7d (type: networks) to 1
2026-06-24 19:09:22.181 10 WARNING neutron.api.rpc.agentnotifiers.dhcp_rpc_agent_api [None req-3f3f3128-a500-403b-98ee-3a435053af5c 38b32c5f1e32448f9d80a0c98b1f7f6b e4fc9537d8ac48c9b908e9c55bbdbca2 - - default default] Unable to schedule network b02fa205-dfb9-4015-bd34-c9091f68ca6c: no agents available; will retry on subsequent port and subnet creation events.
2026-06-24 19:09:22.200 10 INFO neutron.db.ovn_revision_numbers_db [None req-884a0f8c-2aa1-46d4-bfa7-65445e42ffaf - - - - - -] Successfully bumped revision number for resource d057d728-8712-4b6f-9755-6f3459f23f57 (type: ports) to 2
2026-06-24 19:09:22.547 9 WARNING neutron.plugins.ml2.drivers.ovn.mech_driver.ovsdb.ovn_client [None req-a93d7c23-903d-4be5-a954-9f933413b3f0 - - - - - -] No hosting information found for port d5a4f638-670f-4eca-b57e-11723ec84c47: RuntimeError: No hosting information found for port d5a4f638-670f-4eca-b57e-11723ec84c47
2026-06-24 19:09:22.570 9 INFO neutron.plugins.ml2.drivers.ovn.mech_driver.mech_driver [None req-a93d7c23-903d-4be5-a954-9f933413b3f0 - - - - - -] OVN reports status up for port: b6ca9629-e3c1-4344-baa1-83bbf1520481
2026-06-24 19:09:22.580 9 INFO neutron.plugins.ml2.plugin [None req-a93d7c23-903d-4be5-a954-9f933413b3f0 - - - - - -] Attempt 1 to provision port b6ca9629-e3c1-4344-baa1-83bbf1520481
2026-06-24 19:09:22.616 10 INFO neutron.db.ovn_revision_numbers_db [None req-884a0f8c-2aa1-46d4-bfa7-65445e42ffaf - - - - - -] Successfully bumped revision number for resource d057d728-8712-4b6f-9755-6f3459f23f57 (type: router_ports) to 2
2026-06-24 19:09:22.708 10 WARNING neutron.scheduler.dhcp_agent_scheduler [None req-9e8cafd1-fe39-4a48-a3c8-6dc59bf349a5 6fbdca6f2d9442d78cfc4f2d9bef1e93 ff96c745eea448fc8eefd04d184397f7 - - default default] No more DHCP agents
2026-06-24 19:09:22.726 10 WARNING neutron.api.rpc.agentnotifiers.dhcp_rpc_agent_api [None req-9e8cafd1-fe39-4a48-a3c8-6dc59bf349a5 6fbdca6f2d9442d78cfc4f2d9bef1e93 ff96c745eea448fc8eefd04d184397f7 - - default default] Unable to schedule network 2b15fd0b-4faa-44c4-97ef-1f8a6518cd7d: no agents available; will retry on subsequent port and subnet creation events.
2026-06-24 19:09:22.847 10 INFO neutron.db.ovn_revision_numbers_db [None req-9e8cafd1-fe39-4a48-a3c8-6dc59bf349a5 6fbdca6f2d9442d78cfc4f2d9bef1e93 ff96c745eea448fc8eefd04d184397f7 - - default default] Successfully bumped revision number for resource 51764207-f2b9-4754-8a2c-fc93fb0db0bb (type: ports) to 1
2026-06-24 19:09:22.859 10 INFO neutron.db.ovn_revision_numbers_db [None req-3f3f3128-a500-403b-98ee-3a435053af5c 38b32c5f1e32448f9d80a0c98b1f7f6b e4fc9537d8ac48c9b908e9c55bbdbca2 - - default default] Successfully bumped revision number for resource d057d728-8712-4b6f-9755-6f3459f23f57 (type: router_ports) to 2
2026-06-24 19:09:22.861 10 INFO neutron.wsgi [None req-3f3f3128-a500-403b-98ee-3a435053af5c 38b32c5f1e32448f9d80a0c98b1f7f6b e4fc9537d8ac48c9b908e9c55bbdbca2 - - default default] 10.0.0.198 "PUT /v2.0/routers/7c2fb6bf-b2df-4e01-b882-a6d3135e1416/add_router_interface HTTP/1.1" status: 200 len: 503 time: 2.5598962
2026-06-24 19:09:22.872 10 INFO neutron.wsgi [None req-9e8cafd1-fe39-4a48-a3c8-6dc59bf349a5 6fbdca6f2d9442d78cfc4f2d9bef1e93 ff96c745eea448fc8eefd04d184397f7 - - default default] 10.0.0.198 "POST /v2.0/networks HTTP/1.1" status: 201 len: 831 time: 1.5935547
2026-06-24 19:09:22.875 9 INFO neutron.db.ovn_revision_numbers_db [None req-a93d7c23-903d-4be5-a954-9f933413b3f0 - - - - - -] Successfully bumped revision number for resource b6ca9629-e3c1-4344-baa1-83bbf1520481 (type: ports) to 2
2026-06-24 19:09:22.881 10 WARNING neutron_lib.context [None req-3dcc10b3-cf9d-4222-8c16-c05a0355d1b9 6fbdca6f2d9442d78cfc4f2d9bef1e93 ff96c745eea448fc8eefd04d184397f7 - - default default] Method 'is_advsvc' is deprecated since 2023.2 release (neutron-lib 3.8.0) and will be removed once support for the old RBAC API policies will be removed from Neutron. Please use method 'is_service_role' instead.
2026-06-24 19:09:22.920 10 WARNING neutron_lib.context [None req-314e09f3-882f-4b52-b725-5c3cebfefc1c 38b32c5f1e32448f9d80a0c98b1f7f6b e4fc9537d8ac48c9b908e9c55bbdbca2 - - default default] Method 'is_advsvc' is deprecated since 2023.2 release (neutron-lib 3.8.0) and will be removed once support for the old RBAC API policies will be removed from Neutron. Please use method 'is_service_role' instead.
2026-06-24 19:09:22.947 9 INFO neutron.db.ovn_revision_numbers_db [None req-a93d7c23-903d-4be5-a954-9f933413b3f0 - - - - - -] Successfully bumped revision number for resource b6ca9629-e3c1-4344-baa1-83bbf1520481 (type: router_ports) to 2
2026-06-24 19:09:23.081 10 INFO neutron.db.ovn_revision_numbers_db [None req-314e09f3-882f-4b52-b725-5c3cebfefc1c 38b32c5f1e32448f9d80a0c98b1f7f6b e4fc9537d8ac48c9b908e9c55bbdbca2 - - default default] Successfully bumped revision number for resource 17c1c00b-ce1d-4ebb-b5c2-3ea3f5851912 (type: security_groups) to 1
2026-06-24 19:09:23.108 10 INFO neutron.db.ovn_revision_numbers_db [None req-314e09f3-882f-4b52-b725-5c3cebfefc1c 38b32c5f1e32448f9d80a0c98b1f7f6b e4fc9537d8ac48c9b908e9c55bbdbca2 - - default default] Successfully bumped revision number for resource 14a0b283-b9a1-4c6a-8079-5dc560e76673 (type: security_group_rules) to 0
2026-06-24 19:09:23.113 10 INFO neutron.wsgi [None req-8433d84b-f799-498a-af97-fa7de65847f4 a8a7de7117fb409b9a502b48744ef2cf f8b25b63beb84fa2ada4f999d2568fdb - - default default] 10.0.0.198 "GET /v2.0/security-groups?tenant_id=9760f801892f401aba006dea5748931e&name=default HTTP/1.1" status: 200 len: 2996 time: 0.2222471 /var/lib/openstack/lib/python3.10/site-packages/pycadf/identifier.py:71: UserWarning: Invalid uuid: neutron. To ensure interoperability, identifiers should be a valid uuid. warnings.warn(('Invalid uuid: %s. To ensure interoperability, '
2026-06-24 19:09:23.133 10 INFO neutron.db.ovn_revision_numbers_db [None req-314e09f3-882f-4b52-b725-5c3cebfefc1c 38b32c5f1e32448f9d80a0c98b1f7f6b e4fc9537d8ac48c9b908e9c55bbdbca2 - - default default] Successfully bumped revision number for resource 4abf3112-bd88-43ab-9450-9bf0f9312660 (type: security_group_rules) to 0
2026-06-24 19:09:23.157 10 INFO neutron.wsgi [None req-314e09f3-882f-4b52-b725-5c3cebfefc1c 38b32c5f1e32448f9d80a0c98b1f7f6b e4fc9537d8ac48c9b908e9c55bbdbca2 - - default default] 10.0.0.198 "POST /v2.0/security-groups HTTP/1.1" status: 201 len: 1766 time: 0.2448788
2026-06-24 19:09:23.157 10 WARNING neutron.scheduler.dhcp_agent_scheduler [None req-3dcc10b3-cf9d-4222-8c16-c05a0355d1b9 6fbdca6f2d9442d78cfc4f2d9bef1e93 ff96c745eea448fc8eefd04d184397f7 - - default default] No more DHCP agents
2026-06-24 19:09:23.161 10 WARNING neutron.api.rpc.agentnotifiers.dhcp_rpc_agent_api [None req-3dcc10b3-cf9d-4222-8c16-c05a0355d1b9 6fbdca6f2d9442d78cfc4f2d9bef1e93 ff96c745eea448fc8eefd04d184397f7 - - default default] Unable to schedule network 2b15fd0b-4faa-44c4-97ef-1f8a6518cd7d: no agents available; will retry on subsequent port and subnet creation events.
2026-06-24 19:09:23.173 9 WARNING neutron_lib.context [None req-fa1b84b5-5917-4b7c-949f-992656a20378 38b32c5f1e32448f9d80a0c98b1f7f6b e4fc9537d8ac48c9b908e9c55bbdbca2 - - default default] Method 'is_advsvc' is deprecated since 2023.2 release (neutron-lib 3.8.0) and will be removed once support for the old RBAC API policies will be removed from Neutron. Please use method 'is_service_role' instead.
2026-06-24 19:09:23.246 10 INFO neutron.db.ovn_revision_numbers_db [None req-3dcc10b3-cf9d-4222-8c16-c05a0355d1b9 6fbdca6f2d9442d78cfc4f2d9bef1e93 ff96c745eea448fc8eefd04d184397f7 - - default default] Successfully bumped revision number for resource 24d96f95-7512-4925-9617-e22935c0c0ba (type: ports) to 1
2026-06-24 19:09:23.276 10 INFO neutron.wsgi [None req-3dcc10b3-cf9d-4222-8c16-c05a0355d1b9 6fbdca6f2d9442d78cfc4f2d9bef1e93 ff96c745eea448fc8eefd04d184397f7 - - default default] 10.0.0.198 "POST /v2.0/ports HTTP/1.1" status: 201 len: 942 time: 0.3999059 /var/lib/openstack/lib/python3.10/site-packages/pycadf/identifier.py:71: UserWarning: Invalid uuid: neutron. To ensure interoperability, identifiers should be a valid uuid. warnings.warn(('Invalid uuid: %s. To ensure interoperability, '
2026-06-24 19:09:23.288 10 WARNING neutron_lib.context [None req-2040d606-32d8-48e8-968b-f285bcc27946 6fbdca6f2d9442d78cfc4f2d9bef1e93 ff96c745eea448fc8eefd04d184397f7 - - default default] Method 'is_advsvc' is deprecated since 2023.2 release (neutron-lib 3.8.0) and will be removed once support for the old RBAC API policies will be removed from Neutron. Please use method 'is_service_role' instead.
2026-06-24 19:09:23.327 9 INFO neutron.db.ovn_revision_numbers_db [None req-fa1b84b5-5917-4b7c-949f-992656a20378 38b32c5f1e32448f9d80a0c98b1f7f6b e4fc9537d8ac48c9b908e9c55bbdbca2 - - default default] Successfully bumped revision number for resource ed56d842-c92a-4209-a3a7-cc0e451ca12a (type: security_group_rules) to 0
2026-06-24 19:09:23.358 9 INFO neutron.wsgi [None req-fa1b84b5-5917-4b7c-949f-992656a20378 38b32c5f1e32448f9d80a0c98b1f7f6b e4fc9537d8ac48c9b908e9c55bbdbca2 - - default default] 10.0.0.198 "POST /v2.0/security-group-rules HTTP/1.1" status: 201 len: 764 time: 0.1962903
2026-06-24 19:09:23.367 9 WARNING neutron_lib.context [None req-8b833541-8216-42a8-81bb-f2d22899d7cc 38b32c5f1e32448f9d80a0c98b1f7f6b e4fc9537d8ac48c9b908e9c55bbdbca2 - - default default] Method 'is_advsvc' is deprecated since 2023.2 release (neutron-lib 3.8.0) and will be removed once support for the old RBAC API policies will be removed from Neutron. Please use method 'is_service_role' instead.
2026-06-24 19:09:23.386 9 INFO neutron.wsgi [None req-ad4bdad5-333d-40f8-9c0c-cd91ad790853 a8a7de7117fb409b9a502b48744ef2cf f8b25b63beb84fa2ada4f999d2568fdb - - default default] 10.0.0.198 "DELETE /v2.0/security-groups/b00d6e5e-fe56-491c-9ba4-12aad872383f HTTP/1.1" status: 204 len: 168 time: 0.2680204
2026-06-24 19:09:23.465 10 INFO neutron.wsgi [None req-2040d606-32d8-48e8-968b-f285bcc27946 6fbdca6f2d9442d78cfc4f2d9bef1e93 ff96c745eea448fc8eefd04d184397f7 - - default default] 10.0.0.198 "POST /v2.0/trunks HTTP/1.1" status: 201 len: 608 time: 0.1829627
2026-06-24 19:09:23.467 9 INFO neutron.db.ovn_revision_numbers_db [None req-8b833541-8216-42a8-81bb-f2d22899d7cc 38b32c5f1e32448f9d80a0c98b1f7f6b e4fc9537d8ac48c9b908e9c55bbdbca2 - - default default] Successfully bumped revision number for resource 36338c27-686e-4335-98b1-90341b417166 (type: security_group_rules) to 0
2026-06-24 19:09:23.490 9 INFO neutron.wsgi [None req-8b833541-8216-42a8-81bb-f2d22899d7cc 38b32c5f1e32448f9d80a0c98b1f7f6b e4fc9537d8ac48c9b908e9c55bbdbca2 - - default default] 10.0.0.198 "POST /v2.0/security-group-rules HTTP/1.1" status: 201 len: 764 time: 0.1267598
2026-06-24 19:09:23.499 9 WARNING neutron_lib.context [None req-a5cb3a29-abff-4649-9b33-b55fa29e2520 38b32c5f1e32448f9d80a0c98b1f7f6b e4fc9537d8ac48c9b908e9c55bbdbca2 - - default default] Method 'is_advsvc' is deprecated since 2023.2 release (neutron-lib 3.8.0) and will be removed once support for the old RBAC API policies will be removed from Neutron. Please use method 'is_service_role' instead.
2026-06-24 19:09:23.502 10 INFO neutron.wsgi [None req-2097358f-9bc8-431d-8efd-1fd5a7f233d7 6fbdca6f2d9442d78cfc4f2d9bef1e93 ff96c745eea448fc8eefd04d184397f7 - - default default] 10.0.0.198 "PUT /v2.0/trunks/8bfe4e26-d9ea-4469-b6d8-ca39eaad5572/tags HTTP/1.1" status: 200 len: 218 time: 0.0323563
2026-06-24 19:09:23.526 10 INFO neutron.wsgi [None req-32935709-bdd7-4346-bde1-664c961e1ad7 6fbdca6f2d9442d78cfc4f2d9bef1e93 ff96c745eea448fc8eefd04d184397f7 - - default default] 10.0.0.198 "GET /v2.0/trunks/8bfe4e26-d9ea-4469-b6d8-ca39eaad5572/tags HTTP/1.1" status: 200 len: 218 time: 0.0194819
2026-06-24 19:09:23.567 10 INFO neutron.wsgi [None req-ad888a98-1ad5-4c51-bcc5-66b74f60b4f0 6fbdca6f2d9442d78cfc4f2d9bef1e93 ff96c745eea448fc8eefd04d184397f7 - - default default] 10.0.0.198 "PUT /v2.0/trunks/8bfe4e26-d9ea-4469-b6d8-ca39eaad5572/tags/green HTTP/1.1" status: 201 len: 201 time: 0.0364318
2026-06-24 19:09:23.594 10 INFO neutron.wsgi [None req-f901d8e0-d99a-4dcc-aa4c-c1a7fc688397 6fbdca6f2d9442d78cfc4f2d9bef1e93 ff96c745eea448fc8eefd04d184397f7 - - default default] 10.0.0.198 "GET /v2.0/trunks/8bfe4e26-d9ea-4469-b6d8-ca39eaad5572/tags HTTP/1.1" status: 200 len: 227 time: 0.0226636
2026-06-24 19:09:23.618 10 INFO neutron.db.ovn_revision_numbers_db [None req-90d4f887-4b70-4658-87b7-246428865b84 a8a7de7117fb409b9a502b48744ef2cf f8b25b63beb84fa2ada4f999d2568fdb - - default default] Successfully bumped revision number for resource 062b0a0c-111f-48ff-b130-423fea08dd5d (type: security_groups) to 1
2026-06-24 19:09:23.620 10 INFO neutron.wsgi [None req-e6ff59f9-4f19-4558-b79f-4bd7f68bf17a 6fbdca6f2d9442d78cfc4f2d9bef1e93 ff96c745eea448fc8eefd04d184397f7 - - default default] 10.0.0.198 "PUT /v2.0/trunks/8bfe4e26-d9ea-4469-b6d8-ca39eaad5572/tags/red HTTP/1.1" status: 201 len: 201 time: 0.0224936
2026-06-24 19:09:23.635 10 INFO neutron.db.ovn_revision_numbers_db [None req-90d4f887-4b70-4658-87b7-246428865b84 a8a7de7117fb409b9a502b48744ef2cf f8b25b63beb84fa2ada4f999d2568fdb - - default default] Successfully bumped revision number for resource 5d6f478b-7707-4ed2-9a6e-b891e38b54aa (type: security_group_rules) to 0
2026-06-24 19:09:23.635 9 INFO neutron.db.ovn_revision_numbers_db [None req-a5cb3a29-abff-4649-9b33-b55fa29e2520 38b32c5f1e32448f9d80a0c98b1f7f6b e4fc9537d8ac48c9b908e9c55bbdbca2 - - default default] Successfully bumped revision number for resource 961e256d-8ef2-4fe4-8f11-89549f1c5013 (type: security_group_rules) to 0
2026-06-24 19:09:23.642 10 INFO neutron.wsgi [None req-3039848c-032d-409b-a4e8-880d388b6cd8 6fbdca6f2d9442d78cfc4f2d9bef1e93 ff96c745eea448fc8eefd04d184397f7 - - default default] 10.0.0.198 "GET /v2.0/trunks/8bfe4e26-d9ea-4469-b6d8-ca39eaad5572/tags HTTP/1.1" status: 200 len: 227 time: 0.0174892
2026-06-24 19:09:23.653 10 INFO neutron.db.ovn_revision_numbers_db [None req-90d4f887-4b70-4658-87b7-246428865b84 a8a7de7117fb409b9a502b48744ef2cf f8b25b63beb84fa2ada4f999d2568fdb - - default default] Successfully bumped revision number for resource 6ca4a6d5-7732-4c25-8631-3cdb31444fe4 (type: security_group_rules) to 0
2026-06-24 19:09:23.659 9 INFO neutron.wsgi [None req-a5cb3a29-abff-4649-9b33-b55fa29e2520 38b32c5f1e32448f9d80a0c98b1f7f6b e4fc9537d8ac48c9b908e9c55bbdbca2 - - default default] 10.0.0.198 "POST /v2.0/security-group-rules HTTP/1.1" status: 201 len: 766 time: 0.1651583
2026-06-24 19:09:23.670 9 WARNING neutron_lib.context [None req-01ef6253-ecea-4030-8022-fbaca13b2da4 38b32c5f1e32448f9d80a0c98b1f7f6b e4fc9537d8ac48c9b908e9c55bbdbca2 - - default default] Method 'is_advsvc' is deprecated since 2023.2 release (neutron-lib 3.8.0) and will be removed once support for the old RBAC API policies will be removed from Neutron. Please use method 'is_service_role' instead.
2026-06-24 19:09:23.670 10 INFO neutron.db.ovn_revision_numbers_db [None req-90d4f887-4b70-4658-87b7-246428865b84 a8a7de7117fb409b9a502b48744ef2cf f8b25b63beb84fa2ada4f999d2568fdb - - default default] Successfully bumped revision number for resource 86bcd418-dbdf-4df0-bca6-b335476a0350 (type: security_group_rules) to 0
2026-06-24 19:09:23.677 10 INFO neutron.wsgi [None req-0612ed30-d460-4582-9722-2712337675a2 6fbdca6f2d9442d78cfc4f2d9bef1e93 ff96c745eea448fc8eefd04d184397f7 - - default default] 10.0.0.198 "PUT /v2.0/trunks/8bfe4e26-d9ea-4469-b6d8-ca39eaad5572/tags/black.or.white HTTP/1.1" status: 201 len: 201 time: 0.0293634
2026-06-24 19:09:23.686 10 INFO neutron.db.ovn_revision_numbers_db [None req-90d4f887-4b70-4658-87b7-246428865b84 a8a7de7117fb409b9a502b48744ef2cf f8b25b63beb84fa2ada4f999d2568fdb - - default default] Successfully bumped revision number for resource d628f1cc-06f5-4b32-9170-4a608f0413ca (type: security_group_rules) to 0
2026-06-24 19:09:23.707 10 INFO neutron.wsgi [None req-90d4f887-4b70-4658-87b7-246428865b84 a8a7de7117fb409b9a502b48744ef2cf f8b25b63beb84fa2ada4f999d2568fdb - - default default] 10.0.0.198 "GET /v2.0/security-groups?tenant_id=1791d53f7bb74ac8a5203a80146d4e20&name=default HTTP/1.1" status: 200 len: 3000 time: 0.2166257
2026-06-24 19:09:23.710 9 INFO neutron.wsgi [None req-c457e42f-d903-4b29-8753-2d50aa65e0e8 6fbdca6f2d9442d78cfc4f2d9bef1e93 ff96c745eea448fc8eefd04d184397f7 - - default default] 10.0.0.198 "GET /v2.0/trunks/8bfe4e26-d9ea-4469-b6d8-ca39eaad5572/tags HTTP/1.1" status: 200 len: 245 time: 0.0274396
2026-06-24 19:09:23.775 9 INFO neutron.wsgi [None req-344d855e-db6f-4d3f-98f3-7bfebce5b7ab 6fbdca6f2d9442d78cfc4f2d9bef1e93 ff96c745eea448fc8eefd04d184397f7 - - default default] 10.0.0.198 "PUT /v2.0/trunks/8bfe4e26-d9ea-4469-b6d8-ca39eaad5572/tags HTTP/1.1" status: 200 len: 230 time: 0.0588610
2026-06-24 19:09:23.805 10 INFO neutron.wsgi [None req-38f54f41-2a9a-43e4-9110-8597580ef143 6fbdca6f2d9442d78cfc4f2d9bef1e93 ff96c745eea448fc8eefd04d184397f7 - - default default] 10.0.0.198 "GET /v2.0/trunks/8bfe4e26-d9ea-4469-b6d8-ca39eaad5572/tags HTTP/1.1" status: 200 len: 230 time: 0.0226209
2026-06-24 19:09:23.828 9 INFO neutron.db.ovn_revision_numbers_db [None req-01ef6253-ecea-4030-8022-fbaca13b2da4 38b32c5f1e32448f9d80a0c98b1f7f6b e4fc9537d8ac48c9b908e9c55bbdbca2 - - default default] Successfully bumped revision number for resource 111b09a1-5b0e-42cb-827b-a3cf690e1164 (type: security_group_rules) to 0
2026-06-24 19:09:23.839 10 INFO neutron.wsgi [None req-a66a5bfb-d81f-4760-bdca-fb88d7e7880d 6fbdca6f2d9442d78cfc4f2d9bef1e93 ff96c745eea448fc8eefd04d184397f7 - - default default] 10.0.0.198 "GET /v2.0/trunks/8bfe4e26-d9ea-4469-b6d8-ca39eaad5572/tags/red HTTP/1.1" status: 204 len: 168 time: 0.0259178
2026-06-24 19:09:23.853 9 INFO neutron.wsgi [None req-01ef6253-ecea-4030-8022-fbaca13b2da4 38b32c5f1e32448f9d80a0c98b1f7f6b e4fc9537d8ac48c9b908e9c55bbdbca2 - - default default] 10.0.0.198 "POST /v2.0/security-group-rules HTTP/1.1" status: 201 len: 768 time: 0.1888399
2026-06-24 19:09:23.865 10 INFO neutron.api.v2.resource [None req-5167958e-e7fc-4329-b17b-ae4f0d919595 6fbdca6f2d9442d78cfc4f2d9bef1e93 ff96c745eea448fc8eefd04d184397f7 - - default default] show failed (client error): The resource could not be found.
2026-06-24 19:09:23.866 9 WARNING neutron_lib.context [None req-6301d4ec-dfdc-4d02-ad00-491aa5c1da58 38b32c5f1e32448f9d80a0c98b1f7f6b e4fc9537d8ac48c9b908e9c55bbdbca2 - - default default] Method 'is_advsvc' is deprecated since 2023.2 release (neutron-lib 3.8.0) and will be removed once support for the old RBAC API policies will be removed from Neutron. Please use method 'is_service_role' instead.
2026-06-24 19:09:23.866 10 INFO neutron.wsgi [None req-5167958e-e7fc-4329-b17b-ae4f0d919595 6fbdca6f2d9442d78cfc4f2d9bef1e93 ff96c745eea448fc8eefd04d184397f7 - - default default] 10.0.0.198 "GET /v2.0/trunks/8bfe4e26-d9ea-4469-b6d8-ca39eaad5572/tags/green HTTP/1.1" status: 404 len: 299 time: 0.0215819
2026-06-24 19:09:23.910 10 INFO neutron.wsgi [None req-e7d7ee6d-2da5-40c0-a52b-ac0ecf323640 a8a7de7117fb409b9a502b48744ef2cf f8b25b63beb84fa2ada4f999d2568fdb - - default default] 10.0.0.198 "DELETE /v2.0/security-groups/062b0a0c-111f-48ff-b130-423fea08dd5d HTTP/1.1" status: 204 len: 168 time: 0.1987443
2026-06-24 19:09:23.912 9 INFO neutron.wsgi [None req-7fe3d105-fc6c-4a65-b611-0b97762ba6f2 6fbdca6f2d9442d78cfc4f2d9bef1e93 ff96c745eea448fc8eefd04d184397f7 - - default default] 10.0.0.198 "DELETE /v2.0/trunks/8bfe4e26-d9ea-4469-b6d8-ca39eaad5572/tags/red HTTP/1.1" status: 204 len: 168 time: 0.0385005
2026-06-24 19:09:23.944 9 INFO neutron.wsgi [None req-fa9bae9c-60f2-466c-af97-faad67d3885e 6fbdca6f2d9442d78cfc4f2d9bef1e93 ff96c745eea448fc8eefd04d184397f7 - - default default] 10.0.0.198 "GET /v2.0/trunks/8bfe4e26-d9ea-4469-b6d8-ca39eaad5572/tags HTTP/1.1" status: 200 len: 223 time: 0.0266328
2026-06-24 19:09:23.977 10 INFO neutron.api.v2.resource [None req-e746cb3d-6dfe-4360-bf12-8e63c2ce9de6 6fbdca6f2d9442d78cfc4f2d9bef1e93 ff96c745eea448fc8eefd04d184397f7 - - default default] delete failed (client error): The resource could not be found.
2026-06-24 19:09:23.978 10 INFO neutron.wsgi [None req-e746cb3d-6dfe-4360-bf12-8e63c2ce9de6 6fbdca6f2d9442d78cfc4f2d9bef1e93 ff96c745eea448fc8eefd04d184397f7 - - default default] 10.0.0.198 "DELETE /v2.0/trunks/8bfe4e26-d9ea-4469-b6d8-ca39eaad5572/tags/green HTTP/1.1" status: 404 len: 299 time: 0.0269561
2026-06-24 19:09:24.008 9 INFO neutron.db.ovn_revision_numbers_db [None req-6301d4ec-dfdc-4d02-ad00-491aa5c1da58 38b32c5f1e32448f9d80a0c98b1f7f6b e4fc9537d8ac48c9b908e9c55bbdbca2 - - default default] Successfully bumped revision number for resource ce19c906-a20d-406c-8b53-076e337c9eca (type: security_group_rules) to 0
2026-06-24 19:09:24.022 10 INFO neutron.wsgi [None req-f650e71d-c289-4a59-ab80-d60021eaf975 6fbdca6f2d9442d78cfc4f2d9bef1e93 ff96c745eea448fc8eefd04d184397f7 - - default default] 10.0.0.198 "DELETE /v2.0/trunks/8bfe4e26-d9ea-4469-b6d8-ca39eaad5572/tags HTTP/1.1" status: 204 len: 168 time: 0.0373099
2026-06-24 19:09:24.039 9 INFO neutron.wsgi [None req-6301d4ec-dfdc-4d02-ad00-491aa5c1da58 38b32c5f1e32448f9d80a0c98b1f7f6b e4fc9537d8ac48c9b908e9c55bbdbca2 - - default default] 10.0.0.198 "POST /v2.0/security-group-rules HTTP/1.1" status: 201 len: 768 time: 0.1811376
2026-06-24 19:09:24.050 9 INFO neutron.wsgi [None req-49b089fb-5e5d-44f4-bec4-7553da228b7a 6fbdca6f2d9442d78cfc4f2d9bef1e93 ff96c745eea448fc8eefd04d184397f7 - - default default] 10.0.0.198 "GET /v2.0/trunks/8bfe4e26-d9ea-4469-b6d8-ca39eaad5572/tags HTTP/1.1" status: 200 len: 205 time: 0.0203819
2026-06-24 19:09:24.053 10 WARNING neutron_lib.context [None req-58fe2f7e-c3dd-4aaa-9b7f-cc4975cc5a7f 38b32c5f1e32448f9d80a0c98b1f7f6b e4fc9537d8ac48c9b908e9c55bbdbca2 - - default default] Method 'is_advsvc' is deprecated since 2023.2 release (neutron-lib 3.8.0) and will be removed once support for the old RBAC API policies will be removed from Neutron. Please use method 'is_service_role' instead.
2026-06-24 19:09:24.083 9 INFO neutron.wsgi [None req-aee33bf4-f029-43c5-b32b-66999f1a4787 6fbdca6f2d9442d78cfc4f2d9bef1e93 ff96c745eea448fc8eefd04d184397f7 - - default default] 10.0.0.198 "GET /v2.0/trunks/8bfe4e26-d9ea-4469-b6d8-ca39eaad5572 HTTP/1.1" status: 200 len: 603 time: 0.0256660
2026-06-24 19:09:24.174 9 INFO neutron.db.ovn_revision_numbers_db [None req-342b6184-b879-4d4f-93c5-0539cde2d618 a8a7de7117fb409b9a502b48744ef2cf f8b25b63beb84fa2ada4f999d2568fdb - - default default] Successfully bumped revision number for resource ae7d6391-ae8e-4bcb-8437-7b844f01d67c (type: security_groups) to 1
2026-06-24 19:09:24.189 9 INFO neutron.db.ovn_revision_numbers_db [None req-342b6184-b879-4d4f-93c5-0539cde2d618 a8a7de7117fb409b9a502b48744ef2cf f8b25b63beb84fa2ada4f999d2568fdb - - default default] Successfully bumped revision number for resource 0734be00-5a08-4fc9-a08e-80495b320a26 (type: security_group_rules) to 0
2026-06-24 19:09:24.207 9 INFO neutron.db.ovn_revision_numbers_db [None req-342b6184-b879-4d4f-93c5-0539cde2d618 a8a7de7117fb409b9a502b48744ef2cf f8b25b63beb84fa2ada4f999d2568fdb - - default default] Successfully bumped revision number for resource 32d5cbdc-23fb-42d1-8481-1afdc18d1ae1 (type: security_group_rules) to 0
2026-06-24 19:09:24.207 10 INFO neutron.wsgi [None req-c78c6b72-a615-435d-bd59-50d0d46cd991 6fbdca6f2d9442d78cfc4f2d9bef1e93 ff96c745eea448fc8eefd04d184397f7 - - default default] 10.0.0.198 "GET /v2.0/ports/24d96f95-7512-4925-9617-e22935c0c0ba HTTP/1.1" status: 200 len: 1020 time: 0.1178014
2026-06-24 19:09:24.227 9 INFO neutron.db.ovn_revision_numbers_db [None req-342b6184-b879-4d4f-93c5-0539cde2d618 a8a7de7117fb409b9a502b48744ef2cf f8b25b63beb84fa2ada4f999d2568fdb - - default default] Successfully bumped revision number for resource 6846c540-5da8-44be-b943-9241740b9891 (type: security_group_rules) to 0
2026-06-24 19:09:24.256 9 INFO neutron.db.ovn_revision_numbers_db [None req-342b6184-b879-4d4f-93c5-0539cde2d618 a8a7de7117fb409b9a502b48744ef2cf f8b25b63beb84fa2ada4f999d2568fdb - - default default] Successfully bumped revision number for resource 88d3ba4e-5c07-4ba0-bb97-3a2d595bc1d5 (type: security_group_rules) to 0
2026-06-24 19:09:24.286 10 INFO neutron.db.ovn_revision_numbers_db [None req-58fe2f7e-c3dd-4aaa-9b7f-cc4975cc5a7f 38b32c5f1e32448f9d80a0c98b1f7f6b e4fc9537d8ac48c9b908e9c55bbdbca2 - - default default] Successfully bumped revision number for resource 9046c310-479e-4856-91eb-2e5e6c61dc4a (type: security_group_rules) to 0
2026-06-24 19:09:24.291 9 INFO neutron.wsgi [None req-342b6184-b879-4d4f-93c5-0539cde2d618 a8a7de7117fb409b9a502b48744ef2cf f8b25b63beb84fa2ada4f999d2568fdb - - default default] 10.0.0.198 "GET /v2.0/security-groups?tenant_id=03b3b3d3f2d9420a873ffd6e69fd6215&name=default HTTP/1.1" status: 200 len: 3000 time: 0.2341425
2026-06-24 19:09:24.325 10 INFO neutron.wsgi [None req-58fe2f7e-c3dd-4aaa-9b7f-cc4975cc5a7f 38b32c5f1e32448f9d80a0c98b1f7f6b e4fc9537d8ac48c9b908e9c55bbdbca2 - - default default] 10.0.0.198 "POST /v2.0/security-group-rules HTTP/1.1" status: 201 len: 764 time: 0.2797706
2026-06-24 19:09:24.328 10 INFO neutron.wsgi [None req-b4a65850-a481-4266-85af-f1af0e71cf35 6fbdca6f2d9442d78cfc4f2d9bef1e93 ff96c745eea448fc8eefd04d184397f7 - - default default] 10.0.0.198 "DELETE /v2.0/trunks/8bfe4e26-d9ea-4469-b6d8-ca39eaad5572 HTTP/1.1" status: 204 len: 168 time: 0.1108947
2026-06-24 19:09:24.335 10 WARNING neutron_lib.context [None req-2872eb2e-9dbd-4e0f-9c69-5055f19d0b7f 38b32c5f1e32448f9d80a0c98b1f7f6b e4fc9537d8ac48c9b908e9c55bbdbca2 - - default default] Method 'is_advsvc' is deprecated since 2023.2 release (neutron-lib 3.8.0) and will be removed once support for the old RBAC API policies will be removed from Neutron. Please use method 'is_service_role' instead.
2026-06-24 19:09:24.493 10 INFO neutron.db.ovn_revision_numbers_db [None req-2872eb2e-9dbd-4e0f-9c69-5055f19d0b7f 38b32c5f1e32448f9d80a0c98b1f7f6b e4fc9537d8ac48c9b908e9c55bbdbca2 - - default default] Successfully bumped revision number for resource 2c0357b4-4da7-4256-a92e-e35d3632b160 (type: security_group_rules) to 0
2026-06-24 19:09:24.521 10 INFO neutron.wsgi [None req-2872eb2e-9dbd-4e0f-9c69-5055f19d0b7f 38b32c5f1e32448f9d80a0c98b1f7f6b e4fc9537d8ac48c9b908e9c55bbdbca2 - - default default] 10.0.0.198 "POST /v2.0/security-group-rules HTTP/1.1" status: 201 len: 764 time: 0.1912279
2026-06-24 19:09:24.536 10 WARNING neutron_lib.context [None req-84b7485b-29c3-499c-b1c5-1a5db18f352f 38b32c5f1e32448f9d80a0c98b1f7f6b e4fc9537d8ac48c9b908e9c55bbdbca2 - - default default] Method 'is_advsvc' is deprecated since 2023.2 release (neutron-lib 3.8.0) and will be removed once support for the old RBAC API policies will be removed from Neutron. Please use method 'is_service_role' instead.
2026-06-24 19:09:24.634 9 INFO neutron.wsgi [None req-f6d01eb7-9ce8-40a6-9010-f614abebeae1 6fbdca6f2d9442d78cfc4f2d9bef1e93 ff96c745eea448fc8eefd04d184397f7 - - default default] 10.0.0.198 "DELETE /v2.0/ports/24d96f95-7512-4925-9617-e22935c0c0ba HTTP/1.1" status: 204 len: 168 time: 0.2986493
2026-06-24 19:09:24.649 9 INFO neutron.wsgi [None req-c1d10c92-3a76-49a7-a6e8-6f26bbd1ebda a8a7de7117fb409b9a502b48744ef2cf f8b25b63beb84fa2ada4f999d2568fdb - - default default] 10.0.0.198 "DELETE /v2.0/security-groups/ae7d6391-ae8e-4bcb-8437-7b844f01d67c HTTP/1.1" status: 204 len: 168 time: 0.3524396
2026-06-24 19:09:24.695 10 INFO neutron.db.ovn_revision_numbers_db [None req-84b7485b-29c3-499c-b1c5-1a5db18f352f 38b32c5f1e32448f9d80a0c98b1f7f6b e4fc9537d8ac48c9b908e9c55bbdbca2 - - default default] Successfully bumped revision number for resource 68cceaac-0a34-488f-8115-490af7fe2a81 (type: security_group_rules) to 0
2026-06-24 19:09:24.725 10 INFO neutron.wsgi [None req-84b7485b-29c3-499c-b1c5-1a5db18f352f 38b32c5f1e32448f9d80a0c98b1f7f6b e4fc9537d8ac48c9b908e9c55bbdbca2 - - default default] 10.0.0.198 "POST /v2.0/security-group-rules HTTP/1.1" status: 201 len: 764 time: 0.1969481
2026-06-24 19:09:24.740 9 WARNING neutron_lib.context [None req-e5d8fbb3-8852-4737-b915-f1d08f23f4d9 38b32c5f1e32448f9d80a0c98b1f7f6b e4fc9537d8ac48c9b908e9c55bbdbca2 - - default default] Method 'is_advsvc' is deprecated since 2023.2 release (neutron-lib 3.8.0) and will be removed once support for the old RBAC API policies will be removed from Neutron. Please use method 'is_service_role' instead.
2026-06-24 19:09:24.876 9 INFO neutron.db.ovn_revision_numbers_db [None req-e5d8fbb3-8852-4737-b915-f1d08f23f4d9 38b32c5f1e32448f9d80a0c98b1f7f6b e4fc9537d8ac48c9b908e9c55bbdbca2 - - default default] Successfully bumped revision number for resource a27a93d5-5303-475d-8c55-0b784a7385bf (type: security_group_rules) to 0
2026-06-24 19:09:24.905 9 INFO neutron.wsgi [None req-e5d8fbb3-8852-4737-b915-f1d08f23f4d9 38b32c5f1e32448f9d80a0c98b1f7f6b e4fc9537d8ac48c9b908e9c55bbdbca2 - - default default] 10.0.0.198 "POST /v2.0/security-group-rules HTTP/1.1" status: 201 len: 766 time: 0.1730635
2026-06-24 19:09:24.915 9 WARNING neutron_lib.context [None req-645fa572-c1a7-4e5c-b625-42ac892840c1 38b32c5f1e32448f9d80a0c98b1f7f6b e4fc9537d8ac48c9b908e9c55bbdbca2 - - default default] Method 'is_advsvc' is deprecated since 2023.2 release (neutron-lib 3.8.0) and will be removed once support for the old RBAC API policies will be removed from Neutron. Please use method 'is_service_role' instead.
2026-06-24 19:09:25.009 10 INFO neutron.services.segments.plugin [-] Segment 08262b05-51f5-4c54-a228-e34fdcd91ae6 resource provider aggregate not found
2026-06-24 19:09:25.024 10 INFO neutron.services.segments.plugin [-] Segment 08262b05-51f5-4c54-a228-e34fdcd91ae6 resource provider aggregate not found
2026-06-24 19:09:25.035 10 INFO neutron.services.segments.plugin [-] Segment 08262b05-51f5-4c54-a228-e34fdcd91ae6 resource provider not found; error: Placement Client Error (4xx): {"errors": [{"status": 404, "title": "Not Found", "detail": "The resource could not be found.\n\n No resource provider with uuid 08262b05-51f5-4c54-a228-e34fdcd91ae6 found for delete ", "request_id": "req-c908f616-e58d-48c5-91ea-a62bbcfe1749"}]}
2026-06-24 19:09:25.041 9 INFO neutron.db.ovn_revision_numbers_db [None req-645fa572-c1a7-4e5c-b625-42ac892840c1 38b32c5f1e32448f9d80a0c98b1f7f6b e4fc9537d8ac48c9b908e9c55bbdbca2 - - default default] Successfully bumped revision number for resource 044cdcd2-7079-4f7e-9d6b-5363ae367110 (type: security_group_rules) to 0
2026-06-24 19:09:25.043 10 INFO neutron.services.segments.plugin [-] Segment 08262b05-51f5-4c54-a228-e34fdcd91ae6 resource provider not found; error: Placement Client Error (4xx): {"errors": [{"status": 404, "title": "Not Found", "detail": "The resource could not be found.\n\n No resource provider with uuid 08262b05-51f5-4c54-a228-e34fdcd91ae6 found for delete ", "request_id": "req-3846a03d-7604-4294-8715-91dab97ca53a"}]}
2026-06-24 19:09:25.066 9 INFO neutron.wsgi [None req-645fa572-c1a7-4e5c-b625-42ac892840c1 38b32c5f1e32448f9d80a0c98b1f7f6b e4fc9537d8ac48c9b908e9c55bbdbca2 - - default default] 10.0.0.198 "POST /v2.0/security-group-rules HTTP/1.1" status: 201 len: 768 time: 0.1558051
2026-06-24 19:09:25.076 10 WARNING neutron_lib.context [None req-4399fa97-423c-42bc-a2aa-3f41db833e89 38b32c5f1e32448f9d80a0c98b1f7f6b e4fc9537d8ac48c9b908e9c55bbdbca2 - - default default] Method 'is_advsvc' is deprecated since 2023.2 release (neutron-lib 3.8.0) and will be removed once support for the old RBAC API policies will be removed from Neutron. Please use method 'is_service_role' instead.
2026-06-24 19:09:25.084 10 INFO neutron.wsgi [None req-c34802fd-811e-4bcd-8472-14c5b16367b8 6fbdca6f2d9442d78cfc4f2d9bef1e93 ff96c745eea448fc8eefd04d184397f7 - - default default] 10.0.0.198 "DELETE /v2.0/networks/2b15fd0b-4faa-44c4-97ef-1f8a6518cd7d HTTP/1.1" status: 204 len: 168 time: 0.4445865
2026-06-24 19:09:25.219 10 INFO neutron.db.ovn_revision_numbers_db [None req-4399fa97-423c-42bc-a2aa-3f41db833e89 38b32c5f1e32448f9d80a0c98b1f7f6b e4fc9537d8ac48c9b908e9c55bbdbca2 - - default default] Successfully bumped revision number for resource 03f92dc2-2706-43ec-bb3c-d3870fa363fb (type: security_group_rules) to 0
2026-06-24 19:09:25.252 10 INFO neutron.wsgi [None req-4399fa97-423c-42bc-a2aa-3f41db833e89 38b32c5f1e32448f9d80a0c98b1f7f6b e4fc9537d8ac48c9b908e9c55bbdbca2 - - default default] 10.0.0.198 "POST /v2.0/security-group-rules HTTP/1.1" status: 201 len: 764 time: 0.1824718
2026-06-24 19:09:25.627 9 INFO neutron.wsgi [req-cc86a95f-25af-48a2-8890-aae9e0dfb573 req-98114907-eb3c-4abd-a056-81b5d3b9ae00 38b32c5f1e32448f9d80a0c98b1f7f6b e4fc9537d8ac48c9b908e9c55bbdbca2 - - default default] 10.0.0.47 "GET /v2.0/security-groups?name=tempest-lb_member_SG-1690266853&fields=id&tenant_id=e4fc9537d8ac48c9b908e9c55bbdbca2 HTTP/1.1" status: 200 len: 267 time: 0.0487826
2026-06-24 19:09:25.715 9 INFO neutron.wsgi [req-cc86a95f-25af-48a2-8890-aae9e0dfb573 req-5f936c79-562c-4ad8-b087-fee7c6762b4c 38b32c5f1e32448f9d80a0c98b1f7f6b e4fc9537d8ac48c9b908e9c55bbdbca2 - - default default] 10.0.0.47 "GET /v2.0/networks?id=80259604-72d9-44db-991a-e7a5782aa12d HTTP/1.1" status: 200 len: 904 time: 0.0765173
2026-06-24 19:09:25.734 9 INFO neutron.wsgi [req-cc86a95f-25af-48a2-8890-aae9e0dfb573 req-fe8387df-1547-4cc3-a439-e35464de6510 38b32c5f1e32448f9d80a0c98b1f7f6b e4fc9537d8ac48c9b908e9c55bbdbca2 - - default default] 10.0.0.47 "GET /v2.0/quotas/e4fc9537d8ac48c9b908e9c55bbdbca2 HTTP/1.1" status: 200 len: 386 time: 0.0124600
2026-06-24 19:09:25.908 9 INFO neutron.wsgi [req-cc86a95f-25af-48a2-8890-aae9e0dfb573 req-156ff31e-2103-438d-9d47-3a96a2e51a09 38b32c5f1e32448f9d80a0c98b1f7f6b e4fc9537d8ac48c9b908e9c55bbdbca2 - - default default] 10.0.0.47 "GET /v2.0/ports?tenant_id=e4fc9537d8ac48c9b908e9c55bbdbca2&fields=id HTTP/1.1" status: 200 len: 486 time: 0.1664505
2026-06-24 19:09:25.984 9 INFO neutron.wsgi [req-cc86a95f-25af-48a2-8890-aae9e0dfb573 req-7da882ac-4272-4ad8-ad16-381ac8e40c53 1bfd51debc0243bfa47e134af339e843 72443ec725ae45abb6554219dff3cf98 - - 96f39892b42c4814a72e6e54be96ca4d 96f39892b42c4814a72e6e54be96ca4d] 10.0.0.47 "GET /v2.0/networks/80259604-72d9-44db-991a-e7a5782aa12d?fields=segments HTTP/1.1" status: 200 len: 212 time: 0.0558913
2026-06-24 19:09:26.002 9 INFO neutron.wsgi [None req-d625c3bd-42e3-431d-a611-4962d8802898 a8a7de7117fb409b9a502b48744ef2cf f8b25b63beb84fa2ada4f999d2568fdb - - default default] 10.0.0.198 "GET /v2.0/security-groups?tenant_id=ff96c745eea448fc8eefd04d184397f7&name=default HTTP/1.1" status: 200 len: 2996 time: 0.2343206
2026-06-24 19:09:26.045 9 INFO neutron.wsgi [req-cc86a95f-25af-48a2-8890-aae9e0dfb573 req-6a81dbc2-0ab0-4e04-a609-847ec2550e2f 1bfd51debc0243bfa47e134af339e843 72443ec725ae45abb6554219dff3cf98 - - 96f39892b42c4814a72e6e54be96ca4d 96f39892b42c4814a72e6e54be96ca4d] 10.0.0.47 "GET /v2.0/networks/80259604-72d9-44db-991a-e7a5782aa12d?fields=provider%3Aphysical_network&fields=provider%3Anetwork_type HTTP/1.1" status: 200 len: 277 time: 0.0565701
2026-06-24 19:09:26.194 9 INFO neutron.wsgi [req-fb5af9ed-1e7f-480f-8902-aee5f560689d req-a3aae10e-c063-4eb6-8385-6973ed879e67 38b32c5f1e32448f9d80a0c98b1f7f6b e4fc9537d8ac48c9b908e9c55bbdbca2 - - default default] 10.0.0.47 "GET /v2.0/ports?device_id=a512e988-984f-4acf-815a-f822436f2274 HTTP/1.1" status: 200 len: 210 time: 0.0185764
2026-06-24 19:09:26.211 10 INFO neutron.wsgi [None req-1ffff5ca-8323-4797-a41f-9f1fff564964 a8a7de7117fb409b9a502b48744ef2cf f8b25b63beb84fa2ada4f999d2568fdb - - default default] 10.0.0.198 "DELETE /v2.0/security-groups/ca16b7dc-797f-4e9b-8268-32ae25a8d7a9 HTTP/1.1" status: 204 len: 168 time: 0.2037244
2026-06-24 19:09:26.513 9 INFO neutron.db.ovn_revision_numbers_db [None req-e9652f8e-e3d3-497b-9b11-54e260520a81 a8a7de7117fb409b9a502b48744ef2cf f8b25b63beb84fa2ada4f999d2568fdb - - default default] Successfully bumped revision number for resource d85fbd0b-4d51-41f8-ab7a-a9601c29cf78 (type: security_groups) to 1
2026-06-24 19:09:26.534 9 INFO neutron.db.ovn_revision_numbers_db [None req-e9652f8e-e3d3-497b-9b11-54e260520a81 a8a7de7117fb409b9a502b48744ef2cf f8b25b63beb84fa2ada4f999d2568fdb - - default default] Successfully bumped revision number for resource 171d00cf-0bb1-44d3-bdc2-f8760153331c (type: security_group_rules) to 0
2026-06-24 19:09:26.548 9 INFO neutron.db.ovn_revision_numbers_db [None req-e9652f8e-e3d3-497b-9b11-54e260520a81 a8a7de7117fb409b9a502b48744ef2cf f8b25b63beb84fa2ada4f999d2568fdb - - default default] Successfully bumped revision number for resource 8ab61c05-90d1-4886-81fe-117b73bdfa7e (type: security_group_rules) to 0
2026-06-24 19:09:26.565 9 INFO neutron.db.ovn_revision_numbers_db [None req-e9652f8e-e3d3-497b-9b11-54e260520a81 a8a7de7117fb409b9a502b48744ef2cf f8b25b63beb84fa2ada4f999d2568fdb - - default default] Successfully bumped revision number for resource c45b0e86-0328-494b-b2a2-2815af891deb (type: security_group_rules) to 0
2026-06-24 19:09:26.582 9 INFO neutron.db.ovn_revision_numbers_db [None req-e9652f8e-e3d3-497b-9b11-54e260520a81 a8a7de7117fb409b9a502b48744ef2cf f8b25b63beb84fa2ada4f999d2568fdb - - default default] Successfully bumped revision number for resource d701265c-004f-49f3-a53f-a52c47acf374 (type: security_group_rules) to 0
