2026-06-24 19:07:52.898 9 INFO neutron.db.ovn_revision_numbers_db [None req-05abd158-6e78-4edb-bf55-ad38c42d1d1c 6a0446aa060a4969a9c855a6a2b8845c dabf24bccf8d4874a1dafbbeac187f5c - - default default] Successfully bumped revision number for resource 2fde6375-0350-4e6e-b07b-0ed0df9679dc (type: router_ports) to 1
2026-06-24 19:07:53.005 9 INFO neutron.db.ovn_revision_numbers_db [None req-05abd158-6e78-4edb-bf55-ad38c42d1d1c 6a0446aa060a4969a9c855a6a2b8845c dabf24bccf8d4874a1dafbbeac187f5c - - default default] Successfully bumped revision number for resource 2fde6375-0350-4e6e-b07b-0ed0df9679dc (type: ports) to 1
2026-06-24 19:07:53.070 9 WARNING neutron.scheduler.dhcp_agent_scheduler [None req-05abd158-6e78-4edb-bf55-ad38c42d1d1c 6a0446aa060a4969a9c855a6a2b8845c dabf24bccf8d4874a1dafbbeac187f5c - - default default] No more DHCP agents
2026-06-24 19:07:53.072 9 WARNING neutron.api.rpc.agentnotifiers.dhcp_rpc_agent_api [None req-05abd158-6e78-4edb-bf55-ad38c42d1d1c 6a0446aa060a4969a9c855a6a2b8845c dabf24bccf8d4874a1dafbbeac187f5c - - default default] Unable to schedule network 873c9c00-1f02-4bda-989a-f40a3c6824eb: no agents available; will retry on subsequent port and subnet creation events.
2026-06-24 19:07:53.111 10 INFO neutron.db.ovn_revision_numbers_db [None req-527aee22-ba4f-46a3-802b-a48d5b640b4e a8a7de7117fb409b9a502b48744ef2cf f8b25b63beb84fa2ada4f999d2568fdb - - default default] Successfully bumped revision number for resource c9d6b2bc-6dd9-4291-b85c-032781d7f39e (type: security_groups) to 1
2026-06-24 19:07:53.156 10 INFO neutron.db.ovn_revision_numbers_db [None req-527aee22-ba4f-46a3-802b-a48d5b640b4e a8a7de7117fb409b9a502b48744ef2cf f8b25b63beb84fa2ada4f999d2568fdb - - default default] Successfully bumped revision number for resource 40d57e0e-f40d-4e08-8c78-946404971cbb (type: security_group_rules) to 0
2026-06-24 19:07:53.208 10 INFO neutron.db.ovn_revision_numbers_db [None req-527aee22-ba4f-46a3-802b-a48d5b640b4e a8a7de7117fb409b9a502b48744ef2cf f8b25b63beb84fa2ada4f999d2568fdb - - default default] Successfully bumped revision number for resource e83e0814-de81-4b5f-abb6-d4a3bacd8a56 (type: security_group_rules) to 0
2026-06-24 19:07:53.209 9 INFO neutron.db.ovn_revision_numbers_db [None req-05abd158-6e78-4edb-bf55-ad38c42d1d1c 6a0446aa060a4969a9c855a6a2b8845c dabf24bccf8d4874a1dafbbeac187f5c - - default default] Successfully bumped revision number for resource 2fde6375-0350-4e6e-b07b-0ed0df9679dc (type: router_ports) to 1
2026-06-24 19:07:53.212 9 INFO neutron.wsgi [None req-05abd158-6e78-4edb-bf55-ad38c42d1d1c 6a0446aa060a4969a9c855a6a2b8845c dabf24bccf8d4874a1dafbbeac187f5c - - default default] 10.0.0.198 "PUT /v2.0/routers/03d274c9-aabd-48df-901d-b9f667ccf247/add_router_interface HTTP/1.1" status: 200 len: 503 time: 1.5142663
2026-06-24 19:07:53.325 9 INFO neutron.wsgi [None req-7716a4fc-0d69-436c-87fa-7a9ebaa84bad 6a0446aa060a4969a9c855a6a2b8845c dabf24bccf8d4874a1dafbbeac187f5c - - default default] 10.0.0.198 "GET /v2.0/ports/2fde6375-0350-4e6e-b07b-0ed0df9679dc HTTP/1.1" status: 200 len: 1141 time: 0.1035333
2026-06-24 19:07:53.494 10 INFO neutron.db.ovn_revision_numbers_db [None req-527aee22-ba4f-46a3-802b-a48d5b640b4e a8a7de7117fb409b9a502b48744ef2cf f8b25b63beb84fa2ada4f999d2568fdb - - default default] Successfully bumped revision number for resource efd43e73-3522-440d-bb2e-40d2dc612fe2 (type: security_group_rules) to 0
2026-06-24 19:07:53.531 10 INFO neutron.db.ovn_revision_numbers_db [None req-527aee22-ba4f-46a3-802b-a48d5b640b4e a8a7de7117fb409b9a502b48744ef2cf f8b25b63beb84fa2ada4f999d2568fdb - - default default] Successfully bumped revision number for resource fc643b22-632d-44c8-bc5a-dac36e69a4c4 (type: security_group_rules) to 0
2026-06-24 19:07:53.648 10 INFO neutron.db.segments_db [None req-527aee22-ba4f-46a3-802b-a48d5b640b4e a8a7de7117fb409b9a502b48744ef2cf f8b25b63beb84fa2ada4f999d2568fdb - - default default] Added segment 73ca3d8b-cfeb-463b-8afe-4b6aea237500 of type geneve for network 75956cf1-6bbb-411f-b8f2-defbc7050d47
2026-06-24 19:07:53.769 10 INFO neutron.db.ovn_revision_numbers_db [None req-884a0f8c-2aa1-46d4-bfa7-65445e42ffaf - - - - - -] Successfully bumped revision number for resource 2fde6375-0350-4e6e-b07b-0ed0df9679dc (type: ports) to 2
2026-06-24 19:07:53.817 9 WARNING neutron.scheduler.dhcp_agent_scheduler [None req-9ef1c26b-c485-4c55-8a36-ae36195683cf 6a0446aa060a4969a9c855a6a2b8845c dabf24bccf8d4874a1dafbbeac187f5c - - default default] No more DHCP agents
2026-06-24 19:07:53.820 9 WARNING neutron.api.rpc.agentnotifiers.dhcp_rpc_agent_api [None req-9ef1c26b-c485-4c55-8a36-ae36195683cf 6a0446aa060a4969a9c855a6a2b8845c dabf24bccf8d4874a1dafbbeac187f5c - - default default] Unable to schedule network c3fec6f1-ce0b-4a7e-86d7-9e357156f34f: no agents available; will retry on subsequent port and subnet creation events.
2026-06-24 19:07:53.925 9 INFO neutron.db.ovn_revision_numbers_db [None req-9ef1c26b-c485-4c55-8a36-ae36195683cf 6a0446aa060a4969a9c855a6a2b8845c dabf24bccf8d4874a1dafbbeac187f5c - - default default] Successfully bumped revision number for resource 3ec413bb-7589-4756-b43b-60e1647beffd (type: ports) to 1
2026-06-24 19:07:53.951 10 INFO neutron.db.ovn_revision_numbers_db [None req-527aee22-ba4f-46a3-802b-a48d5b640b4e a8a7de7117fb409b9a502b48744ef2cf f8b25b63beb84fa2ada4f999d2568fdb - - default default] Successfully bumped revision number for resource 75956cf1-6bbb-411f-b8f2-defbc7050d47 (type: networks) to 1
2026-06-24 19:07:53.984 10 INFO neutron.db.ovn_revision_numbers_db [None req-884a0f8c-2aa1-46d4-bfa7-65445e42ffaf - - - - - -] Successfully bumped revision number for resource 2fde6375-0350-4e6e-b07b-0ed0df9679dc (type: router_ports) to 2
2026-06-24 19:07:54.025 10 INFO neutron.db.ovn_revision_numbers_db [None req-e50ec974-2cfd-4a82-b8ef-2124f8420fc1 a8a7de7117fb409b9a502b48744ef2cf f8b25b63beb84fa2ada4f999d2568fdb - - default default] Successfully bumped revision number for resource 23636fe0-b71b-45dd-a9cf-79878119418f (type: ports) to 2
2026-06-24 19:07:54.105 10 INFO neutron.db.ovn_revision_numbers_db [None req-e50ec974-2cfd-4a82-b8ef-2124f8420fc1 a8a7de7117fb409b9a502b48744ef2cf f8b25b63beb84fa2ada4f999d2568fdb - - default default] Successfully bumped revision number for resource dec28d28-f791-41ec-9b63-c4a9c8d802ad (type: subnets) to 0
2026-06-24 19:07:54.130 10 INFO neutron.wsgi [None req-e50ec974-2cfd-4a82-b8ef-2124f8420fc1 a8a7de7117fb409b9a502b48744ef2cf f8b25b63beb84fa2ada4f999d2568fdb - - default default] 10.0.0.198 "POST /v2.0/subnets HTTP/1.1" status: 201 len: 862 time: 1.4746270
2026-06-24 19:07:54.170 10 INFO neutron.services.segments.plugin [-] Segment 19efd376-a6e4-4a22-91c9-84dff8277aba resource provider aggregate not found
2026-06-24 19:07:54.175 10 INFO neutron.services.segments.plugin [-] Segment 19efd376-a6e4-4a22-91c9-84dff8277aba resource provider aggregate not found
2026-06-24 19:07:54.188 10 INFO neutron.services.segments.plugin [-] Segment 19efd376-a6e4-4a22-91c9-84dff8277aba resource provider not found; error: Placement Client Error (4xx): {"errors": [{"status": 404, "title": "Not Found", "detail": "The resource could not be found.\n\n No resource provider with uuid 19efd376-a6e4-4a22-91c9-84dff8277aba found for delete ", "request_id": "req-b27be620-cdc5-4ef8-8c93-b86060692706"}]}
2026-06-24 19:07:54.189 10 INFO neutron.services.segments.plugin [-] Segment 19efd376-a6e4-4a22-91c9-84dff8277aba resource provider not found; error: Placement Client Error (4xx): {"errors": [{"status": 404, "title": "Not Found", "detail": "The resource could not be found.\n\n No resource provider with uuid 19efd376-a6e4-4a22-91c9-84dff8277aba found for delete ", "request_id": "req-ca1e0fff-551d-4f90-9b99-a52a17f43132"}]}
2026-06-24 19:07:54.219 10 WARNING neutron.scheduler.dhcp_agent_scheduler [None req-527aee22-ba4f-46a3-802b-a48d5b640b4e a8a7de7117fb409b9a502b48744ef2cf f8b25b63beb84fa2ada4f999d2568fdb - - default default] No more DHCP agents
2026-06-24 19:07:54.222 10 WARNING neutron.api.rpc.agentnotifiers.dhcp_rpc_agent_api [None req-527aee22-ba4f-46a3-802b-a48d5b640b4e a8a7de7117fb409b9a502b48744ef2cf f8b25b63beb84fa2ada4f999d2568fdb - - default default] Unable to schedule network 75956cf1-6bbb-411f-b8f2-defbc7050d47: no agents available; will retry on subsequent port and subnet creation events.
2026-06-24 19:07:54.237 10 INFO neutron.wsgi [None req-92d66866-d3a1-47cd-8c55-fd5fb4901c37 7b09cac05c2740a38a49706cf4721fcf 9558f560915143b18d6815043070be38 - - default default] 10.0.0.198 "DELETE /v2.0/networks/b57122d3-d03a-4f9e-95db-6834ddfe301c HTTP/1.1" status: 204 len: 168 time: 1.4106362
2026-06-24 19:07:54.282 9 INFO neutron.pecan_wsgi.hooks.translation [None req-d25ef456-f77a-47bc-8dce-44c6f0655e46 7b09cac05c2740a38a49706cf4721fcf 9558f560915143b18d6815043070be38 - - default default] DELETE failed (client error): The resource could not be found.
2026-06-24 19:07:54.284 9 INFO neutron.wsgi [None req-d25ef456-f77a-47bc-8dce-44c6f0655e46 7b09cac05c2740a38a49706cf4721fcf 9558f560915143b18d6815043070be38 - - default default] 10.0.0.198 "DELETE /v2.0/subnets/3f8a657e-e5d2-48a6-953a-8ce5ef220408 HTTP/1.1" status: 404 len: 337 time: 0.0382986
2026-06-24 19:07:54.314 10 INFO neutron.pecan_wsgi.hooks.translation [None req-f28447e9-7c7c-42ac-ae2b-41c600ba55d9 7b09cac05c2740a38a49706cf4721fcf 9558f560915143b18d6815043070be38 - - default default] DELETE failed (client error): The resource could not be found.
2026-06-24 19:07:54.318 10 INFO neutron.wsgi [None req-f28447e9-7c7c-42ac-ae2b-41c600ba55d9 7b09cac05c2740a38a49706cf4721fcf 9558f560915143b18d6815043070be38 - - default default] 10.0.0.198 "DELETE /v2.0/subnets/33db73f2-26fb-4e01-805e-84133facced9 HTTP/1.1" status: 404 len: 337 time: 0.0274704
2026-06-24 19:07:54.344 10 INFO neutron.pecan_wsgi.hooks.translation [None req-d5925d1a-fda8-45ce-95cf-36ca93d5609b 7b09cac05c2740a38a49706cf4721fcf 9558f560915143b18d6815043070be38 - - default default] DELETE failed (client error): The resource could not be found.
2026-06-24 19:07:54.347 10 INFO neutron.wsgi [None req-d5925d1a-fda8-45ce-95cf-36ca93d5609b 7b09cac05c2740a38a49706cf4721fcf 9558f560915143b18d6815043070be38 - - default default] 10.0.0.198 "DELETE /v2.0/subnets/7fefe0a0-05fd-4c39-83b3-2437cb89bdd7 HTTP/1.1" status: 404 len: 337 time: 0.0215123
2026-06-24 19:07:54.350 10 INFO neutron.db.ovn_revision_numbers_db [None req-527aee22-ba4f-46a3-802b-a48d5b640b4e a8a7de7117fb409b9a502b48744ef2cf f8b25b63beb84fa2ada4f999d2568fdb - - default default] Successfully bumped revision number for resource 65a5da0c-f446-4baf-bdcf-d9fd1188ba6d (type: ports) to 1
2026-06-24 19:07:54.369 10 INFO neutron.wsgi [None req-527aee22-ba4f-46a3-802b-a48d5b640b4e a8a7de7117fb409b9a502b48744ef2cf f8b25b63beb84fa2ada4f999d2568fdb - - default default] 10.0.0.198 "POST /v2.0/networks HTTP/1.1" status: 201 len: 942 time: 1.6107090
2026-06-24 19:07:54.507 9 INFO neutron.db.ovn_revision_numbers_db [None req-9ef1c26b-c485-4c55-8a36-ae36195683cf 6a0446aa060a4969a9c855a6a2b8845c dabf24bccf8d4874a1dafbbeac187f5c - - default default] Successfully bumped revision number for resource 3ec413bb-7589-4756-b43b-60e1647beffd (type: router_ports) to 1
2026-06-24 19:07:54.535 10 WARNING neutron.scheduler.dhcp_agent_scheduler [None req-9a7dd79c-a8d2-4d90-8534-a6c31ad0b3a9 a8a7de7117fb409b9a502b48744ef2cf f8b25b63beb84fa2ada4f999d2568fdb - - default default] No more DHCP agents
2026-06-24 19:07:54.538 10 WARNING neutron.api.rpc.agentnotifiers.dhcp_rpc_agent_api [None req-9a7dd79c-a8d2-4d90-8534-a6c31ad0b3a9 a8a7de7117fb409b9a502b48744ef2cf f8b25b63beb84fa2ada4f999d2568fdb - - default default] Unable to schedule network 75956cf1-6bbb-411f-b8f2-defbc7050d47: no agents available; will retry on subsequent port and subnet creation events.
2026-06-24 19:07:54.671 9 INFO neutron.db.ovn_revision_numbers_db [None req-9ef1c26b-c485-4c55-8a36-ae36195683cf 6a0446aa060a4969a9c855a6a2b8845c dabf24bccf8d4874a1dafbbeac187f5c - - default default] Successfully bumped revision number for resource 3ec413bb-7589-4756-b43b-60e1647beffd (type: ports) to 1
2026-06-24 19:07:54.752 9 WARNING neutron.scheduler.dhcp_agent_scheduler [None req-a26bccde-d178-48b6-b006-f7d30fbb0dd4 a8a7de7117fb409b9a502b48744ef2cf f8b25b63beb84fa2ada4f999d2568fdb - - default default] No more DHCP agents
2026-06-24 19:07:54.754 9 WARNING neutron.api.rpc.agentnotifiers.dhcp_rpc_agent_api [None req-a26bccde-d178-48b6-b006-f7d30fbb0dd4 a8a7de7117fb409b9a502b48744ef2cf f8b25b63beb84fa2ada4f999d2568fdb - - default default] Unable to schedule network 9f2072f5-7eec-4e11-a0c9-72ec37e5c48f: no agents available; will retry on subsequent port and subnet creation events.
2026-06-24 19:07:54.755 9 WARNING neutron.scheduler.dhcp_agent_scheduler [None req-9ef1c26b-c485-4c55-8a36-ae36195683cf 6a0446aa060a4969a9c855a6a2b8845c dabf24bccf8d4874a1dafbbeac187f5c - - default default] No more DHCP agents
2026-06-24 19:07:54.758 9 WARNING neutron.api.rpc.agentnotifiers.dhcp_rpc_agent_api [None req-9ef1c26b-c485-4c55-8a36-ae36195683cf 6a0446aa060a4969a9c855a6a2b8845c dabf24bccf8d4874a1dafbbeac187f5c - - default default] Unable to schedule network c3fec6f1-ce0b-4a7e-86d7-9e357156f34f: no agents available; will retry on subsequent port and subnet creation events.
2026-06-24 19:07:54.923 9 INFO neutron.db.ovn_revision_numbers_db [None req-9ef1c26b-c485-4c55-8a36-ae36195683cf 6a0446aa060a4969a9c855a6a2b8845c dabf24bccf8d4874a1dafbbeac187f5c - - default default] Successfully bumped revision number for resource 3ec413bb-7589-4756-b43b-60e1647beffd (type: router_ports) to 1
2026-06-24 19:07:54.925 9 INFO neutron.wsgi [None req-9ef1c26b-c485-4c55-8a36-ae36195683cf 6a0446aa060a4969a9c855a6a2b8845c dabf24bccf8d4874a1dafbbeac187f5c - - default default] 10.0.0.198 "PUT /v2.0/routers/03d274c9-aabd-48df-901d-b9f667ccf247/add_router_interface HTTP/1.1" status: 200 len: 503 time: 1.5937521
2026-06-24 19:07:54.952 9 INFO neutron.db.ovn_revision_numbers_db [None req-a26bccde-d178-48b6-b006-f7d30fbb0dd4 a8a7de7117fb409b9a502b48744ef2cf f8b25b63beb84fa2ada4f999d2568fdb - - default default] Successfully bumped revision number for resource 91a0c473-3712-4c89-9218-119c11387b12 (type: ports) to 1
2026-06-24 19:07:54.964 9 INFO neutron.wsgi [None req-eb6f818c-0eed-4ba1-a8ea-6905ef25184b 6a0446aa060a4969a9c855a6a2b8845c dabf24bccf8d4874a1dafbbeac187f5c - - default default] 10.0.0.198 "GET /v2.0/ports/3ec413bb-7589-4756-b43b-60e1647beffd HTTP/1.1" status: 200 len: 1147 time: 0.0332015
2026-06-24 19:07:55.023 10 INFO neutron.db.ovn_revision_numbers_db [None req-9a7dd79c-a8d2-4d90-8534-a6c31ad0b3a9 a8a7de7117fb409b9a502b48744ef2cf f8b25b63beb84fa2ada4f999d2568fdb - - default default] Successfully bumped revision number for resource 65a5da0c-f446-4baf-bdcf-d9fd1188ba6d (type: ports) to 2
2026-06-24 19:07:55.068 10 INFO neutron.db.ovn_revision_numbers_db [None req-9a7dd79c-a8d2-4d90-8534-a6c31ad0b3a9 a8a7de7117fb409b9a502b48744ef2cf f8b25b63beb84fa2ada4f999d2568fdb - - default default] Successfully bumped revision number for resource 61edaf13-707c-46d5-b7dc-2b40839e1176 (type: subnets) to 0
2026-06-24 19:07:55.073 10 INFO neutron.wsgi [None req-bcb02bed-8a21-494b-b9ef-d5f6dd720df4 6a0446aa060a4969a9c855a6a2b8845c dabf24bccf8d4874a1dafbbeac187f5c - - default default] 10.0.0.198 "GET /v2.0/ports/3ec413bb-7589-4756-b43b-60e1647beffd HTTP/1.1" status: 200 len: 1147 time: 0.0984347
2026-06-24 19:07:55.086 10 INFO neutron.wsgi [None req-9a7dd79c-a8d2-4d90-8534-a6c31ad0b3a9 a8a7de7117fb409b9a502b48744ef2cf f8b25b63beb84fa2ada4f999d2568fdb - - default default] 10.0.0.198 "POST /v2.0/subnets HTTP/1.1" status: 201 len: 862 time: 0.7115521
2026-06-24 19:07:55.425 10 INFO neutron.db.ovn_revision_numbers_db [None req-68a57e5a-26ee-41ef-aebf-820effd764b5 a8a7de7117fb409b9a502b48744ef2cf f8b25b63beb84fa2ada4f999d2568fdb - - default default] Successfully bumped revision number for resource 3c38e2dd-df5a-4401-94b7-9c773caf6afb (type: security_groups) to 1
2026-06-24 19:07:55.448 10 INFO neutron.db.ovn_revision_numbers_db [None req-68a57e5a-26ee-41ef-aebf-820effd764b5 a8a7de7117fb409b9a502b48744ef2cf f8b25b63beb84fa2ada4f999d2568fdb - - default default] Successfully bumped revision number for resource 401df843-3518-449a-8be8-9ae8b0ecf84d (type: security_group_rules) to 0
2026-06-24 19:07:55.463 10 INFO neutron.db.ovn_revision_numbers_db [None req-68a57e5a-26ee-41ef-aebf-820effd764b5 a8a7de7117fb409b9a502b48744ef2cf f8b25b63beb84fa2ada4f999d2568fdb - - default default] Successfully bumped revision number for resource 88dea546-ab79-4415-99a3-80c38c4f472b (type: security_group_rules) to 0
2026-06-24 19:07:55.481 10 INFO neutron.db.ovn_revision_numbers_db [None req-68a57e5a-26ee-41ef-aebf-820effd764b5 a8a7de7117fb409b9a502b48744ef2cf f8b25b63beb84fa2ada4f999d2568fdb - - default default] Successfully bumped revision number for resource aa2c7df3-34ee-4102-917e-a2e23682b324 (type: security_group_rules) to 0
2026-06-24 19:07:55.510 10 INFO neutron.db.ovn_revision_numbers_db [None req-68a57e5a-26ee-41ef-aebf-820effd764b5 a8a7de7117fb409b9a502b48744ef2cf f8b25b63beb84fa2ada4f999d2568fdb - - default default] Successfully bumped revision number for resource f1c1f58e-46f1-4b6b-99eb-a77c99202a1b (type: security_group_rules) to 0
2026-06-24 19:07:55.542 10 INFO neutron.wsgi [None req-68a57e5a-26ee-41ef-aebf-820effd764b5 a8a7de7117fb409b9a502b48744ef2cf f8b25b63beb84fa2ada4f999d2568fdb - - default default] 10.0.0.198 "GET /v2.0/security-groups?tenant_id=5d38dca3866e47df87d4c865af956bf2&name=default HTTP/1.1" status: 200 len: 2996 time: 0.4337263
2026-06-24 19:07:55.623 10 WARNING neutron.scheduler.dhcp_agent_scheduler [None req-74cbb13a-672d-4023-9613-226c88bf05bb a8a7de7117fb409b9a502b48744ef2cf f8b25b63beb84fa2ada4f999d2568fdb - - default default] No more DHCP agents
2026-06-24 19:07:55.627 10 WARNING neutron.api.rpc.agentnotifiers.dhcp_rpc_agent_api [None req-74cbb13a-672d-4023-9613-226c88bf05bb a8a7de7117fb409b9a502b48744ef2cf f8b25b63beb84fa2ada4f999d2568fdb - - default default] Unable to schedule network 9f2072f5-7eec-4e11-a0c9-72ec37e5c48f: no agents available; will retry on subsequent port and subnet creation events.
2026-06-24 19:07:55.764 10 INFO neutron.plugins.ml2.drivers.ovn.mech_driver.ovsdb.ovsdb_monitor [None req-dac5d165-a395-4111-8d94-1bdba094dc33 - - - - - -] Router ff7f0234-9115-4526-bcee-7fe247659cde is bound to host instance
2026-06-24 19:07:55.779 9 INFO neutron.db.ovn_revision_numbers_db [None req-a26bccde-d178-48b6-b006-f7d30fbb0dd4 a8a7de7117fb409b9a502b48744ef2cf f8b25b63beb84fa2ada4f999d2568fdb - - default default] Successfully bumped revision number for resource 91a0c473-3712-4c89-9218-119c11387b12 (type: router_ports) to 1
2026-06-24 19:07:55.845 10 INFO neutron.db.ovn_revision_numbers_db [None req-74cbb13a-672d-4023-9613-226c88bf05bb a8a7de7117fb409b9a502b48744ef2cf f8b25b63beb84fa2ada4f999d2568fdb - - default default] Successfully bumped revision number for resource c4c85ee2-4f7f-4801-849b-14134189173a (type: ports) to 1
2026-06-24 19:07:55.869 9 INFO neutron.db.ovn_revision_numbers_db [None req-a26bccde-d178-48b6-b006-f7d30fbb0dd4 a8a7de7117fb409b9a502b48744ef2cf f8b25b63beb84fa2ada4f999d2568fdb - - default default] Successfully bumped revision number for resource ff7f0234-9115-4526-bcee-7fe247659cde (type: routers) to 2
2026-06-24 19:07:55.882 9 INFO neutron.wsgi [None req-a26bccde-d178-48b6-b006-f7d30fbb0dd4 a8a7de7117fb409b9a502b48744ef2cf f8b25b63beb84fa2ada4f999d2568fdb - - default default] 10.0.0.198 "POST /v2.0/routers HTTP/1.1" status: 201 len: 873 time: 1.7469239
2026-06-24 19:07:56.074 10 INFO neutron.wsgi [None req-8501d65a-4028-492c-a767-918e20f3031d a8a7de7117fb409b9a502b48744ef2cf f8b25b63beb84fa2ada4f999d2568fdb - - default default] 10.0.0.198 "DELETE /v2.0/security-groups/3c38e2dd-df5a-4401-94b7-9c773caf6afb HTTP/1.1" status: 204 len: 168 time: 0.5262730
2026-06-24 19:07:56.118 9 INFO neutron.wsgi [None req-65671a4c-79d8-42f2-b3b5-87fe4963a88c 6a0446aa060a4969a9c855a6a2b8845c dabf24bccf8d4874a1dafbbeac187f5c - - default default] 10.0.0.198 "GET /v2.0/ports/3ec413bb-7589-4756-b43b-60e1647beffd HTTP/1.1" status: 200 len: 1147 time: 0.0349588
2026-06-24 19:07:56.338 9 INFO neutron.db.ovn_revision_numbers_db [None req-6c7ff06a-465e-4cf0-9c42-09856f5424a5 a8a7de7117fb409b9a502b48744ef2cf f8b25b63beb84fa2ada4f999d2568fdb - - default default] Successfully bumped revision number for resource d216a570-da9d-45f6-89d2-f52dacd9352f (type: security_groups) to 1
2026-06-24 19:07:56.354 9 WARNING neutron.scheduler.dhcp_agent_scheduler [None req-5bd33573-3594-4383-aaa4-c51e85a45556 a8a7de7117fb409b9a502b48744ef2cf f8b25b63beb84fa2ada4f999d2568fdb - - default default] No more DHCP agents
2026-06-24 19:07:56.357 9 WARNING neutron.api.rpc.agentnotifiers.dhcp_rpc_agent_api [None req-5bd33573-3594-4383-aaa4-c51e85a45556 a8a7de7117fb409b9a502b48744ef2cf f8b25b63beb84fa2ada4f999d2568fdb - - default default] Unable to schedule network a4cb7682-da37-4880-8de3-83c40cf2c85b: no agents available; will retry on subsequent port and subnet creation events.
2026-06-24 19:07:56.370 9 INFO neutron.db.ovn_revision_numbers_db [None req-6c7ff06a-465e-4cf0-9c42-09856f5424a5 a8a7de7117fb409b9a502b48744ef2cf f8b25b63beb84fa2ada4f999d2568fdb - - default default] Successfully bumped revision number for resource 016eb411-65a3-4583-91a6-de67baba0abc (type: security_group_rules) to 0
2026-06-24 19:07:56.391 9 INFO neutron.db.ovn_revision_numbers_db [None req-6c7ff06a-465e-4cf0-9c42-09856f5424a5 a8a7de7117fb409b9a502b48744ef2cf f8b25b63beb84fa2ada4f999d2568fdb - - default default] Successfully bumped revision number for resource 3928ccbc-dcea-4b91-be7a-9612c172f5da (type: security_group_rules) to 0
2026-06-24 19:07:56.406 9 INFO neutron.db.ovn_revision_numbers_db [None req-6c7ff06a-465e-4cf0-9c42-09856f5424a5 a8a7de7117fb409b9a502b48744ef2cf f8b25b63beb84fa2ada4f999d2568fdb - - default default] Successfully bumped revision number for resource 66fc26af-0481-4ecf-8d74-4fa5620b7a37 (type: security_group_rules) to 0
2026-06-24 19:07:56.427 9 INFO neutron.db.ovn_revision_numbers_db [None req-6c7ff06a-465e-4cf0-9c42-09856f5424a5 a8a7de7117fb409b9a502b48744ef2cf f8b25b63beb84fa2ada4f999d2568fdb - - default default] Successfully bumped revision number for resource 9bdac30a-969d-474c-8cb8-a7abf76e1ff9 (type: security_group_rules) to 0
2026-06-24 19:07:56.464 9 INFO neutron.wsgi [None req-6c7ff06a-465e-4cf0-9c42-09856f5424a5 a8a7de7117fb409b9a502b48744ef2cf f8b25b63beb84fa2ada4f999d2568fdb - - default default] 10.0.0.198 "GET /v2.0/security-groups?tenant_id=053d9afcca574621be139421236df168&name=default HTTP/1.1" status: 200 len: 2996 time: 0.2928054
2026-06-24 19:07:56.532 9 INFO neutron.db.ovn_revision_numbers_db [None req-5bd33573-3594-4383-aaa4-c51e85a45556 a8a7de7117fb409b9a502b48744ef2cf f8b25b63beb84fa2ada4f999d2568fdb - - default default] Successfully bumped revision number for resource e3d0ecb2-23a3-4184-9a5c-80703ff97503 (type: ports) to 1
2026-06-24 19:07:56.621 10 INFO neutron.db.ovn_revision_numbers_db [None req-dac5d165-a395-4111-8d94-1bdba094dc33 - - - - - -] Successfully bumped revision number for resource 91a0c473-3712-4c89-9218-119c11387b12 (type: ports) to 1
2026-06-24 19:07:56.720 9 INFO neutron.wsgi [None req-d8e13c8a-f110-4db5-ac15-7270070774d0 a8a7de7117fb409b9a502b48744ef2cf f8b25b63beb84fa2ada4f999d2568fdb - - default default] 10.0.0.198 "DELETE /v2.0/security-groups/d216a570-da9d-45f6-89d2-f52dacd9352f HTTP/1.1" status: 204 len: 168 time: 0.2487085
2026-06-24 19:07:56.782 9 INFO neutron.plugins.ml2.drivers.ovn.mech_driver.mech_driver [None req-a93d7c23-903d-4be5-a954-9f933413b3f0 - - - - - -] OVN reports status up for port: c4c85ee2-4f7f-4801-849b-14134189173a
2026-06-24 19:07:56.794 9 INFO neutron.plugins.ml2.plugin [None req-a93d7c23-903d-4be5-a954-9f933413b3f0 - - - - - -] Attempt 1 to provision port c4c85ee2-4f7f-4801-849b-14134189173a
2026-06-24 19:07:56.835 10 INFO neutron.db.ovn_revision_numbers_db [None req-74cbb13a-672d-4023-9613-226c88bf05bb a8a7de7117fb409b9a502b48744ef2cf f8b25b63beb84fa2ada4f999d2568fdb - - default default] Successfully bumped revision number for resource c4c85ee2-4f7f-4801-849b-14134189173a (type: router_ports) to 1
2026-06-24 19:07:56.915 9 INFO neutron.db.ovn_revision_numbers_db [None req-5bd33573-3594-4383-aaa4-c51e85a45556 a8a7de7117fb409b9a502b48744ef2cf f8b25b63beb84fa2ada4f999d2568fdb - - default default] Successfully bumped revision number for resource e3d0ecb2-23a3-4184-9a5c-80703ff97503 (type: router_ports) to 1
2026-06-24 19:07:56.920 10 INFO neutron.db.ovn_revision_numbers_db [None req-74cbb13a-672d-4023-9613-226c88bf05bb a8a7de7117fb409b9a502b48744ef2cf f8b25b63beb84fa2ada4f999d2568fdb - - default default] Successfully bumped revision number for resource 2db56de1-389f-4cba-a140-1091109b8e75 (type: routers) to 2
2026-06-24 19:07:56.938 10 INFO neutron.wsgi [None req-74cbb13a-672d-4023-9613-226c88bf05bb a8a7de7117fb409b9a502b48744ef2cf f8b25b63beb84fa2ada4f999d2568fdb - - default default] 10.0.0.198 "POST /v2.0/routers HTTP/1.1" status: 201 len: 873 time: 1.8469918
2026-06-24 19:07:56.940 9 INFO neutron.wsgi [None req-176f2050-18a1-4639-944c-a62c6c18db49 a8a7de7117fb409b9a502b48744ef2cf f8b25b63beb84fa2ada4f999d2568fdb - - default default] 10.0.0.198 "GET /v2.0/security-groups?tenant_id=9558f560915143b18d6815043070be38&name=default HTTP/1.1" status: 200 len: 2996 time: 0.0432382
2026-06-24 19:07:57.065 9 INFO neutron.db.ovn_revision_numbers_db [None req-5bd33573-3594-4383-aaa4-c51e85a45556 a8a7de7117fb409b9a502b48744ef2cf f8b25b63beb84fa2ada4f999d2568fdb - - default default] Successfully bumped revision number for resource e3d0ecb2-23a3-4184-9a5c-80703ff97503 (type: ports) to 1
2026-06-24 19:07:57.143 9 WARNING neutron.scheduler.dhcp_agent_scheduler [None req-5bd33573-3594-4383-aaa4-c51e85a45556 a8a7de7117fb409b9a502b48744ef2cf f8b25b63beb84fa2ada4f999d2568fdb - - default default] No more DHCP agents
2026-06-24 19:07:57.145 9 WARNING neutron.api.rpc.agentnotifiers.dhcp_rpc_agent_api [None req-5bd33573-3594-4383-aaa4-c51e85a45556 a8a7de7117fb409b9a502b48744ef2cf f8b25b63beb84fa2ada4f999d2568fdb - - default default] Unable to schedule network a4cb7682-da37-4880-8de3-83c40cf2c85b: no agents available; will retry on subsequent port and subnet creation events.
2026-06-24 19:07:57.209 10 INFO neutron.db.ovn_revision_numbers_db [None req-dac5d165-a395-4111-8d94-1bdba094dc33 - - - - - -] Successfully bumped revision number for resource 91a0c473-3712-4c89-9218-119c11387b12 (type: router_ports) to 3
2026-06-24 19:07:57.245 9 INFO neutron.wsgi [None req-4576acae-da12-42fb-b462-ab66eaa9a11b 6a0446aa060a4969a9c855a6a2b8845c dabf24bccf8d4874a1dafbbeac187f5c - - default default] 10.0.0.198 "GET /v2.0/ports/3ec413bb-7589-4756-b43b-60e1647beffd HTTP/1.1" status: 200 len: 1147 time: 0.1214411
2026-06-24 19:07:57.460 10 INFO neutron.db.ovn_revision_numbers_db [None req-dac5d165-a395-4111-8d94-1bdba094dc33 - - - - - -] Successfully bumped revision number for resource 91a0c473-3712-4c89-9218-119c11387b12 (type: ports) to 2
2026-06-24 19:07:57.555 10 INFO neutron.wsgi [None req-5c3f015b-a708-41bd-8132-5190f451d575 a8a7de7117fb409b9a502b48744ef2cf f8b25b63beb84fa2ada4f999d2568fdb - - default default] 10.0.0.198 "DELETE /v2.0/security-groups/10541bce-d260-48ad-b6d4-2d90712eebde HTTP/1.1" status: 204 len: 168 time: 0.6083119
2026-06-24 19:07:57.611 9 INFO neutron.db.ovn_revision_numbers_db [None req-5bd33573-3594-4383-aaa4-c51e85a45556 a8a7de7117fb409b9a502b48744ef2cf f8b25b63beb84fa2ada4f999d2568fdb - - default default] Successfully bumped revision number for resource e3d0ecb2-23a3-4184-9a5c-80703ff97503 (type: router_ports) to 1
2026-06-24 19:07:57.613 9 INFO neutron.wsgi [None req-5bd33573-3594-4383-aaa4-c51e85a45556 a8a7de7117fb409b9a502b48744ef2cf f8b25b63beb84fa2ada4f999d2568fdb - - default default] 10.0.0.198 "PUT /v2.0/routers/ff7f0234-9115-4526-bcee-7fe247659cde/add_router_interface HTTP/1.1" status: 200 len: 503 time: 1.7255816
2026-06-24 19:07:57.757 10 WARNING neutron.scheduler.dhcp_agent_scheduler [None req-6ded05b7-440b-4eb5-bc0e-637a9b9cd196 a8a7de7117fb409b9a502b48744ef2cf f8b25b63beb84fa2ada4f999d2568fdb - - default default] No more DHCP agents
2026-06-24 19:07:57.760 10 WARNING neutron.api.rpc.agentnotifiers.dhcp_rpc_agent_api [None req-6ded05b7-440b-4eb5-bc0e-637a9b9cd196 a8a7de7117fb409b9a502b48744ef2cf f8b25b63beb84fa2ada4f999d2568fdb - - default default] Unable to schedule network 75956cf1-6bbb-411f-b8f2-defbc7050d47: no agents available; will retry on subsequent port and subnet creation events.
2026-06-24 19:07:57.772 10 INFO neutron.db.ovn_revision_numbers_db [None req-dac5d165-a395-4111-8d94-1bdba094dc33 - - - - - -] Successfully bumped revision number for resource 91a0c473-3712-4c89-9218-119c11387b12 (type: ports) to 4
2026-06-24 19:07:57.992 10 INFO neutron.db.ovn_revision_numbers_db [None req-6ded05b7-440b-4eb5-bc0e-637a9b9cd196 a8a7de7117fb409b9a502b48744ef2cf f8b25b63beb84fa2ada4f999d2568fdb - - default default] Successfully bumped revision number for resource b322d402-f0b4-4cb7-bb50-f3a2afc3024a (type: ports) to 1
2026-06-24 19:07:58.037 10 INFO neutron.db.ovn_revision_numbers_db [None req-dac5d165-a395-4111-8d94-1bdba094dc33 - - - - - -] Successfully bumped revision number for resource 91a0c473-3712-4c89-9218-119c11387b12 (type: router_ports) to 4
2026-06-24 19:07:58.100 10 INFO neutron.plugins.ml2.drivers.ovn.mech_driver.ovsdb.ovsdb_monitor [None req-dac5d165-a395-4111-8d94-1bdba094dc33 - - - - - -] Router 2db56de1-389f-4cba-a140-1091109b8e75 is bound to host instance
2026-06-24 19:07:58.314 9 INFO neutron.wsgi [None req-de3aaf78-f065-4dab-856f-d7c6ac5588ed 6a0446aa060a4969a9c855a6a2b8845c dabf24bccf8d4874a1dafbbeac187f5c - - default default] 10.0.0.198 "GET /v2.0/ports/3ec413bb-7589-4756-b43b-60e1647beffd HTTP/1.1" status: 200 len: 1147 time: 0.0625224
2026-06-24 19:07:58.517 10 INFO neutron.db.ovn_revision_numbers_db [None req-6ded05b7-440b-4eb5-bc0e-637a9b9cd196 a8a7de7117fb409b9a502b48744ef2cf f8b25b63beb84fa2ada4f999d2568fdb - - default default] Successfully bumped revision number for resource b322d402-f0b4-4cb7-bb50-f3a2afc3024a (type: router_ports) to 1
2026-06-24 19:07:58.703 10 INFO neutron.db.ovn_revision_numbers_db [None req-6ded05b7-440b-4eb5-bc0e-637a9b9cd196 a8a7de7117fb409b9a502b48744ef2cf f8b25b63beb84fa2ada4f999d2568fdb - - default default] Successfully bumped revision number for resource b322d402-f0b4-4cb7-bb50-f3a2afc3024a (type: ports) to 1
2026-06-24 19:07:58.779 10 WARNING neutron.scheduler.dhcp_agent_scheduler [None req-6ded05b7-440b-4eb5-bc0e-637a9b9cd196 a8a7de7117fb409b9a502b48744ef2cf f8b25b63beb84fa2ada4f999d2568fdb - - default default] No more DHCP agents
2026-06-24 19:07:58.780 10 WARNING neutron.api.rpc.agentnotifiers.dhcp_rpc_agent_api [None req-6ded05b7-440b-4eb5-bc0e-637a9b9cd196 a8a7de7117fb409b9a502b48744ef2cf f8b25b63beb84fa2ada4f999d2568fdb - - default default] Unable to schedule network 75956cf1-6bbb-411f-b8f2-defbc7050d47: no agents available; will retry on subsequent port and subnet creation events.
2026-06-24 19:07:58.816 10 INFO neutron.db.ovn_revision_numbers_db [None req-dac5d165-a395-4111-8d94-1bdba094dc33 - - - - - -] Successfully bumped revision number for resource c4c85ee2-4f7f-4801-849b-14134189173a (type: ports) to 1
2026-06-24 19:07:58.818 9 INFO neutron.db.ovn_revision_numbers_db [None req-6cf40474-31d4-4c9a-8feb-8981298a8747 a8a7de7117fb409b9a502b48744ef2cf f8b25b63beb84fa2ada4f999d2568fdb - - default default] Successfully bumped revision number for resource 49594a1d-855e-4984-824c-9c99d0e7007a (type: security_groups) to 1
2026-06-24 19:07:58.833 9 INFO neutron.db.ovn_revision_numbers_db [None req-6cf40474-31d4-4c9a-8feb-8981298a8747 a8a7de7117fb409b9a502b48744ef2cf f8b25b63beb84fa2ada4f999d2568fdb - - default default] Successfully bumped revision number for resource 74a4fe2b-28cc-4ef4-950a-d7573054c5e0 (type: security_group_rules) to 0
2026-06-24 19:07:58.846 9 INFO neutron.db.ovn_revision_numbers_db [None req-6cf40474-31d4-4c9a-8feb-8981298a8747 a8a7de7117fb409b9a502b48744ef2cf f8b25b63beb84fa2ada4f999d2568fdb - - default default] Successfully bumped revision number for resource 7813131c-206b-475b-a524-30702df8e782 (type: security_group_rules) to 0
2026-06-24 19:07:58.861 9 INFO neutron.db.ovn_revision_numbers_db [None req-6cf40474-31d4-4c9a-8feb-8981298a8747 a8a7de7117fb409b9a502b48744ef2cf f8b25b63beb84fa2ada4f999d2568fdb - - default default] Successfully bumped revision number for resource 8ca69299-d379-4d12-9910-c60914ef0cb5 (type: security_group_rules) to 0
2026-06-24 19:07:58.876 9 INFO neutron.db.ovn_revision_numbers_db [None req-6cf40474-31d4-4c9a-8feb-8981298a8747 a8a7de7117fb409b9a502b48744ef2cf f8b25b63beb84fa2ada4f999d2568fdb - - default default] Successfully bumped revision number for resource ca4d7ce4-1f83-47a1-bc72-a61a0ca399e1 (type: security_group_rules) to 0
2026-06-24 19:07:58.936 9 INFO neutron.db.segments_db [None req-6cf40474-31d4-4c9a-8feb-8981298a8747 a8a7de7117fb409b9a502b48744ef2cf f8b25b63beb84fa2ada4f999d2568fdb - - default default] Added segment 15989567-45b8-4ccc-b557-f1ee6f034301 of type geneve for network 659edbef-5b08-4dd3-870d-29ec92384b04
2026-06-24 19:07:59.076 9 INFO neutron.db.ovn_revision_numbers_db [None req-6cf40474-31d4-4c9a-8feb-8981298a8747 a8a7de7117fb409b9a502b48744ef2cf f8b25b63beb84fa2ada4f999d2568fdb - - default default] Successfully bumped revision number for resource 659edbef-5b08-4dd3-870d-29ec92384b04 (type: networks) to 1
2026-06-24 19:07:59.237 9 WARNING neutron.scheduler.dhcp_agent_scheduler [None req-6cf40474-31d4-4c9a-8feb-8981298a8747 a8a7de7117fb409b9a502b48744ef2cf f8b25b63beb84fa2ada4f999d2568fdb - - default default] No more DHCP agents
2026-06-24 19:07:59.240 9 WARNING neutron.api.rpc.agentnotifiers.dhcp_rpc_agent_api [None req-6cf40474-31d4-4c9a-8feb-8981298a8747 a8a7de7117fb409b9a502b48744ef2cf f8b25b63beb84fa2ada4f999d2568fdb - - default default] Unable to schedule network 659edbef-5b08-4dd3-870d-29ec92384b04: no agents available; will retry on subsequent port and subnet creation events.
2026-06-24 19:07:59.358 9 INFO neutron.db.ovn_revision_numbers_db [None req-6cf40474-31d4-4c9a-8feb-8981298a8747 a8a7de7117fb409b9a502b48744ef2cf f8b25b63beb84fa2ada4f999d2568fdb - - default default] Successfully bumped revision number for resource 14b5828f-9834-4818-a4aa-0928170635e7 (type: ports) to 1
2026-06-24 19:07:59.368 9 INFO neutron.wsgi [None req-8f37c606-9cc1-47f0-8454-075e695404e4 6a0446aa060a4969a9c855a6a2b8845c dabf24bccf8d4874a1dafbbeac187f5c - - default default] 10.0.0.198 "GET /v2.0/ports/3ec413bb-7589-4756-b43b-60e1647beffd HTTP/1.1" status: 200 len: 1147 time: 0.0376365
2026-06-24 19:07:59.372 10 INFO neutron.db.ovn_revision_numbers_db [None req-dac5d165-a395-4111-8d94-1bdba094dc33 - - - - - -] Successfully bumped revision number for resource c4c85ee2-4f7f-4801-849b-14134189173a (type: router_ports) to 3
2026-06-24 19:07:59.382 9 INFO neutron.wsgi [None req-6cf40474-31d4-4c9a-8feb-8981298a8747 a8a7de7117fb409b9a502b48744ef2cf f8b25b63beb84fa2ada4f999d2568fdb - - default default] 10.0.0.198 "POST /v2.0/networks HTTP/1.1" status: 201 len: 943 time: 0.6981926
2026-06-24 19:07:59.394 10 WARNING neutron.plugins.ml2.drivers.ovn.mech_driver.ovsdb.ovn_client [None req-884a0f8c-2aa1-46d4-bfa7-65445e42ffaf - - - - - -] No hosting information found for port 2fde6375-0350-4e6e-b07b-0ed0df9679dc: RuntimeError: No hosting information found for port 2fde6375-0350-4e6e-b07b-0ed0df9679dc
2026-06-24 19:07:59.394 10 INFO neutron.plugins.ml2.drivers.ovn.mech_driver.mech_driver [None req-884a0f8c-2aa1-46d4-bfa7-65445e42ffaf - - - - - -] OVN reports status up for port: 3ec413bb-7589-4756-b43b-60e1647beffd
2026-06-24 19:07:59.405 10 INFO neutron.plugins.ml2.plugin [None req-884a0f8c-2aa1-46d4-bfa7-65445e42ffaf - - - - - -] Attempt 1 to provision port 3ec413bb-7589-4756-b43b-60e1647beffd
2026-06-24 19:07:59.535 9 WARNING neutron.scheduler.dhcp_agent_scheduler [None req-7cd81dcc-41d5-44c0-b8ac-8e11d06d8d28 a8a7de7117fb409b9a502b48744ef2cf f8b25b63beb84fa2ada4f999d2568fdb - - default default] No more DHCP agents
2026-06-24 19:07:59.538 9 WARNING neutron.api.rpc.agentnotifiers.dhcp_rpc_agent_api [None req-7cd81dcc-41d5-44c0-b8ac-8e11d06d8d28 a8a7de7117fb409b9a502b48744ef2cf f8b25b63beb84fa2ada4f999d2568fdb - - default default] Unable to schedule network 659edbef-5b08-4dd3-870d-29ec92384b04: no agents available; will retry on subsequent port and subnet creation events.
2026-06-24 19:07:59.654 10 INFO neutron.db.ovn_revision_numbers_db [None req-dac5d165-a395-4111-8d94-1bdba094dc33 - - - - - -] Successfully bumped revision number for resource c4c85ee2-4f7f-4801-849b-14134189173a (type: ports) to 2
2026-06-24 19:07:59.672 10 INFO neutron.db.ovn_revision_numbers_db [None req-6ded05b7-440b-4eb5-bc0e-637a9b9cd196 a8a7de7117fb409b9a502b48744ef2cf f8b25b63beb84fa2ada4f999d2568fdb - - default default] Successfully bumped revision number for resource b322d402-f0b4-4cb7-bb50-f3a2afc3024a (type: router_ports) to 1
2026-06-24 19:07:59.674 10 INFO neutron.wsgi [None req-6ded05b7-440b-4eb5-bc0e-637a9b9cd196 a8a7de7117fb409b9a502b48744ef2cf f8b25b63beb84fa2ada4f999d2568fdb - - default default] 10.0.0.198 "PUT /v2.0/routers/2db56de1-389f-4cba-a140-1091109b8e75/add_router_interface HTTP/1.1" status: 200 len: 503 time: 2.7276726
2026-06-24 19:07:59.846 10 INFO neutron.db.ovn_revision_numbers_db [None req-884a0f8c-2aa1-46d4-bfa7-65445e42ffaf - - - - - -] Successfully bumped revision number for resource 3ec413bb-7589-4756-b43b-60e1647beffd (type: ports) to 2
2026-06-24 19:07:59.925 10 INFO neutron.db.ovn_revision_numbers_db [None req-dac5d165-a395-4111-8d94-1bdba094dc33 - - - - - -] Successfully bumped revision number for resource c4c85ee2-4f7f-4801-849b-14134189173a (type: ports) to 4
2026-06-24 19:07:59.934 10 INFO neutron.db.ovn_revision_numbers_db [None req-884a0f8c-2aa1-46d4-bfa7-65445e42ffaf - - - - - -] Successfully bumped revision number for resource 3ec413bb-7589-4756-b43b-60e1647beffd (type: router_ports) to 2
2026-06-24 19:08:00.099 10 INFO neutron.db.ovn_revision_numbers_db [None req-dac5d165-a395-4111-8d94-1bdba094dc33 - - - - - -] Successfully bumped revision number for resource c4c85ee2-4f7f-4801-849b-14134189173a (type: router_ports) to 4
2026-06-24 19:08:00.139 10 INFO neutron.wsgi [-] 10.0.0.145 "GET / HTTP/1.1" status: 200 len: 247 time: 0.0012612
2026-06-24 19:08:00.141 10 INFO neutron.wsgi [-] 10.0.0.145 "GET / HTTP/1.1" status: 200 len: 247 time: 0.0008652
2026-06-24 19:08:00.159 9 INFO neutron.plugins.ml2.drivers.ovn.mech_driver.mech_driver [None req-a93d7c23-903d-4be5-a954-9f933413b3f0 - - - - - -] OVN reports status up for port: e3d0ecb2-23a3-4184-9a5c-80703ff97503
2026-06-24 19:08:00.168 9 INFO neutron.plugins.ml2.plugin [None req-a93d7c23-903d-4be5-a954-9f933413b3f0 - - - - - -] Attempt 1 to provision port e3d0ecb2-23a3-4184-9a5c-80703ff97503
2026-06-24 19:08:00.358 9 INFO neutron.db.ovn_revision_numbers_db [None req-7cd81dcc-41d5-44c0-b8ac-8e11d06d8d28 a8a7de7117fb409b9a502b48744ef2cf f8b25b63beb84fa2ada4f999d2568fdb - - default default] Successfully bumped revision number for resource 14b5828f-9834-4818-a4aa-0928170635e7 (type: ports) to 2
2026-06-24 19:08:00.399 9 INFO neutron.db.ovn_revision_numbers_db [None req-7cd81dcc-41d5-44c0-b8ac-8e11d06d8d28 a8a7de7117fb409b9a502b48744ef2cf f8b25b63beb84fa2ada4f999d2568fdb - - default default] Successfully bumped revision number for resource ed72e756-b5a0-457b-a98d-bdb9e05c3eac (type: subnets) to 0
2026-06-24 19:08:00.425 9 INFO neutron.wsgi [None req-7cd81dcc-41d5-44c0-b8ac-8e11d06d8d28 a8a7de7117fb409b9a502b48744ef2cf f8b25b63beb84fa2ada4f999d2568fdb - - default default] 10.0.0.198 "POST /v2.0/subnets HTTP/1.1" status: 201 len: 863 time: 1.0359900
2026-06-24 19:08:00.470 9 INFO neutron.db.ovn_revision_numbers_db [None req-a93d7c23-903d-4be5-a954-9f933413b3f0 - - - - - -] Successfully bumped revision number for resource e3d0ecb2-23a3-4184-9a5c-80703ff97503 (type: ports) to 2
2026-06-24 19:08:00.484 10 INFO neutron.wsgi [None req-426b497e-daf9-404a-ae27-4b935ca6540b 6a0446aa060a4969a9c855a6a2b8845c dabf24bccf8d4874a1dafbbeac187f5c - - default default] 10.0.0.198 "GET /v2.0/ports/3ec413bb-7589-4756-b43b-60e1647beffd HTTP/1.1" status: 200 len: 1149 time: 0.1103146
2026-06-24 19:08:00.580 9 INFO neutron.db.ovn_revision_numbers_db [None req-a93d7c23-903d-4be5-a954-9f933413b3f0 - - - - - -] Successfully bumped revision number for resource e3d0ecb2-23a3-4184-9a5c-80703ff97503 (type: router_ports) to 2
2026-06-24 19:08:00.864 10 WARNING neutron.scheduler.dhcp_agent_scheduler [None req-90f50db8-d788-4de0-ba98-ff381f3dd85e a8a7de7117fb409b9a502b48744ef2cf f8b25b63beb84fa2ada4f999d2568fdb - - default default] No more DHCP agents
2026-06-24 19:08:00.866 10 WARNING neutron.api.rpc.agentnotifiers.dhcp_rpc_agent_api [None req-90f50db8-d788-4de0-ba98-ff381f3dd85e a8a7de7117fb409b9a502b48744ef2cf f8b25b63beb84fa2ada4f999d2568fdb - - default default] Unable to schedule network 9f2072f5-7eec-4e11-a0c9-72ec37e5c48f: no agents available; will retry on subsequent port and subnet creation events.
2026-06-24 19:08:01.054 10 INFO neutron.db.ovn_revision_numbers_db [None req-90f50db8-d788-4de0-ba98-ff381f3dd85e a8a7de7117fb409b9a502b48744ef2cf f8b25b63beb84fa2ada4f999d2568fdb - - default default] Successfully bumped revision number for resource 76b9666a-4b1b-496e-8ba8-cc2d894c04d8 (type: ports) to 1
2026-06-24 19:08:01.192 9 INFO neutron.wsgi [None req-e7278ab8-b5d2-4152-8829-f7e3f4f7575d 6a0446aa060a4969a9c855a6a2b8845c dabf24bccf8d4874a1dafbbeac187f5c - - default default] 10.0.0.198 "PUT /v2.0/routers/03d274c9-aabd-48df-901d-b9f667ccf247/remove_router_interface HTTP/1.1" status: 200 len: 503 time: 0.6996336 /var/lib/openstack/lib/python3.10/site-packages/pycadf/identifier.py:71: UserWarning: Invalid uuid: neutron. To ensure interoperability, identifiers should be a valid uuid. warnings.warn(('Invalid uuid: %s. To ensure interoperability, '
2026-06-24 19:08:01.295 9 INFO neutron.wsgi [None req-3b1b3706-9e6e-4d55-961f-ba3458b06912 6a0446aa060a4969a9c855a6a2b8845c dabf24bccf8d4874a1dafbbeac187f5c - - default default] 10.0.0.198 "GET /v2.0/ports/2fde6375-0350-4e6e-b07b-0ed0df9679dc HTTP/1.1" status: 200 len: 1141 time: 0.0969388
2026-06-24 19:08:01.852 10 INFO neutron.db.ovn_revision_numbers_db [None req-90f50db8-d788-4de0-ba98-ff381f3dd85e a8a7de7117fb409b9a502b48744ef2cf f8b25b63beb84fa2ada4f999d2568fdb - - default default] Successfully bumped revision number for resource 76b9666a-4b1b-496e-8ba8-cc2d894c04d8 (type: router_ports) to 1
2026-06-24 19:08:01.857 9 INFO neutron.plugins.ml2.drivers.ovn.mech_driver.ovsdb.ovsdb_monitor [None req-c8f55256-4e59-4e1e-be64-6c16205cf24e - - - - - -] Router 5aff3ef3-5c7b-43ce-8169-b0a2bcd31a96 is bound to host instance
2026-06-24 19:08:01.860 10 WARNING neutron_lib.context [None req-b1790812-a022-42db-8def-dd8dc0fc6503 d2a84077f97f41f1b39fb815ce5e28db 7c08f8f67fee42918f8c84c9ec525131 - - default default] Method 'is_advsvc' is deprecated since 2023.2 release (neutron-lib 3.8.0) and will be removed once support for the old RBAC API policies will be removed from Neutron. Please use method 'is_service_role' instead.
2026-06-24 19:08:01.930 10 INFO neutron.db.ovn_revision_numbers_db [None req-90f50db8-d788-4de0-ba98-ff381f3dd85e a8a7de7117fb409b9a502b48744ef2cf f8b25b63beb84fa2ada4f999d2568fdb - - default default] Successfully bumped revision number for resource 5aff3ef3-5c7b-43ce-8169-b0a2bcd31a96 (type: routers) to 2
2026-06-24 19:08:01.945 10 INFO neutron.wsgi [None req-90f50db8-d788-4de0-ba98-ff381f3dd85e a8a7de7117fb409b9a502b48744ef2cf f8b25b63beb84fa2ada4f999d2568fdb - - default default] 10.0.0.198 "POST /v2.0/routers HTTP/1.1" status: 201 len: 874 time: 1.5136089
2026-06-24 19:08:02.066 9 INFO neutron.wsgi [None req-9000a708-7560-415f-b237-dc2b8af7075e 6a0446aa060a4969a9c855a6a2b8845c dabf24bccf8d4874a1dafbbeac187f5c - - default default] 10.0.0.198 "PUT /v2.0/routers/03d274c9-aabd-48df-901d-b9f667ccf247/remove_router_interface HTTP/1.1" status: 200 len: 503 time: 0.7646923
2026-06-24 19:08:02.068 10 INFO neutron.db.ovn_revision_numbers_db [None req-b1790812-a022-42db-8def-dd8dc0fc6503 d2a84077f97f41f1b39fb815ce5e28db 7c08f8f67fee42918f8c84c9ec525131 - - default default] Successfully bumped revision number for resource 7d9d5f79-8e6f-4c3b-92e0-f367692f5319 (type: security_groups) to 1
2026-06-24 19:08:02.100 10 INFO neutron.wsgi [None req-5761c816-7468-42cc-b5ee-f34ed0f02d7a 6a0446aa060a4969a9c855a6a2b8845c dabf24bccf8d4874a1dafbbeac187f5c - - default default] 10.0.0.198 "GET /v2.0/ports?device_id=03d274c9-aabd-48df-901d-b9f667ccf247 HTTP/1.1" status: 200 len: 205 time: 0.0285912
2026-06-24 19:08:02.102 10 INFO neutron.db.ovn_revision_numbers_db [None req-b1790812-a022-42db-8def-dd8dc0fc6503 d2a84077f97f41f1b39fb815ce5e28db 7c08f8f67fee42918f8c84c9ec525131 - - default default] Successfully bumped revision number for resource 067677d6-1154-489a-bb1b-e42e1ee9d91d (type: security_group_rules) to 0
2026-06-24 19:08:02.105 9 INFO neutron.wsgi [req-f40eb8e1-a13e-4656-ad6e-9e94078e9be8 req-4d52a301-ad73-4117-ab13-d89cbc6e2e40 decef7f1a0244d65b92fdf9639c31cc6 2f5f7f093f994fa4b245706c81ba8e43 - - default default] 10.0.0.47 "GET /v2.0/networks?id=75956cf1-6bbb-411f-b8f2-defbc7050d47 HTTP/1.1" status: 200 len: 871 time: 0.1646805 /var/lib/openstack/lib/python3.10/site-packages/pycadf/identifier.py:71: UserWarning: Invalid uuid: neutron. To ensure interoperability, identifiers should be a valid uuid. warnings.warn(('Invalid uuid: %s. To ensure interoperability, '
2026-06-24 19:08:02.130 9 INFO neutron.wsgi [req-f40eb8e1-a13e-4656-ad6e-9e94078e9be8 req-1758aa8b-0e9e-42dc-922d-fc0bdf978d6a decef7f1a0244d65b92fdf9639c31cc6 2f5f7f093f994fa4b245706c81ba8e43 - - default default] 10.0.0.47 "GET /v2.0/quotas/2f5f7f093f994fa4b245706c81ba8e43 HTTP/1.1" status: 200 len: 386 time: 0.0173399
2026-06-24 19:08:02.152 10 INFO neutron.db.ovn_revision_numbers_db [None req-b1790812-a022-42db-8def-dd8dc0fc6503 d2a84077f97f41f1b39fb815ce5e28db 7c08f8f67fee42918f8c84c9ec525131 - - default default] Successfully bumped revision number for resource b6b149b9-c8f8-430c-a1e3-89f5d384af82 (type: security_group_rules) to 0
2026-06-24 19:08:02.195 10 INFO neutron.db.ovn_revision_numbers_db [None req-b1790812-a022-42db-8def-dd8dc0fc6503 d2a84077f97f41f1b39fb815ce5e28db 7c08f8f67fee42918f8c84c9ec525131 - - default default] Successfully bumped revision number for resource e190d226-0edd-4b98-8dc4-38afa9e71c2f (type: security_group_rules) to 0
2026-06-24 19:08:02.241 10 INFO neutron.db.ovn_revision_numbers_db [None req-b1790812-a022-42db-8def-dd8dc0fc6503 d2a84077f97f41f1b39fb815ce5e28db 7c08f8f67fee42918f8c84c9ec525131 - - default default] Successfully bumped revision number for resource e34be4d1-7ab7-4b44-8e6c-9c964b9c1398 (type: security_group_rules) to 0
2026-06-24 19:08:02.263 9 INFO neutron.wsgi [req-f40eb8e1-a13e-4656-ad6e-9e94078e9be8 req-a1a8ef5e-d61f-4c78-8f05-cd97edf9b311 decef7f1a0244d65b92fdf9639c31cc6 2f5f7f093f994fa4b245706c81ba8e43 - - default default] 10.0.0.47 "GET /v2.0/ports?tenant_id=2f5f7f093f994fa4b245706c81ba8e43&fields=id HTTP/1.1" status: 200 len: 302 time: 0.1225924
2026-06-24 19:08:02.323 10 INFO neutron.db.segments_db [None req-b1790812-a022-42db-8def-dd8dc0fc6503 d2a84077f97f41f1b39fb815ce5e28db 7c08f8f67fee42918f8c84c9ec525131 - - default default] Added segment 79014353-eb55-439d-866a-6fcbe58b77f9 of type geneve for network 267c3c6e-a81a-4109-9efc-6692a55c15d8
2026-06-24 19:08:02.390 9 INFO neutron.wsgi [req-f40eb8e1-a13e-4656-ad6e-9e94078e9be8 req-f540aeee-fa51-4f46-a9ac-762b3262c370 1bfd51debc0243bfa47e134af339e843 72443ec725ae45abb6554219dff3cf98 - - 96f39892b42c4814a72e6e54be96ca4d 96f39892b42c4814a72e6e54be96ca4d] 10.0.0.47 "GET /v2.0/networks/75956cf1-6bbb-411f-b8f2-defbc7050d47?fields=segments HTTP/1.1" status: 200 len: 212 time: 0.1183128
2026-06-24 19:08:02.468 9 INFO neutron.wsgi [req-f40eb8e1-a13e-4656-ad6e-9e94078e9be8 req-e1254ae6-b511-42e8-83d2-3b86d85af180 1bfd51debc0243bfa47e134af339e843 72443ec725ae45abb6554219dff3cf98 - - 96f39892b42c4814a72e6e54be96ca4d 96f39892b42c4814a72e6e54be96ca4d] 10.0.0.47 "GET /v2.0/networks/75956cf1-6bbb-411f-b8f2-defbc7050d47?fields=provider%3Aphysical_network&fields=provider%3Anetwork_type HTTP/1.1" status: 200 len: 277 time: 0.0702972
2026-06-24 19:08:02.494 10 INFO neutron.wsgi [None req-f0ed26a4-cf4b-4d8b-a2a3-58d8cd85dc7d 6a0446aa060a4969a9c855a6a2b8845c dabf24bccf8d4874a1dafbbeac187f5c - - default default] 10.0.0.198 "DELETE /v2.0/routers/03d274c9-aabd-48df-901d-b9f667ccf247 HTTP/1.1" status: 204 len: 168 time: 0.3900313
2026-06-24 19:08:02.581 10 INFO neutron.db.ovn_revision_numbers_db [None req-b1790812-a022-42db-8def-dd8dc0fc6503 d2a84077f97f41f1b39fb815ce5e28db 7c08f8f67fee42918f8c84c9ec525131 - - default default] Successfully bumped revision number for resource 267c3c6e-a81a-4109-9efc-6692a55c15d8 (type: networks) to 1
2026-06-24 19:08:02.603 9 INFO neutron.wsgi [req-561718d6-3475-491f-8543-ad7d3a5c16d5 req-d1fd903d-25ba-48c4-9fd8-8a3f8bf9f74a decef7f1a0244d65b92fdf9639c31cc6 2f5f7f093f994fa4b245706c81ba8e43 - - default default] 10.0.0.47 "GET /v2.0/ports?device_id=1790074d-53f7-4c14-bb6e-ecfc6d388e17 HTTP/1.1" status: 200 len: 210 time: 0.0250142
2026-06-24 19:08:02.667 9 INFO neutron.db.ovn_revision_numbers_db [None req-c8f55256-4e59-4e1e-be64-6c16205cf24e - - - - - -] Successfully bumped revision number for resource 76b9666a-4b1b-496e-8ba8-cc2d894c04d8 (type: ports) to 1
2026-06-24 19:08:02.737 9 INFO neutron.wsgi [None req-6dee76f9-b498-4178-90e8-27d2890387eb 6a0446aa060a4969a9c855a6a2b8845c dabf24bccf8d4874a1dafbbeac187f5c - - default default] 10.0.0.198 "DELETE /v2.0/subnets/62e7ee35-d510-41f6-978f-8cf5cba928a4 HTTP/1.1" status: 204 len: 168 time: 0.2381470
