2026-06-24 19:07:45.056 10 INFO neutron.db.ovn_revision_numbers_db [None req-90b76544-9ba0-42f6-b918-86e09e45df40 7b09cac05c2740a38a49706cf4721fcf 9558f560915143b18d6815043070be38 - - default default] Successfully bumped revision number for resource 1bacdbf2-3628-4079-94bb-5de29920b536 (type: security_group_rules) to 0
2026-06-24 19:07:45.072 10 INFO neutron.db.ovn_revision_numbers_db [None req-90b76544-9ba0-42f6-b918-86e09e45df40 7b09cac05c2740a38a49706cf4721fcf 9558f560915143b18d6815043070be38 - - default default] Successfully bumped revision number for resource 7eedd6e2-af85-4c65-829e-ab913737fe72 (type: security_group_rules) to 0
2026-06-24 19:07:45.088 10 INFO neutron.db.ovn_revision_numbers_db [None req-90b76544-9ba0-42f6-b918-86e09e45df40 7b09cac05c2740a38a49706cf4721fcf 9558f560915143b18d6815043070be38 - - default default] Successfully bumped revision number for resource 926bd47c-d451-490d-84b2-6947f8e0309c (type: security_group_rules) to 0
2026-06-24 19:07:45.097 9 INFO neutron.wsgi [None req-a4fbe302-aa42-44da-948c-45fe396aafe2 d4081452de44421a9d0e35b8f7150a51 c0a977bf64f3490a85cfa5a0109ca70a - - default default] 10.0.0.198 "GET /v2.0/ports HTTP/1.1" status: 200 len: 1728 time: 0.0736051
2026-06-24 19:07:45.118 9 INFO neutron.pecan_wsgi.hooks.translation [None req-49df82c8-c305-49ed-a596-a879b5c41737 d4081452de44421a9d0e35b8f7150a51 c0a977bf64f3490a85cfa5a0109ca70a - - default default] GET failed (client error): The resource could not be found.
2026-06-24 19:07:45.119 9 INFO neutron.wsgi [None req-49df82c8-c305-49ed-a596-a879b5c41737 d4081452de44421a9d0e35b8f7150a51 c0a977bf64f3490a85cfa5a0109ca70a - - default default] 10.0.0.198 "GET /v2.0/ports/37dc4f2d-b011-426b-9cfa-e16b1eeb90fe HTTP/1.1" status: 404 len: 333 time: 0.0171704
2026-06-24 19:07:45.139 9 INFO neutron.wsgi [-] 10.0.0.145 "GET / HTTP/1.1" status: 200 len: 247 time: 0.0014126
2026-06-24 19:07:45.139 10 INFO neutron.wsgi [-] 10.0.0.145 "GET / HTTP/1.1" status: 200 len: 247 time: 0.0012891
2026-06-24 19:07:45.140 10 INFO neutron.db.segments_db [None req-90b76544-9ba0-42f6-b918-86e09e45df40 7b09cac05c2740a38a49706cf4721fcf 9558f560915143b18d6815043070be38 - - default default] Added segment fc4290f7-f81e-49b9-a6ca-e52862a095e4 of type geneve for network d7738274-f5c5-4a60-9bdc-92c6b57d8b40
2026-06-24 19:07:45.175 9 INFO neutron.wsgi [None req-3dcf2b07-f505-4903-8b63-4093ff120d06 d4081452de44421a9d0e35b8f7150a51 c0a977bf64f3490a85cfa5a0109ca70a - - default default] 10.0.0.198 "GET /v2.0/ports HTTP/1.1" status: 200 len: 1728 time: 0.0490987
2026-06-24 19:07:45.221 9 INFO neutron.wsgi [None req-388bbcde-94d7-40f3-b966-1b11adf4b893 d4081452de44421a9d0e35b8f7150a51 c0a977bf64f3490a85cfa5a0109ca70a - - default default] 10.0.0.198 "GET /v2.0/ports/79fce10d-b45c-426d-b369-1218a110329f HTTP/1.1" status: 200 len: 968 time: 0.0400867
2026-06-24 19:07:45.247 9 INFO neutron.pecan_wsgi.hooks.translation [None req-c9753154-ef29-4134-b0a6-5aafd89bb7a8 d4081452de44421a9d0e35b8f7150a51 c0a977bf64f3490a85cfa5a0109ca70a - - default default] DELETE failed (client error): The resource could not be found.
2026-06-24 19:07:45.250 9 INFO neutron.wsgi [None req-c9753154-ef29-4134-b0a6-5aafd89bb7a8 d4081452de44421a9d0e35b8f7150a51 c0a977bf64f3490a85cfa5a0109ca70a - - default default] 10.0.0.198 "DELETE /v2.0/ports/fd7174cd-ab6c-449e-b938-a023484dcee8 HTTP/1.1" status: 404 len: 333 time: 0.0218222
2026-06-24 19:07:45.272 9 INFO neutron.pecan_wsgi.hooks.translation [None req-2266e836-0a5f-4557-b352-31ecb3ef8b30 d4081452de44421a9d0e35b8f7150a51 c0a977bf64f3490a85cfa5a0109ca70a - - default default] DELETE failed (client error): The resource could not be found.
2026-06-24 19:07:45.274 9 INFO neutron.wsgi [None req-2266e836-0a5f-4557-b352-31ecb3ef8b30 d4081452de44421a9d0e35b8f7150a51 c0a977bf64f3490a85cfa5a0109ca70a - - default default] 10.0.0.198 "DELETE /v2.0/subnets/c56b494c-0451-4a04-9f31-0dc25673ded0 HTTP/1.1" status: 404 len: 337 time: 0.0203512
2026-06-24 19:07:45.296 9 INFO neutron.pecan_wsgi.hooks.translation [None req-d30f3238-f8d1-4242-ba41-4417fb9a8e9c d4081452de44421a9d0e35b8f7150a51 c0a977bf64f3490a85cfa5a0109ca70a - - default default] DELETE failed (client error): The resource could not be found.
2026-06-24 19:07:45.299 9 INFO neutron.wsgi [None req-d30f3238-f8d1-4242-ba41-4417fb9a8e9c d4081452de44421a9d0e35b8f7150a51 c0a977bf64f3490a85cfa5a0109ca70a - - default default] 10.0.0.198 "DELETE /v2.0/subnets/7a9ab77d-261a-436a-832c-734b84a35296 HTTP/1.1" status: 404 len: 337 time: 0.0210524
2026-06-24 19:07:45.328 10 INFO neutron.db.ovn_revision_numbers_db [None req-90b76544-9ba0-42f6-b918-86e09e45df40 7b09cac05c2740a38a49706cf4721fcf 9558f560915143b18d6815043070be38 - - default default] Successfully bumped revision number for resource d7738274-f5c5-4a60-9bdc-92c6b57d8b40 (type: networks) to 1
2026-06-24 19:07:45.427 10 INFO neutron.db.ovn_revision_numbers_db [None req-6ba63a62-9d42-4a26-9c37-848d5bc9b8be a8a7de7117fb409b9a502b48744ef2cf f8b25b63beb84fa2ada4f999d2568fdb - - default default] Successfully bumped revision number for resource 36a49f3d-1124-4059-9fa0-e7d255ba9ccd (type: security_groups) to 1
2026-06-24 19:07:45.465 10 INFO neutron.db.ovn_revision_numbers_db [None req-6ba63a62-9d42-4a26-9c37-848d5bc9b8be a8a7de7117fb409b9a502b48744ef2cf f8b25b63beb84fa2ada4f999d2568fdb - - default default] Successfully bumped revision number for resource 024cd820-bb83-45ae-a87f-5d9a2b5eb12e (type: security_group_rules) to 0
2026-06-24 19:07:45.482 10 INFO neutron.db.ovn_revision_numbers_db [None req-6ba63a62-9d42-4a26-9c37-848d5bc9b8be a8a7de7117fb409b9a502b48744ef2cf f8b25b63beb84fa2ada4f999d2568fdb - - default default] Successfully bumped revision number for resource 192e4dbc-7f67-4770-8544-9e1b4152d80e (type: security_group_rules) to 0
2026-06-24 19:07:45.506 10 WARNING neutron.scheduler.dhcp_agent_scheduler [None req-90b76544-9ba0-42f6-b918-86e09e45df40 7b09cac05c2740a38a49706cf4721fcf 9558f560915143b18d6815043070be38 - - default default] No more DHCP agents
2026-06-24 19:07:45.507 10 WARNING neutron.api.rpc.agentnotifiers.dhcp_rpc_agent_api [None req-90b76544-9ba0-42f6-b918-86e09e45df40 7b09cac05c2740a38a49706cf4721fcf 9558f560915143b18d6815043070be38 - - default default] Unable to schedule network d7738274-f5c5-4a60-9bdc-92c6b57d8b40: no agents available; will retry on subsequent port and subnet creation events.
2026-06-24 19:07:45.510 10 INFO neutron.db.ovn_revision_numbers_db [None req-6ba63a62-9d42-4a26-9c37-848d5bc9b8be a8a7de7117fb409b9a502b48744ef2cf f8b25b63beb84fa2ada4f999d2568fdb - - default default] Successfully bumped revision number for resource aabaf2e2-5c12-4c8d-9df9-0fd307b9bf09 (type: security_group_rules) to 0
2026-06-24 19:07:45.529 10 INFO neutron.db.ovn_revision_numbers_db [None req-6ba63a62-9d42-4a26-9c37-848d5bc9b8be a8a7de7117fb409b9a502b48744ef2cf f8b25b63beb84fa2ada4f999d2568fdb - - default default] Successfully bumped revision number for resource d1afcec7-8d11-45d4-9180-12a520cf2ac5 (type: security_group_rules) to 0
2026-06-24 19:07:45.550 9 INFO neutron.wsgi [None req-b5b2f5bb-2c6b-47b6-8bc9-ff5353e8ec02 d4081452de44421a9d0e35b8f7150a51 c0a977bf64f3490a85cfa5a0109ca70a - - default default] 10.0.0.198 "DELETE /v2.0/ports/79fce10d-b45c-426d-b369-1218a110329f HTTP/1.1" status: 204 len: 168 time: 0.2456517
2026-06-24 19:07:45.567 10 INFO neutron.wsgi [None req-6ba63a62-9d42-4a26-9c37-848d5bc9b8be a8a7de7117fb409b9a502b48744ef2cf f8b25b63beb84fa2ada4f999d2568fdb - - default default] 10.0.0.198 "GET /v2.0/security-groups?tenant_id=a0b6c5e0a977427388b8e684a7602098&name=default HTTP/1.1" status: 200 len: 2996 time: 0.5049133
2026-06-24 19:07:45.598 10 INFO neutron.db.ovn_revision_numbers_db [None req-90b76544-9ba0-42f6-b918-86e09e45df40 7b09cac05c2740a38a49706cf4721fcf 9558f560915143b18d6815043070be38 - - default default] Successfully bumped revision number for resource 2ab5a482-9acc-4068-a972-5b4c936f64ba (type: ports) to 1
2026-06-24 19:07:45.626 10 INFO neutron.wsgi [None req-90b76544-9ba0-42f6-b918-86e09e45df40 7b09cac05c2740a38a49706cf4721fcf 9558f560915143b18d6815043070be38 - - default default] 10.0.0.198 "POST /v2.0/networks HTTP/1.1" status: 201 len: 928 time: 0.8787885
2026-06-24 19:07:45.814 10 WARNING neutron.scheduler.dhcp_agent_scheduler [None req-50483ec3-2447-4181-9cb8-c814215dae16 7b09cac05c2740a38a49706cf4721fcf 9558f560915143b18d6815043070be38 - - default default] No more DHCP agents
2026-06-24 19:07:45.815 10 WARNING neutron.api.rpc.agentnotifiers.dhcp_rpc_agent_api [None req-50483ec3-2447-4181-9cb8-c814215dae16 7b09cac05c2740a38a49706cf4721fcf 9558f560915143b18d6815043070be38 - - default default] Unable to schedule network d7738274-f5c5-4a60-9bdc-92c6b57d8b40: no agents available; will retry on subsequent port and subnet creation events.
2026-06-24 19:07:45.860 10 INFO neutron.wsgi [None req-6e39bfb1-13bb-4846-a75f-951d2a595bb5 a8a7de7117fb409b9a502b48744ef2cf f8b25b63beb84fa2ada4f999d2568fdb - - default default] 10.0.0.198 "DELETE /v2.0/security-groups/36a49f3d-1124-4059-9fa0-e7d255ba9ccd HTTP/1.1" status: 204 len: 168 time: 0.2670627
2026-06-24 19:07:45.946 9 INFO neutron.services.segments.plugin [-] Segment 99f93248-f363-4d7a-a4d7-2e1eb3cecac0 resource provider aggregate not found
2026-06-24 19:07:45.951 9 INFO neutron.services.segments.plugin [-] Segment 99f93248-f363-4d7a-a4d7-2e1eb3cecac0 resource provider aggregate not found
2026-06-24 19:07:45.965 9 INFO neutron.services.segments.plugin [-] Segment 99f93248-f363-4d7a-a4d7-2e1eb3cecac0 resource provider not found; error: Placement Client Error (4xx): {"errors": [{"status": 404, "title": "Not Found", "detail": "The resource could not be found.\n\n No resource provider with uuid 99f93248-f363-4d7a-a4d7-2e1eb3cecac0 found for delete ", "request_id": "req-b74fe869-b64e-42aa-aee7-5d2ca067474a"}]}
2026-06-24 19:07:45.966 9 INFO neutron.services.segments.plugin [-] Segment 99f93248-f363-4d7a-a4d7-2e1eb3cecac0 resource provider not found; error: Placement Client Error (4xx): {"errors": [{"status": 404, "title": "Not Found", "detail": "The resource could not be found.\n\n No resource provider with uuid 99f93248-f363-4d7a-a4d7-2e1eb3cecac0 found for delete ", "request_id": "req-19148fa5-c2e0-4f69-9a71-0547c670b039"}]}
2026-06-24 19:07:45.998 9 INFO neutron.wsgi [None req-329f320b-5f3e-4de1-817c-413a2be1cc5f d4081452de44421a9d0e35b8f7150a51 c0a977bf64f3490a85cfa5a0109ca70a - - default default] 10.0.0.198 "DELETE /v2.0/networks/1418443b-40a9-415b-a835-c657f985dddc HTTP/1.1" status: 204 len: 168 time: 0.4423406
2026-06-24 19:07:46.631 10 INFO neutron.wsgi [None req-917f3b08-ab68-413c-acd2-9ed2ddbe0643 a8a7de7117fb409b9a502b48744ef2cf f8b25b63beb84fa2ada4f999d2568fdb - - default default] 10.0.0.198 "GET /v2.0/security-groups?tenant_id=c0a977bf64f3490a85cfa5a0109ca70a&name=default HTTP/1.1" status: 200 len: 2996 time: 0.1408896
2026-06-24 19:07:46.729 10 INFO neutron.db.ovn_revision_numbers_db [None req-50483ec3-2447-4181-9cb8-c814215dae16 7b09cac05c2740a38a49706cf4721fcf 9558f560915143b18d6815043070be38 - - default default] Successfully bumped revision number for resource 2ab5a482-9acc-4068-a972-5b4c936f64ba (type: ports) to 2
2026-06-24 19:07:46.772 10 INFO neutron.db.ovn_revision_numbers_db [None req-50483ec3-2447-4181-9cb8-c814215dae16 7b09cac05c2740a38a49706cf4721fcf 9558f560915143b18d6815043070be38 - - default default] Successfully bumped revision number for resource 3f8a657e-e5d2-48a6-953a-8ce5ef220408 (type: subnets) to 0
2026-06-24 19:07:46.789 10 INFO neutron.wsgi [None req-50483ec3-2447-4181-9cb8-c814215dae16 7b09cac05c2740a38a49706cf4721fcf 9558f560915143b18d6815043070be38 - - default default] 10.0.0.198 "POST /v2.0/subnets HTTP/1.1" status: 201 len: 819 time: 1.1565666
2026-06-24 19:07:46.798 9 WARNING neutron.api.v2.base [None req-01d87ec0-4851-4857-8a80-feb4df0f21e8 7b09cac05c2740a38a49706cf4721fcf 9558f560915143b18d6815043070be38 - - default default] An exception happened while processing the request body. The exception message is [Invalid input for target_tenant. Reason: 'None' is not a valid string.].: webob.exc.HTTPBadRequest: Invalid input for target_tenant. Reason: 'None' is not a valid string.
2026-06-24 19:07:46.799 9 INFO neutron.api.v2.resource [None req-01d87ec0-4851-4857-8a80-feb4df0f21e8 7b09cac05c2740a38a49706cf4721fcf 9558f560915143b18d6815043070be38 - - default default] create failed (client error): Invalid input for target_tenant. Reason: 'None' is not a valid string.
2026-06-24 19:07:46.800 9 INFO neutron.wsgi [None req-01d87ec0-4851-4857-8a80-feb4df0f21e8 7b09cac05c2740a38a49706cf4721fcf 9558f560915143b18d6815043070be38 - - default default] 10.0.0.198 "POST /v2.0/rbac-policies HTTP/1.1" status: 400 len: 346 time: 0.0073435
2026-06-24 19:07:46.853 10 INFO neutron.wsgi [None req-cea35de6-0246-4b18-ab52-0d7c60fb4151 a8a7de7117fb409b9a502b48744ef2cf f8b25b63beb84fa2ada4f999d2568fdb - - default default] 10.0.0.198 "DELETE /v2.0/security-groups/62c90e7d-8d77-4e65-b20f-20050af77d4e HTTP/1.1" status: 204 len: 168 time: 0.2175093
2026-06-24 19:07:47.306 10 INFO neutron.db.ovn_revision_numbers_db [None req-e8bdf2fc-1d86-46f0-a976-04846f36bc14 a8a7de7117fb409b9a502b48744ef2cf f8b25b63beb84fa2ada4f999d2568fdb - - default default] Successfully bumped revision number for resource 1c240f02-5189-4a8a-b7d0-cd9218a1f56c (type: security_groups) to 1
2026-06-24 19:07:47.328 10 INFO neutron.db.ovn_revision_numbers_db [None req-e8bdf2fc-1d86-46f0-a976-04846f36bc14 a8a7de7117fb409b9a502b48744ef2cf f8b25b63beb84fa2ada4f999d2568fdb - - default default] Successfully bumped revision number for resource 0343f5ac-0a4c-406a-8cd6-b31c2d56bba2 (type: security_group_rules) to 0
2026-06-24 19:07:47.340 9 INFO neutron.wsgi [None req-1a063247-17ca-45bb-83e8-0fd8f70e4d2d 7b09cac05c2740a38a49706cf4721fcf 9558f560915143b18d6815043070be38 - - default default] 10.0.0.198 "DELETE /v2.0/networks/d7738274-f5c5-4a60-9bdc-92c6b57d8b40 HTTP/1.1" status: 204 len: 168 time: 0.5347395
2026-06-24 19:07:47.343 10 INFO neutron.db.ovn_revision_numbers_db [None req-e8bdf2fc-1d86-46f0-a976-04846f36bc14 a8a7de7117fb409b9a502b48744ef2cf f8b25b63beb84fa2ada4f999d2568fdb - - default default] Successfully bumped revision number for resource 8676b32d-9105-413c-a382-8f765868dbfa (type: security_group_rules) to 0
2026-06-24 19:07:47.366 10 INFO neutron.db.ovn_revision_numbers_db [None req-e8bdf2fc-1d86-46f0-a976-04846f36bc14 a8a7de7117fb409b9a502b48744ef2cf f8b25b63beb84fa2ada4f999d2568fdb - - default default] Successfully bumped revision number for resource 99ecbb66-47d4-4872-8e88-8c59e73484fd (type: security_group_rules) to 0
2026-06-24 19:07:47.386 10 INFO neutron.db.ovn_revision_numbers_db [None req-e8bdf2fc-1d86-46f0-a976-04846f36bc14 a8a7de7117fb409b9a502b48744ef2cf f8b25b63beb84fa2ada4f999d2568fdb - - default default] Successfully bumped revision number for resource c3e6b0f6-7cce-478d-a1dc-2b459dbdbaa3 (type: security_group_rules) to 0
2026-06-24 19:07:47.407 10 INFO neutron.wsgi [None req-e8bdf2fc-1d86-46f0-a976-04846f36bc14 a8a7de7117fb409b9a502b48744ef2cf f8b25b63beb84fa2ada4f999d2568fdb - - default default] 10.0.0.198 "GET /v2.0/security-groups?tenant_id=53c813769c4c470885188c9a456daea5&name=default HTTP/1.1" status: 200 len: 2996 time: 0.2977581
2026-06-24 19:07:47.442 10 INFO neutron.db.segments_db [None req-7bbab5a8-edf4-4f01-bee4-f07cf6bc6b8c 7b09cac05c2740a38a49706cf4721fcf 9558f560915143b18d6815043070be38 - - default default] Added segment 877917ec-2490-416e-a21f-9dc9e16d85ce of type geneve for network c6d9d8d4-11a8-4f83-a975-a13288e35fa5
2026-06-24 19:07:47.595 10 INFO neutron.db.ovn_revision_numbers_db [None req-7bbab5a8-edf4-4f01-bee4-f07cf6bc6b8c 7b09cac05c2740a38a49706cf4721fcf 9558f560915143b18d6815043070be38 - - default default] Successfully bumped revision number for resource c6d9d8d4-11a8-4f83-a975-a13288e35fa5 (type: networks) to 1
2026-06-24 19:07:47.703 10 INFO neutron.wsgi [None req-90483a85-1d66-49b1-aa23-0aca3a728bb5 a8a7de7117fb409b9a502b48744ef2cf f8b25b63beb84fa2ada4f999d2568fdb - - default default] 10.0.0.198 "DELETE /v2.0/security-groups/1c240f02-5189-4a8a-b7d0-cd9218a1f56c HTTP/1.1" status: 204 len: 168 time: 0.2914979
2026-06-24 19:07:47.764 10 WARNING neutron.scheduler.dhcp_agent_scheduler [None req-7bbab5a8-edf4-4f01-bee4-f07cf6bc6b8c 7b09cac05c2740a38a49706cf4721fcf 9558f560915143b18d6815043070be38 - - default default] No more DHCP agents
2026-06-24 19:07:47.766 10 WARNING neutron.api.rpc.agentnotifiers.dhcp_rpc_agent_api [None req-7bbab5a8-edf4-4f01-bee4-f07cf6bc6b8c 7b09cac05c2740a38a49706cf4721fcf 9558f560915143b18d6815043070be38 - - default default] Unable to schedule network c6d9d8d4-11a8-4f83-a975-a13288e35fa5: no agents available; will retry on subsequent port and subnet creation events.
2026-06-24 19:07:47.840 10 INFO neutron.db.ovn_revision_numbers_db [None req-7bbab5a8-edf4-4f01-bee4-f07cf6bc6b8c 7b09cac05c2740a38a49706cf4721fcf 9558f560915143b18d6815043070be38 - - default default] Successfully bumped revision number for resource 6517b144-bb84-495c-9cd0-8fc38fc87207 (type: ports) to 1
2026-06-24 19:07:47.863 10 INFO neutron.wsgi [None req-7bbab5a8-edf4-4f01-bee4-f07cf6bc6b8c 7b09cac05c2740a38a49706cf4721fcf 9558f560915143b18d6815043070be38 - - default default] 10.0.0.198 "POST /v2.0/networks HTTP/1.1" status: 201 len: 929 time: 0.5179238
2026-06-24 19:07:47.904 9 INFO neutron.db.ovn_revision_numbers_db [None req-c3cae94a-5ecf-4bd2-a977-668efbc317ee a8a7de7117fb409b9a502b48744ef2cf f8b25b63beb84fa2ada4f999d2568fdb - - default default] Successfully bumped revision number for resource 4043a413-8637-4095-89c2-130dfdf50967 (type: security_groups) to 1
2026-06-24 19:07:47.917 9 INFO neutron.db.ovn_revision_numbers_db [None req-c3cae94a-5ecf-4bd2-a977-668efbc317ee a8a7de7117fb409b9a502b48744ef2cf f8b25b63beb84fa2ada4f999d2568fdb - - default default] Successfully bumped revision number for resource 408aa9b8-87f4-4ae8-88bd-85d434a51d73 (type: security_group_rules) to 0
2026-06-24 19:07:47.948 9 INFO neutron.db.ovn_revision_numbers_db [None req-c3cae94a-5ecf-4bd2-a977-668efbc317ee a8a7de7117fb409b9a502b48744ef2cf f8b25b63beb84fa2ada4f999d2568fdb - - default default] Successfully bumped revision number for resource 4d79333f-c679-43c4-a87d-8339ddc2fd02 (type: security_group_rules) to 0
2026-06-24 19:07:47.985 9 INFO neutron.db.ovn_revision_numbers_db [None req-c3cae94a-5ecf-4bd2-a977-668efbc317ee a8a7de7117fb409b9a502b48744ef2cf f8b25b63beb84fa2ada4f999d2568fdb - - default default] Successfully bumped revision number for resource a8a41fa4-bc39-4da5-82a0-ddd62c8be34e (type: security_group_rules) to 0
2026-06-24 19:07:47.990 9 INFO neutron.services.segments.plugin [-] Segment fc4290f7-f81e-49b9-a6ca-e52862a095e4 resource provider aggregate not found
2026-06-24 19:07:47.995 9 INFO neutron.services.segments.plugin [-] Segment fc4290f7-f81e-49b9-a6ca-e52862a095e4 resource provider aggregate not found
2026-06-24 19:07:48.009 9 INFO neutron.db.ovn_revision_numbers_db [None req-c3cae94a-5ecf-4bd2-a977-668efbc317ee a8a7de7117fb409b9a502b48744ef2cf f8b25b63beb84fa2ada4f999d2568fdb - - default default] Successfully bumped revision number for resource ff96ef81-636a-4b00-9a18-77b0c24252c6 (type: security_group_rules) to 0
2026-06-24 19:07:48.015 9 INFO neutron.services.segments.plugin [-] Segment fc4290f7-f81e-49b9-a6ca-e52862a095e4 resource provider not found; error: Placement Client Error (4xx): {"errors": [{"status": 404, "title": "Not Found", "detail": "The resource could not be found.\n\n No resource provider with uuid fc4290f7-f81e-49b9-a6ca-e52862a095e4 found for delete ", "request_id": "req-b4c52049-3a3d-4cd9-859f-69bac62529a0"}]}
2026-06-24 19:07:48.015 9 INFO neutron.services.segments.plugin [-] Segment fc4290f7-f81e-49b9-a6ca-e52862a095e4 resource provider not found; error: Placement Client Error (4xx): {"errors": [{"status": 404, "title": "Not Found", "detail": "The resource could not be found.\n\n No resource provider with uuid fc4290f7-f81e-49b9-a6ca-e52862a095e4 found for delete ", "request_id": "req-0e56fc03-51f3-488b-bef5-4dc30b0229a3"}]}
2026-06-24 19:07:48.037 9 INFO neutron.wsgi [None req-c3cae94a-5ecf-4bd2-a977-668efbc317ee a8a7de7117fb409b9a502b48744ef2cf f8b25b63beb84fa2ada4f999d2568fdb - - default default] 10.0.0.198 "GET /v2.0/security-groups?tenant_id=fd094ec5880645e882d9c8b19c8fb321&name=default HTTP/1.1" status: 200 len: 2996 time: 0.2492309
2026-06-24 19:07:48.057 10 WARNING neutron.scheduler.dhcp_agent_scheduler [None req-52aaf3d1-6507-424b-9711-9cd4c604fe3e 7b09cac05c2740a38a49706cf4721fcf 9558f560915143b18d6815043070be38 - - default default] No more DHCP agents
2026-06-24 19:07:48.058 10 WARNING neutron.api.rpc.agentnotifiers.dhcp_rpc_agent_api [None req-52aaf3d1-6507-424b-9711-9cd4c604fe3e 7b09cac05c2740a38a49706cf4721fcf 9558f560915143b18d6815043070be38 - - default default] Unable to schedule network c6d9d8d4-11a8-4f83-a975-a13288e35fa5: no agents available; will retry on subsequent port and subnet creation events.
2026-06-24 19:07:48.254 9 INFO neutron.wsgi [None req-9c0c4dc0-42a1-4186-83a2-8a0e66567cfe a8a7de7117fb409b9a502b48744ef2cf f8b25b63beb84fa2ada4f999d2568fdb - - default default] 10.0.0.198 "DELETE /v2.0/security-groups/4043a413-8637-4095-89c2-130dfdf50967 HTTP/1.1" status: 204 len: 168 time: 0.2113643
2026-06-24 19:07:48.569 10 INFO neutron.db.ovn_revision_numbers_db [None req-52aaf3d1-6507-424b-9711-9cd4c604fe3e 7b09cac05c2740a38a49706cf4721fcf 9558f560915143b18d6815043070be38 - - default default] Successfully bumped revision number for resource 6517b144-bb84-495c-9cd0-8fc38fc87207 (type: ports) to 2
2026-06-24 19:07:48.606 10 INFO neutron.db.ovn_revision_numbers_db [None req-52aaf3d1-6507-424b-9711-9cd4c604fe3e 7b09cac05c2740a38a49706cf4721fcf 9558f560915143b18d6815043070be38 - - default default] Successfully bumped revision number for resource 33db73f2-26fb-4e01-805e-84133facced9 (type: subnets) to 0
2026-06-24 19:07:48.622 10 INFO neutron.wsgi [None req-52aaf3d1-6507-424b-9711-9cd4c604fe3e 7b09cac05c2740a38a49706cf4721fcf 9558f560915143b18d6815043070be38 - - default default] 10.0.0.198 "POST /v2.0/subnets HTTP/1.1" status: 201 len: 822 time: 0.7536600
2026-06-24 19:07:48.634 10 WARNING neutron.api.v2.base [None req-5c2a0127-0f3f-40f3-aed5-ebb9de41b2bf 7b09cac05c2740a38a49706cf4721fcf 9558f560915143b18d6815043070be38 - - default default] An exception happened while processing the request body. The exception message is [Invalid input for target_tenant. Reason: '1234123412341234123412341234123412341234123412341234123412341234123412341234123412341234123412341234123412341234123412341234123412341234123412341234123412341234123412341234123412341234123412341234123412341234123412341234123412341234123412341234123412341234123412341234123412341234123412341234123412341234123412341234123412341234123412341234123412341234123412341234123412341234123412341234123412341234' exceeds maximum length of 255.].: webob.exc.HTTPBadRequest: Invalid input for target_tenant. Reason: '1234123412341234123412341234123412341234123412341234123412341234123412341234123412341234123412341234123412341234123412341234123412341234123412341234123412341234123412341234123412341234123412341234123412341234123412341234123412341234123412341234123412341234123412341234123412341234123412341234123412341234123412341234123412341234123412341234123412341234123412341234123412341234123412341234123412341234' exceeds maximum length of 255.
2026-06-24 19:07:48.635 10 INFO neutron.api.v2.resource [None req-5c2a0127-0f3f-40f3-aed5-ebb9de41b2bf 7b09cac05c2740a38a49706cf4721fcf 9558f560915143b18d6815043070be38 - - default default] create failed (client error): Invalid input for target_tenant. Reason: '1234123412341234123412341234123412341234123412341234123412341234123412341234123412341234123412341234123412341234123412341234123412341234123412341234123412341234123412341234123412341234123412341234123412341234123412341234123412341234123412341234123412341234123412341234123412341234123412341234123412341234123412341234123412341234123412341234123412341234123412341234123412341234123412341234123412341234' exceeds maximum length of 255.
2026-06-24 19:07:48.636 10 INFO neutron.wsgi [None req-5c2a0127-0f3f-40f3-aed5-ebb9de41b2bf 7b09cac05c2740a38a49706cf4721fcf 9558f560915143b18d6815043070be38 - - default default] 10.0.0.198 "POST /v2.0/rbac-policies HTTP/1.1" status: 400 len: 750 time: 0.0075197
2026-06-24 19:07:48.927 9 WARNING neutron_lib.context [None req-85f28f77-1324-4ea3-be77-5957cfb680d2 6a0446aa060a4969a9c855a6a2b8845c dabf24bccf8d4874a1dafbbeac187f5c - - default default] Method 'is_advsvc' is deprecated since 2023.2 release (neutron-lib 3.8.0) and will be removed once support for the old RBAC API policies will be removed from Neutron. Please use method 'is_service_role' instead.
2026-06-24 19:07:49.051 9 INFO neutron.db.ovn_revision_numbers_db [None req-85f28f77-1324-4ea3-be77-5957cfb680d2 6a0446aa060a4969a9c855a6a2b8845c dabf24bccf8d4874a1dafbbeac187f5c - - default default] Successfully bumped revision number for resource 234ddd43-ccbe-47c4-afc7-927988c3c779 (type: security_groups) to 1
2026-06-24 19:07:49.062 9 INFO neutron.db.ovn_revision_numbers_db [None req-85f28f77-1324-4ea3-be77-5957cfb680d2 6a0446aa060a4969a9c855a6a2b8845c dabf24bccf8d4874a1dafbbeac187f5c - - default default] Successfully bumped revision number for resource 5a6b91bc-9d42-4004-bcc2-1b5e589f2204 (type: security_group_rules) to 0
2026-06-24 19:07:49.077 9 INFO neutron.db.ovn_revision_numbers_db [None req-85f28f77-1324-4ea3-be77-5957cfb680d2 6a0446aa060a4969a9c855a6a2b8845c dabf24bccf8d4874a1dafbbeac187f5c - - default default] Successfully bumped revision number for resource c94fa16d-283a-44f9-9d37-3f2cd695e14a (type: security_group_rules) to 0
2026-06-24 19:07:49.091 9 INFO neutron.db.ovn_revision_numbers_db [None req-85f28f77-1324-4ea3-be77-5957cfb680d2 6a0446aa060a4969a9c855a6a2b8845c dabf24bccf8d4874a1dafbbeac187f5c - - default default] Successfully bumped revision number for resource cdef5e3c-fce6-43eb-bb39-400c78b868d6 (type: security_group_rules) to 0
2026-06-24 19:07:49.110 9 INFO neutron.db.ovn_revision_numbers_db [None req-85f28f77-1324-4ea3-be77-5957cfb680d2 6a0446aa060a4969a9c855a6a2b8845c dabf24bccf8d4874a1dafbbeac187f5c - - default default] Successfully bumped revision number for resource e1fba2da-bcde-4cb2-bbac-e9ca96e36b2c (type: security_group_rules) to 0
2026-06-24 19:07:49.131 10 INFO neutron.services.segments.plugin [-] Segment 877917ec-2490-416e-a21f-9dc9e16d85ce resource provider aggregate not found
2026-06-24 19:07:49.135 10 INFO neutron.services.segments.plugin [-] Segment 877917ec-2490-416e-a21f-9dc9e16d85ce resource provider aggregate not found
2026-06-24 19:07:49.151 10 INFO neutron.services.segments.plugin [-] Segment 877917ec-2490-416e-a21f-9dc9e16d85ce resource provider not found; error: Placement Client Error (4xx): {"errors": [{"status": 404, "title": "Not Found", "detail": "The resource could not be found.\n\n No resource provider with uuid 877917ec-2490-416e-a21f-9dc9e16d85ce found for delete ", "request_id": "req-0ed5675c-1497-452f-8f87-ffae3f3bb2db"}]}
2026-06-24 19:07:49.152 10 INFO neutron.services.segments.plugin [-] Segment 877917ec-2490-416e-a21f-9dc9e16d85ce resource provider not found; error: Placement Client Error (4xx): {"errors": [{"status": 404, "title": "Not Found", "detail": "The resource could not be found.\n\n No resource provider with uuid 877917ec-2490-416e-a21f-9dc9e16d85ce found for delete ", "request_id": "req-0d65ebd5-1f20-4225-8ccc-875a48c2e230"}]}
2026-06-24 19:07:49.171 10 INFO neutron.wsgi [None req-4649698e-4fb4-42f1-985c-0421028f482d 7b09cac05c2740a38a49706cf4721fcf 9558f560915143b18d6815043070be38 - - default default] 10.0.0.198 "DELETE /v2.0/networks/c6d9d8d4-11a8-4f83-a975-a13288e35fa5 HTTP/1.1" status: 204 len: 168 time: 0.5297174
2026-06-24 19:07:49.194 9 INFO neutron.db.segments_db [None req-85f28f77-1324-4ea3-be77-5957cfb680d2 6a0446aa060a4969a9c855a6a2b8845c dabf24bccf8d4874a1dafbbeac187f5c - - default default] Added segment 381d025d-eae5-4250-b742-ac84f8bc2bf1 of type geneve for network 873c9c00-1f02-4bda-989a-f40a3c6824eb
2026-06-24 19:07:49.286 9 INFO neutron.db.segments_db [None req-baee4770-da0c-4373-923c-55fbb6c51a83 7b09cac05c2740a38a49706cf4721fcf 9558f560915143b18d6815043070be38 - - default default] Added segment 19efd376-a6e4-4a22-91c9-84dff8277aba of type geneve for network b57122d3-d03a-4f9e-95db-6834ddfe301c
2026-06-24 19:07:49.430 9 INFO neutron.db.ovn_revision_numbers_db [None req-85f28f77-1324-4ea3-be77-5957cfb680d2 6a0446aa060a4969a9c855a6a2b8845c dabf24bccf8d4874a1dafbbeac187f5c - - default default] Successfully bumped revision number for resource 873c9c00-1f02-4bda-989a-f40a3c6824eb (type: networks) to 1
2026-06-24 19:07:49.566 9 INFO neutron.db.ovn_revision_numbers_db [None req-baee4770-da0c-4373-923c-55fbb6c51a83 7b09cac05c2740a38a49706cf4721fcf 9558f560915143b18d6815043070be38 - - default default] Successfully bumped revision number for resource b57122d3-d03a-4f9e-95db-6834ddfe301c (type: networks) to 1
2026-06-24 19:07:49.655 9 INFO neutron.db.ovn_revision_numbers_db [None req-290e26a4-8785-4e09-9491-483aa1f84f5d a8a7de7117fb409b9a502b48744ef2cf f8b25b63beb84fa2ada4f999d2568fdb - - default default] Successfully bumped revision number for resource f65776f6-fec5-420f-9ad2-4fc8f5e604c2 (type: security_groups) to 1
2026-06-24 19:07:49.695 9 INFO neutron.db.ovn_revision_numbers_db [None req-290e26a4-8785-4e09-9491-483aa1f84f5d a8a7de7117fb409b9a502b48744ef2cf f8b25b63beb84fa2ada4f999d2568fdb - - default default] Successfully bumped revision number for resource 3332b7c2-ca35-408e-a413-9ab1842563d7 (type: security_group_rules) to 0
2026-06-24 19:07:49.729 9 INFO neutron.db.ovn_revision_numbers_db [None req-290e26a4-8785-4e09-9491-483aa1f84f5d a8a7de7117fb409b9a502b48744ef2cf f8b25b63beb84fa2ada4f999d2568fdb - - default default] Successfully bumped revision number for resource 884b0d7a-2a34-4312-8e41-ac65dfab1d39 (type: security_group_rules) to 0
2026-06-24 19:07:49.741 9 WARNING neutron.scheduler.dhcp_agent_scheduler [None req-85f28f77-1324-4ea3-be77-5957cfb680d2 6a0446aa060a4969a9c855a6a2b8845c dabf24bccf8d4874a1dafbbeac187f5c - - default default] No more DHCP agents
2026-06-24 19:07:49.745 9 WARNING neutron.api.rpc.agentnotifiers.dhcp_rpc_agent_api [None req-85f28f77-1324-4ea3-be77-5957cfb680d2 6a0446aa060a4969a9c855a6a2b8845c dabf24bccf8d4874a1dafbbeac187f5c - - default default] Unable to schedule network 873c9c00-1f02-4bda-989a-f40a3c6824eb: no agents available; will retry on subsequent port and subnet creation events.
2026-06-24 19:07:49.758 9 INFO neutron.db.ovn_revision_numbers_db [None req-290e26a4-8785-4e09-9491-483aa1f84f5d a8a7de7117fb409b9a502b48744ef2cf f8b25b63beb84fa2ada4f999d2568fdb - - default default] Successfully bumped revision number for resource 9b16a2b4-c943-4901-b722-afa5530d4ec7 (type: security_group_rules) to 0
2026-06-24 19:07:49.790 9 INFO neutron.db.ovn_revision_numbers_db [None req-290e26a4-8785-4e09-9491-483aa1f84f5d a8a7de7117fb409b9a502b48744ef2cf f8b25b63beb84fa2ada4f999d2568fdb - - default default] Successfully bumped revision number for resource dd66140d-c036-4d9c-88d2-099ad9666671 (type: security_group_rules) to 0
2026-06-24 19:07:49.828 9 WARNING neutron.scheduler.dhcp_agent_scheduler [None req-baee4770-da0c-4373-923c-55fbb6c51a83 7b09cac05c2740a38a49706cf4721fcf 9558f560915143b18d6815043070be38 - - default default] No more DHCP agents
2026-06-24 19:07:49.836 9 INFO neutron.wsgi [None req-290e26a4-8785-4e09-9491-483aa1f84f5d a8a7de7117fb409b9a502b48744ef2cf f8b25b63beb84fa2ada4f999d2568fdb - - default default] 10.0.0.198 "GET /v2.0/security-groups?tenant_id=62e84ad3fb5f4fffaafdff6d0a6dbbdb&name=default HTTP/1.1" status: 200 len: 2996 time: 0.7038879
2026-06-24 19:07:49.843 9 WARNING neutron.api.rpc.agentnotifiers.dhcp_rpc_agent_api [None req-baee4770-da0c-4373-923c-55fbb6c51a83 7b09cac05c2740a38a49706cf4721fcf 9558f560915143b18d6815043070be38 - - default default] Unable to schedule network b57122d3-d03a-4f9e-95db-6834ddfe301c: no agents available; will retry on subsequent port and subnet creation events.
2026-06-24 19:07:49.891 9 INFO neutron.db.ovn_revision_numbers_db [None req-85f28f77-1324-4ea3-be77-5957cfb680d2 6a0446aa060a4969a9c855a6a2b8845c dabf24bccf8d4874a1dafbbeac187f5c - - default default] Successfully bumped revision number for resource c1ed6386-1dda-4943-b99d-5bf6deb48c53 (type: ports) to 1
2026-06-24 19:07:49.927 9 INFO neutron.wsgi [None req-85f28f77-1324-4ea3-be77-5957cfb680d2 6a0446aa060a4969a9c855a6a2b8845c dabf24bccf8d4874a1dafbbeac187f5c - - default default] 10.0.0.198 "POST /v2.0/networks HTTP/1.1" status: 201 len: 833 time: 1.1956055
2026-06-24 19:07:49.934 9 INFO neutron.db.ovn_revision_numbers_db [None req-baee4770-da0c-4373-923c-55fbb6c51a83 7b09cac05c2740a38a49706cf4721fcf 9558f560915143b18d6815043070be38 - - default default] Successfully bumped revision number for resource 907c729e-9773-425c-ac5f-58b53a2aeab3 (type: ports) to 1
2026-06-24 19:07:49.943 9 WARNING neutron_lib.context [None req-ec7e7e68-b1e8-42bd-a5f7-b6afc2f392c1 6a0446aa060a4969a9c855a6a2b8845c dabf24bccf8d4874a1dafbbeac187f5c - - default default] Method 'is_advsvc' is deprecated since 2023.2 release (neutron-lib 3.8.0) and will be removed once support for the old RBAC API policies will be removed from Neutron. Please use method 'is_service_role' instead.
2026-06-24 19:07:49.970 9 INFO neutron.wsgi [None req-baee4770-da0c-4373-923c-55fbb6c51a83 7b09cac05c2740a38a49706cf4721fcf 9558f560915143b18d6815043070be38 - - default default] 10.0.0.198 "POST /v2.0/networks HTTP/1.1" status: 201 len: 929 time: 0.7932355
2026-06-24 19:07:50.040 9 INFO neutron.db.segments_db [None req-ec7e7e68-b1e8-42bd-a5f7-b6afc2f392c1 6a0446aa060a4969a9c855a6a2b8845c dabf24bccf8d4874a1dafbbeac187f5c - - default default] Added segment 6c09e48a-5c10-4d16-a60b-0377aa4cd897 of type geneve for network c3fec6f1-ce0b-4a7e-86d7-9e357156f34f
2026-06-24 19:07:50.041 10 INFO neutron.wsgi [None req-86973a1a-2bc8-46c0-ace4-5054aabd482d a8a7de7117fb409b9a502b48744ef2cf f8b25b63beb84fa2ada4f999d2568fdb - - default default] 10.0.0.198 "DELETE /v2.0/security-groups/f65776f6-fec5-420f-9ad2-4fc8f5e604c2 HTTP/1.1" status: 204 len: 168 time: 0.2008929
2026-06-24 19:07:50.407 9 WARNING neutron.scheduler.dhcp_agent_scheduler [None req-e32fddcb-2cce-408e-ab2f-a70bafe5fc0e 7b09cac05c2740a38a49706cf4721fcf 9558f560915143b18d6815043070be38 - - default default] No more DHCP agents
2026-06-24 19:07:50.411 9 WARNING neutron.api.rpc.agentnotifiers.dhcp_rpc_agent_api [None req-e32fddcb-2cce-408e-ab2f-a70bafe5fc0e 7b09cac05c2740a38a49706cf4721fcf 9558f560915143b18d6815043070be38 - - default default] Unable to schedule network b57122d3-d03a-4f9e-95db-6834ddfe301c: no agents available; will retry on subsequent port and subnet creation events.
2026-06-24 19:07:50.439 9 INFO neutron.db.ovn_revision_numbers_db [None req-ec7e7e68-b1e8-42bd-a5f7-b6afc2f392c1 6a0446aa060a4969a9c855a6a2b8845c dabf24bccf8d4874a1dafbbeac187f5c - - default default] Successfully bumped revision number for resource c3fec6f1-ce0b-4a7e-86d7-9e357156f34f (type: networks) to 1
2026-06-24 19:07:50.647 9 WARNING neutron.scheduler.dhcp_agent_scheduler [None req-ec7e7e68-b1e8-42bd-a5f7-b6afc2f392c1 6a0446aa060a4969a9c855a6a2b8845c dabf24bccf8d4874a1dafbbeac187f5c - - default default] No more DHCP agents
2026-06-24 19:07:50.650 9 WARNING neutron.api.rpc.agentnotifiers.dhcp_rpc_agent_api [None req-ec7e7e68-b1e8-42bd-a5f7-b6afc2f392c1 6a0446aa060a4969a9c855a6a2b8845c dabf24bccf8d4874a1dafbbeac187f5c - - default default] Unable to schedule network c3fec6f1-ce0b-4a7e-86d7-9e357156f34f: no agents available; will retry on subsequent port and subnet creation events.
2026-06-24 19:07:50.749 10 INFO neutron.db.ovn_revision_numbers_db [None req-5b15fb94-9d5f-4e48-99ab-3df930dae0e7 a8a7de7117fb409b9a502b48744ef2cf f8b25b63beb84fa2ada4f999d2568fdb - - default default] Successfully bumped revision number for resource f1d0ce60-1eb1-440c-a7ac-be68f3f92bc0 (type: security_groups) to 1
2026-06-24 19:07:50.772 10 INFO neutron.db.ovn_revision_numbers_db [None req-5b15fb94-9d5f-4e48-99ab-3df930dae0e7 a8a7de7117fb409b9a502b48744ef2cf f8b25b63beb84fa2ada4f999d2568fdb - - default default] Successfully bumped revision number for resource 39cc582d-d7d4-4aa6-823d-4c3e09053a56 (type: security_group_rules) to 0
2026-06-24 19:07:50.790 10 INFO neutron.db.ovn_revision_numbers_db [None req-5b15fb94-9d5f-4e48-99ab-3df930dae0e7 a8a7de7117fb409b9a502b48744ef2cf f8b25b63beb84fa2ada4f999d2568fdb - - default default] Successfully bumped revision number for resource 7f32a74c-4b81-4ed3-90cd-9ce8364393d3 (type: security_group_rules) to 0
2026-06-24 19:07:50.806 10 INFO neutron.db.ovn_revision_numbers_db [None req-5b15fb94-9d5f-4e48-99ab-3df930dae0e7 a8a7de7117fb409b9a502b48744ef2cf f8b25b63beb84fa2ada4f999d2568fdb - - default default] Successfully bumped revision number for resource a930e36b-8d1d-4c09-8a86-73fb07cec201 (type: security_group_rules) to 0
2026-06-24 19:07:50.807 9 INFO neutron.db.ovn_revision_numbers_db [None req-ec7e7e68-b1e8-42bd-a5f7-b6afc2f392c1 6a0446aa060a4969a9c855a6a2b8845c dabf24bccf8d4874a1dafbbeac187f5c - - default default] Successfully bumped revision number for resource 1649c195-4b71-4896-8d41-402710394ca7 (type: ports) to 1
2026-06-24 19:07:50.825 10 INFO neutron.db.ovn_revision_numbers_db [None req-5b15fb94-9d5f-4e48-99ab-3df930dae0e7 a8a7de7117fb409b9a502b48744ef2cf f8b25b63beb84fa2ada4f999d2568fdb - - default default] Successfully bumped revision number for resource c721b7cc-c6d2-4426-ab06-df0f5241d8fd (type: security_group_rules) to 0
2026-06-24 19:07:50.842 9 INFO neutron.wsgi [None req-ec7e7e68-b1e8-42bd-a5f7-b6afc2f392c1 6a0446aa060a4969a9c855a6a2b8845c dabf24bccf8d4874a1dafbbeac187f5c - - default default] 10.0.0.198 "POST /v2.0/networks HTTP/1.1" status: 201 len: 832 time: 0.9052243
2026-06-24 19:07:50.856 10 INFO neutron.wsgi [None req-5b15fb94-9d5f-4e48-99ab-3df930dae0e7 a8a7de7117fb409b9a502b48744ef2cf f8b25b63beb84fa2ada4f999d2568fdb - - default default] 10.0.0.198 "GET /v2.0/security-groups?tenant_id=8f7830e08f35495baffa8999749591ba&name=default HTTP/1.1" status: 200 len: 2996 time: 0.3365512
2026-06-24 19:07:50.862 10 WARNING neutron_lib.context [None req-96175303-e965-4af2-89e1-ad416f025088 6a0446aa060a4969a9c855a6a2b8845c dabf24bccf8d4874a1dafbbeac187f5c - - default default] Method 'is_advsvc' is deprecated since 2023.2 release (neutron-lib 3.8.0) and will be removed once support for the old RBAC API policies will be removed from Neutron. Please use method 'is_service_role' instead.
2026-06-24 19:07:51.046 9 INFO neutron.db.ovn_revision_numbers_db [None req-e32fddcb-2cce-408e-ab2f-a70bafe5fc0e 7b09cac05c2740a38a49706cf4721fcf 9558f560915143b18d6815043070be38 - - default default] Successfully bumped revision number for resource 907c729e-9773-425c-ac5f-58b53a2aeab3 (type: ports) to 2
2026-06-24 19:07:51.078 9 INFO neutron.db.ovn_revision_numbers_db [None req-e32fddcb-2cce-408e-ab2f-a70bafe5fc0e 7b09cac05c2740a38a49706cf4721fcf 9558f560915143b18d6815043070be38 - - default default] Successfully bumped revision number for resource 7fefe0a0-05fd-4c39-83b3-2437cb89bdd7 (type: subnets) to 0
2026-06-24 19:07:51.088 10 WARNING neutron.scheduler.dhcp_agent_scheduler [None req-96175303-e965-4af2-89e1-ad416f025088 6a0446aa060a4969a9c855a6a2b8845c dabf24bccf8d4874a1dafbbeac187f5c - - default default] No more DHCP agents
2026-06-24 19:07:51.090 10 WARNING neutron.api.rpc.agentnotifiers.dhcp_rpc_agent_api [None req-96175303-e965-4af2-89e1-ad416f025088 6a0446aa060a4969a9c855a6a2b8845c dabf24bccf8d4874a1dafbbeac187f5c - - default default] Unable to schedule network 873c9c00-1f02-4bda-989a-f40a3c6824eb: no agents available; will retry on subsequent port and subnet creation events.
2026-06-24 19:07:51.092 9 INFO neutron.wsgi [None req-e32fddcb-2cce-408e-ab2f-a70bafe5fc0e 7b09cac05c2740a38a49706cf4721fcf 9558f560915143b18d6815043070be38 - - default default] 10.0.0.198 "POST /v2.0/subnets HTTP/1.1" status: 201 len: 822 time: 1.1164591
2026-06-24 19:07:51.122 10 INFO neutron.db.ovn_revision_numbers_db [None req-96175303-e965-4af2-89e1-ad416f025088 6a0446aa060a4969a9c855a6a2b8845c dabf24bccf8d4874a1dafbbeac187f5c - - default default] Successfully bumped revision number for resource 4e7e8322-4f97-4c35-8d5f-c3e6b7260fcb (type: subnets) to 0
2026-06-24 19:07:51.126 9 INFO neutron.wsgi [None req-290c6c4a-296a-4269-87b9-ce040cc1e3e2 a8a7de7117fb409b9a502b48744ef2cf f8b25b63beb84fa2ada4f999d2568fdb - - default default] 10.0.0.198 "DELETE /v2.0/security-groups/f1d0ce60-1eb1-440c-a7ac-be68f3f92bc0 HTTP/1.1" status: 204 len: 168 time: 0.2545140
2026-06-24 19:07:51.138 10 INFO neutron.wsgi [None req-96175303-e965-4af2-89e1-ad416f025088 6a0446aa060a4969a9c855a6a2b8845c dabf24bccf8d4874a1dafbbeac187f5c - - default default] 10.0.0.198 "POST /v2.0/subnets HTTP/1.1" status: 201 len: 821 time: 0.2804997
2026-06-24 19:07:51.149 9 WARNING neutron_lib.context [None req-f1a4a9ea-8a8b-47b5-8fa3-1a1b1224e177 6a0446aa060a4969a9c855a6a2b8845c dabf24bccf8d4874a1dafbbeac187f5c - - default default] Method 'is_advsvc' is deprecated since 2023.2 release (neutron-lib 3.8.0) and will be removed once support for the old RBAC API policies will be removed from Neutron. Please use method 'is_service_role' instead.
2026-06-24 19:07:51.480 9 WARNING neutron.scheduler.dhcp_agent_scheduler [None req-f1a4a9ea-8a8b-47b5-8fa3-1a1b1224e177 6a0446aa060a4969a9c855a6a2b8845c dabf24bccf8d4874a1dafbbeac187f5c - - default default] No more DHCP agents
2026-06-24 19:07:51.484 9 INFO neutron.wsgi [None req-63d5d3ea-a9b8-40fa-976d-761943b779ea 7b09cac05c2740a38a49706cf4721fcf 9558f560915143b18d6815043070be38 - - default default] 10.0.0.198 "POST /v2.0/rbac-policies HTTP/1.1" status: 201 len: 523 time: 0.3836420
2026-06-24 19:07:51.485 9 WARNING neutron.api.rpc.agentnotifiers.dhcp_rpc_agent_api [None req-f1a4a9ea-8a8b-47b5-8fa3-1a1b1224e177 6a0446aa060a4969a9c855a6a2b8845c dabf24bccf8d4874a1dafbbeac187f5c - - default default] Unable to schedule network c3fec6f1-ce0b-4a7e-86d7-9e357156f34f: no agents available; will retry on subsequent port and subnet creation events.
2026-06-24 19:07:51.517 9 INFO neutron.db.ovn_revision_numbers_db [None req-f1a4a9ea-8a8b-47b5-8fa3-1a1b1224e177 6a0446aa060a4969a9c855a6a2b8845c dabf24bccf8d4874a1dafbbeac187f5c - - default default] Successfully bumped revision number for resource 62e7ee35-d510-41f6-978f-8cf5cba928a4 (type: subnets) to 0
2026-06-24 19:07:51.531 9 INFO neutron.wsgi [None req-f1a4a9ea-8a8b-47b5-8fa3-1a1b1224e177 6a0446aa060a4969a9c855a6a2b8845c dabf24bccf8d4874a1dafbbeac187f5c - - default default] 10.0.0.198 "POST /v2.0/subnets HTTP/1.1" status: 201 len: 830 time: 0.3863294
2026-06-24 19:07:51.541 9 WARNING neutron_lib.context [None req-1c6a4997-1fe6-4697-93a3-d8e52cd63b80 6a0446aa060a4969a9c855a6a2b8845c dabf24bccf8d4874a1dafbbeac187f5c - - default default] Method 'is_advsvc' is deprecated since 2023.2 release (neutron-lib 3.8.0) and will be removed once support for the old RBAC API policies will be removed from Neutron. Please use method 'is_service_role' instead.
2026-06-24 19:07:51.678 9 INFO neutron.db.ovn_revision_numbers_db [None req-1c6a4997-1fe6-4697-93a3-d8e52cd63b80 6a0446aa060a4969a9c855a6a2b8845c dabf24bccf8d4874a1dafbbeac187f5c - - default default] Successfully bumped revision number for resource 03d274c9-aabd-48df-901d-b9f667ccf247 (type: routers) to 1
2026-06-24 19:07:51.692 9 INFO neutron.wsgi [None req-1c6a4997-1fe6-4697-93a3-d8e52cd63b80 6a0446aa060a4969a9c855a6a2b8845c dabf24bccf8d4874a1dafbbeac187f5c - - default default] 10.0.0.198 "POST /v2.0/routers HTTP/1.1" status: 201 len: 690 time: 0.1560614
2026-06-24 19:07:51.973 9 INFO neutron.wsgi [None req-88d8a738-a730-4a90-a8c1-72a10704e5ec bb3c363d936e418da0ea3eb4a0f69168 053d9afcca574621be139421236df168 - - default default] 10.0.0.198 "GET /v2.0/networks/b57122d3-d03a-4f9e-95db-6834ddfe301c HTTP/1.1" status: 200 len: 849 time: 0.1388459
2026-06-24 19:07:52.031 10 INFO neutron.db.ovn_revision_numbers_db [None req-6076f8e4-8f66-40a2-b58c-51d3d6bf175c a8a7de7117fb409b9a502b48744ef2cf f8b25b63beb84fa2ada4f999d2568fdb - - default default] Successfully bumped revision number for resource 662707dc-f993-4205-b805-caed66514c8f (type: security_groups) to 1
2026-06-24 19:07:52.043 10 INFO neutron.db.ovn_revision_numbers_db [None req-6076f8e4-8f66-40a2-b58c-51d3d6bf175c a8a7de7117fb409b9a502b48744ef2cf f8b25b63beb84fa2ada4f999d2568fdb - - default default] Successfully bumped revision number for resource 24ae1f48-ca97-490f-b34a-1c8ef8d54762 (type: security_group_rules) to 0
2026-06-24 19:07:52.068 10 INFO neutron.db.ovn_revision_numbers_db [None req-6076f8e4-8f66-40a2-b58c-51d3d6bf175c a8a7de7117fb409b9a502b48744ef2cf f8b25b63beb84fa2ada4f999d2568fdb - - default default] Successfully bumped revision number for resource b637223f-c475-4676-a302-87c02a9dcdea (type: security_group_rules) to 0
2026-06-24 19:07:52.090 10 INFO neutron.db.ovn_revision_numbers_db [None req-6076f8e4-8f66-40a2-b58c-51d3d6bf175c a8a7de7117fb409b9a502b48744ef2cf f8b25b63beb84fa2ada4f999d2568fdb - - default default] Successfully bumped revision number for resource bf200774-a338-471e-95b4-a1caf71856d3 (type: security_group_rules) to 0
2026-06-24 19:07:52.106 10 INFO neutron.db.ovn_revision_numbers_db [None req-6076f8e4-8f66-40a2-b58c-51d3d6bf175c a8a7de7117fb409b9a502b48744ef2cf f8b25b63beb84fa2ada4f999d2568fdb - - default default] Successfully bumped revision number for resource edf2cb18-63e4-4def-a652-f5ebd4409c95 (type: security_group_rules) to 0
2026-06-24 19:07:52.157 10 INFO neutron.db.segments_db [None req-6076f8e4-8f66-40a2-b58c-51d3d6bf175c a8a7de7117fb409b9a502b48744ef2cf f8b25b63beb84fa2ada4f999d2568fdb - - default default] Added segment ac9722b8-d30e-4206-9c5d-c909b009b6f8 of type geneve for network a4cb7682-da37-4880-8de3-83c40cf2c85b
2026-06-24 19:07:52.163 9 WARNING neutron.scheduler.dhcp_agent_scheduler [None req-05abd158-6e78-4edb-bf55-ad38c42d1d1c 6a0446aa060a4969a9c855a6a2b8845c dabf24bccf8d4874a1dafbbeac187f5c - - default default] No more DHCP agents
2026-06-24 19:07:52.165 9 WARNING neutron.api.rpc.agentnotifiers.dhcp_rpc_agent_api [None req-05abd158-6e78-4edb-bf55-ad38c42d1d1c 6a0446aa060a4969a9c855a6a2b8845c dabf24bccf8d4874a1dafbbeac187f5c - - default default] Unable to schedule network 873c9c00-1f02-4bda-989a-f40a3c6824eb: no agents available; will retry on subsequent port and subnet creation events.
2026-06-24 19:07:52.289 9 INFO neutron.db.ovn_revision_numbers_db [None req-05abd158-6e78-4edb-bf55-ad38c42d1d1c 6a0446aa060a4969a9c855a6a2b8845c dabf24bccf8d4874a1dafbbeac187f5c - - default default] Successfully bumped revision number for resource 2fde6375-0350-4e6e-b07b-0ed0df9679dc (type: ports) to 1
2026-06-24 19:07:52.325 10 INFO neutron.db.ovn_revision_numbers_db [None req-6076f8e4-8f66-40a2-b58c-51d3d6bf175c a8a7de7117fb409b9a502b48744ef2cf f8b25b63beb84fa2ada4f999d2568fdb - - default default] Successfully bumped revision number for resource a4cb7682-da37-4880-8de3-83c40cf2c85b (type: networks) to 1
2026-06-24 19:07:52.503 10 WARNING neutron.scheduler.dhcp_agent_scheduler [None req-6076f8e4-8f66-40a2-b58c-51d3d6bf175c a8a7de7117fb409b9a502b48744ef2cf f8b25b63beb84fa2ada4f999d2568fdb - - default default] No more DHCP agents
2026-06-24 19:07:52.505 10 WARNING neutron.api.rpc.agentnotifiers.dhcp_rpc_agent_api [None req-6076f8e4-8f66-40a2-b58c-51d3d6bf175c a8a7de7117fb409b9a502b48744ef2cf f8b25b63beb84fa2ada4f999d2568fdb - - default default] Unable to schedule network a4cb7682-da37-4880-8de3-83c40cf2c85b: no agents available; will retry on subsequent port and subnet creation events.
2026-06-24 19:07:52.623 10 INFO neutron.db.ovn_revision_numbers_db [None req-6076f8e4-8f66-40a2-b58c-51d3d6bf175c a8a7de7117fb409b9a502b48744ef2cf f8b25b63beb84fa2ada4f999d2568fdb - - default default] Successfully bumped revision number for resource 23636fe0-b71b-45dd-a9cf-79878119418f (type: ports) to 1
2026-06-24 19:07:52.648 10 INFO neutron.wsgi [None req-6076f8e4-8f66-40a2-b58c-51d3d6bf175c a8a7de7117fb409b9a502b48744ef2cf f8b25b63beb84fa2ada4f999d2568fdb - - default default] 10.0.0.198 "POST /v2.0/networks HTTP/1.1" status: 201 len: 942 time: 0.8835926
2026-06-24 19:07:52.794 10 WARNING neutron.scheduler.dhcp_agent_scheduler [None req-e50ec974-2cfd-4a82-b8ef-2124f8420fc1 a8a7de7117fb409b9a502b48744ef2cf f8b25b63beb84fa2ada4f999d2568fdb - - default default] No more DHCP agents
2026-06-24 19:07:52.796 10 WARNING neutron.api.rpc.agentnotifiers.dhcp_rpc_agent_api [None req-e50ec974-2cfd-4a82-b8ef-2124f8420fc1 a8a7de7117fb409b9a502b48744ef2cf f8b25b63beb84fa2ada4f999d2568fdb - - default default] Unable to schedule network a4cb7682-da37-4880-8de3-83c40cf2c85b: no agents available; will retry on subsequent port and subnet creation events.
2026-06-24 19:07:52.820 9 INFO neutron.pecan_wsgi.hooks.translation [None req-ff1c010d-1149-4e72-a707-b0347594de45 4147cfa4a9484852833953bf14b09a34 5d38dca3866e47df87d4c865af956bf2 - - default default] GET failed (client error): The resource could not be found.
2026-06-24 19:07:52.822 9 INFO neutron.wsgi [None req-ff1c010d-1149-4e72-a707-b0347594de45 4147cfa4a9484852833953bf14b09a34 5d38dca3866e47df87d4c865af956bf2 - - default default] 10.0.0.198 "GET /v2.0/networks/b57122d3-d03a-4f9e-95db-6834ddfe301c HTTP/1.1" status: 404 len: 339 time: 0.4747274
2026-06-24 19:07:52.879 10 INFO neutron.plugins.ml2.drivers.ovn.mech_driver.mech_driver [None req-884a0f8c-2aa1-46d4-bfa7-65445e42ffaf - - - - - -] OVN reports status up for port: 2fde6375-0350-4e6e-b07b-0ed0df9679dc
2026-06-24 19:07:52.895 10 INFO neutron.plugins.ml2.plugin [None req-884a0f8c-2aa1-46d4-bfa7-65445e42ffaf - - - - - -] Attempt 1 to provision port 2fde6375-0350-4e6e-b07b-0ed0df9679dc
