2026-06-24 19:09:38.201 9 INFO neutron.wsgi [None req-5789933d-064e-485f-bf44-8f3e3977f8bf c3bb90f25ae34fd987aac51724d5892b c2ee13076130491cbb0fd425c7635092 - - default default] 10.0.0.198 "DELETE /v2.0/qos/policies/e0acb3fb-e16e-4774-a4d7-8d7b148143e6 HTTP/1.1" status: 204 len: 168 time: 0.0565000
2026-06-24 19:09:38.381 9 INFO neutron.wsgi [req-11090662-b067-4bca-850b-1f72374406aa req-b63b6a4e-e4c1-4d28-8449-1de69200a606 5db40c00b5f94af691e802475e94ad7b 78ff5217bf084cbdb2599b5416f1a68b - - default default] 10.0.0.47 "GET /v2.0/ports?device_id=87c3b35a-a216-4832-aa8a-07a6ac846e27 HTTP/1.1" status: 200 len: 1170 time: 0.1279492
2026-06-24 19:09:38.443 9 INFO neutron.wsgi [req-11090662-b067-4bca-850b-1f72374406aa req-da5e6171-92fd-4a47-b243-3411144b8b5b 5db40c00b5f94af691e802475e94ad7b 78ff5217bf084cbdb2599b5416f1a68b - - default default] 10.0.0.47 "GET /v2.0/security-groups?id=3dede295-fe83-4f47-8f2b-e792175ef2d4&fields=id&fields=name HTTP/1.1" status: 200 len: 313 time: 0.0515428
2026-06-24 19:09:38.576 9 INFO neutron.wsgi [req-64d666fb-a90a-4c06-9959-43e249f65a98 req-c39da60e-0a6a-4bcb-8877-4b8e6bbad5b8 5db40c00b5f94af691e802475e94ad7b 78ff5217bf084cbdb2599b5416f1a68b - - default default] 10.0.0.47 "GET /v2.0/ports?device_id=87c3b35a-a216-4832-aa8a-07a6ac846e27 HTTP/1.1" status: 200 len: 1170 time: 0.0443113
2026-06-24 19:09:38.633 9 INFO neutron.wsgi [req-64d666fb-a90a-4c06-9959-43e249f65a98 req-796dca48-75be-4f80-b121-8e4e1fb0cbc8 5db40c00b5f94af691e802475e94ad7b 78ff5217bf084cbdb2599b5416f1a68b - - default default] 10.0.0.47 "GET /v2.0/security-groups?id=3dede295-fe83-4f47-8f2b-e792175ef2d4&fields=id&fields=name HTTP/1.1" status: 200 len: 313 time: 0.0503025
2026-06-24 19:09:38.711 9 INFO neutron.wsgi [None req-aeccffed-ed79-4414-8386-0a5530c98740 36cea06e0b7c444fa407f1fa27855ebf 97cd212f3a944960a6bd9db11ff90717 - - default default] 10.0.0.198 "GET /v2.0/ports?device_id=87c3b35a-a216-4832-aa8a-07a6ac846e27 HTTP/1.1" status: 200 len: 1404 time: 0.0496156
2026-06-24 19:09:38.828 10 INFO neutron.notifiers.nova [-] Nova event matching ['req-383556d4-cc14-4f80-a6ee-23a4875e8ec0'] response: {'name': 'network-changed', 'server_uuid': '3149fe46-0b80-48e7-a58c-d53955039036', 'tag': 'fd6dcb25-303e-49b1-9b52-1fa928bca408', 'status': 'completed', 'code': 200}
2026-06-24 19:09:38.829 10 INFO neutron.notifiers.nova [-] Nova event matching ['req-383556d4-cc14-4f80-a6ee-23a4875e8ec0'] response: {'server_uuid': '87c3b35a-a216-4832-aa8a-07a6ac846e27', 'name': 'network-vif-plugged', 'status': 'completed', 'tag': 'bfb28c7a-e007-4cb7-be07-7ecd235c2011', 'code': 200}
2026-06-24 19:09:38.830 10 INFO neutron.notifiers.nova [-] Nova event matching ['req-383556d4-cc14-4f80-a6ee-23a4875e8ec0'] response: {'server_uuid': '3149fe46-0b80-48e7-a58c-d53955039036', 'name': 'network-vif-plugged', 'status': 'completed', 'tag': 'fd6dcb25-303e-49b1-9b52-1fa928bca408', 'code': 200}
2026-06-24 19:09:38.830 10 INFO neutron.notifiers.nova [-] Nova event matching ['req-383556d4-cc14-4f80-a6ee-23a4875e8ec0'] response: {'server_uuid': '3149fe46-0b80-48e7-a58c-d53955039036', 'name': 'network-vif-plugged', 'status': 'completed', 'tag': 'fd6dcb25-303e-49b1-9b52-1fa928bca408', 'code': 200} /var/lib/openstack/lib/python3.10/site-packages/pycadf/identifier.py:71: UserWarning: Invalid uuid: neutron. To ensure interoperability, identifiers should be a valid uuid. warnings.warn(('Invalid uuid: %s. To ensure interoperability, '
2026-06-24 19:09:38.892 10 INFO neutron.wsgi [req-29e32392-a2f3-4ef2-a25b-8e0ccbadba69 req-79f0a4f6-35fe-4936-9e6c-233c5137bd02 1bfd51debc0243bfa47e134af339e843 72443ec725ae45abb6554219dff3cf98 - - 96f39892b42c4814a72e6e54be96ca4d 96f39892b42c4814a72e6e54be96ca4d] 199.19.213.122 "GET /v2.0/ports?tenant_id=e4fc9537d8ac48c9b908e9c55bbdbca2&device_id=3149fe46-0b80-48e7-a58c-d53955039036 HTTP/1.1" status: 200 len: 1642 time: 0.0440590
2026-06-24 19:09:39.008 10 INFO neutron.wsgi [req-29e32392-a2f3-4ef2-a25b-8e0ccbadba69 req-cebd2d17-bd1e-46f6-b121-eeaa52fd50ed 1bfd51debc0243bfa47e134af339e843 72443ec725ae45abb6554219dff3cf98 - - 96f39892b42c4814a72e6e54be96ca4d 96f39892b42c4814a72e6e54be96ca4d] 199.19.213.122 "GET /v2.0/networks?id=b02fa205-dfb9-4015-bd34-c9091f68ca6c HTTP/1.1" status: 200 len: 1002 time: 0.1053243
2026-06-24 19:09:39.038 10 INFO neutron.wsgi [req-29e32392-a2f3-4ef2-a25b-8e0ccbadba69 req-886d2855-a9bb-4f7e-85c1-5f83905e4848 1bfd51debc0243bfa47e134af339e843 72443ec725ae45abb6554219dff3cf98 - - 96f39892b42c4814a72e6e54be96ca4d 96f39892b42c4814a72e6e54be96ca4d] 199.19.213.122 "GET /v2.0/floatingips?fixed_ip_address=10.2.2.252&port_id=fd6dcb25-303e-49b1-9b52-1fa928bca408 HTTP/1.1" status: 200 len: 217 time: 0.0247836
2026-06-24 19:09:39.066 10 INFO neutron.wsgi [req-29e32392-a2f3-4ef2-a25b-8e0ccbadba69 req-87b04541-e32a-4e91-95d6-4679ac5310ac 1bfd51debc0243bfa47e134af339e843 72443ec725ae45abb6554219dff3cf98 - - 96f39892b42c4814a72e6e54be96ca4d 96f39892b42c4814a72e6e54be96ca4d] 199.19.213.122 "GET /v2.0/floatingips?fixed_ip_address=fd77%3A1457%3A4cf0%3A26a8%3A%3A1e6&port_id=fd6dcb25-303e-49b1-9b52-1fa928bca408 HTTP/1.1" status: 200 len: 217 time: 0.0222542
2026-06-24 19:09:39.114 10 INFO neutron.wsgi [req-29e32392-a2f3-4ef2-a25b-8e0ccbadba69 req-860935cd-7d65-4545-b3a8-2deb87446d22 1bfd51debc0243bfa47e134af339e843 72443ec725ae45abb6554219dff3cf98 - - 96f39892b42c4814a72e6e54be96ca4d 96f39892b42c4814a72e6e54be96ca4d] 199.19.213.122 "GET /v2.0/subnets?id=aa703f71-895b-4fc1-a113-245bd0045ae6&id=50ba89c2-0481-4037-a983-104bfd144163 HTTP/1.1" status: 200 len: 1567 time: 0.0430305
2026-06-24 19:09:39.144 10 INFO neutron.wsgi [req-29e32392-a2f3-4ef2-a25b-8e0ccbadba69 req-240d43e2-94c6-43bb-9167-117d41b5d446 1bfd51debc0243bfa47e134af339e843 72443ec725ae45abb6554219dff3cf98 - - 96f39892b42c4814a72e6e54be96ca4d 96f39892b42c4814a72e6e54be96ca4d] 199.19.213.122 "GET /v2.0/ports?network_id=b02fa205-dfb9-4015-bd34-c9091f68ca6c&device_owner=network%3Adhcp HTTP/1.1" status: 200 len: 210 time: 0.0251350
2026-06-24 19:09:39.176 10 INFO neutron.wsgi [req-29e32392-a2f3-4ef2-a25b-8e0ccbadba69 req-e8e34039-503b-43ff-8d5a-3f85ab70d01a 1bfd51debc0243bfa47e134af339e843 72443ec725ae45abb6554219dff3cf98 - - 96f39892b42c4814a72e6e54be96ca4d 96f39892b42c4814a72e6e54be96ca4d] 199.19.213.122 "GET /v2.0/ports?network_id=b02fa205-dfb9-4015-bd34-c9091f68ca6c&device_owner=network%3Adhcp HTTP/1.1" status: 200 len: 210 time: 0.0266895
2026-06-24 19:09:39.254 9 INFO neutron.db.l3_db [None req-a3ec49a4-fcd7-47fc-a33e-b94d04bfd178 5db40c00b5f94af691e802475e94ad7b 78ff5217bf084cbdb2599b5416f1a68b - - default default] Floating IP 68940dda-4647-49a1-8f2a-bd4c9e79a321 associated. External IP: 10.96.250.209, port: bfb28c7a-e007-4cb7-be07-7ecd235c2011.
2026-06-24 19:09:39.262 10 INFO neutron.wsgi [req-29e32392-a2f3-4ef2-a25b-8e0ccbadba69 req-9113fa5c-faed-491c-aa45-72d2a73027b2 1bfd51debc0243bfa47e134af339e843 72443ec725ae45abb6554219dff3cf98 - - 96f39892b42c4814a72e6e54be96ca4d 96f39892b42c4814a72e6e54be96ca4d] 199.19.213.122 "GET /v2.0/networks/b02fa205-dfb9-4015-bd34-c9091f68ca6c?fields=segments HTTP/1.1" status: 200 len: 212 time: 0.0755496
2026-06-24 19:09:39.361 10 INFO neutron.wsgi [req-29e32392-a2f3-4ef2-a25b-8e0ccbadba69 req-42113d57-6f60-4471-9d09-5a8a571dd66c 1bfd51debc0243bfa47e134af339e843 72443ec725ae45abb6554219dff3cf98 - - 96f39892b42c4814a72e6e54be96ca4d 96f39892b42c4814a72e6e54be96ca4d] 199.19.213.122 "GET /v2.0/networks/b02fa205-dfb9-4015-bd34-c9091f68ca6c?fields=provider%3Aphysical_network&fields=provider%3Anetwork_type HTTP/1.1" status: 200 len: 277 time: 0.0913055
2026-06-24 19:09:39.362 10 INFO neutron.db.ovn_revision_numbers_db [None req-6602c912-ee38-4063-8c52-d7d55e8e5410 a8a7de7117fb409b9a502b48744ef2cf f8b25b63beb84fa2ada4f999d2568fdb - - default default] Successfully bumped revision number for resource ca0c9098-5719-4c9a-a4b0-308fe43ad00b (type: security_groups) to 1
2026-06-24 19:09:39.378 10 INFO neutron.db.ovn_revision_numbers_db [None req-6602c912-ee38-4063-8c52-d7d55e8e5410 a8a7de7117fb409b9a502b48744ef2cf f8b25b63beb84fa2ada4f999d2568fdb - - default default] Successfully bumped revision number for resource 048ae4ca-8ff9-4eb6-8b3d-90fc148fac56 (type: security_group_rules) to 0
2026-06-24 19:09:39.400 10 INFO neutron.db.ovn_revision_numbers_db [None req-6602c912-ee38-4063-8c52-d7d55e8e5410 a8a7de7117fb409b9a502b48744ef2cf f8b25b63beb84fa2ada4f999d2568fdb - - default default] Successfully bumped revision number for resource 3b08fa76-4a86-4038-b347-9750b497f8d2 (type: security_group_rules) to 0
2026-06-24 19:09:39.423 10 INFO neutron.db.ovn_revision_numbers_db [None req-6602c912-ee38-4063-8c52-d7d55e8e5410 a8a7de7117fb409b9a502b48744ef2cf f8b25b63beb84fa2ada4f999d2568fdb - - default default] Successfully bumped revision number for resource a9558b1f-171e-40ff-a83a-0ced5e60b7ba (type: security_group_rules) to 0
2026-06-24 19:09:39.441 10 INFO neutron.db.ovn_revision_numbers_db [None req-6602c912-ee38-4063-8c52-d7d55e8e5410 a8a7de7117fb409b9a502b48744ef2cf f8b25b63beb84fa2ada4f999d2568fdb - - default default] Successfully bumped revision number for resource e30f9a09-6fad-46e5-a7ab-683f07d7e425 (type: security_group_rules) to 0
2026-06-24 19:09:39.467 10 INFO neutron.wsgi [None req-6602c912-ee38-4063-8c52-d7d55e8e5410 a8a7de7117fb409b9a502b48744ef2cf f8b25b63beb84fa2ada4f999d2568fdb - - default default] 10.0.0.198 "GET /v2.0/security-groups?tenant_id=614245134c50477386813204c1ee2c51&name=default HTTP/1.1" status: 200 len: 3000 time: 0.5681701
2026-06-24 19:09:39.552 9 INFO neutron.wsgi [req-348f07a9-0cc9-42c4-b19a-0daa52b539f3 req-1c2f4d21-823c-419f-9618-ef0cffaf3d7a 38b32c5f1e32448f9d80a0c98b1f7f6b e4fc9537d8ac48c9b908e9c55bbdbca2 - - default default] 10.0.0.47 "GET /v2.0/ports?device_id=3149fe46-0b80-48e7-a58c-d53955039036 HTTP/1.1" status: 200 len: 1404 time: 0.1955304 /var/lib/openstack/lib/python3.10/site-packages/pycadf/identifier.py:71: UserWarning: Invalid uuid: neutron. To ensure interoperability, identifiers should be a valid uuid. warnings.warn(('Invalid uuid: %s. To ensure interoperability, '
2026-06-24 19:09:39.596 9 INFO neutron.db.ovn_revision_numbers_db [None req-a3ec49a4-fcd7-47fc-a33e-b94d04bfd178 5db40c00b5f94af691e802475e94ad7b 78ff5217bf084cbdb2599b5416f1a68b - - default default] Successfully bumped revision number for resource 68940dda-4647-49a1-8f2a-bd4c9e79a321 (type: floatingips) to 4
2026-06-24 19:09:39.632 9 INFO neutron.wsgi [req-348f07a9-0cc9-42c4-b19a-0daa52b539f3 req-8d4f221e-33e0-4b61-9c60-3f3f1e2af382 38b32c5f1e32448f9d80a0c98b1f7f6b e4fc9537d8ac48c9b908e9c55bbdbca2 - - default default] 10.0.0.47 "GET /v2.0/security-groups?id=17c1c00b-ce1d-4ebb-b5c2-3ea3f5851912&fields=id&fields=name HTTP/1.1" status: 200 len: 311 time: 0.0737667
2026-06-24 19:09:39.695 10 INFO neutron.wsgi [None req-c3872400-e24d-41f4-bc0a-4a81d559d560 a8a7de7117fb409b9a502b48744ef2cf f8b25b63beb84fa2ada4f999d2568fdb - - default default] 10.0.0.198 "DELETE /v2.0/security-groups/ca0c9098-5719-4c9a-a4b0-308fe43ad00b HTTP/1.1" status: 204 len: 168 time: 0.2213709
2026-06-24 19:09:39.735 9 INFO neutron.db.ovn_revision_numbers_db [None req-a3ec49a4-fcd7-47fc-a33e-b94d04bfd178 5db40c00b5f94af691e802475e94ad7b 78ff5217bf084cbdb2599b5416f1a68b - - default default] Successfully bumped revision number for resource 68940dda-4647-49a1-8f2a-bd4c9e79a321 (type: floatingips) to 5
2026-06-24 19:09:39.762 9 INFO neutron.wsgi [None req-a3ec49a4-fcd7-47fc-a33e-b94d04bfd178 5db40c00b5f94af691e802475e94ad7b 78ff5217bf084cbdb2599b5416f1a68b - - default default] 10.0.0.198 "PUT /v2.0/floatingips/68940dda-4647-49a1-8f2a-bd4c9e79a321 HTTP/1.1" status: 200 len: 1049 time: 1.0470464
2026-06-24 19:09:39.814 10 INFO neutron.wsgi [None req-c19a12cd-bc4f-4627-a61d-5d0e5902da20 5db40c00b5f94af691e802475e94ad7b 78ff5217bf084cbdb2599b5416f1a68b - - default default] 10.0.0.198 "GET /v2.0/floatingips/68940dda-4647-49a1-8f2a-bd4c9e79a321 HTTP/1.1" status: 200 len: 1051 time: 0.0466115
2026-06-24 19:09:39.821 9 INFO neutron.notifiers.nova [-] Nova event matching ['req-63424ad6-a63d-467a-b222-6af3e2fd87ec'] response: {'name': 'network-changed', 'server_uuid': '87c3b35a-a216-4832-aa8a-07a6ac846e27', 'tag': 'bfb28c7a-e007-4cb7-be07-7ecd235c2011', 'status': 'completed', 'code': 200}
2026-06-24 19:09:39.874 10 INFO neutron.db.ovn_revision_numbers_db [None req-34bcf3fc-1f5a-48f8-b8a6-01cf615a3926 a8a7de7117fb409b9a502b48744ef2cf f8b25b63beb84fa2ada4f999d2568fdb - - default default] Successfully bumped revision number for resource 8e2e07c3-bae7-42ce-8fb1-7ec6f2e4ea7d (type: security_groups) to 1
2026-06-24 19:09:39.890 10 INFO neutron.wsgi [req-45e2f3d1-a525-4b6e-916c-9fffe0e780ad req-dd3edfdb-1e7a-48ac-a7bd-fda36ed7c087 1bfd51debc0243bfa47e134af339e843 72443ec725ae45abb6554219dff3cf98 - - 96f39892b42c4814a72e6e54be96ca4d 96f39892b42c4814a72e6e54be96ca4d] 199.19.213.122 "GET /v2.0/ports?tenant_id=78ff5217bf084cbdb2599b5416f1a68b&device_id=87c3b35a-a216-4832-aa8a-07a6ac846e27 HTTP/1.1" status: 200 len: 1409 time: 0.0506456
2026-06-24 19:09:39.897 10 INFO neutron.db.ovn_revision_numbers_db [None req-34bcf3fc-1f5a-48f8-b8a6-01cf615a3926 a8a7de7117fb409b9a502b48744ef2cf f8b25b63beb84fa2ada4f999d2568fdb - - default default] Successfully bumped revision number for resource 09de0b16-04b0-4948-bc69-aa4f4da090b3 (type: security_group_rules) to 0
2026-06-24 19:09:39.925 9 INFO neutron.db.ovn_revision_numbers_db [None req-b799b5c0-21f8-436a-9fc2-d3af6d080cff a8a7de7117fb409b9a502b48744ef2cf f8b25b63beb84fa2ada4f999d2568fdb - - default default] Successfully bumped revision number for resource 03bf70c1-0002-44ae-9e75-40b0d439fe11 (type: security_groups) to 1
2026-06-24 19:09:39.927 10 INFO neutron.db.ovn_revision_numbers_db [None req-34bcf3fc-1f5a-48f8-b8a6-01cf615a3926 a8a7de7117fb409b9a502b48744ef2cf f8b25b63beb84fa2ada4f999d2568fdb - - default default] Successfully bumped revision number for resource 2aa984ea-1666-4401-b70c-8f0f0e5417f8 (type: security_group_rules) to 0
2026-06-24 19:09:39.939 9 INFO neutron.db.ovn_revision_numbers_db [None req-b799b5c0-21f8-436a-9fc2-d3af6d080cff a8a7de7117fb409b9a502b48744ef2cf f8b25b63beb84fa2ada4f999d2568fdb - - default default] Successfully bumped revision number for resource 19597093-1914-49f7-be30-7a2dcf0d1cd0 (type: security_group_rules) to 0
2026-06-24 19:09:39.950 10 INFO neutron.db.ovn_revision_numbers_db [None req-34bcf3fc-1f5a-48f8-b8a6-01cf615a3926 a8a7de7117fb409b9a502b48744ef2cf f8b25b63beb84fa2ada4f999d2568fdb - - default default] Successfully bumped revision number for resource e35f019b-3190-458b-9065-460e3ae05291 (type: security_group_rules) to 0
2026-06-24 19:09:39.954 9 INFO neutron.db.ovn_revision_numbers_db [None req-b799b5c0-21f8-436a-9fc2-d3af6d080cff a8a7de7117fb409b9a502b48744ef2cf f8b25b63beb84fa2ada4f999d2568fdb - - default default] Successfully bumped revision number for resource ced19965-45a3-43cc-8329-1723a6d95e00 (type: security_group_rules) to 0
2026-06-24 19:09:39.965 10 INFO neutron.wsgi [req-45e2f3d1-a525-4b6e-916c-9fffe0e780ad req-6bdddf6a-f0b6-4615-bf34-f313bd01e660 1bfd51debc0243bfa47e134af339e843 72443ec725ae45abb6554219dff3cf98 - - 96f39892b42c4814a72e6e54be96ca4d 96f39892b42c4814a72e6e54be96ca4d] 199.19.213.122 "GET /v2.0/networks?id=973e0ddb-3248-484e-ac82-fed3dfed06a5 HTTP/1.1" status: 200 len: 958 time: 0.0689526
2026-06-24 19:09:39.969 10 INFO neutron.db.ovn_revision_numbers_db [None req-34bcf3fc-1f5a-48f8-b8a6-01cf615a3926 a8a7de7117fb409b9a502b48744ef2cf f8b25b63beb84fa2ada4f999d2568fdb - - default default] Successfully bumped revision number for resource f50cd328-d08d-4628-b137-5c622d893314 (type: security_group_rules) to 0
2026-06-24 19:09:39.971 9 INFO neutron.db.ovn_revision_numbers_db [None req-b799b5c0-21f8-436a-9fc2-d3af6d080cff a8a7de7117fb409b9a502b48744ef2cf f8b25b63beb84fa2ada4f999d2568fdb - - default default] Successfully bumped revision number for resource f226693f-1fbd-4f32-9fe5-5f7b0b1b0503 (type: security_group_rules) to 0
2026-06-24 19:09:39.985 9 INFO neutron.db.ovn_revision_numbers_db [None req-b799b5c0-21f8-436a-9fc2-d3af6d080cff a8a7de7117fb409b9a502b48744ef2cf f8b25b63beb84fa2ada4f999d2568fdb - - default default] Successfully bumped revision number for resource f53bf16b-cfde-401c-8397-b7feada0f758 (type: security_group_rules) to 0
2026-06-24 19:09:40.011 9 INFO neutron.wsgi [None req-b799b5c0-21f8-436a-9fc2-d3af6d080cff a8a7de7117fb409b9a502b48744ef2cf f8b25b63beb84fa2ada4f999d2568fdb - - default default] 10.0.0.198 "GET /v2.0/security-groups?tenant_id=c2ee13076130491cbb0fd425c7635092&name=default HTTP/1.1" status: 200 len: 3000 time: 0.2202783
2026-06-24 19:09:40.016 10 INFO neutron.wsgi [None req-34bcf3fc-1f5a-48f8-b8a6-01cf615a3926 a8a7de7117fb409b9a502b48744ef2cf f8b25b63beb84fa2ada4f999d2568fdb - - default default] 10.0.0.198 "GET /v2.0/security-groups?tenant_id=ec572565fc9140249b58c11ed4a4e643&name=default HTTP/1.1" status: 200 len: 3000 time: 0.3951621
2026-06-24 19:09:40.037 10 INFO neutron.wsgi [req-45e2f3d1-a525-4b6e-916c-9fffe0e780ad req-49f5c58a-bb60-4ca0-9cba-3fd06f912cf9 1bfd51debc0243bfa47e134af339e843 72443ec725ae45abb6554219dff3cf98 - - 96f39892b42c4814a72e6e54be96ca4d 96f39892b42c4814a72e6e54be96ca4d] 199.19.213.122 "GET /v2.0/floatingips?fixed_ip_address=10.100.0.6&port_id=bfb28c7a-e007-4cb7-be07-7ecd235c2011 HTTP/1.1" status: 200 len: 1059 time: 0.0653217
2026-06-24 19:09:40.080 10 INFO neutron.wsgi [req-45e2f3d1-a525-4b6e-916c-9fffe0e780ad req-41e8d259-e4c0-47f5-b287-076e6cd64c0e 1bfd51debc0243bfa47e134af339e843 72443ec725ae45abb6554219dff3cf98 - - 96f39892b42c4814a72e6e54be96ca4d 96f39892b42c4814a72e6e54be96ca4d] 199.19.213.122 "GET /v2.0/subnets?id=8d4fc4d1-3a0a-433f-b252-0b6f62629a8d HTTP/1.1" status: 200 len: 852 time: 0.0350587
2026-06-24 19:09:40.107 10 INFO neutron.wsgi [req-45e2f3d1-a525-4b6e-916c-9fffe0e780ad req-cc5340c6-ac4b-4e2d-a823-2c4bbd1396d8 1bfd51debc0243bfa47e134af339e843 72443ec725ae45abb6554219dff3cf98 - - 96f39892b42c4814a72e6e54be96ca4d 96f39892b42c4814a72e6e54be96ca4d] 199.19.213.122 "GET /v2.0/ports?network_id=973e0ddb-3248-484e-ac82-fed3dfed06a5&device_owner=network%3Adhcp HTTP/1.1" status: 200 len: 210 time: 0.0200515
2026-06-24 19:09:40.170 10 INFO neutron.wsgi [req-45e2f3d1-a525-4b6e-916c-9fffe0e780ad req-819682ea-72bd-48b5-a845-1cea2cce9e44 1bfd51debc0243bfa47e134af339e843 72443ec725ae45abb6554219dff3cf98 - - 96f39892b42c4814a72e6e54be96ca4d 96f39892b42c4814a72e6e54be96ca4d] 199.19.213.122 "GET /v2.0/networks/973e0ddb-3248-484e-ac82-fed3dfed06a5?fields=segments HTTP/1.1" status: 200 len: 212 time: 0.0562000
2026-06-24 19:09:40.249 9 INFO neutron.wsgi [None req-a8b2a066-7c49-4692-a5fc-e7f05b485357 a8a7de7117fb409b9a502b48744ef2cf f8b25b63beb84fa2ada4f999d2568fdb - - default default] 10.0.0.198 "DELETE /v2.0/security-groups/03bf70c1-0002-44ae-9e75-40b0d439fe11 HTTP/1.1" status: 204 len: 168 time: 0.2327406
2026-06-24 19:09:40.259 10 INFO neutron.wsgi [req-45e2f3d1-a525-4b6e-916c-9fffe0e780ad req-165abb6b-4354-4abb-bbd2-b709c10343c2 1bfd51debc0243bfa47e134af339e843 72443ec725ae45abb6554219dff3cf98 - - 96f39892b42c4814a72e6e54be96ca4d 96f39892b42c4814a72e6e54be96ca4d] 199.19.213.122 "GET /v2.0/networks/973e0ddb-3248-484e-ac82-fed3dfed06a5?fields=provider%3Aphysical_network&fields=provider%3Anetwork_type HTTP/1.1" status: 200 len: 277 time: 0.0822697
2026-06-24 19:09:40.292 9 INFO neutron.wsgi [None req-d493d61b-7322-4d45-942e-14ad4fa7ddef a8a7de7117fb409b9a502b48744ef2cf f8b25b63beb84fa2ada4f999d2568fdb - - default default] 10.0.0.198 "DELETE /v2.0/security-groups/8e2e07c3-bae7-42ce-8fb1-7ec6f2e4ea7d HTTP/1.1" status: 204 len: 168 time: 0.2709866
2026-06-24 19:09:40.737 9 INFO neutron.wsgi [req-b94d3275-36b6-4630-abfe-a188c08b5cdc req-c8ee072b-3d06-417f-b2b1-43eb2acd4e5f 1bfd51debc0243bfa47e134af339e843 72443ec725ae45abb6554219dff3cf98 - - 96f39892b42c4814a72e6e54be96ca4d 96f39892b42c4814a72e6e54be96ca4d] 10.0.0.80 "GET /v2.0/ports?device_id=a512e988-984f-4acf-815a-f822436f2274 HTTP/1.1" status: 200 len: 1634 time: 0.0375991
2026-06-24 19:09:40.786 9 INFO neutron.wsgi [req-b94d3275-36b6-4630-abfe-a188c08b5cdc req-9bce41e5-ae41-49a9-9f0e-8f501789516a 1bfd51debc0243bfa47e134af339e843 72443ec725ae45abb6554219dff3cf98 - - 96f39892b42c4814a72e6e54be96ca4d 96f39892b42c4814a72e6e54be96ca4d] 10.0.0.80 "GET /v2.0/security-groups?id=17c1c00b-ce1d-4ebb-b5c2-3ea3f5851912&fields=id&fields=name HTTP/1.1" status: 200 len: 311 time: 0.0440280
2026-06-24 19:09:40.900 10 INFO neutron.db.ovn_revision_numbers_db [None req-3cfb9ece-081a-4bdd-99d4-ac16c7da9bd6 a8a7de7117fb409b9a502b48744ef2cf f8b25b63beb84fa2ada4f999d2568fdb - - default default] Successfully bumped revision number for resource 68eff25f-933e-470b-be13-2c8d8ad8e5c7 (type: security_groups) to 1
2026-06-24 19:09:40.913 10 INFO neutron.db.ovn_revision_numbers_db [None req-3cfb9ece-081a-4bdd-99d4-ac16c7da9bd6 a8a7de7117fb409b9a502b48744ef2cf f8b25b63beb84fa2ada4f999d2568fdb - - default default] Successfully bumped revision number for resource 1aff4c72-ee62-481a-ba69-7b22166e915a (type: security_group_rules) to 0
2026-06-24 19:09:40.925 10 INFO neutron.db.ovn_revision_numbers_db [None req-3cfb9ece-081a-4bdd-99d4-ac16c7da9bd6 a8a7de7117fb409b9a502b48744ef2cf f8b25b63beb84fa2ada4f999d2568fdb - - default default] Successfully bumped revision number for resource 1e2ae909-cb1d-4178-bc70-f5bccbe564cb (type: security_group_rules) to 0
2026-06-24 19:09:40.940 10 INFO neutron.db.ovn_revision_numbers_db [None req-3cfb9ece-081a-4bdd-99d4-ac16c7da9bd6 a8a7de7117fb409b9a502b48744ef2cf f8b25b63beb84fa2ada4f999d2568fdb - - default default] Successfully bumped revision number for resource 5dce6b11-80d2-4921-8a2f-349f7fb85582 (type: security_group_rules) to 0
2026-06-24 19:09:40.964 10 INFO neutron.db.ovn_revision_numbers_db [None req-3cfb9ece-081a-4bdd-99d4-ac16c7da9bd6 a8a7de7117fb409b9a502b48744ef2cf f8b25b63beb84fa2ada4f999d2568fdb - - default default] Successfully bumped revision number for resource aab5bed7-2cbd-46eb-a5df-2f19f600e560 (type: security_group_rules) to 0
2026-06-24 19:09:40.987 10 INFO neutron.wsgi [None req-3cfb9ece-081a-4bdd-99d4-ac16c7da9bd6 a8a7de7117fb409b9a502b48744ef2cf f8b25b63beb84fa2ada4f999d2568fdb - - default default] 10.0.0.198 "GET /v2.0/security-groups?tenant_id=b060d3986361437dbc9c42fea58c95fd&name=default HTTP/1.1" status: 200 len: 3000 time: 0.4792690
2026-06-24 19:09:41.188 10 INFO neutron.wsgi [None req-0a3cf07b-2a86-4d4a-9cea-0c727a9f9799 a8a7de7117fb409b9a502b48744ef2cf f8b25b63beb84fa2ada4f999d2568fdb - - default default] 10.0.0.198 "DELETE /v2.0/security-groups/68eff25f-933e-470b-be13-2c8d8ad8e5c7 HTTP/1.1" status: 204 len: 168 time: 0.1959321
2026-06-24 19:09:43.932 9 WARNING neutron_lib.context [None req-ad0813ef-1c99-46c1-b9fa-58edfc516248 a8dd940120b045ad9ff9c28dbf5d811d e0517002fe13462488c54b914bda304d - - default default] Method 'is_advsvc' is deprecated since 2023.2 release (neutron-lib 3.8.0) and will be removed once support for the old RBAC API policies will be removed from Neutron. Please use method 'is_service_role' instead.
2026-06-24 19:09:44.091 9 INFO neutron.db.ovn_revision_numbers_db [None req-ad0813ef-1c99-46c1-b9fa-58edfc516248 a8dd940120b045ad9ff9c28dbf5d811d e0517002fe13462488c54b914bda304d - - default default] Successfully bumped revision number for resource 9407bebf-53a4-4755-aa9b-adcc7108386b (type: routers) to 1
2026-06-24 19:09:44.105 9 INFO neutron.wsgi [None req-ad0813ef-1c99-46c1-b9fa-58edfc516248 a8dd940120b045ad9ff9c28dbf5d811d e0517002fe13462488c54b914bda304d - - default default] 10.0.0.198 "POST /v2.0/routers HTTP/1.1" status: 201 len: 654 time: 0.3569887
2026-06-24 19:09:44.176 9 INFO neutron.wsgi [None req-f6f5160e-481f-4dc9-bd21-a2d51134b4b8 a8dd940120b045ad9ff9c28dbf5d811d e0517002fe13462488c54b914bda304d - - default default] 10.0.0.198 "PUT /v2.0/routers/9407bebf-53a4-4755-aa9b-adcc7108386b/tags HTTP/1.1" status: 200 len: 218 time: 0.0649772
2026-06-24 19:09:44.247 9 INFO neutron.wsgi [None req-070f4282-5741-4ad1-b041-c1f8039962ec a8dd940120b045ad9ff9c28dbf5d811d e0517002fe13462488c54b914bda304d - - default default] 10.0.0.198 "GET /v2.0/routers/9407bebf-53a4-4755-aa9b-adcc7108386b/tags HTTP/1.1" status: 200 len: 218 time: 0.0662796
2026-06-24 19:09:44.335 9 INFO neutron.wsgi [None req-b9c68da7-fc46-4173-a9dd-1ec1f7052d70 a8dd940120b045ad9ff9c28dbf5d811d e0517002fe13462488c54b914bda304d - - default default] 10.0.0.198 "PUT /v2.0/routers/9407bebf-53a4-4755-aa9b-adcc7108386b/tags/green HTTP/1.1" status: 201 len: 201 time: 0.0821362
2026-06-24 19:09:44.387 9 INFO neutron.wsgi [None req-718c690e-6f88-43f8-ab29-8e6f880b26f2 a8dd940120b045ad9ff9c28dbf5d811d e0517002fe13462488c54b914bda304d - - default default] 10.0.0.198 "GET /v2.0/routers/9407bebf-53a4-4755-aa9b-adcc7108386b/tags HTTP/1.1" status: 200 len: 227 time: 0.0462065
2026-06-24 19:09:44.439 9 INFO neutron.wsgi [None req-3b94a6e4-7042-43cb-99a9-8bc2b9e1f5f4 a8dd940120b045ad9ff9c28dbf5d811d e0517002fe13462488c54b914bda304d - - default default] 10.0.0.198 "PUT /v2.0/routers/9407bebf-53a4-4755-aa9b-adcc7108386b/tags/red HTTP/1.1" status: 201 len: 201 time: 0.0469484
2026-06-24 19:09:44.486 9 INFO neutron.wsgi [None req-2ced9e7e-96b0-4163-907c-6472e784bd2a a8dd940120b045ad9ff9c28dbf5d811d e0517002fe13462488c54b914bda304d - - default default] 10.0.0.198 "GET /v2.0/routers/9407bebf-53a4-4755-aa9b-adcc7108386b/tags HTTP/1.1" status: 200 len: 227 time: 0.0432405
2026-06-24 19:09:44.563 9 INFO neutron.wsgi [None req-6e076264-3293-4e40-8a1c-59b33b3fe4a9 a8dd940120b045ad9ff9c28dbf5d811d e0517002fe13462488c54b914bda304d - - default default] 10.0.0.198 "PUT /v2.0/routers/9407bebf-53a4-4755-aa9b-adcc7108386b/tags/black.or.white HTTP/1.1" status: 201 len: 201 time: 0.0709443
2026-06-24 19:09:44.618 9 INFO neutron.wsgi [None req-bb4c0a6f-4938-4a9f-ab08-1b22d25afccf a8dd940120b045ad9ff9c28dbf5d811d e0517002fe13462488c54b914bda304d - - default default] 10.0.0.198 "GET /v2.0/routers/9407bebf-53a4-4755-aa9b-adcc7108386b/tags HTTP/1.1" status: 200 len: 245 time: 0.0498123
2026-06-24 19:09:44.687 9 INFO neutron.wsgi [None req-2ff7115b-f014-474b-a518-4a64bc4b1d11 a8dd940120b045ad9ff9c28dbf5d811d e0517002fe13462488c54b914bda304d - - default default] 10.0.0.198 "PUT /v2.0/routers/9407bebf-53a4-4755-aa9b-adcc7108386b/tags HTTP/1.1" status: 200 len: 230 time: 0.0629277
2026-06-24 19:09:44.754 9 INFO neutron.wsgi [None req-1becf0f7-806f-4bdf-a360-f6352ed92c7b a8dd940120b045ad9ff9c28dbf5d811d e0517002fe13462488c54b914bda304d - - default default] 10.0.0.198 "GET /v2.0/routers/9407bebf-53a4-4755-aa9b-adcc7108386b/tags HTTP/1.1" status: 200 len: 230 time: 0.0612574
2026-06-24 19:09:44.803 10 INFO neutron.wsgi [None req-392626fe-6b73-43bd-8865-65ec56efbe3a a8dd940120b045ad9ff9c28dbf5d811d e0517002fe13462488c54b914bda304d - - default default] 10.0.0.198 "GET /v2.0/routers/9407bebf-53a4-4755-aa9b-adcc7108386b/tags/red HTTP/1.1" status: 204 len: 168 time: 0.0440080
2026-06-24 19:09:44.815 9 INFO neutron.wsgi [req-18b22542-c5d9-4362-b4ca-0a5411cdb2bf req-f5f8831c-fb8d-42d9-9a19-63355cc1ea30 38b32c5f1e32448f9d80a0c98b1f7f6b e4fc9537d8ac48c9b908e9c55bbdbca2 - - default default] 10.0.0.47 "GET /v2.0/ports?device_id=3149fe46-0b80-48e7-a58c-d53955039036 HTTP/1.1" status: 200 len: 1404 time: 0.1165004
2026-06-24 19:09:44.851 10 INFO neutron.api.v2.resource [None req-81395f77-3301-446c-a9f3-e9ac554b7992 a8dd940120b045ad9ff9c28dbf5d811d e0517002fe13462488c54b914bda304d - - default default] show failed (client error): The resource could not be found.
2026-06-24 19:09:44.853 10 INFO neutron.wsgi [None req-81395f77-3301-446c-a9f3-e9ac554b7992 a8dd940120b045ad9ff9c28dbf5d811d e0517002fe13462488c54b914bda304d - - default default] 10.0.0.198 "GET /v2.0/routers/9407bebf-53a4-4755-aa9b-adcc7108386b/tags/green HTTP/1.1" status: 404 len: 299 time: 0.0440309
2026-06-24 19:09:44.859 9 INFO neutron.wsgi [req-18b22542-c5d9-4362-b4ca-0a5411cdb2bf req-db232566-92ca-4c0e-a2e6-4fae907f534a 38b32c5f1e32448f9d80a0c98b1f7f6b e4fc9537d8ac48c9b908e9c55bbdbca2 - - default default] 10.0.0.47 "GET /v2.0/security-groups?id=17c1c00b-ce1d-4ebb-b5c2-3ea3f5851912&fields=id&fields=name HTTP/1.1" status: 200 len: 311 time: 0.0364347
2026-06-24 19:09:44.915 10 INFO neutron.wsgi [None req-2fd680ac-5e15-4c63-85e1-6c89524570df a8dd940120b045ad9ff9c28dbf5d811d e0517002fe13462488c54b914bda304d - - default default] 10.0.0.198 "DELETE /v2.0/routers/9407bebf-53a4-4755-aa9b-adcc7108386b/tags/red HTTP/1.1" status: 204 len: 168 time: 0.0572469
2026-06-24 19:09:44.931 9 INFO neutron.wsgi [None req-7bf33fd2-e16b-41fc-8d8f-f11e9449de9f 38b32c5f1e32448f9d80a0c98b1f7f6b e4fc9537d8ac48c9b908e9c55bbdbca2 - - default default] 10.0.0.198 "GET /v2.0/ports?network_id=b02fa205-dfb9-4015-bd34-c9091f68ca6c&mac_address=fa%3A16%3A3e%3A2f%3A6c%3Af1 HTTP/1.1" status: 200 len: 1399 time: 0.0388179
2026-06-24 19:09:44.939 9 WARNING neutron_lib.context [None req-ef587f73-d2f1-493e-bbb7-360be9766be1 38b32c5f1e32448f9d80a0c98b1f7f6b e4fc9537d8ac48c9b908e9c55bbdbca2 - - default default] Method 'is_advsvc' is deprecated since 2023.2 release (neutron-lib 3.8.0) and will be removed once support for the old RBAC API policies will be removed from Neutron. Please use method 'is_service_role' instead.
2026-06-24 19:09:44.965 10 INFO neutron.wsgi [None req-dbbf84dc-8866-4c68-8134-0a146f7d00b5 a8dd940120b045ad9ff9c28dbf5d811d e0517002fe13462488c54b914bda304d - - default default] 10.0.0.198 "GET /v2.0/routers/9407bebf-53a4-4755-aa9b-adcc7108386b/tags HTTP/1.1" status: 200 len: 223 time: 0.0450833
2026-06-24 19:09:45.036 9 INFO neutron.api.v2.resource [None req-c86c0b0b-b9f2-44e6-b646-b4917ed48e23 a8dd940120b045ad9ff9c28dbf5d811d e0517002fe13462488c54b914bda304d - - default default] delete failed (client error): The resource could not be found.
2026-06-24 19:09:45.038 9 INFO neutron.wsgi [None req-c86c0b0b-b9f2-44e6-b646-b4917ed48e23 a8dd940120b045ad9ff9c28dbf5d811d e0517002fe13462488c54b914bda304d - - default default] 10.0.0.198 "DELETE /v2.0/routers/9407bebf-53a4-4755-aa9b-adcc7108386b/tags/green HTTP/1.1" status: 404 len: 299 time: 0.0673571
2026-06-24 19:09:45.103 10 INFO neutron.wsgi [None req-a526ec52-21d6-4cf0-968f-f2b4cb7d9933 a8dd940120b045ad9ff9c28dbf5d811d e0517002fe13462488c54b914bda304d - - default default] 10.0.0.198 "DELETE /v2.0/routers/9407bebf-53a4-4755-aa9b-adcc7108386b/tags HTTP/1.1" status: 204 len: 168 time: 0.0592992
2026-06-24 19:09:45.140 9 INFO neutron.wsgi [-] 10.0.0.145 "GET / HTTP/1.1" status: 200 len: 247 time: 0.0018957
2026-06-24 19:09:45.141 9 INFO neutron.wsgi [-] 10.0.0.145 "GET / HTTP/1.1" status: 200 len: 247 time: 0.0009048
2026-06-24 19:09:45.165 10 INFO neutron.wsgi [None req-a37887cc-2e74-4375-97a3-df7975368c96 a8dd940120b045ad9ff9c28dbf5d811d e0517002fe13462488c54b914bda304d - - default default] 10.0.0.198 "GET /v2.0/routers/9407bebf-53a4-4755-aa9b-adcc7108386b/tags HTTP/1.1" status: 200 len: 205 time: 0.0564873
2026-06-24 19:09:45.214 9 WARNING neutron.scheduler.dhcp_agent_scheduler [None req-ef587f73-d2f1-493e-bbb7-360be9766be1 38b32c5f1e32448f9d80a0c98b1f7f6b e4fc9537d8ac48c9b908e9c55bbdbca2 - - default default] No more DHCP agents
2026-06-24 19:09:45.218 9 WARNING neutron.api.rpc.agentnotifiers.dhcp_rpc_agent_api [None req-ef587f73-d2f1-493e-bbb7-360be9766be1 38b32c5f1e32448f9d80a0c98b1f7f6b e4fc9537d8ac48c9b908e9c55bbdbca2 - - default default] Unable to schedule network 9f2072f5-7eec-4e11-a0c9-72ec37e5c48f: no agents available; will retry on subsequent port and subnet creation events.
2026-06-24 19:09:45.246 10 INFO neutron.wsgi [None req-200bbb3d-ef43-440f-a306-ee989182095e a8dd940120b045ad9ff9c28dbf5d811d e0517002fe13462488c54b914bda304d - - default default] 10.0.0.198 "GET /v2.0/routers/9407bebf-53a4-4755-aa9b-adcc7108386b HTTP/1.1" status: 200 len: 655 time: 0.0596111
2026-06-24 19:09:46.100 9 INFO neutron.db.ovn_revision_numbers_db [None req-6fdf1029-6a00-4a60-a064-4e34fbd32698 a8dd940120b045ad9ff9c28dbf5d811d e0517002fe13462488c54b914bda304d - - default default] Successfully bumped revision number for resource 9407bebf-53a4-4755-aa9b-adcc7108386b (type: routers) to 7
2026-06-24 19:09:46.103 9 INFO neutron.wsgi [None req-6fdf1029-6a00-4a60-a064-4e34fbd32698 a8dd940120b045ad9ff9c28dbf5d811d e0517002fe13462488c54b914bda304d - - default default] 10.0.0.198 "PUT /v2.0/routers/9407bebf-53a4-4755-aa9b-adcc7108386b HTTP/1.1" status: 200 len: 655 time: 0.8492327
2026-06-24 19:09:46.133 9 INFO neutron.wsgi [None req-ae579e23-1155-48cf-817f-934d75512571 a8dd940120b045ad9ff9c28dbf5d811d e0517002fe13462488c54b914bda304d - - default default] 10.0.0.198 "GET /v2.0/ports?device_id=9407bebf-53a4-4755-aa9b-adcc7108386b HTTP/1.1" status: 200 len: 205 time: 0.0225646
2026-06-24 19:09:46.193 9 INFO neutron.db.l3_db [None req-ef587f73-d2f1-493e-bbb7-360be9766be1 38b32c5f1e32448f9d80a0c98b1f7f6b e4fc9537d8ac48c9b908e9c55bbdbca2 - - default default] Floating IP 90cfc413-f137-48fa-8393-fd1fcff3635c associated. External IP: 10.96.250.212, port: fd6dcb25-303e-49b1-9b52-1fa928bca408.
2026-06-24 19:09:46.423 9 INFO neutron.db.ovn_revision_numbers_db [None req-ef587f73-d2f1-493e-bbb7-360be9766be1 38b32c5f1e32448f9d80a0c98b1f7f6b e4fc9537d8ac48c9b908e9c55bbdbca2 - - default default] Successfully bumped revision number for resource 90cfc413-f137-48fa-8393-fd1fcff3635c (type: floatingips) to 0
2026-06-24 19:09:46.458 10 INFO neutron.wsgi [None req-4207ebd9-dc98-42b4-80bd-176df58aac84 a8dd940120b045ad9ff9c28dbf5d811d e0517002fe13462488c54b914bda304d - - default default] 10.0.0.198 "DELETE /v2.0/routers/9407bebf-53a4-4755-aa9b-adcc7108386b HTTP/1.1" status: 204 len: 168 time: 0.3197665
2026-06-24 19:09:46.544 9 INFO neutron.db.ovn_revision_numbers_db [None req-ef587f73-d2f1-493e-bbb7-360be9766be1 38b32c5f1e32448f9d80a0c98b1f7f6b e4fc9537d8ac48c9b908e9c55bbdbca2 - - default default] Successfully bumped revision number for resource 90cfc413-f137-48fa-8393-fd1fcff3635c (type: floatingips) to 1
2026-06-24 19:09:46.579 9 INFO neutron.wsgi [None req-ef587f73-d2f1-493e-bbb7-360be9766be1 38b32c5f1e32448f9d80a0c98b1f7f6b e4fc9537d8ac48c9b908e9c55bbdbca2 - - default default] 10.0.0.198 "POST /v2.0/floatingips HTTP/1.1" status: 201 len: 1054 time: 1.6438763
2026-06-24 19:09:46.626 9 INFO neutron.notifiers.nova [-] Nova event matching ['req-d37297b2-9ba3-4a6d-8180-b164a0f323dc'] response: {'name': 'network-changed', 'server_uuid': '3149fe46-0b80-48e7-a58c-d53955039036', 'tag': 'fd6dcb25-303e-49b1-9b52-1fa928bca408', 'status': 'completed', 'code': 200} /var/lib/openstack/lib/python3.10/site-packages/pycadf/identifier.py:71: UserWarning: Invalid uuid: neutron. To ensure interoperability, identifiers should be a valid uuid. warnings.warn(('Invalid uuid: %s. To ensure interoperability, '
2026-06-24 19:09:46.680 10 INFO neutron.wsgi [req-03ea314f-b6b4-4ccd-b0e8-3c22a70797d6 req-6e99e608-4455-418a-8ec4-6e76df094b98 1bfd51debc0243bfa47e134af339e843 72443ec725ae45abb6554219dff3cf98 - - 96f39892b42c4814a72e6e54be96ca4d 96f39892b42c4814a72e6e54be96ca4d] 199.19.213.122 "GET /v2.0/ports?tenant_id=e4fc9537d8ac48c9b908e9c55bbdbca2&device_id=3149fe46-0b80-48e7-a58c-d53955039036 HTTP/1.1" status: 200 len: 1642 time: 0.0421472
2026-06-24 19:09:46.749 10 INFO neutron.wsgi [req-03ea314f-b6b4-4ccd-b0e8-3c22a70797d6 req-4a8cf5e0-cee0-4199-8f1d-4b7631a0614e 1bfd51debc0243bfa47e134af339e843 72443ec725ae45abb6554219dff3cf98 - - 96f39892b42c4814a72e6e54be96ca4d 96f39892b42c4814a72e6e54be96ca4d] 199.19.213.122 "GET /v2.0/networks?id=b02fa205-dfb9-4015-bd34-c9091f68ca6c HTTP/1.1" status: 200 len: 1002 time: 0.0634573
2026-06-24 19:09:46.798 10 INFO neutron.wsgi [req-03ea314f-b6b4-4ccd-b0e8-3c22a70797d6 req-3b7a20e6-d4a7-42d8-a689-101d049eba92 1bfd51debc0243bfa47e134af339e843 72443ec725ae45abb6554219dff3cf98 - - 96f39892b42c4814a72e6e54be96ca4d 96f39892b42c4814a72e6e54be96ca4d] 199.19.213.122 "GET /v2.0/floatingips?fixed_ip_address=10.2.2.252&port_id=fd6dcb25-303e-49b1-9b52-1fa928bca408 HTTP/1.1" status: 200 len: 1059 time: 0.0424030
2026-06-24 19:09:46.832 10 INFO neutron.wsgi [req-03ea314f-b6b4-4ccd-b0e8-3c22a70797d6 req-730b9411-9c76-450b-92dd-1443c5270b54 1bfd51debc0243bfa47e134af339e843 72443ec725ae45abb6554219dff3cf98 - - 96f39892b42c4814a72e6e54be96ca4d 96f39892b42c4814a72e6e54be96ca4d] 199.19.213.122 "GET /v2.0/floatingips?fixed_ip_address=fd77%3A1457%3A4cf0%3A26a8%3A%3A1e6&port_id=fd6dcb25-303e-49b1-9b52-1fa928bca408 HTTP/1.1" status: 200 len: 217 time: 0.0228364
2026-06-24 19:09:46.869 10 INFO neutron.wsgi [req-03ea314f-b6b4-4ccd-b0e8-3c22a70797d6 req-6b96a70e-dcf6-4784-a4e4-cca17a58c6e3 1bfd51debc0243bfa47e134af339e843 72443ec725ae45abb6554219dff3cf98 - - 96f39892b42c4814a72e6e54be96ca4d 96f39892b42c4814a72e6e54be96ca4d] 199.19.213.122 "GET /v2.0/subnets?id=aa703f71-895b-4fc1-a113-245bd0045ae6&id=50ba89c2-0481-4037-a983-104bfd144163 HTTP/1.1" status: 200 len: 1567 time: 0.0329692
2026-06-24 19:09:46.910 10 INFO neutron.wsgi [req-03ea314f-b6b4-4ccd-b0e8-3c22a70797d6 req-9f3ad570-5892-46fe-952e-0dc7d5b178ee 1bfd51debc0243bfa47e134af339e843 72443ec725ae45abb6554219dff3cf98 - - 96f39892b42c4814a72e6e54be96ca4d 96f39892b42c4814a72e6e54be96ca4d] 199.19.213.122 "GET /v2.0/ports?network_id=b02fa205-dfb9-4015-bd34-c9091f68ca6c&device_owner=network%3Adhcp HTTP/1.1" status: 200 len: 210 time: 0.0364518
2026-06-24 19:09:46.937 10 INFO neutron.wsgi [req-03ea314f-b6b4-4ccd-b0e8-3c22a70797d6 req-2100dc50-255b-4982-8784-e00844afa331 1bfd51debc0243bfa47e134af339e843 72443ec725ae45abb6554219dff3cf98 - - 96f39892b42c4814a72e6e54be96ca4d 96f39892b42c4814a72e6e54be96ca4d] 199.19.213.122 "GET /v2.0/ports?network_id=b02fa205-dfb9-4015-bd34-c9091f68ca6c&device_owner=network%3Adhcp HTTP/1.1" status: 200 len: 210 time: 0.0210717
2026-06-24 19:09:46.996 10 INFO neutron.wsgi [req-03ea314f-b6b4-4ccd-b0e8-3c22a70797d6 req-499e47aa-6732-4d95-821d-add29f874ca2 1bfd51debc0243bfa47e134af339e843 72443ec725ae45abb6554219dff3cf98 - - 96f39892b42c4814a72e6e54be96ca4d 96f39892b42c4814a72e6e54be96ca4d] 199.19.213.122 "GET /v2.0/networks/b02fa205-dfb9-4015-bd34-c9091f68ca6c?fields=segments HTTP/1.1" status: 200 len: 212 time: 0.0519974
2026-06-24 19:09:47.058 10 INFO neutron.wsgi [req-03ea314f-b6b4-4ccd-b0e8-3c22a70797d6 req-b61f5495-25ea-44d1-b5d4-c216d5268efa 1bfd51debc0243bfa47e134af339e843 72443ec725ae45abb6554219dff3cf98 - - 96f39892b42c4814a72e6e54be96ca4d 96f39892b42c4814a72e6e54be96ca4d] 199.19.213.122 "GET /v2.0/networks/b02fa205-dfb9-4015-bd34-c9091f68ca6c?fields=provider%3Aphysical_network&fields=provider%3Anetwork_type HTTP/1.1" status: 200 len: 277 time: 0.0545700
2026-06-24 19:09:47.394 10 INFO neutron.db.ovn_revision_numbers_db [None req-7329b5c7-baa8-4413-a69f-cf53d5da2c3f a8a7de7117fb409b9a502b48744ef2cf f8b25b63beb84fa2ada4f999d2568fdb - - default default] Successfully bumped revision number for resource 6456f9ec-9f5d-46a9-9668-e76bbb43e94e (type: security_groups) to 1
2026-06-24 19:09:47.410 10 INFO neutron.db.ovn_revision_numbers_db [None req-7329b5c7-baa8-4413-a69f-cf53d5da2c3f a8a7de7117fb409b9a502b48744ef2cf f8b25b63beb84fa2ada4f999d2568fdb - - default default] Successfully bumped revision number for resource 503937f1-2bef-4968-98ab-4a72ae56c2d6 (type: security_group_rules) to 0
2026-06-24 19:09:47.423 10 INFO neutron.db.ovn_revision_numbers_db [None req-7329b5c7-baa8-4413-a69f-cf53d5da2c3f a8a7de7117fb409b9a502b48744ef2cf f8b25b63beb84fa2ada4f999d2568fdb - - default default] Successfully bumped revision number for resource 6abacd18-2998-4088-b542-c109a16fc477 (type: security_group_rules) to 0
2026-06-24 19:09:47.439 10 INFO neutron.db.ovn_revision_numbers_db [None req-7329b5c7-baa8-4413-a69f-cf53d5da2c3f a8a7de7117fb409b9a502b48744ef2cf f8b25b63beb84fa2ada4f999d2568fdb - - default default] Successfully bumped revision number for resource 70965416-c40a-49e0-b29f-4aa76abc59cb (type: security_group_rules) to 0
2026-06-24 19:09:47.454 10 INFO neutron.db.ovn_revision_numbers_db [None req-7329b5c7-baa8-4413-a69f-cf53d5da2c3f a8a7de7117fb409b9a502b48744ef2cf f8b25b63beb84fa2ada4f999d2568fdb - - default default] Successfully bumped revision number for resource e9ad758a-898b-472e-8a30-06ed2c7a1bc0 (type: security_group_rules) to 0
2026-06-24 19:09:47.482 10 INFO neutron.wsgi [None req-7329b5c7-baa8-4413-a69f-cf53d5da2c3f a8a7de7117fb409b9a502b48744ef2cf f8b25b63beb84fa2ada4f999d2568fdb - - default default] 10.0.0.198 "GET /v2.0/security-groups?tenant_id=e0517002fe13462488c54b914bda304d&name=default HTTP/1.1" status: 200 len: 3000 time: 0.3347459
2026-06-24 19:09:47.707 10 INFO neutron.wsgi [None req-263eb8a6-a19d-47d6-97ab-0f3816785f0b a8a7de7117fb409b9a502b48744ef2cf f8b25b63beb84fa2ada4f999d2568fdb - - default default] 10.0.0.198 "DELETE /v2.0/security-groups/6456f9ec-9f5d-46a9-9668-e76bbb43e94e HTTP/1.1" status: 204 len: 168 time: 0.2202694
2026-06-24 19:09:47.882 10 INFO neutron.db.ovn_revision_numbers_db [None req-6ae87fd7-74ec-412f-a8f5-55a7c0e99682 a8a7de7117fb409b9a502b48744ef2cf f8b25b63beb84fa2ada4f999d2568fdb - - default default] Successfully bumped revision number for resource 0e32682a-b4bb-4e4d-baba-c6f3fcdf7189 (type: security_groups) to 1
2026-06-24 19:09:47.893 10 INFO neutron.db.ovn_revision_numbers_db [None req-6ae87fd7-74ec-412f-a8f5-55a7c0e99682 a8a7de7117fb409b9a502b48744ef2cf f8b25b63beb84fa2ada4f999d2568fdb - - default default] Successfully bumped revision number for resource 3a727b3e-eb62-4522-8e44-cbf05667f44d (type: security_group_rules) to 0
2026-06-24 19:09:47.904 10 INFO neutron.db.ovn_revision_numbers_db [None req-6ae87fd7-74ec-412f-a8f5-55a7c0e99682 a8a7de7117fb409b9a502b48744ef2cf f8b25b63beb84fa2ada4f999d2568fdb - - default default] Successfully bumped revision number for resource dc611b88-3b23-41d7-92c1-226f60b7a605 (type: security_group_rules) to 0
2026-06-24 19:09:47.919 10 INFO neutron.db.ovn_revision_numbers_db [None req-6ae87fd7-74ec-412f-a8f5-55a7c0e99682 a8a7de7117fb409b9a502b48744ef2cf f8b25b63beb84fa2ada4f999d2568fdb - - default default] Successfully bumped revision number for resource e0361de0-afe5-4c72-b778-7aa7bccbc6e2 (type: security_group_rules) to 0
2026-06-24 19:09:47.933 10 INFO neutron.db.ovn_revision_numbers_db [None req-6ae87fd7-74ec-412f-a8f5-55a7c0e99682 a8a7de7117fb409b9a502b48744ef2cf f8b25b63beb84fa2ada4f999d2568fdb - - default default] Successfully bumped revision number for resource fa37e133-57c1-4dba-a4a4-a375250ab3ee (type: security_group_rules) to 0
2026-06-24 19:09:47.958 10 INFO neutron.wsgi [None req-6ae87fd7-74ec-412f-a8f5-55a7c0e99682 a8a7de7117fb409b9a502b48744ef2cf f8b25b63beb84fa2ada4f999d2568fdb - - default default] 10.0.0.198 "GET /v2.0/security-groups?tenant_id=515f4acf74ec4e2d8e932d2d53a8e3d0&name=default HTTP/1.1" status: 200 len: 3000 time: 0.1602335
2026-06-24 19:09:48.135 10 INFO neutron.wsgi [None req-950a2659-7977-47c5-aa8e-759b0fd8e2c3 a8a7de7117fb409b9a502b48744ef2cf f8b25b63beb84fa2ada4f999d2568fdb - - default default] 10.0.0.198 "DELETE /v2.0/security-groups/0e32682a-b4bb-4e4d-baba-c6f3fcdf7189 HTTP/1.1" status: 204 len: 168 time: 0.1727698
2026-06-24 19:09:49.608 10 INFO neutron.wsgi [req-4cfd0742-53a0-4991-adb2-bf6fc2472801 req-cf975d79-b6c8-470b-a9b1-283d172c9c7d 1bfd51debc0243bfa47e134af339e843 72443ec725ae45abb6554219dff3cf98 - - 96f39892b42c4814a72e6e54be96ca4d 96f39892b42c4814a72e6e54be96ca4d] 10.0.0.80 "GET /v2.0/ports?device_id=87c3b35a-a216-4832-aa8a-07a6ac846e27 HTTP/1.1" status: 200 len: 1409 time: 0.0431635
2026-06-24 19:09:49.659 10 INFO neutron.wsgi [req-4cfd0742-53a0-4991-adb2-bf6fc2472801 req-c1dff4fa-caa2-48d2-96bc-4a846a925dc2 1bfd51debc0243bfa47e134af339e843 72443ec725ae45abb6554219dff3cf98 - - 96f39892b42c4814a72e6e54be96ca4d 96f39892b42c4814a72e6e54be96ca4d] 10.0.0.80 "GET /v2.0/security-groups?id=3dede295-fe83-4f47-8f2b-e792175ef2d4&fields=id&fields=name HTTP/1.1" status: 200 len: 313 time: 0.0421834
2026-06-24 19:09:51.686 10 INFO neutron.wsgi [req-57756369-d302-491d-bf0f-d7c828d20f7e req-cace0edc-606a-4b8a-9dbc-ca401f019abe 1bfd51debc0243bfa47e134af339e843 72443ec725ae45abb6554219dff3cf98 - - 96f39892b42c4814a72e6e54be96ca4d 96f39892b42c4814a72e6e54be96ca4d] 10.0.0.80 "GET /v2.0/ports?device_id=3149fe46-0b80-48e7-a58c-d53955039036 HTTP/1.1" status: 200 len: 1642 time: 0.0422318
2026-06-24 19:09:51.736 10 INFO neutron.wsgi [req-57756369-d302-491d-bf0f-d7c828d20f7e req-4b5b289d-92da-4947-9410-ef74b23edead 1bfd51debc0243bfa47e134af339e843 72443ec725ae45abb6554219dff3cf98 - - 96f39892b42c4814a72e6e54be96ca4d 96f39892b42c4814a72e6e54be96ca4d] 10.0.0.80 "GET /v2.0/security-groups?id=17c1c00b-ce1d-4ebb-b5c2-3ea3f5851912&fields=id&fields=name HTTP/1.1" status: 200 len: 311 time: 0.0421591
2026-06-24 19:09:52.743 10 INFO neutron.plugins.ml2.drivers.ovn.mech_driver.mech_driver [None req-884a0f8c-2aa1-46d4-bfa7-65445e42ffaf - - - - - -] OVN reports status down for port: bfb28c7a-e007-4cb7-be07-7ecd235c2011
2026-06-24 19:09:52.759 9 INFO neutron.wsgi [req-4f931625-b683-4088-a313-a5ce4cf8b950 req-6f97272e-e326-410e-9ca9-9c50dc14708e 5db40c00b5f94af691e802475e94ad7b 78ff5217bf084cbdb2599b5416f1a68b - - default default] 10.0.0.47 "GET /v2.0/ports?device_id=87c3b35a-a216-4832-aa8a-07a6ac846e27 HTTP/1.1" status: 200 len: 1170 time: 0.0984254
2026-06-24 19:09:52.807 9 INFO neutron.wsgi [req-4f931625-b683-4088-a313-a5ce4cf8b950 req-4b895bca-534b-4837-8ebc-3be7ddc3643b 5db40c00b5f94af691e802475e94ad7b 78ff5217bf084cbdb2599b5416f1a68b - - default default] 10.0.0.47 "GET /v2.0/security-groups?id=3dede295-fe83-4f47-8f2b-e792175ef2d4&fields=id&fields=name HTTP/1.1" status: 200 len: 313 time: 0.0431118
2026-06-24 19:09:52.861 10 INFO neutron.notifiers.nova [-] Nova event matching ['req-2548f931-e931-4825-973f-a8c91b950282'] response: {'server_uuid': '87c3b35a-a216-4832-aa8a-07a6ac846e27', 'name': 'network-vif-unplugged', 'status': 'completed', 'tag': 'bfb28c7a-e007-4cb7-be07-7ecd235c2011', 'code': 200}
2026-06-24 19:09:53.049 10 INFO neutron.db.ovn_revision_numbers_db [None req-884a0f8c-2aa1-46d4-bfa7-65445e42ffaf - - - - - -] Successfully bumped revision number for resource bfb28c7a-e007-4cb7-be07-7ecd235c2011 (type: ports) to 5
2026-06-24 19:09:53.094 10 INFO neutron.wsgi [req-64a20b7e-bbd0-4459-acbf-d6e22f36fcf7 req-436c957e-62dc-477e-ba08-8c72346ffc45 5db40c00b5f94af691e802475e94ad7b 78ff5217bf084cbdb2599b5416f1a68b - - default default] 199.19.213.122 "GET /v2.0/ports?device_id=87c3b35a-a216-4832-aa8a-07a6ac846e27 HTTP/1.1" status: 200 len: 1168 time: 0.1254144
2026-06-24 19:09:53.672 10 INFO neutron.db.l3_db [req-64a20b7e-bbd0-4459-acbf-d6e22f36fcf7 req-2cd4aa44-f070-4caa-8187-0af25f18169c 5db40c00b5f94af691e802475e94ad7b 78ff5217bf084cbdb2599b5416f1a68b - - default default] Floating IP 68940dda-4647-49a1-8f2a-bd4c9e79a321 disassociated. External IP: 10.96.250.209, port: bfb28c7a-e007-4cb7-be07-7ecd235c2011.
2026-06-24 19:09:53.845 10 INFO neutron.wsgi [req-64a20b7e-bbd0-4459-acbf-d6e22f36fcf7 req-2cd4aa44-f070-4caa-8187-0af25f18169c 5db40c00b5f94af691e802475e94ad7b 78ff5217bf084cbdb2599b5416f1a68b - - default default] 199.19.213.122 "DELETE /v2.0/ports/bfb28c7a-e007-4cb7-be07-7ecd235c2011 HTTP/1.1" status: 204 len: 173 time: 0.7444530 /var/lib/openstack/lib/python3.10/site-packages/pycadf/identifier.py:71: UserWarning: Invalid uuid: neutron. To ensure interoperability, identifiers should be a valid uuid. warnings.warn(('Invalid uuid: %s. To ensure interoperability, '
2026-06-24 19:09:53.898 9 INFO neutron.wsgi [req-13b04a43-35c9-496b-b3bc-25ec6bc31616 req-15963b28-cb9c-4c15-a161-b5a9f0a69608 5db40c00b5f94af691e802475e94ad7b 78ff5217bf084cbdb2599b5416f1a68b - - default default] 10.0.0.47 "GET /v2.0/ports?device_id=87c3b35a-a216-4832-aa8a-07a6ac846e27 HTTP/1.1" status: 200 len: 210 time: 0.0268323
2026-06-24 19:09:54.898 10 INFO neutron.notifiers.nova [-] Nova event matching ['req-05feeba7-18c3-4f34-a2e5-de58da0c108c'] response: {'server_uuid': '87c3b35a-a216-4832-aa8a-07a6ac846e27', 'name': 'network-vif-plugged', 'status': 'completed', 'tag': 'bfb28c7a-e007-4cb7-be07-7ecd235c2011', 'code': 200}
2026-06-24 19:09:54.899 10 INFO neutron.notifiers.nova [-] Nova event matching ['req-05feeba7-18c3-4f34-a2e5-de58da0c108c'] response: {'server_uuid': '87c3b35a-a216-4832-aa8a-07a6ac846e27', 'name': 'network-vif-deleted', 'tag': 'bfb28c7a-e007-4cb7-be07-7ecd235c2011', 'status': 'completed', 'code': 200} /var/lib/openstack/lib/python3.10/site-packages/pycadf/identifier.py:71: UserWarning: Invalid uuid: neutron. To ensure interoperability, identifiers should be a valid uuid. warnings.warn(('Invalid uuid: %s. To ensure interoperability, '
2026-06-24 19:09:55.079 10 INFO neutron.wsgi [None req-0cf14d55-6a6a-4049-aa49-761000fb842d 5db40c00b5f94af691e802475e94ad7b 78ff5217bf084cbdb2599b5416f1a68b - - default default] 10.0.0.198 "DELETE /v2.0/security-groups/3dede295-fe83-4f47-8f2b-e792175ef2d4 HTTP/1.1" status: 204 len: 168 time: 0.1239924
2026-06-24 19:09:55.467 10 INFO neutron.wsgi [None req-5bf2b6fb-c8bc-4d6a-8ff9-0da6840710d6 5db40c00b5f94af691e802475e94ad7b 78ff5217bf084cbdb2599b5416f1a68b - - default default] 10.0.0.198 "DELETE /v2.0/floatingips/68940dda-4647-49a1-8f2a-bd4c9e79a321 HTTP/1.1" status: 204 len: 168 time: 0.3508022
2026-06-24 19:09:55.651 9 INFO neutron.wsgi [req-c8308ae2-ec7a-4210-90e9-3c0af143542a req-752e2f2c-c1c4-42e2-aa1a-3985de16dab7 5db40c00b5f94af691e802475e94ad7b 78ff5217bf084cbdb2599b5416f1a68b - - default default] 10.0.0.47 "GET /v2.0/ports?device_id=dd2e2bf6-630c-4e2c-ba54-40455613071d HTTP/1.1" status: 200 len: 1174 time: 0.0408494
2026-06-24 19:09:55.689 10 INFO neutron.plugins.ml2.drivers.ovn.mech_driver.mech_driver [None req-884a0f8c-2aa1-46d4-bfa7-65445e42ffaf - - - - - -] OVN reports status down for port: cf15687a-8eae-4738-ae54-3ede93ecfcb0
2026-06-24 19:09:55.705 9 INFO neutron.wsgi [req-c8308ae2-ec7a-4210-90e9-3c0af143542a req-dc07f224-164c-405a-b0f8-226a818b59ae 5db40c00b5f94af691e802475e94ad7b 78ff5217bf084cbdb2599b5416f1a68b - - default default] 10.0.0.47 "GET /v2.0/security-groups?id=ceda1f27-f7cf-494c-a547-ceb93599c065&fields=id&fields=name HTTP/1.1" status: 200 len: 312 time: 0.0479445
