2026-06-24 19:07:26.734 10 WARNING neutron_lib.context [None req-c51dedce-b632-4e5c-abf9-e07f1bed5654 2055ba8f7b7a4e438ae9680fa9b94d90 8af1bb51d5f941a4ae187b7c547e408e - - default default] Method 'is_advsvc' is deprecated since 2023.2 release (neutron-lib 3.8.0) and will be removed once support for the old RBAC API policies will be removed from Neutron. Please use method 'is_service_role' instead.
2026-06-24 19:07:26.744 9 INFO neutron.wsgi [None req-b7cede07-67d6-4230-bfb0-62b3b0938c87 f0e3564fdd804cf29f05e69d9124030a 9ffb499d3ec4480dab7aad170f422786 - - default default] 10.0.0.198 "DELETE /v2.0/networks/7ea6e520-9715-4b0b-9f31-188445df1fd3 HTTP/1.1" status: 204 len: 168 time: 0.4570553
2026-06-24 19:07:26.748 10 INFO neutron.services.segments.plugin [-] Segment 384e8f4d-8a39-4c95-ba28-3c06a0d02844 resource provider aggregate not found
2026-06-24 19:07:26.757 10 INFO neutron.services.segments.plugin [-] Segment 384e8f4d-8a39-4c95-ba28-3c06a0d02844 resource provider aggregate not found
2026-06-24 19:07:26.766 10 INFO neutron.services.segments.plugin [-] Segment 384e8f4d-8a39-4c95-ba28-3c06a0d02844 resource provider not found; error: Placement Client Error (4xx): {"errors": [{"status": 404, "title": "Not Found", "detail": "The resource could not be found.\n\n No resource provider with uuid 384e8f4d-8a39-4c95-ba28-3c06a0d02844 found for delete ", "request_id": "req-cabee2df-0950-4e51-9f2c-10edccb18af0"}]}
2026-06-24 19:07:26.778 10 INFO neutron.services.segments.plugin [-] Segment 384e8f4d-8a39-4c95-ba28-3c06a0d02844 resource provider not found; error: Placement Client Error (4xx): {"errors": [{"status": 404, "title": "Not Found", "detail": "The resource could not be found.\n\n No resource provider with uuid 384e8f4d-8a39-4c95-ba28-3c06a0d02844 found for delete ", "request_id": "req-c0ef3797-1feb-4bb7-99f2-e2874fb6ba03"}]}
2026-06-24 19:07:26.793 10 INFO neutron.services.segments.plugin [-] Segment 2aff7794-92f8-4b00-b058-f556fe055927 resource provider aggregate not found
2026-06-24 19:07:26.808 10 INFO neutron.services.segments.plugin [-] Segment 2aff7794-92f8-4b00-b058-f556fe055927 resource provider aggregate not found
2026-06-24 19:07:26.814 10 INFO neutron.services.segments.plugin [-] Segment 2aff7794-92f8-4b00-b058-f556fe055927 resource provider not found; error: Placement Client Error (4xx): {"errors": [{"status": 404, "title": "Not Found", "detail": "The resource could not be found.\n\n No resource provider with uuid 2aff7794-92f8-4b00-b058-f556fe055927 found for delete ", "request_id": "req-4830fb3f-2010-4448-8f0d-7ee33f62f4a4"}]}
2026-06-24 19:07:26.815 10 WARNING neutron_lib.context [None req-c51dedce-b632-4e5c-abf9-e07f1bed5654 2055ba8f7b7a4e438ae9680fa9b94d90 8af1bb51d5f941a4ae187b7c547e408e - - default default] Method 'is_advsvc' is deprecated since 2023.2 release (neutron-lib 3.8.0) and will be removed once support for the old RBAC API policies will be removed from Neutron. Please use method 'is_service_role' instead.
2026-06-24 19:07:26.829 10 INFO neutron.services.segments.plugin [-] Segment 2aff7794-92f8-4b00-b058-f556fe055927 resource provider not found; error: Placement Client Error (4xx): {"errors": [{"status": 404, "title": "Not Found", "detail": "The resource could not be found.\n\n No resource provider with uuid 2aff7794-92f8-4b00-b058-f556fe055927 found for delete ", "request_id": "req-ead46de1-5995-4a5e-ba0e-1bccd0b330a6"}]}
2026-06-24 19:07:27.466 10 WARNING neutron.scheduler.dhcp_agent_scheduler [None req-c51dedce-b632-4e5c-abf9-e07f1bed5654 2055ba8f7b7a4e438ae9680fa9b94d90 8af1bb51d5f941a4ae187b7c547e408e - - default default] No more DHCP agents
2026-06-24 19:07:27.470 10 WARNING neutron.api.rpc.agentnotifiers.dhcp_rpc_agent_api [None req-c51dedce-b632-4e5c-abf9-e07f1bed5654 2055ba8f7b7a4e438ae9680fa9b94d90 8af1bb51d5f941a4ae187b7c547e408e - - default default] Unable to schedule network d9c06db1-b542-4203-a253-74327c84f3cf: no agents available; will retry on subsequent port and subnet creation events.
2026-06-24 19:07:27.492 9 INFO neutron.wsgi [None req-a7f7853a-cd15-4dfd-aaa2-7a2655a0b467 a8a7de7117fb409b9a502b48744ef2cf f8b25b63beb84fa2ada4f999d2568fdb - - default default] 10.0.0.198 "GET /v2.0/security-groups?tenant_id=9ffb499d3ec4480dab7aad170f422786&name=default HTTP/1.1" status: 200 len: 2996 time: 0.1526029
2026-06-24 19:07:27.605 10 INFO neutron.db.ovn_revision_numbers_db [None req-c51dedce-b632-4e5c-abf9-e07f1bed5654 2055ba8f7b7a4e438ae9680fa9b94d90 8af1bb51d5f941a4ae187b7c547e408e - - default default] Successfully bumped revision number for resource 371ede45-1bbd-47ae-ade7-9bcc4c1bb6f8 (type: ports) to 1
2026-06-24 19:07:27.653 10 WARNING neutron.scheduler.dhcp_agent_scheduler [None req-c51dedce-b632-4e5c-abf9-e07f1bed5654 2055ba8f7b7a4e438ae9680fa9b94d90 8af1bb51d5f941a4ae187b7c547e408e - - default default] No more DHCP agents
2026-06-24 19:07:27.659 10 WARNING neutron.api.rpc.agentnotifiers.dhcp_rpc_agent_api [None req-c51dedce-b632-4e5c-abf9-e07f1bed5654 2055ba8f7b7a4e438ae9680fa9b94d90 8af1bb51d5f941a4ae187b7c547e408e - - default default] Unable to schedule network 2427c8a9-938d-437e-ae14-9b5c1cf2ec7a: no agents available; will retry on subsequent port and subnet creation events.
2026-06-24 19:07:27.694 9 INFO neutron.wsgi [None req-1f3e57dc-b02a-441b-8684-2cda0105365a a8a7de7117fb409b9a502b48744ef2cf f8b25b63beb84fa2ada4f999d2568fdb - - default default] 10.0.0.198 "DELETE /v2.0/security-groups/cbeb0c46-0b47-4a6a-9e99-396babfe6390 HTTP/1.1" status: 204 len: 168 time: 0.1947415
2026-06-24 19:07:27.818 10 INFO neutron.wsgi [None req-6090ce46-ef88-4e75-9769-8dc070363188 a8a7de7117fb409b9a502b48744ef2cf f8b25b63beb84fa2ada4f999d2568fdb - - default default] 10.0.0.198 "PUT /v2.0/routers/4f56d201-cc5c-469e-b546-e9ef90308462/remove_router_interface HTTP/1.1" status: 200 len: 503 time: 1.5984628
2026-06-24 19:07:27.821 10 INFO neutron.db.ovn_revision_numbers_db [None req-c51dedce-b632-4e5c-abf9-e07f1bed5654 2055ba8f7b7a4e438ae9680fa9b94d90 8af1bb51d5f941a4ae187b7c547e408e - - default default] Successfully bumped revision number for resource b540f6d7-9799-4eed-afde-4781dcf7822d (type: ports) to 1
2026-06-24 19:07:27.850 10 INFO neutron.wsgi [None req-c51dedce-b632-4e5c-abf9-e07f1bed5654 2055ba8f7b7a4e438ae9680fa9b94d90 8af1bb51d5f941a4ae187b7c547e408e - - default default] 10.0.0.198 "POST /v2.0/ports HTTP/1.1" status: 201 len: 1706 time: 1.1313729 /var/lib/openstack/lib/python3.10/site-packages/pycadf/identifier.py:71: UserWarning: Invalid uuid: neutron. To ensure interoperability, identifiers should be a valid uuid. warnings.warn(('Invalid uuid: %s. To ensure interoperability, '
2026-06-24 19:07:28.001 10 INFO neutron.wsgi [None req-fe115d5d-25a0-40ce-9040-6c0be064badf 2055ba8f7b7a4e438ae9680fa9b94d90 8af1bb51d5f941a4ae187b7c547e408e - - default default] 10.0.0.198 "GET /v2.0/ports HTTP/1.1" status: 200 len: 3213 time: 0.1434107
2026-06-24 19:07:28.249 10 INFO neutron.wsgi [None req-749ad532-4b82-4210-b7a1-bfb0f4b2b122 2055ba8f7b7a4e438ae9680fa9b94d90 8af1bb51d5f941a4ae187b7c547e408e - - default default] 10.0.0.198 "DELETE /v2.0/ports/371ede45-1bbd-47ae-ade7-9bcc4c1bb6f8 HTTP/1.1" status: 204 len: 168 time: 0.2413054
2026-06-24 19:07:28.507 10 INFO neutron.wsgi [None req-475de8d6-b38f-4003-9b21-392b32f22518 2055ba8f7b7a4e438ae9680fa9b94d90 8af1bb51d5f941a4ae187b7c547e408e - - default default] 10.0.0.198 "DELETE /v2.0/ports/b540f6d7-9799-4eed-afde-4781dcf7822d HTTP/1.1" status: 204 len: 168 time: 0.2523024
2026-06-24 19:07:28.555 10 INFO neutron.wsgi [None req-53f6794f-e8c8-408e-a158-51b498710c84 2055ba8f7b7a4e438ae9680fa9b94d90 8af1bb51d5f941a4ae187b7c547e408e - - default default] 10.0.0.198 "GET /v2.0/ports HTTP/1.1" status: 200 len: 1718 time: 0.0435371
2026-06-24 19:07:28.567 10 WARNING neutron_lib.context [None req-ea056354-92c5-45e8-bebf-1a6178b1e38c 2055ba8f7b7a4e438ae9680fa9b94d90 8af1bb51d5f941a4ae187b7c547e408e - - default default] Method 'is_advsvc' is deprecated since 2023.2 release (neutron-lib 3.8.0) and will be removed once support for the old RBAC API policies will be removed from Neutron. Please use method 'is_service_role' instead.
2026-06-24 19:07:28.595 9 INFO neutron.wsgi [None req-6f6d6ed0-b193-4e36-8cf6-cfd8bcfaecca a8a7de7117fb409b9a502b48744ef2cf f8b25b63beb84fa2ada4f999d2568fdb - - default default] 10.0.0.198 "DELETE /v2.0/routers/4f56d201-cc5c-469e-b546-e9ef90308462 HTTP/1.1" status: 204 len: 168 time: 0.7708981
2026-06-24 19:07:28.645 10 INFO neutron.db.segments_db [None req-ea056354-92c5-45e8-bebf-1a6178b1e38c 2055ba8f7b7a4e438ae9680fa9b94d90 8af1bb51d5f941a4ae187b7c547e408e - - default default] Added segment fe31a232-41af-4ed7-82cf-1000ba24b916 of type geneve for network de61e350-07c9-4398-9e52-31ade63e16c1
2026-06-24 19:07:28.745 9 INFO neutron.wsgi [None req-af5d600c-d89b-40e6-8ede-d58575f9ffb6 a8a7de7117fb409b9a502b48744ef2cf f8b25b63beb84fa2ada4f999d2568fdb - - default default] 10.0.0.198 "DELETE /v2.0/subnets/5b644ae6-1c44-41a0-ad7f-37f2fa48a65d HTTP/1.1" status: 204 len: 168 time: 0.1455581
2026-06-24 19:07:28.780 10 INFO neutron.db.ovn_revision_numbers_db [None req-ea056354-92c5-45e8-bebf-1a6178b1e38c 2055ba8f7b7a4e438ae9680fa9b94d90 8af1bb51d5f941a4ae187b7c547e408e - - default default] Successfully bumped revision number for resource de61e350-07c9-4398-9e52-31ade63e16c1 (type: networks) to 1
2026-06-24 19:07:28.954 10 WARNING neutron.scheduler.dhcp_agent_scheduler [None req-ea056354-92c5-45e8-bebf-1a6178b1e38c 2055ba8f7b7a4e438ae9680fa9b94d90 8af1bb51d5f941a4ae187b7c547e408e - - default default] No more DHCP agents
2026-06-24 19:07:28.957 10 WARNING neutron.api.rpc.agentnotifiers.dhcp_rpc_agent_api [None req-ea056354-92c5-45e8-bebf-1a6178b1e38c 2055ba8f7b7a4e438ae9680fa9b94d90 8af1bb51d5f941a4ae187b7c547e408e - - default default] Unable to schedule network de61e350-07c9-4398-9e52-31ade63e16c1: no agents available; will retry on subsequent port and subnet creation events.
2026-06-24 19:07:29.038 10 INFO neutron.db.ovn_revision_numbers_db [None req-ea056354-92c5-45e8-bebf-1a6178b1e38c 2055ba8f7b7a4e438ae9680fa9b94d90 8af1bb51d5f941a4ae187b7c547e408e - - default default] Successfully bumped revision number for resource d48ec74d-ccd5-4545-b193-cd6b79b392da (type: ports) to 1
2026-06-24 19:07:29.060 10 INFO neutron.wsgi [None req-ea056354-92c5-45e8-bebf-1a6178b1e38c 2055ba8f7b7a4e438ae9680fa9b94d90 8af1bb51d5f941a4ae187b7c547e408e - - default default] 10.0.0.198 "POST /v2.0/networks HTTP/1.1" status: 201 len: 849 time: 0.4987209
2026-06-24 19:07:29.060 9 INFO neutron.services.segments.plugin [-] Segment 080a9a51-3839-4adb-ac40-debe8c6588a9 resource provider aggregate not found
2026-06-24 19:07:29.068 9 INFO neutron.services.segments.plugin [-] Segment 080a9a51-3839-4adb-ac40-debe8c6588a9 resource provider aggregate not found
2026-06-24 19:07:29.073 10 WARNING neutron_lib.context [None req-679bc1c6-7157-4934-bbb8-7aeabec58154 2055ba8f7b7a4e438ae9680fa9b94d90 8af1bb51d5f941a4ae187b7c547e408e - - default default] Method 'is_advsvc' is deprecated since 2023.2 release (neutron-lib 3.8.0) and will be removed once support for the old RBAC API policies will be removed from Neutron. Please use method 'is_service_role' instead.
2026-06-24 19:07:29.082 9 INFO neutron.services.segments.plugin [-] Segment 080a9a51-3839-4adb-ac40-debe8c6588a9 resource provider not found; error: Placement Client Error (4xx): {"errors": [{"status": 404, "title": "Not Found", "detail": "The resource could not be found.\n\n No resource provider with uuid 080a9a51-3839-4adb-ac40-debe8c6588a9 found for delete ", "request_id": "req-0d64fa75-31a4-438a-a4fd-3d00a394d1c3"}]}
2026-06-24 19:07:29.085 9 INFO neutron.services.segments.plugin [-] Segment 080a9a51-3839-4adb-ac40-debe8c6588a9 resource provider not found; error: Placement Client Error (4xx): {"errors": [{"status": 404, "title": "Not Found", "detail": "The resource could not be found.\n\n No resource provider with uuid 080a9a51-3839-4adb-ac40-debe8c6588a9 found for delete ", "request_id": "req-6dc53357-b174-4d6e-9763-0054666bbfd8"}]}
2026-06-24 19:07:29.103 9 INFO neutron.wsgi [None req-3a90f382-0b6b-47a2-bce3-d25ee97cf582 a8a7de7117fb409b9a502b48744ef2cf f8b25b63beb84fa2ada4f999d2568fdb - - default default] 10.0.0.198 "DELETE /v2.0/networks/b888e14b-2314-4695-848d-034ad6a50c19 HTTP/1.1" status: 204 len: 168 time: 0.3520980
2026-06-24 19:07:29.157 10 INFO neutron.db.segments_db [None req-679bc1c6-7157-4934-bbb8-7aeabec58154 2055ba8f7b7a4e438ae9680fa9b94d90 8af1bb51d5f941a4ae187b7c547e408e - - default default] Added segment a50703da-7a2e-41d3-8714-36de680ff0d7 of type geneve for network 484a4d16-11e8-42db-9c12-ff058e5d616f
2026-06-24 19:07:29.288 10 INFO neutron.db.ovn_revision_numbers_db [None req-679bc1c6-7157-4934-bbb8-7aeabec58154 2055ba8f7b7a4e438ae9680fa9b94d90 8af1bb51d5f941a4ae187b7c547e408e - - default default] Successfully bumped revision number for resource 484a4d16-11e8-42db-9c12-ff058e5d616f (type: networks) to 1
2026-06-24 19:07:29.296 9 INFO neutron.wsgi [None req-ef16df4d-eb5d-47ac-a53c-7f3baf1140ea a8a7de7117fb409b9a502b48744ef2cf f8b25b63beb84fa2ada4f999d2568fdb - - default default] 10.0.0.198 "GET /v2.0/security-groups?tenant_id=48bd0829a5914fca996b0594dc6ae4fc&name=default HTTP/1.1" status: 200 len: 2996 time: 0.0467894
2026-06-24 19:07:29.429 10 WARNING neutron.scheduler.dhcp_agent_scheduler [None req-679bc1c6-7157-4934-bbb8-7aeabec58154 2055ba8f7b7a4e438ae9680fa9b94d90 8af1bb51d5f941a4ae187b7c547e408e - - default default] No more DHCP agents
2026-06-24 19:07:29.430 10 WARNING neutron.api.rpc.agentnotifiers.dhcp_rpc_agent_api [None req-679bc1c6-7157-4934-bbb8-7aeabec58154 2055ba8f7b7a4e438ae9680fa9b94d90 8af1bb51d5f941a4ae187b7c547e408e - - default default] Unable to schedule network 484a4d16-11e8-42db-9c12-ff058e5d616f: no agents available; will retry on subsequent port and subnet creation events.
2026-06-24 19:07:29.454 9 INFO neutron.wsgi [-] 10.0.0.198 "GET / HTTP/1.1" status: 200 len: 279 time: 0.0025935
2026-06-24 19:07:29.486 9 INFO neutron.wsgi [None req-3acad3c7-8e00-42b1-a204-dd0e9b191621 a8a7de7117fb409b9a502b48744ef2cf f8b25b63beb84fa2ada4f999d2568fdb - - default default] 10.0.0.198 "DELETE /v2.0/security-groups/18bcd431-3b70-4c70-8827-3ba9bd7245cb HTTP/1.1" status: 204 len: 168 time: 0.1827104
2026-06-24 19:07:29.500 10 INFO neutron.db.ovn_revision_numbers_db [None req-679bc1c6-7157-4934-bbb8-7aeabec58154 2055ba8f7b7a4e438ae9680fa9b94d90 8af1bb51d5f941a4ae187b7c547e408e - - default default] Successfully bumped revision number for resource 62eefb9c-6013-44fa-af7b-74414924f4d3 (type: ports) to 1
2026-06-24 19:07:29.516 10 INFO neutron.wsgi [None req-679bc1c6-7157-4934-bbb8-7aeabec58154 2055ba8f7b7a4e438ae9680fa9b94d90 8af1bb51d5f941a4ae187b7c547e408e - - default default] 10.0.0.198 "POST /v2.0/networks HTTP/1.1" status: 201 len: 848 time: 0.4481466
2026-06-24 19:07:29.551 10 WARNING neutron_lib.context [None req-98de8f13-edc7-444d-b7b0-cfbee3887d5b 2055ba8f7b7a4e438ae9680fa9b94d90 8af1bb51d5f941a4ae187b7c547e408e - - default default] Method 'is_advsvc' is deprecated since 2023.2 release (neutron-lib 3.8.0) and will be removed once support for the old RBAC API policies will be removed from Neutron. Please use method 'is_service_role' instead.
2026-06-24 19:07:29.581 10 WARNING neutron_lib.context [None req-98de8f13-edc7-444d-b7b0-cfbee3887d5b 2055ba8f7b7a4e438ae9680fa9b94d90 8af1bb51d5f941a4ae187b7c547e408e - - default default] Method 'is_advsvc' is deprecated since 2023.2 release (neutron-lib 3.8.0) and will be removed once support for the old RBAC API policies will be removed from Neutron. Please use method 'is_service_role' instead.
2026-06-24 19:07:29.586 9 INFO neutron.wsgi [None req-7376f2f1-2e31-4ec4-8eae-a5f5473dc69e 49bb6ebea87c4c9eb060aa0f30e244b0 a3e9c63b39ad480d92d4b993db49bd9d - - default default] 10.0.0.198 "GET /v2.0/ HTTP/1.1" status: 200 len: 826 time: 0.1267254
2026-06-24 19:07:30.141 9 INFO neutron.wsgi [-] 10.0.0.145 "GET / HTTP/1.1" status: 200 len: 247 time: 0.0024662
2026-06-24 19:07:30.144 9 INFO neutron.wsgi [-] 10.0.0.145 "GET / HTTP/1.1" status: 200 len: 247 time: 0.0024076
2026-06-24 19:07:30.159 10 WARNING neutron.scheduler.dhcp_agent_scheduler [None req-98de8f13-edc7-444d-b7b0-cfbee3887d5b 2055ba8f7b7a4e438ae9680fa9b94d90 8af1bb51d5f941a4ae187b7c547e408e - - default default] No more DHCP agents
2026-06-24 19:07:30.162 10 WARNING neutron.api.rpc.agentnotifiers.dhcp_rpc_agent_api [None req-98de8f13-edc7-444d-b7b0-cfbee3887d5b 2055ba8f7b7a4e438ae9680fa9b94d90 8af1bb51d5f941a4ae187b7c547e408e - - default default] Unable to schedule network de61e350-07c9-4398-9e52-31ade63e16c1: no agents available; will retry on subsequent port and subnet creation events.
2026-06-24 19:07:30.425 9 INFO neutron.db.ovn_revision_numbers_db [None req-c00ead91-ac17-420a-ac57-fc44e72b9bed a8a7de7117fb409b9a502b48744ef2cf f8b25b63beb84fa2ada4f999d2568fdb - - default default] Successfully bumped revision number for resource 9618b393-54a3-4fb3-8edc-37802a90a667 (type: security_groups) to 1
2026-06-24 19:07:30.443 9 INFO neutron.db.ovn_revision_numbers_db [None req-c00ead91-ac17-420a-ac57-fc44e72b9bed a8a7de7117fb409b9a502b48744ef2cf f8b25b63beb84fa2ada4f999d2568fdb - - default default] Successfully bumped revision number for resource 241628d4-5352-4d9b-845a-2ffae197304f (type: security_group_rules) to 0
2026-06-24 19:07:30.460 9 INFO neutron.db.ovn_revision_numbers_db [None req-c00ead91-ac17-420a-ac57-fc44e72b9bed a8a7de7117fb409b9a502b48744ef2cf f8b25b63beb84fa2ada4f999d2568fdb - - default default] Successfully bumped revision number for resource 5841325a-e018-409e-ae21-9de5ba501bda (type: security_group_rules) to 0
2026-06-24 19:07:30.473 9 INFO neutron.db.ovn_revision_numbers_db [None req-c00ead91-ac17-420a-ac57-fc44e72b9bed a8a7de7117fb409b9a502b48744ef2cf f8b25b63beb84fa2ada4f999d2568fdb - - default default] Successfully bumped revision number for resource 84db6cd5-4d64-48af-8eda-dd6489c59fea (type: security_group_rules) to 0
2026-06-24 19:07:30.486 9 INFO neutron.db.ovn_revision_numbers_db [None req-c00ead91-ac17-420a-ac57-fc44e72b9bed a8a7de7117fb409b9a502b48744ef2cf f8b25b63beb84fa2ada4f999d2568fdb - - default default] Successfully bumped revision number for resource b1187370-b860-4f37-8f36-984d64bda7a3 (type: security_group_rules) to 0
2026-06-24 19:07:30.509 9 INFO neutron.wsgi [None req-c00ead91-ac17-420a-ac57-fc44e72b9bed a8a7de7117fb409b9a502b48744ef2cf f8b25b63beb84fa2ada4f999d2568fdb - - default default] 10.0.0.198 "GET /v2.0/security-groups?tenant_id=a3e9c63b39ad480d92d4b993db49bd9d&name=default HTTP/1.1" status: 200 len: 2996 time: 0.4610326
2026-06-24 19:07:30.665 10 INFO neutron.db.ovn_revision_numbers_db [None req-98de8f13-edc7-444d-b7b0-cfbee3887d5b 2055ba8f7b7a4e438ae9680fa9b94d90 8af1bb51d5f941a4ae187b7c547e408e - - default default] Successfully bumped revision number for resource d48ec74d-ccd5-4545-b193-cd6b79b392da (type: ports) to 2
2026-06-24 19:07:30.679 9 INFO neutron.db.ovn_revision_numbers_db [None req-5f94865d-994b-40e8-aedb-b46f1c5c8cdf a8a7de7117fb409b9a502b48744ef2cf f8b25b63beb84fa2ada4f999d2568fdb - - default default] Successfully bumped revision number for resource da1fe30e-d541-4a1a-9a8c-343a8e621f4c (type: security_groups) to 1
2026-06-24 19:07:30.690 9 INFO neutron.db.ovn_revision_numbers_db [None req-5f94865d-994b-40e8-aedb-b46f1c5c8cdf a8a7de7117fb409b9a502b48744ef2cf f8b25b63beb84fa2ada4f999d2568fdb - - default default] Successfully bumped revision number for resource 13c7dc3b-79a3-4d1f-b357-4b904a97123b (type: security_group_rules) to 0
2026-06-24 19:07:30.698 10 INFO neutron.db.ovn_revision_numbers_db [None req-98de8f13-edc7-444d-b7b0-cfbee3887d5b 2055ba8f7b7a4e438ae9680fa9b94d90 8af1bb51d5f941a4ae187b7c547e408e - - default default] Successfully bumped revision number for resource 63a738a2-f29d-45bd-bbcb-c17e755bebfd (type: subnets) to 0
2026-06-24 19:07:30.703 9 INFO neutron.db.ovn_revision_numbers_db [None req-5f94865d-994b-40e8-aedb-b46f1c5c8cdf a8a7de7117fb409b9a502b48744ef2cf f8b25b63beb84fa2ada4f999d2568fdb - - default default] Successfully bumped revision number for resource 311f38d8-8b19-4f56-b3a1-26d1aa9dc6b9 (type: security_group_rules) to 0
2026-06-24 19:07:30.719 9 INFO neutron.db.ovn_revision_numbers_db [None req-5f94865d-994b-40e8-aedb-b46f1c5c8cdf a8a7de7117fb409b9a502b48744ef2cf f8b25b63beb84fa2ada4f999d2568fdb - - default default] Successfully bumped revision number for resource 6c6ab296-84c4-4253-b1d6-5bfb72744c13 (type: security_group_rules) to 0
2026-06-24 19:07:30.719 10 WARNING neutron.scheduler.dhcp_agent_scheduler [None req-98de8f13-edc7-444d-b7b0-cfbee3887d5b 2055ba8f7b7a4e438ae9680fa9b94d90 8af1bb51d5f941a4ae187b7c547e408e - - default default] No more DHCP agents
2026-06-24 19:07:30.721 10 WARNING neutron.api.rpc.agentnotifiers.dhcp_rpc_agent_api [None req-98de8f13-edc7-444d-b7b0-cfbee3887d5b 2055ba8f7b7a4e438ae9680fa9b94d90 8af1bb51d5f941a4ae187b7c547e408e - - default default] Unable to schedule network 484a4d16-11e8-42db-9c12-ff058e5d616f: no agents available; will retry on subsequent port and subnet creation events.
2026-06-24 19:07:30.731 9 INFO neutron.db.ovn_revision_numbers_db [None req-5f94865d-994b-40e8-aedb-b46f1c5c8cdf a8a7de7117fb409b9a502b48744ef2cf f8b25b63beb84fa2ada4f999d2568fdb - - default default] Successfully bumped revision number for resource eceebff6-eb7d-4b70-85e8-c6459932104d (type: security_group_rules) to 0
2026-06-24 19:07:30.755 9 INFO neutron.wsgi [None req-5f94865d-994b-40e8-aedb-b46f1c5c8cdf a8a7de7117fb409b9a502b48744ef2cf f8b25b63beb84fa2ada4f999d2568fdb - - default default] 10.0.0.198 "GET /v2.0/security-groups?tenant_id=19fdba8643744c4fb0f9156d56d6eaa6&name=default HTTP/1.1" status: 200 len: 2996 time: 0.2431471
2026-06-24 19:07:30.764 10 INFO neutron.wsgi [None req-4e0c5b4e-a53f-4ff8-aa11-6c043b29bd3c a8a7de7117fb409b9a502b48744ef2cf f8b25b63beb84fa2ada4f999d2568fdb - - default default] 10.0.0.198 "DELETE /v2.0/security-groups/9618b393-54a3-4fb3-8edc-37802a90a667 HTTP/1.1" status: 204 len: 168 time: 0.2494388
2026-06-24 19:07:30.971 9 INFO neutron.wsgi [None req-f95783ee-101d-4d9b-921e-edc8d65abc04 a8a7de7117fb409b9a502b48744ef2cf f8b25b63beb84fa2ada4f999d2568fdb - - default default] 10.0.0.198 "DELETE /v2.0/security-groups/da1fe30e-d541-4a1a-9a8c-343a8e621f4c HTTP/1.1" status: 204 len: 168 time: 0.2115655
2026-06-24 19:07:31.283 10 INFO neutron.db.ovn_revision_numbers_db [None req-98de8f13-edc7-444d-b7b0-cfbee3887d5b 2055ba8f7b7a4e438ae9680fa9b94d90 8af1bb51d5f941a4ae187b7c547e408e - - default default] Successfully bumped revision number for resource 62eefb9c-6013-44fa-af7b-74414924f4d3 (type: ports) to 2
2026-06-24 19:07:31.319 10 INFO neutron.db.ovn_revision_numbers_db [None req-98de8f13-edc7-444d-b7b0-cfbee3887d5b 2055ba8f7b7a4e438ae9680fa9b94d90 8af1bb51d5f941a4ae187b7c547e408e - - default default] Successfully bumped revision number for resource 1a946b65-1c45-4fa1-ad5e-c7ce31b1a695 (type: subnets) to 0
2026-06-24 19:07:31.337 10 INFO neutron.wsgi [None req-98de8f13-edc7-444d-b7b0-cfbee3887d5b 2055ba8f7b7a4e438ae9680fa9b94d90 8af1bb51d5f941a4ae187b7c547e408e - - default default] 10.0.0.198 "POST /v2.0/subnets HTTP/1.1" status: 201 len: 1425 time: 1.7895787
2026-06-24 19:07:31.377 10 INFO neutron.wsgi [None req-81ce2a3d-2011-4b59-a8aa-70871096b869 2055ba8f7b7a4e438ae9680fa9b94d90 8af1bb51d5f941a4ae187b7c547e408e - - default default] 10.0.0.198 "GET /v2.0/subnets HTTP/1.1" status: 200 len: 2033 time: 0.0359387
2026-06-24 19:07:31.578 10 INFO neutron.wsgi [None req-5d3e3f53-1200-4275-91b3-0bdb02c76fe2 2055ba8f7b7a4e438ae9680fa9b94d90 8af1bb51d5f941a4ae187b7c547e408e - - default default] 10.0.0.198 "DELETE /v2.0/subnets/63a738a2-f29d-45bd-bbcb-c17e755bebfd HTTP/1.1" status: 204 len: 168 time: 0.1959193
2026-06-24 19:07:31.780 10 INFO neutron.wsgi [None req-2652bfec-58c8-4670-8bc1-f4649a6e15da 2055ba8f7b7a4e438ae9680fa9b94d90 8af1bb51d5f941a4ae187b7c547e408e - - default default] 10.0.0.198 "DELETE /v2.0/subnets/1a946b65-1c45-4fa1-ad5e-c7ce31b1a695 HTTP/1.1" status: 204 len: 168 time: 0.1972308
2026-06-24 19:07:31.818 10 INFO neutron.wsgi [None req-517c5175-7404-4577-8323-b32fae885bf1 2055ba8f7b7a4e438ae9680fa9b94d90 8af1bb51d5f941a4ae187b7c547e408e - - default default] 10.0.0.198 "GET /v2.0/subnets HTTP/1.1" status: 200 len: 820 time: 0.0295064
2026-06-24 19:07:32.164 10 INFO neutron.services.segments.plugin [-] Segment a50703da-7a2e-41d3-8714-36de680ff0d7 resource provider aggregate not found
2026-06-24 19:07:32.176 10 INFO neutron.services.segments.plugin [-] Segment a50703da-7a2e-41d3-8714-36de680ff0d7 resource provider aggregate not found
2026-06-24 19:07:32.181 10 INFO neutron.services.segments.plugin [-] Segment a50703da-7a2e-41d3-8714-36de680ff0d7 resource provider not found; error: Placement Client Error (4xx): {"errors": [{"status": 404, "title": "Not Found", "detail": "The resource could not be found.\n\n No resource provider with uuid a50703da-7a2e-41d3-8714-36de680ff0d7 found for delete ", "request_id": "req-4d5c2a55-1d79-4882-9a47-bee960d72542"}]}
2026-06-24 19:07:32.194 10 INFO neutron.services.segments.plugin [-] Segment a50703da-7a2e-41d3-8714-36de680ff0d7 resource provider not found; error: Placement Client Error (4xx): {"errors": [{"status": 404, "title": "Not Found", "detail": "The resource could not be found.\n\n No resource provider with uuid a50703da-7a2e-41d3-8714-36de680ff0d7 found for delete ", "request_id": "req-e2f06504-0d95-4e99-a8de-5f75620fbc10"}]}
2026-06-24 19:07:32.208 10 INFO neutron.wsgi [None req-a556f128-891b-486b-9273-f7a820eb25d4 2055ba8f7b7a4e438ae9680fa9b94d90 8af1bb51d5f941a4ae187b7c547e408e - - default default] 10.0.0.198 "DELETE /v2.0/networks/484a4d16-11e8-42db-9c12-ff058e5d616f HTTP/1.1" status: 204 len: 168 time: 0.3784101
2026-06-24 19:07:32.747 9 INFO neutron.services.segments.plugin [-] Segment fe31a232-41af-4ed7-82cf-1000ba24b916 resource provider aggregate not found
2026-06-24 19:07:32.752 9 INFO neutron.services.segments.plugin [-] Segment fe31a232-41af-4ed7-82cf-1000ba24b916 resource provider aggregate not found
2026-06-24 19:07:32.770 9 INFO neutron.services.segments.plugin [-] Segment fe31a232-41af-4ed7-82cf-1000ba24b916 resource provider not found; error: Placement Client Error (4xx): {"errors": [{"status": 404, "title": "Not Found", "detail": "The resource could not be found.\n\n No resource provider with uuid fe31a232-41af-4ed7-82cf-1000ba24b916 found for delete ", "request_id": "req-2651a95f-838b-4540-a629-66e567f5319c"}]}
2026-06-24 19:07:32.773 9 INFO neutron.services.segments.plugin [-] Segment fe31a232-41af-4ed7-82cf-1000ba24b916 resource provider not found; error: Placement Client Error (4xx): {"errors": [{"status": 404, "title": "Not Found", "detail": "The resource could not be found.\n\n No resource provider with uuid fe31a232-41af-4ed7-82cf-1000ba24b916 found for delete ", "request_id": "req-c488503a-94cf-4c80-84d5-d8e44451c4c7"}]}
2026-06-24 19:07:32.794 9 INFO neutron.wsgi [None req-ec37daea-a75c-441a-a215-112375f952ca 2055ba8f7b7a4e438ae9680fa9b94d90 8af1bb51d5f941a4ae187b7c547e408e - - default default] 10.0.0.198 "DELETE /v2.0/networks/de61e350-07c9-4398-9e52-31ade63e16c1 HTTP/1.1" status: 204 len: 168 time: 0.5794394
2026-06-24 19:07:32.806 10 INFO neutron.db.ovn_revision_numbers_db [None req-c32b8453-8760-4fd8-925f-fbb9505d3c0f a8a7de7117fb409b9a502b48744ef2cf f8b25b63beb84fa2ada4f999d2568fdb - - default default] Successfully bumped revision number for resource 4ff76f49-7de6-4e72-8900-ec759fce937b (type: security_groups) to 1
2026-06-24 19:07:32.829 10 INFO neutron.db.ovn_revision_numbers_db [None req-c32b8453-8760-4fd8-925f-fbb9505d3c0f a8a7de7117fb409b9a502b48744ef2cf f8b25b63beb84fa2ada4f999d2568fdb - - default default] Successfully bumped revision number for resource 474df5a4-4db9-4f1e-bc8a-711de14d676a (type: security_group_rules) to 0
2026-06-24 19:07:32.845 10 INFO neutron.db.ovn_revision_numbers_db [None req-c32b8453-8760-4fd8-925f-fbb9505d3c0f a8a7de7117fb409b9a502b48744ef2cf f8b25b63beb84fa2ada4f999d2568fdb - - default default] Successfully bumped revision number for resource 6d321607-fdac-48bc-88b8-9598f33c6e0a (type: security_group_rules) to 0
2026-06-24 19:07:32.865 10 INFO neutron.db.ovn_revision_numbers_db [None req-c32b8453-8760-4fd8-925f-fbb9505d3c0f a8a7de7117fb409b9a502b48744ef2cf f8b25b63beb84fa2ada4f999d2568fdb - - default default] Successfully bumped revision number for resource cae9d41f-1a44-4b8e-8be4-92948463b807 (type: security_group_rules) to 0
2026-06-24 19:07:32.884 10 INFO neutron.db.ovn_revision_numbers_db [None req-c32b8453-8760-4fd8-925f-fbb9505d3c0f a8a7de7117fb409b9a502b48744ef2cf f8b25b63beb84fa2ada4f999d2568fdb - - default default] Successfully bumped revision number for resource f3df8065-a319-4580-8c91-16c52ddbca81 (type: security_group_rules) to 0
2026-06-24 19:07:32.919 10 INFO neutron.wsgi [None req-c32b8453-8760-4fd8-925f-fbb9505d3c0f a8a7de7117fb409b9a502b48744ef2cf f8b25b63beb84fa2ada4f999d2568fdb - - default default] 10.0.0.198 "GET /v2.0/security-groups?tenant_id=fcfc3e4092824af68c64ebd47755b863&name=default HTTP/1.1" status: 200 len: 2996 time: 0.5789495
2026-06-24 19:07:33.235 10 INFO neutron.wsgi [None req-5cf94f4d-4b39-4a22-bf27-8db42940af5e a8a7de7117fb409b9a502b48744ef2cf f8b25b63beb84fa2ada4f999d2568fdb - - default default] 10.0.0.198 "DELETE /v2.0/security-groups/4ff76f49-7de6-4e72-8900-ec759fce937b HTTP/1.1" status: 204 len: 168 time: 0.3110044
2026-06-24 19:07:33.263 10 INFO neutron.wsgi [None req-9a2aabce-1368-40ac-9e74-9ff4676122e7 2055ba8f7b7a4e438ae9680fa9b94d90 8af1bb51d5f941a4ae187b7c547e408e - - default default] 10.0.0.198 "DELETE /v2.0/networks/2427c8a9-938d-437e-ae14-9b5c1cf2ec7a HTTP/1.1" status: 204 len: 168 time: 0.4644554
2026-06-24 19:07:33.588 10 INFO neutron.wsgi [None req-65e072af-a292-46c1-9f8c-5ab429ad60c3 2055ba8f7b7a4e438ae9680fa9b94d90 8af1bb51d5f941a4ae187b7c547e408e - - default default] 10.0.0.198 "DELETE /v2.0/networks/d9c06db1-b542-4203-a253-74327c84f3cf HTTP/1.1" status: 204 len: 168 time: 0.3096771
2026-06-24 19:07:34.161 9 INFO neutron.wsgi [None req-6725fc85-cc76-40af-846e-9367e896f772 a8a7de7117fb409b9a502b48744ef2cf f8b25b63beb84fa2ada4f999d2568fdb - - default default] 10.0.0.198 "GET /v2.0/security-groups?tenant_id=8af1bb51d5f941a4ae187b7c547e408e&name=default HTTP/1.1" status: 200 len: 2996 time: 0.1554639
2026-06-24 19:07:34.205 10 INFO neutron.services.segments.plugin [-] Segment 50d1fcc2-0906-4d84-a5f1-e8e0676fbf5c resource provider aggregate not found
2026-06-24 19:07:34.231 10 INFO neutron.services.segments.plugin [-] Segment 50d1fcc2-0906-4d84-a5f1-e8e0676fbf5c resource provider not found; error: Placement Client Error (4xx): {"errors": [{"status": 404, "title": "Not Found", "detail": "The resource could not be found.\n\n No resource provider with uuid 50d1fcc2-0906-4d84-a5f1-e8e0676fbf5c found for delete ", "request_id": "req-e490e6f0-c440-4906-bca1-2dfb5d4a41ab"}]}
2026-06-24 19:07:34.238 10 INFO neutron.services.segments.plugin [-] Segment 50d1fcc2-0906-4d84-a5f1-e8e0676fbf5c resource provider aggregate not found
2026-06-24 19:07:34.260 10 INFO neutron.services.segments.plugin [-] Segment 50d1fcc2-0906-4d84-a5f1-e8e0676fbf5c resource provider not found; error: Placement Client Error (4xx): {"errors": [{"status": 404, "title": "Not Found", "detail": "The resource could not be found.\n\n No resource provider with uuid 50d1fcc2-0906-4d84-a5f1-e8e0676fbf5c found for delete ", "request_id": "req-22701f11-2950-44ab-ab44-11b52f47fe4b"}]}
2026-06-24 19:07:34.268 10 INFO neutron.services.segments.plugin [-] Segment 675bf4f3-319c-4a0b-b8b3-dc66328071e0 resource provider aggregate not found
2026-06-24 19:07:34.289 10 INFO neutron.services.segments.plugin [-] Segment 675bf4f3-319c-4a0b-b8b3-dc66328071e0 resource provider aggregate not found
2026-06-24 19:07:34.299 10 INFO neutron.services.segments.plugin [-] Segment 675bf4f3-319c-4a0b-b8b3-dc66328071e0 resource provider not found; error: Placement Client Error (4xx): {"errors": [{"status": 404, "title": "Not Found", "detail": "The resource could not be found.\n\n No resource provider with uuid 675bf4f3-319c-4a0b-b8b3-dc66328071e0 found for delete ", "request_id": "req-b243e8dd-dd8f-4132-9a39-826a8b617a19"}]}
2026-06-24 19:07:34.311 10 INFO neutron.services.segments.plugin [-] Segment 675bf4f3-319c-4a0b-b8b3-dc66328071e0 resource provider not found; error: Placement Client Error (4xx): {"errors": [{"status": 404, "title": "Not Found", "detail": "The resource could not be found.\n\n No resource provider with uuid 675bf4f3-319c-4a0b-b8b3-dc66328071e0 found for delete ", "request_id": "req-07f33896-9084-4a7d-8d85-482be05fa065"}]}
2026-06-24 19:07:34.401 10 INFO neutron.wsgi [None req-b940dff8-68bf-4b0e-b29d-7930ba2e7a68 e356c939a6684e89b38dabe05a7de391 73716968198c4e6cbea0cafdcb0b5f2d - - default default] 10.0.0.128 "GET /v2.0/extensions HTTP/1.1" status: 200 len: 16980 time: 0.0540445
2026-06-24 19:07:34.418 9 INFO neutron.wsgi [None req-01fa7d7f-b911-4382-98d1-8eee0c5df601 a8a7de7117fb409b9a502b48744ef2cf f8b25b63beb84fa2ada4f999d2568fdb - - default default] 10.0.0.198 "DELETE /v2.0/security-groups/6476d4bf-3897-4977-8fe8-e103dd2e0acc HTTP/1.1" status: 204 len: 168 time: 0.2480195
2026-06-24 19:07:34.506 10 INFO neutron.wsgi [None req-8d0b15d6-11b8-43a0-b181-082c10ca9b0a e356c939a6684e89b38dabe05a7de391 73716968198c4e6cbea0cafdcb0b5f2d - - default default] 10.0.0.128 "GET /v2.0/quotas/73716968198c4e6cbea0cafdcb0b5f2d/details HTTP/1.1" status: 200 len: 756 time: 0.0911846
2026-06-24 19:07:36.267 9 INFO neutron.db.ovn_revision_numbers_db [None req-e1d0a687-cc75-45d2-8039-409136c3443e a8a7de7117fb409b9a502b48744ef2cf f8b25b63beb84fa2ada4f999d2568fdb - - default default] Successfully bumped revision number for resource b6d5aa7d-c179-4597-94db-ad5084b175ac (type: security_groups) to 1
2026-06-24 19:07:36.285 9 INFO neutron.db.ovn_revision_numbers_db [None req-e1d0a687-cc75-45d2-8039-409136c3443e a8a7de7117fb409b9a502b48744ef2cf f8b25b63beb84fa2ada4f999d2568fdb - - default default] Successfully bumped revision number for resource 3abd4f19-a8a1-4540-b354-6709618864f4 (type: security_group_rules) to 0
2026-06-24 19:07:36.304 9 INFO neutron.db.ovn_revision_numbers_db [None req-e1d0a687-cc75-45d2-8039-409136c3443e a8a7de7117fb409b9a502b48744ef2cf f8b25b63beb84fa2ada4f999d2568fdb - - default default] Successfully bumped revision number for resource 3d769d28-2bd1-48e2-8478-e663ee2f8075 (type: security_group_rules) to 0
2026-06-24 19:07:36.323 9 INFO neutron.db.ovn_revision_numbers_db [None req-e1d0a687-cc75-45d2-8039-409136c3443e a8a7de7117fb409b9a502b48744ef2cf f8b25b63beb84fa2ada4f999d2568fdb - - default default] Successfully bumped revision number for resource 919555a4-5e3c-4ea1-abc4-07608781ce65 (type: security_group_rules) to 0
2026-06-24 19:07:36.346 9 INFO neutron.db.ovn_revision_numbers_db [None req-e1d0a687-cc75-45d2-8039-409136c3443e a8a7de7117fb409b9a502b48744ef2cf f8b25b63beb84fa2ada4f999d2568fdb - - default default] Successfully bumped revision number for resource 9dbe43ed-982c-468a-928a-d0c79671df44 (type: security_group_rules) to 0
2026-06-24 19:07:36.375 9 INFO neutron.wsgi [None req-e1d0a687-cc75-45d2-8039-409136c3443e a8a7de7117fb409b9a502b48744ef2cf f8b25b63beb84fa2ada4f999d2568fdb - - default default] 10.0.0.198 "GET /v2.0/security-groups?tenant_id=526cd65dc962489b9a1d4500ee757fd4&name=default HTTP/1.1" status: 200 len: 2996 time: 0.4386628
2026-06-24 19:07:36.596 9 INFO neutron.wsgi [None req-d5555732-c272-4724-845d-0731121d6023 a8a7de7117fb409b9a502b48744ef2cf f8b25b63beb84fa2ada4f999d2568fdb - - default default] 10.0.0.198 "DELETE /v2.0/security-groups/b6d5aa7d-c179-4597-94db-ad5084b175ac HTTP/1.1" status: 204 len: 168 time: 0.2157702
2026-06-24 19:07:36.879 10 WARNING neutron_lib.context [None req-9fb53e6b-cd12-4eb2-9827-947dbe282d31 d4081452de44421a9d0e35b8f7150a51 c0a977bf64f3490a85cfa5a0109ca70a - - default default] Method 'is_advsvc' is deprecated since 2023.2 release (neutron-lib 3.8.0) and will be removed once support for the old RBAC API policies will be removed from Neutron. Please use method 'is_service_role' instead.
2026-06-24 19:07:36.883 10 INFO neutron.db.ovn_revision_numbers_db [None req-4d692f75-98fc-4969-a4d9-282038385618 a8a7de7117fb409b9a502b48744ef2cf f8b25b63beb84fa2ada4f999d2568fdb - - default default] Successfully bumped revision number for resource bb4c80cc-7de6-47b9-ad25-e427cac17525 (type: security_groups) to 1
2026-06-24 19:07:36.905 10 INFO neutron.db.ovn_revision_numbers_db [None req-4d692f75-98fc-4969-a4d9-282038385618 a8a7de7117fb409b9a502b48744ef2cf f8b25b63beb84fa2ada4f999d2568fdb - - default default] Successfully bumped revision number for resource 0c1beec1-28d6-4ae0-b65f-fa6904b20691 (type: security_group_rules) to 0
2026-06-24 19:07:36.926 10 INFO neutron.db.ovn_revision_numbers_db [None req-4d692f75-98fc-4969-a4d9-282038385618 a8a7de7117fb409b9a502b48744ef2cf f8b25b63beb84fa2ada4f999d2568fdb - - default default] Successfully bumped revision number for resource 43b53c38-aec3-4860-b229-67e6bcbf6401 (type: security_group_rules) to 0
2026-06-24 19:07:36.945 10 INFO neutron.db.ovn_revision_numbers_db [None req-4d692f75-98fc-4969-a4d9-282038385618 a8a7de7117fb409b9a502b48744ef2cf f8b25b63beb84fa2ada4f999d2568fdb - - default default] Successfully bumped revision number for resource 6b9dd0f6-c8aa-409a-8bc1-407edff060b1 (type: security_group_rules) to 0
2026-06-24 19:07:36.971 10 INFO neutron.db.ovn_revision_numbers_db [None req-4d692f75-98fc-4969-a4d9-282038385618 a8a7de7117fb409b9a502b48744ef2cf f8b25b63beb84fa2ada4f999d2568fdb - - default default] Successfully bumped revision number for resource 91016951-d6a0-47fc-a1b1-d884200d9246 (type: security_group_rules) to 0
2026-06-24 19:07:37.010 10 INFO neutron.wsgi [None req-4d692f75-98fc-4969-a4d9-282038385618 a8a7de7117fb409b9a502b48744ef2cf f8b25b63beb84fa2ada4f999d2568fdb - - default default] 10.0.0.198 "GET /v2.0/security-groups?tenant_id=abaf82bcddf04e29a08843c135129791&name=default HTTP/1.1" status: 200 len: 2996 time: 0.2572262
2026-06-24 19:07:37.042 10 INFO neutron.db.ovn_revision_numbers_db [None req-9fb53e6b-cd12-4eb2-9827-947dbe282d31 d4081452de44421a9d0e35b8f7150a51 c0a977bf64f3490a85cfa5a0109ca70a - - default default] Successfully bumped revision number for resource 62c90e7d-8d77-4e65-b20f-20050af77d4e (type: security_groups) to 1
2026-06-24 19:07:37.058 10 INFO neutron.db.ovn_revision_numbers_db [None req-9fb53e6b-cd12-4eb2-9827-947dbe282d31 d4081452de44421a9d0e35b8f7150a51 c0a977bf64f3490a85cfa5a0109ca70a - - default default] Successfully bumped revision number for resource 3eb5f79e-204d-4e67-8bed-31c143348348 (type: security_group_rules) to 0
2026-06-24 19:07:37.079 10 INFO neutron.db.ovn_revision_numbers_db [None req-9fb53e6b-cd12-4eb2-9827-947dbe282d31 d4081452de44421a9d0e35b8f7150a51 c0a977bf64f3490a85cfa5a0109ca70a - - default default] Successfully bumped revision number for resource 4a1cc12b-37e0-4b4f-b891-96efaefc43ff (type: security_group_rules) to 0
2026-06-24 19:07:37.102 10 INFO neutron.db.ovn_revision_numbers_db [None req-9fb53e6b-cd12-4eb2-9827-947dbe282d31 d4081452de44421a9d0e35b8f7150a51 c0a977bf64f3490a85cfa5a0109ca70a - - default default] Successfully bumped revision number for resource 6bb8ce53-0cdc-4de5-9830-6e6e48091e7f (type: security_group_rules) to 0
2026-06-24 19:07:37.118 10 INFO neutron.db.ovn_revision_numbers_db [None req-9fb53e6b-cd12-4eb2-9827-947dbe282d31 d4081452de44421a9d0e35b8f7150a51 c0a977bf64f3490a85cfa5a0109ca70a - - default default] Successfully bumped revision number for resource ab277d44-402f-44d4-91fa-478ea30e3c93 (type: security_group_rules) to 0
2026-06-24 19:07:37.142 10 INFO neutron.wsgi [None req-b2ba3b61-105a-4445-bf36-4cd3de308da2 e356c939a6684e89b38dabe05a7de391 73716968198c4e6cbea0cafdcb0b5f2d - - default default] 10.0.0.128 "GET /v2.0/extensions HTTP/1.1" status: 200 len: 16980 time: 0.0059147
2026-06-24 19:07:37.181 10 INFO neutron.db.segments_db [None req-9fb53e6b-cd12-4eb2-9827-947dbe282d31 d4081452de44421a9d0e35b8f7150a51 c0a977bf64f3490a85cfa5a0109ca70a - - default default] Added segment 99f93248-f363-4d7a-a4d7-2e1eb3cecac0 of type geneve for network 1418443b-40a9-415b-a835-c657f985dddc
2026-06-24 19:07:37.270 9 INFO neutron.wsgi [None req-a9b46535-a745-4114-8a62-08c18f450571 a8a7de7117fb409b9a502b48744ef2cf f8b25b63beb84fa2ada4f999d2568fdb - - default default] 10.0.0.198 "DELETE /v2.0/security-groups/bb4c80cc-7de6-47b9-ad25-e427cac17525 HTTP/1.1" status: 204 len: 168 time: 0.2550015
2026-06-24 19:07:37.344 10 INFO neutron.wsgi [None req-fddec800-22b6-4baa-a24c-cae7e68810a4 e356c939a6684e89b38dabe05a7de391 73716968198c4e6cbea0cafdcb0b5f2d - - default default] 10.0.0.128 "GET /v2.0/quotas/73716968198c4e6cbea0cafdcb0b5f2d/details HTTP/1.1" status: 200 len: 756 time: 0.1863420
2026-06-24 19:07:37.345 10 INFO neutron.db.ovn_revision_numbers_db [None req-9fb53e6b-cd12-4eb2-9827-947dbe282d31 d4081452de44421a9d0e35b8f7150a51 c0a977bf64f3490a85cfa5a0109ca70a - - default default] Successfully bumped revision number for resource 1418443b-40a9-415b-a835-c657f985dddc (type: networks) to 1
2026-06-24 19:07:37.525 10 WARNING neutron.scheduler.dhcp_agent_scheduler [None req-9fb53e6b-cd12-4eb2-9827-947dbe282d31 d4081452de44421a9d0e35b8f7150a51 c0a977bf64f3490a85cfa5a0109ca70a - - default default] No more DHCP agents
2026-06-24 19:07:37.527 10 WARNING neutron.api.rpc.agentnotifiers.dhcp_rpc_agent_api [None req-9fb53e6b-cd12-4eb2-9827-947dbe282d31 d4081452de44421a9d0e35b8f7150a51 c0a977bf64f3490a85cfa5a0109ca70a - - default default] Unable to schedule network 1418443b-40a9-415b-a835-c657f985dddc: no agents available; will retry on subsequent port and subnet creation events.
2026-06-24 19:07:37.609 10 INFO neutron.db.ovn_revision_numbers_db [None req-9fb53e6b-cd12-4eb2-9827-947dbe282d31 d4081452de44421a9d0e35b8f7150a51 c0a977bf64f3490a85cfa5a0109ca70a - - default default] Successfully bumped revision number for resource fc23c70b-e3fe-4530-9a5b-df2d3e900615 (type: ports) to 1
2026-06-24 19:07:37.634 10 INFO neutron.wsgi [None req-9fb53e6b-cd12-4eb2-9827-947dbe282d31 d4081452de44421a9d0e35b8f7150a51 c0a977bf64f3490a85cfa5a0109ca70a - - default default] 10.0.0.198 "POST /v2.0/networks HTTP/1.1" status: 201 len: 844 time: 0.9824657
2026-06-24 19:07:37.643 10 WARNING neutron_lib.context [None req-b6f009b4-b829-47e3-aeea-7ffa9e5ebd9d d4081452de44421a9d0e35b8f7150a51 c0a977bf64f3490a85cfa5a0109ca70a - - default default] Method 'is_advsvc' is deprecated since 2023.2 release (neutron-lib 3.8.0) and will be removed once support for the old RBAC API policies will be removed from Neutron. Please use method 'is_service_role' instead.
2026-06-24 19:07:37.789 10 INFO neutron.db.ovn_revision_numbers_db [None req-6efa3a6b-75ff-4c5a-a04f-78e2e9b2e55b a8a7de7117fb409b9a502b48744ef2cf f8b25b63beb84fa2ada4f999d2568fdb - - default default] Successfully bumped revision number for resource 05ce38d8-2188-4cb4-aec8-43acc7947c93 (type: security_groups) to 1
2026-06-24 19:07:37.815 10 INFO neutron.db.ovn_revision_numbers_db [None req-6efa3a6b-75ff-4c5a-a04f-78e2e9b2e55b a8a7de7117fb409b9a502b48744ef2cf f8b25b63beb84fa2ada4f999d2568fdb - - default default] Successfully bumped revision number for resource 51167fe4-1359-40e1-af81-bf9404ced9a3 (type: security_group_rules) to 0
2026-06-24 19:07:37.829 10 INFO neutron.db.ovn_revision_numbers_db [None req-6efa3a6b-75ff-4c5a-a04f-78e2e9b2e55b a8a7de7117fb409b9a502b48744ef2cf f8b25b63beb84fa2ada4f999d2568fdb - - default default] Successfully bumped revision number for resource 9bed5a57-a919-4838-bf3f-6324e051ce11 (type: security_group_rules) to 0
2026-06-24 19:07:37.848 10 INFO neutron.db.ovn_revision_numbers_db [None req-6efa3a6b-75ff-4c5a-a04f-78e2e9b2e55b a8a7de7117fb409b9a502b48744ef2cf f8b25b63beb84fa2ada4f999d2568fdb - - default default] Successfully bumped revision number for resource aee8d7fa-a273-4344-8195-bc60442c6323 (type: security_group_rules) to 0
2026-06-24 19:07:37.863 10 INFO neutron.db.ovn_revision_numbers_db [None req-6efa3a6b-75ff-4c5a-a04f-78e2e9b2e55b a8a7de7117fb409b9a502b48744ef2cf f8b25b63beb84fa2ada4f999d2568fdb - - default default] Successfully bumped revision number for resource b8610915-bb5c-436e-99a8-8721b057ded1 (type: security_group_rules) to 0
2026-06-24 19:07:37.904 10 WARNING neutron.scheduler.dhcp_agent_scheduler [None req-b6f009b4-b829-47e3-aeea-7ffa9e5ebd9d d4081452de44421a9d0e35b8f7150a51 c0a977bf64f3490a85cfa5a0109ca70a - - default default] No more DHCP agents
2026-06-24 19:07:37.907 10 INFO neutron.wsgi [None req-6efa3a6b-75ff-4c5a-a04f-78e2e9b2e55b a8a7de7117fb409b9a502b48744ef2cf f8b25b63beb84fa2ada4f999d2568fdb - - default default] 10.0.0.198 "GET /v2.0/security-groups?tenant_id=b99770ecce62424ebc61dd721cc89567&name=default HTTP/1.1" status: 200 len: 2996 time: 0.4431963
2026-06-24 19:07:37.907 10 WARNING neutron.api.rpc.agentnotifiers.dhcp_rpc_agent_api [None req-b6f009b4-b829-47e3-aeea-7ffa9e5ebd9d d4081452de44421a9d0e35b8f7150a51 c0a977bf64f3490a85cfa5a0109ca70a - - default default] Unable to schedule network 1418443b-40a9-415b-a835-c657f985dddc: no agents available; will retry on subsequent port and subnet creation events.
2026-06-24 19:07:38.020 10 INFO neutron.db.ovn_revision_numbers_db [None req-b6f009b4-b829-47e3-aeea-7ffa9e5ebd9d d4081452de44421a9d0e35b8f7150a51 c0a977bf64f3490a85cfa5a0109ca70a - - default default] Successfully bumped revision number for resource 79fce10d-b45c-426d-b369-1218a110329f (type: ports) to 1
2026-06-24 19:07:38.042 10 INFO neutron.wsgi [None req-b6f009b4-b829-47e3-aeea-7ffa9e5ebd9d d4081452de44421a9d0e35b8f7150a51 c0a977bf64f3490a85cfa5a0109ca70a - - default default] 10.0.0.198 "POST /v2.0/ports HTTP/1.1" status: 201 len: 973 time: 0.4033062 /var/lib/openstack/lib/python3.10/site-packages/pycadf/identifier.py:71: UserWarning: Invalid uuid: neutron. To ensure interoperability, identifiers should be a valid uuid. warnings.warn(('Invalid uuid: %s. To ensure interoperability, '
2026-06-24 19:07:38.052 10 WARNING neutron_lib.context [None req-f7e4ebb6-87d3-4303-abc3-7fa0f5c3740c d4081452de44421a9d0e35b8f7150a51 c0a977bf64f3490a85cfa5a0109ca70a - - default default] Method 'is_advsvc' is deprecated since 2023.2 release (neutron-lib 3.8.0) and will be removed once support for the old RBAC API policies will be removed from Neutron. Please use method 'is_service_role' instead.
2026-06-24 19:07:38.133 9 INFO neutron.wsgi [None req-39d8340f-c262-4109-a9db-7d21ec5a7136 a8a7de7117fb409b9a502b48744ef2cf f8b25b63beb84fa2ada4f999d2568fdb - - default default] 10.0.0.198 "DELETE /v2.0/security-groups/05ce38d8-2188-4cb4-aec8-43acc7947c93 HTTP/1.1" status: 204 len: 168 time: 0.2212083
2026-06-24 19:07:38.158 10 INFO neutron.db.segments_db [None req-f7e4ebb6-87d3-4303-abc3-7fa0f5c3740c d4081452de44421a9d0e35b8f7150a51 c0a977bf64f3490a85cfa5a0109ca70a - - default default] Added segment 56e83501-164a-4933-9570-47304d90e30a of type geneve for network df838441-c348-4630-b3c1-08e6a72aca62
2026-06-24 19:07:38.305 10 INFO neutron.db.ovn_revision_numbers_db [None req-f7e4ebb6-87d3-4303-abc3-7fa0f5c3740c d4081452de44421a9d0e35b8f7150a51 c0a977bf64f3490a85cfa5a0109ca70a - - default default] Successfully bumped revision number for resource df838441-c348-4630-b3c1-08e6a72aca62 (type: networks) to 1
2026-06-24 19:07:38.452 10 INFO neutron.db.ovn_revision_numbers_db [None req-b196c792-19cd-4600-9698-3e83a7d69324 a8a7de7117fb409b9a502b48744ef2cf f8b25b63beb84fa2ada4f999d2568fdb - - default default] Successfully bumped revision number for resource dc3e8583-797f-41a9-b36b-6a9fa5ef162d (type: security_groups) to 1
2026-06-24 19:07:38.474 10 WARNING neutron.scheduler.dhcp_agent_scheduler [None req-f7e4ebb6-87d3-4303-abc3-7fa0f5c3740c d4081452de44421a9d0e35b8f7150a51 c0a977bf64f3490a85cfa5a0109ca70a - - default default] No more DHCP agents
2026-06-24 19:07:38.476 10 WARNING neutron.api.rpc.agentnotifiers.dhcp_rpc_agent_api [None req-f7e4ebb6-87d3-4303-abc3-7fa0f5c3740c d4081452de44421a9d0e35b8f7150a51 c0a977bf64f3490a85cfa5a0109ca70a - - default default] Unable to schedule network df838441-c348-4630-b3c1-08e6a72aca62: no agents available; will retry on subsequent port and subnet creation events.
2026-06-24 19:07:38.480 10 INFO neutron.db.ovn_revision_numbers_db [None req-b196c792-19cd-4600-9698-3e83a7d69324 a8a7de7117fb409b9a502b48744ef2cf f8b25b63beb84fa2ada4f999d2568fdb - - default default] Successfully bumped revision number for resource 247e39c8-9548-4714-9aa3-28a88b3a3f20 (type: security_group_rules) to 0
2026-06-24 19:07:38.511 10 INFO neutron.db.ovn_revision_numbers_db [None req-b196c792-19cd-4600-9698-3e83a7d69324 a8a7de7117fb409b9a502b48744ef2cf f8b25b63beb84fa2ada4f999d2568fdb - - default default] Successfully bumped revision number for resource 455cd2d3-fa10-416c-a832-e2f822b2bb29 (type: security_group_rules) to 0
2026-06-24 19:07:38.533 10 INFO neutron.db.ovn_revision_numbers_db [None req-b196c792-19cd-4600-9698-3e83a7d69324 a8a7de7117fb409b9a502b48744ef2cf f8b25b63beb84fa2ada4f999d2568fdb - - default default] Successfully bumped revision number for resource 7fb9ae8c-1b5e-464f-9166-aee01de655d6 (type: security_group_rules) to 0
2026-06-24 19:07:38.558 10 INFO neutron.db.ovn_revision_numbers_db [None req-b196c792-19cd-4600-9698-3e83a7d69324 a8a7de7117fb409b9a502b48744ef2cf f8b25b63beb84fa2ada4f999d2568fdb - - default default] Successfully bumped revision number for resource bd67b7e6-7a01-47f1-b489-efcb51793956 (type: security_group_rules) to 0
2026-06-24 19:07:38.583 10 INFO neutron.db.ovn_revision_numbers_db [None req-f7e4ebb6-87d3-4303-abc3-7fa0f5c3740c d4081452de44421a9d0e35b8f7150a51 c0a977bf64f3490a85cfa5a0109ca70a - - default default] Successfully bumped revision number for resource 89ac710a-7817-4ba0-8857-95114f815eaa (type: ports) to 1
