2026-06-24 19:05:35.435 9 INFO neutron.db.ovn_revision_numbers_db [req-6fb8baf7-0418-479a-b0ed-b70eb0b8155c req-96b484a4-1cf2-4552-b31a-bf2e11d9bf63 3ae6179118f9404d8b1957f1217f868f e1b74b5e32154be5adb87840eaf90b8f - - default default] Successfully bumped revision number for resource 9d0c8a65-eb7c-4a7f-817c-b4adea8d735a (type: security_groups) to 1
2026-06-24 19:05:35.446 9 INFO neutron.db.ovn_revision_numbers_db [req-d2e3a15a-55e1-43a9-9a6a-75a11b432ecd req-46e0426b-8c5b-4ff5-b821-ed047413930a e849ebd7f0e24aefa18bf8ec0a92709d 1f17e5132da84e0ba0024f76543f4235 - - default default] Successfully bumped revision number for resource e801b763-7940-4715-9df5-82fb716bbe0d (type: security_group_rules) to 0
2026-06-24 19:05:35.456 9 INFO neutron.db.ovn_revision_numbers_db [req-6fb8baf7-0418-479a-b0ed-b70eb0b8155c req-96b484a4-1cf2-4552-b31a-bf2e11d9bf63 3ae6179118f9404d8b1957f1217f868f e1b74b5e32154be5adb87840eaf90b8f - - default default] Successfully bumped revision number for resource 1c0e55ef-ecb0-42f0-9082-189c1557bb0e (type: security_group_rules) to 0
2026-06-24 19:05:35.478 9 INFO neutron.db.ovn_revision_numbers_db [None req-a93d7c23-903d-4be5-a954-9f933413b3f0 - - - - - -] Successfully bumped revision number for resource c1f12f8f-1221-4747-bc82-66f6a942886e (type: ports) to 2
2026-06-24 19:05:35.481 9 INFO neutron.db.ovn_revision_numbers_db [req-d2e3a15a-55e1-43a9-9a6a-75a11b432ecd req-46e0426b-8c5b-4ff5-b821-ed047413930a e849ebd7f0e24aefa18bf8ec0a92709d 1f17e5132da84e0ba0024f76543f4235 - - default default] Successfully bumped revision number for resource f02f0dd9-b762-477c-9bce-48dc6df4cff5 (type: security_group_rules) to 0
2026-06-24 19:05:35.484 9 INFO neutron.db.ovn_revision_numbers_db [req-6fb8baf7-0418-479a-b0ed-b70eb0b8155c req-96b484a4-1cf2-4552-b31a-bf2e11d9bf63 3ae6179118f9404d8b1957f1217f868f e1b74b5e32154be5adb87840eaf90b8f - - default default] Successfully bumped revision number for resource 63f97501-82a6-45c0-bd07-8c52eaddd60a (type: security_group_rules) to 0
2026-06-24 19:05:35.502 9 INFO neutron.db.ovn_revision_numbers_db [None req-f3863f88-e06f-49d8-a8ea-4b743befb982 a8a7de7117fb409b9a502b48744ef2cf f8b25b63beb84fa2ada4f999d2568fdb - - default default] Successfully bumped revision number for resource 509106a8-1536-467d-8330-ddf1fc0ae65a (type: ports) to 1
2026-06-24 19:05:35.510 9 INFO neutron.wsgi [req-d2e3a15a-55e1-43a9-9a6a-75a11b432ecd req-46e0426b-8c5b-4ff5-b821-ed047413930a e849ebd7f0e24aefa18bf8ec0a92709d 1f17e5132da84e0ba0024f76543f4235 - - default default] 10.0.0.47 "POST /v2.0/security-groups HTTP/1.1" status: 201 len: 1826 time: 0.3635280
2026-06-24 19:05:35.521 9 INFO neutron.wsgi [req-6fb8baf7-0418-479a-b0ed-b70eb0b8155c req-96b484a4-1cf2-4552-b31a-bf2e11d9bf63 3ae6179118f9404d8b1957f1217f868f e1b74b5e32154be5adb87840eaf90b8f - - default default] 10.0.0.47 "POST /v2.0/security-groups HTTP/1.1" status: 201 len: 1821 time: 0.3330922
2026-06-24 19:05:35.524 10 INFO neutron.db.ovn_revision_numbers_db [None req-dac5d165-a395-4111-8d94-1bdba094dc33 - - - - - -] Successfully bumped revision number for resource c68f1660-f675-46da-ac43-14925f2d4769 (type: ports) to 1
2026-06-24 19:05:35.553 9 WARNING neutron_lib.context [req-c709917a-7261-4e42-b034-0ac36701f990 req-0921aa01-0ac3-4433-ae36-a38ad4a2f5eb 3ae6179118f9404d8b1957f1217f868f e1b74b5e32154be5adb87840eaf90b8f - - default default] Method 'is_advsvc' is deprecated since 2023.2 release (neutron-lib 3.8.0) and will be removed once support for the old RBAC API policies will be removed from Neutron. Please use method 'is_service_role' instead.
2026-06-24 19:05:35.728 9 INFO neutron.wsgi [req-44d14aac-8d1d-49da-a9ac-109e6d5fe35d req-d7989d73-496b-4c3d-bad0-954ae0131d20 e849ebd7f0e24aefa18bf8ec0a92709d 1f17e5132da84e0ba0024f76543f4235 - - default default] 10.0.0.47 "GET /v2.0/security-groups/3be709c5-7d83-4261-8bc6-12961d3f3bd7 HTTP/1.1" status: 200 len: 1821 time: 0.1945734
2026-06-24 19:05:35.744 9 WARNING neutron_lib.context [req-44d14aac-8d1d-49da-a9ac-109e6d5fe35d req-c62aec19-ca54-4554-987b-de6b181def96 e849ebd7f0e24aefa18bf8ec0a92709d 1f17e5132da84e0ba0024f76543f4235 - - default default] Method 'is_advsvc' is deprecated since 2023.2 release (neutron-lib 3.8.0) and will be removed once support for the old RBAC API policies will be removed from Neutron. Please use method 'is_service_role' instead.
2026-06-24 19:05:35.773 9 INFO neutron.db.ovn_revision_numbers_db [None req-a93d7c23-903d-4be5-a954-9f933413b3f0 - - - - - -] Successfully bumped revision number for resource c1f12f8f-1221-4747-bc82-66f6a942886e (type: router_ports) to 2
2026-06-24 19:05:35.789 9 WARNING neutron.scheduler.dhcp_agent_scheduler [None req-f3863f88-e06f-49d8-a8ea-4b743befb982 a8a7de7117fb409b9a502b48744ef2cf f8b25b63beb84fa2ada4f999d2568fdb - - default default] No more DHCP agents
2026-06-24 19:05:35.793 10 INFO neutron.db.ovn_revision_numbers_db [None req-dac5d165-a395-4111-8d94-1bdba094dc33 - - - - - -] Successfully bumped revision number for resource c68f1660-f675-46da-ac43-14925f2d4769 (type: router_ports) to 3
2026-06-24 19:05:35.795 9 WARNING neutron.api.rpc.agentnotifiers.dhcp_rpc_agent_api [None req-f3863f88-e06f-49d8-a8ea-4b743befb982 a8a7de7117fb409b9a502b48744ef2cf f8b25b63beb84fa2ada4f999d2568fdb - - default default] Unable to schedule network 53e048c3-a61a-469a-988d-932db4957919: no agents available; will retry on subsequent port and subnet creation events.
2026-06-24 19:05:35.917 9 INFO neutron.db.ovn_revision_numbers_db [req-c709917a-7261-4e42-b034-0ac36701f990 req-0921aa01-0ac3-4433-ae36-a38ad4a2f5eb 3ae6179118f9404d8b1957f1217f868f e1b74b5e32154be5adb87840eaf90b8f - - default default] Successfully bumped revision number for resource 3f69b27c-f3fc-4f62-9328-260d121e040b (type: security_groups) to 1
2026-06-24 19:05:35.937 9 INFO neutron.db.ovn_revision_numbers_db [req-c709917a-7261-4e42-b034-0ac36701f990 req-0921aa01-0ac3-4433-ae36-a38ad4a2f5eb 3ae6179118f9404d8b1957f1217f868f e1b74b5e32154be5adb87840eaf90b8f - - default default] Successfully bumped revision number for resource 4c8bfad5-95ca-4eff-8c8f-bd44b542d855 (type: security_group_rules) to 0
2026-06-24 19:05:35.965 9 INFO neutron.db.ovn_revision_numbers_db [req-c709917a-7261-4e42-b034-0ac36701f990 req-0921aa01-0ac3-4433-ae36-a38ad4a2f5eb 3ae6179118f9404d8b1957f1217f868f e1b74b5e32154be5adb87840eaf90b8f - - default default] Successfully bumped revision number for resource aca62da9-0d23-45f9-b4ef-de2123c2a6c2 (type: security_group_rules) to 0
2026-06-24 19:05:35.992 9 INFO neutron.wsgi [req-c709917a-7261-4e42-b034-0ac36701f990 req-0921aa01-0ac3-4433-ae36-a38ad4a2f5eb 3ae6179118f9404d8b1957f1217f868f e1b74b5e32154be5adb87840eaf90b8f - - default default] 10.0.0.47 "POST /v2.0/security-groups HTTP/1.1" status: 201 len: 1822 time: 0.4470913
2026-06-24 19:05:36.005 9 INFO neutron.db.ovn_revision_numbers_db [req-44d14aac-8d1d-49da-a9ac-109e6d5fe35d req-c62aec19-ca54-4554-987b-de6b181def96 e849ebd7f0e24aefa18bf8ec0a92709d 1f17e5132da84e0ba0024f76543f4235 - - default default] Successfully bumped revision number for resource 71979e31-e5dc-4b24-80bc-c68f010c3f57 (type: security_group_rules) to 0
2026-06-24 19:05:36.042 10 INFO neutron.db.ovn_revision_numbers_db [None req-dac5d165-a395-4111-8d94-1bdba094dc33 - - - - - -] Successfully bumped revision number for resource c68f1660-f675-46da-ac43-14925f2d4769 (type: ports) to 2
2026-06-24 19:05:36.046 9 INFO neutron.wsgi [req-44d14aac-8d1d-49da-a9ac-109e6d5fe35d req-c62aec19-ca54-4554-987b-de6b181def96 e849ebd7f0e24aefa18bf8ec0a92709d 1f17e5132da84e0ba0024f76543f4235 - - default default] 10.0.0.47 "POST /v2.0/security-group-rules HTTP/1.1" status: 201 len: 786 time: 0.3109152
2026-06-24 19:05:36.077 10 WARNING neutron_lib.context [None req-07a15210-3bca-4e65-83ed-c8b3fdb805e6 41ce5f84c729422d9df9fb78ff950f47 f8eb3f321852412383cd1f7f2808ef3e - - default default] Method 'is_advsvc' is deprecated since 2023.2 release (neutron-lib 3.8.0) and will be removed once support for the old RBAC API policies will be removed from Neutron. Please use method 'is_service_role' instead.
2026-06-24 19:05:36.151 9 INFO neutron.wsgi [req-4db2442f-55d4-4f0e-988c-4d8fdc8b1b26 req-4c76db62-6b93-4bf5-9e24-65ffb5e5dabb e849ebd7f0e24aefa18bf8ec0a92709d 1f17e5132da84e0ba0024f76543f4235 - - default default] 10.0.0.47 "GET /v2.0/security-groups/3be709c5-7d83-4261-8bc6-12961d3f3bd7 HTTP/1.1" status: 200 len: 2414 time: 0.0717089
2026-06-24 19:05:36.157 9 INFO neutron.wsgi [req-fe6f316e-49e8-4cee-a09f-372913bbe2f9 req-b6ad9015-e5a6-4c3f-8dc3-f7a1739b7e4e 3ae6179118f9404d8b1957f1217f868f e1b74b5e32154be5adb87840eaf90b8f - - default default] 10.0.0.47 "GET /v2.0/security-groups?tenant_id=e1b74b5e32154be5adb87840eaf90b8f HTTP/1.1" status: 200 len: 7793 time: 0.0961401
2026-06-24 19:05:36.163 9 WARNING neutron_lib.context [req-4db2442f-55d4-4f0e-988c-4d8fdc8b1b26 req-0ec8bdbb-c95f-455b-a376-77779bec8b56 e849ebd7f0e24aefa18bf8ec0a92709d 1f17e5132da84e0ba0024f76543f4235 - - default default] Method 'is_advsvc' is deprecated since 2023.2 release (neutron-lib 3.8.0) and will be removed once support for the old RBAC API policies will be removed from Neutron. Please use method 'is_service_role' instead.
2026-06-24 19:05:36.201 9 INFO neutron.wsgi [req-fe6f316e-49e8-4cee-a09f-372913bbe2f9 req-b6b119f0-ce5b-44c4-ad2e-3dd96daa937a 3ae6179118f9404d8b1957f1217f868f e1b74b5e32154be5adb87840eaf90b8f - - default default] 10.0.0.47 "GET /v2.0/security-groups/01523c4c-368d-44be-9bbd-195924be1eca HTTP/1.1" status: 200 len: 2994 time: 0.0348406
2026-06-24 19:05:36.231 10 INFO neutron.db.ovn_revision_numbers_db [None req-07a15210-3bca-4e65-83ed-c8b3fdb805e6 41ce5f84c729422d9df9fb78ff950f47 f8eb3f321852412383cd1f7f2808ef3e - - default default] Successfully bumped revision number for resource e0ef6804-92a2-43d9-b4bb-8d266b24e299 (type: security_groups) to 1
2026-06-24 19:05:36.254 10 INFO neutron.db.ovn_revision_numbers_db [None req-07a15210-3bca-4e65-83ed-c8b3fdb805e6 41ce5f84c729422d9df9fb78ff950f47 f8eb3f321852412383cd1f7f2808ef3e - - default default] Successfully bumped revision number for resource 38595cf4-ec8e-49b5-beba-1905d7a28b38 (type: security_group_rules) to 0
2026-06-24 19:05:36.283 10 INFO neutron.db.ovn_revision_numbers_db [None req-07a15210-3bca-4e65-83ed-c8b3fdb805e6 41ce5f84c729422d9df9fb78ff950f47 f8eb3f321852412383cd1f7f2808ef3e - - default default] Successfully bumped revision number for resource afba07ce-249b-48c2-bd18-261b2acb2591 (type: security_group_rules) to 0
2026-06-24 19:05:36.297 9 INFO neutron.wsgi [req-fe6f316e-49e8-4cee-a09f-372913bbe2f9 req-18434e3d-4272-4ff8-b6ca-9f941efd9534 3ae6179118f9404d8b1957f1217f868f e1b74b5e32154be5adb87840eaf90b8f - - default default] 10.0.0.47 "GET /v2.0/security-groups/01523c4c-368d-44be-9bbd-195924be1eca HTTP/1.1" status: 200 len: 2994 time: 0.0853312
2026-06-24 19:05:36.309 10 INFO neutron.wsgi [None req-07a15210-3bca-4e65-83ed-c8b3fdb805e6 41ce5f84c729422d9df9fb78ff950f47 f8eb3f321852412383cd1f7f2808ef3e - - default default] 10.0.0.198 "POST /v2.0/security-groups HTTP/1.1" status: 201 len: 1794 time: 0.2358665
2026-06-24 19:05:36.322 9 WARNING neutron_lib.context [None req-1e0210fa-6af5-4482-8f4e-c7d1e8f4504e 41ce5f84c729422d9df9fb78ff950f47 f8eb3f321852412383cd1f7f2808ef3e - - default default] Method 'is_advsvc' is deprecated since 2023.2 release (neutron-lib 3.8.0) and will be removed once support for the old RBAC API policies will be removed from Neutron. Please use method 'is_service_role' instead.
2026-06-24 19:05:36.346 10 INFO neutron.db.ovn_revision_numbers_db [None req-dac5d165-a395-4111-8d94-1bdba094dc33 - - - - - -] Successfully bumped revision number for resource c68f1660-f675-46da-ac43-14925f2d4769 (type: ports) to 4
2026-06-24 19:05:36.400 9 INFO neutron.wsgi [req-e40b6962-60cb-4c56-927f-11d7101dc835 req-bb666fb1-b24a-494a-befb-8e2cba558ae7 3ae6179118f9404d8b1957f1217f868f e1b74b5e32154be5adb87840eaf90b8f - - default default] 10.0.0.47 "GET /v2.0/security-groups/6592daba-9413-4125-878a-a5513cba069e HTTP/1.1" status: 200 len: 1817 time: 0.0748608
2026-06-24 19:05:36.433 9 INFO neutron.db.ovn_revision_numbers_db [req-4db2442f-55d4-4f0e-988c-4d8fdc8b1b26 req-0ec8bdbb-c95f-455b-a376-77779bec8b56 e849ebd7f0e24aefa18bf8ec0a92709d 1f17e5132da84e0ba0024f76543f4235 - - default default] Successfully bumped revision number for resource e3345997-d9f0-4e35-b93a-87c4e1efdeaa (type: security_group_rules) to 0
2026-06-24 19:05:36.481 9 INFO neutron.wsgi [req-4db2442f-55d4-4f0e-988c-4d8fdc8b1b26 req-0ec8bdbb-c95f-455b-a376-77779bec8b56 e849ebd7f0e24aefa18bf8ec0a92709d 1f17e5132da84e0ba0024f76543f4235 - - default default] 10.0.0.47 "POST /v2.0/security-group-rules HTTP/1.1" status: 201 len: 791 time: 0.3230598
2026-06-24 19:05:36.544 10 INFO neutron.db.ovn_revision_numbers_db [None req-dac5d165-a395-4111-8d94-1bdba094dc33 - - - - - -] Successfully bumped revision number for resource c68f1660-f675-46da-ac43-14925f2d4769 (type: router_ports) to 4
2026-06-24 19:05:36.571 9 INFO neutron.wsgi [req-faf8597d-4208-4b1f-bfa2-25102f8ead6f req-3fecabcb-a323-49fc-97f1-528a7082c11b e849ebd7f0e24aefa18bf8ec0a92709d 1f17e5132da84e0ba0024f76543f4235 - - default default] 10.0.0.47 "GET /v2.0/security-groups/3be709c5-7d83-4261-8bc6-12961d3f3bd7 HTTP/1.1" status: 200 len: 3012 time: 0.0669487
2026-06-24 19:05:36.601 9 INFO neutron.db.ovn_revision_numbers_db [None req-1e0210fa-6af5-4482-8f4e-c7d1e8f4504e 41ce5f84c729422d9df9fb78ff950f47 f8eb3f321852412383cd1f7f2808ef3e - - default default] Successfully bumped revision number for resource 5ea2fce3-2949-4625-a36e-fb567205b6f7 (type: security_group_rules) to 0
2026-06-24 19:05:36.626 9 INFO neutron.wsgi [req-5f1529a9-c200-4d42-99f6-4c02379be99e req-fad75a3d-3cd8-4923-b450-accf17b5361d e849ebd7f0e24aefa18bf8ec0a92709d 1f17e5132da84e0ba0024f76543f4235 - - default default] 10.0.0.47 "GET /v2.0/security-group-rules/e3345997-d9f0-4e35-b93a-87c4e1efdeaa HTTP/1.1" status: 200 len: 783 time: 0.0310037
2026-06-24 19:05:36.658 9 INFO neutron.wsgi [None req-1e0210fa-6af5-4482-8f4e-c7d1e8f4504e 41ce5f84c729422d9df9fb78ff950f47 f8eb3f321852412383cd1f7f2808ef3e - - default default] 10.0.0.198 "POST /v2.0/security-group-rules HTTP/1.1" status: 201 len: 764 time: 0.3420172
2026-06-24 19:05:36.673 10 WARNING neutron_lib.context [None req-cc60247b-1ad7-435f-ac10-dd0e86c54ddc 41ce5f84c729422d9df9fb78ff950f47 f8eb3f321852412383cd1f7f2808ef3e - - default default] Method 'is_advsvc' is deprecated since 2023.2 release (neutron-lib 3.8.0) and will be removed once support for the old RBAC API policies will be removed from Neutron. Please use method 'is_service_role' instead.
2026-06-24 19:05:36.681 9 INFO neutron.wsgi [req-5f1529a9-c200-4d42-99f6-4c02379be99e req-a052a347-f174-4fec-a2db-427dbc7edc6e e849ebd7f0e24aefa18bf8ec0a92709d 1f17e5132da84e0ba0024f76543f4235 - - default default] 10.0.0.47 "GET /v2.0/security-groups/3be709c5-7d83-4261-8bc6-12961d3f3bd7 HTTP/1.1" status: 200 len: 3012 time: 0.0458913
2026-06-24 19:05:36.709 9 INFO neutron.wsgi [req-e40b6962-60cb-4c56-927f-11d7101dc835 req-85e065da-f569-4888-9c4b-8d7f49e97564 3ae6179118f9404d8b1957f1217f868f e1b74b5e32154be5adb87840eaf90b8f - - default default] 10.0.0.47 "DELETE /v2.0/security-groups/6592daba-9413-4125-878a-a5513cba069e HTTP/1.1" status: 204 len: 173 time: 0.2814131
2026-06-24 19:05:36.745 9 INFO neutron.api.v2.resource [req-710ee001-f0af-48fa-8d28-39de03cca17f req-e62f8474-87ba-414f-82ab-3a07539ca069 3ae6179118f9404d8b1957f1217f868f e1b74b5e32154be5adb87840eaf90b8f - - default default] show failed (client error): The resource could not be found.
2026-06-24 19:05:36.746 9 INFO neutron.wsgi [req-710ee001-f0af-48fa-8d28-39de03cca17f req-e62f8474-87ba-414f-82ab-3a07539ca069 3ae6179118f9404d8b1957f1217f868f e1b74b5e32154be5adb87840eaf90b8f - - default default] 10.0.0.47 "GET /v2.0/security-groups/6592daba-9413-4125-878a-a5513cba069e HTTP/1.1" status: 404 len: 352 time: 0.0171423
2026-06-24 19:05:36.813 10 INFO neutron.db.ovn_revision_numbers_db [None req-cc60247b-1ad7-435f-ac10-dd0e86c54ddc 41ce5f84c729422d9df9fb78ff950f47 f8eb3f321852412383cd1f7f2808ef3e - - default default] Successfully bumped revision number for resource 9a47152e-5dc2-4f36-83db-eaad249a0cf3 (type: security_group_rules) to 0
2026-06-24 19:05:36.823 9 INFO neutron.wsgi [req-c40c7355-deef-47ac-bbe5-2d687f76bfa3 req-e74f6e80-3c0e-4f2a-bce6-c62a831561f3 3ae6179118f9404d8b1957f1217f868f e1b74b5e32154be5adb87840eaf90b8f - - default default] 10.0.0.47 "GET /v2.0/security-groups/9d0c8a65-eb7c-4a7f-817c-b4adea8d735a HTTP/1.1" status: 200 len: 1816 time: 0.0585332
2026-06-24 19:05:36.839 10 INFO neutron.wsgi [None req-cc60247b-1ad7-435f-ac10-dd0e86c54ddc 41ce5f84c729422d9df9fb78ff950f47 f8eb3f321852412383cd1f7f2808ef3e - - default default] 10.0.0.198 "POST /v2.0/security-group-rules HTTP/1.1" status: 201 len: 769 time: 0.1739483
2026-06-24 19:05:36.849 10 WARNING neutron_lib.context [None req-be19fd93-8d12-4f84-84cb-1ddf8a670d93 41ce5f84c729422d9df9fb78ff950f47 f8eb3f321852412383cd1f7f2808ef3e - - default default] Method 'is_advsvc' is deprecated since 2023.2 release (neutron-lib 3.8.0) and will be removed once support for the old RBAC API policies will be removed from Neutron. Please use method 'is_service_role' instead.
2026-06-24 19:05:36.910 9 INFO neutron.wsgi [req-5f1529a9-c200-4d42-99f6-4c02379be99e req-1ba59cc8-56c8-493d-a04a-834dc1925c1c e849ebd7f0e24aefa18bf8ec0a92709d 1f17e5132da84e0ba0024f76543f4235 - - default default] 10.0.0.47 "DELETE /v2.0/security-group-rules/e3345997-d9f0-4e35-b93a-87c4e1efdeaa HTTP/1.1" status: 204 len: 173 time: 0.2106504
2026-06-24 19:05:36.949 9 INFO neutron.db.ovn_revision_numbers_db [None req-f3863f88-e06f-49d8-a8ea-4b743befb982 a8a7de7117fb409b9a502b48744ef2cf f8b25b63beb84fa2ada4f999d2568fdb - - default default] Successfully bumped revision number for resource 509106a8-1536-467d-8330-ddf1fc0ae65a (type: router_ports) to 1
2026-06-24 19:05:36.951 9 INFO neutron.wsgi [None req-f3863f88-e06f-49d8-a8ea-4b743befb982 a8a7de7117fb409b9a502b48744ef2cf f8b25b63beb84fa2ada4f999d2568fdb - - default default] 10.0.0.198 "PUT /v2.0/routers/ecff2b17-facf-4c6b-ac6d-61abdd5532a3/add_router_interface HTTP/1.1" status: 200 len: 503 time: 2.9659519
2026-06-24 19:05:36.967 9 INFO neutron.wsgi [req-25354abf-324d-4f6e-b009-8b98ef82283e req-a7cae9e9-7c3a-4d49-8adb-d0d9de4bc209 e849ebd7f0e24aefa18bf8ec0a92709d 1f17e5132da84e0ba0024f76543f4235 - - default default] 10.0.0.47 "GET /v2.0/security-groups/3be709c5-7d83-4261-8bc6-12961d3f3bd7 HTTP/1.1" status: 200 len: 2414 time: 0.0354466
2026-06-24 19:05:37.005 9 INFO neutron.wsgi [req-c40c7355-deef-47ac-bbe5-2d687f76bfa3 req-4147b87a-b220-417b-bc57-8aaf31f5a2e9 3ae6179118f9404d8b1957f1217f868f e1b74b5e32154be5adb87840eaf90b8f - - default default] 10.0.0.47 "DELETE /v2.0/security-groups/9d0c8a65-eb7c-4a7f-817c-b4adea8d735a HTTP/1.1" status: 204 len: 173 time: 0.1711118
2026-06-24 19:05:37.034 9 INFO neutron.api.v2.resource [req-d36c186b-caee-41de-b562-f0878064e21c req-baa29cd3-01d2-454d-b859-56fad645428b 3ae6179118f9404d8b1957f1217f868f e1b74b5e32154be5adb87840eaf90b8f - - default default] show failed (client error): The resource could not be found.
2026-06-24 19:05:37.035 9 INFO neutron.wsgi [req-d36c186b-caee-41de-b562-f0878064e21c req-baa29cd3-01d2-454d-b859-56fad645428b 3ae6179118f9404d8b1957f1217f868f e1b74b5e32154be5adb87840eaf90b8f - - default default] 10.0.0.47 "GET /v2.0/security-groups/9d0c8a65-eb7c-4a7f-817c-b4adea8d735a HTTP/1.1" status: 404 len: 352 time: 0.0093043
2026-06-24 19:05:37.088 9 INFO neutron.wsgi [req-fed3401a-7a42-4c6e-92e9-4a2027b98ad1 req-af69f362-2f2e-4a78-b5c1-bf5c9fa4a965 3ae6179118f9404d8b1957f1217f868f e1b74b5e32154be5adb87840eaf90b8f - - default default] 10.0.0.47 "GET /v2.0/security-groups/3f69b27c-f3fc-4f62-9328-260d121e040b HTTP/1.1" status: 200 len: 1817 time: 0.0335588
2026-06-24 19:05:37.128 9 INFO neutron.wsgi [req-25354abf-324d-4f6e-b009-8b98ef82283e req-3aec36d0-1600-4f63-a7c2-5e90272f83ed e849ebd7f0e24aefa18bf8ec0a92709d 1f17e5132da84e0ba0024f76543f4235 - - default default] 10.0.0.47 "DELETE /v2.0/security-groups/3be709c5-7d83-4261-8bc6-12961d3f3bd7 HTTP/1.1" status: 204 len: 173 time: 0.1545446
2026-06-24 19:05:37.131 10 WARNING neutron.scheduler.dhcp_agent_scheduler [None req-be19fd93-8d12-4f84-84cb-1ddf8a670d93 41ce5f84c729422d9df9fb78ff950f47 f8eb3f321852412383cd1f7f2808ef3e - - default default] No more DHCP agents
2026-06-24 19:05:37.133 10 WARNING neutron.api.rpc.agentnotifiers.dhcp_rpc_agent_api [None req-be19fd93-8d12-4f84-84cb-1ddf8a670d93 41ce5f84c729422d9df9fb78ff950f47 f8eb3f321852412383cd1f7f2808ef3e - - default default] Unable to schedule network 9f2072f5-7eec-4e11-a0c9-72ec37e5c48f: no agents available; will retry on subsequent port and subnet creation events.
2026-06-24 19:05:37.181 9 INFO neutron.wsgi [req-691ec561-bcbf-4583-b7cf-312981706d84 req-91a5c9f7-1305-4095-ba3f-ab97f7487250 e849ebd7f0e24aefa18bf8ec0a92709d 1f17e5132da84e0ba0024f76543f4235 - - default default] 10.0.0.47 "GET /v2.0/security-groups/9cc29531-a867-474e-853f-3f4277e6d09d HTTP/1.1" status: 200 len: 2415 time: 0.0325611
2026-06-24 19:05:37.248 9 INFO neutron.wsgi [req-fed3401a-7a42-4c6e-92e9-4a2027b98ad1 req-e7cad37e-c1ac-44db-afb7-a1cfc30f3a74 3ae6179118f9404d8b1957f1217f868f e1b74b5e32154be5adb87840eaf90b8f - - default default] 10.0.0.47 "DELETE /v2.0/security-groups/3f69b27c-f3fc-4f62-9328-260d121e040b HTTP/1.1" status: 204 len: 173 time: 0.1495774
2026-06-24 19:05:37.401 9 INFO neutron.api.v2.resource [req-7d1f1298-eb7d-43b0-afbe-f289cde3be62 req-0c43a4a5-f90c-4d3a-bdc8-09e60ee3680b 3ae6179118f9404d8b1957f1217f868f e1b74b5e32154be5adb87840eaf90b8f - - default default] show failed (client error): The resource could not be found.
2026-06-24 19:05:37.402 9 INFO neutron.wsgi [req-7d1f1298-eb7d-43b0-afbe-f289cde3be62 req-0c43a4a5-f90c-4d3a-bdc8-09e60ee3680b 3ae6179118f9404d8b1957f1217f868f e1b74b5e32154be5adb87840eaf90b8f - - default default] 10.0.0.47 "GET /v2.0/security-groups/3f69b27c-f3fc-4f62-9328-260d121e040b HTTP/1.1" status: 404 len: 352 time: 0.1359584
2026-06-24 19:05:37.421 10 INFO neutron.db.ovn_revision_numbers_db [None req-be19fd93-8d12-4f84-84cb-1ddf8a670d93 41ce5f84c729422d9df9fb78ff950f47 f8eb3f321852412383cd1f7f2808ef3e - - default default] Successfully bumped revision number for resource d0468930-3eca-4238-87e6-35f4f00579e8 (type: floatingips) to 0
2026-06-24 19:05:37.437 10 INFO neutron.wsgi [None req-be19fd93-8d12-4f84-84cb-1ddf8a670d93 41ce5f84c729422d9df9fb78ff950f47 f8eb3f321852412383cd1f7f2808ef3e - - default default] 10.0.0.198 "POST /v2.0/floatingips HTTP/1.1" status: 201 len: 751 time: 0.5927765
2026-06-24 19:05:37.451 9 INFO neutron.wsgi [req-691ec561-bcbf-4583-b7cf-312981706d84 req-7187b1e6-1dc8-4d64-876e-9550253fd814 e849ebd7f0e24aefa18bf8ec0a92709d 1f17e5132da84e0ba0024f76543f4235 - - default default] 10.0.0.47 "DELETE /v2.0/security-groups/9cc29531-a867-474e-853f-3f4277e6d09d HTTP/1.1" status: 204 len: 173 time: 0.2622097
2026-06-24 19:05:37.505 10 WARNING neutron_lib.context [None req-cdb62bb4-5ce6-4edd-8ad1-334858e555bb 1b72e2ee1183452dba85ba97f5336b44 dc127c35d27246bb8a2ca856fa70146f - - default default] Method 'is_advsvc' is deprecated since 2023.2 release (neutron-lib 3.8.0) and will be removed once support for the old RBAC API policies will be removed from Neutron. Please use method 'is_service_role' instead.
2026-06-24 19:05:37.522 9 INFO neutron.wsgi [req-f85ec682-8f05-41fd-b6a7-1220a8965d8a req-bb98b9f8-6405-460a-b51f-3ea78deb056f 3ae6179118f9404d8b1957f1217f868f e1b74b5e32154be5adb87840eaf90b8f - - default default] 10.0.0.47 "GET /v2.0/security-groups?tenant_id=e1b74b5e32154be5adb87840eaf90b8f HTTP/1.1" status: 200 len: 2997 time: 0.0559938
2026-06-24 19:05:37.569 9 INFO neutron.wsgi [req-f85ec682-8f05-41fd-b6a7-1220a8965d8a req-db5fd077-7a5f-4077-af44-09961d068949 3ae6179118f9404d8b1957f1217f868f e1b74b5e32154be5adb87840eaf90b8f - - default default] 10.0.0.47 "GET /v2.0/security-groups/01523c4c-368d-44be-9bbd-195924be1eca HTTP/1.1" status: 200 len: 2994 time: 0.0380828
2026-06-24 19:05:37.606 10 INFO neutron.db.ovn_revision_numbers_db [None req-cdb62bb4-5ce6-4edd-8ad1-334858e555bb 1b72e2ee1183452dba85ba97f5336b44 dc127c35d27246bb8a2ca856fa70146f - - default default] Successfully bumped revision number for resource f1b4c274-bdec-4109-822f-55cee9007707 (type: security_groups) to 1
2026-06-24 19:05:37.619 10 INFO neutron.db.ovn_revision_numbers_db [None req-cdb62bb4-5ce6-4edd-8ad1-334858e555bb 1b72e2ee1183452dba85ba97f5336b44 dc127c35d27246bb8a2ca856fa70146f - - default default] Successfully bumped revision number for resource 2aac30c5-e7e5-4e12-ad7a-1dfd8cb851fa (type: security_group_rules) to 0
2026-06-24 19:05:37.632 10 INFO neutron.db.ovn_revision_numbers_db [None req-cdb62bb4-5ce6-4edd-8ad1-334858e555bb 1b72e2ee1183452dba85ba97f5336b44 dc127c35d27246bb8a2ca856fa70146f - - default default] Successfully bumped revision number for resource 764b12d9-b88c-4928-b21b-46924b280991 (type: security_group_rules) to 0
2026-06-24 19:05:37.637 9 INFO neutron.wsgi [req-f85ec682-8f05-41fd-b6a7-1220a8965d8a req-fed19ebd-5be4-47fa-9b70-68d73861b4c4 3ae6179118f9404d8b1957f1217f868f e1b74b5e32154be5adb87840eaf90b8f - - default default] 10.0.0.47 "GET /v2.0/security-groups/01523c4c-368d-44be-9bbd-195924be1eca HTTP/1.1" status: 200 len: 2994 time: 0.0575998
2026-06-24 19:05:37.651 10 INFO neutron.wsgi [None req-cdb62bb4-5ce6-4edd-8ad1-334858e555bb 1b72e2ee1183452dba85ba97f5336b44 dc127c35d27246bb8a2ca856fa70146f - - default default] 10.0.0.198 "POST /v2.0/security-groups HTTP/1.1" status: 201 len: 1796 time: 0.1523807
2026-06-24 19:05:37.661 10 WARNING neutron_lib.context [None req-52cf8baa-bd91-45d2-b1bf-a7e5e3d18fcd 1b72e2ee1183452dba85ba97f5336b44 dc127c35d27246bb8a2ca856fa70146f - - default default] Method 'is_advsvc' is deprecated since 2023.2 release (neutron-lib 3.8.0) and will be removed once support for the old RBAC API policies will be removed from Neutron. Please use method 'is_service_role' instead.
2026-06-24 19:05:37.694 9 INFO neutron.api.v2.resource [req-d96285b7-e4e2-405a-95b2-2756100286ea req-5b607d44-8022-469d-9c48-8e021d6e9398 3ae6179118f9404d8b1957f1217f868f e1b74b5e32154be5adb87840eaf90b8f - - default default] show failed (client error): The resource could not be found.
2026-06-24 19:05:37.695 9 INFO neutron.wsgi [req-d96285b7-e4e2-405a-95b2-2756100286ea req-5b607d44-8022-469d-9c48-8e021d6e9398 3ae6179118f9404d8b1957f1217f868f e1b74b5e32154be5adb87840eaf90b8f - - default default] 10.0.0.47 "GET /v2.0/security-groups/3f69b27c-f3fc-4f62-9328-260d121e040b HTTP/1.1" status: 404 len: 352 time: 0.0229485
2026-06-24 19:05:37.735 9 INFO neutron.api.v2.resource [req-03cf75a9-43f9-47e7-9fce-c557baf83151 req-61d4f0bc-9054-4f02-ba3c-8175e93988df 3ae6179118f9404d8b1957f1217f868f e1b74b5e32154be5adb87840eaf90b8f - - default default] show failed (client error): The resource could not be found.
2026-06-24 19:05:37.736 9 INFO neutron.wsgi [req-03cf75a9-43f9-47e7-9fce-c557baf83151 req-61d4f0bc-9054-4f02-ba3c-8175e93988df 3ae6179118f9404d8b1957f1217f868f e1b74b5e32154be5adb87840eaf90b8f - - default default] 10.0.0.47 "GET /v2.0/security-groups/9d0c8a65-eb7c-4a7f-817c-b4adea8d735a HTTP/1.1" status: 404 len: 352 time: 0.0138958
2026-06-24 19:05:37.773 9 INFO neutron.api.v2.resource [req-b3e22bd6-fd7f-4fa2-9fd0-fe3f0ac2f189 req-6a642dcd-2b0f-4915-a455-d4d36ad3f099 3ae6179118f9404d8b1957f1217f868f e1b74b5e32154be5adb87840eaf90b8f - - default default] show failed (client error): The resource could not be found.
2026-06-24 19:05:37.775 9 INFO neutron.wsgi [req-b3e22bd6-fd7f-4fa2-9fd0-fe3f0ac2f189 req-6a642dcd-2b0f-4915-a455-d4d36ad3f099 3ae6179118f9404d8b1957f1217f868f e1b74b5e32154be5adb87840eaf90b8f - - default default] 10.0.0.47 "GET /v2.0/security-groups/6592daba-9413-4125-878a-a5513cba069e HTTP/1.1" status: 404 len: 352 time: 0.0164235
2026-06-24 19:05:37.804 10 INFO neutron.db.ovn_revision_numbers_db [None req-52cf8baa-bd91-45d2-b1bf-a7e5e3d18fcd 1b72e2ee1183452dba85ba97f5336b44 dc127c35d27246bb8a2ca856fa70146f - - default default] Successfully bumped revision number for resource 1a3df3ac-5e82-49b5-a276-25a11b403a5b (type: security_group_rules) to 0
2026-06-24 19:05:37.850 10 INFO neutron.wsgi [None req-52cf8baa-bd91-45d2-b1bf-a7e5e3d18fcd 1b72e2ee1183452dba85ba97f5336b44 dc127c35d27246bb8a2ca856fa70146f - - default default] 10.0.0.198 "POST /v2.0/security-group-rules HTTP/1.1" status: 201 len: 764 time: 0.1934888
2026-06-24 19:05:37.861 10 WARNING neutron_lib.context [None req-c0a1a005-8e6a-48d0-9de8-2d514cd9bcc5 1b72e2ee1183452dba85ba97f5336b44 dc127c35d27246bb8a2ca856fa70146f - - default default] Method 'is_advsvc' is deprecated since 2023.2 release (neutron-lib 3.8.0) and will be removed once support for the old RBAC API policies will be removed from Neutron. Please use method 'is_service_role' instead.
2026-06-24 19:05:38.080 10 WARNING neutron.plugins.ml2.drivers.ovn.mech_driver.ovsdb.ovn_client [None req-884a0f8c-2aa1-46d4-bfa7-65445e42ffaf - - - - - -] No port found with ID 5c753516-c1d1-4995-9824-a383e33b4261: RuntimeError: No port found with ID 5c753516-c1d1-4995-9824-a383e33b4261
2026-06-24 19:05:38.081 10 INFO neutron.plugins.ml2.drivers.ovn.mech_driver.mech_driver [None req-884a0f8c-2aa1-46d4-bfa7-65445e42ffaf - - - - - -] OVN reports status up for port: b99a80bb-d674-457d-9c46-8604ce50755e
2026-06-24 19:05:38.108 10 INFO neutron.plugins.ml2.plugin [None req-884a0f8c-2aa1-46d4-bfa7-65445e42ffaf - - - - - -] Attempt 1 to provision port b99a80bb-d674-457d-9c46-8604ce50755e
2026-06-24 19:05:38.241 10 INFO neutron.db.ovn_revision_numbers_db [None req-c0a1a005-8e6a-48d0-9de8-2d514cd9bcc5 1b72e2ee1183452dba85ba97f5336b44 dc127c35d27246bb8a2ca856fa70146f - - default default] Successfully bumped revision number for resource b82fd1cd-0b3f-4456-9939-4199e0180f08 (type: security_group_rules) to 0
2026-06-24 19:05:38.277 10 INFO neutron.wsgi [None req-c0a1a005-8e6a-48d0-9de8-2d514cd9bcc5 1b72e2ee1183452dba85ba97f5336b44 dc127c35d27246bb8a2ca856fa70146f - - default default] 10.0.0.198 "POST /v2.0/security-group-rules HTTP/1.1" status: 201 len: 769 time: 0.4203334
2026-06-24 19:05:38.291 9 WARNING neutron_lib.context [None req-644132fd-d0dd-443b-b75d-7a55a3ad0f24 1b72e2ee1183452dba85ba97f5336b44 dc127c35d27246bb8a2ca856fa70146f - - default default] Method 'is_advsvc' is deprecated since 2023.2 release (neutron-lib 3.8.0) and will be removed once support for the old RBAC API policies will be removed from Neutron. Please use method 'is_service_role' instead.
2026-06-24 19:05:38.530 10 INFO neutron.db.ovn_revision_numbers_db [None req-884a0f8c-2aa1-46d4-bfa7-65445e42ffaf - - - - - -] Successfully bumped revision number for resource b99a80bb-d674-457d-9c46-8604ce50755e (type: ports) to 2
2026-06-24 19:05:38.633 10 INFO neutron.db.ovn_revision_numbers_db [None req-884a0f8c-2aa1-46d4-bfa7-65445e42ffaf - - - - - -] Successfully bumped revision number for resource b99a80bb-d674-457d-9c46-8604ce50755e (type: router_ports) to 2
2026-06-24 19:05:38.754 9 WARNING neutron.scheduler.dhcp_agent_scheduler [None req-644132fd-d0dd-443b-b75d-7a55a3ad0f24 1b72e2ee1183452dba85ba97f5336b44 dc127c35d27246bb8a2ca856fa70146f - - default default] No more DHCP agents
2026-06-24 19:05:38.760 9 WARNING neutron.api.rpc.agentnotifiers.dhcp_rpc_agent_api [None req-644132fd-d0dd-443b-b75d-7a55a3ad0f24 1b72e2ee1183452dba85ba97f5336b44 dc127c35d27246bb8a2ca856fa70146f - - default default] Unable to schedule network 9f2072f5-7eec-4e11-a0c9-72ec37e5c48f: no agents available; will retry on subsequent port and subnet creation events.
2026-06-24 19:05:39.017 9 INFO neutron.wsgi [None req-1166d3e2-8e17-4313-81f4-579f3832ec78 a8a7de7117fb409b9a502b48744ef2cf f8b25b63beb84fa2ada4f999d2568fdb - - default default] 10.0.0.198 "PUT /v2.0/routers/72cb0383-efa7-4cff-bf74-6ae503ad68ea/remove_router_interface HTTP/1.1" status: 200 len: 503 time: 1.5584750
2026-06-24 19:05:39.117 9 INFO neutron.db.ovn_revision_numbers_db [None req-644132fd-d0dd-443b-b75d-7a55a3ad0f24 1b72e2ee1183452dba85ba97f5336b44 dc127c35d27246bb8a2ca856fa70146f - - default default] Successfully bumped revision number for resource 1bc6a5ff-29f5-4acf-8067-bfcf1d84ce62 (type: floatingips) to 0
2026-06-24 19:05:39.130 9 INFO neutron.wsgi [None req-644132fd-d0dd-443b-b75d-7a55a3ad0f24 1b72e2ee1183452dba85ba97f5336b44 dc127c35d27246bb8a2ca856fa70146f - - default default] 10.0.0.198 "POST /v2.0/floatingips HTTP/1.1" status: 201 len: 751 time: 0.8457217
2026-06-24 19:05:39.539 10 INFO neutron.wsgi [None req-35a3dc1a-2f27-47e9-9dad-3cd0783c44fa a8a7de7117fb409b9a502b48744ef2cf f8b25b63beb84fa2ada4f999d2568fdb - - default default] 10.0.0.198 "PUT /v2.0/routers/40cf182f-caa6-4d2d-b9ca-6ca55f87aaff/remove_router_interface HTTP/1.1" status: 200 len: 503 time: 1.7560902 /var/lib/openstack/lib/python3.10/site-packages/pycadf/identifier.py:71: UserWarning: Invalid uuid: neutron. To ensure interoperability, identifiers should be a valid uuid. warnings.warn(('Invalid uuid: %s. To ensure interoperability, ' /var/lib/openstack/lib/python3.10/site-packages/pycadf/identifier.py:71: UserWarning: Invalid uuid: neutron. To ensure interoperability, identifiers should be a valid uuid. warnings.warn(('Invalid uuid: %s. To ensure interoperability, '
2026-06-24 19:05:39.584 9 INFO neutron.wsgi [req-4872fcf4-2c87-4b4d-8003-7c45dc1237d9 req-7012a857-c194-4e30-a01f-6a9183d4a07e 1b72e2ee1183452dba85ba97f5336b44 dc127c35d27246bb8a2ca856fa70146f - - default default] 10.0.0.47 "GET /v2.0/security-groups?name=tempest-securitygroup--1777246677&fields=id&tenant_id=dc127c35d27246bb8a2ca856fa70146f HTTP/1.1" status: 200 len: 267 time: 0.0417492
2026-06-24 19:05:39.677 9 INFO neutron.wsgi [req-4872fcf4-2c87-4b4d-8003-7c45dc1237d9 req-4fa1ba17-d3f0-45ca-a1eb-3c8fe00c8414 1b72e2ee1183452dba85ba97f5336b44 dc127c35d27246bb8a2ca856fa70146f - - default default] 10.0.0.47 "GET /v2.0/networks?id=53e048c3-a61a-469a-988d-932db4957919 HTTP/1.1" status: 200 len: 874 time: 0.0819767
2026-06-24 19:05:39.697 9 INFO neutron.wsgi [req-4872fcf4-2c87-4b4d-8003-7c45dc1237d9 req-180af03a-e11a-44da-ad1b-93a4f0917fd4 1b72e2ee1183452dba85ba97f5336b44 dc127c35d27246bb8a2ca856fa70146f - - default default] 10.0.0.47 "GET /v2.0/quotas/dc127c35d27246bb8a2ca856fa70146f HTTP/1.1" status: 200 len: 386 time: 0.0123000
2026-06-24 19:05:39.802 9 INFO neutron.wsgi [req-4872fcf4-2c87-4b4d-8003-7c45dc1237d9 req-0e134803-ac1f-4ed3-bffd-d41384a84d49 1b72e2ee1183452dba85ba97f5336b44 dc127c35d27246bb8a2ca856fa70146f - - default default] 10.0.0.47 "GET /v2.0/ports?tenant_id=dc127c35d27246bb8a2ca856fa70146f&fields=id HTTP/1.1" status: 200 len: 302 time: 0.1014130
2026-06-24 19:05:40.308 10 INFO neutron.wsgi [None req-c6936adc-36d9-474d-9c56-9e602b485164 a8a7de7117fb409b9a502b48744ef2cf f8b25b63beb84fa2ada4f999d2568fdb - - default default] 10.0.0.198 "DELETE /v2.0/routers/72cb0383-efa7-4cff-bf74-6ae503ad68ea HTTP/1.1" status: 204 len: 168 time: 1.2860792
2026-06-24 19:05:40.363 9 INFO neutron.wsgi [req-4872fcf4-2c87-4b4d-8003-7c45dc1237d9 req-47e29d07-7cb2-4f4f-9f94-0c1f7b487ac4 1bfd51debc0243bfa47e134af339e843 72443ec725ae45abb6554219dff3cf98 - - 96f39892b42c4814a72e6e54be96ca4d 96f39892b42c4814a72e6e54be96ca4d] 10.0.0.47 "GET /v2.0/extensions HTTP/1.1" status: 200 len: 16980 time: 0.0621567
2026-06-24 19:05:40.455 9 INFO neutron.wsgi [req-4872fcf4-2c87-4b4d-8003-7c45dc1237d9 req-4bf141bd-a098-4590-aa09-0582a22fe81d 1bfd51debc0243bfa47e134af339e843 72443ec725ae45abb6554219dff3cf98 - - 96f39892b42c4814a72e6e54be96ca4d 96f39892b42c4814a72e6e54be96ca4d] 10.0.0.47 "GET /v2.0/networks/53e048c3-a61a-469a-988d-932db4957919?fields=segments HTTP/1.1" status: 200 len: 212 time: 0.0838597
2026-06-24 19:05:40.685 10 INFO neutron.wsgi [None req-e779e257-f58a-42c8-9efb-07ba5c75740d a8a7de7117fb409b9a502b48744ef2cf f8b25b63beb84fa2ada4f999d2568fdb - - default default] 10.0.0.198 "DELETE /v2.0/routers/40cf182f-caa6-4d2d-b9ca-6ca55f87aaff HTTP/1.1" status: 204 len: 168 time: 1.1410358
2026-06-24 19:05:40.697 9 INFO neutron.wsgi [req-4872fcf4-2c87-4b4d-8003-7c45dc1237d9 req-dae555b9-90b7-4b80-9fd5-8832a862f0b2 1bfd51debc0243bfa47e134af339e843 72443ec725ae45abb6554219dff3cf98 - - 96f39892b42c4814a72e6e54be96ca4d 96f39892b42c4814a72e6e54be96ca4d] 10.0.0.47 "GET /v2.0/networks/53e048c3-a61a-469a-988d-932db4957919?fields=provider%3Aphysical_network&fields=provider%3Anetwork_type HTTP/1.1" status: 200 len: 277 time: 0.2312305
2026-06-24 19:05:40.732 9 INFO neutron.wsgi [None req-4a2c6e86-5a08-41ad-b685-071bd6ce1386 a8a7de7117fb409b9a502b48744ef2cf f8b25b63beb84fa2ada4f999d2568fdb - - default default] 10.0.0.198 "DELETE /v2.0/subnets/d2ee98b1-e0d6-4c19-b549-9748ef7dfe91 HTTP/1.1" status: 204 len: 168 time: 0.4163587
2026-06-24 19:05:40.868 10 INFO neutron.wsgi [None req-fa167c5d-2835-42d9-b764-153da34a573d a8a7de7117fb409b9a502b48744ef2cf f8b25b63beb84fa2ada4f999d2568fdb - - default default] 10.0.0.198 "DELETE /v2.0/subnets/f206b17c-b634-4116-a5b6-142d17c12fb2 HTTP/1.1" status: 204 len: 168 time: 0.1791677
2026-06-24 19:05:40.872 9 INFO neutron.wsgi [req-aed32b71-f6d6-4740-b50a-ab7b88966b3a req-a4ad37b8-4b25-43a6-9952-0162869058ec 1b72e2ee1183452dba85ba97f5336b44 dc127c35d27246bb8a2ca856fa70146f - - default default] 10.0.0.47 "GET /v2.0/ports?device_id=39935e12-032c-47a0-8552-b73ee4ea9ba3 HTTP/1.1" status: 200 len: 210 time: 0.0278425
2026-06-24 19:05:41.157 9 INFO neutron.wsgi [None req-a4cead60-0a86-4696-b548-5c20b8d5bf6b a8a7de7117fb409b9a502b48744ef2cf f8b25b63beb84fa2ada4f999d2568fdb - - default default] 10.0.0.198 "DELETE /v2.0/networks/4e31d7c5-99ac-4306-8ad3-16592e538f5d HTTP/1.1" status: 204 len: 168 time: 0.4212000
2026-06-24 19:05:41.251 10 INFO neutron.wsgi [None req-3ddbb427-9fc3-44d8-acae-d22e7e03128c a8a7de7117fb409b9a502b48744ef2cf f8b25b63beb84fa2ada4f999d2568fdb - - default default] 10.0.0.198 "DELETE /v2.0/networks/713436f2-f442-4c66-932a-0a043d28765b HTTP/1.1" status: 204 len: 168 time: 0.3796952
2026-06-24 19:05:41.311 9 INFO neutron.wsgi [None req-ab56a305-2bb5-4055-8a7d-70b155fdb267 a8a7de7117fb409b9a502b48744ef2cf f8b25b63beb84fa2ada4f999d2568fdb - - default default] 10.0.0.198 "GET /v2.0/security-groups?tenant_id=1f17e5132da84e0ba0024f76543f4235&name=default HTTP/1.1" status: 200 len: 2992 time: 0.0348995
2026-06-24 19:05:41.378 9 WARNING neutron.plugins.ml2.drivers.ovn.mech_driver.ovsdb.ovn_client [None req-a93d7c23-903d-4be5-a954-9f933413b3f0 - - - - - -] No port found with ID c1f12f8f-1221-4747-bc82-66f6a942886e: RuntimeError: No port found with ID c1f12f8f-1221-4747-bc82-66f6a942886e
2026-06-24 19:05:41.378 9 INFO neutron.plugins.ml2.drivers.ovn.mech_driver.mech_driver [None req-a93d7c23-903d-4be5-a954-9f933413b3f0 - - - - - -] OVN reports status up for port: c68f1660-f675-46da-ac43-14925f2d4769
2026-06-24 19:05:41.393 9 INFO neutron.plugins.ml2.plugin [None req-a93d7c23-903d-4be5-a954-9f933413b3f0 - - - - - -] Attempt 1 to provision port c68f1660-f675-46da-ac43-14925f2d4769
2026-06-24 19:05:41.533 9 INFO neutron.wsgi [None req-8e75b0fa-1497-4fb4-9159-c772d9d5163a a8a7de7117fb409b9a502b48744ef2cf f8b25b63beb84fa2ada4f999d2568fdb - - default default] 10.0.0.198 "DELETE /v2.0/security-groups/a2e6c69f-f53c-42f2-a0d8-42d14056d16e HTTP/1.1" status: 204 len: 168 time: 0.2170112
2026-06-24 19:05:41.570 9 INFO neutron.services.segments.plugin [-] Segment 156121ac-1233-44e4-9f38-ad147a6071a2 resource provider aggregate not found
2026-06-24 19:05:41.616 9 INFO neutron.services.segments.plugin [-] Segment 156121ac-1233-44e4-9f38-ad147a6071a2 resource provider not found; error: Placement Client Error (4xx): {"errors": [{"status": 404, "title": "Not Found", "detail": "The resource could not be found.\n\n No resource provider with uuid 156121ac-1233-44e4-9f38-ad147a6071a2 found for delete ", "request_id": "req-cc3606b3-9f66-4500-9d83-7f089f66c902"}]}
2026-06-24 19:05:41.621 9 INFO neutron.services.segments.plugin [-] Segment 156121ac-1233-44e4-9f38-ad147a6071a2 resource provider aggregate not found
2026-06-24 19:05:41.645 9 INFO neutron.services.segments.plugin [-] Segment 156121ac-1233-44e4-9f38-ad147a6071a2 resource provider not found; error: Placement Client Error (4xx): {"errors": [{"status": 404, "title": "Not Found", "detail": "The resource could not be found.\n\n No resource provider with uuid 156121ac-1233-44e4-9f38-ad147a6071a2 found for delete ", "request_id": "req-eb1972fd-de95-4b60-85cc-334e1ca566d5"}]}
2026-06-24 19:05:41.696 9 INFO neutron.wsgi [None req-e4b691cb-7dc2-41dc-aee0-70045b315d4a a8a7de7117fb409b9a502b48744ef2cf f8b25b63beb84fa2ada4f999d2568fdb - - default default] 10.0.0.198 "GET /v2.0/security-groups?tenant_id=e1b74b5e32154be5adb87840eaf90b8f&name=default HTTP/1.1" status: 200 len: 2992 time: 0.0385981
2026-06-24 19:05:41.810 10 INFO neutron.services.segments.plugin [-] Segment ed61c841-21ec-4261-8d93-d2346c2e046b resource provider aggregate not found
2026-06-24 19:05:41.832 10 INFO neutron.services.segments.plugin [-] Segment ed61c841-21ec-4261-8d93-d2346c2e046b resource provider not found; error: Placement Client Error (4xx): {"errors": [{"status": 404, "title": "Not Found", "detail": "The resource could not be found.\n\n No resource provider with uuid ed61c841-21ec-4261-8d93-d2346c2e046b found for delete ", "request_id": "req-162e2e05-761b-41c7-b178-b2884e5837ac"}]}
2026-06-24 19:05:41.840 10 INFO neutron.services.segments.plugin [-] Segment ed61c841-21ec-4261-8d93-d2346c2e046b resource provider aggregate not found
2026-06-24 19:05:41.867 10 INFO neutron.services.segments.plugin [-] Segment ed61c841-21ec-4261-8d93-d2346c2e046b resource provider not found; error: Placement Client Error (4xx): {"errors": [{"status": 404, "title": "Not Found", "detail": "The resource could not be found.\n\n No resource provider with uuid ed61c841-21ec-4261-8d93-d2346c2e046b found for delete ", "request_id": "req-dbdf36bf-db63-4cec-9f28-e4ef27191329"}]}
2026-06-24 19:05:41.904 9 INFO neutron.wsgi [None req-248317d4-d867-42e6-8a45-fcd6fc012858 a8a7de7117fb409b9a502b48744ef2cf f8b25b63beb84fa2ada4f999d2568fdb - - default default] 10.0.0.198 "DELETE /v2.0/security-groups/01523c4c-368d-44be-9bbd-195924be1eca HTTP/1.1" status: 204 len: 168 time: 0.2030451
2026-06-24 19:05:41.995 9 INFO neutron.wsgi [req-64d521c6-a58a-46e2-9cf0-dbb751d113dd req-b4ccc810-917e-4220-9ccd-45ee493e765b 1b72e2ee1183452dba85ba97f5336b44 dc127c35d27246bb8a2ca856fa70146f - - default default] 10.0.0.47 "GET /v2.0/ports?device_id=39935e12-032c-47a0-8552-b73ee4ea9ba3 HTTP/1.1" status: 200 len: 210 time: 0.0259054
2026-06-24 19:05:42.112 9 INFO neutron.wsgi [req-6e58b773-1479-4dc5-92d6-bcf49d9c347b req-0399ce3c-4e9f-454a-b1a1-24d04c08b7c1 41ce5f84c729422d9df9fb78ff950f47 f8eb3f321852412383cd1f7f2808ef3e - - default default] 10.0.0.47 "GET /v2.0/security-groups?name=tempest-securitygroup--98837338&fields=id&tenant_id=f8eb3f321852412383cd1f7f2808ef3e HTTP/1.1" status: 200 len: 267 time: 0.0344973
2026-06-24 19:05:42.174 9 INFO neutron.wsgi [req-6e58b773-1479-4dc5-92d6-bcf49d9c347b req-4f76771e-17b5-4fd8-9e48-3c9890cfe2ef 41ce5f84c729422d9df9fb78ff950f47 f8eb3f321852412383cd1f7f2808ef3e - - default default] 10.0.0.47 "GET /v2.0/networks?id=b8a0c420-2cc1-4d9f-ad92-49cd46128f46 HTTP/1.1" status: 200 len: 879 time: 0.0558453
2026-06-24 19:05:42.193 9 INFO neutron.wsgi [req-6e58b773-1479-4dc5-92d6-bcf49d9c347b req-1dc72e39-58a1-40f3-a561-0f510e499ccf 41ce5f84c729422d9df9fb78ff950f47 f8eb3f321852412383cd1f7f2808ef3e - - default default] 10.0.0.47 "GET /v2.0/quotas/f8eb3f321852412383cd1f7f2808ef3e HTTP/1.1" status: 200 len: 386 time: 0.0123978
2026-06-24 19:05:42.282 9 INFO neutron.wsgi [req-6e58b773-1479-4dc5-92d6-bcf49d9c347b req-6e4b119b-e1f6-4207-a28e-4ad15ccbc04a 41ce5f84c729422d9df9fb78ff950f47 f8eb3f321852412383cd1f7f2808ef3e - - default default] 10.0.0.47 "GET /v2.0/ports?tenant_id=f8eb3f321852412383cd1f7f2808ef3e&fields=id HTTP/1.1" status: 200 len: 302 time: 0.0789886
2026-06-24 19:05:42.694 9 INFO neutron.wsgi [req-6e58b773-1479-4dc5-92d6-bcf49d9c347b req-570a5fa1-e175-4f4e-a0c6-544c728465c8 1bfd51debc0243bfa47e134af339e843 72443ec725ae45abb6554219dff3cf98 - - 96f39892b42c4814a72e6e54be96ca4d 96f39892b42c4814a72e6e54be96ca4d] 10.0.0.47 "GET /v2.0/extensions HTTP/1.1" status: 200 len: 16980 time: 0.0520396
2026-06-24 19:05:42.757 9 INFO neutron.wsgi [req-6e58b773-1479-4dc5-92d6-bcf49d9c347b req-2007bf50-cb78-40a3-9f57-2d45cc0fab3c 1bfd51debc0243bfa47e134af339e843 72443ec725ae45abb6554219dff3cf98 - - 96f39892b42c4814a72e6e54be96ca4d 96f39892b42c4814a72e6e54be96ca4d] 10.0.0.47 "GET /v2.0/networks/b8a0c420-2cc1-4d9f-ad92-49cd46128f46?fields=segments HTTP/1.1" status: 200 len: 212 time: 0.0549467
2026-06-24 19:05:42.812 9 INFO neutron.wsgi [req-6e58b773-1479-4dc5-92d6-bcf49d9c347b req-18b2a3fd-4f1c-468f-823d-9879c4f9958d 1bfd51debc0243bfa47e134af339e843 72443ec725ae45abb6554219dff3cf98 - - 96f39892b42c4814a72e6e54be96ca4d 96f39892b42c4814a72e6e54be96ca4d] 10.0.0.47 "GET /v2.0/networks/b8a0c420-2cc1-4d9f-ad92-49cd46128f46?fields=provider%3Aphysical_network&fields=provider%3Anetwork_type HTTP/1.1" status: 200 len: 277 time: 0.0498667
2026-06-24 19:05:42.892 10 INFO neutron.wsgi [req-4872fcf4-2c87-4b4d-8003-7c45dc1237d9 req-eb86a716-4de6-426c-a203-a4615d210831 1b72e2ee1183452dba85ba97f5336b44 dc127c35d27246bb8a2ca856fa70146f - - default default] 199.19.213.122 "GET /v2.0/networks?id=53e048c3-a61a-469a-988d-932db4957919 HTTP/1.1" status: 200 len: 874 time: 0.1437628
2026-06-24 19:05:42.954 10 INFO neutron.wsgi [req-4872fcf4-2c87-4b4d-8003-7c45dc1237d9 req-499fa6da-8db7-467b-8e65-0571c91b14be 1b72e2ee1183452dba85ba97f5336b44 dc127c35d27246bb8a2ca856fa70146f - - default default] 199.19.213.122 "GET /v2.0/security-groups?fields=id&fields=name&tenant_id=dc127c35d27246bb8a2ca856fa70146f HTTP/1.1" status: 200 len: 380 time: 0.0400031
2026-06-24 19:05:42.965 10 WARNING neutron_lib.context [req-4872fcf4-2c87-4b4d-8003-7c45dc1237d9 req-505fd421-1918-4c2e-bdf1-116087ff5e1a 1b72e2ee1183452dba85ba97f5336b44 dc127c35d27246bb8a2ca856fa70146f - - default default] Method 'is_advsvc' is deprecated since 2023.2 release (neutron-lib 3.8.0) and will be removed once support for the old RBAC API policies will be removed from Neutron. Please use method 'is_service_role' instead.
2026-06-24 19:05:43.079 9 INFO neutron.wsgi [req-71807d99-0cee-4243-b847-c85a0ebf20f1 req-559315f8-b2c2-4428-b644-1548edc347d8 1b72e2ee1183452dba85ba97f5336b44 dc127c35d27246bb8a2ca856fa70146f - - default default] 10.0.0.47 "GET /v2.0/ports?device_id=39935e12-032c-47a0-8552-b73ee4ea9ba3 HTTP/1.1" status: 200 len: 210 time: 0.0211267
2026-06-24 19:05:43.109 9 INFO neutron.wsgi [req-a793147b-dd91-4b3a-a780-f582880905a4 req-b65f5bda-f2e7-4f56-9629-d5b783b536df 41ce5f84c729422d9df9fb78ff950f47 f8eb3f321852412383cd1f7f2808ef3e - - default default] 10.0.0.47 "GET /v2.0/ports?device_id=336e5120-e4aa-4fca-9126-e28bb5d67d9a HTTP/1.1" status: 200 len: 210 time: 0.0164404
2026-06-24 19:05:43.379 10 WARNING neutron.scheduler.dhcp_agent_scheduler [req-4872fcf4-2c87-4b4d-8003-7c45dc1237d9 req-505fd421-1918-4c2e-bdf1-116087ff5e1a 1b72e2ee1183452dba85ba97f5336b44 dc127c35d27246bb8a2ca856fa70146f - - default default] No more DHCP agents
2026-06-24 19:05:43.381 10 WARNING neutron.api.rpc.agentnotifiers.dhcp_rpc_agent_api [req-4872fcf4-2c87-4b4d-8003-7c45dc1237d9 req-505fd421-1918-4c2e-bdf1-116087ff5e1a 1b72e2ee1183452dba85ba97f5336b44 dc127c35d27246bb8a2ca856fa70146f - - default default] Unable to schedule network 53e048c3-a61a-469a-988d-932db4957919: no agents available; will retry on subsequent port and subnet creation events.
2026-06-24 19:05:43.415 9 INFO neutron.db.ovn_revision_numbers_db [None req-69508eab-4432-4583-bb80-f5aa5f406c1b a8a7de7117fb409b9a502b48744ef2cf f8b25b63beb84fa2ada4f999d2568fdb - - default default] Successfully bumped revision number for resource 5ffe6a09-80b5-4913-812c-a55c591fe69a (type: security_groups) to 1
2026-06-24 19:05:43.443 9 INFO neutron.db.ovn_revision_numbers_db [None req-69508eab-4432-4583-bb80-f5aa5f406c1b a8a7de7117fb409b9a502b48744ef2cf f8b25b63beb84fa2ada4f999d2568fdb - - default default] Successfully bumped revision number for resource ac28889a-ad3e-49de-aec6-db60b0a72b19 (type: security_group_rules) to 0
2026-06-24 19:05:43.460 9 INFO neutron.db.ovn_revision_numbers_db [None req-69508eab-4432-4583-bb80-f5aa5f406c1b a8a7de7117fb409b9a502b48744ef2cf f8b25b63beb84fa2ada4f999d2568fdb - - default default] Successfully bumped revision number for resource c2196a7f-46ba-417d-b15c-050a90e151eb (type: security_group_rules) to 0
2026-06-24 19:05:43.480 9 INFO neutron.db.ovn_revision_numbers_db [None req-69508eab-4432-4583-bb80-f5aa5f406c1b a8a7de7117fb409b9a502b48744ef2cf f8b25b63beb84fa2ada4f999d2568fdb - - default default] Successfully bumped revision number for resource c37ac8d4-c79d-43c5-963e-46aeed827341 (type: security_group_rules) to 0
2026-06-24 19:05:43.524 9 INFO neutron.db.ovn_revision_numbers_db [None req-69508eab-4432-4583-bb80-f5aa5f406c1b a8a7de7117fb409b9a502b48744ef2cf f8b25b63beb84fa2ada4f999d2568fdb - - default default] Successfully bumped revision number for resource c601ba85-d35a-48e1-ad3e-105ce98db281 (type: security_group_rules) to 0
2026-06-24 19:05:43.583 9 INFO neutron.db.segments_db [None req-69508eab-4432-4583-bb80-f5aa5f406c1b a8a7de7117fb409b9a502b48744ef2cf f8b25b63beb84fa2ada4f999d2568fdb - - default default] Added segment 59cf17c2-5de3-41a5-b350-0c7653157c25 of type geneve for network bc70c22a-5a86-456c-ba83-d5efd9c66380
2026-06-24 19:05:43.701 10 INFO neutron.db.ovn_revision_numbers_db [req-4872fcf4-2c87-4b4d-8003-7c45dc1237d9 req-505fd421-1918-4c2e-bdf1-116087ff5e1a 1b72e2ee1183452dba85ba97f5336b44 dc127c35d27246bb8a2ca856fa70146f - - default default] Successfully bumped revision number for resource 6e40ad1e-5632-46af-94d1-8885724150d2 (type: ports) to 1
