May 09 14:05:41.994611 np0000173178 devstack@neutron-api.service[103380]: DEBUG neutron.plugins.ml2.drivers.ovn.mech_driver.mech_driver [None req-f3d88970-3424-4a16-bfb8-37270fc1e00b None None] Hash Ring setup using WSGI start time 2026-05-09 14:05:35+00:00 {{(pid=103380) _init_hash_ring /opt/stack/neutron/neutron/plugins/ml2/drivers/ovn/mech_driver/mech_driver.py:402}}
May 09 14:05:41.996145 np0000173178 devstack@neutron-api.service[103383]: INFO neutron.quota.resource_registry [None req-d814428b-70ec-4ef0-bf51-dba34d192f26 None None] Creating instance of TrackedResource for resource:security_group
May 09 14:05:41.996671 np0000173178 devstack@neutron-api.service[103383]: INFO neutron.quota.resource_registry [None req-d814428b-70ec-4ef0-bf51-dba34d192f26 None None] Creating instance of TrackedResource for resource:security_group_rule
May 09 14:05:41.997502 np0000173178 devstack@neutron-api.service[103383]: DEBUG neutron.api.v2.resource_helper [None req-d814428b-70ec-4ef0-bf51-dba34d192f26 None None] Service CORE assigned prefix: {{(pid=103383) build_resource_info /opt/stack/neutron/neutron/api/v2/resource_helper.py:77}}
May 09 14:05:41.997685 np0000173178 devstack@neutron-api.service[103383]: INFO neutron.quota.resource_registry [None req-d814428b-70ec-4ef0-bf51-dba34d192f26 None None] Creating instance of TrackedResource for resource:subnetpool
May 09 14:05:41.997874 np0000173178 devstack@neutron-api.service[103383]: WARNING neutron.quota.resource_registry [None req-d814428b-70ec-4ef0-bf51-dba34d192f26 None None] subnetpool is already registered
May 09 14:05:42.000112 np0000173178 devstack@neutron-api.service[103380]: INFO neutron.db.ovn_hash_ring_db [None req-f3d88970-3424-4a16-bfb8-37270fc1e00b None None] Nodes from host "np0000173178" and group "mechanism_driver" removed from the Hash Ring created at 2026-05-09 14:05:35+00:00
May 09 14:05:42.000552 np0000173178 devstack@neutron-api.service[103383]: DEBUG neutron.api.v2.resource_helper [None req-d814428b-70ec-4ef0-bf51-dba34d192f26 None None] Service L3_ROUTER_NAT assigned prefix: {{(pid=103383) build_resource_info /opt/stack/neutron/neutron/api/v2/resource_helper.py:77}}
May 09 14:05:42.000965 np0000173178 devstack@neutron-api.service[103383]: DEBUG neutron.api.v2.resource_helper [None req-d814428b-70ec-4ef0-bf51-dba34d192f26 None None] Service FLAVORS assigned prefix: {{(pid=103383) build_resource_info /opt/stack/neutron/neutron/api/v2/resource_helper.py:77}}
May 09 14:05:42.002162 np0000173178 devstack@neutron-api.service[103383]: DEBUG neutron.api.v2.resource_helper [None req-d814428b-70ec-4ef0-bf51-dba34d192f26 None None] Service L3_ROUTER_NAT assigned prefix: {{(pid=103383) build_resource_info /opt/stack/neutron/neutron/api/v2/resource_helper.py:77}}
May 09 14:05:42.002162 np0000173178 devstack@neutron-api.service[103383]: DEBUG neutron.api.v2.resource_helper [None req-d814428b-70ec-4ef0-bf51-dba34d192f26 None None] Service L3_ROUTER_NAT assigned prefix: {{(pid=103383) build_resource_info /opt/stack/neutron/neutron/api/v2/resource_helper.py:77}}
May 09 14:05:42.002407 np0000173178 devstack@neutron-api.service[103383]: INFO neutron.quota.resource_registry [None req-d814428b-70ec-4ef0-bf51-dba34d192f26 None None] Creating instance of TrackedResource for resource:router
May 09 14:05:42.002578 np0000173178 devstack@neutron-api.service[103383]: WARNING neutron.quota.resource_registry [None req-d814428b-70ec-4ef0-bf51-dba34d192f26 None None] router is already registered
May 09 14:05:42.002679 np0000173178 devstack@neutron-api.service[103380]: INFO neutron.db.ovn_hash_ring_db [None req-f3d88970-3424-4a16-bfb8-37270fc1e00b None None] Node c162c9086c8d525ca0ed719c3750474d from host "np0000173178" and group "mechanism_driver" added to the Hash Ring
May 09 14:05:42.004466 np0000173178 devstack@neutron-api.service[103383]: INFO neutron.quota.resource_registry [None req-d814428b-70ec-4ef0-bf51-dba34d192f26 None None] Creating instance of TrackedResource for resource:floatingip
May 09 14:05:42.004940 np0000173178 devstack@neutron-api.service[103383]: WARNING neutron.quota.resource_registry [None req-d814428b-70ec-4ef0-bf51-dba34d192f26 None None] floatingip is already registered
May 09 14:05:42.005328 np0000173178 devstack@neutron-api.service[103380]: DEBUG neutron.plugins.ml2.drivers.ovn.mech_driver.mech_driver [None req-f3d88970-3424-4a16-bfb8-37270fc1e00b None None] Hash Ring setup, this worker has detected 2 OVN hash ring registers in the database {{(pid=103380) _init_hash_ring /opt/stack/neutron/neutron/plugins/ml2/drivers/ovn/mech_driver/mech_driver.py:412}}
May 09 14:05:42.005657 np0000173178 devstack@neutron-api.service[103383]: INFO neutron.quota.resource_registry [None req-d814428b-70ec-4ef0-bf51-dba34d192f26 None None] Creating instance of CountableResource for resource:rbac_policy
May 09 14:05:42.005758 np0000173178 devstack@neutron-api.service[103383]: WARNING neutron.quota.resource_registry [None req-d814428b-70ec-4ef0-bf51-dba34d192f26 None None] rbac_policy is already registered
May 09 14:05:42.006345 np0000173178 devstack@neutron-api.service[103383]: INFO neutron.quota.resource_registry [None req-d814428b-70ec-4ef0-bf51-dba34d192f26 None None] Creating instance of TrackedResource for resource:security_group
May 09 14:05:42.006474 np0000173178 devstack@neutron-api.service[103383]: WARNING neutron.quota.resource_registry [None req-d814428b-70ec-4ef0-bf51-dba34d192f26 None None] security_group is already registered
May 09 14:05:42.006814 np0000173178 devstack@neutron-api.service[103383]: INFO neutron.quota.resource_registry [None req-d814428b-70ec-4ef0-bf51-dba34d192f26 None None] Creating instance of TrackedResource for resource:security_group_rule
May 09 14:05:42.007208 np0000173178 devstack@neutron-api.service[103383]: WARNING neutron.quota.resource_registry [None req-d814428b-70ec-4ef0-bf51-dba34d192f26 None None] security_group_rule is already registered
May 09 14:05:42.007480 np0000173178 devstack@neutron-api.service[103383]: DEBUG neutron.api.v2.resource_helper [None req-d814428b-70ec-4ef0-bf51-dba34d192f26 None None] Service CORE assigned prefix: {{(pid=103383) build_resource_info /opt/stack/neutron/neutron/api/v2/resource_helper.py:77}}
May 09 14:05:42.007682 np0000173178 devstack@neutron-api.service[103383]: INFO neutron.quota.resource_registry [None req-d814428b-70ec-4ef0-bf51-dba34d192f26 None None] Creating instance of TrackedResource for resource:subnetpool
May 09 14:05:42.007806 np0000173178 devstack@neutron-api.service[103383]: WARNING neutron.quota.resource_registry [None req-d814428b-70ec-4ef0-bf51-dba34d192f26 None None] subnetpool is already registered
May 09 14:05:42.008263 np0000173178 devstack@neutron-api.service[103383]: DEBUG neutron.api.extensions [None req-d814428b-70ec-4ef0-bf51-dba34d192f26 None None] Extended resource: extensions {{(pid=103383) __init__ /opt/stack/neutron/neutron/api/extensions.py:156}}
May 09 14:05:42.009128 np0000173178 devstack@neutron-api.service[103383]: DEBUG neutron.api.extensions [None req-d814428b-70ec-4ef0-bf51-dba34d192f26 None None] Extended resource: address-groups {{(pid=103383) __init__ /opt/stack/neutron/neutron/api/extensions.py:156}}
May 09 14:05:42.009872 np0000173178 devstack@neutron-api.service[103383]: DEBUG neutron.api.extensions [None req-d814428b-70ec-4ef0-bf51-dba34d192f26 None None] Extended resource: address-scopes {{(pid=103383) __init__ /opt/stack/neutron/neutron/api/extensions.py:156}}
May 09 14:05:42.010779 np0000173178 devstack@neutron-api.service[103383]: DEBUG neutron.api.extensions [None req-d814428b-70ec-4ef0-bf51-dba34d192f26 None None] Extended resource: agents {{(pid=103383) __init__ /opt/stack/neutron/neutron/api/extensions.py:156}}
May 09 14:05:42.010890 np0000173178 devstack@neutron-api.service[103380]: DEBUG neutron.plugins.ml2.drivers.ovn.mech_driver.ovsdb.maintenance [None req-f3d88970-3424-4a16-bfb8-37270fc1e00b None None] Periodic task found: HashRingHealthCheckPeriodics.touch_hash_ring_node {{(pid=103380) add_periodics /opt/stack/neutron/neutron/plugins/ml2/drivers/ovn/mech_driver/ovsdb/maintenance.py:148}}
May 09 14:05:42.011118 np0000173178 devstack@neutron-api.service[103383]: DEBUG neutron.api.extensions [None req-d814428b-70ec-4ef0-bf51-dba34d192f26 None None] Extended resource: auto-allocated-topology {{(pid=103383) __init__ /opt/stack/neutron/neutron/api/extensions.py:156}}
May 09 14:05:42.011686 np0000173178 devstack@neutron-api.service[103383]: DEBUG neutron.api.extensions [None req-d814428b-70ec-4ef0-bf51-dba34d192f26 None None] Extended resource: availability_zones {{(pid=103383) __init__ /opt/stack/neutron/neutron/api/extensions.py:156}}
May 09 14:05:42.011780 np0000173178 devstack@neutron-api.service[103380]: INFO neutron.plugins.ml2.drivers.ovn.mech_driver.mech_driver [None req-f3d88970-3424-4a16-bfb8-37270fc1e00b None None] Hash Ring probing thread for node c162c9086c8d525ca0ed719c3750474d has started
May 09 14:05:42.012234 np0000173178 devstack@neutron-api.service[103383]: DEBUG neutron.api.extensions [None req-d814428b-70ec-4ef0-bf51-dba34d192f26 None None] Extended resource: dhcp-networks {{(pid=103383) __init__ /opt/stack/neutron/neutron/api/extensions.py:156}}
May 09 14:05:42.012293 np0000173178 devstack@neutron-api.service[103380]: INFO neutron.plugins.ml2.drivers.ovn.mech_driver.ovsdb.impl_idl_ovn [None req-f3d88970-3424-4a16-bfb8-37270fc1e00b None None] Getting OvsdbNbOvnIdl for WorkerService with retry
May 09 14:05:42.013111 np0000173178 devstack@neutron-api.service[103383]: DEBUG neutron.api.extensions [None req-d814428b-70ec-4ef0-bf51-dba34d192f26 None None] Extended resource: dhcp-agents {{(pid=103383) __init__ /opt/stack/neutron/neutron/api/extensions.py:156}}
May 09 14:05:42.013804 np0000173178 devstack@neutron-api.service[103383]: DEBUG neutron.api.extensions [None req-d814428b-70ec-4ef0-bf51-dba34d192f26 None None] Extended resource: routers {{(pid=103383) __init__ /opt/stack/neutron/neutron/api/extensions.py:156}}
May 09 14:05:42.014771 np0000173178 devstack@neutron-api.service[103383]: DEBUG neutron.api.extensions [None req-d814428b-70ec-4ef0-bf51-dba34d192f26 None None] Extended resource: flavors {{(pid=103383) __init__ /opt/stack/neutron/neutron/api/extensions.py:156}}
May 09 14:05:42.015357 np0000173178 devstack@neutron-api.service[103383]: DEBUG neutron.api.extensions [None req-d814428b-70ec-4ef0-bf51-dba34d192f26 None None] Extended resource: service_profiles {{(pid=103383) __init__ /opt/stack/neutron/neutron/api/extensions.py:156}}
May 09 14:05:42.015985 np0000173178 devstack@neutron-api.service[103383]: DEBUG neutron.api.extensions [None req-d814428b-70ec-4ef0-bf51-dba34d192f26 None None] Extended resource: next_providers {{(pid=103383) __init__ /opt/stack/neutron/neutron/api/extensions.py:156}}
May 09 14:05:42.016814 np0000173178 devstack@neutron-api.service[103383]: DEBUG neutron.api.extensions [None req-d814428b-70ec-4ef0-bf51-dba34d192f26 None None] Extended resource: service_profiles {{(pid=103383) __init__ /opt/stack/neutron/neutron/api/extensions.py:156}}
May 09 14:05:42.017286 np0000173178 devstack@neutron-api.service[103383]: DEBUG neutron.api.extensions [None req-d814428b-70ec-4ef0-bf51-dba34d192f26 None None] Extended resource: floatingip-pools {{(pid=103383) __init__ /opt/stack/neutron/neutron/api/extensions.py:156}}
May 09 14:05:42.018364 np0000173178 devstack@neutron-api.service[103383]: DEBUG neutron.api.extensions [None req-d814428b-70ec-4ef0-bf51-dba34d192f26 None None] Extended resource: routers {{(pid=103383) __init__ /opt/stack/neutron/neutron/api/extensions.py:156}}
May 09 14:05:42.018963 np0000173178 devstack@neutron-api.service[103383]: DEBUG neutron.api.extensions [None req-d814428b-70ec-4ef0-bf51-dba34d192f26 None None] Extended resource: floatingips {{(pid=103383) __init__ /opt/stack/neutron/neutron/api/extensions.py:156}}
May 09 14:05:42.019643 np0000173178 devstack@neutron-api.service[103383]: DEBUG neutron.api.extensions [None req-d814428b-70ec-4ef0-bf51-dba34d192f26 None None] Extended resource: network-ip-availabilities {{(pid=103383) __init__ /opt/stack/neutron/neutron/api/extensions.py:156}}
May 09 14:05:42.020211 np0000173178 devstack@neutron-api.service[103383]: DEBUG neutron.api.extensions [None req-d814428b-70ec-4ef0-bf51-dba34d192f26 None None] Extended resource: network-ip-availabilities {{(pid=103383) __init__ /opt/stack/neutron/neutron/api/extensions.py:156}}
May 09 14:05:42.020707 np0000173178 devstack@neutron-api.service[103383]: DEBUG neutron.api.extensions [None req-d814428b-70ec-4ef0-bf51-dba34d192f26 None None] Extended resource: bindings {{(pid=103383) __init__ /opt/stack/neutron/neutron/api/extensions.py:156}}
May 09 14:05:42.021403 np0000173178 devstack@neutron-api.service[103383]: DEBUG neutron.api.extensions [None req-d814428b-70ec-4ef0-bf51-dba34d192f26 None None] Extended resource: quotas {{(pid=103383) __init__ /opt/stack/neutron/neutron/api/extensions.py:156}}
May 09 14:05:42.022423 np0000173178 devstack@neutron-api.service[103383]: DEBUG neutron.api.extensions [None req-d814428b-70ec-4ef0-bf51-dba34d192f26 None None] Extended resource: quotas {{(pid=103383) __init__ /opt/stack/neutron/neutron/api/extensions.py:156}}
May 09 14:05:42.022930 np0000173178 devstack@neutron-api.service[103383]: DEBUG neutron.api.extensions [None req-d814428b-70ec-4ef0-bf51-dba34d192f26 None None] Extended resource: rbac-policies {{(pid=103383) __init__ /opt/stack/neutron/neutron/api/extensions.py:156}}
May 09 14:05:42.023511 np0000173178 devstack@neutron-api.service[103383]: DEBUG neutron.api.extensions [None req-d814428b-70ec-4ef0-bf51-dba34d192f26 None None] Extended resource: default-security-group-rules {{(pid=103383) __init__ /opt/stack/neutron/neutron/api/extensions.py:156}}
May 09 14:05:42.024136 np0000173178 devstack@neutron-api.service[103383]: DEBUG neutron.api.extensions [None req-d814428b-70ec-4ef0-bf51-dba34d192f26 None None] Extended resource: security-groups {{(pid=103383) __init__ /opt/stack/neutron/neutron/api/extensions.py:156}}
May 09 14:05:42.024986 np0000173178 devstack@neutron-api.service[103383]: DEBUG neutron.api.extensions [None req-d814428b-70ec-4ef0-bf51-dba34d192f26 None None] Extended resource: security-group-rules {{(pid=103383) __init__ /opt/stack/neutron/neutron/api/extensions.py:156}}
May 09 14:05:42.025339 np0000173178 devstack@neutron-api.service[103383]: DEBUG neutron.api.extensions [None req-d814428b-70ec-4ef0-bf51-dba34d192f26 None None] Extended resource: service-providers {{(pid=103383) __init__ /opt/stack/neutron/neutron/api/extensions.py:156}}
May 09 14:05:42.025904 np0000173178 devstack@neutron-api.service[103383]: DEBUG neutron.api.extensions [None req-d814428b-70ec-4ef0-bf51-dba34d192f26 None None] Extended resource: subnetpools {{(pid=103383) __init__ /opt/stack/neutron/neutron/api/extensions.py:156}}
May 09 14:05:42.026572 np0000173178 devstack@neutron-api.service[103383]: DEBUG neutron.api.extensions [None req-d814428b-70ec-4ef0-bf51-dba34d192f26 None None] Extended resource: tags {{(pid=103383) __init__ /opt/stack/neutron/neutron/api/extensions.py:156}}
May 09 14:05:42.027358 np0000173178 devstack@neutron-api.service[103383]: DEBUG neutron.api.extensions [None req-d814428b-70ec-4ef0-bf51-dba34d192f26 None None] Extended resource: tags {{(pid=103383) __init__ /opt/stack/neutron/neutron/api/extensions.py:156}}
May 09 14:05:42.028282 np0000173178 devstack@neutron-api.service[103383]: DEBUG neutron.api.extensions [None req-d814428b-70ec-4ef0-bf51-dba34d192f26 None None] Extended resource: tags {{(pid=103383) __init__ /opt/stack/neutron/neutron/api/extensions.py:156}}
May 09 14:05:42.029103 np0000173178 devstack@neutron-api.service[103383]: DEBUG neutron.api.extensions [None req-d814428b-70ec-4ef0-bf51-dba34d192f26 None None] Extended resource: tags {{(pid=103383) __init__ /opt/stack/neutron/neutron/api/extensions.py:156}}
May 09 14:05:42.029921 np0000173178 devstack@neutron-api.service[103383]: DEBUG neutron.api.extensions [None req-d814428b-70ec-4ef0-bf51-dba34d192f26 None None] Extended resource: tags {{(pid=103383) __init__ /opt/stack/neutron/neutron/api/extensions.py:156}}
May 09 14:05:42.030984 np0000173178 devstack@neutron-api.service[103383]: DEBUG neutron.api.extensions [None req-d814428b-70ec-4ef0-bf51-dba34d192f26 None None] Extended resource: tags {{(pid=103383) __init__ /opt/stack/neutron/neutron/api/extensions.py:156}}
May 09 14:05:42.031782 np0000173178 devstack@neutron-api.service[103383]: DEBUG neutron.api.extensions [None req-d814428b-70ec-4ef0-bf51-dba34d192f26 None None] Extended resource: tags {{(pid=103383) __init__ /opt/stack/neutron/neutron/api/extensions.py:156}}
May 09 14:05:42.033809 np0000173178 devstack@neutron-api.service[103383]: DEBUG neutron.api.extensions [None req-d814428b-70ec-4ef0-bf51-dba34d192f26 None None] Extended resource: tags {{(pid=103383) __init__ /opt/stack/neutron/neutron/api/extensions.py:156}}
May 09 14:05:42.034663 np0000173178 devstack@neutron-api.service[103383]: DEBUG neutron.api.extensions [None req-d814428b-70ec-4ef0-bf51-dba34d192f26 None None] Extended resource: tags {{(pid=103383) __init__ /opt/stack/neutron/neutron/api/extensions.py:156}}
May 09 14:05:42.035523 np0000173178 devstack@neutron-api.service[103383]: DEBUG neutron.api.extensions [None req-d814428b-70ec-4ef0-bf51-dba34d192f26 None None] Extended resource: tags {{(pid=103383) __init__ /opt/stack/neutron/neutron/api/extensions.py:156}}
May 09 14:05:42.070763 np0000173178 devstack@neutron-api.service[103381]: [pid: 103381|app: 0|req: 1/1] 199.204.45.77 () {62 vars in 981 bytes} [Sat May 9 14:05:42 2026] GET /networking => generated 129 bytes in 2 msecs (HTTP/1.1 200) 3 headers in 91 bytes (1 switches on core 0)
May 09 14:05:42.107881 np0000173178 devstack@neutron-api.service[103382]: DEBUG neutron.api.extensions [None req-5af49df3-4211-4460-b4a6-7cc4e73a5446 None None] Extended resource: tags {{(pid=103382) __init__ /opt/stack/neutron/neutron/api/extensions.py:156}}
May 09 14:05:42.108905 np0000173178 devstack@neutron-api.service[103382]: DEBUG neutron.api.extensions [None req-5af49df3-4211-4460-b4a6-7cc4e73a5446 None None] Extended resource: tags {{(pid=103382) __init__ /opt/stack/neutron/neutron/api/extensions.py:156}}
May 09 14:05:42.109550 np0000173178 devstack@neutron-api.service[103382]: DEBUG neutron.api.extensions [None req-5af49df3-4211-4460-b4a6-7cc4e73a5446 None None] Extended resource: tags {{(pid=103382) __init__ /opt/stack/neutron/neutron/api/extensions.py:156}}
May 09 14:05:42.112911 np0000173178 devstack@neutron-api.service[103382]: WARNING keystonemiddleware.auth_token [None req-5af49df3-4211-4460-b4a6-7cc4e73a5446 None None] AuthToken middleware is set with keystone_authtoken.service_token_roles_required set to False. This is backwards compatible but deprecated behaviour. Please set this to True.
May 09 14:05:42.119949 np0000173178 devstack@neutron-api.service[103382]: DEBUG neutron_lib.callbacks.manager [None req-5af49df3-4211-4460-b4a6-7cc4e73a5446 None None] Publish callbacks ['neutron.plugins.ml2.drivers.ovn.mech_driver.mech_driver.OVNMechanismDriver.pre_fork_initialize-992693'] for process (None), before_spawn {{(pid=103382) _notify_loop /opt/stack/data/venv/lib/python3.12/site-packages/neutron_lib/callbacks/manager.py:184}}
May 09 14:05:42.120362 np0000173178 devstack@neutron-api.service[103382]: DEBUG oslo_concurrency.processutils [None req-5af49df3-4211-4460-b4a6-7cc4e73a5446 None None] Running cmd (subprocess): ovsdb-client transact ssl:199.204.45.77:6641 --timeout 180 -p /opt/stack/data/CA/int-ca/private/devstack-cert.key -c /opt/stack/data/CA/int-ca/devstack-cert.crt -C /opt/stack/data/CA/int-ca/ca-chain.pem ["OVN_Northbound", {"op": "wait", "timeout": 0, "table": "Port_Group", "where": [["name", "==", "neutron_pg_drop"]], "until": "==", "rows": []}, {"op": "insert", "table": "ACL", "row": {"action": "drop", "direction": "to-lport", "match": "outport == @neutron_pg_drop && ip", "priority": 1001}, "uuid-name": "droptoport"}, {"op": "insert", "table": "ACL", "row": {"action": "drop", "direction": "from-lport", "match": "inport == @neutron_pg_drop && ip", "priority": 1001}, "uuid-name": "dropfromport"}, {"op": "insert", "table": "Port_Group", "row": {"name": "neutron_pg_drop", "acls": ["set", [["named-uuid", "droptoport"], ["named-uuid", "dropfromport"]]]}}] {{(pid=103382) execute /opt/stack/data/venv/lib/python3.12/site-packages/oslo_concurrency/processutils.py:440}}
May 09 14:05:42.152981 np0000173178 devstack@neutron-api.service[103382]: DEBUG oslo_concurrency.processutils [None req-5af49df3-4211-4460-b4a6-7cc4e73a5446 None None] CMD "ovsdb-client transact ssl:199.204.45.77:6641 --timeout 180 -p /opt/stack/data/CA/int-ca/private/devstack-cert.key -c /opt/stack/data/CA/int-ca/devstack-cert.crt -C /opt/stack/data/CA/int-ca/ca-chain.pem ["OVN_Northbound", {"op": "wait", "timeout": 0, "table": "Port_Group", "where": [["name", "==", "neutron_pg_drop"]], "until": "==", "rows": []}, {"op": "insert", "table": "ACL", "row": {"action": "drop", "direction": "to-lport", "match": "outport == @neutron_pg_drop && ip", "priority": 1001}, "uuid-name": "droptoport"}, {"op": "insert", "table": "ACL", "row": {"action": "drop", "direction": "from-lport", "match": "inport == @neutron_pg_drop && ip", "priority": 1001}, "uuid-name": "dropfromport"}, {"op": "insert", "table": "Port_Group", "row": {"name": "neutron_pg_drop", "acls": ["set", [["named-uuid", "droptoport"], ["named-uuid", "dropfromport"]]]}}]" returned: 0 in 0.032s {{(pid=103382) execute /opt/stack/data/venv/lib/python3.12/site-packages/oslo_concurrency/processutils.py:468}}
May 09 14:05:42.153799 np0000173178 devstack@neutron-api.service[103382]: DEBUG neutron_lib.callbacks.manager [None req-5af49df3-4211-4460-b4a6-7cc4e73a5446 None None] Publish callbacks ['neutron.plugins.ml2.drivers.ovn.mech_driver.mech_driver.OVNMechanismDriver.post_fork_initialize-992605', 'neutron.services.ovn_l3.plugin.OVNL3RouterPlugin._post_fork_initialize-16231724'] for process (None), after_init {{(pid=103382) _notify_loop /opt/stack/data/venv/lib/python3.12/site-packages/neutron_lib/callbacks/manager.py:184}}
May 09 14:05:42.154557 np0000173178 devstack@neutron-api.service[103382]: DEBUG oslo_concurrency.lockutils [None req-5af49df3-4211-4460-b4a6-7cc4e73a5446 None None] Acquiring lock "singleton_lock" {{(pid=103382) lock /opt/stack/data/venv/lib/python3.12/site-packages/oslo_concurrency/lockutils.py:390}}
May 09 14:05:42.154772 np0000173178 devstack@neutron-api.service[103382]: DEBUG oslo_concurrency.lockutils [None req-5af49df3-4211-4460-b4a6-7cc4e73a5446 None None] Acquired lock "singleton_lock" {{(pid=103382) lock /opt/stack/data/venv/lib/python3.12/site-packages/oslo_concurrency/lockutils.py:393}}
May 09 14:05:42.155254 np0000173178 devstack@neutron-api.service[103382]: DEBUG oslo_concurrency.lockutils [None req-5af49df3-4211-4460-b4a6-7cc4e73a5446 None None] Releasing lock "singleton_lock" {{(pid=103382) lock /opt/stack/data/venv/lib/python3.12/site-packages/oslo_concurrency/lockutils.py:413}}
May 09 14:05:42.158395 np0000173178 devstack@neutron-api.service[103382]: DEBUG neutron.plugins.ml2.drivers.ovn.mech_driver.mech_driver [None req-5af49df3-4211-4460-b4a6-7cc4e73a5446 None None] Hash Ring setup using WSGI start time 2026-05-09 14:05:35+00:00 {{(pid=103382) _init_hash_ring /opt/stack/neutron/neutron/plugins/ml2/drivers/ovn/mech_driver/mech_driver.py:402}}
May 09 14:05:42.165004 np0000173178 devstack@neutron-api.service[103382]: INFO neutron.db.ovn_hash_ring_db [None req-5af49df3-4211-4460-b4a6-7cc4e73a5446 None None] Nodes from host "np0000173178" and group "mechanism_driver" removed from the Hash Ring created at 2026-05-09 14:05:35+00:00
May 09 14:05:42.168064 np0000173178 devstack@neutron-api.service[103382]: INFO neutron.db.ovn_hash_ring_db [None req-5af49df3-4211-4460-b4a6-7cc4e73a5446 None None] Node d6895f815f025682b133d056549c3d37 from host "np0000173178" and group "mechanism_driver" added to the Hash Ring
May 09 14:05:42.170769 np0000173178 devstack@neutron-api.service[103382]: DEBUG neutron.plugins.ml2.drivers.ovn.mech_driver.mech_driver [None req-5af49df3-4211-4460-b4a6-7cc4e73a5446 None None] Hash Ring setup, this worker has detected 3 OVN hash ring registers in the database {{(pid=103382) _init_hash_ring /opt/stack/neutron/neutron/plugins/ml2/drivers/ovn/mech_driver/mech_driver.py:412}}
May 09 14:05:42.177824 np0000173178 devstack@neutron-api.service[103382]: DEBUG neutron.plugins.ml2.drivers.ovn.mech_driver.ovsdb.maintenance [None req-5af49df3-4211-4460-b4a6-7cc4e73a5446 None None] Periodic task found: HashRingHealthCheckPeriodics.touch_hash_ring_node {{(pid=103382) add_periodics /opt/stack/neutron/neutron/plugins/ml2/drivers/ovn/mech_driver/ovsdb/maintenance.py:148}}
May 09 14:05:42.178886 np0000173178 devstack@neutron-api.service[103382]: INFO neutron.plugins.ml2.drivers.ovn.mech_driver.mech_driver [None req-5af49df3-4211-4460-b4a6-7cc4e73a5446 None None] Hash Ring probing thread for node d6895f815f025682b133d056549c3d37 has started
May 09 14:05:42.179520 np0000173178 devstack@neutron-api.service[103382]: INFO neutron.plugins.ml2.drivers.ovn.mech_driver.ovsdb.impl_idl_ovn [None req-5af49df3-4211-4460-b4a6-7cc4e73a5446 None None] Getting OvsdbNbOvnIdl for WorkerService with retry
May 09 14:05:42.202101 np0000173178 devstack@neutron-api.service[103380]: DEBUG ovsdbapp.backend.ovs_idl [None req-f3d88970-3424-4a16-bfb8-37270fc1e00b None None] Created lookup_table index Logical_Switch.name {{(pid=103380) autocreate_indices /opt/stack/data/venv/lib/python3.12/site-packages/ovsdbapp/backend/ovs_idl/__init__.py:87}}
May 09 14:05:42.202191 np0000173178 devstack@neutron-api.service[103380]: DEBUG ovsdbapp.backend.ovs_idl [None req-f3d88970-3424-4a16-bfb8-37270fc1e00b None None] Created lookup_table index Logical_Router.name {{(pid=103380) autocreate_indices /opt/stack/data/venv/lib/python3.12/site-packages/ovsdbapp/backend/ovs_idl/__init__.py:87}}
May 09 14:05:42.202284 np0000173178 devstack@neutron-api.service[103380]: DEBUG ovsdbapp.backend.ovs_idl [None req-f3d88970-3424-4a16-bfb8-37270fc1e00b None None] Created lookup_table index Load_Balancer.name {{(pid=103380) autocreate_indices /opt/stack/data/venv/lib/python3.12/site-packages/ovsdbapp/backend/ovs_idl/__init__.py:87}}
May 09 14:05:42.202432 np0000173178 devstack@neutron-api.service[103380]: DEBUG ovsdbapp.backend.ovs_idl [None req-f3d88970-3424-4a16-bfb8-37270fc1e00b None None] Created schema index Copp.name {{(pid=103380) autocreate_indices /opt/stack/data/venv/lib/python3.12/site-packages/ovsdbapp/backend/ovs_idl/__init__.py:106}}
May 09 14:05:42.202523 np0000173178 devstack@neutron-api.service[103380]: DEBUG ovsdbapp.backend.ovs_idl [None req-f3d88970-3424-4a16-bfb8-37270fc1e00b None None] Created schema index Meter.name {{(pid=103380) autocreate_indices /opt/stack/data/venv/lib/python3.12/site-packages/ovsdbapp/backend/ovs_idl/__init__.py:106}}
May 09 14:05:42.202612 np0000173178 devstack@neutron-api.service[103380]: DEBUG ovsdbapp.backend.ovs_idl [None req-f3d88970-3424-4a16-bfb8-37270fc1e00b None None] Created schema index Load_Balancer_Group.name {{(pid=103380) autocreate_indices /opt/stack/data/venv/lib/python3.12/site-packages/ovsdbapp/backend/ovs_idl/__init__.py:106}}
May 09 14:05:42.202711 np0000173178 devstack@neutron-api.service[103380]: DEBUG ovsdbapp.backend.ovs_idl [None req-f3d88970-3424-4a16-bfb8-37270fc1e00b None None] Created schema index HA_Chassis_Group.name {{(pid=103380) autocreate_indices /opt/stack/data/venv/lib/python3.12/site-packages/ovsdbapp/backend/ovs_idl/__init__.py:106}}
May 09 14:05:42.202791 np0000173178 devstack@neutron-api.service[103380]: DEBUG ovsdbapp.backend.ovs_idl [None req-f3d88970-3424-4a16-bfb8-37270fc1e00b None None] Created schema index Address_Set.name {{(pid=103380) autocreate_indices /opt/stack/data/venv/lib/python3.12/site-packages/ovsdbapp/backend/ovs_idl/__init__.py:106}}
May 09 14:05:42.202890 np0000173178 devstack@neutron-api.service[103380]: DEBUG ovsdbapp.backend.ovs_idl [None req-f3d88970-3424-4a16-bfb8-37270fc1e00b None None] Created schema index Connection.target {{(pid=103380) autocreate_indices /opt/stack/data/venv/lib/python3.12/site-packages/ovsdbapp/backend/ovs_idl/__init__.py:106}}
May 09 14:05:42.202981 np0000173178 devstack@neutron-api.service[103380]: DEBUG ovsdbapp.backend.ovs_idl [None req-f3d88970-3424-4a16-bfb8-37270fc1e00b None None] Created schema index Gateway_Chassis.name {{(pid=103380) autocreate_indices /opt/stack/data/venv/lib/python3.12/site-packages/ovsdbapp/backend/ovs_idl/__init__.py:106}}
May 09 14:05:42.203137 np0000173178 devstack@neutron-api.service[103380]: DEBUG ovsdbapp.backend.ovs_idl [None req-f3d88970-3424-4a16-bfb8-37270fc1e00b None None] Created schema index Mirror.name {{(pid=103380) autocreate_indices /opt/stack/data/venv/lib/python3.12/site-packages/ovsdbapp/backend/ovs_idl/__init__.py:106}}
May 09 14:05:42.203245 np0000173178 devstack@neutron-api.service[103380]: DEBUG ovsdbapp.backend.ovs_idl [None req-f3d88970-3424-4a16-bfb8-37270fc1e00b None None] Created schema index Chassis_Template_Var.chassis {{(pid=103380) autocreate_indices /opt/stack/data/venv/lib/python3.12/site-packages/ovsdbapp/backend/ovs_idl/__init__.py:106}}
May 09 14:05:42.203364 np0000173178 devstack@neutron-api.service[103380]: DEBUG ovsdbapp.backend.ovs_idl [None req-f3d88970-3424-4a16-bfb8-37270fc1e00b None None] Created schema index Logical_Router_Port.name {{(pid=103380) autocreate_indices /opt/stack/data/venv/lib/python3.12/site-packages/ovsdbapp/backend/ovs_idl/__init__.py:106}}
May 09 14:05:42.203484 np0000173178 devstack@neutron-api.service[103380]: DEBUG ovsdbapp.backend.ovs_idl [None req-f3d88970-3424-4a16-bfb8-37270fc1e00b None None] Created schema index Port_Group.name {{(pid=103380) autocreate_indices /opt/stack/data/venv/lib/python3.12/site-packages/ovsdbapp/backend/ovs_idl/__init__.py:106}}
May 09 14:05:42.203613 np0000173178 devstack@neutron-api.service[103380]: DEBUG ovsdbapp.backend.ovs_idl [None req-f3d88970-3424-4a16-bfb8-37270fc1e00b None None] Created schema index Logical_Switch_Port.name {{(pid=103380) autocreate_indices /opt/stack/data/venv/lib/python3.12/site-packages/ovsdbapp/backend/ovs_idl/__init__.py:106}}
May 09 14:05:42.206653 np0000173178 devstack@neutron-api.service[103380]: INFO ovsdbapp.backend.ovs_idl.vlog [None req-f3d88970-3424-4a16-bfb8-37270fc1e00b None None] ssl:199.204.45.77:6641: connecting...
May 09 14:05:42.213171 np0000173178 devstack@neutron-api.service[103380]: INFO ovsdbapp.backend.ovs_idl.vlog [None req-f3d88970-3424-4a16-bfb8-37270fc1e00b None None] ssl:199.204.45.77:6641: connected
May 09 14:05:42.224918 np0000173178 devstack@neutron-api.service[103382]: DEBUG ovsdbapp.backend.ovs_idl [None req-5af49df3-4211-4460-b4a6-7cc4e73a5446 None None] Created lookup_table index Logical_Switch.name {{(pid=103382) autocreate_indices /opt/stack/data/venv/lib/python3.12/site-packages/ovsdbapp/backend/ovs_idl/__init__.py:87}}
May 09 14:05:42.225073 np0000173178 devstack@neutron-api.service[103382]: DEBUG ovsdbapp.backend.ovs_idl [None req-5af49df3-4211-4460-b4a6-7cc4e73a5446 None None] Created lookup_table index Logical_Router.name {{(pid=103382) autocreate_indices /opt/stack/data/venv/lib/python3.12/site-packages/ovsdbapp/backend/ovs_idl/__init__.py:87}}
May 09 14:05:42.225217 np0000173178 devstack@neutron-api.service[103382]: DEBUG ovsdbapp.backend.ovs_idl [None req-5af49df3-4211-4460-b4a6-7cc4e73a5446 None None] Created lookup_table index Load_Balancer.name {{(pid=103382) autocreate_indices /opt/stack/data/venv/lib/python3.12/site-packages/ovsdbapp/backend/ovs_idl/__init__.py:87}}
May 09 14:05:42.225365 np0000173178 devstack@neutron-api.service[103382]: DEBUG ovsdbapp.backend.ovs_idl [None req-5af49df3-4211-4460-b4a6-7cc4e73a5446 None None] Created schema index Copp.name {{(pid=103382) autocreate_indices /opt/stack/data/venv/lib/python3.12/site-packages/ovsdbapp/backend/ovs_idl/__init__.py:106}}
May 09 14:05:42.225502 np0000173178 devstack@neutron-api.service[103382]: DEBUG ovsdbapp.backend.ovs_idl [None req-5af49df3-4211-4460-b4a6-7cc4e73a5446 None None] Created schema index Meter.name {{(pid=103382) autocreate_indices /opt/stack/data/venv/lib/python3.12/site-packages/ovsdbapp/backend/ovs_idl/__init__.py:106}}
May 09 14:05:42.225626 np0000173178 devstack@neutron-api.service[103382]: DEBUG ovsdbapp.backend.ovs_idl [None req-5af49df3-4211-4460-b4a6-7cc4e73a5446 None None] Created schema index Load_Balancer_Group.name {{(pid=103382) autocreate_indices /opt/stack/data/venv/lib/python3.12/site-packages/ovsdbapp/backend/ovs_idl/__init__.py:106}}
May 09 14:05:42.225752 np0000173178 devstack@neutron-api.service[103382]: DEBUG ovsdbapp.backend.ovs_idl [None req-5af49df3-4211-4460-b4a6-7cc4e73a5446 None None] Created schema index HA_Chassis_Group.name {{(pid=103382) autocreate_indices /opt/stack/data/venv/lib/python3.12/site-packages/ovsdbapp/backend/ovs_idl/__init__.py:106}}
May 09 14:05:42.225883 np0000173178 devstack@neutron-api.service[103382]: DEBUG ovsdbapp.backend.ovs_idl [None req-5af49df3-4211-4460-b4a6-7cc4e73a5446 None None] Created schema index Address_Set.name {{(pid=103382) autocreate_indices /opt/stack/data/venv/lib/python3.12/site-packages/ovsdbapp/backend/ovs_idl/__init__.py:106}}
May 09 14:05:42.226017 np0000173178 devstack@neutron-api.service[103382]: DEBUG ovsdbapp.backend.ovs_idl [None req-5af49df3-4211-4460-b4a6-7cc4e73a5446 None None] Created schema index Connection.target {{(pid=103382) autocreate_indices /opt/stack/data/venv/lib/python3.12/site-packages/ovsdbapp/backend/ovs_idl/__init__.py:106}}
May 09 14:05:42.226169 np0000173178 devstack@neutron-api.service[103382]: DEBUG ovsdbapp.backend.ovs_idl [None req-5af49df3-4211-4460-b4a6-7cc4e73a5446 None None] Created schema index Gateway_Chassis.name {{(pid=103382) autocreate_indices /opt/stack/data/venv/lib/python3.12/site-packages/ovsdbapp/backend/ovs_idl/__init__.py:106}}
May 09 14:05:42.226296 np0000173178 devstack@neutron-api.service[103382]: DEBUG ovsdbapp.backend.ovs_idl [None req-5af49df3-4211-4460-b4a6-7cc4e73a5446 None None] Created schema index Mirror.name {{(pid=103382) autocreate_indices /opt/stack/data/venv/lib/python3.12/site-packages/ovsdbapp/backend/ovs_idl/__init__.py:106}}
May 09 14:05:42.226481 np0000173178 devstack@neutron-api.service[103382]: DEBUG ovsdbapp.backend.ovs_idl [None req-5af49df3-4211-4460-b4a6-7cc4e73a5446 None None] Created schema index Chassis_Template_Var.chassis {{(pid=103382) autocreate_indices /opt/stack/data/venv/lib/python3.12/site-packages/ovsdbapp/backend/ovs_idl/__init__.py:106}}
May 09 14:05:42.226609 np0000173178 devstack@neutron-api.service[103382]: DEBUG ovsdbapp.backend.ovs_idl [None req-5af49df3-4211-4460-b4a6-7cc4e73a5446 None None] Created schema index Logical_Router_Port.name {{(pid=103382) autocreate_indices /opt/stack/data/venv/lib/python3.12/site-packages/ovsdbapp/backend/ovs_idl/__init__.py:106}}
May 09 14:05:42.226743 np0000173178 devstack@neutron-api.service[103382]: DEBUG ovsdbapp.backend.ovs_idl [None req-5af49df3-4211-4460-b4a6-7cc4e73a5446 None None] Created schema index Port_Group.name {{(pid=103382) autocreate_indices /opt/stack/data/venv/lib/python3.12/site-packages/ovsdbapp/backend/ovs_idl/__init__.py:106}}
May 09 14:05:42.226869 np0000173178 devstack@neutron-api.service[103382]: DEBUG ovsdbapp.backend.ovs_idl [None req-5af49df3-4211-4460-b4a6-7cc4e73a5446 None None] Created schema index Logical_Switch_Port.name {{(pid=103382) autocreate_indices /opt/stack/data/venv/lib/python3.12/site-packages/ovsdbapp/backend/ovs_idl/__init__.py:106}}
May 09 14:05:42.229484 np0000173178 devstack@neutron-api.service[103382]: INFO ovsdbapp.backend.ovs_idl.vlog [None req-5af49df3-4211-4460-b4a6-7cc4e73a5446 None None] ssl:199.204.45.77:6641: connecting...
May 09 14:05:42.234846 np0000173178 devstack@neutron-api.service[103382]: INFO ovsdbapp.backend.ovs_idl.vlog [None req-5af49df3-4211-4460-b4a6-7cc4e73a5446 None None] ssl:199.204.45.77:6641: connected
May 09 14:05:42.242907 np0000173178 devstack@neutron-api.service[103380]: DEBUG neutron.common.ovn.hash_ring_manager [None req-f3d88970-3424-4a16-bfb8-37270fc1e00b None None] Disallow caching, nodes 3<4 {{(pid=103380) _wait_startup_before_caching /opt/stack/neutron/neutron/common/ovn/hash_ring_manager.py:72}}
May 09 14:05:42.246929 np0000173178 devstack@neutron-api.service[103380]: DEBUG neutron.common.ovn.hash_ring_manager [None req-f3d88970-3424-4a16-bfb8-37270fc1e00b None None] Hash Ring loaded. 3 active nodes. 0 offline nodes {{(pid=103380) _load_hash_ring /opt/stack/neutron/neutron/common/ovn/hash_ring_manager.py:102}}
May 09 14:05:42.251581 np0000173178 devstack@neutron-api.service[103380]: DEBUG neutron.common.ovn.hash_ring_manager [None req-f3d88970-3424-4a16-bfb8-37270fc1e00b None None] Hash Ring loaded. 3 active nodes. 0 offline nodes {{(pid=103380) _load_hash_ring /opt/stack/neutron/neutron/common/ovn/hash_ring_manager.py:102}}
May 09 14:05:42.256140 np0000173178 devstack@neutron-api.service[103380]: DEBUG neutron.common.ovn.hash_ring_manager [None req-f3d88970-3424-4a16-bfb8-37270fc1e00b None None] Hash Ring loaded. 3 active nodes. 0 offline nodes {{(pid=103380) _load_hash_ring /opt/stack/neutron/neutron/common/ovn/hash_ring_manager.py:102}}
May 09 14:05:42.260965 np0000173178 devstack@neutron-api.service[103380]: DEBUG neutron.common.ovn.hash_ring_manager [None req-f3d88970-3424-4a16-bfb8-37270fc1e00b None None] Hash Ring loaded. 3 active nodes. 0 offline nodes {{(pid=103380) _load_hash_ring /opt/stack/neutron/neutron/common/ovn/hash_ring_manager.py:102}}
May 09 14:05:42.260965 np0000173178 devstack@neutron-api.service[103380]: DEBUG neutron.plugins.ml2.drivers.ovn.mech_driver.ovsdb.ovsdb_monitor [None req-f3d88970-3424-4a16-bfb8-37270fc1e00b None None] Hash Ring: Node c162c9086c8d525ca0ed719c3750474d (host: np0000173178) handling event "create" for row 8a7452fb-a16f-40a4-a63e-c6ec6cf7d0cd (table: NB_Global) {{(pid=103380) notify /opt/stack/neutron/neutron/plugins/ml2/drivers/ovn/mech_driver/ovsdb/ovsdb_monitor.py:942}}
May 09 14:05:42.265394 np0000173178 devstack@neutron-api.service[103380]: DEBUG neutron.common.ovn.hash_ring_manager [None req-f3d88970-3424-4a16-bfb8-37270fc1e00b None None] Hash Ring loaded. 3 active nodes. 0 offline nodes {{(pid=103380) _load_hash_ring /opt/stack/neutron/neutron/common/ovn/hash_ring_manager.py:102}}
May 09 14:05:42.265519 np0000173178 devstack@neutron-api.service[103380]: DEBUG neutron.plugins.ml2.drivers.ovn.mech_driver.ovsdb.ovsdb_monitor [None req-f3d88970-3424-4a16-bfb8-37270fc1e00b None None] Hash Ring: Node c162c9086c8d525ca0ed719c3750474d (host: np0000173178) handling event "create" for row cd0f7b02-96ac-4d18-b98d-06b5fe24d97f (table: Port_Group) {{(pid=103380) notify /opt/stack/neutron/neutron/plugins/ml2/drivers/ovn/mech_driver/ovsdb/ovsdb_monitor.py:942}}
May 09 14:05:42.267584 np0000173178 devstack@neutron-api.service[103382]: DEBUG neutron.common.ovn.hash_ring_manager [None req-5af49df3-4211-4460-b4a6-7cc4e73a5446 None None] Disallow caching, nodes 3<4 {{(pid=103382) _wait_startup_before_caching /opt/stack/neutron/neutron/common/ovn/hash_ring_manager.py:72}}
May 09 14:05:42.269965 np0000173178 devstack@neutron-api.service[103380]: DEBUG neutron.common.ovn.hash_ring_manager [None req-f3d88970-3424-4a16-bfb8-37270fc1e00b None None] Hash Ring loaded. 3 active nodes. 0 offline nodes {{(pid=103380) _load_hash_ring /opt/stack/neutron/neutron/common/ovn/hash_ring_manager.py:102}}
May 09 14:05:42.270827 np0000173178 devstack@neutron-api.service[103380]: INFO neutron.plugins.ml2.drivers.ovn.mech_driver.ovsdb.impl_idl_ovn [None req-f3d88970-3424-4a16-bfb8-37270fc1e00b None None] Getting OvsdbSbOvnIdl for WorkerService with retry
May 09 14:05:42.273520 np0000173178 devstack@neutron-api.service[103382]: DEBUG neutron.common.ovn.hash_ring_manager [None req-5af49df3-4211-4460-b4a6-7cc4e73a5446 None None] Hash Ring loaded. 3 active nodes. 0 offline nodes {{(pid=103382) _load_hash_ring /opt/stack/neutron/neutron/common/ovn/hash_ring_manager.py:102}}
May 09 14:05:42.279237 np0000173178 devstack@neutron-api.service[103382]: DEBUG neutron.common.ovn.hash_ring_manager [None req-5af49df3-4211-4460-b4a6-7cc4e73a5446 None None] Hash Ring loaded. 3 active nodes. 0 offline nodes {{(pid=103382) _load_hash_ring /opt/stack/neutron/neutron/common/ovn/hash_ring_manager.py:102}}
May 09 14:05:42.284762 np0000173178 devstack@neutron-api.service[103382]: DEBUG neutron.common.ovn.hash_ring_manager [None req-5af49df3-4211-4460-b4a6-7cc4e73a5446 None None] Hash Ring loaded. 3 active nodes. 0 offline nodes {{(pid=103382) _load_hash_ring /opt/stack/neutron/neutron/common/ovn/hash_ring_manager.py:102}}
May 09 14:05:42.284903 np0000173178 devstack@neutron-api.service[103382]: DEBUG neutron.plugins.ml2.drivers.ovn.mech_driver.ovsdb.ovsdb_monitor [None req-5af49df3-4211-4460-b4a6-7cc4e73a5446 None None] Hash Ring: Node d6895f815f025682b133d056549c3d37 (host: np0000173178) handling event "create" for row a58c2aed-a443-4b8f-8c36-4496324759fb (table: Connection) {{(pid=103382) notify /opt/stack/neutron/neutron/plugins/ml2/drivers/ovn/mech_driver/ovsdb/ovsdb_monitor.py:942}}
May 09 14:05:42.290813 np0000173178 devstack@neutron-api.service[103382]: DEBUG neutron.common.ovn.hash_ring_manager [None req-5af49df3-4211-4460-b4a6-7cc4e73a5446 None None] Hash Ring loaded. 3 active nodes. 0 offline nodes {{(pid=103382) _load_hash_ring /opt/stack/neutron/neutron/common/ovn/hash_ring_manager.py:102}}
May 09 14:05:42.296540 np0000173178 devstack@neutron-api.service[103382]: DEBUG neutron.common.ovn.hash_ring_manager [None req-5af49df3-4211-4460-b4a6-7cc4e73a5446 None None] Hash Ring loaded. 3 active nodes. 0 offline nodes {{(pid=103382) _load_hash_ring /opt/stack/neutron/neutron/common/ovn/hash_ring_manager.py:102}}
May 09 14:05:42.301076 np0000173178 devstack@neutron-api.service[103380]: DEBUG ovsdbapp.backend.ovs_idl [None req-f3d88970-3424-4a16-bfb8-37270fc1e00b None None] Created lookup_table index Chassis.name {{(pid=103380) autocreate_indices /opt/stack/data/venv/lib/python3.12/site-packages/ovsdbapp/backend/ovs_idl/__init__.py:87}}
May 09 14:05:42.301181 np0000173178 devstack@neutron-api.service[103380]: DEBUG ovsdbapp.backend.ovs_idl [None req-f3d88970-3424-4a16-bfb8-37270fc1e00b None None] Created lookup_table index Port_Binding.logical_port {{(pid=103380) autocreate_indices /opt/stack/data/venv/lib/python3.12/site-packages/ovsdbapp/backend/ovs_idl/__init__.py:87}}
May 09 14:05:42.301271 np0000173178 devstack@neutron-api.service[103380]: DEBUG ovsdbapp.backend.ovs_idl [None req-f3d88970-3424-4a16-bfb8-37270fc1e00b None None] Created schema index Chassis_Private.name {{(pid=103380) autocreate_indices /opt/stack/data/venv/lib/python3.12/site-packages/ovsdbapp/backend/ovs_idl/__init__.py:106}}
May 09 14:05:42.301363 np0000173178 devstack@neutron-api.service[103380]: DEBUG ovsdbapp.backend.ovs_idl [None req-f3d88970-3424-4a16-bfb8-37270fc1e00b None None] Created schema index Datapath_Binding.tunnel_key {{(pid=103380) autocreate_indices /opt/stack/data/venv/lib/python3.12/site-packages/ovsdbapp/backend/ovs_idl/__init__.py:106}}
May 09 14:05:42.301872 np0000173178 devstack@neutron-api.service[103382]: DEBUG neutron.common.ovn.hash_ring_manager [None req-5af49df3-4211-4460-b4a6-7cc4e73a5446 None None] Hash Ring loaded. 3 active nodes. 0 offline nodes {{(pid=103382) _load_hash_ring /opt/stack/neutron/neutron/common/ovn/hash_ring_manager.py:102}}
May 09 14:05:42.302013 np0000173178 devstack@neutron-api.service[103382]: DEBUG neutron.plugins.ml2.drivers.ovn.mech_driver.ovsdb.ovsdb_monitor [None req-5af49df3-4211-4460-b4a6-7cc4e73a5446 None None] Hash Ring: Node d6895f815f025682b133d056549c3d37 (host: np0000173178) handling event "create" for row 7afb69da-5542-4c57-886f-7229f17a8e6b (table: SSL) {{(pid=103382) notify /opt/stack/neutron/neutron/plugins/ml2/drivers/ovn/mech_driver/ovsdb/ovsdb_monitor.py:942}}
May 09 14:05:42.302935 np0000173178 devstack@neutron-api.service[103382]: INFO neutron.plugins.ml2.drivers.ovn.mech_driver.ovsdb.impl_idl_ovn [None req-5af49df3-4211-4460-b4a6-7cc4e73a5446 None None] Getting OvsdbSbOvnIdl for WorkerService with retry
May 09 14:05:42.303562 np0000173178 devstack@neutron-api.service[103380]: INFO ovsdbapp.backend.ovs_idl.vlog [None req-f3d88970-3424-4a16-bfb8-37270fc1e00b None None] ssl:199.204.45.77:6642: connecting...
May 09 14:05:42.310709 np0000173178 devstack@neutron-api.service[103380]: INFO ovsdbapp.backend.ovs_idl.vlog [None req-f3d88970-3424-4a16-bfb8-37270fc1e00b None None] ssl:199.204.45.77:6642: connected
May 09 14:05:42.335333 np0000173178 devstack@neutron-api.service[103382]: DEBUG ovsdbapp.backend.ovs_idl [None req-5af49df3-4211-4460-b4a6-7cc4e73a5446 None None] Created lookup_table index Chassis.name {{(pid=103382) autocreate_indices /opt/stack/data/venv/lib/python3.12/site-packages/ovsdbapp/backend/ovs_idl/__init__.py:87}}
May 09 14:05:42.335486 np0000173178 devstack@neutron-api.service[103382]: DEBUG ovsdbapp.backend.ovs_idl [None req-5af49df3-4211-4460-b4a6-7cc4e73a5446 None None] Created lookup_table index Port_Binding.logical_port {{(pid=103382) autocreate_indices /opt/stack/data/venv/lib/python3.12/site-packages/ovsdbapp/backend/ovs_idl/__init__.py:87}}
May 09 14:05:42.335486 np0000173178 devstack@neutron-api.service[103382]: DEBUG ovsdbapp.backend.ovs_idl [None req-5af49df3-4211-4460-b4a6-7cc4e73a5446 None None] Created schema index Chassis_Private.name {{(pid=103382) autocreate_indices /opt/stack/data/venv/lib/python3.12/site-packages/ovsdbapp/backend/ovs_idl/__init__.py:106}}
May 09 14:05:42.335593 np0000173178 devstack@neutron-api.service[103382]: DEBUG ovsdbapp.backend.ovs_idl [None req-5af49df3-4211-4460-b4a6-7cc4e73a5446 None None] Created schema index Datapath_Binding.tunnel_key {{(pid=103382) autocreate_indices /opt/stack/data/venv/lib/python3.12/site-packages/ovsdbapp/backend/ovs_idl/__init__.py:106}}
May 09 14:05:42.337453 np0000173178 devstack@neutron-api.service[103382]: INFO ovsdbapp.backend.ovs_idl.vlog [None req-5af49df3-4211-4460-b4a6-7cc4e73a5446 None None] ssl:199.204.45.77:6642: connecting...
May 09 14:05:42.341321 np0000173178 devstack@neutron-api.service[103382]: INFO ovsdbapp.backend.ovs_idl.vlog [None req-5af49df3-4211-4460-b4a6-7cc4e73a5446 None None] ssl:199.204.45.77:6642: connected
May 09 14:05:42.344866 np0000173178 devstack@neutron-api.service[103380]: DEBUG neutron.common.ovn.hash_ring_manager [None req-f3d88970-3424-4a16-bfb8-37270fc1e00b None None] Disallow caching, nodes 3<4 {{(pid=103380) _wait_startup_before_caching /opt/stack/neutron/neutron/common/ovn/hash_ring_manager.py:72}}
May 09 14:05:42.349502 np0000173178 devstack@neutron-api.service[103380]: DEBUG neutron.common.ovn.hash_ring_manager [None req-f3d88970-3424-4a16-bfb8-37270fc1e00b None None] Hash Ring loaded. 3 active nodes. 0 offline nodes {{(pid=103380) _load_hash_ring /opt/stack/neutron/neutron/common/ovn/hash_ring_manager.py:102}}
May 09 14:05:42.349740 np0000173178 devstack@neutron-api.service[103380]: DEBUG neutron.plugins.ml2.drivers.ovn.mech_driver.ovsdb.ovsdb_monitor [None req-f3d88970-3424-4a16-bfb8-37270fc1e00b None None] ChassisAgentWriteEvent : Matched Chassis_Private, create, None None {{(pid=103380) matches /opt/stack/neutron/neutron/plugins/ml2/drivers/ovn/mech_driver/ovsdb/ovsdb_monitor.py:64}}
May 09 14:05:42.349976 np0000173178 devstack@neutron-api.service[103380]: DEBUG neutron.plugins.ml2.drivers.ovn.mech_driver.ovsdb.ovsdb_monitor [None req-f3d88970-3424-4a16-bfb8-37270fc1e00b None None] ChassisOVNAgentWriteEvent : Matched Chassis_Private, create, None None {{(pid=103380) matches /opt/stack/neutron/neutron/plugins/ml2/drivers/ovn/mech_driver/ovsdb/ovsdb_monitor.py:64}}
May 09 14:05:42.354057 np0000173178 devstack@neutron-api.service[103383]: WARNING keystonemiddleware.auth_token [None req-d814428b-70ec-4ef0-bf51-dba34d192f26 None None] AuthToken middleware is set with keystone_authtoken.service_token_roles_required set to False. This is backwards compatible but deprecated behaviour. Please set this to True.
May 09 14:05:42.355942 np0000173178 devstack@neutron-api.service[103380]: DEBUG neutron.common.ovn.hash_ring_manager [None req-f3d88970-3424-4a16-bfb8-37270fc1e00b None None] Hash Ring loaded. 3 active nodes. 0 offline nodes {{(pid=103380) _load_hash_ring /opt/stack/neutron/neutron/common/ovn/hash_ring_manager.py:102}}
May 09 14:05:42.356110 np0000173178 devstack@neutron-api.service[103380]: DEBUG neutron.plugins.ml2.drivers.ovn.mech_driver.ovsdb.ovsdb_monitor [None req-f3d88970-3424-4a16-bfb8-37270fc1e00b None None] Hash Ring: Node c162c9086c8d525ca0ed719c3750474d (host: np0000173178) handling event "create" for row ad4f10f0-a78f-4270-bd36-05223d953039 (table: Chassis_Private) {{(pid=103380) notify /opt/stack/neutron/neutron/plugins/ml2/drivers/ovn/mech_driver/ovsdb/ovsdb_monitor.py:942}}
May 09 14:05:42.360963 np0000173178 devstack@neutron-api.service[103380]: DEBUG neutron.common.ovn.hash_ring_manager [None req-f3d88970-3424-4a16-bfb8-37270fc1e00b None None] Hash Ring loaded. 3 active nodes. 0 offline nodes {{(pid=103380) _load_hash_ring /opt/stack/neutron/neutron/common/ovn/hash_ring_manager.py:102}}
May 09 14:05:42.361156 np0000173178 devstack@neutron-api.service[103380]: DEBUG neutron.plugins.ml2.drivers.ovn.mech_driver.ovsdb.ovsdb_monitor [None req-f3d88970-3424-4a16-bfb8-37270fc1e00b None None] Hash Ring: Node c162c9086c8d525ca0ed719c3750474d (host: np0000173178) handling event "create" for row 86e9bcb1-4959-4630-b57f-a0dcffa6ace2 (table: Encap) {{(pid=103380) notify /opt/stack/neutron/neutron/plugins/ml2/drivers/ovn/mech_driver/ovsdb/ovsdb_monitor.py:942}}
