+ COMMAND=start + start + for KEYSTONE_WSGI_SCRIPT in keystone-wsgi-public ++ type -p keystone-wsgi-public + cp -a /var/lib/openstack/bin/keystone-wsgi-public /var/www/cgi-bin/keystone/ + '[' -f /etc/apache2/envvars ']' + source /etc/apache2/envvars ++ unset HOME ++ '[' '' '!=' '' ']' ++ SUFFIX= ++ export APACHE_RUN_USER=www-data ++ APACHE_RUN_USER=www-data ++ export APACHE_RUN_GROUP=www-data ++ APACHE_RUN_GROUP=www-data ++ export APACHE_PID_FILE=/var/run/apache2/apache2.pid ++ APACHE_PID_FILE=/var/run/apache2/apache2.pid ++ export APACHE_RUN_DIR=/var/run/apache2 ++ APACHE_RUN_DIR=/var/run/apache2 ++ export APACHE_LOCK_DIR=/var/lock/apache2 ++ APACHE_LOCK_DIR=/var/lock/apache2 ++ export APACHE_LOG_DIR=/var/log/apache2 ++ APACHE_LOG_DIR=/var/log/apache2 ++ export LANG=C ++ LANG=C ++ export LANG + '[' -f /var/run/apache2/apache2.pid ']' + exec apache2 -DFOREGROUND AH00558: apache2: Could not reliably determine the server's fully qualified domain name, using 10.0.0.231. Set the 'ServerName' directive globally to suppress this message AH00558: apache2: Could not reliably determine the server's fully qualified domain name, using 10.0.0.231. Set the 'ServerName' directive globally to suppress this message
[Fri Apr 24 21:06:06.421230 2026] [mpm_event:notice] [pid 1:tid 140090497517440] AH00489: Apache/2.4.58 (Ubuntu) mod_wsgi/5.0.0 Python/3.12 configured -- resuming normal operations
[Fri Apr 24 21:06:06.421365 2026] [core:notice] [pid 1:tid 140090497517440] AH00094: Command line: 'apache2 -D FOREGROUND'
[Fri Apr 24 21:07:06.033195 2026] [wsgi:error] [pid 11:tid 140089860744896] /var/lib/openstack/lib/python3.12/site-packages/oslo_utils/importutils.py:77: EventletDeprecationWarning:
[Fri Apr 24 21:07:06.033262 2026] [wsgi:error] [pid 11:tid 140089860744896] Eventlet is deprecated. It is currently being maintained in bugfix mode, and
[Fri Apr 24 21:07:06.033264 2026] [wsgi:error] [pid 11:tid 140089860744896] we strongly recommend against using it for new projects.
[Fri Apr 24 21:07:06.033265 2026] [wsgi:error] [pid 11:tid 140089860744896]
[Fri Apr 24 21:07:06.033266 2026] [wsgi:error] [pid 11:tid 140089860744896] If you are already using Eventlet, we recommend migrating to a different
[Fri Apr 24 21:07:06.033267 2026] [wsgi:error] [pid 11:tid 140089860744896] framework. For more detail see
[Fri Apr 24 21:07:06.033268 2026] [wsgi:error] [pid 11:tid 140089860744896] https://eventlet.readthedocs.io/en/latest/asyncio/migration.html
[Fri Apr 24 21:07:06.033269 2026] [wsgi:error] [pid 11:tid 140089860744896]
[Fri Apr 24 21:07:06.033270 2026] [wsgi:error] [pid 11:tid 140089860744896] __import__(import_str)
[Fri Apr 24 21:07:06.041575 2026] [wsgi:error] [pid 12:tid 140089860744896] /var/lib/openstack/lib/python3.12/site-packages/oslo_utils/importutils.py:77: EventletDeprecationWarning:
[Fri Apr 24 21:07:06.041646 2026] [wsgi:error] [pid 12:tid 140089860744896] Eventlet is deprecated. It is currently being maintained in bugfix mode, and
[Fri Apr 24 21:07:06.041648 2026] [wsgi:error] [pid 12:tid 140089860744896] we strongly recommend against using it for new projects.
[Fri Apr 24 21:07:06.041649 2026] [wsgi:error] [pid 12:tid 140089860744896]
[Fri Apr 24 21:07:06.041650 2026] [wsgi:error] [pid 12:tid 140089860744896] If you are already using Eventlet, we recommend migrating to a different
[Fri Apr 24 21:07:06.041651 2026] [wsgi:error] [pid 12:tid 140089860744896] framework. For more detail see
[Fri Apr 24 21:07:06.041653 2026] [wsgi:error] [pid 12:tid 140089860744896] https://eventlet.readthedocs.io/en/latest/asyncio/migration.html
[Fri Apr 24 21:07:06.041654 2026] [wsgi:error] [pid 12:tid 140089860744896]
[Fri Apr 24 21:07:06.041655 2026] [wsgi:error] [pid 12:tid 140089860744896] __import__(import_str) 10.0.0.236 - - [24/Apr/2026:21:07:05 +0000] "GET /v3/ HTTP/1.1" 200 250 10.0.0.236 - - [24/Apr/2026:21:07:05 +0000] "GET /v3/ HTTP/1.1" 200 250
[Fri Apr 24 21:07:11.502234 2026] [wsgi:error] [pid 9:tid 140089860744896] /var/lib/openstack/lib/python3.12/site-packages/oslo_utils/importutils.py:77: EventletDeprecationWarning:
[Fri Apr 24 21:07:11.502275 2026] [wsgi:error] [pid 9:tid 140089860744896] Eventlet is deprecated. It is currently being maintained in bugfix mode, and
[Fri Apr 24 21:07:11.502277 2026] [wsgi:error] [pid 9:tid 140089860744896] we strongly recommend against using it for new projects.
[Fri Apr 24 21:07:11.502279 2026] [wsgi:error] [pid 9:tid 140089860744896]
[Fri Apr 24 21:07:11.502280 2026] [wsgi:error] [pid 9:tid 140089860744896] If you are already using Eventlet, we recommend migrating to a different
[Fri Apr 24 21:07:11.502281 2026] [wsgi:error] [pid 9:tid 140089860744896] framework. For more detail see
[Fri Apr 24 21:07:11.502282 2026] [wsgi:error] [pid 9:tid 140089860744896] https://eventlet.readthedocs.io/en/latest/asyncio/migration.html
[Fri Apr 24 21:07:11.502284 2026] [wsgi:error] [pid 9:tid 140089860744896]
[Fri Apr 24 21:07:11.502285 2026] [wsgi:error] [pid 9:tid 140089860744896] __import__(import_str) 10.0.0.236 - - [24/Apr/2026:21:07:10 +0000] "GET /v3/ HTTP/1.1" 200 250
[Fri Apr 24 21:07:18.971164 2026] [wsgi:error] [pid 10:tid 140089860744896] /var/lib/openstack/lib/python3.12/site-packages/oslo_utils/importutils.py:77: EventletDeprecationWarning:
[Fri Apr 24 21:07:18.971202 2026] [wsgi:error] [pid 10:tid 140089860744896] Eventlet is deprecated. It is currently being maintained in bugfix mode, and
[Fri Apr 24 21:07:18.971204 2026] [wsgi:error] [pid 10:tid 140089860744896] we strongly recommend against using it for new projects.
[Fri Apr 24 21:07:18.971205 2026] [wsgi:error] [pid 10:tid 140089860744896]
[Fri Apr 24 21:07:18.971207 2026] [wsgi:error] [pid 10:tid 140089860744896] If you are already using Eventlet, we recommend migrating to a different
[Fri Apr 24 21:07:18.971208 2026] [wsgi:error] [pid 10:tid 140089860744896] framework. For more detail see
[Fri Apr 24 21:07:18.971209 2026] [wsgi:error] [pid 10:tid 140089860744896] https://eventlet.readthedocs.io/en/latest/asyncio/migration.html
[Fri Apr 24 21:07:18.971210 2026] [wsgi:error] [pid 10:tid 140089860744896]
[Fri Apr 24 21:07:18.971211 2026] [wsgi:error] [pid 10:tid 140089860744896] __import__(import_str) 10.0.0.83 - - [24/Apr/2026:21:07:18 +0000] "GET / HTTP/1.1" 300 295
[Fri Apr 24 21:07:23.473515 2026] [wsgi:error] [pid 11:tid 140089860744896] [remote 10.0.0.83:57556] 2026-04-24 21:07:23.469 11 WARNING keystone.identity.core [None req-bcd47e6e-dff0-4ce7-acac-aab603e1dabc - - - - - -] Invalid domain name (atmosphere) found in config file name: keystone.exception.DomainNotFound: Could not find domain: atmosphere.
[Fri Apr 24 21:07:23.531846 2026] [wsgi:error] [pid 11:tid 140089860744896] [remote 10.0.0.83:57556] 2026-04-24 21:07:23.530 11 WARNING keystone.common.password_hashing [None req-bcd47e6e-dff0-4ce7-acac-aab603e1dabc - - - - - -] Truncating password to algorithm specific maximum length 72 characters.
[Fri Apr 24 21:07:23.823632 2026] [wsgi:error] [pid 11:tid 140089860744896] [remote 10.0.0.83:57556] 2026-04-24 21:07:23.823 11 WARNING keystone.common.fernet_utils [None req-bcd47e6e-dff0-4ce7-acac-aab603e1dabc - - - - - -] key_repository is world readable: /etc/keystone/fernet-keys/ 10.0.0.83 - - [24/Apr/2026:21:07:23 +0000] "POST /v3/auth/tokens HTTP/1.1" 201 1359
[Fri Apr 24 21:07:24.153808 2026] [wsgi:error] [pid 12:tid 140089860744896] [remote 10.0.0.83:57556] 2026-04-24 21:07:24.151 12 WARNING keystone.identity.core [None req-bf815fba-4f9b-46c8-9827-e994da358ea6 - - - - - -] Invalid domain name (atmosphere) found in config file name: keystone.exception.DomainNotFound: Could not find domain: atmosphere. 10.0.0.83 - - [24/Apr/2026:21:07:24 +0000] "POST /v3/domains HTTP/1.1" 201 261 10.0.0.77 - - [24/Apr/2026:21:07:35 +0000] "GET / HTTP/1.1" 300 295
[Fri Apr 24 21:07:35.600136 2026] [wsgi:error] [pid 10:tid 140089860744896] [remote 10.0.0.77:38366] 2026-04-24 21:07:35.599 10 WARNING keystone.common.password_hashing [None req-594b4f29-aaa9-4cc7-9077-03df0c3c25f8 - - - - - -] Truncating password to algorithm specific maximum length 72 characters.
[Fri Apr 24 21:07:35.891631 2026] [wsgi:error] [pid 10:tid 140089860744896] [remote 10.0.0.77:38366] 2026-04-24 21:07:35.891 10 WARNING keystone.common.fernet_utils [None req-594b4f29-aaa9-4cc7-9077-03df0c3c25f8 - - - - - -] key_repository is world readable: /etc/keystone/fernet-keys/ 10.0.0.77 - - [24/Apr/2026:21:07:35 +0000] "POST /v3/auth/tokens HTTP/1.1" 201 1359 10.0.0.77 - - [24/Apr/2026:21:07:36 +0000] "GET /v3/roles/admin HTTP/1.1" 404 83
[Fri Apr 24 21:07:36.094607 2026] [wsgi:error] [pid 12:tid 140089860744896] [remote 10.0.0.77:38366] 2026-04-24 21:07:36.094 12 WARNING keystone.common.rbac_enforcer.enforcer [None req-e6595fcb-1a25-442a-a714-7a6780e8851e 221beeec3652454b962a7fcdd43569b5 17a8e1e8158b4fee9feda09cfb12d38f - - default default] Deprecated policy rules found. Use oslopolicy-policy-generator and oslopolicy-policy-upgrade to detect and resolve deprecated policies in your configuration. 10.0.0.77 - - [24/Apr/2026:21:07:36 +0000] "GET /v3/roles?name=admin HTTP/1.1" 200 389
[Fri Apr 24 21:07:36.441367 2026] [wsgi:error] [pid 9:tid 140089860744896] [remote 10.0.0.77:38366] 2026-04-24 21:07:36.441 9 WARNING keystone.common.rbac_enforcer.enforcer [None req-e02d8ac4-2fd3-420a-975b-4b6a083bd818 221beeec3652454b962a7fcdd43569b5 17a8e1e8158b4fee9feda09cfb12d38f - - default default] Deprecated policy rules found. Use oslopolicy-policy-generator and oslopolicy-policy-upgrade to detect and resolve deprecated policies in your configuration. 10.0.0.77 - - [24/Apr/2026:21:07:36 +0000] "GET /v3/users/admin-RegionOne HTTP/1.1" 404 93
[Fri Apr 24 21:07:36.590829 2026] [wsgi:error] [pid 10:tid 140089860744896] [remote 10.0.0.77:38366] 2026-04-24 21:07:36.590 10 WARNING keystone.common.rbac_enforcer.enforcer [None req-bed552fb-0cad-46ae-a43b-cbd6d6f3247e 221beeec3652454b962a7fcdd43569b5 17a8e1e8158b4fee9feda09cfb12d38f - - default default] Deprecated policy rules found. Use oslopolicy-policy-generator and oslopolicy-policy-upgrade to detect and resolve deprecated policies in your configuration. 10.0.0.77 - - [24/Apr/2026:21:07:36 +0000] "GET /v3/users?name=admin-RegionOne HTTP/1.1" 200 422
[Fri Apr 24 21:07:36.789871 2026] [wsgi:error] [pid 11:tid 140089860744896] [remote 10.0.0.77:38366] 2026-04-24 21:07:36.789 11 WARNING keystone.common.rbac_enforcer.enforcer [None req-3d052c47-d5e5-4391-8970-99f2f6d3a2a3 221beeec3652454b962a7fcdd43569b5 17a8e1e8158b4fee9feda09cfb12d38f - - default default] Deprecated policy rules found. Use oslopolicy-policy-generator and oslopolicy-policy-upgrade to detect and resolve deprecated policies in your configuration. 10.0.0.77 - - [24/Apr/2026:21:07:36 +0000] "GET /v3/domains/default HTTP/1.1" 200 224 10.0.0.77 - - [24/Apr/2026:21:07:36 +0000] "PUT /v3/domains/default/users/221beeec3652454b962a7fcdd43569b5/roles/d042b6ed7a03411082cfcd847a331088 HTTP/1.1" 204 - 10.0.0.236 - - [24/Apr/2026:21:07:46 +0000] "GET / HTTP/1.1" 300 280 10.0.0.236 - - [24/Apr/2026:21:07:48 +0000] "GET /v3 HTTP/1.1" 200 265
[Fri Apr 24 21:07:48.069215 2026] [wsgi:error] [pid 11:tid 140089860744896] [remote 10.0.0.236:46678] 2026-04-24 21:07:48.069 11 WARNING keystone.common.password_hashing [None req-e55418ae-4183-48ba-9e45-c31b8d94350b - - - - - -] Truncating password to algorithm specific maximum length 72 characters.
[Fri Apr 24 21:07:48.342580 2026] [wsgi:error] [pid 11:tid 140089860744896] [remote 10.0.0.236:46678] 2026-04-24 21:07:48.342 11 WARNING keystone.common.fernet_utils [None req-e55418ae-4183-48ba-9e45-c31b8d94350b - - - - - -] key_repository is world readable: /etc/keystone/fernet-keys/ 10.0.0.236 - - [24/Apr/2026:21:07:48 +0000] "POST /v3/auth/tokens HTTP/1.1" 201 1359 10.0.0.236 - - [24/Apr/2026:21:07:48 +0000] "GET / HTTP/1.1" 300 280 10.0.0.236 - - [24/Apr/2026:21:07:48 +0000] "GET /v3/domains/atmosphere HTTP/1.1" 404 90 10.0.0.236 - - [24/Apr/2026:21:07:48 +0000] "GET /v3/domains?name=atmosphere HTTP/1.1" 200 368 10.0.0.236 - - [24/Apr/2026:21:07:48 +0000] "GET /v3/domains/96ae300c36f247a49c3ce7a9e4a14eb6 HTTP/1.1" 200 246 10.0.0.236 - - [24/Apr/2026:21:07:49 +0000] "GET /v3 HTTP/1.1" 200 265
[Fri Apr 24 21:07:49.431411 2026] [wsgi:error] [pid 9:tid 140089860744896] [remote 10.0.0.236:46678] 2026-04-24 21:07:49.430 9 WARNING keystone.common.password_hashing [None req-c5bc17e5-8f67-4c97-81b0-5e11b0703156 - - - - - -] Truncating password to algorithm specific maximum length 72 characters.
[Fri Apr 24 21:07:49.703003 2026] [wsgi:error] [pid 9:tid 140089860744896] [remote 10.0.0.236:46678] 2026-04-24 21:07:49.702 9 WARNING keystone.common.fernet_utils [None req-c5bc17e5-8f67-4c97-81b0-5e11b0703156 - - - - - -] key_repository is world readable: /etc/keystone/fernet-keys/ 10.0.0.236 - - [24/Apr/2026:21:07:49 +0000] "POST /v3/auth/tokens HTTP/1.1" 201 1359 10.0.0.236 - - [24/Apr/2026:21:07:49 +0000] "GET / HTTP/1.1" 300 280 10.0.0.236 - - [24/Apr/2026:21:07:49 +0000] "GET /v3/OS-FEDERATION/identity_providers/atmosphere HTTP/1.1" 404 101 10.0.0.236 - - [24/Apr/2026:21:07:49 +0000] "GET /v3/OS-FEDERATION/identity_providers HTTP/1.1" 200 155 10.0.0.236 - - [24/Apr/2026:21:07:49 +0000] "PUT /v3/OS-FEDERATION/identity_providers/atmosphere HTTP/1.1" 201 340 10.0.0.236 - - [24/Apr/2026:21:07:50 +0000] "GET /v3 HTTP/1.1" 200 265
[Fri Apr 24 21:07:50.523572 2026] [wsgi:error] [pid 11:tid 140089860744896] [remote 10.0.0.236:46678] 2026-04-24 21:07:50.523 11 WARNING keystone.common.password_hashing [None req-1dc65f09-26ba-4a36-9120-84a927b0aca8 - - - - - -] Truncating password to algorithm specific maximum length 72 characters.
[Fri Apr 24 21:07:50.793534 2026] [wsgi:error] [pid 11:tid 140089860744896] [remote 10.0.0.236:46678] 2026-04-24 21:07:50.793 11 WARNING keystone.common.fernet_utils [None req-1dc65f09-26ba-4a36-9120-84a927b0aca8 - - - - - -] key_repository is world readable: /etc/keystone/fernet-keys/ 10.0.0.236 - - [24/Apr/2026:21:07:50 +0000] "POST /v3/auth/tokens HTTP/1.1" 201 1359 10.0.0.236 - - [24/Apr/2026:21:07:50 +0000] "GET / HTTP/1.1" 300 280 10.0.0.236 - - [24/Apr/2026:21:07:50 +0000] "GET /v3/OS-FEDERATION/mappings/atmosphere-openid HTTP/1.1" 404 98 10.0.0.236 - - [24/Apr/2026:21:07:50 +0000] "GET /v3/OS-FEDERATION/mappings HTTP/1.1" 200 135 10.0.0.236 - - [24/Apr/2026:21:07:50 +0000] "PUT /v3/OS-FEDERATION/mappings/atmosphere-openid HTTP/1.1" 201 356 10.0.0.236 - - [24/Apr/2026:21:07:51 +0000] "GET /v3 HTTP/1.1" 200 265
[Fri Apr 24 21:07:51.592854 2026] [wsgi:error] [pid 9:tid 140089860744896] [remote 10.0.0.236:46670] 2026-04-24 21:07:51.592 9 WARNING keystone.common.password_hashing [None req-c3329e22-98e5-4234-bd61-30f1bef81ad9 - - - - - -] Truncating password to algorithm specific maximum length 72 characters.
[Fri Apr 24 21:07:51.864743 2026] [wsgi:error] [pid 9:tid 140089860744896] [remote 10.0.0.236:46670] 2026-04-24 21:07:51.864 9 WARNING keystone.common.fernet_utils [None req-c3329e22-98e5-4234-bd61-30f1bef81ad9 - - - - - -] key_repository is world readable: /etc/keystone/fernet-keys/ 10.0.0.236 - - [24/Apr/2026:21:07:51 +0000] "POST /v3/auth/tokens HTTP/1.1" 201 1359 10.0.0.236 - - [24/Apr/2026:21:07:51 +0000] "GET / HTTP/1.1" 300 280 10.0.0.236 - - [24/Apr/2026:21:07:51 +0000] "GET /v3/OS-FEDERATION/identity_providers/atmosphere/protocols/openid?idp_id=atmosphere HTTP/1.1" 404 131 10.0.0.236 - - [24/Apr/2026:21:07:51 +0000] "GET /v3/OS-FEDERATION/identity_providers/atmosphere/protocols HTTP/1.1" 200 167 10.0.0.236 - - [24/Apr/2026:21:07:51 +0000] "PUT /v3/OS-FEDERATION/identity_providers/atmosphere/protocols/openid HTTP/1.1" 201 222 10.0.0.236 - - [24/Apr/2026:21:08:05 +0000] "GET /v3/ HTTP/1.1" 200 250 10.0.0.236 - - [24/Apr/2026:21:08:05 +0000] "GET /v3/ HTTP/1.1" 200 250 10.0.0.236 - - [24/Apr/2026:21:09:05 +0000] "GET /v3/ HTTP/1.1" 200 250 10.0.0.236 - - [24/Apr/2026:21:09:05 +0000] "GET /v3/ HTTP/1.1" 200 250 10.0.0.44 - - [24/Apr/2026:21:09:15 +0000] "GET / HTTP/1.1" 300 295
[Fri Apr 24 21:09:15.189833 2026] [wsgi:error] [pid 10:tid 140089860744896] [remote 10.0.0.44:39712] 2026-04-24 21:09:15.189 10 WARNING keystone.common.password_hashing [None req-896841ec-1661-4e85-8375-bd8f968b7321 - - - - - -] Truncating password to algorithm specific maximum length 72 characters.
[Fri Apr 24 21:09:15.468558 2026] [wsgi:error] [pid 10:tid 140089860744896] [remote 10.0.0.44:39712] 2026-04-24 21:09:15.468 10 WARNING keystone.common.fernet_utils [None req-896841ec-1661-4e85-8375-bd8f968b7321 - - - - - -] key_repository is world readable: /etc/keystone/fernet-keys/ 10.0.0.44 - - [24/Apr/2026:21:09:15 +0000] "POST /v3/auth/tokens HTTP/1.1" 201 1359 10.0.0.44 - - [24/Apr/2026:21:09:15 +0000] "GET /v3/services HTTP/1.1" 200 355 10.0.0.44 - - [24/Apr/2026:21:09:18 +0000] "GET / HTTP/1.1" 300 295
[Fri Apr 24 21:09:18.956567 2026] [wsgi:error] [pid 11:tid 140089860744896] [remote 10.0.0.44:52906] 2026-04-24 21:09:18.956 11 WARNING keystone.common.password_hashing [None req-20f5141d-4e98-4519-b164-ed8f4cf81b4b - - - - - -] Truncating password to algorithm specific maximum length 72 characters.
[Fri Apr 24 21:09:19.236224 2026] [wsgi:error] [pid 11:tid 140089860744896] [remote 10.0.0.44:52906] 2026-04-24 21:09:19.236 11 WARNING keystone.common.fernet_utils [None req-20f5141d-4e98-4519-b164-ed8f4cf81b4b - - - - - -] key_repository is world readable: /etc/keystone/fernet-keys/ 10.0.0.44 - - [24/Apr/2026:21:09:18 +0000] "POST /v3/auth/tokens HTTP/1.1" 201 1359 10.0.0.44 - - [24/Apr/2026:21:09:19 +0000] "GET /v3/services HTTP/1.1" 200 355 10.0.0.44 - - [24/Apr/2026:21:09:22 +0000] "GET / HTTP/1.1" 300 295
[Fri Apr 24 21:09:22.660111 2026] [wsgi:error] [pid 12:tid 140089860744896] [remote 10.0.0.44:52920] 2026-04-24 21:09:22.659 12 WARNING keystone.common.password_hashing [None req-59283542-f718-47e5-9a3a-96f3d531d681 - - - - - -] Truncating password to algorithm specific maximum length 72 characters.
[Fri Apr 24 21:09:22.937785 2026] [wsgi:error] [pid 12:tid 140089860744896] [remote 10.0.0.44:52920] 2026-04-24 21:09:22.937 12 WARNING keystone.common.fernet_utils [None req-59283542-f718-47e5-9a3a-96f3d531d681 - - - - - -] key_repository is world readable: /etc/keystone/fernet-keys/ 10.0.0.44 - - [24/Apr/2026:21:09:22 +0000] "POST /v3/auth/tokens HTTP/1.1" 201 1359 10.0.0.44 - - [24/Apr/2026:21:09:23 +0000] "GET /v3/services HTTP/1.1" 200 355 10.0.0.44 - - [24/Apr/2026:21:09:26 +0000] "GET / HTTP/1.1" 300 295
[Fri Apr 24 21:09:26.373050 2026] [wsgi:error] [pid 9:tid 140089860744896] [remote 10.0.0.44:52932] 2026-04-24 21:09:26.372 9 WARNING keystone.common.password_hashing [None req-4a7e4746-4340-428c-9b8f-f7485f0dfa6a - - - - - -] Truncating password to algorithm specific maximum length 72 characters.
[Fri Apr 24 21:09:26.646020 2026] [wsgi:error] [pid 9:tid 140089860744896] [remote 10.0.0.44:52932] 2026-04-24 21:09:26.645 9 WARNING keystone.common.fernet_utils [None req-4a7e4746-4340-428c-9b8f-f7485f0dfa6a - - - - - -] key_repository is world readable: /etc/keystone/fernet-keys/ 10.0.0.44 - - [24/Apr/2026:21:09:26 +0000] "POST /v3/auth/tokens HTTP/1.1" 201 1359 10.0.0.44 - - [24/Apr/2026:21:09:26 +0000] "POST /v3/services HTTP/1.1" 201 296 10.0.0.210 - - [24/Apr/2026:21:09:36 +0000] "GET / HTTP/1.1" 300 295 10.0.0.210 - - [24/Apr/2026:21:09:36 +0000] "GET / HTTP/1.1" 300 295
[Fri Apr 24 21:09:36.486156 2026] [wsgi:error] [pid 9:tid 140089860744896] [remote 10.0.0.210:51700] 2026-04-24 21:09:36.485 9 WARNING keystone.common.password_hashing [None req-57347005-beca-407b-9164-bb5bc1bba385 - - - - - -] Truncating password to algorithm specific maximum length 72 characters.
[Fri Apr 24 21:09:36.486713 2026] [wsgi:error] [pid 11:tid 140089860744896] [remote 10.0.0.210:51690] 2026-04-24 21:09:36.486 11 WARNING keystone.common.password_hashing [None req-e868e093-0455-4658-b478-c1fb4f980110 - - - - - -] Truncating password to algorithm specific maximum length 72 characters. 10.0.0.210 - - [24/Apr/2026:21:09:36 +0000] "GET / HTTP/1.1" 300 295
[Fri Apr 24 21:09:36.668698 2026] [wsgi:error] [pid 10:tid 140089860744896] [remote 10.0.0.210:51712] 2026-04-24 21:09:36.668 10 WARNING keystone.common.password_hashing [None req-50aec6ff-0afa-4e9a-b19d-baa3b1ddad8d - - - - - -] Truncating password to algorithm specific maximum length 72 characters.
[Fri Apr 24 21:09:36.763433 2026] [wsgi:error] [pid 9:tid 140089860744896] [remote 10.0.0.210:51700] 2026-04-24 21:09:36.763 9 WARNING keystone.common.fernet_utils [None req-57347005-beca-407b-9164-bb5bc1bba385 - - - - - -] key_repository is world readable: /etc/keystone/fernet-keys/
[Fri Apr 24 21:09:36.764483 2026] [wsgi:error] [pid 11:tid 140089860744896] [remote 10.0.0.210:51690] 2026-04-24 21:09:36.764 11 WARNING keystone.common.fernet_utils [None req-e868e093-0455-4658-b478-c1fb4f980110 - - - - - -] key_repository is world readable: /etc/keystone/fernet-keys/ 10.0.0.210 - - [24/Apr/2026:21:09:36 +0000] "POST /v3/auth/tokens HTTP/1.1" 201 1463 10.0.0.210 - - [24/Apr/2026:21:09:36 +0000] "POST /v3/auth/tokens HTTP/1.1" 201 1463 10.0.0.210 - - [24/Apr/2026:21:09:36 +0000] "GET /v3/services HTTP/1.1" 200 639 10.0.0.210 - - [24/Apr/2026:21:09:36 +0000] "GET /v3/services HTTP/1.1" 200 639
[Fri Apr 24 21:09:36.940158 2026] [wsgi:error] [pid 10:tid 140089860744896] [remote 10.0.0.210:51712] 2026-04-24 21:09:36.940 10 WARNING keystone.common.fernet_utils [None req-50aec6ff-0afa-4e9a-b19d-baa3b1ddad8d - - - - - -] key_repository is world readable: /etc/keystone/fernet-keys/ 10.0.0.210 - - [24/Apr/2026:21:09:36 +0000] "POST /v3/auth/tokens HTTP/1.1" 201 1463 10.0.0.210 - - [24/Apr/2026:21:09:37 +0000] "GET /v3/services HTTP/1.1" 200 639 10.0.0.210 - - [24/Apr/2026:21:09:38 +0000] "GET / HTTP/1.1" 300 295
[Fri Apr 24 21:09:38.228587 2026] [wsgi:error] [pid 11:tid 140089860744896] [remote 10.0.0.210:51716] 2026-04-24 21:09:38.228 11 WARNING keystone.common.password_hashing [None req-f848c246-56d6-4895-aa2e-92d6979501e9 - - - - - -] Truncating password to algorithm specific maximum length 72 characters. 10.0.0.210 - - [24/Apr/2026:21:09:38 +0000] "GET / HTTP/1.1" 300 295
[Fri Apr 24 21:09:38.294743 2026] [wsgi:error] [pid 9:tid 140089860744896] [remote 10.0.0.210:51730] 2026-04-24 21:09:38.294 9 WARNING keystone.common.password_hashing [None req-c3182277-c113-458a-b4fd-ddeddf092823 - - - - - -] Truncating password to algorithm specific maximum length 72 characters. 10.0.0.210 - - [24/Apr/2026:21:09:38 +0000] "GET / HTTP/1.1" 300 295
[Fri Apr 24 21:09:38.432130 2026] [wsgi:error] [pid 10:tid 140089860744896] [remote 10.0.0.210:45536] 2026-04-24 21:09:38.431 10 WARNING keystone.common.password_hashing [None req-812b203a-f5c4-421a-9202-5b8d50e9bddb - - - - - -] Truncating password to algorithm specific maximum length 72 characters.
[Fri Apr 24 21:09:38.508820 2026] [wsgi:error] [pid 11:tid 140089860744896] [remote 10.0.0.210:51716] 2026-04-24 21:09:38.508 11 WARNING keystone.common.fernet_utils [None req-f848c246-56d6-4895-aa2e-92d6979501e9 - - - - - -] key_repository is world readable: /etc/keystone/fernet-keys/ 10.0.0.210 - - [24/Apr/2026:21:09:38 +0000] "POST /v3/auth/tokens HTTP/1.1" 201 1463
[Fri Apr 24 21:09:38.574647 2026] [wsgi:error] [pid 9:tid 140089860744896] [remote 10.0.0.210:51730] 2026-04-24 21:09:38.574 9 WARNING keystone.common.fernet_utils [None req-c3182277-c113-458a-b4fd-ddeddf092823 - - - - - -] key_repository is world readable: /etc/keystone/fernet-keys/ 10.0.0.210 - - [24/Apr/2026:21:09:38 +0000] "POST /v3/auth/tokens HTTP/1.1" 201 1463 10.0.0.210 - - [24/Apr/2026:21:09:38 +0000] "GET /v3/endpoints HTTP/1.1" 200 1226 10.0.0.210 - - [24/Apr/2026:21:09:38 +0000] "GET /v3/services/88f14898d81b48b8b0b3b7d26ad34424 HTTP/1.1" 200 233 10.0.0.210 - - [24/Apr/2026:21:09:38 +0000] "GET /v3/services/88f14898d81b48b8b0b3b7d26ad34424 HTTP/1.1" 200 233 10.0.0.210 - - [24/Apr/2026:21:09:38 +0000] "GET /v3/endpoints HTTP/1.1" 200 1226 10.0.0.210 - - [24/Apr/2026:21:09:38 +0000] "GET /v3/services/88f14898d81b48b8b0b3b7d26ad34424 HTTP/1.1" 200 233
[Fri Apr 24 21:09:38.707303 2026] [wsgi:error] [pid 10:tid 140089860744896] [remote 10.0.0.210:45536] 2026-04-24 21:09:38.707 10 WARNING keystone.common.fernet_utils [None req-812b203a-f5c4-421a-9202-5b8d50e9bddb - - - - - -] key_repository is world readable: /etc/keystone/fernet-keys/ 10.0.0.210 - - [24/Apr/2026:21:09:38 +0000] "POST /v3/auth/tokens HTTP/1.1" 201 1463 10.0.0.210 - - [24/Apr/2026:21:09:38 +0000] "GET /v3/services/88f14898d81b48b8b0b3b7d26ad34424 HTTP/1.1" 200 233 10.0.0.210 - - [24/Apr/2026:21:09:38 +0000] "GET /v3/services/88f14898d81b48b8b0b3b7d26ad34424 HTTP/1.1" 200 233 10.0.0.210 - - [24/Apr/2026:21:09:38 +0000] "GET /v3/services/88f14898d81b48b8b0b3b7d26ad34424 HTTP/1.1" 200 233 10.0.0.210 - - [24/Apr/2026:21:09:38 +0000] "GET /v3/endpoints HTTP/1.1" 200 1226 10.0.0.210 - - [24/Apr/2026:21:09:38 +0000] "GET /v3/services/88f14898d81b48b8b0b3b7d26ad34424 HTTP/1.1" 200 233 10.0.0.210 - - [24/Apr/2026:21:09:38 +0000] "GET /v3/services/88f14898d81b48b8b0b3b7d26ad34424 HTTP/1.1" 200 233 10.0.0.210 - - [24/Apr/2026:21:09:38 +0000] "GET /v3/services/88f14898d81b48b8b0b3b7d26ad34424 HTTP/1.1" 200 233 10.0.0.210 - - [24/Apr/2026:21:09:39 +0000] "GET / HTTP/1.1" 300 295
[Fri Apr 24 21:09:40.001911 2026] [wsgi:error] [pid 9:tid 140089860744896] [remote 10.0.0.210:45546] 2026-04-24 21:09:40.001 9 WARNING keystone.common.password_hashing [None req-e3039795-e3e1-4d6b-958e-569152462d94 - - - - - -] Truncating password to algorithm specific maximum length 72 characters. 10.0.0.210 - - [24/Apr/2026:21:09:40 +0000] "GET / HTTP/1.1" 300 295
[Fri Apr 24 21:09:40.038420 2026] [wsgi:error] [pid 11:tid 140089860744896] [remote 10.0.0.210:45560] 2026-04-24 21:09:40.038 11 WARNING keystone.common.password_hashing [None req-d77aeeb7-19c4-456e-8795-ae3cfd6fbdac - - - - - -] Truncating password to algorithm specific maximum length 72 characters. 10.0.0.210 - - [24/Apr/2026:21:09:40 +0000] "GET / HTTP/1.1" 300 295
[Fri Apr 24 21:09:40.232600 2026] [wsgi:error] [pid 12:tid 140089860744896] [remote 10.0.0.210:45572] 2026-04-24 21:09:40.232 12 WARNING keystone.common.password_hashing [None req-75cf0cfc-74fd-46e4-8dbf-014ecf05c066 - - - - - -] Truncating password to algorithm specific maximum length 72 characters.
[Fri Apr 24 21:09:40.273588 2026] [wsgi:error] [pid 9:tid 140089860744896] [remote 10.0.0.210:45546] 2026-04-24 21:09:40.273 9 WARNING keystone.common.fernet_utils [None req-e3039795-e3e1-4d6b-958e-569152462d94 - - - - - -] key_repository is world readable: /etc/keystone/fernet-keys/ 10.0.0.210 - - [24/Apr/2026:21:09:39 +0000] "POST /v3/auth/tokens HTTP/1.1" 201 1463
[Fri Apr 24 21:09:40.345915 2026] [wsgi:error] [pid 11:tid 140089860744896] [remote 10.0.0.210:45560] 2026-04-24 21:09:40.345 11 WARNING keystone.common.fernet_utils [None req-d77aeeb7-19c4-456e-8795-ae3cfd6fbdac - - - - - -] key_repository is world readable: /etc/keystone/fernet-keys/ 10.0.0.210 - - [24/Apr/2026:21:09:40 +0000] "POST /v3/auth/tokens HTTP/1.1" 201 1463 10.0.0.210 - - [24/Apr/2026:21:09:40 +0000] "GET /v3/services/d5a8e9ebc217402f8e3e76485e884cbc HTTP/1.1" 200 296 10.0.0.210 - - [24/Apr/2026:21:09:40 +0000] "GET /v3/regions/RegionOne HTTP/1.1" 200 173 10.0.0.210 - - [24/Apr/2026:21:09:40 +0000] "GET /v3/services/d5a8e9ebc217402f8e3e76485e884cbc HTTP/1.1" 200 296 10.0.0.210 - - [24/Apr/2026:21:09:40 +0000] "GET /v3/regions/RegionOne HTTP/1.1" 200 173
[Fri Apr 24 21:09:40.506873 2026] [wsgi:error] [pid 12:tid 140089860744896] [remote 10.0.0.210:45572] 2026-04-24 21:09:40.506 12 WARNING keystone.common.fernet_utils [None req-75cf0cfc-74fd-46e4-8dbf-014ecf05c066 - - - - - -] key_repository is world readable: /etc/keystone/fernet-keys/ 10.0.0.210 - - [24/Apr/2026:21:09:40 +0000] "POST /v3/auth/tokens HTTP/1.1" 201 1463 10.0.0.210 - - [24/Apr/2026:21:09:40 +0000] "POST /v3/endpoints HTTP/1.1" 201 380 10.0.0.210 - - [24/Apr/2026:21:09:40 +0000] "GET /v3/services/d5a8e9ebc217402f8e3e76485e884cbc HTTP/1.1" 200 296 10.0.0.210 - - [24/Apr/2026:21:09:40 +0000] "POST /v3/endpoints HTTP/1.1" 201 383 10.0.0.210 - - [24/Apr/2026:21:09:40 +0000] "GET /v3/regions/RegionOne HTTP/1.1" 200 173 10.0.0.210 - - [24/Apr/2026:21:09:40 +0000] "POST /v3/endpoints HTTP/1.1" 201 369 10.0.0.210 - - [24/Apr/2026:21:09:41 +0000] "GET / HTTP/1.1" 300 295 10.0.0.210 - - [24/Apr/2026:21:09:41 +0000] "GET / HTTP/1.1" 300 295
[Fri Apr 24 21:09:41.892040 2026] [wsgi:error] [pid 10:tid 140089860744896] [remote 10.0.0.210:45582] 2026-04-24 21:09:41.891 10 WARNING keystone.common.password_hashing [None req-9b3050e7-b7cb-460a-befe-67c5142d0d05 - - - - - -] Truncating password to algorithm specific maximum length 72 characters.
[Fri Apr 24 21:09:41.896312 2026] [wsgi:error] [pid 11:tid 140089860744896] [remote 10.0.0.210:45586] 2026-04-24 21:09:41.896 11 WARNING keystone.common.password_hashing [None req-a4bf16e2-3252-4380-bc4e-3690a7d71f87 - - - - - -] Truncating password to algorithm specific maximum length 72 characters.
[Fri Apr 24 21:09:42.168027 2026] [wsgi:error] [pid 10:tid 140089860744896] [remote 10.0.0.210:45582] 2026-04-24 21:09:42.167 10 WARNING keystone.common.fernet_utils [None req-9b3050e7-b7cb-460a-befe-67c5142d0d05 - - - - - -] key_repository is world readable: /etc/keystone/fernet-keys/
[Fri Apr 24 21:09:42.169114 2026] [wsgi:error] [pid 11:tid 140089860744896] [remote 10.0.0.210:45586] 2026-04-24 21:09:42.168 11 WARNING keystone.common.fernet_utils [None req-a4bf16e2-3252-4380-bc4e-3690a7d71f87 - - - - - -] key_repository is world readable: /etc/keystone/fernet-keys/ 10.0.0.210 - - [24/Apr/2026:21:09:41 +0000] "POST /v3/auth/tokens HTTP/1.1" 201 1990 10.0.0.210 - - [24/Apr/2026:21:09:41 +0000] "POST /v3/auth/tokens HTTP/1.1" 201 1990 10.0.0.210 - - [24/Apr/2026:21:09:42 +0000] "GET / HTTP/1.1" 300 295
[Fri Apr 24 21:09:42.246148 2026] [wsgi:error] [pid 12:tid 140089860744896] [remote 10.0.0.210:45598] 2026-04-24 21:09:42.245 12 WARNING keystone.common.password_hashing [None req-45c53a61-3138-4d9d-b603-cab0c92cb745 - - - - - -] Truncating password to algorithm specific maximum length 72 characters. 10.0.0.210 - - [24/Apr/2026:21:09:42 +0000] "GET /v3/endpoints/f155ffbd15fc4d9388c2f385e4ced333 HTTP/1.1" 200 383 10.0.0.210 - - [24/Apr/2026:21:09:42 +0000] "GET /v3/endpoints/111376ec7cdf4728b8a70cab807a56c0 HTTP/1.1" 200 380 10.0.0.210 - - [24/Apr/2026:21:09:42 +0000] "GET /v3/services/d5a8e9ebc217402f8e3e76485e884cbc HTTP/1.1" 200 296 10.0.0.210 - - [24/Apr/2026:21:09:42 +0000] "GET /v3/services/d5a8e9ebc217402f8e3e76485e884cbc HTTP/1.1" 200 296
[Fri Apr 24 21:09:42.535948 2026] [wsgi:error] [pid 12:tid 140089860744896] [remote 10.0.0.210:45598] 2026-04-24 21:09:42.535 12 WARNING keystone.common.fernet_utils [None req-45c53a61-3138-4d9d-b603-cab0c92cb745 - - - - - -] key_repository is world readable: /etc/keystone/fernet-keys/ 10.0.0.210 - - [24/Apr/2026:21:09:42 +0000] "POST /v3/auth/tokens HTTP/1.1" 201 1990 10.0.0.210 - - [24/Apr/2026:21:09:42 +0000] "GET /v3/endpoints/e824cf26576141b3b338f2f40937e3ac HTTP/1.1" 200 369 10.0.0.210 - - [24/Apr/2026:21:09:42 +0000] "GET /v3/services/d5a8e9ebc217402f8e3e76485e884cbc HTTP/1.1" 200 296 10.0.0.30 - - [24/Apr/2026:21:09:53 +0000] "GET / HTTP/1.1" 300 295
[Fri Apr 24 21:09:53.517294 2026] [wsgi:error] [pid 12:tid 140089860744896] [remote 10.0.0.30:57126] 2026-04-24 21:09:53.516 12 WARNING keystone.common.password_hashing [None req-7e574853-f76f-4476-8e73-b80788b2eefc - - - - - -] Truncating password to algorithm specific maximum length 72 characters.
[Fri Apr 24 21:09:53.804529 2026] [wsgi:error] [pid 12:tid 140089860744896] [remote 10.0.0.30:57126] 2026-04-24 21:09:53.804 12 WARNING keystone.common.fernet_utils [None req-7e574853-f76f-4476-8e73-b80788b2eefc - - - - - -] key_repository is world readable: /etc/keystone/fernet-keys/ 10.0.0.30 - - [24/Apr/2026:21:09:53 +0000] "POST /v3/auth/tokens HTTP/1.1" 201 1990 10.0.0.30 - - [24/Apr/2026:21:09:53 +0000] "POST /v3/domains HTTP/1.1" 201 284 10.0.0.30 - - [24/Apr/2026:21:09:55 +0000] "GET / HTTP/1.1" 300 295
[Fri Apr 24 21:09:55.239278 2026] [wsgi:error] [pid 9:tid 140089860744896] [remote 10.0.0.30:57130] 2026-04-24 21:09:55.239 9 WARNING keystone.common.password_hashing [None req-bcc61d30-e385-4309-af46-036d21941a7a - - - - - -] Truncating password to algorithm specific maximum length 72 characters.
[Fri Apr 24 21:09:55.525229 2026] [wsgi:error] [pid 9:tid 140089860744896] [remote 10.0.0.30:57130] 2026-04-24 21:09:55.525 9 WARNING keystone.common.fernet_utils [None req-bcc61d30-e385-4309-af46-036d21941a7a - - - - - -] key_repository is world readable: /etc/keystone/fernet-keys/ 10.0.0.30 - - [24/Apr/2026:21:09:55 +0000] "POST /v3/auth/tokens HTTP/1.1" 201 1990
[Fri Apr 24 21:09:55.706538 2026] [wsgi:error] [pid 12:tid 140089860744896] [remote 10.0.0.30:57130] 2026-04-24 21:09:55.688 12 ERROR keystone.server.flask.application [None req-e701b758-8235-46c8-84c2-c6efdbfb05dd 221beeec3652454b962a7fcdd43569b5 17a8e1e8158b4fee9feda09cfb12d38f - - default default] Conflict occurred attempting to store project - it is not permitted to have two projects acting as domains with the same name: service.: keystone.exception.Conflict: Conflict occurred attempting to store project - it is not permitted to have two projects acting as domains with the same name: service.
[Fri Apr 24 21:09:55.706560 2026] [wsgi:error] [pid 12:tid 140089860744896] [remote 10.0.0.30:57130] 2026-04-24 21:09:55.688 12 ERROR keystone.server.flask.application
Traceback (most recent call last):
[Fri Apr 24 21:09:55.706562 2026] [wsgi:error] [pid 12:tid 140089860744896] [remote 10.0.0.30:57130] 2026-04-24 21:09:55.688 12 ERROR keystone.server.flask.application
File "/var/lib/openstack/lib/python3.12/site-packages/sqlalchemy/engine/base.py", line 1967, in _exec_single_context
[Fri Apr 24 21:09:55.706564 2026] [wsgi:error] [pid 12:tid 140089860744896] [remote 10.0.0.30:57130] 2026-04-24 21:09:55.688 12 ERROR keystone.server.flask.application self.dialect.do_execute(
[Fri Apr 24 21:09:55.706566 2026] [wsgi:error] [pid 12:tid 140089860744896] [remote 10.0.0.30:57130] 2026-04-24 21:09:55.688 12 ERROR keystone.server.flask.application
File "/var/lib/openstack/lib/python3.12/site-packages/sqlalchemy/engine/default.py", line 952, in do_execute
[Fri Apr 24 21:09:55.706567 2026] [wsgi:error] [pid 12:tid 140089860744896] [remote 10.0.0.30:57130] 2026-04-24 21:09:55.688 12 ERROR keystone.server.flask.application cursor.execute(statement, parameters)
[Fri Apr 24 21:09:55.706569 2026] [wsgi:error] [pid 12:tid 140089860744896] [remote 10.0.0.30:57130] 2026-04-24 21:09:55.688 12 ERROR keystone.server.flask.application
File "/var/lib/openstack/lib/python3.12/site-packages/pymysql/cursors.py", line 153, in execute
[Fri Apr 24 21:09:55.706570 2026] [wsgi:error] [pid 12:tid 140089860744896] [remote 10.0.0.30:57130] 2026-04-24 21:09:55.688 12 ERROR keystone.server.flask.application result = self._query(query)
[Fri Apr 24 21:09:55.706571 2026] [wsgi:error] [pid 12:tid 140089860744896] [remote 10.0.0.30:57130] 2026-04-24 21:09:55.688 12 ERROR keystone.server.flask.application ^^^^^^^^^^^^^^^^^^
[Fri Apr 24 21:09:55.706573 2026] [wsgi:error] [pid 12:tid 140089860744896] [remote 10.0.0.30:57130] 2026-04-24 21:09:55.688 12 ERROR keystone.server.flask.application
File "/var/lib/openstack/lib/python3.12/site-packages/pymysql/cursors.py", line 322, in _query
[Fri Apr 24 21:09:55.706574 2026] [wsgi:error] [pid 12:tid 140089860744896] [remote 10.0.0.30:57130] 2026-04-24 21:09:55.688 12 ERROR keystone.server.flask.application conn.query(q)
[Fri Apr 24 21:09:55.706576 2026] [wsgi:error] [pid 12:tid 140089860744896] [remote 10.0.0.30:57130] 2026-04-24 21:09:55.688 12 ERROR keystone.server.flask.application
File "/var/lib/openstack/lib/python3.12/site-packages/pymysql/connections.py", line 575, in query
[Fri Apr 24 21:09:55.706577 2026] [wsgi:error] [pid 12:tid 140089860744896] [remote 10.0.0.30:57130] 2026-04-24 21:09:55.688 12 ERROR keystone.server.flask.application self._affected_rows = self._read_query_result(unbuffered=unbuffered)
[Fri Apr 24 21:09:55.706579 2026] [wsgi:error] [pid 12:tid 140089860744896] [remote 10.0.0.30:57130] 2026-04-24 21:09:55.688 12 ERROR keystone.server.flask.application ^^^^^^^^^^^^^^^^^^^^^^^^^^^^^^^^^^^^^^^^^^^^^^
[Fri Apr 24 21:09:55.706580 2026] [wsgi:error] [pid 12:tid 140089860744896] [remote 10.0.0.30:57130] 2026-04-24 21:09:55.688 12 ERROR keystone.server.flask.application
File "/var/lib/openstack/lib/python3.12/site-packages/pymysql/connections.py", line 826, in _read_query_result
[Fri Apr 24 21:09:55.706582 2026] [wsgi:error] [pid 12:tid 140089860744896] [remote 10.0.0.30:57130] 2026-04-24 21:09:55.688 12 ERROR keystone.server.flask.application result.read()
[Fri Apr 24 21:09:55.706584 2026] [wsgi:error] [pid 12:tid 140089860744896] [remote 10.0.0.30:57130] 2026-04-24 21:09:55.688 12 ERROR keystone.server.flask.application
File "/var/lib/openstack/lib/python3.12/site-packages/pymysql/connections.py", line 1203, in read
[Fri Apr 24 21:09:55.706586 2026] [wsgi:error] [pid 12:tid 140089860744896] [remote 10.0.0.30:57130] 2026-04-24 21:09:55.688 12 ERROR keystone.server.flask.application first_packet = self.connection._read_packet()
[Fri Apr 24 21:09:55.706587 2026] [wsgi:error] [pid 12:tid 140089860744896] [remote 10.0.0.30:57130] 2026-04-24 21:09:55.688 12 ERROR keystone.server.flask.application ^^^^^^^^^^^^^^^^^^^^^^^^^^^^^^
[Fri Apr 24 21:09:55.706589 2026] [wsgi:error] [pid 12:tid 140089860744896] [remote 10.0.0.30:57130] 2026-04-24 21:09:55.688 12 ERROR keystone.server.flask.application
File "/var/lib/openstack/lib/python3.12/site-packages/pymysql/connections.py", line 782, in _read_packet
[Fri Apr 24 21:09:55.706590 2026] [wsgi:error] [pid 12:tid 140089860744896] [remote 10.0.0.30:57130] 2026-04-24 21:09:55.688 12 ERROR keystone.server.flask.application packet.raise_for_error()
[Fri Apr 24 21:09:55.706592 2026] [wsgi:error] [pid 12:tid 140089860744896] [remote 10.0.0.30:57130] 2026-04-24 21:09:55.688 12 ERROR keystone.server.flask.application
File "/var/lib/openstack/lib/python3.12/site-packages/pymysql/protocol.py", line 219, in raise_for_error
[Fri Apr 24 21:09:55.706593 2026] [wsgi:error] [pid 12:tid 140089860744896] [remote 10.0.0.30:57130] 2026-04-24 21:09:55.688 12 ERROR keystone.server.flask.application err.raise_mysql_exception(self._data)
[Fri Apr 24 21:09:55.706595 2026] [wsgi:error] [pid 12:tid 140089860744896] [remote 10.0.0.30:57130] 2026-04-24 21:09:55.688 12 ERROR keystone.server.flask.application
File "/var/lib/openstack/lib/python3.12/site-packages/pymysql/err.py", line 150, in raise_mysql_exception
[Fri Apr 24 21:09:55.706596 2026] [wsgi:error] [pid 12:tid 140089860744896] [remote 10.0.0.30:57130] 2026-04-24 21:09:55.688 12 ERROR keystone.server.flask.application raise errorclass(errno, errval)
[Fri Apr 24 21:09:55.706598 2026] [wsgi:error] [pid 12:tid 140089860744896] [remote 10.0.0.30:57130] 2026-04-24 21:09:55.688 12 ERROR keystone.server.flask.application pymysql.err.IntegrityError: (1062, "Duplicate entry '<>-service' for key 'project.ixu_project_name_domain_id'")
[Fri Apr 24 21:09:55.706600 2026] [wsgi:error] [pid 12:tid 140089860744896] [remote 10.0.0.30:57130] 2026-04-24 21:09:55.688 12 ERROR keystone.server.flask.application
[Fri Apr 24 21:09:55.706601 2026] [wsgi:error] [pid 12:tid 140089860744896] [remote 10.0.0.30:57130] 2026-04-24 21:09:55.688 12 ERROR keystone.server.flask.application The above exception was the direct cause of the following exception:
[Fri Apr 24 21:09:55.706602 2026] [wsgi:error] [pid 12:tid 140089860744896] [remote 10.0.0.30:57130] 2026-04-24 21:09:55.688 12 ERROR keystone.server.flask.application
[Fri Apr 24 21:09:55.706604 2026] [wsgi:error] [pid 12:tid 140089860744896] [remote 10.0.0.30:57130] 2026-04-24 21:09:55.688 12 ERROR keystone.server.flask.application
Traceback (most recent call last):
[Fri Apr 24 21:09:55.706605 2026] [wsgi:error] [pid 12:tid 140089860744896] [remote 10.0.0.30:57130] 2026-04-24 21:09:55.688 12 ERROR keystone.server.flask.application
File "/var/lib/openstack/lib/python3.12/site-packages/keystone/common/sql/core.py", line 575, in wrapper
[Fri Apr 24 21:09:55.706606 2026] [wsgi:error] [pid 12:tid 140089860744896] [remote 10.0.0.30:57130] 2026-04-24 21:09:55.688 12 ERROR keystone.server.flask.application return method(*args, **kwargs)
[Fri Apr 24 21:09:55.706608 2026] [wsgi:error] [pid 12:tid 140089860744896] [remote 10.0.0.30:57130] 2026-04-24 21:09:55.688 12 ERROR keystone.server.flask.application ^^^^^^^^^^^^^^^^^^^^^^^
[Fri Apr 24 21:09:55.706609 2026] [wsgi:error] [pid 12:tid 140089860744896] [remote 10.0.0.30:57130] 2026-04-24 21:09:55.688 12 ERROR keystone.server.flask.application
File "/var/lib/openstack/lib/python3.12/site-packages/keystone/resource/backends/sql.py", line 278, in create_project
[Fri Apr 24 21:09:55.706611 2026] [wsgi:error] [pid 12:tid 140089860744896] [remote 10.0.0.30:57130] 2026-04-24 21:09:55.688 12 ERROR keystone.server.flask.application with sql.session_for_write() as session:
[Fri Apr 24 21:09:55.706613 2026] [wsgi:error] [pid 12:tid 140089860744896] [remote 10.0.0.30:57130] 2026-04-24 21:09:55.688 12 ERROR keystone.server.flask.application
File "/usr/lib/python3.12/contextlib.py", line 144, in __exit__
[Fri Apr 24 21:09:55.706614 2026] [wsgi:error] [pid 12:tid 140089860744896] [remote 10.0.0.30:57130] 2026-04-24 21:09:55.688 12 ERROR keystone.server.flask.application next(self.gen)
[Fri Apr 24 21:09:55.706615 2026] [wsgi:error] [pid 12:tid 140089860744896] [remote 10.0.0.30:57130] 2026-04-24 21:09:55.688 12 ERROR keystone.server.flask.application
File "/var/lib/openstack/lib/python3.12/site-packages/oslo_db/sqlalchemy/enginefacade.py", line 1175, in _transaction_scope
[Fri Apr 24 21:09:55.706617 2026] [wsgi:error] [pid 12:tid 140089860744896] [remote 10.0.0.30:57130] 2026-04-24 21:09:55.688 12 ERROR keystone.server.flask.application with current._produce_block(
[Fri Apr 24 21:09:55.706618 2026] [wsgi:error] [pid 12:tid 140089860744896] [remote 10.0.0.30:57130] 2026-04-24 21:09:55.688 12 ERROR keystone.server.flask.application
File "/usr/lib/python3.12/contextlib.py", line 144, in __exit__
[Fri Apr 24 21:09:55.706619 2026] [wsgi:error] [pid 12:tid 140089860744896] [remote 10.0.0.30:57130] 2026-04-24 21:09:55.688 12 ERROR keystone.server.flask.application next(self.gen)
[Fri Apr 24 21:09:55.706621 2026] [wsgi:error] [pid 12:tid 140089860744896] [remote 10.0.0.30:57130] 2026-04-24 21:09:55.688 12 ERROR keystone.server.flask.application
File "/var/lib/openstack/lib/python3.12/site-packages/oslo_db/sqlalchemy/enginefacade.py", line 837, in _session
[Fri Apr 24 21:09:55.706646 2026] [wsgi:error] [pid 12:tid 140089860744896] [remote 10.0.0.30:57130] 2026-04-24 21:09:55.688 12 ERROR keystone.server.flask.application with excutils.save_and_reraise_exception():
[Fri Apr 24 21:09:55.706648 2026] [wsgi:error] [pid 12:tid 140089860744896] [remote 10.0.0.30:57130] 2026-04-24 21:09:55.688 12 ERROR keystone.server.flask.application
File "/var/lib/openstack/lib/python3.12/site-packages/oslo_utils/excutils.py", line 271, in __exit__
[Fri Apr 24 21:09:55.706649 2026] [wsgi:error] [pid 12:tid 140089860744896] [remote 10.0.0.30:57130] 2026-04-24 21:09:55.688 12 ERROR keystone.server.flask.application self.force_reraise()
[Fri Apr 24 21:09:55.706651 2026] [wsgi:error] [pid 12:tid 140089860744896] [remote 10.0.0.30:57130] 2026-04-24 21:09:55.688 12 ERROR keystone.server.flask.application
File "/var/lib/openstack/lib/python3.12/site-packages/oslo_utils/excutils.py", line 233, in force_reraise
[Fri Apr 24 21:09:55.706652 2026] [wsgi:error] [pid 12:tid 140089860744896] [remote 10.0.0.30:57130] 2026-04-24 21:09:55.688 12 ERROR keystone.server.flask.application raise self.value
[Fri Apr 24 21:09:55.706654 2026] [wsgi:error] [pid 12:tid 140089860744896] [remote 10.0.0.30:57130] 2026-04-24 21:09:55.688 12 ERROR keystone.server.flask.application
File "/var/lib/openstack/lib/python3.12/site-packages/oslo_db/sqlalchemy/enginefacade.py", line 835, in _session
[Fri Apr 24 21:09:55.706656 2026] [wsgi:error] [pid 12:tid 140089860744896] [remote 10.0.0.30:57130] 2026-04-24 21:09:55.688 12 ERROR keystone.server.flask.application self._end_session_transaction(self.session)
[Fri Apr 24 21:09:55.706657 2026] [wsgi:error] [pid 12:tid 140089860744896] [remote 10.0.0.30:57130] 2026-04-24 21:09:55.688 12 ERROR keystone.server.flask.application
File "/var/lib/openstack/lib/python3.12/site-packages/oslo_db/sqlalchemy/enginefacade.py", line 748, in _end_session_transaction
[Fri Apr 24 21:09:55.706659 2026] [wsgi:error] [pid 12:tid 140089860744896] [remote 10.0.0.30:57130] 2026-04-24 21:09:55.688 12 ERROR keystone.server.flask.application session.commit()
[Fri Apr 24 21:09:55.706660 2026] [wsgi:error] [pid 12:tid 140089860744896] [remote 10.0.0.30:57130] 2026-04-24 21:09:55.688 12 ERROR keystone.server.flask.application
File "/var/lib/openstack/lib/python3.12/site-packages/sqlalchemy/orm/session.py", line 2030, in commit
[Fri Apr 24 21:09:55.706662 2026] [wsgi:error] [pid 12:tid 140089860744896] [remote 10.0.0.30:57130] 2026-04-24 21:09:55.688 12 ERROR keystone.server.flask.application trans.commit(_to_root=True)
[Fri Apr 24 21:09:55.706664 2026] [wsgi:error] [pid 12:tid 140089860744896] [remote 10.0.0.30:57130] 2026-04-24 21:09:55.688 12 ERROR keystone.server.flask.application File "", line 2, in commit
[Fri Apr 24 21:09:55.706665 2026] [wsgi:error] [pid 12:tid 140089860744896] [remote 10.0.0.30:57130] 2026-04-24 21:09:55.688 12 ERROR keystone.server.flask.application
File "/var/lib/openstack/lib/python3.12/site-packages/sqlalchemy/orm/state_changes.py", line 137, in _go
[Fri Apr 24 21:09:55.706667 2026] [wsgi:error] [pid 12:tid 140089860744896] [remote 10.0.0.30:57130] 2026-04-24 21:09:55.688 12 ERROR keystone.server.flask.application ret_value = fn(self, *arg, **kw)
[Fri Apr 24 21:09:55.706668 2026] [wsgi:error] [pid 12:tid 140089860744896] [remote 10.0.0.30:57130] 2026-04-24 21:09:55.688 12 ERROR keystone.server.flask.application ^^^^^^^^^^^^^^^^^^^^
[Fri Apr 24 21:09:55.706670 2026] [wsgi:error] [pid 12:tid 140089860744896] [remote 10.0.0.30:57130] 2026-04-24 21:09:55.688 12 ERROR keystone.server.flask.application
File "/var/lib/openstack/lib/python3.12/site-packages/sqlalchemy/orm/session.py", line 1311, in commit
[Fri Apr 24 21:09:55.706671 2026] [wsgi:error] [pid 12:tid 140089860744896] [remote 10.0.0.30:57130] 2026-04-24 21:09:55.688 12 ERROR keystone.server.flask.application self._prepare_impl()
[Fri Apr 24 21:09:55.706674 2026] [wsgi:error] [pid 12:tid 140089860744896] [remote 10.0.0.30:57130] 2026-04-24 21:09:55.688 12 ERROR keystone.server.flask.application File "", line 2, in _prepare_impl
[Fri Apr 24 21:09:55.706678 2026] [wsgi:error] [pid 12:tid 140089860744896] [remote 10.0.0.30:57130] 2026-04-24 21:09:55.688 12 ERROR keystone.server.flask.application
File "/var/lib/openstack/lib/python3.12/site-packages/sqlalchemy/orm/state_changes.py", line 137, in _go
[Fri Apr 24 21:09:55.706680 2026] [wsgi:error] [pid 12:tid 140089860744896] [remote 10.0.0.30:57130] 2026-04-24 21:09:55.688 12 ERROR keystone.server.flask.application ret_value = fn(self, *arg, **kw)
[Fri Apr 24 21:09:55.706682 2026] [wsgi:error] [pid 12:tid 140089860744896] [remote 10.0.0.30:57130] 2026-04-24 21:09:55.688 12 ERROR keystone.server.flask.application ^^^^^^^^^^^^^^^^^^^^
[Fri Apr 24 21:09:55.706684 2026] [wsgi:error] [pid 12:tid 140089860744896] [remote 10.0.0.30:57130] 2026-04-24 21:09:55.688 12 ERROR keystone.server.flask.application
File "/var/lib/openstack/lib/python3.12/site-packages/sqlalchemy/orm/session.py", line 1286, in _prepare_impl
[Fri Apr 24 21:09:55.706685 2026] [wsgi:error] [pid 12:tid 140089860744896] [remote 10.0.0.30:57130] 2026-04-24 21:09:55.688 12 ERROR keystone.server.flask.application self.session.flush()
[Fri Apr 24 21:09:55.706688 2026] [wsgi:error] [pid 12:tid 140089860744896] [remote 10.0.0.30:57130] 2026-04-24 21:09:55.688 12 ERROR keystone.server.flask.application
File "/var/lib/openstack/lib/python3.12/site-packages/sqlalchemy/orm/session.py", line 4331, in flush
[Fri Apr 24 21:09:55.706689 2026] [wsgi:error] [pid 12:tid 140089860744896] [remote 10.0.0.30:57130] 2026-04-24 21:09:55.688 12 ERROR keystone.server.flask.application self._flush(objects)
[Fri Apr 24 21:09:55.706691 2026] [wsgi:error] [pid 12:tid 140089860744896] [remote 10.0.0.30:57130] 2026-04-24 21:09:55.688 12 ERROR keystone.server.flask.application
File "/var/lib/openstack/lib/python3.12/site-packages/sqlalchemy/orm/session.py", line 4466, in _flush
[Fri Apr 24 21:09:55.706694 2026] [wsgi:error] [pid 12:tid 140089860744896] [remote 10.0.0.30:57130] 2026-04-24 21:09:55.688 12 ERROR keystone.server.flask.application with util.safe_reraise():
[Fri Apr 24 21:09:55.706696 2026] [wsgi:error] [pid 12:tid 140089860744896] [remote 10.0.0.30:57130] 2026-04-24 21:09:55.688 12 ERROR keystone.server.flask.application
File "/var/lib/openstack/lib/python3.12/site-packages/sqlalchemy/util/langhelpers.py", line 121, in __exit__
[Fri Apr 24 21:09:55.706699 2026] [wsgi:error] [pid 12:tid 140089860744896] [remote 10.0.0.30:57130] 2026-04-24 21:09:55.688 12 ERROR keystone.server.flask.application raise exc_value.with_traceback(exc_tb)
[Fri Apr 24 21:09:55.706701 2026] [wsgi:error] [pid 12:tid 140089860744896] [remote 10.0.0.30:57130] 2026-04-24 21:09:55.688 12 ERROR keystone.server.flask.application
File "/var/lib/openstack/lib/python3.12/site-packages/sqlalchemy/orm/session.py", line 4427, in _flush
[Fri Apr 24 21:09:55.706703 2026] [wsgi:error] [pid 12:tid 140089860744896] [remote 10.0.0.30:57130] 2026-04-24 21:09:55.688 12 ERROR keystone.server.flask.application flush_context.execute()
[Fri Apr 24 21:09:55.706705 2026] [wsgi:error] [pid 12:tid 140089860744896] [remote 10.0.0.30:57130] 2026-04-24 21:09:55.688 12 ERROR keystone.server.flask.application
File "/var/lib/openstack/lib/python3.12/site-packages/sqlalchemy/orm/unitofwork.py", line 466, in execute
