+ COMMAND=start + start + for KEYSTONE_WSGI_SCRIPT in keystone-wsgi-public ++ type -p keystone-wsgi-public + cp -a /var/lib/openstack/bin/keystone-wsgi-public /var/www/cgi-bin/keystone/ + '[' -f /etc/apache2/envvars ']' + source /etc/apache2/envvars ++ unset HOME ++ '[' '' '!=' '' ']' ++ SUFFIX= ++ export APACHE_RUN_USER=www-data ++ APACHE_RUN_USER=www-data ++ export APACHE_RUN_GROUP=www-data ++ APACHE_RUN_GROUP=www-data ++ export APACHE_PID_FILE=/var/run/apache2/apache2.pid ++ APACHE_PID_FILE=/var/run/apache2/apache2.pid ++ export APACHE_RUN_DIR=/var/run/apache2 ++ APACHE_RUN_DIR=/var/run/apache2 ++ export APACHE_LOCK_DIR=/var/lock/apache2 ++ APACHE_LOCK_DIR=/var/lock/apache2 ++ export APACHE_LOG_DIR=/var/log/apache2 ++ APACHE_LOG_DIR=/var/log/apache2 ++ export LANG=C ++ LANG=C ++ export LANG + '[' -f /var/run/apache2/apache2.pid ']' + exec apache2 -DFOREGROUND AH00558: apache2: Could not reliably determine the server's fully qualified domain name, using 10.0.0.174. Set the 'ServerName' directive globally to suppress this message AH00558: apache2: Could not reliably determine the server's fully qualified domain name, using 10.0.0.174. Set the 'ServerName' directive globally to suppress this message
[Fri Jun 26 02:25:07.016653 2026] [mpm_event:notice] [pid 1:tid 139759397644160] AH00489: Apache/2.4.58 (Ubuntu) mod_wsgi/5.0.0 Python/3.12 configured -- resuming normal operations
[Fri Jun 26 02:25:07.016805 2026] [core:notice] [pid 1:tid 139759397644160] AH00094: Command line: 'apache2 -D FOREGROUND'
[Fri Jun 26 02:26:06.056800 2026] [wsgi:error] [pid 11:tid 139758759823040] /var/lib/openstack/lib/python3.12/site-packages/oslo_utils/importutils.py:77: EventletDeprecationWarning:
[Fri Jun 26 02:26:06.056845 2026] [wsgi:error] [pid 11:tid 139758759823040] Eventlet is deprecated. It is currently being maintained in bugfix mode, and
[Fri Jun 26 02:26:06.056847 2026] [wsgi:error] [pid 11:tid 139758759823040] we strongly recommend against using it for new projects.
[Fri Jun 26 02:26:06.056848 2026] [wsgi:error] [pid 11:tid 139758759823040]
[Fri Jun 26 02:26:06.056850 2026] [wsgi:error] [pid 11:tid 139758759823040] If you are already using Eventlet, we recommend migrating to a different
[Fri Jun 26 02:26:06.056851 2026] [wsgi:error] [pid 11:tid 139758759823040] framework. For more detail see
[Fri Jun 26 02:26:06.056852 2026] [wsgi:error] [pid 11:tid 139758759823040] https://eventlet.readthedocs.io/en/latest/asyncio/migration.html
[Fri Jun 26 02:26:06.056853 2026] [wsgi:error] [pid 11:tid 139758759823040]
[Fri Jun 26 02:26:06.056854 2026] [wsgi:error] [pid 11:tid 139758759823040] __import__(import_str)
[Fri Jun 26 02:26:06.110463 2026] [wsgi:error] [pid 10:tid 139758759823040] /var/lib/openstack/lib/python3.12/site-packages/oslo_utils/importutils.py:77: EventletDeprecationWarning:
[Fri Jun 26 02:26:06.110506 2026] [wsgi:error] [pid 10:tid 139758759823040] Eventlet is deprecated. It is currently being maintained in bugfix mode, and
[Fri Jun 26 02:26:06.110508 2026] [wsgi:error] [pid 10:tid 139758759823040] we strongly recommend against using it for new projects.
[Fri Jun 26 02:26:06.110509 2026] [wsgi:error] [pid 10:tid 139758759823040]
[Fri Jun 26 02:26:06.110510 2026] [wsgi:error] [pid 10:tid 139758759823040] If you are already using Eventlet, we recommend migrating to a different
[Fri Jun 26 02:26:06.110511 2026] [wsgi:error] [pid 10:tid 139758759823040] framework. For more detail see
[Fri Jun 26 02:26:06.110512 2026] [wsgi:error] [pid 10:tid 139758759823040] https://eventlet.readthedocs.io/en/latest/asyncio/migration.html
[Fri Jun 26 02:26:06.110513 2026] [wsgi:error] [pid 10:tid 139758759823040]
[Fri Jun 26 02:26:06.110514 2026] [wsgi:error] [pid 10:tid 139758759823040] __import__(import_str) 10.0.0.206 - - [26/Jun/2026:02:26:05 +0000] "GET /v3/ HTTP/1.1" 200 250 10.0.0.206 - - [26/Jun/2026:02:26:05 +0000] "GET /v3/ HTTP/1.1" 200 250
[Fri Jun 26 02:26:18.834158 2026] [wsgi:error] [pid 9:tid 139758759823040] /var/lib/openstack/lib/python3.12/site-packages/oslo_utils/importutils.py:77: EventletDeprecationWarning:
[Fri Jun 26 02:26:18.834201 2026] [wsgi:error] [pid 9:tid 139758759823040] Eventlet is deprecated. It is currently being maintained in bugfix mode, and
[Fri Jun 26 02:26:18.834203 2026] [wsgi:error] [pid 9:tid 139758759823040] we strongly recommend against using it for new projects.
[Fri Jun 26 02:26:18.834204 2026] [wsgi:error] [pid 9:tid 139758759823040]
[Fri Jun 26 02:26:18.834205 2026] [wsgi:error] [pid 9:tid 139758759823040] If you are already using Eventlet, we recommend migrating to a different
[Fri Jun 26 02:26:18.834207 2026] [wsgi:error] [pid 9:tid 139758759823040] framework. For more detail see
[Fri Jun 26 02:26:18.834208 2026] [wsgi:error] [pid 9:tid 139758759823040] https://eventlet.readthedocs.io/en/latest/asyncio/migration.html
[Fri Jun 26 02:26:18.834209 2026] [wsgi:error] [pid 9:tid 139758759823040]
[Fri Jun 26 02:26:18.834210 2026] [wsgi:error] [pid 9:tid 139758759823040] __import__(import_str) 10.0.0.65 - - [26/Jun/2026:02:26:18 +0000] "GET / HTTP/1.1" 300 295
[Fri Jun 26 02:26:24.057217 2026] [wsgi:error] [pid 12:tid 139758759823040] /var/lib/openstack/lib/python3.12/site-packages/oslo_utils/importutils.py:77: EventletDeprecationWarning:
[Fri Jun 26 02:26:24.057334 2026] [wsgi:error] [pid 12:tid 139758759823040] Eventlet is deprecated. It is currently being maintained in bugfix mode, and
[Fri Jun 26 02:26:24.057349 2026] [wsgi:error] [pid 12:tid 139758759823040] we strongly recommend against using it for new projects.
[Fri Jun 26 02:26:24.057359 2026] [wsgi:error] [pid 12:tid 139758759823040]
[Fri Jun 26 02:26:24.057370 2026] [wsgi:error] [pid 12:tid 139758759823040] If you are already using Eventlet, we recommend migrating to a different
[Fri Jun 26 02:26:24.057379 2026] [wsgi:error] [pid 12:tid 139758759823040] framework. For more detail see
[Fri Jun 26 02:26:24.057389 2026] [wsgi:error] [pid 12:tid 139758759823040] https://eventlet.readthedocs.io/en/latest/asyncio/migration.html
[Fri Jun 26 02:26:24.057400 2026] [wsgi:error] [pid 12:tid 139758759823040]
[Fri Jun 26 02:26:24.057416 2026] [wsgi:error] [pid 12:tid 139758759823040] __import__(import_str)
[Fri Jun 26 02:26:28.720216 2026] [wsgi:error] [pid 12:tid 139758759823040] [remote 10.0.0.65:33466] 2026-06-26 02:26:28.716 12 WARNING keystone.identity.core [None req-6eb9e6ca-082a-432c-a499-0bf48fbbcb1e - - - - - -] Invalid domain name (atmosphere) found in config file name: keystone.exception.DomainNotFound: Could not find domain: atmosphere.
[Fri Jun 26 02:26:28.778217 2026] [wsgi:error] [pid 12:tid 139758759823040] [remote 10.0.0.65:33466] 2026-06-26 02:26:28.777 12 WARNING keystone.common.password_hashing [None req-6eb9e6ca-082a-432c-a499-0bf48fbbcb1e - - - - - -] Truncating password to algorithm specific maximum length 72 characters.
[Fri Jun 26 02:26:29.061860 2026] [wsgi:error] [pid 12:tid 139758759823040] [remote 10.0.0.65:33466] 2026-06-26 02:26:29.061 12 WARNING keystone.common.fernet_utils [None req-6eb9e6ca-082a-432c-a499-0bf48fbbcb1e - - - - - -] key_repository is world readable: /etc/keystone/fernet-keys/ 10.0.0.65 - - [26/Jun/2026:02:26:23 +0000] "POST /v3/auth/tokens HTTP/1.1" 201 1359
[Fri Jun 26 02:26:29.425360 2026] [wsgi:error] [pid 11:tid 139758759823040] [remote 10.0.0.65:33466] 2026-06-26 02:26:29.422 11 WARNING keystone.identity.core [None req-46f0123d-99a0-49ec-b63f-7bb90dd3be0f - - - - - -] Invalid domain name (atmosphere) found in config file name: keystone.exception.DomainNotFound: Could not find domain: atmosphere. 10.0.0.65 - - [26/Jun/2026:02:26:29 +0000] "POST /v3/domains HTTP/1.1" 201 261 10.0.0.211 - - [26/Jun/2026:02:26:41 +0000] "GET / HTTP/1.1" 300 295
[Fri Jun 26 02:26:41.651510 2026] [wsgi:error] [pid 9:tid 139758759823040] [remote 10.0.0.211:60742] 2026-06-26 02:26:41.650 9 WARNING keystone.common.password_hashing [None req-7e6ca69e-09c5-490b-b5d5-a593f1ce0c23 - - - - - -] Truncating password to algorithm specific maximum length 72 characters.
[Fri Jun 26 02:26:41.920392 2026] [wsgi:error] [pid 9:tid 139758759823040] [remote 10.0.0.211:60742] 2026-06-26 02:26:41.920 9 WARNING keystone.common.fernet_utils [None req-7e6ca69e-09c5-490b-b5d5-a593f1ce0c23 - - - - - -] key_repository is world readable: /etc/keystone/fernet-keys/ 10.0.0.211 - - [26/Jun/2026:02:26:41 +0000] "POST /v3/auth/tokens HTTP/1.1" 201 1359 10.0.0.211 - - [26/Jun/2026:02:26:42 +0000] "GET /v3/roles/admin HTTP/1.1" 404 83
[Fri Jun 26 02:26:42.167638 2026] [wsgi:error] [pid 11:tid 139758759823040] [remote 10.0.0.211:60742] 2026-06-26 02:26:42.167 11 WARNING keystone.common.rbac_enforcer.enforcer [None req-5e432393-47c4-49a5-a1c2-342534a51198 ea492f49081d45b5b1c6e09eecaf032d 2ba6c00d4cd24f1cbd93050273fb9007 - - default default] Deprecated policy rules found. Use oslopolicy-policy-generator and oslopolicy-policy-upgrade to detect and resolve deprecated policies in your configuration. 10.0.0.211 - - [26/Jun/2026:02:26:42 +0000] "GET /v3/roles?name=admin HTTP/1.1" 200 389
[Fri Jun 26 02:26:42.657243 2026] [wsgi:error] [pid 10:tid 139758759823040] [remote 10.0.0.211:60742] 2026-06-26 02:26:42.656 10 WARNING keystone.common.rbac_enforcer.enforcer [None req-40e361e4-1b10-42c9-864a-bc010b5aa5cd ea492f49081d45b5b1c6e09eecaf032d 2ba6c00d4cd24f1cbd93050273fb9007 - - default default] Deprecated policy rules found. Use oslopolicy-policy-generator and oslopolicy-policy-upgrade to detect and resolve deprecated policies in your configuration. 10.0.0.211 - - [26/Jun/2026:02:26:42 +0000] "GET /v3/users/admin-RegionOne HTTP/1.1" 404 93
[Fri Jun 26 02:26:42.803645 2026] [wsgi:error] [pid 9:tid 139758759823040] [remote 10.0.0.211:60742] 2026-06-26 02:26:42.803 9 WARNING keystone.common.rbac_enforcer.enforcer [None req-ea17f004-acef-4689-8087-73a929706092 ea492f49081d45b5b1c6e09eecaf032d 2ba6c00d4cd24f1cbd93050273fb9007 - - default default] Deprecated policy rules found. Use oslopolicy-policy-generator and oslopolicy-policy-upgrade to detect and resolve deprecated policies in your configuration. 10.0.0.211 - - [26/Jun/2026:02:26:42 +0000] "GET /v3/users?name=admin-RegionOne HTTP/1.1" 200 422
[Fri Jun 26 02:26:42.969667 2026] [wsgi:error] [pid 12:tid 139758759823040] [remote 10.0.0.211:60742] 2026-06-26 02:26:42.969 12 WARNING keystone.common.rbac_enforcer.enforcer [None req-dd0bfa98-b841-476c-bb93-b31b383cde89 ea492f49081d45b5b1c6e09eecaf032d 2ba6c00d4cd24f1cbd93050273fb9007 - - default default] Deprecated policy rules found. Use oslopolicy-policy-generator and oslopolicy-policy-upgrade to detect and resolve deprecated policies in your configuration. 10.0.0.211 - - [26/Jun/2026:02:26:42 +0000] "GET /v3/domains/default HTTP/1.1" 200 224 10.0.0.211 - - [26/Jun/2026:02:26:42 +0000] "PUT /v3/domains/default/users/ea492f49081d45b5b1c6e09eecaf032d/roles/d0efe5baee024173aa7582d56dab8347 HTTP/1.1" 204 - 10.0.0.206 - - [26/Jun/2026:02:26:53 +0000] "GET / HTTP/1.1" 300 280 10.0.0.206 - - [26/Jun/2026:02:26:54 +0000] "GET /v3 HTTP/1.1" 200 265
[Fri Jun 26 02:26:54.692273 2026] [wsgi:error] [pid 12:tid 139758759823040] [remote 10.0.0.206:34438] 2026-06-26 02:26:54.692 12 WARNING keystone.common.password_hashing [None req-a426d1b2-3ba3-4ed7-b3d4-befb43103ac3 - - - - - -] Truncating password to algorithm specific maximum length 72 characters.
[Fri Jun 26 02:26:54.961521 2026] [wsgi:error] [pid 12:tid 139758759823040] [remote 10.0.0.206:34438] 2026-06-26 02:26:54.961 12 WARNING keystone.common.fernet_utils [None req-a426d1b2-3ba3-4ed7-b3d4-befb43103ac3 - - - - - -] key_repository is world readable: /etc/keystone/fernet-keys/ 10.0.0.206 - - [26/Jun/2026:02:26:54 +0000] "POST /v3/auth/tokens HTTP/1.1" 201 1359 10.0.0.206 - - [26/Jun/2026:02:26:55 +0000] "GET / HTTP/1.1" 300 280 10.0.0.206 - - [26/Jun/2026:02:26:55 +0000] "GET /v3/domains/atmosphere HTTP/1.1" 404 90 10.0.0.206 - - [26/Jun/2026:02:26:55 +0000] "GET /v3/domains?name=atmosphere HTTP/1.1" 200 368 10.0.0.206 - - [26/Jun/2026:02:26:55 +0000] "GET /v3/domains/3ce043847a554358bce9518eb66dacc1 HTTP/1.1" 200 246 10.0.0.206 - - [26/Jun/2026:02:26:55 +0000] "GET /v3 HTTP/1.1" 200 265
[Fri Jun 26 02:26:56.009853 2026] [wsgi:error] [pid 10:tid 139758759823040] [remote 10.0.0.206:34438] 2026-06-26 02:26:56.009 10 WARNING keystone.common.password_hashing [None req-848bb120-b829-4387-a734-37699b98db3b - - - - - -] Truncating password to algorithm specific maximum length 72 characters.
[Fri Jun 26 02:26:56.280021 2026] [wsgi:error] [pid 10:tid 139758759823040] [remote 10.0.0.206:34438] 2026-06-26 02:26:56.279 10 WARNING keystone.common.fernet_utils [None req-848bb120-b829-4387-a734-37699b98db3b - - - - - -] key_repository is world readable: /etc/keystone/fernet-keys/ 10.0.0.206 - - [26/Jun/2026:02:26:55 +0000] "POST /v3/auth/tokens HTTP/1.1" 201 1359 10.0.0.206 - - [26/Jun/2026:02:26:56 +0000] "GET / HTTP/1.1" 300 280 10.0.0.206 - - [26/Jun/2026:02:26:56 +0000] "GET /v3/OS-FEDERATION/identity_providers/atmosphere HTTP/1.1" 404 101 10.0.0.206 - - [26/Jun/2026:02:26:56 +0000] "GET /v3/OS-FEDERATION/identity_providers HTTP/1.1" 200 155 10.0.0.206 - - [26/Jun/2026:02:26:56 +0000] "PUT /v3/OS-FEDERATION/identity_providers/atmosphere HTTP/1.1" 201 340 10.0.0.206 - - [26/Jun/2026:02:26:57 +0000] "GET /v3 HTTP/1.1" 200 265
[Fri Jun 26 02:26:57.061831 2026] [wsgi:error] [pid 12:tid 139758759823040] [remote 10.0.0.206:56208] 2026-06-26 02:26:57.061 12 WARNING keystone.common.password_hashing [None req-c480715e-07cd-4d39-90d7-8a343f303db0 - - - - - -] Truncating password to algorithm specific maximum length 72 characters.
[Fri Jun 26 02:26:57.334120 2026] [wsgi:error] [pid 12:tid 139758759823040] [remote 10.0.0.206:56208] 2026-06-26 02:26:57.333 12 WARNING keystone.common.fernet_utils [None req-c480715e-07cd-4d39-90d7-8a343f303db0 - - - - - -] key_repository is world readable: /etc/keystone/fernet-keys/ 10.0.0.206 - - [26/Jun/2026:02:26:57 +0000] "POST /v3/auth/tokens HTTP/1.1" 201 1359 10.0.0.206 - - [26/Jun/2026:02:26:57 +0000] "GET / HTTP/1.1" 300 280 10.0.0.206 - - [26/Jun/2026:02:26:57 +0000] "GET /v3/OS-FEDERATION/mappings/atmosphere-openid HTTP/1.1" 404 98 10.0.0.206 - - [26/Jun/2026:02:26:57 +0000] "GET /v3/OS-FEDERATION/mappings HTTP/1.1" 200 135 10.0.0.206 - - [26/Jun/2026:02:26:57 +0000] "PUT /v3/OS-FEDERATION/mappings/atmosphere-openid HTTP/1.1" 201 356 10.0.0.206 - - [26/Jun/2026:02:26:58 +0000] "GET /v3 HTTP/1.1" 200 265
[Fri Jun 26 02:26:58.119251 2026] [wsgi:error] [pid 10:tid 139758759823040] [remote 10.0.0.206:34438] 2026-06-26 02:26:58.119 10 WARNING keystone.common.password_hashing [None req-8b11859a-1433-4aa2-804b-db6f36508f72 - - - - - -] Truncating password to algorithm specific maximum length 72 characters.
[Fri Jun 26 02:26:58.397671 2026] [wsgi:error] [pid 10:tid 139758759823040] [remote 10.0.0.206:34438] 2026-06-26 02:26:58.397 10 WARNING keystone.common.fernet_utils [None req-8b11859a-1433-4aa2-804b-db6f36508f72 - - - - - -] key_repository is world readable: /etc/keystone/fernet-keys/ 10.0.0.206 - - [26/Jun/2026:02:26:58 +0000] "POST /v3/auth/tokens HTTP/1.1" 201 1359 10.0.0.206 - - [26/Jun/2026:02:26:58 +0000] "GET / HTTP/1.1" 300 280 10.0.0.206 - - [26/Jun/2026:02:26:58 +0000] "GET /v3/OS-FEDERATION/identity_providers/atmosphere/protocols/openid?idp_id=atmosphere HTTP/1.1" 404 131 10.0.0.206 - - [26/Jun/2026:02:26:58 +0000] "GET /v3/OS-FEDERATION/identity_providers/atmosphere/protocols HTTP/1.1" 200 167 10.0.0.206 - - [26/Jun/2026:02:26:58 +0000] "PUT /v3/OS-FEDERATION/identity_providers/atmosphere/protocols/openid HTTP/1.1" 201 222 10.0.0.206 - - [26/Jun/2026:02:27:05 +0000] "GET /v3/ HTTP/1.1" 200 250 10.0.0.206 - - [26/Jun/2026:02:27:05 +0000] "GET /v3/ HTTP/1.1" 200 250 10.0.0.206 - - [26/Jun/2026:02:28:05 +0000] "GET /v3/ HTTP/1.1" 200 250 10.0.0.206 - - [26/Jun/2026:02:28:05 +0000] "GET /v3/ HTTP/1.1" 200 250 10.0.0.238 - - [26/Jun/2026:02:28:21 +0000] "GET / HTTP/1.1" 300 295
[Fri Jun 26 02:28:21.236313 2026] [wsgi:error] [pid 12:tid 139758759823040] [remote 10.0.0.238:44892] 2026-06-26 02:28:21.235 12 WARNING keystone.common.password_hashing [None req-40e9febe-a783-4ff1-9615-fd53597cba33 - - - - - -] Truncating password to algorithm specific maximum length 72 characters.
[Fri Jun 26 02:28:21.518024 2026] [wsgi:error] [pid 12:tid 139758759823040] [remote 10.0.0.238:44892] 2026-06-26 02:28:21.517 12 WARNING keystone.common.fernet_utils [None req-40e9febe-a783-4ff1-9615-fd53597cba33 - - - - - -] key_repository is world readable: /etc/keystone/fernet-keys/ 10.0.0.238 - - [26/Jun/2026:02:28:21 +0000] "POST /v3/auth/tokens HTTP/1.1" 201 1359 10.0.0.238 - - [26/Jun/2026:02:28:21 +0000] "GET /v3/services HTTP/1.1" 200 355 10.0.0.238 - - [26/Jun/2026:02:28:25 +0000] "GET / HTTP/1.1" 300 295
[Fri Jun 26 02:28:25.204217 2026] [wsgi:error] [pid 9:tid 139758759823040] [remote 10.0.0.238:49466] 2026-06-26 02:28:25.204 9 WARNING keystone.common.password_hashing [None req-ccf7d7f8-fb5c-4393-868e-9a61e5da154d - - - - - -] Truncating password to algorithm specific maximum length 72 characters.
[Fri Jun 26 02:28:25.475795 2026] [wsgi:error] [pid 9:tid 139758759823040] [remote 10.0.0.238:49466] 2026-06-26 02:28:25.475 9 WARNING keystone.common.fernet_utils [None req-ccf7d7f8-fb5c-4393-868e-9a61e5da154d - - - - - -] key_repository is world readable: /etc/keystone/fernet-keys/ 10.0.0.238 - - [26/Jun/2026:02:28:25 +0000] "POST /v3/auth/tokens HTTP/1.1" 201 1359 10.0.0.238 - - [26/Jun/2026:02:28:25 +0000] "GET /v3/services HTTP/1.1" 200 355 10.0.0.238 - - [26/Jun/2026:02:28:29 +0000] "GET / HTTP/1.1" 300 295
[Fri Jun 26 02:28:29.106938 2026] [wsgi:error] [pid 10:tid 139758759823040] [remote 10.0.0.238:49474] 2026-06-26 02:28:29.106 10 WARNING keystone.common.password_hashing [None req-f7881d98-620a-4438-80b2-20fd4ee09217 - - - - - -] Truncating password to algorithm specific maximum length 72 characters.
[Fri Jun 26 02:28:29.387189 2026] [wsgi:error] [pid 10:tid 139758759823040] [remote 10.0.0.238:49474] 2026-06-26 02:28:29.387 10 WARNING keystone.common.fernet_utils [None req-f7881d98-620a-4438-80b2-20fd4ee09217 - - - - - -] key_repository is world readable: /etc/keystone/fernet-keys/ 10.0.0.238 - - [26/Jun/2026:02:28:29 +0000] "POST /v3/auth/tokens HTTP/1.1" 201 1359 10.0.0.238 - - [26/Jun/2026:02:28:29 +0000] "GET /v3/services HTTP/1.1" 200 355 10.0.0.238 - - [26/Jun/2026:02:28:33 +0000] "GET / HTTP/1.1" 300 295
[Fri Jun 26 02:28:33.093445 2026] [wsgi:error] [pid 11:tid 139758759823040] [remote 10.0.0.238:49484] 2026-06-26 02:28:33.093 11 WARNING keystone.common.password_hashing [None req-5a8cac74-bab2-4768-8b93-c7af87e9ce06 - - - - - -] Truncating password to algorithm specific maximum length 72 characters.
[Fri Jun 26 02:28:33.365511 2026] [wsgi:error] [pid 11:tid 139758759823040] [remote 10.0.0.238:49484] 2026-06-26 02:28:33.365 11 WARNING keystone.common.fernet_utils [None req-5a8cac74-bab2-4768-8b93-c7af87e9ce06 - - - - - -] key_repository is world readable: /etc/keystone/fernet-keys/ 10.0.0.238 - - [26/Jun/2026:02:28:33 +0000] "POST /v3/auth/tokens HTTP/1.1" 201 1359 10.0.0.238 - - [26/Jun/2026:02:28:33 +0000] "POST /v3/services HTTP/1.1" 201 296 10.0.0.58 - - [26/Jun/2026:02:28:44 +0000] "GET / HTTP/1.1" 300 295
[Fri Jun 26 02:28:44.336009 2026] [wsgi:error] [pid 12:tid 139758759823040] [remote 10.0.0.58:45120] 2026-06-26 02:28:44.335 12 WARNING keystone.common.password_hashing [None req-090ee908-4699-48ac-9815-227c48af6d69 - - - - - -] Truncating password to algorithm specific maximum length 72 characters. 10.0.0.58 - - [26/Jun/2026:02:28:44 +0000] "GET / HTTP/1.1" 300 295
[Fri Jun 26 02:28:44.471378 2026] [wsgi:error] [pid 10:tid 139758759823040] [remote 10.0.0.58:45130] 2026-06-26 02:28:44.471 10 WARNING keystone.common.password_hashing [None req-d71a0bd2-cb37-41e6-a52e-285e2f7e73d7 - - - - - -] Truncating password to algorithm specific maximum length 72 characters.
[Fri Jun 26 02:28:44.616996 2026] [wsgi:error] [pid 12:tid 139758759823040] [remote 10.0.0.58:45120] 2026-06-26 02:28:44.616 12 WARNING keystone.common.fernet_utils [None req-090ee908-4699-48ac-9815-227c48af6d69 - - - - - -] key_repository is world readable: /etc/keystone/fernet-keys/ 10.0.0.58 - - [26/Jun/2026:02:28:44 +0000] "GET / HTTP/1.1" 300 295 10.0.0.58 - - [26/Jun/2026:02:28:44 +0000] "POST /v3/auth/tokens HTTP/1.1" 201 1463
[Fri Jun 26 02:28:44.640227 2026] [wsgi:error] [pid 9:tid 139758759823040] [remote 10.0.0.58:45144] 2026-06-26 02:28:44.640 9 WARNING keystone.common.password_hashing [None req-ba3d4fbe-09f8-49cc-8bc1-9d6ebda9cc0d - - - - - -] Truncating password to algorithm specific maximum length 72 characters.
[Fri Jun 26 02:28:44.740965 2026] [wsgi:error] [pid 10:tid 139758759823040] [remote 10.0.0.58:45130] 2026-06-26 02:28:44.740 10 WARNING keystone.common.fernet_utils [None req-d71a0bd2-cb37-41e6-a52e-285e2f7e73d7 - - - - - -] key_repository is world readable: /etc/keystone/fernet-keys/ 10.0.0.58 - - [26/Jun/2026:02:28:44 +0000] "POST /v3/auth/tokens HTTP/1.1" 201 1463 10.0.0.58 - - [26/Jun/2026:02:28:44 +0000] "GET /v3/services HTTP/1.1" 200 639 10.0.0.58 - - [26/Jun/2026:02:28:44 +0000] "GET /v3/services HTTP/1.1" 200 639
[Fri Jun 26 02:28:44.928796 2026] [wsgi:error] [pid 9:tid 139758759823040] [remote 10.0.0.58:45144] 2026-06-26 02:28:44.928 9 WARNING keystone.common.fernet_utils [None req-ba3d4fbe-09f8-49cc-8bc1-9d6ebda9cc0d - - - - - -] key_repository is world readable: /etc/keystone/fernet-keys/ 10.0.0.58 - - [26/Jun/2026:02:28:44 +0000] "POST /v3/auth/tokens HTTP/1.1" 201 1463 10.0.0.58 - - [26/Jun/2026:02:28:45 +0000] "GET /v3/services HTTP/1.1" 200 639 10.0.0.58 - - [26/Jun/2026:02:28:46 +0000] "GET / HTTP/1.1" 300 295
[Fri Jun 26 02:28:46.303521 2026] [wsgi:error] [pid 12:tid 139758759823040] [remote 10.0.0.58:45146] 2026-06-26 02:28:46.303 12 WARNING keystone.common.password_hashing [None req-094f71f8-b256-4e82-a2cd-cb502b6d684b - - - - - -] Truncating password to algorithm specific maximum length 72 characters. 10.0.0.58 - - [26/Jun/2026:02:28:46 +0000] "GET / HTTP/1.1" 300 295
[Fri Jun 26 02:28:46.388340 2026] [wsgi:error] [pid 10:tid 139758759823040] [remote 10.0.0.58:45148] 2026-06-26 02:28:46.388 10 WARNING keystone.common.password_hashing [None req-5d827bcc-f303-4c2b-8482-d5b26cde8df8 - - - - - -] Truncating password to algorithm specific maximum length 72 characters.
[Fri Jun 26 02:28:46.580795 2026] [wsgi:error] [pid 12:tid 139758759823040] [remote 10.0.0.58:45146] 2026-06-26 02:28:46.580 12 WARNING keystone.common.fernet_utils [None req-094f71f8-b256-4e82-a2cd-cb502b6d684b - - - - - -] key_repository is world readable: /etc/keystone/fernet-keys/ 10.0.0.58 - - [26/Jun/2026:02:28:46 +0000] "POST /v3/auth/tokens HTTP/1.1" 201 1463
[Fri Jun 26 02:28:46.659100 2026] [wsgi:error] [pid 10:tid 139758759823040] [remote 10.0.0.58:45148] 2026-06-26 02:28:46.658 10 WARNING keystone.common.fernet_utils [None req-5d827bcc-f303-4c2b-8482-d5b26cde8df8 - - - - - -] key_repository is world readable: /etc/keystone/fernet-keys/ 10.0.0.58 - - [26/Jun/2026:02:28:46 +0000] "GET / HTTP/1.1" 300 295 10.0.0.58 - - [26/Jun/2026:02:28:46 +0000] "POST /v3/auth/tokens HTTP/1.1" 201 1463
[Fri Jun 26 02:28:46.679902 2026] [wsgi:error] [pid 9:tid 139758759823040] [remote 10.0.0.58:45156] 2026-06-26 02:28:46.679 9 WARNING keystone.common.password_hashing [None req-c0ace3c6-c466-447e-ba1d-a5eaeab3bf0d - - - - - -] Truncating password to algorithm specific maximum length 72 characters. 10.0.0.58 - - [26/Jun/2026:02:28:46 +0000] "GET /v3/endpoints HTTP/1.1" 200 1226 10.0.0.58 - - [26/Jun/2026:02:28:46 +0000] "GET /v3/services/6614856056ce40f981422319fbb65476 HTTP/1.1" 200 233 10.0.0.58 - - [26/Jun/2026:02:28:46 +0000] "GET /v3/services/6614856056ce40f981422319fbb65476 HTTP/1.1" 200 233 10.0.0.58 - - [26/Jun/2026:02:28:46 +0000] "GET /v3/endpoints HTTP/1.1" 200 1226 10.0.0.58 - - [26/Jun/2026:02:28:46 +0000] "GET /v3/services/6614856056ce40f981422319fbb65476 HTTP/1.1" 200 233 10.0.0.58 - - [26/Jun/2026:02:28:46 +0000] "GET /v3/services/6614856056ce40f981422319fbb65476 HTTP/1.1" 200 233 10.0.0.58 - - [26/Jun/2026:02:28:46 +0000] "GET /v3/services/6614856056ce40f981422319fbb65476 HTTP/1.1" 200 233 10.0.0.58 - - [26/Jun/2026:02:28:46 +0000] "GET /v3/services/6614856056ce40f981422319fbb65476 HTTP/1.1" 200 233
[Fri Jun 26 02:28:46.969241 2026] [wsgi:error] [pid 9:tid 139758759823040] [remote 10.0.0.58:45156] 2026-06-26 02:28:46.969 9 WARNING keystone.common.fernet_utils [None req-c0ace3c6-c466-447e-ba1d-a5eaeab3bf0d - - - - - -] key_repository is world readable: /etc/keystone/fernet-keys/ 10.0.0.58 - - [26/Jun/2026:02:28:46 +0000] "POST /v3/auth/tokens HTTP/1.1" 201 1463 10.0.0.58 - - [26/Jun/2026:02:28:47 +0000] "GET /v3/endpoints HTTP/1.1" 200 1226 10.0.0.58 - - [26/Jun/2026:02:28:47 +0000] "GET /v3/services/6614856056ce40f981422319fbb65476 HTTP/1.1" 200 233 10.0.0.58 - - [26/Jun/2026:02:28:47 +0000] "GET /v3/services/6614856056ce40f981422319fbb65476 HTTP/1.1" 200 233 10.0.0.58 - - [26/Jun/2026:02:28:47 +0000] "GET /v3/services/6614856056ce40f981422319fbb65476 HTTP/1.1" 200 233 10.0.0.58 - - [26/Jun/2026:02:28:48 +0000] "GET / HTTP/1.1" 300 295
[Fri Jun 26 02:28:48.245097 2026] [wsgi:error] [pid 12:tid 139758759823040] [remote 10.0.0.58:45168] 2026-06-26 02:28:48.244 12 WARNING keystone.common.password_hashing [None req-cdf3e924-93b6-45b8-9017-f4028e9118dc - - - - - -] Truncating password to algorithm specific maximum length 72 characters. 10.0.0.58 - - [26/Jun/2026:02:28:48 +0000] "GET / HTTP/1.1" 300 295
[Fri Jun 26 02:28:48.308807 2026] [wsgi:error] [pid 9:tid 139758759823040] [remote 10.0.0.58:45180] 2026-06-26 02:28:48.308 9 WARNING keystone.common.password_hashing [None req-8495e102-8267-45af-8321-1df7dbba9771 - - - - - -] Truncating password to algorithm specific maximum length 72 characters.
[Fri Jun 26 02:28:48.535820 2026] [wsgi:error] [pid 12:tid 139758759823040] [remote 10.0.0.58:45168] 2026-06-26 02:28:48.535 12 WARNING keystone.common.fernet_utils [None req-cdf3e924-93b6-45b8-9017-f4028e9118dc - - - - - -] key_repository is world readable: /etc/keystone/fernet-keys/ 10.0.0.58 - - [26/Jun/2026:02:28:48 +0000] "POST /v3/auth/tokens HTTP/1.1" 201 1463 10.0.0.58 - - [26/Jun/2026:02:28:48 +0000] "GET / HTTP/1.1" 300 295
[Fri Jun 26 02:28:48.582051 2026] [wsgi:error] [pid 11:tid 139758759823040] [remote 10.0.0.58:45196] 2026-06-26 02:28:48.581 11 WARNING keystone.common.password_hashing [None req-e59caecc-d9b6-4a48-ab82-d66878c320fd - - - - - -] Truncating password to algorithm specific maximum length 72 characters.
[Fri Jun 26 02:28:48.584125 2026] [wsgi:error] [pid 9:tid 139758759823040] [remote 10.0.0.58:45180] 2026-06-26 02:28:48.583 9 WARNING keystone.common.fernet_utils [None req-8495e102-8267-45af-8321-1df7dbba9771 - - - - - -] key_repository is world readable: /etc/keystone/fernet-keys/ 10.0.0.58 - - [26/Jun/2026:02:28:48 +0000] "POST /v3/auth/tokens HTTP/1.1" 201 1463 10.0.0.58 - - [26/Jun/2026:02:28:48 +0000] "GET /v3/services/b1452aac708a4721a3ba845a3ad4daa8 HTTP/1.1" 200 296 10.0.0.58 - - [26/Jun/2026:02:28:48 +0000] "GET /v3/regions/RegionOne HTTP/1.1" 200 173 10.0.0.58 - - [26/Jun/2026:02:28:48 +0000] "GET /v3/services/b1452aac708a4721a3ba845a3ad4daa8 HTTP/1.1" 200 296 10.0.0.58 - - [26/Jun/2026:02:28:48 +0000] "GET /v3/regions/RegionOne HTTP/1.1" 200 173
[Fri Jun 26 02:28:48.857192 2026] [wsgi:error] [pid 11:tid 139758759823040] [remote 10.0.0.58:45196] 2026-06-26 02:28:48.857 11 WARNING keystone.common.fernet_utils [None req-e59caecc-d9b6-4a48-ab82-d66878c320fd - - - - - -] key_repository is world readable: /etc/keystone/fernet-keys/ 10.0.0.58 - - [26/Jun/2026:02:28:48 +0000] "POST /v3/auth/tokens HTTP/1.1" 201 1463 10.0.0.58 - - [26/Jun/2026:02:28:48 +0000] "POST /v3/endpoints HTTP/1.1" 201 380 10.0.0.58 - - [26/Jun/2026:02:28:48 +0000] "POST /v3/endpoints HTTP/1.1" 201 383 10.0.0.58 - - [26/Jun/2026:02:28:48 +0000] "GET /v3/services/b1452aac708a4721a3ba845a3ad4daa8 HTTP/1.1" 200 296 10.0.0.58 - - [26/Jun/2026:02:28:48 +0000] "GET /v3/regions/RegionOne HTTP/1.1" 200 173 10.0.0.58 - - [26/Jun/2026:02:28:48 +0000] "POST /v3/endpoints HTTP/1.1" 201 369 10.0.0.58 - - [26/Jun/2026:02:28:50 +0000] "GET / HTTP/1.1" 300 295 10.0.0.58 - - [26/Jun/2026:02:28:50 +0000] "GET / HTTP/1.1" 300 295
[Fri Jun 26 02:28:50.356395 2026] [wsgi:error] [pid 10:tid 139758759823040] [remote 10.0.0.58:45210] 2026-06-26 02:28:50.356 10 WARNING keystone.common.password_hashing [None req-65663a7b-c4e8-412b-ac44-03f58bc75ab2 - - - - - -] Truncating password to algorithm specific maximum length 72 characters.
[Fri Jun 26 02:28:50.368702 2026] [wsgi:error] [pid 12:tid 139758759823040] [remote 10.0.0.58:45226] 2026-06-26 02:28:50.368 12 WARNING keystone.common.password_hashing [None req-7edd2b16-e731-45d4-bf49-77eeabc2df8e - - - - - -] Truncating password to algorithm specific maximum length 72 characters. 10.0.0.58 - - [26/Jun/2026:02:28:50 +0000] "GET / HTTP/1.1" 300 295
[Fri Jun 26 02:28:50.486377 2026] [wsgi:error] [pid 11:tid 139758759823040] [remote 10.0.0.58:45240] 2026-06-26 02:28:50.486 11 WARNING keystone.common.password_hashing [None req-a79ff040-0aa8-4987-8a15-107160f969ab - - - - - -] Truncating password to algorithm specific maximum length 72 characters.
[Fri Jun 26 02:28:50.628335 2026] [wsgi:error] [pid 10:tid 139758759823040] [remote 10.0.0.58:45210] 2026-06-26 02:28:50.628 10 WARNING keystone.common.fernet_utils [None req-65663a7b-c4e8-412b-ac44-03f58bc75ab2 - - - - - -] key_repository is world readable: /etc/keystone/fernet-keys/ 10.0.0.58 - - [26/Jun/2026:02:28:50 +0000] "POST /v3/auth/tokens HTTP/1.1" 201 1990
[Fri Jun 26 02:28:50.647592 2026] [wsgi:error] [pid 12:tid 139758759823040] [remote 10.0.0.58:45226] 2026-06-26 02:28:50.647 12 WARNING keystone.common.fernet_utils [None req-7edd2b16-e731-45d4-bf49-77eeabc2df8e - - - - - -] key_repository is world readable: /etc/keystone/fernet-keys/ 10.0.0.58 - - [26/Jun/2026:02:28:50 +0000] "POST /v3/auth/tokens HTTP/1.1" 201 1990 10.0.0.58 - - [26/Jun/2026:02:28:50 +0000] "GET /v3/endpoints/8e12ad36d628473a907cecc9ed300ae8 HTTP/1.1" 200 380 10.0.0.58 - - [26/Jun/2026:02:28:50 +0000] "GET /v3/services/b1452aac708a4721a3ba845a3ad4daa8 HTTP/1.1" 200 296 10.0.0.58 - - [26/Jun/2026:02:28:50 +0000] "GET /v3/endpoints/8fa5752d96c142919cb6645f39d74edd HTTP/1.1" 200 383
[Fri Jun 26 02:28:50.777513 2026] [wsgi:error] [pid 11:tid 139758759823040] [remote 10.0.0.58:45240] 2026-06-26 02:28:50.777 11 WARNING keystone.common.fernet_utils [None req-a79ff040-0aa8-4987-8a15-107160f969ab - - - - - -] key_repository is world readable: /etc/keystone/fernet-keys/ 10.0.0.58 - - [26/Jun/2026:02:28:50 +0000] "POST /v3/auth/tokens HTTP/1.1" 201 1990 10.0.0.58 - - [26/Jun/2026:02:28:50 +0000] "GET /v3/services/b1452aac708a4721a3ba845a3ad4daa8 HTTP/1.1" 200 296 10.0.0.58 - - [26/Jun/2026:02:28:50 +0000] "GET /v3/endpoints/00412a2396df4d17a8c9fe04d50961e0 HTTP/1.1" 200 369 10.0.0.58 - - [26/Jun/2026:02:28:50 +0000] "GET /v3/services/b1452aac708a4721a3ba845a3ad4daa8 HTTP/1.1" 200 296 10.0.0.138 - - [26/Jun/2026:02:29:01 +0000] "GET / HTTP/1.1" 300 295
[Fri Jun 26 02:29:01.595354 2026] [wsgi:error] [pid 9:tid 139758759823040] [remote 10.0.0.138:37610] 2026-06-26 02:29:01.595 9 WARNING keystone.common.password_hashing [None req-d17a3d0a-9131-4f72-ac7e-6454895a4b52 - - - - - -] Truncating password to algorithm specific maximum length 72 characters.
[Fri Jun 26 02:29:01.866277 2026] [wsgi:error] [pid 9:tid 139758759823040] [remote 10.0.0.138:37610] 2026-06-26 02:29:01.866 9 WARNING keystone.common.fernet_utils [None req-d17a3d0a-9131-4f72-ac7e-6454895a4b52 - - - - - -] key_repository is world readable: /etc/keystone/fernet-keys/ 10.0.0.138 - - [26/Jun/2026:02:29:01 +0000] "POST /v3/auth/tokens HTTP/1.1" 201 1990 10.0.0.138 - - [26/Jun/2026:02:29:01 +0000] "POST /v3/domains HTTP/1.1" 201 284 10.0.0.138 - - [26/Jun/2026:02:29:03 +0000] "GET / HTTP/1.1" 300 295
[Fri Jun 26 02:29:03.572710 2026] [wsgi:error] [pid 11:tid 139758759823040] [remote 10.0.0.138:37612] 2026-06-26 02:29:03.572 11 WARNING keystone.common.password_hashing [None req-696c3b60-c20a-47da-9e4f-d86d72578571 - - - - - -] Truncating password to algorithm specific maximum length 72 characters.
[Fri Jun 26 02:29:03.849659 2026] [wsgi:error] [pid 11:tid 139758759823040] [remote 10.0.0.138:37612] 2026-06-26 02:29:03.849 11 WARNING keystone.common.fernet_utils [None req-696c3b60-c20a-47da-9e4f-d86d72578571 - - - - - -] key_repository is world readable: /etc/keystone/fernet-keys/ 10.0.0.138 - - [26/Jun/2026:02:29:03 +0000] "POST /v3/auth/tokens HTTP/1.1" 201 1990
[Fri Jun 26 02:29:04.035100 2026] [wsgi:error] [pid 9:tid 139758759823040] [remote 10.0.0.138:37612] 2026-06-26 02:29:04.022 9 ERROR keystone.server.flask.application [None req-97de8836-c6c0-4781-a0ec-d76e2ce82675 ea492f49081d45b5b1c6e09eecaf032d 2ba6c00d4cd24f1cbd93050273fb9007 - - default default] Conflict occurred attempting to store project - it is not permitted to have two projects acting as domains with the same name: service.: keystone.exception.Conflict: Conflict occurred attempting to store project - it is not permitted to have two projects acting as domains with the same name: service.
[Fri Jun 26 02:29:04.035122 2026] [wsgi:error] [pid 9:tid 139758759823040] [remote 10.0.0.138:37612] 2026-06-26 02:29:04.022 9 ERROR keystone.server.flask.application
Traceback (most recent call last):
[Fri Jun 26 02:29:04.035124 2026] [wsgi:error] [pid 9:tid 139758759823040] [remote 10.0.0.138:37612] 2026-06-26 02:29:04.022 9 ERROR keystone.server.flask.application
File "/var/lib/openstack/lib/python3.12/site-packages/sqlalchemy/engine/base.py", line 1969, in _exec_single_context
[Fri Jun 26 02:29:04.035126 2026] [wsgi:error] [pid 9:tid 139758759823040] [remote 10.0.0.138:37612] 2026-06-26 02:29:04.022 9 ERROR keystone.server.flask.application self.dialect.do_execute(
[Fri Jun 26 02:29:04.035127 2026] [wsgi:error] [pid 9:tid 139758759823040] [remote 10.0.0.138:37612] 2026-06-26 02:29:04.022 9 ERROR keystone.server.flask.application
File "/var/lib/openstack/lib/python3.12/site-packages/sqlalchemy/engine/default.py", line 952, in do_execute
[Fri Jun 26 02:29:04.035129 2026] [wsgi:error] [pid 9:tid 139758759823040] [remote 10.0.0.138:37612] 2026-06-26 02:29:04.022 9 ERROR keystone.server.flask.application cursor.execute(statement, parameters)
[Fri Jun 26 02:29:04.035131 2026] [wsgi:error] [pid 9:tid 139758759823040] [remote 10.0.0.138:37612] 2026-06-26 02:29:04.022 9 ERROR keystone.server.flask.application
File "/var/lib/openstack/lib/python3.12/site-packages/pymysql/cursors.py", line 159, in execute
[Fri Jun 26 02:29:04.035132 2026] [wsgi:error] [pid 9:tid 139758759823040] [remote 10.0.0.138:37612] 2026-06-26 02:29:04.022 9 ERROR keystone.server.flask.application result = self._query(query)
[Fri Jun 26 02:29:04.035134 2026] [wsgi:error] [pid 9:tid 139758759823040] [remote 10.0.0.138:37612] 2026-06-26 02:29:04.022 9 ERROR keystone.server.flask.application ^^^^^^^^^^^^^^^^^^
[Fri Jun 26 02:29:04.035135 2026] [wsgi:error] [pid 9:tid 139758759823040] [remote 10.0.0.138:37612] 2026-06-26 02:29:04.022 9 ERROR keystone.server.flask.application
File "/var/lib/openstack/lib/python3.12/site-packages/pymysql/cursors.py", line 330, in _query
[Fri Jun 26 02:29:04.035137 2026] [wsgi:error] [pid 9:tid 139758759823040] [remote 10.0.0.138:37612] 2026-06-26 02:29:04.022 9 ERROR keystone.server.flask.application conn.query(q)
[Fri Jun 26 02:29:04.035138 2026] [wsgi:error] [pid 9:tid 139758759823040] [remote 10.0.0.138:37612] 2026-06-26 02:29:04.022 9 ERROR keystone.server.flask.application
File "/var/lib/openstack/lib/python3.12/site-packages/pymysql/connections.py", line 582, in query
[Fri Jun 26 02:29:04.035140 2026] [wsgi:error] [pid 9:tid 139758759823040] [remote 10.0.0.138:37612] 2026-06-26 02:29:04.022 9 ERROR keystone.server.flask.application self._affected_rows = self._read_query_result(unbuffered=unbuffered)
[Fri Jun 26 02:29:04.035141 2026] [wsgi:error] [pid 9:tid 139758759823040] [remote 10.0.0.138:37612] 2026-06-26 02:29:04.022 9 ERROR keystone.server.flask.application ^^^^^^^^^^^^^^^^^^^^^^^^^^^^^^^^^^^^^^^^^^^^^^
[Fri Jun 26 02:29:04.035142 2026] [wsgi:error] [pid 9:tid 139758759823040] [remote 10.0.0.138:37612] 2026-06-26 02:29:04.022 9 ERROR keystone.server.flask.application
File "/var/lib/openstack/lib/python3.12/site-packages/pymysql/connections.py", line 847, in _read_query_result
[Fri Jun 26 02:29:04.035144 2026] [wsgi:error] [pid 9:tid 139758759823040] [remote 10.0.0.138:37612] 2026-06-26 02:29:04.022 9 ERROR keystone.server.flask.application result.read()
[Fri Jun 26 02:29:04.035146 2026] [wsgi:error] [pid 9:tid 139758759823040] [remote 10.0.0.138:37612] 2026-06-26 02:29:04.022 9 ERROR keystone.server.flask.application
File "/var/lib/openstack/lib/python3.12/site-packages/pymysql/connections.py", line 1245, in read
[Fri Jun 26 02:29:04.035148 2026] [wsgi:error] [pid 9:tid 139758759823040] [remote 10.0.0.138:37612] 2026-06-26 02:29:04.022 9 ERROR keystone.server.flask.application first_packet = self.connection._read_packet()
[Fri Jun 26 02:29:04.035149 2026] [wsgi:error] [pid 9:tid 139758759823040] [remote 10.0.0.138:37612] 2026-06-26 02:29:04.022 9 ERROR keystone.server.flask.application ^^^^^^^^^^^^^^^^^^^^^^^^^^^^^^
[Fri Jun 26 02:29:04.035150 2026] [wsgi:error] [pid 9:tid 139758759823040] [remote 10.0.0.138:37612] 2026-06-26 02:29:04.022 9 ERROR keystone.server.flask.application
File "/var/lib/openstack/lib/python3.12/site-packages/pymysql/connections.py", line 803, in _read_packet
[Fri Jun 26 02:29:04.035152 2026] [wsgi:error] [pid 9:tid 139758759823040] [remote 10.0.0.138:37612] 2026-06-26 02:29:04.022 9 ERROR keystone.server.flask.application packet.raise_for_error()
[Fri Jun 26 02:29:04.035153 2026] [wsgi:error] [pid 9:tid 139758759823040] [remote 10.0.0.138:37612] 2026-06-26 02:29:04.022 9 ERROR keystone.server.flask.application
File "/var/lib/openstack/lib/python3.12/site-packages/pymysql/protocol.py", line 219, in raise_for_error
[Fri Jun 26 02:29:04.035154 2026] [wsgi:error] [pid 9:tid 139758759823040] [remote 10.0.0.138:37612] 2026-06-26 02:29:04.022 9 ERROR keystone.server.flask.application err.raise_mysql_exception(self._data)
[Fri Jun 26 02:29:04.035156 2026] [wsgi:error] [pid 9:tid 139758759823040] [remote 10.0.0.138:37612] 2026-06-26 02:29:04.022 9 ERROR keystone.server.flask.application
File "/var/lib/openstack/lib/python3.12/site-packages/pymysql/err.py", line 154, in raise_mysql_exception
[Fri Jun 26 02:29:04.035157 2026] [wsgi:error] [pid 9:tid 139758759823040] [remote 10.0.0.138:37612] 2026-06-26 02:29:04.022 9 ERROR keystone.server.flask.application raise errorclass(errno, errval, sqlstate=sqlstate)
[Fri Jun 26 02:29:04.035159 2026] [wsgi:error] [pid 9:tid 139758759823040] [remote 10.0.0.138:37612] 2026-06-26 02:29:04.022 9 ERROR keystone.server.flask.application pymysql.err.IntegrityError: (1062, "Duplicate entry '<>-service' for key 'project.ixu_project_name_domain_id'")
[Fri Jun 26 02:29:04.035160 2026] [wsgi:error] [pid 9:tid 139758759823040] [remote 10.0.0.138:37612] 2026-06-26 02:29:04.022 9 ERROR keystone.server.flask.application
[Fri Jun 26 02:29:04.035161 2026] [wsgi:error] [pid 9:tid 139758759823040] [remote 10.0.0.138:37612] 2026-06-26 02:29:04.022 9 ERROR keystone.server.flask.application The above exception was the direct cause of the following exception:
[Fri Jun 26 02:29:04.035163 2026] [wsgi:error] [pid 9:tid 139758759823040] [remote 10.0.0.138:37612] 2026-06-26 02:29:04.022 9 ERROR keystone.server.flask.application
[Fri Jun 26 02:29:04.035164 2026] [wsgi:error] [pid 9:tid 139758759823040] [remote 10.0.0.138:37612] 2026-06-26 02:29:04.022 9 ERROR keystone.server.flask.application
Traceback (most recent call last):
[Fri Jun 26 02:29:04.035165 2026] [wsgi:error] [pid 9:tid 139758759823040] [remote 10.0.0.138:37612] 2026-06-26 02:29:04.022 9 ERROR keystone.server.flask.application
File "/var/lib/openstack/lib/python3.12/site-packages/keystone/common/sql/core.py", line 575, in wrapper
[Fri Jun 26 02:29:04.035167 2026] [wsgi:error] [pid 9:tid 139758759823040] [remote 10.0.0.138:37612] 2026-06-26 02:29:04.022 9 ERROR keystone.server.flask.application return method(*args, **kwargs)
[Fri Jun 26 02:29:04.035168 2026] [wsgi:error] [pid 9:tid 139758759823040] [remote 10.0.0.138:37612] 2026-06-26 02:29:04.022 9 ERROR keystone.server.flask.application ^^^^^^^^^^^^^^^^^^^^^^^
[Fri Jun 26 02:29:04.035169 2026] [wsgi:error] [pid 9:tid 139758759823040] [remote 10.0.0.138:37612] 2026-06-26 02:29:04.022 9 ERROR keystone.server.flask.application
File "/var/lib/openstack/lib/python3.12/site-packages/keystone/resource/backends/sql.py", line 278, in create_project
[Fri Jun 26 02:29:04.035171 2026] [wsgi:error] [pid 9:tid 139758759823040] [remote 10.0.0.138:37612] 2026-06-26 02:29:04.022 9 ERROR keystone.server.flask.application with sql.session_for_write() as session:
[Fri Jun 26 02:29:04.035173 2026] [wsgi:error] [pid 9:tid 139758759823040] [remote 10.0.0.138:37612] 2026-06-26 02:29:04.022 9 ERROR keystone.server.flask.application
File "/usr/lib/python3.12/contextlib.py", line 144, in __exit__
[Fri Jun 26 02:29:04.035174 2026] [wsgi:error] [pid 9:tid 139758759823040] [remote 10.0.0.138:37612] 2026-06-26 02:29:04.022 9 ERROR keystone.server.flask.application next(self.gen)
[Fri Jun 26 02:29:04.035175 2026] [wsgi:error] [pid 9:tid 139758759823040] [remote 10.0.0.138:37612] 2026-06-26 02:29:04.022 9 ERROR keystone.server.flask.application
File "/var/lib/openstack/lib/python3.12/site-packages/oslo_db/sqlalchemy/enginefacade.py", line 1175, in _transaction_scope
[Fri Jun 26 02:29:04.035177 2026] [wsgi:error] [pid 9:tid 139758759823040] [remote 10.0.0.138:37612] 2026-06-26 02:29:04.022 9 ERROR keystone.server.flask.application with current._produce_block(
[Fri Jun 26 02:29:04.035184 2026] [wsgi:error] [pid 9:tid 139758759823040] [remote 10.0.0.138:37612] 2026-06-26 02:29:04.022 9 ERROR keystone.server.flask.application
File "/usr/lib/python3.12/contextlib.py", line 144, in __exit__
[Fri Jun 26 02:29:04.035186 2026] [wsgi:error] [pid 9:tid 139758759823040] [remote 10.0.0.138:37612] 2026-06-26 02:29:04.022 9 ERROR keystone.server.flask.application next(self.gen)
[Fri Jun 26 02:29:04.035187 2026] [wsgi:error] [pid 9:tid 139758759823040] [remote 10.0.0.138:37612] 2026-06-26 02:29:04.022 9 ERROR keystone.server.flask.application
File "/var/lib/openstack/lib/python3.12/site-packages/oslo_db/sqlalchemy/enginefacade.py", line 837, in _session
[Fri Jun 26 02:29:04.035189 2026] [wsgi:error] [pid 9:tid 139758759823040] [remote 10.0.0.138:37612] 2026-06-26 02:29:04.022 9 ERROR keystone.server.flask.application with excutils.save_and_reraise_exception():
[Fri Jun 26 02:29:04.035190 2026] [wsgi:error] [pid 9:tid 139758759823040] [remote 10.0.0.138:37612] 2026-06-26 02:29:04.022 9 ERROR keystone.server.flask.application
File "/var/lib/openstack/lib/python3.12/site-packages/oslo_utils/excutils.py", line 266, in __exit__
[Fri Jun 26 02:29:04.035191 2026] [wsgi:error] [pid 9:tid 139758759823040] [remote 10.0.0.138:37612] 2026-06-26 02:29:04.022 9 ERROR keystone.server.flask.application self.force_reraise()
[Fri Jun 26 02:29:04.035193 2026] [wsgi:error] [pid 9:tid 139758759823040] [remote 10.0.0.138:37612] 2026-06-26 02:29:04.022 9 ERROR keystone.server.flask.application
File "/var/lib/openstack/lib/python3.12/site-packages/oslo_utils/excutils.py", line 232, in force_reraise
[Fri Jun 26 02:29:04.035194 2026] [wsgi:error] [pid 9:tid 139758759823040] [remote 10.0.0.138:37612] 2026-06-26 02:29:04.022 9 ERROR keystone.server.flask.application raise self.value
[Fri Jun 26 02:29:04.035195 2026] [wsgi:error] [pid 9:tid 139758759823040] [remote 10.0.0.138:37612] 2026-06-26 02:29:04.022 9 ERROR keystone.server.flask.application
File "/var/lib/openstack/lib/python3.12/site-packages/oslo_db/sqlalchemy/enginefacade.py", line 835, in _session
[Fri Jun 26 02:29:04.035197 2026] [wsgi:error] [pid 9:tid 139758759823040] [remote 10.0.0.138:37612] 2026-06-26 02:29:04.022 9 ERROR keystone.server.flask.application self._end_session_transaction(self.session)
[Fri Jun 26 02:29:04.035198 2026] [wsgi:error] [pid 9:tid 139758759823040] [remote 10.0.0.138:37612] 2026-06-26 02:29:04.022 9 ERROR keystone.server.flask.application
File "/var/lib/openstack/lib/python3.12/site-packages/oslo_db/sqlalchemy/enginefacade.py", line 748, in _end_session_transaction
[Fri Jun 26 02:29:04.035200 2026] [wsgi:error] [pid 9:tid 139758759823040] [remote 10.0.0.138:37612] 2026-06-26 02:29:04.022 9 ERROR keystone.server.flask.application session.commit()
[Fri Jun 26 02:29:04.035201 2026] [wsgi:error] [pid 9:tid 139758759823040] [remote 10.0.0.138:37612] 2026-06-26 02:29:04.022 9 ERROR keystone.server.flask.application
File "/var/lib/openstack/lib/python3.12/site-packages/sqlalchemy/orm/session.py", line 2034, in commit
[Fri Jun 26 02:29:04.035202 2026] [wsgi:error] [pid 9:tid 139758759823040] [remote 10.0.0.138:37612] 2026-06-26 02:29:04.022 9 ERROR keystone.server.flask.application trans.commit(_to_root=True)
[Fri Jun 26 02:29:04.035204 2026] [wsgi:error] [pid 9:tid 139758759823040] [remote 10.0.0.138:37612] 2026-06-26 02:29:04.022 9 ERROR keystone.server.flask.application File "", line 2, in commit
[Fri Jun 26 02:29:04.035205 2026] [wsgi:error] [pid 9:tid 139758759823040] [remote 10.0.0.138:37612] 2026-06-26 02:29:04.022 9 ERROR keystone.server.flask.application
File "/var/lib/openstack/lib/python3.12/site-packages/sqlalchemy/orm/state_changes.py", line 137, in _go
[Fri Jun 26 02:29:04.035206 2026] [wsgi:error] [pid 9:tid 139758759823040] [remote 10.0.0.138:37612] 2026-06-26 02:29:04.022 9 ERROR keystone.server.flask.application ret_value = fn(self, *arg, **kw)
[Fri Jun 26 02:29:04.035208 2026] [wsgi:error] [pid 9:tid 139758759823040] [remote 10.0.0.138:37612] 2026-06-26 02:29:04.022 9 ERROR keystone.server.flask.application ^^^^^^^^^^^^^^^^^^^^
[Fri Jun 26 02:29:04.035209 2026] [wsgi:error] [pid 9:tid 139758759823040] [remote 10.0.0.138:37612] 2026-06-26 02:29:04.022 9 ERROR keystone.server.flask.application
File "/var/lib/openstack/lib/python3.12/site-packages/sqlalchemy/orm/session.py", line 1315, in commit
[Fri Jun 26 02:29:04.035211 2026] [wsgi:error] [pid 9:tid 139758759823040] [remote 10.0.0.138:37612] 2026-06-26 02:29:04.022 9 ERROR keystone.server.flask.application self._prepare_impl()
[Fri Jun 26 02:29:04.035214 2026] [wsgi:error] [pid 9:tid 139758759823040] [remote 10.0.0.138:37612] 2026-06-26 02:29:04.022 9 ERROR keystone.server.flask.application File "", line 2, in _prepare_impl
[Fri Jun 26 02:29:04.035215 2026] [wsgi:error] [pid 9:tid 139758759823040] [remote 10.0.0.138:37612] 2026-06-26 02:29:04.022 9 ERROR keystone.server.flask.application
File "/var/lib/openstack/lib/python3.12/site-packages/sqlalchemy/orm/state_changes.py", line 137, in _go
[Fri Jun 26 02:29:04.035217 2026] [wsgi:error] [pid 9:tid 139758759823040] [remote 10.0.0.138:37612] 2026-06-26 02:29:04.022 9 ERROR keystone.server.flask.application ret_value = fn(self, *arg, **kw)
[Fri Jun 26 02:29:04.035218 2026] [wsgi:error] [pid 9:tid 139758759823040] [remote 10.0.0.138:37612] 2026-06-26 02:29:04.022 9 ERROR keystone.server.flask.application ^^^^^^^^^^^^^^^^^^^^
[Fri Jun 26 02:29:04.035219 2026] [wsgi:error] [pid 9:tid 139758759823040] [remote 10.0.0.138:37612] 2026-06-26 02:29:04.022 9 ERROR keystone.server.flask.application
File "/var/lib/openstack/lib/python3.12/site-packages/sqlalchemy/orm/session.py", line 1290, in _prepare_impl
[Fri Jun 26 02:29:04.035221 2026] [wsgi:error] [pid 9:tid 139758759823040] [remote 10.0.0.138:37612] 2026-06-26 02:29:04.022 9 ERROR keystone.server.flask.application self.session.flush()
[Fri Jun 26 02:29:04.035222 2026] [wsgi:error] [pid 9:tid 139758759823040] [remote 10.0.0.138:37612] 2026-06-26 02:29:04.022 9 ERROR keystone.server.flask.application
File "/var/lib/openstack/lib/python3.12/site-packages/sqlalchemy/orm/session.py", line 4352, in flush
[Fri Jun 26 02:29:04.035224 2026] [wsgi:error] [pid 9:tid 139758759823040] [remote 10.0.0.138:37612] 2026-06-26 02:29:04.022 9 ERROR keystone.server.flask.application self._flush(objects)
[Fri Jun 26 02:29:04.035225 2026] [wsgi:error] [pid 9:tid 139758759823040] [remote 10.0.0.138:37612] 2026-06-26 02:29:04.022 9 ERROR keystone.server.flask.application
File "/var/lib/openstack/lib/python3.12/site-packages/sqlalchemy/orm/session.py", line 4487, in _flush
[Fri Jun 26 02:29:04.035226 2026] [wsgi:error] [pid 9:tid 139758759823040] [remote 10.0.0.138:37612] 2026-06-26 02:29:04.022 9 ERROR keystone.server.flask.application with util.safe_reraise():
[Fri Jun 26 02:29:04.035228 2026] [wsgi:error] [pid 9:tid 139758759823040] [remote 10.0.0.138:37612] 2026-06-26 02:29:04.022 9 ERROR keystone.server.flask.application
File "/var/lib/openstack/lib/python3.12/site-packages/sqlalchemy/util/langhelpers.py", line 122, in __exit__
[Fri Jun 26 02:29:04.035229 2026] [wsgi:error] [pid 9:tid 139758759823040] [remote 10.0.0.138:37612] 2026-06-26 02:29:04.022 9 ERROR keystone.server.flask.application raise exc_value.with_traceback(exc_tb)
[Fri Jun 26 02:29:04.035231 2026] [wsgi:error] [pid 9:tid 139758759823040] [remote 10.0.0.138:37612] 2026-06-26 02:29:04.022 9 ERROR keystone.server.flask.application
File "/var/lib/openstack/lib/python3.12/site-packages/sqlalchemy/orm/session.py", line 4448, in _flush
[Fri Jun 26 02:29:04.035232 2026] [wsgi:error] [pid 9:tid 139758759823040] [remote 10.0.0.138:37612] 2026-06-26 02:29:04.022 9 ERROR keystone.server.flask.application flush_context.execute()
[Fri Jun 26 02:29:04.035234 2026] [wsgi:error] [pid 9:tid 139758759823040] [remote 10.0.0.138:37612] 2026-06-26 02:29:04.022 9 ERROR keystone.server.flask.application
File "/var/lib/openstack/lib/python3.12/site-packages/sqlalchemy/orm/unitofwork.py", line 465, in execute
[Fri Jun 26 02:29:04.035235 2026] [wsgi:error] [pid 9:tid 139758759823040] [remote 10.0.0.138:37612] 2026-06-26 02:29:04.022 9 ERROR keystone.server.flask.application rec.execute(self)
