2026-07-10 01:07:11.477 7 INFO neutron_taas.services.taas.tap_mirror_plugin [None req-492f3dd8-2ebf-4d99-9210-cba9687dbf30 7ca5035382814804b946d2437b98b6ea 16796ea749c04262959c4a41cf1abe35 - - default default] Tap Mirror: Handle Delete Port: 6ad12784-0cae-4a78-ad59-9fc22ebf6e76 [pid: 7|app: 0|req: 836/1667] 10.0.0.192 () {32 vars in 720 bytes} [Fri Jul 10 01:07:11 2026] DELETE /v2.0/ports/6ad12784-0cae-4a78-ad59-9fc22ebf6e76 => generated 0 bytes in 241 msecs (HTTP/1.1 204) 3 headers in 131 bytes (1 switches on core 0)
2026-07-10 01:07:11.778 8 WARNING neutron.scheduler.dhcp_agent_scheduler [None req-7228aa08-cb44-4e00-be2f-b24fc981aab8 3cec86125d564d08aa970f947b7b5772 ff397e1de5b840dd8d902502ef74bc32 - - default default] No more DHCP agents
2026-07-10 01:07:11.780 8 WARNING neutron.api.rpc.agentnotifiers.dhcp_rpc_agent_api [None req-7228aa08-cb44-4e00-be2f-b24fc981aab8 3cec86125d564d08aa970f947b7b5772 ff397e1de5b840dd8d902502ef74bc32 - - default default] Unable to schedule network ed420ea9-0497-4725-8df9-04bc93a14bf6: no agents available; will retry on subsequent port and subnet creation events.
2026-07-10 01:07:11.866 7 INFO neutron.plugins.ml2.drivers.ovn.mech_driver.mech_driver [None req-0731df9c-ee10-4f78-bd34-a9e32dea19e3 - - - - - -] OVN reports status down for port: 526a1206-568f-4499-ae8a-d0945117da44
2026-07-10 01:07:11.900 8 INFO neutron.db.ovn_revision_numbers_db [None req-7228aa08-cb44-4e00-be2f-b24fc981aab8 3cec86125d564d08aa970f947b7b5772 ff397e1de5b840dd8d902502ef74bc32 - - default default] Successfully bumped revision number for resource 526a1206-568f-4499-ae8a-d0945117da44 (type: ports) to 1 [pid: 7|app: 0|req: 837/1668] 10.0.0.192 () {32 vars in 740 bytes} [Fri Jul 10 01:07:11 2026] DELETE /v2.0/security-groups/6cd37893-e037-45cd-a467-2314ac7a6e68 => generated 0 bytes in 333 msecs (HTTP/1.1 204) 2 headers in 112 bytes (1 switches on core 0)
2026-07-10 01:07:12.033 7 INFO neutron.db.segments_db [None req-ba8ad979-0bcb-49dc-ba7d-06da8d8e1850 48b7da1bba0d43bd9ffb205c04e2151a 32827e79310849e7b149ff70a0a88fd1 - - default default] Added segment 7327fbe6-e94e-47d7-9417-61f176e68e8c of type geneve for network 3d2c6539-13cf-4b9c-bd50-8ad85198e6a6
2026-07-10 01:07:12.150 7 INFO neutron.db.ovn_revision_numbers_db [None req-ba8ad979-0bcb-49dc-ba7d-06da8d8e1850 48b7da1bba0d43bd9ffb205c04e2151a 32827e79310849e7b149ff70a0a88fd1 - - default default] Successfully bumped revision number for resource 3d2c6539-13cf-4b9c-bd50-8ad85198e6a6 (type: networks) to 1
2026-07-10 01:07:12.315 7 WARNING neutron.scheduler.dhcp_agent_scheduler [None req-ba8ad979-0bcb-49dc-ba7d-06da8d8e1850 48b7da1bba0d43bd9ffb205c04e2151a 32827e79310849e7b149ff70a0a88fd1 - - default default] No more DHCP agents
2026-07-10 01:07:12.317 7 WARNING neutron.api.rpc.agentnotifiers.dhcp_rpc_agent_api [None req-ba8ad979-0bcb-49dc-ba7d-06da8d8e1850 48b7da1bba0d43bd9ffb205c04e2151a 32827e79310849e7b149ff70a0a88fd1 - - default default] Unable to schedule network 3d2c6539-13cf-4b9c-bd50-8ad85198e6a6: no agents available; will retry on subsequent port and subnet creation events.
2026-07-10 01:07:12.361 7 INFO neutron.plugins.ml2.drivers.ovn.mech_driver.mech_driver [None req-0731df9c-ee10-4f78-bd34-a9e32dea19e3 - - - - - -] OVN reports status up for port: 526a1206-568f-4499-ae8a-d0945117da44
2026-07-10 01:07:12.389 7 INFO neutron.plugins.ml2.plugin [None req-0731df9c-ee10-4f78-bd34-a9e32dea19e3 - - - - - -] Attempt 1 to provision port 526a1206-568f-4499-ae8a-d0945117da44
2026-07-10 01:07:12.403 8 INFO neutron.plugins.ml2.plugin [None req-7228aa08-cb44-4e00-be2f-b24fc981aab8 3cec86125d564d08aa970f947b7b5772 ff397e1de5b840dd8d902502ef74bc32 - - default default] Attempt 1 to provision port 526a1206-568f-4499-ae8a-d0945117da44
2026-07-10 01:07:12.409 8 INFO neutron.plugins.ml2.drivers.ovn.mech_driver.mech_driver [None req-f216c243-05a3-4ed3-8d51-fc56731cd56c - - - - - -] OVN reports status down for port: 236d153b-c42c-4f3b-9e97-b989f1863ae1
2026-07-10 01:07:12.453 7 INFO neutron.db.ovn_revision_numbers_db [None req-ba8ad979-0bcb-49dc-ba7d-06da8d8e1850 48b7da1bba0d43bd9ffb205c04e2151a 32827e79310849e7b149ff70a0a88fd1 - - default default] Successfully bumped revision number for resource 236d153b-c42c-4f3b-9e97-b989f1863ae1 (type: ports) to 1 [pid: 7|app: 0|req: 838/1669] 10.0.0.192 () {34 vars in 670 bytes} [Fri Jul 10 01:07:11 2026] POST /v2.0/networks => generated 647 bytes in 546 msecs (HTTP/1.1 201) 4 headers in 162 bytes (1 switches on core 0)
2026-07-10 01:07:12.508 8 WARNING neutron.scheduler.dhcp_agent_scheduler [None req-7228aa08-cb44-4e00-be2f-b24fc981aab8 3cec86125d564d08aa970f947b7b5772 ff397e1de5b840dd8d902502ef74bc32 - - default default] No more DHCP agents
2026-07-10 01:07:12.510 8 WARNING neutron.api.rpc.agentnotifiers.dhcp_rpc_agent_api [None req-7228aa08-cb44-4e00-be2f-b24fc981aab8 3cec86125d564d08aa970f947b7b5772 ff397e1de5b840dd8d902502ef74bc32 - - default default] Unable to schedule network ed420ea9-0497-4725-8df9-04bc93a14bf6: no agents available; will retry on subsequent port and subnet creation events.
2026-07-10 01:07:12.727 8 INFO neutron.db.ovn_revision_numbers_db [None req-7228aa08-cb44-4e00-be2f-b24fc981aab8 3cec86125d564d08aa970f947b7b5772 ff397e1de5b840dd8d902502ef74bc32 - - default default] Successfully bumped revision number for resource 526a1206-568f-4499-ae8a-d0945117da44 (type: router_ports) to 1 [pid: 8|app: 0|req: 832/1670] 10.0.0.192 () {34 vars in 783 bytes} [Fri Jul 10 01:07:11 2026] PUT /v2.0/routers/e741240d-76b9-4827-b757-d2e6657b1b0e/add_router_interface => generated 309 bytes in 1379 msecs (HTTP/1.1 200) 4 headers in 157 bytes (1 switches on core 0)
2026-07-10 01:07:12.814 7 INFO neutron_taas.services.taas.taas_plugin [None req-554a2324-3e40-44d9-aec8-b01eeff4faff 7ca5035382814804b946d2437b98b6ea 16796ea749c04262959c4a41cf1abe35 - - default default] TaaS: Handle Delete Port: 6633e6cd-f2fa-4f0b-9bcf-ec4bd2d0532d
2026-07-10 01:07:12.821 7 INFO neutron_taas.services.taas.tap_mirror_plugin [None req-554a2324-3e40-44d9-aec8-b01eeff4faff 7ca5035382814804b946d2437b98b6ea 16796ea749c04262959c4a41cf1abe35 - - default default] Tap Mirror: Handle Delete Port: 6633e6cd-f2fa-4f0b-9bcf-ec4bd2d0532d
2026-07-10 01:07:12.875 8 INFO neutron.db.ovn_revision_numbers_db [None req-78d3eb90-4b8d-4773-8998-2b9c6054e243 a751631599c04018b219c0cd5bae84d3 bd2b82ea545f463ba85786bd0a3f5a96 - - default default] Successfully bumped revision number for resource daaf2ebf-6aa5-4f8f-8b87-00917167cc5d (type: security_groups) to 1
2026-07-10 01:07:12.887 8 INFO neutron.db.ovn_revision_numbers_db [None req-78d3eb90-4b8d-4773-8998-2b9c6054e243 a751631599c04018b219c0cd5bae84d3 bd2b82ea545f463ba85786bd0a3f5a96 - - default default] Successfully bumped revision number for resource 250f021b-ad52-4228-9ecc-a4d4579e5bcc (type: security_group_rules) to 0
2026-07-10 01:07:12.898 8 INFO neutron.db.ovn_revision_numbers_db [None req-78d3eb90-4b8d-4773-8998-2b9c6054e243 a751631599c04018b219c0cd5bae84d3 bd2b82ea545f463ba85786bd0a3f5a96 - - default default] Successfully bumped revision number for resource 39af60b4-ed7f-468c-b89f-d4f1fa262051 (type: security_group_rules) to 0
2026-07-10 01:07:12.911 8 INFO neutron.db.ovn_revision_numbers_db [None req-78d3eb90-4b8d-4773-8998-2b9c6054e243 a751631599c04018b219c0cd5bae84d3 bd2b82ea545f463ba85786bd0a3f5a96 - - default default] Successfully bumped revision number for resource f65ce721-291d-43ff-9038-d2f4d7dfe3fa (type: security_group_rules) to 0
2026-07-10 01:07:12.923 8 INFO neutron.db.ovn_revision_numbers_db [None req-78d3eb90-4b8d-4773-8998-2b9c6054e243 a751631599c04018b219c0cd5bae84d3 bd2b82ea545f463ba85786bd0a3f5a96 - - default default] Successfully bumped revision number for resource fee42e7d-edc8-41f4-8f85-65bdfd975c63 (type: security_group_rules) to 0 [pid: 8|app: 0|req: 833/1671] 10.0.0.192 () {32 vars in 774 bytes} [Fri Jul 10 01:07:12 2026] GET /v2.0/security-groups?tenant_id=ed1a4043fb4d4f6dbc0bc0e33d8812e6&name=default => generated 2925 bytes in 227 msecs (HTTP/1.1 200) 4 headers in 158 bytes (1 switches on core 0)
2026-07-10 01:07:13.118 8 INFO neutron.db.ovn_revision_numbers_db [None req-01399a6b-c9d0-4f9d-b114-a31f73c1dcf2 48b7da1bba0d43bd9ffb205c04e2151a 32827e79310849e7b149ff70a0a88fd1 - - default default] Successfully bumped revision number for resource 3d2c6539-13cf-4b9c-bd50-8ad85198e6a6 (type: networks) to 2 [pid: 8|app: 0|req: 834/1672] 10.0.0.192 () {34 vars in 743 bytes} [Fri Jul 10 01:07:12 2026] PUT /v2.0/networks/3d2c6539-13cf-4b9c-bd50-8ad85198e6a6 => generated 598 bytes in 161 msecs (HTTP/1.1 200) 4 headers in 157 bytes (1 switches on core 0) [pid: 8|app: 0|req: 835/1673] 10.0.0.192 () {32 vars in 717 bytes} [Fri Jul 10 01:07:13 2026] GET /v2.0/ports/526a1206-568f-4499-ae8a-d0945117da44 => generated 947 bytes in 76 msecs (HTTP/1.1 200) 4 headers in 157 bytes (1 switches on core 0) [pid: 8|app: 0|req: 836/1674] 10.0.0.192 () {32 vars in 740 bytes} [Fri Jul 10 01:07:13 2026] DELETE /v2.0/security-groups/daaf2ebf-6aa5-4f8f-8b87-00917167cc5d => generated 0 bytes in 250 msecs (HTTP/1.1 204) 2 headers in 112 bytes (1 switches on core 0)
2026-07-10 01:07:13.606 8 WARNING neutron.scheduler.dhcp_agent_scheduler [None req-67b7bd12-d673-4657-81c8-de2026b2aa3c 48b7da1bba0d43bd9ffb205c04e2151a 32827e79310849e7b149ff70a0a88fd1 - - default default] No more DHCP agents
2026-07-10 01:07:13.607 8 WARNING neutron.api.rpc.agentnotifiers.dhcp_rpc_agent_api [None req-67b7bd12-d673-4657-81c8-de2026b2aa3c 48b7da1bba0d43bd9ffb205c04e2151a 32827e79310849e7b149ff70a0a88fd1 - - default default] Unable to schedule network 3d2c6539-13cf-4b9c-bd50-8ad85198e6a6: no agents available; will retry on subsequent port and subnet creation events.
2026-07-10 01:07:13.661 8 INFO neutron.db.ovn_revision_numbers_db [None req-67b7bd12-d673-4657-81c8-de2026b2aa3c 48b7da1bba0d43bd9ffb205c04e2151a 32827e79310849e7b149ff70a0a88fd1 - - default default] Successfully bumped revision number for resource 5cdc6785-1c58-423f-84eb-141570a21b73 (type: subnets) to 0 [pid: 8|app: 0|req: 837/1675] 10.0.0.192 () {34 vars in 669 bytes} [Fri Jul 10 01:07:13 2026] POST /v2.0/subnets => generated 646 bytes in 227 msecs (HTTP/1.1 201) 4 headers in 162 bytes (1 switches on core 0)
2026-07-10 01:07:13.729 7 INFO neutron.db.ovn_revision_numbers_db [None req-0731df9c-ee10-4f78-bd34-a9e32dea19e3 - - - - - -] Successfully bumped revision number for resource 526a1206-568f-4499-ae8a-d0945117da44 (type: ports) to 2
2026-07-10 01:07:13.759 7 INFO neutron.services.segments.plugin [-] Segment bcd387a3-d2e3-4d2e-b460-7cb308189f86 resource provider aggregate not found
2026-07-10 01:07:13.766 7 INFO neutron.services.segments.plugin [-] Segment bcd387a3-d2e3-4d2e-b460-7cb308189f86 resource provider aggregate not found
2026-07-10 01:07:13.778 7 INFO neutron.services.segments.plugin [-] Client error retrieving segment bcd387a3-d2e3-4d2e-b460-7cb308189f86 resource provider; error: Placement Client Error (4xx): {"errors": [{"status": 404, "title": "Not Found", "detail": "The resource could not be found.\n\n No resource provider with uuid bcd387a3-d2e3-4d2e-b460-7cb308189f86 found for delete ", "request_id": "req-10ba3051-83f0-4adc-9c3c-d7b8d2444ac6"}]}
2026-07-10 01:07:13.804 7 INFO neutron.services.segments.plugin [-] Client error retrieving segment bcd387a3-d2e3-4d2e-b460-7cb308189f86 resource provider; error: Placement Client Error (4xx): {"errors": [{"status": 404, "title": "Not Found", "detail": "The resource could not be found.\n\n No resource provider with uuid bcd387a3-d2e3-4d2e-b460-7cb308189f86 found for delete ", "request_id": "req-d99bba82-4bc3-40a5-9fb9-368f22ec39dc"}]} [pid: 7|app: 0|req: 839/1676] 10.0.0.192 () {32 vars in 726 bytes} [Fri Jul 10 01:07:12 2026] DELETE /v2.0/networks/97af9acb-90a8-47e6-a8e1-b099f35ff87d => generated 0 bytes in 1340 msecs (HTTP/1.1 204) 3 headers in 131 bytes (1 switches on core 0)
2026-07-10 01:07:14.092 8 WARNING neutron.scheduler.dhcp_agent_scheduler [None req-8a9c648a-56dc-4292-a763-07857b459e7a 3cec86125d564d08aa970f947b7b5772 ff397e1de5b840dd8d902502ef74bc32 - - default default] No more DHCP agents
2026-07-10 01:07:14.093 8 WARNING neutron.api.rpc.agentnotifiers.dhcp_rpc_agent_api [None req-8a9c648a-56dc-4292-a763-07857b459e7a 3cec86125d564d08aa970f947b7b5772 ff397e1de5b840dd8d902502ef74bc32 - - default default] Unable to schedule network 01f84964-fd85-47bf-adca-6bffcce4877a: no agents available; will retry on subsequent port and subnet creation events.
2026-07-10 01:07:14.190 8 INFO neutron.db.ovn_revision_numbers_db [None req-8a9c648a-56dc-4292-a763-07857b459e7a 3cec86125d564d08aa970f947b7b5772 ff397e1de5b840dd8d902502ef74bc32 - - default default] Successfully bumped revision number for resource 57470487-d6be-4055-ac33-11988fd261ff (type: ports) to 1
2026-07-10 01:07:14.498 7 INFO neutron.db.ovn_revision_numbers_db [None req-3d1b3870-3ecc-4266-8672-e541534c9763 - - - - - -] Successfully bumped revision number for resource 236d153b-c42c-4f3b-9e97-b989f1863ae1 (type: ports) to 2
2026-07-10 01:07:14.534 7 INFO neutron.db.ovn_revision_numbers_db [None req-3d1b3870-3ecc-4266-8672-e541534c9763 - - - - - -] Successfully bumped revision number for resource 5cdc6785-1c58-423f-84eb-141570a21b73 (type: subnets) to 1 [pid: 7|app: 0|req: 840/1677] 10.0.0.192 () {34 vars in 741 bytes} [Fri Jul 10 01:07:13 2026] PUT /v2.0/subnets/5cdc6785-1c58-423f-84eb-141570a21b73 => generated 656 bytes in 705 msecs (HTTP/1.1 200) 4 headers in 157 bytes (1 switches on core 0) [pid: 7|app: 0|req: 841/1678] 10.0.0.192 () {32 vars in 774 bytes} [Fri Jul 10 01:07:14 2026] GET /v2.0/security-groups?tenant_id=16796ea749c04262959c4a41cf1abe35&name=default => generated 2925 bytes in 191 msecs (HTTP/1.1 200) 4 headers in 158 bytes (1 switches on core 0)
2026-07-10 01:07:14.832 8 WARNING neutron.scheduler.dhcp_agent_scheduler [None req-8a9c648a-56dc-4292-a763-07857b459e7a 3cec86125d564d08aa970f947b7b5772 ff397e1de5b840dd8d902502ef74bc32 - - default default] No more DHCP agents
2026-07-10 01:07:14.834 8 WARNING neutron.api.rpc.agentnotifiers.dhcp_rpc_agent_api [None req-8a9c648a-56dc-4292-a763-07857b459e7a 3cec86125d564d08aa970f947b7b5772 ff397e1de5b840dd8d902502ef74bc32 - - default default] Unable to schedule network 01f84964-fd85-47bf-adca-6bffcce4877a: no agents available; will retry on subsequent port and subnet creation events.
2026-07-10 01:07:14.885 7 INFO neutron_taas.services.taas.taas_plugin [None req-b34a18e8-3e87-48d3-8cc1-396f293714de 48b7da1bba0d43bd9ffb205c04e2151a 32827e79310849e7b149ff70a0a88fd1 - - default default] TaaS: Handle Delete Port: 236d153b-c42c-4f3b-9e97-b989f1863ae1
2026-07-10 01:07:14.888 7 INFO neutron_taas.services.taas.tap_mirror_plugin [None req-b34a18e8-3e87-48d3-8cc1-396f293714de 48b7da1bba0d43bd9ffb205c04e2151a 32827e79310849e7b149ff70a0a88fd1 - - default default] Tap Mirror: Handle Delete Port: 236d153b-c42c-4f3b-9e97-b989f1863ae1
2026-07-10 01:07:15.011 8 INFO neutron.db.ovn_revision_numbers_db [None req-8a9c648a-56dc-4292-a763-07857b459e7a 3cec86125d564d08aa970f947b7b5772 ff397e1de5b840dd8d902502ef74bc32 - - default default] Successfully bumped revision number for resource 57470487-d6be-4055-ac33-11988fd261ff (type: router_ports) to 1 [pid: 8|app: 0|req: 838/1679] 10.0.0.192 () {34 vars in 783 bytes} [Fri Jul 10 01:07:13 2026] PUT /v2.0/routers/e741240d-76b9-4827-b757-d2e6657b1b0e/add_router_interface => generated 309 bytes in 1338 msecs (HTTP/1.1 200) 4 headers in 157 bytes (1 switches on core 0) [pid: 7|app: 0|req: 842/1680] 10.0.0.192 () {32 vars in 726 bytes} [Fri Jul 10 01:07:14 2026] DELETE /v2.0/networks/3d2c6539-13cf-4b9c-bd50-8ad85198e6a6 => generated 0 bytes in 513 msecs (HTTP/1.1 204) 3 headers in 131 bytes (1 switches on core 0) [pid: 8|app: 0|req: 839/1681] 10.0.0.192 () {32 vars in 740 bytes} [Fri Jul 10 01:07:15 2026] DELETE /v2.0/security-groups/3238de0f-d8ca-4b0b-887a-bf6ab7a421d3 => generated 0 bytes in 238 msecs (HTTP/1.1 204) 2 headers in 112 bytes (1 switches on core 0)
2026-07-10 01:07:15.263 8 INFO neutron.pecan_wsgi.hooks.translation [None req-0c7e8546-ad42-47f5-8b4c-1b6c5fae984c 48b7da1bba0d43bd9ffb205c04e2151a 32827e79310849e7b149ff70a0a88fd1 - - default default] DELETE failed (client error): The resource could not be found. [pid: 8|app: 0|req: 840/1682] 10.0.0.192 () {32 vars in 726 bytes} [Fri Jul 10 01:07:15 2026] DELETE /v2.0/networks/3d2c6539-13cf-4b9c-bd50-8ad85198e6a6 => generated 138 bytes in 12 msecs (HTTP/1.1 404) 4 headers in 164 bytes (1 switches on core 0) [pid: 7|app: 0|req: 843/1683] 10.0.0.192 () {32 vars in 717 bytes} [Fri Jul 10 01:07:15 2026] GET /v2.0/ports/57470487-d6be-4055-ac33-11988fd261ff => generated 953 bytes in 72 msecs (HTTP/1.1 200) 4 headers in 157 bytes (1 switches on core 0) [pid: 8|app: 0|req: 841/1684] 10.0.0.192 () {32 vars in 694 bytes} [Fri Jul 10 01:07:15 2026] GET /v2.0/networks?router%3Aexternal=True => generated 651 bytes in 60 msecs (HTTP/1.1 200) 4 headers in 157 bytes (1 switches on core 0) [pid: 7|app: 0|req: 844/1685] 10.0.0.192 () {32 vars in 717 bytes} [Fri Jul 10 01:07:15 2026] GET /v2.0/ports/57470487-d6be-4055-ac33-11988fd261ff => generated 953 bytes in 38 msecs (HTTP/1.1 200) 4 headers in 157 bytes (1 switches on core 0) [pid: 8|app: 0|req: 842/1686] 10.0.0.192 () {32 vars in 742 bytes} [Fri Jul 10 01:07:15 2026] GET /v2.0/subnets?network_id=1a27113d-e9bd-488b-a678-e74fc4be40d9 => generated 649 bytes in 35 msecs (HTTP/1.1 200) 4 headers in 157 bytes (1 switches on core 0) [pid: 7|app: 0|req: 845/1687] 10.0.0.192 () {32 vars in 653 bytes} [Fri Jul 10 01:07:15 2026] GET /v2.0/extensions => generated 20118 bytes in 9 msecs (HTTP/1.1 200) 4 headers in 159 bytes (1 switches on core 0) [pid: 8|app: 0|req: 843/1688] 10.0.0.192 () {32 vars in 649 bytes} [Fri Jul 10 01:07:15 2026] GET /v2.0/networks => generated 1313 bytes in 53 msecs (HTTP/1.1 200) 4 headers in 158 bytes (1 switches on core 0) [pid: 7|app: 0|req: 846/1689] 10.0.0.192 () {32 vars in 647 bytes} [Fri Jul 10 01:07:15 2026] GET /v2.0/subnets => generated 1312 bytes in 34 msecs (HTTP/1.1 200) 4 headers in 158 bytes (1 switches on core 0) [pid: 8|app: 0|req: 844/1690] 10.0.0.192 () {32 vars in 723 bytes} [Fri Jul 10 01:07:15 2026] GET /v2.0/networks/0233909b-4007-405d-afcc-a973c4947eaa => generated 673 bytes in 59 msecs (HTTP/1.1 200) 4 headers in 157 bytes (1 switches on core 0) [pid: 7|app: 0|req: 847/1691] 10.0.0.192 () {32 vars in 721 bytes} [Fri Jul 10 01:07:15 2026] GET /v2.0/subnets/143ca05c-d8c7-4d0f-a788-085cd131e1f8 => generated 673 bytes in 47 msecs (HTTP/1.1 200) 4 headers in 157 bytes (1 switches on core 0)
2026-07-10 01:07:15.630 8 INFO neutron.pecan_wsgi.hooks.translation [None req-c97af0aa-bc79-4db1-bca7-0211ae8b41df 48b7da1bba0d43bd9ffb205c04e2151a 32827e79310849e7b149ff70a0a88fd1 - - default default] DELETE failed (client error): The resource could not be found. [pid: 8|app: 0|req: 845/1692] 10.0.0.192 () {32 vars in 724 bytes} [Fri Jul 10 01:07:15 2026] DELETE /v2.0/subnets/5cdc6785-1c58-423f-84eb-141570a21b73 => generated 136 bytes in 16 msecs (HTTP/1.1 404) 4 headers in 164 bytes (1 switches on core 0)
2026-07-10 01:07:15.660 7 INFO neutron.pecan_wsgi.hooks.translation [None req-1853389f-d4c9-45e3-8494-11ed5b4f712e 48b7da1bba0d43bd9ffb205c04e2151a 32827e79310849e7b149ff70a0a88fd1 - - default default] DELETE failed (client error): The resource could not be found. [pid: 7|app: 0|req: 848/1693] 10.0.0.192 () {32 vars in 726 bytes} [Fri Jul 10 01:07:15 2026] DELETE /v2.0/networks/3d2c6539-13cf-4b9c-bd50-8ad85198e6a6 => generated 138 bytes in 26 msecs (HTTP/1.1 404) 4 headers in 164 bytes (1 switches on core 0)
2026-07-10 01:07:15.802 7 INFO neutron.services.segments.plugin [-] Segment 7327fbe6-e94e-47d7-9417-61f176e68e8c resource provider aggregate not found [pid: 8|app: 0|req: 846/1694] 10.0.0.192 () {32 vars in 724 bytes} [Fri Jul 10 01:07:15 2026] DELETE /v2.0/subnets/143ca05c-d8c7-4d0f-a788-085cd131e1f8 => generated 0 bytes in 137 msecs (HTTP/1.1 204) 3 headers in 131 bytes (1 switches on core 0)
2026-07-10 01:07:15.820 7 INFO neutron.services.segments.plugin [-] Client error retrieving segment 7327fbe6-e94e-47d7-9417-61f176e68e8c resource provider; error: Placement Client Error (4xx): {"errors": [{"status": 404, "title": "Not Found", "detail": "The resource could not be found.\n\n No resource provider with uuid 7327fbe6-e94e-47d7-9417-61f176e68e8c found for delete ", "request_id": "req-123d7a2a-5572-44c8-b592-2028f04e1b4c"}]}
2026-07-10 01:07:15.826 7 INFO neutron.services.segments.plugin [-] Segment 7327fbe6-e94e-47d7-9417-61f176e68e8c resource provider aggregate not found
2026-07-10 01:07:15.841 7 INFO neutron.services.segments.plugin [-] Client error retrieving segment 7327fbe6-e94e-47d7-9417-61f176e68e8c resource provider; error: Placement Client Error (4xx): {"errors": [{"status": 404, "title": "Not Found", "detail": "The resource could not be found.\n\n No resource provider with uuid 7327fbe6-e94e-47d7-9417-61f176e68e8c found for delete ", "request_id": "req-ed3a3559-24db-40a2-93d3-dab4ed2cd8bf"}]}
2026-07-10 01:07:15.931 7 INFO neutron_taas.services.taas.taas_plugin [None req-96c72c17-1bab-48bd-beae-e760046d53b5 48b7da1bba0d43bd9ffb205c04e2151a 32827e79310849e7b149ff70a0a88fd1 - - default default] TaaS: Handle Delete Port: 4ae99872-9c4d-49c8-b88c-8f814a81a1dc
2026-07-10 01:07:15.934 7 INFO neutron_taas.services.taas.tap_mirror_plugin [None req-96c72c17-1bab-48bd-beae-e760046d53b5 48b7da1bba0d43bd9ffb205c04e2151a 32827e79310849e7b149ff70a0a88fd1 - - default default] Tap Mirror: Handle Delete Port: 4ae99872-9c4d-49c8-b88c-8f814a81a1dc [pid: 7|app: 0|req: 849/1695] 10.0.0.192 () {32 vars in 726 bytes} [Fri Jul 10 01:07:15 2026] DELETE /v2.0/networks/0233909b-4007-405d-afcc-a973c4947eaa => generated 0 bytes in 315 msecs (HTTP/1.1 204) 3 headers in 131 bytes (1 switches on core 0) [pid: 8|app: 0|req: 847/1696] 10.0.0.192 () {32 vars in 717 bytes} [Fri Jul 10 01:07:16 2026] GET /v2.0/ports/57470487-d6be-4055-ac33-11988fd261ff => generated 953 bytes in 86 msecs (HTTP/1.1 200) 4 headers in 157 bytes (1 switches on core 0) [pid: 7|app: 0|req: 850/1697] 10.0.0.192 () {32 vars in 774 bytes} [Fri Jul 10 01:07:16 2026] GET /v2.0/security-groups?tenant_id=32827e79310849e7b149ff70a0a88fd1&name=default => generated 2925 bytes in 305 msecs (HTTP/1.1 200) 4 headers in 158 bytes (1 switches on core 0) [pid: 8|app: 0|req: 848/1698] 10.0.0.192 () {32 vars in 740 bytes} [Fri Jul 10 01:07:16 2026] DELETE /v2.0/security-groups/d866f6c1-a5a5-4d95-bdec-8a0ac6803c8e => generated 0 bytes in 299 msecs (HTTP/1.1 204) 2 headers in 112 bytes (1 switches on core 0)
2026-07-10 01:07:17.446 7 INFO neutron.db.ovn_revision_numbers_db [None req-f19b0fe6-2ff9-45ee-b2bb-0e306e1a007f 6ae6f387208246fd8abd6765366998b6 2b83f9499f5e48429fc041e9a256aed5 - - default default] Successfully bumped revision number for resource b6a777b7-29d7-4a05-b0b0-326469c0d6ca (type: security_groups) to 1
2026-07-10 01:07:17.463 7 INFO neutron.db.ovn_revision_numbers_db [None req-f19b0fe6-2ff9-45ee-b2bb-0e306e1a007f 6ae6f387208246fd8abd6765366998b6 2b83f9499f5e48429fc041e9a256aed5 - - default default] Successfully bumped revision number for resource 51c0804e-5ff4-49f9-be42-eda8a96a84c2 (type: security_group_rules) to 0
2026-07-10 01:07:17.480 7 INFO neutron.db.ovn_revision_numbers_db [None req-f19b0fe6-2ff9-45ee-b2bb-0e306e1a007f 6ae6f387208246fd8abd6765366998b6 2b83f9499f5e48429fc041e9a256aed5 - - default default] Successfully bumped revision number for resource a2902e12-a133-4d49-89c6-634fba1840fc (type: security_group_rules) to 0
2026-07-10 01:07:17.496 7 INFO neutron.db.ovn_revision_numbers_db [None req-f19b0fe6-2ff9-45ee-b2bb-0e306e1a007f 6ae6f387208246fd8abd6765366998b6 2b83f9499f5e48429fc041e9a256aed5 - - default default] Successfully bumped revision number for resource db3a03bf-5588-4dcc-8c9d-5f640c541e4b (type: security_group_rules) to 0 [pid: 8|app: 0|req: 849/1699] 10.0.0.192 () {32 vars in 717 bytes} [Fri Jul 10 01:07:17 2026] GET /v2.0/ports/57470487-d6be-4055-ac33-11988fd261ff => generated 953 bytes in 32 msecs (HTTP/1.1 200) 4 headers in 157 bytes (1 switches on core 0)
2026-07-10 01:07:17.516 7 INFO neutron.db.ovn_revision_numbers_db [None req-f19b0fe6-2ff9-45ee-b2bb-0e306e1a007f 6ae6f387208246fd8abd6765366998b6 2b83f9499f5e48429fc041e9a256aed5 - - default default] Successfully bumped revision number for resource db947147-f9f2-40dc-9f1d-97db947417f2 (type: security_group_rules) to 0
2026-07-10 01:07:17.607 7 INFO neutron.db.segments_db [None req-f19b0fe6-2ff9-45ee-b2bb-0e306e1a007f 6ae6f387208246fd8abd6765366998b6 2b83f9499f5e48429fc041e9a256aed5 - - default default] Added segment 2064fde3-67bc-46e6-a771-23f39838d5e8 of type geneve for network 6ff6c200-2a8a-4086-a4e9-707b097d26ae
2026-07-10 01:07:17.718 7 INFO neutron.db.ovn_revision_numbers_db [None req-f19b0fe6-2ff9-45ee-b2bb-0e306e1a007f 6ae6f387208246fd8abd6765366998b6 2b83f9499f5e48429fc041e9a256aed5 - - default default] Successfully bumped revision number for resource 6ff6c200-2a8a-4086-a4e9-707b097d26ae (type: networks) to 1
2026-07-10 01:07:17.849 7 INFO neutron.services.segments.plugin [-] Segment 89395e26-ca9b-4aee-aaa0-5b9bf3aafb61 resource provider aggregate not found
2026-07-10 01:07:17.862 7 INFO neutron.services.segments.plugin [-] Segment 89395e26-ca9b-4aee-aaa0-5b9bf3aafb61 resource provider aggregate not found
2026-07-10 01:07:17.885 7 INFO neutron.services.segments.plugin [-] Client error retrieving segment 89395e26-ca9b-4aee-aaa0-5b9bf3aafb61 resource provider; error: Placement Client Error (4xx): {"errors": [{"status": 404, "title": "Not Found", "detail": "The resource could not be found.\n\n No resource provider with uuid 89395e26-ca9b-4aee-aaa0-5b9bf3aafb61 found for delete ", "request_id": "req-e7d9ce70-d343-4396-94f1-d21cd52fe935"}]}
2026-07-10 01:07:17.890 7 INFO neutron.services.segments.plugin [-] Client error retrieving segment 89395e26-ca9b-4aee-aaa0-5b9bf3aafb61 resource provider; error: Placement Client Error (4xx): {"errors": [{"status": 404, "title": "Not Found", "detail": "The resource could not be found.\n\n No resource provider with uuid 89395e26-ca9b-4aee-aaa0-5b9bf3aafb61 found for delete ", "request_id": "req-6e40cf43-4f9c-47fe-b90e-7f78ac76f7e1"}]}
2026-07-10 01:07:17.913 7 WARNING neutron.scheduler.dhcp_agent_scheduler [None req-f19b0fe6-2ff9-45ee-b2bb-0e306e1a007f 6ae6f387208246fd8abd6765366998b6 2b83f9499f5e48429fc041e9a256aed5 - - default default] No more DHCP agents
2026-07-10 01:07:17.915 7 WARNING neutron.api.rpc.agentnotifiers.dhcp_rpc_agent_api [None req-f19b0fe6-2ff9-45ee-b2bb-0e306e1a007f 6ae6f387208246fd8abd6765366998b6 2b83f9499f5e48429fc041e9a256aed5 - - default default] Unable to schedule network 6ff6c200-2a8a-4086-a4e9-707b097d26ae: no agents available; will retry on subsequent port and subnet creation events.
2026-07-10 01:07:17.963 8 INFO neutron.plugins.ml2.drivers.ovn.mech_driver.mech_driver [None req-f216c243-05a3-4ed3-8d51-fc56731cd56c - - - - - -] OVN reports status down for port: 6ead997a-2a75-4232-837d-636d49238ee8
2026-07-10 01:07:17.988 7 INFO neutron.db.ovn_revision_numbers_db [None req-f19b0fe6-2ff9-45ee-b2bb-0e306e1a007f 6ae6f387208246fd8abd6765366998b6 2b83f9499f5e48429fc041e9a256aed5 - - default default] Successfully bumped revision number for resource 6ead997a-2a75-4232-837d-636d49238ee8 (type: ports) to 1 [pid: 7|app: 0|req: 851/1700] 10.0.0.192 () {34 vars in 670 bytes} [Fri Jul 10 01:07:17 2026] POST /v2.0/networks => generated 629 bytes in 921 msecs (HTTP/1.1 201) 4 headers in 162 bytes (1 switches on core 0)
2026-07-10 01:07:18.128 7 INFO neutron.db.segments_db [None req-f0b2cb29-7173-49b4-ad43-9c21e8898b82 6ae6f387208246fd8abd6765366998b6 2b83f9499f5e48429fc041e9a256aed5 - - default default] Added segment 2de36c7d-9fa2-45e4-bf55-9dd46a2d6e13 of type geneve for network 2024f164-24b8-4855-bb40-40bb39091bf6
2026-07-10 01:07:18.184 8 INFO neutron.db.ovn_revision_numbers_db [None req-4a79b287-d118-4cba-ad68-9571f35b0a86 7d1503f2237e4e6f8cfad6ae0b86eee6 de37fb0199f94883b7a595fc0799b595 - - default default] Successfully bumped revision number for resource 70ea466d-44ef-4852-8097-0d2f66588bad (type: security_groups) to 1
2026-07-10 01:07:18.201 8 INFO neutron.db.ovn_revision_numbers_db [None req-4a79b287-d118-4cba-ad68-9571f35b0a86 7d1503f2237e4e6f8cfad6ae0b86eee6 de37fb0199f94883b7a595fc0799b595 - - default default] Successfully bumped revision number for resource 1a6400ee-bde6-428e-8736-13ac17ff1ba1 (type: security_group_rules) to 0
2026-07-10 01:07:18.214 8 INFO neutron.db.ovn_revision_numbers_db [None req-4a79b287-d118-4cba-ad68-9571f35b0a86 7d1503f2237e4e6f8cfad6ae0b86eee6 de37fb0199f94883b7a595fc0799b595 - - default default] Successfully bumped revision number for resource 5b93975a-98e4-4e13-8cf2-0cdcee9f55e6 (type: security_group_rules) to 0
2026-07-10 01:07:18.229 8 INFO neutron.db.ovn_revision_numbers_db [None req-4a79b287-d118-4cba-ad68-9571f35b0a86 7d1503f2237e4e6f8cfad6ae0b86eee6 de37fb0199f94883b7a595fc0799b595 - - default default] Successfully bumped revision number for resource dffc4666-e79c-4d8a-98ed-839eee54b05c (type: security_group_rules) to 0
2026-07-10 01:07:18.252 8 INFO neutron.db.ovn_revision_numbers_db [None req-4a79b287-d118-4cba-ad68-9571f35b0a86 7d1503f2237e4e6f8cfad6ae0b86eee6 de37fb0199f94883b7a595fc0799b595 - - default default] Successfully bumped revision number for resource e93cd1e4-141d-4cfe-8474-54053791da30 (type: security_group_rules) to 0
2026-07-10 01:07:18.272 7 INFO neutron.db.ovn_revision_numbers_db [None req-f0b2cb29-7173-49b4-ad43-9c21e8898b82 6ae6f387208246fd8abd6765366998b6 2b83f9499f5e48429fc041e9a256aed5 - - default default] Successfully bumped revision number for resource 2024f164-24b8-4855-bb40-40bb39091bf6 (type: networks) to 1
2026-07-10 01:07:18.328 8 INFO neutron.db.segments_db [None req-4a79b287-d118-4cba-ad68-9571f35b0a86 7d1503f2237e4e6f8cfad6ae0b86eee6 de37fb0199f94883b7a595fc0799b595 - - default default] Added segment df8a95e3-7848-404e-b57d-7c3d9d5fddef of type geneve for network 53527618-56a2-49f6-8034-f87343fa6433
2026-07-10 01:07:18.442 8 INFO neutron.db.ovn_revision_numbers_db [None req-4a79b287-d118-4cba-ad68-9571f35b0a86 7d1503f2237e4e6f8cfad6ae0b86eee6 de37fb0199f94883b7a595fc0799b595 - - default default] Successfully bumped revision number for resource 53527618-56a2-49f6-8034-f87343fa6433 (type: networks) to 1
2026-07-10 01:07:18.451 7 WARNING neutron.scheduler.dhcp_agent_scheduler [None req-f0b2cb29-7173-49b4-ad43-9c21e8898b82 6ae6f387208246fd8abd6765366998b6 2b83f9499f5e48429fc041e9a256aed5 - - default default] No more DHCP agents
2026-07-10 01:07:18.454 7 WARNING neutron.api.rpc.agentnotifiers.dhcp_rpc_agent_api [None req-f0b2cb29-7173-49b4-ad43-9c21e8898b82 6ae6f387208246fd8abd6765366998b6 2b83f9499f5e48429fc041e9a256aed5 - - default default] Unable to schedule network 2024f164-24b8-4855-bb40-40bb39091bf6: no agents available; will retry on subsequent port and subnet creation events.
2026-07-10 01:07:18.525 8 INFO neutron.plugins.ml2.drivers.ovn.mech_driver.mech_driver [None req-f216c243-05a3-4ed3-8d51-fc56731cd56c - - - - - -] OVN reports status down for port: 45a5506e-f36b-4ac8-9010-1b8789174a56
2026-07-10 01:07:18.551 7 INFO neutron.db.ovn_revision_numbers_db [None req-f0b2cb29-7173-49b4-ad43-9c21e8898b82 6ae6f387208246fd8abd6765366998b6 2b83f9499f5e48429fc041e9a256aed5 - - default default] Successfully bumped revision number for resource 45a5506e-f36b-4ac8-9010-1b8789174a56 (type: ports) to 1 [pid: 7|app: 0|req: 852/1701] 10.0.0.192 () {34 vars in 670 bytes} [Fri Jul 10 01:07:18 2026] POST /v2.0/networks => generated 630 bytes in 581 msecs (HTTP/1.1 201) 4 headers in 162 bytes (1 switches on core 0) [pid: 7|app: 0|req: 853/1702] 10.0.0.192 () {32 vars in 717 bytes} [Fri Jul 10 01:07:18 2026] GET /v2.0/ports/57470487-d6be-4055-ac33-11988fd261ff => generated 953 bytes in 38 msecs (HTTP/1.1 200) 4 headers in 157 bytes (1 switches on core 0)
2026-07-10 01:07:18.719 8 WARNING neutron.scheduler.dhcp_agent_scheduler [None req-4a79b287-d118-4cba-ad68-9571f35b0a86 7d1503f2237e4e6f8cfad6ae0b86eee6 de37fb0199f94883b7a595fc0799b595 - - default default] No more DHCP agents
2026-07-10 01:07:18.720 8 WARNING neutron.api.rpc.agentnotifiers.dhcp_rpc_agent_api [None req-4a79b287-d118-4cba-ad68-9571f35b0a86 7d1503f2237e4e6f8cfad6ae0b86eee6 de37fb0199f94883b7a595fc0799b595 - - default default] Unable to schedule network 53527618-56a2-49f6-8034-f87343fa6433: no agents available; will retry on subsequent port and subnet creation events.
2026-07-10 01:07:18.773 8 INFO neutron.plugins.ml2.drivers.ovn.mech_driver.mech_driver [None req-f216c243-05a3-4ed3-8d51-fc56731cd56c - - - - - -] OVN reports status down for port: ce49ba61-393f-4b70-a2fa-c044fcb61046
2026-07-10 01:07:18.831 8 INFO neutron.db.ovn_revision_numbers_db [None req-4a79b287-d118-4cba-ad68-9571f35b0a86 7d1503f2237e4e6f8cfad6ae0b86eee6 de37fb0199f94883b7a595fc0799b595 - - default default] Successfully bumped revision number for resource ce49ba61-393f-4b70-a2fa-c044fcb61046 (type: ports) to 1
2026-07-10 01:07:18.866 7 WARNING neutron.scheduler.dhcp_agent_scheduler [None req-36746b8c-4634-48b9-b835-082f6aecfb37 6ae6f387208246fd8abd6765366998b6 2b83f9499f5e48429fc041e9a256aed5 - - default default] No more DHCP agents
2026-07-10 01:07:18.868 7 WARNING neutron.api.rpc.agentnotifiers.dhcp_rpc_agent_api [None req-36746b8c-4634-48b9-b835-082f6aecfb37 6ae6f387208246fd8abd6765366998b6 2b83f9499f5e48429fc041e9a256aed5 - - default default] Unable to schedule network 6ff6c200-2a8a-4086-a4e9-707b097d26ae: no agents available; will retry on subsequent port and subnet creation events. [pid: 8|app: 0|req: 850/1705] 10.0.0.192 () {34 vars in 670 bytes} [Fri Jul 10 01:07:17 2026] POST /v2.0/networks => generated 631 bytes in 1014 msecs (HTTP/1.1 201) 4 headers in 162 bytes (1 switches on core 0)
2026-07-10 01:07:19.115 8 WARNING neutron.scheduler.dhcp_agent_scheduler [None req-d5301f4f-067c-466f-b9c0-4cc325213570 7d1503f2237e4e6f8cfad6ae0b86eee6 de37fb0199f94883b7a595fc0799b595 - - default default] No more DHCP agents
2026-07-10 01:07:19.116 8 WARNING neutron.api.rpc.agentnotifiers.dhcp_rpc_agent_api [None req-d5301f4f-067c-466f-b9c0-4cc325213570 7d1503f2237e4e6f8cfad6ae0b86eee6 de37fb0199f94883b7a595fc0799b595 - - default default] Unable to schedule network 53527618-56a2-49f6-8034-f87343fa6433: no agents available; will retry on subsequent port and subnet creation events.
2026-07-10 01:07:19.201 8 INFO neutron.db.ovn_revision_numbers_db [None req-d5301f4f-067c-466f-b9c0-4cc325213570 7d1503f2237e4e6f8cfad6ae0b86eee6 de37fb0199f94883b7a595fc0799b595 - - default default] Successfully bumped revision number for resource 89d37878-acb2-4e39-b9ac-530b208dddb3 (type: ports) to 1 [pid: 8|app: 0|req: 851/1706] 10.0.0.192 () {34 vars in 664 bytes} [Fri Jul 10 01:07:18 2026] POST /v2.0/ports => generated 743 bytes in 367 msecs (HTTP/1.1 201) 4 headers in 162 bytes (1 switches on core 0)
2026-07-10 01:07:19.349 7 INFO neutron.db.ovn_revision_numbers_db [None req-4e183d7e-a7aa-49a6-9242-17e7ad8304fd - - - - - -] Successfully bumped revision number for resource 6ead997a-2a75-4232-837d-636d49238ee8 (type: ports) to 2
2026-07-10 01:07:19.384 7 INFO neutron.db.ovn_revision_numbers_db [None req-4e183d7e-a7aa-49a6-9242-17e7ad8304fd - - - - - -] Successfully bumped revision number for resource 372d21f8-0ddc-422b-9535-0698ea2cbf3f (type: subnets) to 0 [pid: 7|app: 0|req: 856/1707] 10.0.0.192 () {34 vars in 669 bytes} [Fri Jul 10 01:07:18 2026] POST /v2.0/subnets => generated 626 bytes in 760 msecs (HTTP/1.1 201) 4 headers in 162 bytes (1 switches on core 0) /var/lib/openstack/lib/python3.12/site-packages/pycadf/identifier.py:70: UserWarning: Invalid uuid: neutron. To ensure interoperability, identifiers should be a valid uuid. warnings.warn(('Invalid uuid: %s. To ensure interoperability, '
2026-07-10 01:07:19.500 7 INFO neutron.db.segments_db [None req-e63375d3-30b5-4317-b1d3-f4d2bb6b575b 7d1503f2237e4e6f8cfad6ae0b86eee6 de37fb0199f94883b7a595fc0799b595 - - default default] Added segment 796295c4-97d1-43e8-ab4e-779a48999273 of type geneve for network 66f8c9a2-51f5-4ba0-8f13-8c5803eb979b [pid: 8|app: 0|req: 852/1708] 10.0.0.192 () {34 vars in 676 bytes} [Fri Jul 10 01:07:19 2026] POST /v2.0/subnetpools => generated 548 bytes in 235 msecs (HTTP/1.1 201) 4 headers in 162 bytes (1 switches on core 0)
2026-07-10 01:07:19.643 7 INFO neutron.db.ovn_revision_numbers_db [None req-e63375d3-30b5-4317-b1d3-f4d2bb6b575b 7d1503f2237e4e6f8cfad6ae0b86eee6 de37fb0199f94883b7a595fc0799b595 - - default default] Successfully bumped revision number for resource 66f8c9a2-51f5-4ba0-8f13-8c5803eb979b (type: networks) to 1
2026-07-10 01:07:19.740 8 WARNING neutron.scheduler.dhcp_agent_scheduler [None req-29a0e0cb-665b-41a8-b922-718ae4efe818 6ae6f387208246fd8abd6765366998b6 2b83f9499f5e48429fc041e9a256aed5 - - default default] No more DHCP agents
2026-07-10 01:07:19.741 8 WARNING neutron.api.rpc.agentnotifiers.dhcp_rpc_agent_api [None req-29a0e0cb-665b-41a8-b922-718ae4efe818 6ae6f387208246fd8abd6765366998b6 2b83f9499f5e48429fc041e9a256aed5 - - default default] Unable to schedule network 2024f164-24b8-4855-bb40-40bb39091bf6: no agents available; will retry on subsequent port and subnet creation events.
2026-07-10 01:07:19.772 7 WARNING neutron.plugins.ml2.drivers.ovn.mech_driver.ovsdb.ovn_client [None req-b644afcd-d323-4767-88c2-2659e5dae828 - - - - - -] No hosting information found for port 526a1206-568f-4499-ae8a-d0945117da44: RuntimeError: No hosting information found for port 526a1206-568f-4499-ae8a-d0945117da44
2026-07-10 01:07:19.904 7 WARNING neutron.scheduler.dhcp_agent_scheduler [None req-e63375d3-30b5-4317-b1d3-f4d2bb6b575b 7d1503f2237e4e6f8cfad6ae0b86eee6 de37fb0199f94883b7a595fc0799b595 - - default default] No more DHCP agents
2026-07-10 01:07:19.908 7 WARNING neutron.api.rpc.agentnotifiers.dhcp_rpc_agent_api [None req-e63375d3-30b5-4317-b1d3-f4d2bb6b575b 7d1503f2237e4e6f8cfad6ae0b86eee6 de37fb0199f94883b7a595fc0799b595 - - default default] Unable to schedule network 66f8c9a2-51f5-4ba0-8f13-8c5803eb979b: no agents available; will retry on subsequent port and subnet creation events.
2026-07-10 01:07:19.923 7 INFO neutron.db.ovn_revision_numbers_db [None req-b644afcd-d323-4767-88c2-2659e5dae828 - - - - - -] Successfully bumped revision number for resource 526a1206-568f-4499-ae8a-d0945117da44 (type: router_ports) to 2
2026-07-10 01:07:19.990 8 INFO neutron.plugins.ml2.drivers.ovn.mech_driver.mech_driver [None req-f216c243-05a3-4ed3-8d51-fc56731cd56c - - - - - -] OVN reports status down for port: 77798fb0-8957-4a6e-b7e6-97fa0402e55a
2026-07-10 01:07:20.036 7 INFO neutron.plugins.ml2.drivers.ovn.mech_driver.mech_driver [None req-b644afcd-d323-4767-88c2-2659e5dae828 - - - - - -] OVN reports status down for port: 57470487-d6be-4055-ac33-11988fd261ff
2026-07-10 01:07:20.065 7 INFO neutron.db.ovn_revision_numbers_db [None req-e63375d3-30b5-4317-b1d3-f4d2bb6b575b 7d1503f2237e4e6f8cfad6ae0b86eee6 de37fb0199f94883b7a595fc0799b595 - - default default] Successfully bumped revision number for resource 77798fb0-8957-4a6e-b7e6-97fa0402e55a (type: ports) to 1 [pid: 7|app: 0|req: 857/1709] 10.0.0.192 () {34 vars in 670 bytes} [Fri Jul 10 01:07:19 2026] POST /v2.0/networks => generated 631 bytes in 704 msecs (HTTP/1.1 201) 4 headers in 162 bytes (1 switches on core 0)
2026-07-10 01:07:20.148 7 WARNING neutron.plugins.ml2.drivers.ovn.mech_driver.ovsdb.ovn_client [None req-b644afcd-d323-4767-88c2-2659e5dae828 - - - - - -] Logical_Switch_Port 57470487-d6be-4055-ac33-11988fd261ff host information not removed, the port state is up
2026-07-10 01:07:20.149 7 INFO neutron.plugins.ml2.drivers.ovn.mech_driver.mech_driver [None req-b644afcd-d323-4767-88c2-2659e5dae828 - - - - - -] OVN reports status up for port: 57470487-d6be-4055-ac33-11988fd261ff [pid: 7|app: 0|req: 858/1710] 10.0.0.192 () {32 vars in 729 bytes} [Fri Jul 10 01:07:20 2026] GET /v2.0/subnetpools/e1cf026c-30c9-442d-83c6-3c93e056e8fd => generated 548 bytes in 37 msecs (HTTP/1.1 200) 4 headers in 157 bytes (1 switches on core 0)
2026-07-10 01:07:20.175 7 INFO neutron.plugins.ml2.plugin [None req-b644afcd-d323-4767-88c2-2659e5dae828 - - - - - -] Attempt 1 to provision port 57470487-d6be-4055-ac33-11988fd261ff [pid: 7|app: 0|req: 859/1711] 10.0.0.192 () {32 vars in 717 bytes} [Fri Jul 10 01:07:20 2026] GET /v2.0/ports/57470487-d6be-4055-ac33-11988fd261ff => generated 953 bytes in 76 msecs (HTTP/1.1 200) 4 headers in 157 bytes (1 switches on core 0)
2026-07-10 01:07:20.251 8 INFO neutron.db.ovn_revision_numbers_db [None req-2263130a-a544-4cfc-bff5-48453cd6e9a2 - - - - - -] Successfully bumped revision number for resource 45a5506e-f36b-4ac8-9010-1b8789174a56 (type: ports) to 2
2026-07-10 01:07:20.283 8 INFO neutron.db.ovn_revision_numbers_db [None req-2263130a-a544-4cfc-bff5-48453cd6e9a2 - - - - - -] Successfully bumped revision number for resource 806da21f-3d66-483c-b505-8f73ad0ac7bb (type: subnets) to 0 [pid: 8|app: 0|req: 853/1712] 10.0.0.192 () {34 vars in 669 bytes} [Fri Jul 10 01:07:19 2026] POST /v2.0/subnets => generated 626 bytes in 800 msecs (HTTP/1.1 201) 4 headers in 162 bytes (1 switches on core 0) [pid: 8|app: 0|req: 854/1713] 10.0.0.192 () {34 vars in 749 bytes} [Fri Jul 10 01:07:20 2026] PUT /v2.0/subnetpools/e1cf026c-30c9-442d-83c6-3c93e056e8fd => generated 500 bytes in 54 msecs (HTTP/1.1 200) 4 headers in 157 bytes (1 switches on core 0)
2026-07-10 01:07:20.466 8 INFO neutron.db.ovn_revision_numbers_db [None req-b72c4f33-383f-43cc-9d22-fe8e5c5b25e2 6ae6f387208246fd8abd6765366998b6 2b83f9499f5e48429fc041e9a256aed5 - - default default] Successfully bumped revision number for resource c08bcb7d-2298-4289-8fb9-a486343bfecb (type: routers) to 1 [pid: 8|app: 0|req: 855/1714] 10.0.0.192 () {34 vars in 669 bytes} [Fri Jul 10 01:07:20 2026] POST /v2.0/routers => generated 603 bytes in 125 msecs (HTTP/1.1 201) 4 headers in 162 bytes (1 switches on core 0) [pid: 8|app: 0|req: 856/1715] 10.0.0.192 () {32 vars in 732 bytes} [Fri Jul 10 01:07:20 2026] DELETE /v2.0/subnetpools/e1cf026c-30c9-442d-83c6-3c93e056e8fd => generated 0 bytes in 58 msecs (HTTP/1.1 204) 2 headers in 112 bytes (1 switches on core 0)
2026-07-10 01:07:20.665 7 WARNING neutron.scheduler.dhcp_agent_scheduler [None req-14d6590c-f1fa-4cb1-a65e-c94d5a11a2fe 7d1503f2237e4e6f8cfad6ae0b86eee6 de37fb0199f94883b7a595fc0799b595 - - default default] No more DHCP agents
2026-07-10 01:07:20.669 7 WARNING neutron.api.rpc.agentnotifiers.dhcp_rpc_agent_api [None req-14d6590c-f1fa-4cb1-a65e-c94d5a11a2fe 7d1503f2237e4e6f8cfad6ae0b86eee6 de37fb0199f94883b7a595fc0799b595 - - default default] Unable to schedule network 66f8c9a2-51f5-4ba0-8f13-8c5803eb979b: no agents available; will retry on subsequent port and subnet creation events.
2026-07-10 01:07:20.826 8 INFO neutron.plugins.ml2.drivers.ovn.mech_driver.mech_driver [None req-f216c243-05a3-4ed3-8d51-fc56731cd56c - - - - - -] OVN reports status down for port: e7a1390c-35af-42e2-a56a-d10c0ed9be05
2026-07-10 01:07:20.850 7 INFO neutron.db.ovn_revision_numbers_db [None req-b644afcd-d323-4767-88c2-2659e5dae828 - - - - - -] Successfully bumped revision number for resource 57470487-d6be-4055-ac33-11988fd261ff (type: ports) to 2
2026-07-10 01:07:20.899 7 INFO neutron.db.ovn_revision_numbers_db [None req-14d6590c-f1fa-4cb1-a65e-c94d5a11a2fe 7d1503f2237e4e6f8cfad6ae0b86eee6 de37fb0199f94883b7a595fc0799b595 - - default default] Successfully bumped revision number for resource e7a1390c-35af-42e2-a56a-d10c0ed9be05 (type: ports) to 1 [pid: 7|app: 0|req: 860/1716] 10.0.0.192 () {34 vars in 664 bytes} [Fri Jul 10 01:07:20 2026] POST /v2.0/ports => generated 743 bytes in 741 msecs (HTTP/1.1 201) 4 headers in 162 bytes (1 switches on core 0) /var/lib/openstack/lib/python3.12/site-packages/pycadf/identifier.py:70: UserWarning: Invalid uuid: neutron. To ensure interoperability, identifiers should be a valid uuid. warnings.warn(('Invalid uuid: %s. To ensure interoperability, '
2026-07-10 01:07:20.983 7 INFO neutron.api.v2.resource [None req-43026f21-bade-4844-a48c-f9dbadddf9a5 2f9fad97df0e48129402e120d6e402f5 30800cdbeb074516a36b2ea468a309f2 - - default default] show failed (client error): The resource could not be found. [pid: 7|app: 0|req: 861/1717] 10.0.0.192 () {32 vars in 729 bytes} [Fri Jul 10 01:07:20 2026] GET /v2.0/subnetpools/e1cf026c-30c9-442d-83c6-3c93e056e8fd => generated 145 bytes in 11 msecs (HTTP/1.1 404) 4 headers in 164 bytes (1 switches on core 0)
2026-07-10 01:07:20.991 8 WARNING neutron.scheduler.dhcp_agent_scheduler [None req-9cca0ff7-d53e-44a2-8711-515d32259321 6ae6f387208246fd8abd6765366998b6 2b83f9499f5e48429fc041e9a256aed5 - - default default] No more DHCP agents
2026-07-10 01:07:20.992 8 WARNING neutron.api.rpc.agentnotifiers.dhcp_rpc_agent_api [None req-9cca0ff7-d53e-44a2-8711-515d32259321 6ae6f387208246fd8abd6765366998b6 2b83f9499f5e48429fc041e9a256aed5 - - default default] Unable to schedule network 6ff6c200-2a8a-4086-a4e9-707b097d26ae: no agents available; will retry on subsequent port and subnet creation events.
2026-07-10 01:07:21.065 7 INFO neutron.db.segments_db [None req-689a0a70-a4f8-4cd7-ae76-6a094ee6035a 7d1503f2237e4e6f8cfad6ae0b86eee6 de37fb0199f94883b7a595fc0799b595 - - default default] Added segment 57c4e7df-405d-46b4-bdde-d95a50f62e97 of type geneve for network a44368d6-122e-43a0-b6f8-b0fffc0dc36c
2026-07-10 01:07:21.132 8 INFO neutron.db.ovn_revision_numbers_db [None req-9cca0ff7-d53e-44a2-8711-515d32259321 6ae6f387208246fd8abd6765366998b6 2b83f9499f5e48429fc041e9a256aed5 - - default default] Successfully bumped revision number for resource a6347685-e01a-46c7-827e-e462b426d82a (type: ports) to 1
2026-07-10 01:07:21.210 7 INFO neutron.db.ovn_revision_numbers_db [None req-689a0a70-a4f8-4cd7-ae76-6a094ee6035a 7d1503f2237e4e6f8cfad6ae0b86eee6 de37fb0199f94883b7a595fc0799b595 - - default default] Successfully bumped revision number for resource a44368d6-122e-43a0-b6f8-b0fffc0dc36c (type: networks) to 1
2026-07-10 01:07:21.392 7 WARNING neutron.scheduler.dhcp_agent_scheduler [None req-689a0a70-a4f8-4cd7-ae76-6a094ee6035a 7d1503f2237e4e6f8cfad6ae0b86eee6 de37fb0199f94883b7a595fc0799b595 - - default default] No more DHCP agents
2026-07-10 01:07:21.394 7 WARNING neutron.api.rpc.agentnotifiers.dhcp_rpc_agent_api [None req-689a0a70-a4f8-4cd7-ae76-6a094ee6035a 7d1503f2237e4e6f8cfad6ae0b86eee6 de37fb0199f94883b7a595fc0799b595 - - default default] Unable to schedule network a44368d6-122e-43a0-b6f8-b0fffc0dc36c: no agents available; will retry on subsequent port and subnet creation events.
2026-07-10 01:07:21.483 7 INFO neutron.db.ovn_revision_numbers_db [None req-689a0a70-a4f8-4cd7-ae76-6a094ee6035a 7d1503f2237e4e6f8cfad6ae0b86eee6 de37fb0199f94883b7a595fc0799b595 - - default default] Successfully bumped revision number for resource 768fc763-ae6f-49ce-8496-5a43ce3c1ac4 (type: ports) to 1 [pid: 7|app: 0|req: 862/1718] 10.0.0.192 () {34 vars in 670 bytes} [Fri Jul 10 01:07:20 2026] POST /v2.0/networks => generated 632 bytes in 522 msecs (HTTP/1.1 201) 4 headers in 162 bytes (1 switches on core 0)
2026-07-10 01:07:21.517 7 INFO neutron.api.v2.resource [None req-687f7b1a-6907-45e3-85bc-694fd8a31ceb 2f9fad97df0e48129402e120d6e402f5 30800cdbeb074516a36b2ea468a309f2 - - default default] delete failed (client error): The resource could not be found. [pid: 7|app: 0|req: 863/1719] 10.0.0.192 () {32 vars in 732 bytes} [Fri Jul 10 01:07:21 2026] DELETE /v2.0/subnetpools/e1cf026c-30c9-442d-83c6-3c93e056e8fd => generated 145 bytes in 11 msecs (HTTP/1.1 404) 4 headers in 164 bytes (1 switches on core 0) [pid: 7|app: 0|req: 864/1720] 10.0.0.192 () {32 vars in 717 bytes} [Fri Jul 10 01:07:21 2026] GET /v2.0/ports/57470487-d6be-4055-ac33-11988fd261ff => generated 955 bytes in 93 msecs (HTTP/1.1 200) 4 headers in 157 bytes (1 switches on core 0)
2026-07-10 01:07:21.723 8 WARNING neutron.scheduler.dhcp_agent_scheduler [None req-9cca0ff7-d53e-44a2-8711-515d32259321 6ae6f387208246fd8abd6765366998b6 2b83f9499f5e48429fc041e9a256aed5 - - default default] No more DHCP agents
2026-07-10 01:07:21.725 8 WARNING neutron.api.rpc.agentnotifiers.dhcp_rpc_agent_api [None req-9cca0ff7-d53e-44a2-8711-515d32259321 6ae6f387208246fd8abd6765366998b6 2b83f9499f5e48429fc041e9a256aed5 - - default default] Unable to schedule network 6ff6c200-2a8a-4086-a4e9-707b097d26ae: no agents available; will retry on subsequent port and subnet creation events.
2026-07-10 01:07:21.909 8 INFO neutron.db.ovn_revision_numbers_db [None req-9cca0ff7-d53e-44a2-8711-515d32259321 6ae6f387208246fd8abd6765366998b6 2b83f9499f5e48429fc041e9a256aed5 - - default default] Successfully bumped revision number for resource a6347685-e01a-46c7-827e-e462b426d82a (type: router_ports) to 1
2026-07-10 01:07:21.911 7 WARNING neutron.scheduler.dhcp_agent_scheduler [None req-c3099736-4cbe-498b-9004-9aacea732bfa 7d1503f2237e4e6f8cfad6ae0b86eee6 de37fb0199f94883b7a595fc0799b595 - - default default] No more DHCP agents [pid: 8|app: 0|req: 857/1721] 10.0.0.192 () {34 vars in 783 bytes} [Fri Jul 10 01:07:20 2026] PUT /v2.0/routers/c08bcb7d-2298-4289-8fb9-a486343bfecb/add_router_interface => generated 309 bytes in 1374 msecs (HTTP/1.1 200) 4 headers in 157 bytes (1 switches on core 0)
2026-07-10 01:07:21.923 7 WARNING neutron.api.rpc.agentnotifiers.dhcp_rpc_agent_api [None req-c3099736-4cbe-498b-9004-9aacea732bfa 7d1503f2237e4e6f8cfad6ae0b86eee6 de37fb0199f94883b7a595fc0799b595 - - default default] Unable to schedule network a44368d6-122e-43a0-b6f8-b0fffc0dc36c: no agents available; will retry on subsequent port and subnet creation events.
