2026-07-10 01:08:30.432 7 INFO neutron.plugins.ml2.drivers.ovn.mech_driver.ovsdb.ovsdb_monitor [None req-66670755-0011-491f-b3d0-d8238f57c658 - - - - - -] Router a0c86fd3-fe8a-4d86-bed2-50f92cad9268 is bound to host instance
2026-07-10 01:08:30.520 8 INFO neutron.db.ovn_revision_numbers_db [None req-6ba43954-9891-4a53-a24d-a365329b6bfd 00ff82f1114d41a6980ab3c5ef37e633 7164549706984273add4d456e1667dbb - - default default] Successfully bumped revision number for resource a0c86fd3-fe8a-4d86-bed2-50f92cad9268 (type: routers) to 2 [pid: 8|app: 0|req: 1108/2229] 10.0.0.192 () {34 vars in 669 bytes} [Fri Jul 10 01:08:29 2026] POST /v2.0/routers => generated 955 bytes in 1464 msecs (HTTP/1.1 201) 4 headers in 162 bytes (1 switches on core 0) [pid: 7|app: 0|req: 1122/2230] 10.0.0.192 () {32 vars in 776 bytes} [Fri Jul 10 01:08:30 2026] GET /v2.0/subnets?project_id=7164549706984273add4d456e1667dbb&cidr=10.100.0.0%2F28 => generated 14 bytes in 222 msecs (HTTP/1.1 200) 4 headers in 156 bytes (1 switches on core 0) [pid: 8|app: 0|req: 1109/2231] 10.0.0.192 () {32 vars in 694 bytes} [Fri Jul 10 01:08:30 2026] GET /v2.0/networks?router%3Aexternal=True => generated 753 bytes in 59 msecs (HTTP/1.1 200) 4 headers in 157 bytes (1 switches on core 0) [pid: 7|app: 0|req: 1123/2232] 10.0.0.192 () {32 vars in 784 bytes} [Fri Jul 10 01:08:30 2026] GET /v2.0/subnets?network_id=1a27113d-e9bd-488b-a678-e74fc4be40d9&cidr=10.100.0.0%2F28 => generated 14 bytes in 31 msecs (HTTP/1.1 200) 4 headers in 156 bytes (1 switches on core 0)
2026-07-10 01:08:31.075 8 WARNING neutron.scheduler.dhcp_agent_scheduler [None req-ca59a052-3654-453e-b6a4-d1e3f60c2ac0 00ff82f1114d41a6980ab3c5ef37e633 7164549706984273add4d456e1667dbb - - default default] No more DHCP agents
2026-07-10 01:08:31.076 8 WARNING neutron.api.rpc.agentnotifiers.dhcp_rpc_agent_api [None req-ca59a052-3654-453e-b6a4-d1e3f60c2ac0 00ff82f1114d41a6980ab3c5ef37e633 7164549706984273add4d456e1667dbb - - default default] Unable to schedule network 57a44762-5fbe-4a0e-b574-fd067f3732be: no agents available; will retry on subsequent port and subnet creation events.
2026-07-10 01:08:31.348 7 INFO neutron.db.ovn_revision_numbers_db [None req-b1865199-dc08-403a-88e1-63916f4537f6 a751631599c04018b219c0cd5bae84d3 bd2b82ea545f463ba85786bd0a3f5a96 - - default default] Successfully bumped revision number for resource b170c874-81b7-440c-b81c-cf807407acb3 (type: security_groups) to 1
2026-07-10 01:08:31.371 7 INFO neutron.db.ovn_revision_numbers_db [None req-b1865199-dc08-403a-88e1-63916f4537f6 a751631599c04018b219c0cd5bae84d3 bd2b82ea545f463ba85786bd0a3f5a96 - - default default] Successfully bumped revision number for resource 5ed1d3e6-66bf-4838-bef5-b75b2fd72f69 (type: security_group_rules) to 0
2026-07-10 01:08:31.403 7 INFO neutron.db.ovn_revision_numbers_db [None req-b1865199-dc08-403a-88e1-63916f4537f6 a751631599c04018b219c0cd5bae84d3 bd2b82ea545f463ba85786bd0a3f5a96 - - default default] Successfully bumped revision number for resource 96c121d5-f4f4-4965-a96e-9bfd025ba7be (type: security_group_rules) to 0
2026-07-10 01:08:31.424 7 INFO neutron.db.ovn_revision_numbers_db [None req-b1865199-dc08-403a-88e1-63916f4537f6 a751631599c04018b219c0cd5bae84d3 bd2b82ea545f463ba85786bd0a3f5a96 - - default default] Successfully bumped revision number for resource d8aa7845-3cd9-48a9-b3ad-25bf14981506 (type: security_group_rules) to 0
2026-07-10 01:08:31.453 7 INFO neutron.db.ovn_revision_numbers_db [None req-b1865199-dc08-403a-88e1-63916f4537f6 a751631599c04018b219c0cd5bae84d3 bd2b82ea545f463ba85786bd0a3f5a96 - - default default] Successfully bumped revision number for resource f6bba990-16df-438e-bb8f-109408c78e0a (type: security_group_rules) to 0
2026-07-10 01:08:31.483 8 INFO neutron.db.ovn_revision_numbers_db [None req-bbaa1c0a-4c29-4b17-ab2d-395b89877c58 - - - - - -] Successfully bumped revision number for resource 0ca53cc2-9e83-4cf0-b914-5611760c47ea (type: ports) to 2
2026-07-10 01:08:31.521 8 INFO neutron.db.ovn_revision_numbers_db [None req-bbaa1c0a-4c29-4b17-ab2d-395b89877c58 - - - - - -] Successfully bumped revision number for resource ccf0863f-b2d1-4161-bd28-1412eb18a1f5 (type: subnets) to 0 [pid: 8|app: 0|req: 1110/2233] 10.0.0.192 () {34 vars in 669 bytes} [Fri Jul 10 01:08:30 2026] POST /v2.0/subnets => generated 657 bytes in 661 msecs (HTTP/1.1 201) 4 headers in 162 bytes (1 switches on core 0)
2026-07-10 01:08:31.561 7 INFO neutron.db.segments_db [None req-b1865199-dc08-403a-88e1-63916f4537f6 a751631599c04018b219c0cd5bae84d3 bd2b82ea545f463ba85786bd0a3f5a96 - - default default] Added segment 6059e9b7-5025-4526-b832-b93fc06e4951 of type geneve for network fee1b75a-b1fb-42ac-9dcb-e8213b1f1ff0
2026-07-10 01:08:31.579 7 INFO neutron.db.ovn_revision_numbers_db [None req-bd36e3c1-d84f-45da-bd09-6f638637f6ad - - - - - -] Successfully bumped revision number for resource 7ab72c83-5c08-46ab-8e68-e2711dae6f82 (type: ports) to 4
2026-07-10 01:08:31.806 7 INFO neutron.db.ovn_revision_numbers_db [None req-b1865199-dc08-403a-88e1-63916f4537f6 a751631599c04018b219c0cd5bae84d3 bd2b82ea545f463ba85786bd0a3f5a96 - - default default] Successfully bumped revision number for resource fee1b75a-b1fb-42ac-9dcb-e8213b1f1ff0 (type: networks) to 1
2026-07-10 01:08:32.078 8 WARNING neutron.scheduler.dhcp_agent_scheduler [None req-1f79f888-e2f4-4634-a401-b3bd1a730697 00ff82f1114d41a6980ab3c5ef37e633 7164549706984273add4d456e1667dbb - - default default] No more DHCP agents
2026-07-10 01:08:32.080 8 WARNING neutron.api.rpc.agentnotifiers.dhcp_rpc_agent_api [None req-1f79f888-e2f4-4634-a401-b3bd1a730697 00ff82f1114d41a6980ab3c5ef37e633 7164549706984273add4d456e1667dbb - - default default] Unable to schedule network 57a44762-5fbe-4a0e-b574-fd067f3732be: no agents available; will retry on subsequent port and subnet creation events.
2026-07-10 01:08:32.106 7 WARNING neutron.scheduler.dhcp_agent_scheduler [None req-b1865199-dc08-403a-88e1-63916f4537f6 a751631599c04018b219c0cd5bae84d3 bd2b82ea545f463ba85786bd0a3f5a96 - - default default] No more DHCP agents
2026-07-10 01:08:32.110 7 WARNING neutron.api.rpc.agentnotifiers.dhcp_rpc_agent_api [None req-b1865199-dc08-403a-88e1-63916f4537f6 a751631599c04018b219c0cd5bae84d3 bd2b82ea545f463ba85786bd0a3f5a96 - - default default] Unable to schedule network fee1b75a-b1fb-42ac-9dcb-e8213b1f1ff0: no agents available; will retry on subsequent port and subnet creation events.
2026-07-10 01:08:32.203 8 INFO neutron.plugins.ml2.drivers.ovn.mech_driver.mech_driver [None req-e722d68d-0af3-40c2-bd10-3aad6927b61e - - - - - -] OVN reports status down for port: 2d6efe08-3433-4771-8271-abdeaee1aeb1
2026-07-10 01:08:32.227 7 INFO neutron.db.ovn_revision_numbers_db [None req-bd36e3c1-d84f-45da-bd09-6f638637f6ad - - - - - -] Successfully bumped revision number for resource 7ab72c83-5c08-46ab-8e68-e2711dae6f82 (type: ports) to 5
2026-07-10 01:08:32.276 8 INFO neutron.db.ovn_revision_numbers_db [None req-1f79f888-e2f4-4634-a401-b3bd1a730697 00ff82f1114d41a6980ab3c5ef37e633 7164549706984273add4d456e1667dbb - - default default] Successfully bumped revision number for resource 2d6efe08-3433-4771-8271-abdeaee1aeb1 (type: ports) to 1
2026-07-10 01:08:32.299 7 INFO neutron.db.ovn_revision_numbers_db [None req-b1865199-dc08-403a-88e1-63916f4537f6 a751631599c04018b219c0cd5bae84d3 bd2b82ea545f463ba85786bd0a3f5a96 - - default default] Successfully bumped revision number for resource ce1f52cb-e95a-439d-8b06-b54121e9bc3e (type: ports) to 1 [pid: 7|app: 0|req: 1124/2234] 10.0.0.192 () {34 vars in 671 bytes} [Fri Jul 10 01:08:30 2026] POST /v2.0/networks => generated 744 bytes in 1417 msecs (HTTP/1.1 201) 4 headers in 162 bytes (1 switches on core 0)
2026-07-10 01:08:32.518 7 INFO neutron.db.ovn_revision_numbers_db [None req-d97cb376-04cf-48ff-a9ce-f6c0376431fa e9bd8827733a4712a8b1f8d6d190afb7 1452c5b7b5ac4cd7887fb6d7797ccce8 - - default default] Successfully bumped revision number for resource de8c81fc-4a20-48b9-8016-da527339a4ca (type: security_groups) to 1
2026-07-10 01:08:32.532 7 INFO neutron.db.ovn_revision_numbers_db [None req-d97cb376-04cf-48ff-a9ce-f6c0376431fa e9bd8827733a4712a8b1f8d6d190afb7 1452c5b7b5ac4cd7887fb6d7797ccce8 - - default default] Successfully bumped revision number for resource 23bace2d-d6b8-4893-9678-65a56eaa39f2 (type: security_group_rules) to 0
2026-07-10 01:08:32.547 7 INFO neutron.db.ovn_revision_numbers_db [None req-d97cb376-04cf-48ff-a9ce-f6c0376431fa e9bd8827733a4712a8b1f8d6d190afb7 1452c5b7b5ac4cd7887fb6d7797ccce8 - - default default] Successfully bumped revision number for resource 3173927e-21a4-4661-950a-451032f290e4 (type: security_group_rules) to 0
2026-07-10 01:08:32.562 7 INFO neutron.db.ovn_revision_numbers_db [None req-d97cb376-04cf-48ff-a9ce-f6c0376431fa e9bd8827733a4712a8b1f8d6d190afb7 1452c5b7b5ac4cd7887fb6d7797ccce8 - - default default] Successfully bumped revision number for resource 7d2edb39-d9ec-4ada-90ac-04fbe8456fae (type: security_group_rules) to 0
2026-07-10 01:08:32.579 7 INFO neutron.db.ovn_revision_numbers_db [None req-d97cb376-04cf-48ff-a9ce-f6c0376431fa e9bd8827733a4712a8b1f8d6d190afb7 1452c5b7b5ac4cd7887fb6d7797ccce8 - - default default] Successfully bumped revision number for resource 84995752-47e6-4ee9-ab9a-1146485fa2cc (type: security_group_rules) to 0
2026-07-10 01:08:32.659 7 INFO neutron.db.segments_db [None req-d97cb376-04cf-48ff-a9ce-f6c0376431fa e9bd8827733a4712a8b1f8d6d190afb7 1452c5b7b5ac4cd7887fb6d7797ccce8 - - default default] Added segment 2b1ae16e-9502-41e8-9435-3824951ec7cf of type geneve for network 86a978cd-edbd-4fc7-8f66-2960bf19f11b
2026-07-10 01:08:32.775 7 INFO neutron.db.ovn_revision_numbers_db [None req-d97cb376-04cf-48ff-a9ce-f6c0376431fa e9bd8827733a4712a8b1f8d6d190afb7 1452c5b7b5ac4cd7887fb6d7797ccce8 - - default default] Successfully bumped revision number for resource 86a978cd-edbd-4fc7-8f66-2960bf19f11b (type: networks) to 1
2026-07-10 01:08:32.945 7 WARNING neutron.scheduler.dhcp_agent_scheduler [None req-d97cb376-04cf-48ff-a9ce-f6c0376431fa e9bd8827733a4712a8b1f8d6d190afb7 1452c5b7b5ac4cd7887fb6d7797ccce8 - - default default] No more DHCP agents
2026-07-10 01:08:32.947 7 WARNING neutron.api.rpc.agentnotifiers.dhcp_rpc_agent_api [None req-d97cb376-04cf-48ff-a9ce-f6c0376431fa e9bd8827733a4712a8b1f8d6d190afb7 1452c5b7b5ac4cd7887fb6d7797ccce8 - - default default] Unable to schedule network 86a978cd-edbd-4fc7-8f66-2960bf19f11b: no agents available; will retry on subsequent port and subnet creation events.
2026-07-10 01:08:32.995 8 INFO neutron.plugins.ml2.drivers.ovn.mech_driver.mech_driver [None req-e722d68d-0af3-40c2-bd10-3aad6927b61e - - - - - -] OVN reports status down for port: ebee5d9e-0566-49fe-ab58-b734966e157f
2026-07-10 01:08:33.026 7 INFO neutron.db.ovn_revision_numbers_db [None req-d97cb376-04cf-48ff-a9ce-f6c0376431fa e9bd8827733a4712a8b1f8d6d190afb7 1452c5b7b5ac4cd7887fb6d7797ccce8 - - default default] Successfully bumped revision number for resource ebee5d9e-0566-49fe-ab58-b734966e157f (type: ports) to 1 [pid: 7|app: 0|req: 1125/2235] 10.0.0.192 () {34 vars in 670 bytes} [Fri Jul 10 01:08:32 2026] POST /v2.0/networks => generated 632 bytes in 710 msecs (HTTP/1.1 201) 4 headers in 162 bytes (1 switches on core 0)
2026-07-10 01:08:33.108 8 INFO neutron.plugins.ml2.drivers.ovn.mech_driver.mech_driver [None req-e722d68d-0af3-40c2-bd10-3aad6927b61e - - - - - -] OVN reports status up for port: 2d6efe08-3433-4771-8271-abdeaee1aeb1
2026-07-10 01:08:33.128 8 INFO neutron.plugins.ml2.plugin [None req-e722d68d-0af3-40c2-bd10-3aad6927b61e - - - - - -] Attempt 1 to provision port 2d6efe08-3433-4771-8271-abdeaee1aeb1
2026-07-10 01:08:33.176 8 WARNING neutron.scheduler.dhcp_agent_scheduler [None req-1f79f888-e2f4-4634-a401-b3bd1a730697 00ff82f1114d41a6980ab3c5ef37e633 7164549706984273add4d456e1667dbb - - default default] No more DHCP agents
2026-07-10 01:08:33.178 7 INFO neutron.plugins.ml2.drivers.ovn.mech_driver.mech_driver [None req-2f5ef617-7bd5-4b25-b6c4-0cfc989544ad - - - - - -] OVN reports status down for port: ce1f52cb-e95a-439d-8b06-b54121e9bc3e
2026-07-10 01:08:33.180 7 WARNING neutron.scheduler.dhcp_agent_scheduler [None req-0bda0916-f227-4901-a637-f40832a2c56d a751631599c04018b219c0cd5bae84d3 bd2b82ea545f463ba85786bd0a3f5a96 - - default default] No more DHCP agents
2026-07-10 01:08:33.180 8 WARNING neutron.api.rpc.agentnotifiers.dhcp_rpc_agent_api [None req-1f79f888-e2f4-4634-a401-b3bd1a730697 00ff82f1114d41a6980ab3c5ef37e633 7164549706984273add4d456e1667dbb - - default default] Unable to schedule network 57a44762-5fbe-4a0e-b574-fd067f3732be: no agents available; will retry on subsequent port and subnet creation events.
2026-07-10 01:08:33.184 7 WARNING neutron.api.rpc.agentnotifiers.dhcp_rpc_agent_api [None req-0bda0916-f227-4901-a637-f40832a2c56d a751631599c04018b219c0cd5bae84d3 bd2b82ea545f463ba85786bd0a3f5a96 - - default default] Unable to schedule network fee1b75a-b1fb-42ac-9dcb-e8213b1f1ff0: no agents available; will retry on subsequent port and subnet creation events.
2026-07-10 01:08:33.670 7 INFO neutron.db.ovn_revision_numbers_db [None req-46620d54-166c-428b-8771-fb500b3dabba - - - - - -] Successfully bumped revision number for resource ce1f52cb-e95a-439d-8b06-b54121e9bc3e (type: ports) to 2
2026-07-10 01:08:33.708 7 INFO neutron.db.ovn_revision_numbers_db [None req-46620d54-166c-428b-8771-fb500b3dabba - - - - - -] Successfully bumped revision number for resource 97e1c5b9-9615-49f0-a2f7-3b75ea2754cc (type: subnets) to 0 [pid: 7|app: 0|req: 1126/2236] 10.0.0.192 () {34 vars in 669 bytes} [Fri Jul 10 01:08:33 2026] POST /v2.0/subnets => generated 688 bytes in 681 msecs (HTTP/1.1 201) 4 headers in 162 bytes (1 switches on core 0) [pid: 7|app: 0|req: 1127/2237] 10.0.0.192 () {34 vars in 753 bytes} [Fri Jul 10 01:08:33 2026] PUT /v2.0/networks/86a978cd-edbd-4fc7-8f66-2960bf19f11b/tags => generated 25 bytes in 72 msecs (HTTP/1.1 200) 4 headers in 156 bytes (1 switches on core 0)
2026-07-10 01:08:33.882 8 INFO neutron.db.ovn_revision_numbers_db [None req-1f79f888-e2f4-4634-a401-b3bd1a730697 00ff82f1114d41a6980ab3c5ef37e633 7164549706984273add4d456e1667dbb - - default default] Successfully bumped revision number for resource 2d6efe08-3433-4771-8271-abdeaee1aeb1 (type: router_ports) to 1 [pid: 8|app: 0|req: 1111/2240] 10.0.0.192 () {34 vars in 783 bytes} [Fri Jul 10 01:08:31 2026] PUT /v2.0/routers/a0c86fd3-fe8a-4d86-bed2-50f92cad9268/add_router_interface => generated 309 bytes in 2355 msecs (HTTP/1.1 200) 4 headers in 157 bytes (1 switches on core 0) [pid: 8|app: 0|req: 1112/2241] 10.0.0.192 () {32 vars in 733 bytes} [Fri Jul 10 01:08:33 2026] GET /v2.0/networks/86a978cd-edbd-4fc7-8f66-2960bf19f11b/tags => generated 25 bytes in 85 msecs (HTTP/1.1 200) 4 headers in 156 bytes (1 switches on core 0)
2026-07-10 01:08:34.004 8 INFO neutron.db.ovn_revision_numbers_db [None req-e722d68d-0af3-40c2-bd10-3aad6927b61e - - - - - -] Successfully bumped revision number for resource 2d6efe08-3433-4771-8271-abdeaee1aeb1 (type: ports) to 2 [pid: 8|app: 0|req: 1113/2242] 10.0.0.192 () {32 vars in 649 bytes} [Fri Jul 10 01:08:33 2026] GET /v2.0/networks => generated 4396 bytes in 117 msecs (HTTP/1.1 200) 4 headers in 158 bytes (1 switches on core 0) [pid: 8|app: 0|req: 1114/2243] 10.0.0.192 () {34 vars in 764 bytes} [Fri Jul 10 01:08:34 2026] PUT /v2.0/networks/86a978cd-edbd-4fc7-8f66-2960bf19f11b/tags/green => generated 4 bytes in 110 msecs (HTTP/1.1 201) 4 headers in 160 bytes (1 switches on core 0) [pid: 8|app: 0|req: 1115/2244] 10.0.0.192 () {32 vars in 647 bytes} [Fri Jul 10 01:08:34 2026] GET /v2.0/subnets => generated 2651 bytes in 38 msecs (HTTP/1.1 200) 4 headers in 158 bytes (1 switches on core 0)
2026-07-10 01:08:34.256 7 WARNING neutron.scheduler.dhcp_agent_scheduler [None req-c2694d14-9e67-4fc5-aea5-20917ffa136e a751631599c04018b219c0cd5bae84d3 bd2b82ea545f463ba85786bd0a3f5a96 - - default default] No more DHCP agents
2026-07-10 01:08:34.257 7 WARNING neutron.api.rpc.agentnotifiers.dhcp_rpc_agent_api [None req-c2694d14-9e67-4fc5-aea5-20917ffa136e a751631599c04018b219c0cd5bae84d3 bd2b82ea545f463ba85786bd0a3f5a96 - - default default] Unable to schedule network 1a27113d-e9bd-488b-a678-e74fc4be40d9: no agents available; will retry on subsequent port and subnet creation events. [pid: 8|app: 0|req: 1116/2245] 10.0.0.192 () {32 vars in 733 bytes} [Fri Jul 10 01:08:34 2026] GET /v2.0/networks/86a978cd-edbd-4fc7-8f66-2960bf19f11b/tags => generated 34 bytes in 41 msecs (HTTP/1.1 200) 4 headers in 156 bytes (1 switches on core 0)
2026-07-10 01:08:34.345 7 INFO neutron.plugins.ml2.drivers.ovn.mech_driver.mech_driver [None req-2f5ef617-7bd5-4b25-b6c4-0cfc989544ad - - - - - -] OVN reports status down for port: 4f228a7f-01e9-4955-af4b-968fb43f806e [pid: 8|app: 0|req: 1117/2246] 10.0.0.192 () {32 vars in 647 bytes} [Fri Jul 10 01:08:34 2026] GET /v2.0/routers => generated 1587 bytes in 80 msecs (HTTP/1.1 200) 4 headers in 158 bytes (1 switches on core 0)
2026-07-10 01:08:34.402 7 INFO neutron.db.ovn_revision_numbers_db [None req-c2694d14-9e67-4fc5-aea5-20917ffa136e a751631599c04018b219c0cd5bae84d3 bd2b82ea545f463ba85786bd0a3f5a96 - - default default] Successfully bumped revision number for resource 4f228a7f-01e9-4955-af4b-968fb43f806e (type: ports) to 1 [pid: 8|app: 0|req: 1118/2247] 10.0.0.192 () {34 vars in 760 bytes} [Fri Jul 10 01:08:34 2026] PUT /v2.0/networks/86a978cd-edbd-4fc7-8f66-2960bf19f11b/tags/red => generated 4 bytes in 66 msecs (HTTP/1.1 201) 4 headers in 160 bytes (1 switches on core 0)
2026-07-10 01:08:34.551 8 INFO neutron.db.ovn_revision_numbers_db [None req-d0e22309-11a6-4274-965a-89796e831200 00ff82f1114d41a6980ab3c5ef37e633 7164549706984273add4d456e1667dbb - - default default] Successfully bumped revision number for resource 8c2ed432-073a-490d-987f-e7716aa8d75a (type: security_groups) to 1
2026-07-10 01:08:34.565 8 INFO neutron.db.ovn_revision_numbers_db [None req-d0e22309-11a6-4274-965a-89796e831200 00ff82f1114d41a6980ab3c5ef37e633 7164549706984273add4d456e1667dbb - - default default] Successfully bumped revision number for resource 767cba1c-ef4a-4481-80b4-d57c2587d5aa (type: security_group_rules) to 0
2026-07-10 01:08:34.582 8 INFO neutron.db.ovn_revision_numbers_db [None req-d0e22309-11a6-4274-965a-89796e831200 00ff82f1114d41a6980ab3c5ef37e633 7164549706984273add4d456e1667dbb - - default default] Successfully bumped revision number for resource ae9edacb-b042-40bd-ba72-e8958e383d42 (type: security_group_rules) to 0 [pid: 8|app: 0|req: 1119/2248] 10.0.0.192 () {34 vars in 685 bytes} [Fri Jul 10 01:08:34 2026] POST /v2.0/security-groups => generated 1673 bytes in 177 msecs (HTTP/1.1 201) 4 headers in 163 bytes (1 switches on core 0) [pid: 8|app: 0|req: 1120/2249] 10.0.0.192 () {32 vars in 733 bytes} [Fri Jul 10 01:08:34 2026] GET /v2.0/networks/86a978cd-edbd-4fc7-8f66-2960bf19f11b/tags => generated 34 bytes in 44 msecs (HTTP/1.1 200) 4 headers in 156 bytes (1 switches on core 0)
2026-07-10 01:08:34.810 8 INFO neutron.db.ovn_revision_numbers_db [None req-84eaa7d4-c5fe-41d2-94c6-53a70d1cf95a 00ff82f1114d41a6980ab3c5ef37e633 7164549706984273add4d456e1667dbb - - default default] Successfully bumped revision number for resource 9eba060c-9604-4b0a-8fc4-3c151f0cf4dd (type: security_group_rules) to 0 [pid: 8|app: 0|req: 1121/2250] 10.0.0.192 () {34 vars in 695 bytes} [Fri Jul 10 01:08:34 2026] POST /v2.0/security-group-rules => generated 597 bytes in 177 msecs (HTTP/1.1 201) 4 headers in 162 bytes (1 switches on core 0) [pid: 8|app: 0|req: 1122/2251] 10.0.0.192 () {34 vars in 782 bytes} [Fri Jul 10 01:08:34 2026] PUT /v2.0/networks/86a978cd-edbd-4fc7-8f66-2960bf19f11b/tags/black.or.white => generated 4 bytes in 73 msecs (HTTP/1.1 201) 4 headers in 160 bytes (1 switches on core 0)
2026-07-10 01:08:35.040 8 INFO neutron.db.ovn_revision_numbers_db [None req-3e37d1b0-1e9e-4e27-9527-d3503151c19f 00ff82f1114d41a6980ab3c5ef37e633 7164549706984273add4d456e1667dbb - - default default] Successfully bumped revision number for resource 14ca64ca-7b83-422b-9512-3f1b0b02aa2c (type: security_group_rules) to 0
2026-07-10 01:08:35.056 7 INFO neutron.plugins.ml2.drivers.ovn.mech_driver.ovsdb.commands [None req-accb6e65-8c8f-4817-bf03-1a78ea73175f - - - - - -] Schedule LRP lrp-4f228a7f-01e9-4955-af4b-968fb43f806e on gateway 9057429a-a961-493c-a7c1-295ec68200f6 with priority 1
2026-07-10 01:08:35.071 7 INFO neutron.plugins.ml2.drivers.ovn.mech_driver.mech_driver [None req-2f5ef617-7bd5-4b25-b6c4-0cfc989544ad - - - - - -] OVN reports status up for port: 4f228a7f-01e9-4955-af4b-968fb43f806e [pid: 8|app: 0|req: 1123/2252] 10.0.0.192 () {34 vars in 695 bytes} [Fri Jul 10 01:08:34 2026] POST /v2.0/security-group-rules => generated 596 bytes in 178 msecs (HTTP/1.1 201) 4 headers in 162 bytes (1 switches on core 0)
2026-07-10 01:08:35.113 7 INFO neutron.plugins.ml2.plugin [None req-2f5ef617-7bd5-4b25-b6c4-0cfc989544ad - - - - - -] Attempt 1 to provision port 4f228a7f-01e9-4955-af4b-968fb43f806e
2026-07-10 01:08:35.141 7 INFO neutron.plugins.ml2.drivers.ovn.mech_driver.ovsdb.ovsdb_monitor [None req-bd36e3c1-d84f-45da-bd09-6f638637f6ad - - - - - -] Router 1d139b94-59b4-4626-b588-774ef76500c3 is bound to host instance [pid: 8|app: 0|req: 1124/2253] 10.0.0.192 () {32 vars in 733 bytes} [Fri Jul 10 01:08:35 2026] GET /v2.0/networks/86a978cd-edbd-4fc7-8f66-2960bf19f11b/tags => generated 52 bytes in 59 msecs (HTTP/1.1 200) 4 headers in 156 bytes (1 switches on core 0)
2026-07-10 01:08:35.155 7 INFO neutron.db.ovn_revision_numbers_db [None req-c2694d14-9e67-4fc5-aea5-20917ffa136e a751631599c04018b219c0cd5bae84d3 bd2b82ea545f463ba85786bd0a3f5a96 - - default default] Successfully bumped revision number for resource 4f228a7f-01e9-4955-af4b-968fb43f806e (type: router_ports) to 1
2026-07-10 01:08:35.292 8 INFO neutron.db.ovn_revision_numbers_db [None req-156959a5-c57c-45bf-baef-dee89937305b 00ff82f1114d41a6980ab3c5ef37e633 7164549706984273add4d456e1667dbb - - default default] Successfully bumped revision number for resource a24fb26c-b5e9-4754-bd96-1ef3c2733d6d (type: security_group_rules) to 0 [pid: 8|app: 0|req: 1125/2254] 10.0.0.192 () {34 vars in 695 bytes} [Fri Jul 10 01:08:35 2026] POST /v2.0/security-group-rules => generated 602 bytes in 176 msecs (HTTP/1.1 201) 4 headers in 162 bytes (1 switches on core 0)
2026-07-10 01:08:35.358 7 INFO neutron.db.ovn_revision_numbers_db [None req-c2694d14-9e67-4fc5-aea5-20917ffa136e a751631599c04018b219c0cd5bae84d3 bd2b82ea545f463ba85786bd0a3f5a96 - - default default] Successfully bumped revision number for resource 1d139b94-59b4-4626-b588-774ef76500c3 (type: routers) to 2 [pid: 8|app: 0|req: 1126/2255] 10.0.0.192 () {34 vars in 753 bytes} [Fri Jul 10 01:08:35 2026] PUT /v2.0/networks/86a978cd-edbd-4fc7-8f66-2960bf19f11b/tags => generated 37 bytes in 79 msecs (HTTP/1.1 200) 4 headers in 156 bytes (1 switches on core 0) [pid: 7|app: 0|req: 1130/2256] 10.0.0.192 () {34 vars in 669 bytes} [Fri Jul 10 01:08:33 2026] POST /v2.0/routers => generated 966 bytes in 1603 msecs (HTTP/1.1 201) 4 headers in 162 bytes (1 switches on core 0) [pid: 7|app: 0|req: 1131/2257] 10.0.0.192 () {32 vars in 733 bytes} [Fri Jul 10 01:08:35 2026] GET /v2.0/networks/86a978cd-edbd-4fc7-8f66-2960bf19f11b/tags => generated 37 bytes in 91 msecs (HTTP/1.1 200) 4 headers in 156 bytes (1 switches on core 0)
2026-07-10 01:08:35.551 8 INFO neutron.db.ovn_revision_numbers_db [None req-a5e0985f-1563-4599-b306-c7bf2070738f 00ff82f1114d41a6980ab3c5ef37e633 7164549706984273add4d456e1667dbb - - default default] Successfully bumped revision number for resource de381691-68ae-4616-8d3e-50c93e57f64d (type: security_group_rules) to 0 [pid: 8|app: 0|req: 1127/2258] 10.0.0.192 () {34 vars in 695 bytes} [Fri Jul 10 01:08:35 2026] POST /v2.0/security-group-rules => generated 601 bytes in 189 msecs (HTTP/1.1 201) 4 headers in 162 bytes (1 switches on core 0) [pid: 8|app: 0|req: 1128/2259] 10.0.0.192 () {32 vars in 741 bytes} [Fri Jul 10 01:08:35 2026] GET /v2.0/networks/86a978cd-edbd-4fc7-8f66-2960bf19f11b/tags/red => generated 0 bytes in 51 msecs (HTTP/1.1 204) 2 headers in 112 bytes (1 switches on core 0)
2026-07-10 01:08:35.697 8 INFO neutron.db.securitygroups_db [None req-ebbfc739-7ab8-4419-87a1-4d025164f91a 00ff82f1114d41a6980ab3c5ef37e633 7164549706984273add4d456e1667dbb - - default default] Project 7164549706984273add4d456e1667dbb added a security group rule with legacy IPv6 ICMP protocol name icmp, ipv6-icmp should be used instead. It was automatically converted.
2026-07-10 01:08:35.808 8 INFO neutron.db.ovn_revision_numbers_db [None req-ebbfc739-7ab8-4419-87a1-4d025164f91a 00ff82f1114d41a6980ab3c5ef37e633 7164549706984273add4d456e1667dbb - - default default] Successfully bumped revision number for resource c2d5f6cf-d4a8-4e85-b863-534220eb6038 (type: security_group_rules) to 0 [pid: 8|app: 0|req: 1129/2260] 10.0.0.192 () {34 vars in 695 bytes} [Fri Jul 10 01:08:35 2026] POST /v2.0/security-group-rules => generated 607 bytes in 195 msecs (HTTP/1.1 201) 4 headers in 162 bytes (1 switches on core 0)
2026-07-10 01:08:35.885 8 INFO neutron.api.v2.resource [None req-41ec6e01-9b38-4881-8fc5-264e61b02fad e9bd8827733a4712a8b1f8d6d190afb7 1452c5b7b5ac4cd7887fb6d7797ccce8 - - default default] show failed (client error): The resource could not be found. [pid: 8|app: 0|req: 1130/2261] 10.0.0.192 () {32 vars in 745 bytes} [Fri Jul 10 01:08:35 2026] GET /v2.0/networks/86a978cd-edbd-4fc7-8f66-2960bf19f11b/tags/green => generated 99 bytes in 43 msecs (HTTP/1.1 404) 4 headers in 163 bytes (1 switches on core 0)
2026-07-10 01:08:35.928 8 INFO neutron.db.securitygroups_db [None req-64212e68-c5c0-416d-80cd-476db55c2f74 00ff82f1114d41a6980ab3c5ef37e633 7164549706984273add4d456e1667dbb - - default default] Project 7164549706984273add4d456e1667dbb added a security group rule with legacy IPv6 ICMP protocol name icmp, ipv6-icmp should be used instead. It was automatically converted.
2026-07-10 01:08:36.050 8 INFO neutron.db.ovn_revision_numbers_db [None req-64212e68-c5c0-416d-80cd-476db55c2f74 00ff82f1114d41a6980ab3c5ef37e633 7164549706984273add4d456e1667dbb - - default default] Successfully bumped revision number for resource 293cd4fb-5633-458a-a408-cfb0f70630d0 (type: security_group_rules) to 0 [pid: 8|app: 0|req: 1131/2262] 10.0.0.192 () {34 vars in 695 bytes} [Fri Jul 10 01:08:35 2026] POST /v2.0/security-group-rules => generated 606 bytes in 200 msecs (HTTP/1.1 201) 4 headers in 162 bytes (1 switches on core 0) [pid: 8|app: 0|req: 1132/2263] 10.0.0.192 () {32 vars in 744 bytes} [Fri Jul 10 01:08:36 2026] DELETE /v2.0/networks/86a978cd-edbd-4fc7-8f66-2960bf19f11b/tags/red => generated 0 bytes in 63 msecs (HTTP/1.1 204) 2 headers in 112 bytes (1 switches on core 0) [pid: 8|app: 0|req: 1133/2264] 10.0.0.192 () {32 vars in 733 bytes} [Fri Jul 10 01:08:36 2026] GET /v2.0/networks/86a978cd-edbd-4fc7-8f66-2960bf19f11b/tags => generated 30 bytes in 45 msecs (HTTP/1.1 200) 4 headers in 156 bytes (1 switches on core 0)
2026-07-10 01:08:36.257 8 INFO neutron.api.v2.resource [None req-ae243756-7f48-4e71-b973-d923576c39c6 e9bd8827733a4712a8b1f8d6d190afb7 1452c5b7b5ac4cd7887fb6d7797ccce8 - - default default] delete failed (client error): The resource could not be found. [pid: 8|app: 0|req: 1134/2265] 10.0.0.192 () {32 vars in 748 bytes} [Fri Jul 10 01:08:36 2026] DELETE /v2.0/networks/86a978cd-edbd-4fc7-8f66-2960bf19f11b/tags/green => generated 99 bytes in 48 msecs (HTTP/1.1 404) 4 headers in 163 bytes (1 switches on core 0) [pid: 8|app: 0|req: 1135/2266] 10.0.0.192 () {32 vars in 736 bytes} [Fri Jul 10 01:08:36 2026] DELETE /v2.0/networks/86a978cd-edbd-4fc7-8f66-2960bf19f11b/tags => generated 0 bytes in 76 msecs (HTTP/1.1 204) 2 headers in 112 bytes (1 switches on core 0)
2026-07-10 01:08:36.386 7 WARNING neutron.scheduler.dhcp_agent_scheduler [None req-2163e18b-fd00-48e8-aacf-1533d8bf333d a751631599c04018b219c0cd5bae84d3 bd2b82ea545f463ba85786bd0a3f5a96 - - default default] No more DHCP agents
2026-07-10 01:08:36.389 7 WARNING neutron.api.rpc.agentnotifiers.dhcp_rpc_agent_api [None req-2163e18b-fd00-48e8-aacf-1533d8bf333d a751631599c04018b219c0cd5bae84d3 bd2b82ea545f463ba85786bd0a3f5a96 - - default default] Unable to schedule network fee1b75a-b1fb-42ac-9dcb-e8213b1f1ff0: no agents available; will retry on subsequent port and subnet creation events. [pid: 8|app: 0|req: 1136/2267] 10.0.0.192 () {32 vars in 733 bytes} [Fri Jul 10 01:08:36 2026] GET /v2.0/networks/86a978cd-edbd-4fc7-8f66-2960bf19f11b/tags => generated 12 bytes in 69 msecs (HTTP/1.1 200) 4 headers in 156 bytes (1 switches on core 0)
2026-07-10 01:08:36.584 8 INFO neutron_taas.services.taas.taas_plugin [None req-3294a586-6f66-478e-8f8c-c1c6dfaa1b3c e9bd8827733a4712a8b1f8d6d190afb7 1452c5b7b5ac4cd7887fb6d7797ccce8 - - default default] TaaS: Handle Delete Port: ebee5d9e-0566-49fe-ab58-b734966e157f
2026-07-10 01:08:36.589 8 INFO neutron_taas.services.taas.tap_mirror_plugin [None req-3294a586-6f66-478e-8f8c-c1c6dfaa1b3c e9bd8827733a4712a8b1f8d6d190afb7 1452c5b7b5ac4cd7887fb6d7797ccce8 - - default default] Tap Mirror: Handle Delete Port: ebee5d9e-0566-49fe-ab58-b734966e157f
2026-07-10 01:08:36.649 7 INFO neutron.db.ovn_revision_numbers_db [None req-2163e18b-fd00-48e8-aacf-1533d8bf333d a751631599c04018b219c0cd5bae84d3 bd2b82ea545f463ba85786bd0a3f5a96 - - default default] Successfully bumped revision number for resource f708b6db-97e6-4e3b-86b6-30e020bc5f72 (type: ports) to 1
2026-07-10 01:08:36.783 7 INFO neutron.db.ovn_revision_numbers_db [None req-fbcf4ba3-8371-4b1b-998c-f50609939507 - - - - - -] Successfully bumped revision number for resource 4f228a7f-01e9-4955-af4b-968fb43f806e (type: ports) to 4
2026-07-10 01:08:36.808 8 INFO neutron.services.segments.plugin [-] Segment 2b1ae16e-9502-41e8-9435-3824951ec7cf resource provider aggregate not found
2026-07-10 01:08:36.812 8 INFO neutron.services.segments.plugin [-] Segment 2b1ae16e-9502-41e8-9435-3824951ec7cf resource provider aggregate not found
2026-07-10 01:08:36.837 8 INFO neutron.services.segments.plugin [-] Client error retrieving segment 2b1ae16e-9502-41e8-9435-3824951ec7cf resource provider; error: Placement Client Error (4xx): {"errors": [{"status": 404, "title": "Not Found", "detail": "The resource could not be found.\n\n No resource provider with uuid 2b1ae16e-9502-41e8-9435-3824951ec7cf found for delete ", "request_id": "req-777c9180-fba4-4a4c-9fdf-6371eb1157a9"}]}
2026-07-10 01:08:36.840 8 INFO neutron.services.segments.plugin [-] Client error retrieving segment 2b1ae16e-9502-41e8-9435-3824951ec7cf resource provider; error: Placement Client Error (4xx): {"errors": [{"status": 404, "title": "Not Found", "detail": "The resource could not be found.\n\n No resource provider with uuid 2b1ae16e-9502-41e8-9435-3824951ec7cf found for delete ", "request_id": "req-f37cf6c5-63ce-448d-a4c4-34a827c2b7ef"}]} [pid: 8|app: 0|req: 1137/2268] 10.0.0.192 () {32 vars in 726 bytes} [Fri Jul 10 01:08:36 2026] DELETE /v2.0/networks/86a978cd-edbd-4fc7-8f66-2960bf19f11b => generated 0 bytes in 429 msecs (HTTP/1.1 204) 3 headers in 131 bytes (1 switches on core 0) [pid: 8|app: 0|req: 1138/2269] 10.0.0.192 () {32 vars in 649 bytes} [Fri Jul 10 01:08:36 2026] GET /v2.0/networks => generated 1297 bytes in 114 msecs (HTTP/1.1 200) 4 headers in 158 bytes (1 switches on core 0) [pid: 8|app: 0|req: 1139/2270] 10.0.0.139 () {34 vars in 1098 bytes} [Fri Jul 10 01:08:37 2026] GET /v2.0/security-groups?name=tempest-secgroup-smoke-156462348&fields=id&tenant_id=7164549706984273add4d456e1667dbb => generated 69 bytes in 36 msecs (HTTP/1.1 200) 4 headers in 156 bytes (1 switches on core 0) [pid: 8|app: 0|req: 1140/2271] 10.0.0.139 () {34 vars in 982 bytes} [Fri Jul 10 01:08:37 2026] GET /v2.0/networks?id=57a44762-5fbe-4a0e-b574-fd067f3732be => generated 660 bytes in 50 msecs (HTTP/1.1 200) 4 headers in 157 bytes (1 switches on core 0) [pid: 8|app: 0|req: 1141/2272] 10.0.0.139 () {34 vars in 965 bytes} [Fri Jul 10 01:08:37 2026] GET /v2.0/quotas/7164549706984273add4d456e1667dbb => generated 292 bytes in 17 msecs (HTTP/1.1 200) 4 headers in 157 bytes (1 switches on core 0) [pid: 8|app: 0|req: 1142/2273] 10.0.0.139 () {34 vars in 1002 bytes} [Fri Jul 10 01:08:37 2026] GET /v2.0/ports?tenant_id=7164549706984273add4d456e1667dbb&fields=id => generated 103 bytes in 69 msecs (HTTP/1.1 200) 4 headers in 157 bytes (1 switches on core 0) [pid: 8|app: 0|req: 1143/2274] 10.0.0.139 () {34 vars in 1008 bytes} [Fri Jul 10 01:08:37 2026] GET /v2.0/networks/57a44762-5fbe-4a0e-b574-fd067f3732be?fields=segments => generated 14 bytes in 46 msecs (HTTP/1.1 200) 4 headers in 156 bytes (1 switches on core 0) [pid: 8|app: 0|req: 1144/2275] 10.0.0.139 () {34 vars in 1108 bytes} [Fri Jul 10 01:08:37 2026] GET /v2.0/networks/57a44762-5fbe-4a0e-b574-fd067f3732be?fields=provider%3Aphysical_network&fields=provider%3Anetwork_type => generated 79 bytes in 50 msecs (HTTP/1.1 200) 4 headers in 156 bytes (1 switches on core 0)
2026-07-10 01:08:37.767 8 INFO neutron.db.ovn_revision_numbers_db [None req-dae7098e-592f-406a-92e9-0192052429b4 a751631599c04018b219c0cd5bae84d3 bd2b82ea545f463ba85786bd0a3f5a96 - - default default] Successfully bumped revision number for resource b1eb634d-c078-43bd-a42f-cd7620f87a86 (type: security_groups) to 1
2026-07-10 01:08:37.784 8 INFO neutron.db.ovn_revision_numbers_db [None req-dae7098e-592f-406a-92e9-0192052429b4 a751631599c04018b219c0cd5bae84d3 bd2b82ea545f463ba85786bd0a3f5a96 - - default default] Successfully bumped revision number for resource 53de70c2-d94a-4858-a7a4-a6f40665ba96 (type: security_group_rules) to 0
2026-07-10 01:08:37.798 8 INFO neutron.db.ovn_revision_numbers_db [None req-dae7098e-592f-406a-92e9-0192052429b4 a751631599c04018b219c0cd5bae84d3 bd2b82ea545f463ba85786bd0a3f5a96 - - default default] Successfully bumped revision number for resource ad5dd904-a492-4824-912c-b0cb0c8fe834 (type: security_group_rules) to 0
2026-07-10 01:08:37.811 8 INFO neutron.db.ovn_revision_numbers_db [None req-dae7098e-592f-406a-92e9-0192052429b4 a751631599c04018b219c0cd5bae84d3 bd2b82ea545f463ba85786bd0a3f5a96 - - default default] Successfully bumped revision number for resource ba36666b-0104-43bf-a329-73dda09295a9 (type: security_group_rules) to 0
2026-07-10 01:08:37.835 8 INFO neutron.db.ovn_revision_numbers_db [None req-dae7098e-592f-406a-92e9-0192052429b4 a751631599c04018b219c0cd5bae84d3 bd2b82ea545f463ba85786bd0a3f5a96 - - default default] Successfully bumped revision number for resource e2c1f8d3-78d3-4ba6-886f-1f27dc1becc5 (type: security_group_rules) to 0 [pid: 8|app: 0|req: 1145/2276] 10.0.0.192 () {32 vars in 774 bytes} [Fri Jul 10 01:08:37 2026] GET /v2.0/security-groups?tenant_id=f01a7262258848f2bd1bf76db998e050&name=default => generated 2925 bytes in 384 msecs (HTTP/1.1 200) 4 headers in 158 bytes (1 switches on core 0) [pid: 8|app: 0|req: 1146/2277] 10.0.0.139 () {34 vars in 990 bytes} [Fri Jul 10 01:08:37 2026] GET /v2.0/ports?device_id=195afe09-ea19-4d92-8627-8bec28c589f5 => generated 12 bytes in 22 msecs (HTTP/1.1 200) 4 headers in 156 bytes (1 switches on core 0)
2026-07-10 01:08:37.974 7 INFO neutron.db.ovn_revision_numbers_db [None req-fbcf4ba3-8371-4b1b-998c-f50609939507 - - - - - -] Successfully bumped revision number for resource 4f228a7f-01e9-4955-af4b-968fb43f806e (type: ports) to 5 [pid: 8|app: 0|req: 1147/2278] 10.0.0.192 () {32 vars in 740 bytes} [Fri Jul 10 01:08:37 2026] DELETE /v2.0/security-groups/b1eb634d-c078-43bd-a42f-cd7620f87a86 => generated 0 bytes in 211 msecs (HTTP/1.1 204) 2 headers in 112 bytes (1 switches on core 0)
2026-07-10 01:08:38.127 7 INFO neutron.plugins.ml2.drivers.ovn.mech_driver.mech_driver [None req-2f5ef617-7bd5-4b25-b6c4-0cfc989544ad - - - - - -] OVN reports status down for port: f708b6db-97e6-4e3b-86b6-30e020bc5f72 [pid: 8|app: 0|req: 1148/2279] 10.0.0.192 () {32 vars in 774 bytes} [Fri Jul 10 01:08:38 2026] GET /v2.0/security-groups?tenant_id=1452c5b7b5ac4cd7887fb6d7797ccce8&name=default => generated 2925 bytes in 26 msecs (HTTP/1.1 200) 4 headers in 158 bytes (1 switches on core 0)
2026-07-10 01:08:38.307 7 INFO neutron.plugins.ml2.drivers.ovn.mech_driver.mech_driver [None req-2f5ef617-7bd5-4b25-b6c4-0cfc989544ad - - - - - -] OVN reports status up for port: f708b6db-97e6-4e3b-86b6-30e020bc5f72
2026-07-10 01:08:38.334 7 INFO neutron.plugins.ml2.plugin [None req-2f5ef617-7bd5-4b25-b6c4-0cfc989544ad - - - - - -] Attempt 1 to provision port f708b6db-97e6-4e3b-86b6-30e020bc5f72 [pid: 8|app: 0|req: 1149/2280] 10.0.0.192 () {32 vars in 740 bytes} [Fri Jul 10 01:08:38 2026] DELETE /v2.0/security-groups/de8c81fc-4a20-48b9-8016-da527339a4ca => generated 0 bytes in 226 msecs (HTTP/1.1 204) 2 headers in 112 bytes (1 switches on core 0)
2026-07-10 01:08:38.466 7 WARNING neutron.scheduler.dhcp_agent_scheduler [None req-2163e18b-fd00-48e8-aacf-1533d8bf333d a751631599c04018b219c0cd5bae84d3 bd2b82ea545f463ba85786bd0a3f5a96 - - default default] No more DHCP agents
2026-07-10 01:08:38.469 7 WARNING neutron.api.rpc.agentnotifiers.dhcp_rpc_agent_api [None req-2163e18b-fd00-48e8-aacf-1533d8bf333d a751631599c04018b219c0cd5bae84d3 bd2b82ea545f463ba85786bd0a3f5a96 - - default default] Unable to schedule network fee1b75a-b1fb-42ac-9dcb-e8213b1f1ff0: no agents available; will retry on subsequent port and subnet creation events. [pid: 8|app: 0|req: 1150/2281] 10.0.0.139 () {34 vars in 990 bytes} [Fri Jul 10 01:08:38 2026] GET /v2.0/ports?device_id=195afe09-ea19-4d92-8627-8bec28c589f5 => generated 12 bytes in 23 msecs (HTTP/1.1 200) 4 headers in 156 bytes (1 switches on core 0)
2026-07-10 01:08:39.008 7 INFO neutron.db.ovn_revision_numbers_db [None req-2f5ef617-7bd5-4b25-b6c4-0cfc989544ad - - - - - -] Successfully bumped revision number for resource f708b6db-97e6-4e3b-86b6-30e020bc5f72 (type: ports) to 2
2026-07-10 01:08:39.385 7 INFO neutron.db.ovn_revision_numbers_db [None req-2163e18b-fd00-48e8-aacf-1533d8bf333d a751631599c04018b219c0cd5bae84d3 bd2b82ea545f463ba85786bd0a3f5a96 - - default default] Successfully bumped revision number for resource f708b6db-97e6-4e3b-86b6-30e020bc5f72 (type: router_ports) to 1 [pid: 7|app: 0|req: 1132/2282] 10.0.0.192 () {34 vars in 783 bytes} [Fri Jul 10 01:08:35 2026] PUT /v2.0/routers/1d139b94-59b4-4626-b588-774ef76500c3/add_router_interface => generated 309 bytes in 3885 msecs (HTTP/1.1 200) 4 headers in 157 bytes (1 switches on core 0)
2026-07-10 01:08:39.779 8 WARNING neutron.plugins.ml2.drivers.ovn.mech_driver.ovsdb.ovn_client [None req-422d2684-0a08-420b-821e-33bbbf06054f - - - - - -] No hosting information found for port 2d6efe08-3433-4771-8271-abdeaee1aeb1: RuntimeError: No hosting information found for port 2d6efe08-3433-4771-8271-abdeaee1aeb1
2026-07-10 01:08:39.867 8 INFO neutron.db.ovn_revision_numbers_db [None req-422d2684-0a08-420b-821e-33bbbf06054f - - - - - -] Successfully bumped revision number for resource 2d6efe08-3433-4771-8271-abdeaee1aeb1 (type: router_ports) to 2 [pid: 8|app: 0|req: 1151/2283] 10.0.0.139 () {34 vars in 990 bytes} [Fri Jul 10 01:08:40 2026] GET /v2.0/ports?device_id=195afe09-ea19-4d92-8627-8bec28c589f5 => generated 12 bytes in 21 msecs (HTTP/1.1 200) 4 headers in 156 bytes (1 switches on core 0)
2026-07-10 01:08:40.697 7 INFO neutron.db.ovn_revision_numbers_db [None req-71ca8c7f-458e-4a8e-8ef6-5f5638aaab21 a751631599c04018b219c0cd5bae84d3 bd2b82ea545f463ba85786bd0a3f5a96 - - default default] Successfully bumped revision number for resource 5fa0bdcb-6006-4c4a-9111-dcd685596580 (type: security_groups) to 1
2026-07-10 01:08:40.711 7 INFO neutron.db.ovn_revision_numbers_db [None req-71ca8c7f-458e-4a8e-8ef6-5f5638aaab21 a751631599c04018b219c0cd5bae84d3 bd2b82ea545f463ba85786bd0a3f5a96 - - default default] Successfully bumped revision number for resource 0721898a-8a9d-43d2-a5a0-1c0834887d86 (type: security_group_rules) to 0
2026-07-10 01:08:40.725 7 INFO neutron.db.ovn_revision_numbers_db [None req-71ca8c7f-458e-4a8e-8ef6-5f5638aaab21 a751631599c04018b219c0cd5bae84d3 bd2b82ea545f463ba85786bd0a3f5a96 - - default default] Successfully bumped revision number for resource b2193e65-432c-458d-9793-b297e88bfdc5 (type: security_group_rules) to 0
2026-07-10 01:08:40.736 7 INFO neutron.db.ovn_revision_numbers_db [None req-71ca8c7f-458e-4a8e-8ef6-5f5638aaab21 a751631599c04018b219c0cd5bae84d3 bd2b82ea545f463ba85786bd0a3f5a96 - - default default] Successfully bumped revision number for resource befc0229-674a-43b4-a061-ce4c7c9f95be (type: security_group_rules) to 0
2026-07-10 01:08:40.752 7 INFO neutron.db.ovn_revision_numbers_db [None req-71ca8c7f-458e-4a8e-8ef6-5f5638aaab21 a751631599c04018b219c0cd5bae84d3 bd2b82ea545f463ba85786bd0a3f5a96 - - default default] Successfully bumped revision number for resource d92cc4c0-6adc-4542-ac9e-c804e97bbc5f (type: security_group_rules) to 0
2026-07-10 01:08:40.835 7 INFO neutron.db.segments_db [None req-71ca8c7f-458e-4a8e-8ef6-5f5638aaab21 a751631599c04018b219c0cd5bae84d3 bd2b82ea545f463ba85786bd0a3f5a96 - - default default] Added segment 1dd697cf-90e7-427e-8060-a6b101ef1499 of type geneve for network f7da8c66-2edc-45f1-a86a-e7535050162b
2026-07-10 01:08:40.950 7 INFO neutron.db.ovn_revision_numbers_db [None req-71ca8c7f-458e-4a8e-8ef6-5f5638aaab21 a751631599c04018b219c0cd5bae84d3 bd2b82ea545f463ba85786bd0a3f5a96 - - default default] Successfully bumped revision number for resource f7da8c66-2edc-45f1-a86a-e7535050162b (type: networks) to 1
2026-07-10 01:08:41.107 7 WARNING neutron.scheduler.dhcp_agent_scheduler [None req-71ca8c7f-458e-4a8e-8ef6-5f5638aaab21 a751631599c04018b219c0cd5bae84d3 bd2b82ea545f463ba85786bd0a3f5a96 - - default default] No more DHCP agents
2026-07-10 01:08:41.108 7 WARNING neutron.api.rpc.agentnotifiers.dhcp_rpc_agent_api [None req-71ca8c7f-458e-4a8e-8ef6-5f5638aaab21 a751631599c04018b219c0cd5bae84d3 bd2b82ea545f463ba85786bd0a3f5a96 - - default default] Unable to schedule network f7da8c66-2edc-45f1-a86a-e7535050162b: no agents available; will retry on subsequent port and subnet creation events.
2026-07-10 01:08:41.156 8 INFO neutron.plugins.ml2.drivers.ovn.mech_driver.mech_driver [None req-422d2684-0a08-420b-821e-33bbbf06054f - - - - - -] OVN reports status down for port: af6ceba6-e55b-4951-80a5-7c0d2e1a7298 [pid: 8|app: 0|req: 1152/2284] 10.0.0.139 () {34 vars in 990 bytes} [Fri Jul 10 01:08:41 2026] GET /v2.0/ports?device_id=195afe09-ea19-4d92-8627-8bec28c589f5 => generated 12 bytes in 41 msecs (HTTP/1.1 200) 4 headers in 156 bytes (1 switches on core 0)
2026-07-10 01:08:41.202 7 INFO neutron.db.ovn_revision_numbers_db [None req-71ca8c7f-458e-4a8e-8ef6-5f5638aaab21 a751631599c04018b219c0cd5bae84d3 bd2b82ea545f463ba85786bd0a3f5a96 - - default default] Successfully bumped revision number for resource af6ceba6-e55b-4951-80a5-7c0d2e1a7298 (type: ports) to 1 [pid: 7|app: 0|req: 1133/2285] 10.0.0.192 () {34 vars in 671 bytes} [Fri Jul 10 01:08:40 2026] POST /v2.0/networks => generated 743 bytes in 706 msecs (HTTP/1.1 201) 4 headers in 162 bytes (1 switches on core 0)
2026-07-10 01:08:41.372 8 WARNING neutron.scheduler.dhcp_agent_scheduler [None req-e9bb7027-394d-4a0d-a74e-65b93e6a04ba a751631599c04018b219c0cd5bae84d3 bd2b82ea545f463ba85786bd0a3f5a96 - - default default] No more DHCP agents
2026-07-10 01:08:41.374 8 WARNING neutron.api.rpc.agentnotifiers.dhcp_rpc_agent_api [None req-e9bb7027-394d-4a0d-a74e-65b93e6a04ba a751631599c04018b219c0cd5bae84d3 bd2b82ea545f463ba85786bd0a3f5a96 - - default default] Unable to schedule network f7da8c66-2edc-45f1-a86a-e7535050162b: no agents available; will retry on subsequent port and subnet creation events.
2026-07-10 01:08:41.858 8 INFO neutron.db.ovn_revision_numbers_db [None req-0801677a-4732-423a-b888-02cc72ce5803 - - - - - -] Successfully bumped revision number for resource af6ceba6-e55b-4951-80a5-7c0d2e1a7298 (type: ports) to 2
2026-07-10 01:08:41.887 8 INFO neutron.db.ovn_revision_numbers_db [None req-0801677a-4732-423a-b888-02cc72ce5803 - - - - - -] Successfully bumped revision number for resource 459be05d-cb4f-43fc-8ee8-a85fc5d8ae8f (type: subnets) to 0 [pid: 8|app: 0|req: 1153/2286] 10.0.0.192 () {34 vars in 669 bytes} [Fri Jul 10 01:08:41 2026] POST /v2.0/subnets => generated 687 bytes in 669 msecs (HTTP/1.1 201) 4 headers in 162 bytes (1 switches on core 0) [pid: 8|app: 0|req: 1154/2287] 199.19.213.157 () {34 vars in 986 bytes} [Fri Jul 10 01:08:41 2026] GET /v2.0/networks?id=57a44762-5fbe-4a0e-b574-fd067f3732be => generated 660 bytes in 44 msecs (HTTP/1.1 200) 4 headers in 157 bytes (1 switches on core 0)
2026-07-10 01:08:42.070 7 INFO neutron.db.ovn_revision_numbers_db [None req-86bd98d5-a956-4608-8642-e3f06fe4664e 94458b9a721848289f4a0a9e3cfc4c86 d226b6e661904b41acca6177486c0b2e - - default default] Successfully bumped revision number for resource 46c9eb80-cdd3-4939-9574-cfa9fa69ff9a (type: security_groups) to 1
2026-07-10 01:08:42.082 7 INFO neutron.db.ovn_revision_numbers_db [None req-86bd98d5-a956-4608-8642-e3f06fe4664e 94458b9a721848289f4a0a9e3cfc4c86 d226b6e661904b41acca6177486c0b2e - - default default] Successfully bumped revision number for resource 426c8855-db06-490f-85d1-354001b361a0 (type: security_group_rules) to 0
2026-07-10 01:08:42.098 7 INFO neutron.db.ovn_revision_numbers_db [None req-86bd98d5-a956-4608-8642-e3f06fe4664e 94458b9a721848289f4a0a9e3cfc4c86 d226b6e661904b41acca6177486c0b2e - - default default] Successfully bumped revision number for resource 74ba58e5-6e61-4e2a-a940-f973053672e6 (type: security_group_rules) to 0
2026-07-10 01:08:42.114 7 INFO neutron.db.ovn_revision_numbers_db [None req-86bd98d5-a956-4608-8642-e3f06fe4664e 94458b9a721848289f4a0a9e3cfc4c86 d226b6e661904b41acca6177486c0b2e - - default default] Successfully bumped revision number for resource dc185a79-4234-485b-b2dd-4982d48f18b7 (type: security_group_rules) to 0
2026-07-10 01:08:42.127 7 INFO neutron.db.ovn_revision_numbers_db [None req-86bd98d5-a956-4608-8642-e3f06fe4664e 94458b9a721848289f4a0a9e3cfc4c86 d226b6e661904b41acca6177486c0b2e - - default default] Successfully bumped revision number for resource eafd8abd-2e98-4a44-91bc-f40cfa13c328 (type: security_group_rules) to 0
2026-07-10 01:08:42.213 7 INFO neutron.db.segments_db [None req-86bd98d5-a956-4608-8642-e3f06fe4664e 94458b9a721848289f4a0a9e3cfc4c86 d226b6e661904b41acca6177486c0b2e - - default default] Added segment 2aeac594-9ed0-4b1a-bbc7-f4e7f0a295e8 of type geneve for network cd986af4-fd8f-4e7e-bc27-661dc90939ab
2026-07-10 01:08:42.323 7 INFO neutron.db.ovn_revision_numbers_db [None req-86bd98d5-a956-4608-8642-e3f06fe4664e 94458b9a721848289f4a0a9e3cfc4c86 d226b6e661904b41acca6177486c0b2e - - default default] Successfully bumped revision number for resource cd986af4-fd8f-4e7e-bc27-661dc90939ab (type: networks) to 1
2026-07-10 01:08:42.348 8 WARNING neutron.scheduler.dhcp_agent_scheduler [None req-57226656-1db1-4891-9646-e7b2f1108c89 a751631599c04018b219c0cd5bae84d3 bd2b82ea545f463ba85786bd0a3f5a96 - - default default] No more DHCP agents
2026-07-10 01:08:42.349 8 WARNING neutron.api.rpc.agentnotifiers.dhcp_rpc_agent_api [None req-57226656-1db1-4891-9646-e7b2f1108c89 a751631599c04018b219c0cd5bae84d3 bd2b82ea545f463ba85786bd0a3f5a96 - - default default] Unable to schedule network 1a27113d-e9bd-488b-a678-e74fc4be40d9: no agents available; will retry on subsequent port and subnet creation events.
2026-07-10 01:08:42.499 7 WARNING neutron.scheduler.dhcp_agent_scheduler [None req-86bd98d5-a956-4608-8642-e3f06fe4664e 94458b9a721848289f4a0a9e3cfc4c86 d226b6e661904b41acca6177486c0b2e - - default default] No more DHCP agents
2026-07-10 01:08:42.501 7 WARNING neutron.api.rpc.agentnotifiers.dhcp_rpc_agent_api [None req-86bd98d5-a956-4608-8642-e3f06fe4664e 94458b9a721848289f4a0a9e3cfc4c86 d226b6e661904b41acca6177486c0b2e - - default default] Unable to schedule network cd986af4-fd8f-4e7e-bc27-661dc90939ab: no agents available; will retry on subsequent port and subnet creation events.
2026-07-10 01:08:42.508 8 INFO neutron.db.ovn_revision_numbers_db [None req-57226656-1db1-4891-9646-e7b2f1108c89 a751631599c04018b219c0cd5bae84d3 bd2b82ea545f463ba85786bd0a3f5a96 - - default default] Successfully bumped revision number for resource 67d84d4c-7065-4400-b553-86d4caab7cba (type: ports) to 1
2026-07-10 01:08:42.565 8 INFO neutron.plugins.ml2.drivers.ovn.mech_driver.mech_driver [None req-422d2684-0a08-420b-821e-33bbbf06054f - - - - - -] OVN reports status down for port: 990fc962-cb5c-43b7-9f64-a5ca12999510
2026-07-10 01:08:42.594 7 INFO neutron.db.ovn_revision_numbers_db [None req-86bd98d5-a956-4608-8642-e3f06fe4664e 94458b9a721848289f4a0a9e3cfc4c86 d226b6e661904b41acca6177486c0b2e - - default default] Successfully bumped revision number for resource 990fc962-cb5c-43b7-9f64-a5ca12999510 (type: ports) to 1 [pid: 7|app: 0|req: 1134/2288] 10.0.0.192 () {34 vars in 670 bytes} [Fri Jul 10 01:08:41 2026] POST /v2.0/networks => generated 632 bytes in 943 msecs (HTTP/1.1 201) 4 headers in 162 bytes (1 switches on core 0) [pid: 7|app: 0|req: 1135/2289] 199.19.213.157 () {34 vars in 1050 bytes} [Fri Jul 10 01:08:42 2026] GET /v2.0/security-groups?fields=id&fields=name&tenant_id=7164549706984273add4d456e1667dbb => generated 180 bytes in 32 msecs (HTTP/1.1 200) 4 headers in 157 bytes (1 switches on core 0) [pid: 7|app: 0|req: 1136/2290] 10.0.0.139 () {34 vars in 990 bytes} [Fri Jul 10 01:08:42 2026] GET /v2.0/ports?device_id=195afe09-ea19-4d92-8627-8bec28c589f5 => generated 12 bytes in 21 msecs (HTTP/1.1 200) 4 headers in 156 bytes (1 switches on core 0)
2026-07-10 01:08:42.759 7 INFO neutron.db.segments_db [None req-0bb23475-fc9a-4878-8b26-7694963e8ead 94458b9a721848289f4a0a9e3cfc4c86 d226b6e661904b41acca6177486c0b2e - - default default] Added segment 8550b22b-8bc4-43d3-8335-288d7296a272 of type geneve for network ce94d666-4ae2-43ec-bc8b-e5854c7cbaa2
