2026-07-10 01:07:05.206 7 INFO neutron_taas.services.taas.taas_plugin [None req-665f4175-77c1-4ba2-9fd8-ce4c4d06a14e 7ca5035382814804b946d2437b98b6ea 16796ea749c04262959c4a41cf1abe35 - - default default] TaaS: Handle Delete Port: c9db099a-eb92-4e38-ae48-d9b7114b6de3
2026-07-10 01:07:05.209 7 INFO neutron_taas.services.taas.tap_mirror_plugin [None req-665f4175-77c1-4ba2-9fd8-ce4c4d06a14e 7ca5035382814804b946d2437b98b6ea 16796ea749c04262959c4a41cf1abe35 - - default default] Tap Mirror: Handle Delete Port: c9db099a-eb92-4e38-ae48-d9b7114b6de3
2026-07-10 01:07:05.263 7 INFO neutron.plugins.ml2.drivers.ovn.mech_driver.mech_driver [None req-0731df9c-ee10-4f78-bd34-a9e32dea19e3 - - - - - -] OVN reports status down for port: 11f4b7af-fa63-41d5-b83c-b48fdfa5ffcb
2026-07-10 01:07:05.263 8 INFO neutron.db.ovn_revision_numbers_db [None req-703638c4-a9c9-4c0f-82ba-f75667c7d323 ff0a94209457488cabc6f794ad81bc5f 62de469ff6134a8eb5c061a7e66e6b14 - - default default] Successfully bumped revision number for resource 11f4b7af-fa63-41d5-b83c-b48fdfa5ffcb (type: ports) to 1 [pid: 8|app: 0|req: 807/1615] 10.0.0.192 () {34 vars in 670 bytes} [Fri Jul 10 01:07:04 2026] POST /v2.0/networks => generated 632 bytes in 468 msecs (HTTP/1.1 201) 4 headers in 162 bytes (1 switches on core 0)
2026-07-10 01:07:05.458 7 INFO neutron.services.segments.plugin [-] Segment fe9bedab-4101-41a7-ab13-301c09fd4f7f resource provider aggregate not found
2026-07-10 01:07:05.464 7 INFO neutron.services.segments.plugin [-] Segment fe9bedab-4101-41a7-ab13-301c09fd4f7f resource provider aggregate not found
2026-07-10 01:07:05.480 7 INFO neutron.services.segments.plugin [-] Client error retrieving segment fe9bedab-4101-41a7-ab13-301c09fd4f7f resource provider; error: Placement Client Error (4xx): {"errors": [{"status": 404, "title": "Not Found", "detail": "The resource could not be found.\n\n No resource provider with uuid fe9bedab-4101-41a7-ab13-301c09fd4f7f found for delete ", "request_id": "req-f50599d1-3473-479f-a7a3-29463dec409a"}]} [pid: 8|app: 0|req: 808/1616] 10.0.0.192 () {32 vars in 724 bytes} [Fri Jul 10 01:07:05 2026] DELETE /v2.0/subnets/4065e2f4-073b-4a7e-a9e6-2a2e5124e20a => generated 0 bytes in 194 msecs (HTTP/1.1 204) 3 headers in 131 bytes (1 switches on core 0)
2026-07-10 01:07:05.486 7 INFO neutron.services.segments.plugin [-] Client error retrieving segment fe9bedab-4101-41a7-ab13-301c09fd4f7f resource provider; error: Placement Client Error (4xx): {"errors": [{"status": 404, "title": "Not Found", "detail": "The resource could not be found.\n\n No resource provider with uuid fe9bedab-4101-41a7-ab13-301c09fd4f7f found for delete ", "request_id": "req-06367841-781f-440c-9732-f0aa57e258a2"}]} [pid: 7|app: 0|req: 809/1617] 10.0.0.192 () {32 vars in 726 bytes} [Fri Jul 10 01:07:05 2026] DELETE /v2.0/networks/42becae2-0628-4e6a-93c9-1653e4cf19d5 => generated 0 bytes in 428 msecs (HTTP/1.1 204) 3 headers in 131 bytes (1 switches on core 0) [pid: 8|app: 0|req: 809/1618] 10.0.0.192 () {34 vars in 753 bytes} [Fri Jul 10 01:07:05 2026] PUT /v2.0/networks/d4153dd1-8170-405d-9a66-2b1771c50e14/tags => generated 17 bytes in 60 msecs (HTTP/1.1 200) 4 headers in 156 bytes (1 switches on core 0)
2026-07-10 01:07:05.628 7 INFO neutron_taas.services.taas.taas_plugin [None req-c0498c65-4a86-45d7-9b35-7b48123aa20f e2e1f642c0b44b298a4cf4b11054577e 1b3bf36a47e94e5d8aec0d1844683d71 - - default default] TaaS: Handle Delete Port: c92e4dcb-3e23-4b8f-85f6-87f3a2680eae
2026-07-10 01:07:05.630 7 INFO neutron_taas.services.taas.tap_mirror_plugin [None req-c0498c65-4a86-45d7-9b35-7b48123aa20f e2e1f642c0b44b298a4cf4b11054577e 1b3bf36a47e94e5d8aec0d1844683d71 - - default default] Tap Mirror: Handle Delete Port: c92e4dcb-3e23-4b8f-85f6-87f3a2680eae
2026-07-10 01:07:05.634 8 INFO neutron.db.segments_db [None req-7e9e5d3c-7207-466b-9605-7e6658ec91fc 7ca5035382814804b946d2437b98b6ea 16796ea749c04262959c4a41cf1abe35 - - default default] Added segment 0054da48-2665-4e08-9b0d-66254cb7e62f of type geneve for network 82424313-fd46-4bcf-b5d3-c25a1f5aed88
2026-07-10 01:07:05.750 8 INFO neutron.db.ovn_revision_numbers_db [None req-7e9e5d3c-7207-466b-9605-7e6658ec91fc 7ca5035382814804b946d2437b98b6ea 16796ea749c04262959c4a41cf1abe35 - - default default] Successfully bumped revision number for resource 82424313-fd46-4bcf-b5d3-c25a1f5aed88 (type: networks) to 1 [pid: 7|app: 0|req: 810/1619] 10.0.0.192 () {32 vars in 726 bytes} [Fri Jul 10 01:07:05 2026] DELETE /v2.0/networks/ee55da66-4f9f-488c-a9de-e814969b8655 => generated 0 bytes in 345 msecs (HTTP/1.1 204) 3 headers in 131 bytes (1 switches on core 0)
2026-07-10 01:07:05.919 8 WARNING neutron.scheduler.dhcp_agent_scheduler [None req-7e9e5d3c-7207-466b-9605-7e6658ec91fc 7ca5035382814804b946d2437b98b6ea 16796ea749c04262959c4a41cf1abe35 - - default default] No more DHCP agents
2026-07-10 01:07:05.920 8 WARNING neutron.api.rpc.agentnotifiers.dhcp_rpc_agent_api [None req-7e9e5d3c-7207-466b-9605-7e6658ec91fc 7ca5035382814804b946d2437b98b6ea 16796ea749c04262959c4a41cf1abe35 - - default default] Unable to schedule network 82424313-fd46-4bcf-b5d3-c25a1f5aed88: no agents available; will retry on subsequent port and subnet creation events. [pid: 7|app: 0|req: 811/1620] 10.0.0.192 () {34 vars in 753 bytes} [Fri Jul 10 01:07:05 2026] PUT /v2.0/networks/193af5dd-14b0-4c0e-8bb9-6bfa6ee713b5/tags => generated 25 bytes in 68 msecs (HTTP/1.1 200) 4 headers in 156 bytes (1 switches on core 0)
2026-07-10 01:07:05.996 8 INFO neutron.db.ovn_revision_numbers_db [None req-7e9e5d3c-7207-466b-9605-7e6658ec91fc 7ca5035382814804b946d2437b98b6ea 16796ea749c04262959c4a41cf1abe35 - - default default] Successfully bumped revision number for resource f80c2172-cbb5-439b-9f7a-a662700bcb85 (type: ports) to 1
2026-07-10 01:07:05.998 7 INFO neutron.plugins.ml2.drivers.ovn.mech_driver.mech_driver [None req-0731df9c-ee10-4f78-bd34-a9e32dea19e3 - - - - - -] OVN reports status down for port: f80c2172-cbb5-439b-9f7a-a662700bcb85 [pid: 8|app: 0|req: 810/1621] 10.0.0.192 () {34 vars in 670 bytes} [Fri Jul 10 01:07:05 2026] POST /v2.0/networks => generated 635 bytes in 473 msecs (HTTP/1.1 201) 4 headers in 162 bytes (1 switches on core 0) [pid: 7|app: 0|req: 812/1622] 10.0.0.192 () {34 vars in 753 bytes} [Fri Jul 10 01:07:05 2026] PUT /v2.0/networks/07baea76-7e1d-431c-b9c9-af827c740814/tags => generated 34 bytes in 103 msecs (HTTP/1.1 200) 4 headers in 156 bytes (1 switches on core 0) [pid: 7|app: 0|req: 813/1623] 10.0.0.192 () {34 vars in 753 bytes} [Fri Jul 10 01:07:06 2026] PUT /v2.0/networks/822e7988-2f66-4932-a624-6e5e8bce9852/tags => generated 19 bytes in 88 msecs (HTTP/1.1 200) 4 headers in 156 bytes (1 switches on core 0)
2026-07-10 01:07:06.177 8 WARNING neutron.scheduler.dhcp_agent_scheduler [None req-99b45ea6-5592-4329-af70-377c0e55e577 7ca5035382814804b946d2437b98b6ea 16796ea749c04262959c4a41cf1abe35 - - default default] No more DHCP agents
2026-07-10 01:07:06.178 8 WARNING neutron.api.rpc.agentnotifiers.dhcp_rpc_agent_api [None req-99b45ea6-5592-4329-af70-377c0e55e577 7ca5035382814804b946d2437b98b6ea 16796ea749c04262959c4a41cf1abe35 - - default default] Unable to schedule network 82424313-fd46-4bcf-b5d3-c25a1f5aed88: no agents available; will retry on subsequent port and subnet creation events. [pid: 7|app: 0|req: 814/1624] 10.0.0.192 () {32 vars in 666 bytes} [Fri Jul 10 01:07:06 2026] GET /v2.0/networks?tags=red => generated 1873 bytes in 56 msecs (HTTP/1.1 200) 4 headers in 158 bytes (1 switches on core 0)
2026-07-10 01:07:06.210 8 INFO neutron.db.ovn_revision_numbers_db [None req-99b45ea6-5592-4329-af70-377c0e55e577 7ca5035382814804b946d2437b98b6ea 16796ea749c04262959c4a41cf1abe35 - - default default] Successfully bumped revision number for resource 3949546f-eb51-49a1-b15f-9a72d120c901 (type: subnets) to 0 [pid: 8|app: 0|req: 811/1625] 10.0.0.192 () {34 vars in 669 bytes} [Fri Jul 10 01:07:06 2026] POST /v2.0/subnets => generated 646 bytes in 207 msecs (HTTP/1.1 201) 4 headers in 162 bytes (1 switches on core 0) [pid: 7|app: 0|req: 815/1626] 10.0.0.192 () {32 vars in 680 bytes} [Fri Jul 10 01:07:06 2026] GET /v2.0/networks?tags=red%2Cblue => generated 1261 bytes in 50 msecs (HTTP/1.1 200) 4 headers in 158 bytes (1 switches on core 0) [pid: 7|app: 0|req: 816/1627] 10.0.0.192 () {32 vars in 676 bytes} [Fri Jul 10 01:07:06 2026] GET /v2.0/networks?tags-any=blue => generated 1261 bytes in 51 msecs (HTTP/1.1 200) 4 headers in 158 bytes (1 switches on core 0) [pid: 7|app: 0|req: 817/1628] 10.0.0.192 () {32 vars in 688 bytes} [Fri Jul 10 01:07:06 2026] GET /v2.0/networks?tags-any=red%2Cblue => generated 1873 bytes in 49 msecs (HTTP/1.1 200) 4 headers in 158 bytes (1 switches on core 0) [pid: 7|app: 0|req: 818/1629] 10.0.0.192 () {32 vars in 674 bytes} [Fri Jul 10 01:07:06 2026] GET /v2.0/networks?not-tags=red => generated 1873 bytes in 64 msecs (HTTP/1.1 200) 4 headers in 158 bytes (1 switches on core 0)
2026-07-10 01:07:06.502 8 WARNING neutron.scheduler.dhcp_agent_scheduler [None req-1ce33882-f912-4aa3-9660-a92cb13eb6af 7ca5035382814804b946d2437b98b6ea 16796ea749c04262959c4a41cf1abe35 - - default default] No more DHCP agents
2026-07-10 01:07:06.503 8 WARNING neutron.api.rpc.agentnotifiers.dhcp_rpc_agent_api [None req-1ce33882-f912-4aa3-9660-a92cb13eb6af 7ca5035382814804b946d2437b98b6ea 16796ea749c04262959c4a41cf1abe35 - - default default] Unable to schedule network 82424313-fd46-4bcf-b5d3-c25a1f5aed88: no agents available; will retry on subsequent port and subnet creation events.
2026-07-10 01:07:06.613 7 INFO neutron.plugins.ml2.drivers.ovn.mech_driver.mech_driver [None req-0731df9c-ee10-4f78-bd34-a9e32dea19e3 - - - - - -] OVN reports status down for port: 0cb3777a-ff58-4b65-90a3-9590f5bf6a0d
2026-07-10 01:07:06.637 8 INFO neutron.db.ovn_revision_numbers_db [None req-1ce33882-f912-4aa3-9660-a92cb13eb6af 7ca5035382814804b946d2437b98b6ea 16796ea749c04262959c4a41cf1abe35 - - default default] Successfully bumped revision number for resource 0cb3777a-ff58-4b65-90a3-9590f5bf6a0d (type: ports) to 1 [pid: 8|app: 0|req: 812/1630] 10.0.0.192 () {34 vars in 665 bytes} [Fri Jul 10 01:07:06 2026] POST /v2.0/ports => generated 926 bytes in 440 msecs (HTTP/1.1 201) 4 headers in 162 bytes (1 switches on core 0) [pid: 7|app: 0|req: 819/1631] 10.0.0.192 () {32 vars in 774 bytes} [Fri Jul 10 01:07:06 2026] GET /v2.0/security-groups?tenant_id=1b3bf36a47e94e5d8aec0d1844683d71&name=default => generated 2925 bytes in 291 msecs (HTTP/1.1 200) 4 headers in 158 bytes (1 switches on core 0) [pid: 8|app: 0|req: 813/1632] 10.0.0.192 () {32 vars in 688 bytes} [Fri Jul 10 01:07:06 2026] GET /v2.0/networks?not-tags=red%2Cblue => generated 2485 bytes in 81 msecs (HTTP/1.1 200) 4 headers in 158 bytes (1 switches on core 0)
2026-07-10 01:07:06.930 7 INFO neutron_taas.services.taas.taas_plugin [None req-2a31cb7f-6eb3-452a-88c7-ece86e436c2c 7ca5035382814804b946d2437b98b6ea 16796ea749c04262959c4a41cf1abe35 - - default default] TaaS: Handle Delete Port: 0cb3777a-ff58-4b65-90a3-9590f5bf6a0d
2026-07-10 01:07:06.936 7 INFO neutron_taas.services.taas.tap_mirror_plugin [None req-2a31cb7f-6eb3-452a-88c7-ece86e436c2c 7ca5035382814804b946d2437b98b6ea 16796ea749c04262959c4a41cf1abe35 - - default default] Tap Mirror: Handle Delete Port: 0cb3777a-ff58-4b65-90a3-9590f5bf6a0d [pid: 8|app: 0|req: 814/1633] 10.0.0.192 () {32 vars in 740 bytes} [Fri Jul 10 01:07:06 2026] DELETE /v2.0/security-groups/85a18c44-ec92-42f8-9a13-bc2bd5193ecb => generated 0 bytes in 229 msecs (HTTP/1.1 204) 2 headers in 112 bytes (1 switches on core 0) [pid: 8|app: 0|req: 815/1634] 10.0.0.192 () {32 vars in 684 bytes} [Fri Jul 10 01:07:06 2026] GET /v2.0/networks?not-tags-any=blue => generated 2485 bytes in 58 msecs (HTTP/1.1 200) 4 headers in 158 bytes (1 switches on core 0) [pid: 7|app: 0|req: 820/1635] 10.0.0.192 () {32 vars in 720 bytes} [Fri Jul 10 01:07:06 2026] DELETE /v2.0/ports/0cb3777a-ff58-4b65-90a3-9590f5bf6a0d => generated 0 bytes in 375 msecs (HTTP/1.1 204) 3 headers in 131 bytes (1 switches on core 0) [pid: 7|app: 0|req: 821/1636] 10.0.0.192 () {32 vars in 696 bytes} [Fri Jul 10 01:07:07 2026] GET /v2.0/networks?not-tags-any=red%2Cblue => generated 1873 bytes in 55 msecs (HTTP/1.1 200) 4 headers in 158 bytes (1 switches on core 0)
2026-07-10 01:07:07.160 7 INFO neutron.pecan_wsgi.hooks.translation [None req-f49c8dd6-b462-49eb-b92a-6347703450e5 7ca5035382814804b946d2437b98b6ea 16796ea749c04262959c4a41cf1abe35 - - default default] GET failed (client error): The resource could not be found. [pid: 7|app: 0|req: 822/1637] 10.0.0.192 () {32 vars in 717 bytes} [Fri Jul 10 01:07:07 2026] GET /v2.0/ports/0cb3777a-ff58-4b65-90a3-9590f5bf6a0d => generated 132 bytes in 16 msecs (HTTP/1.1 404) 4 headers in 164 bytes (1 switches on core 0)
2026-07-10 01:07:07.308 7 INFO neutron_taas.services.taas.taas_plugin [None req-b853547e-0f26-4a43-8731-99ffd187f57d ff0a94209457488cabc6f794ad81bc5f 62de469ff6134a8eb5c061a7e66e6b14 - - default default] TaaS: Handle Delete Port: 40a9fa74-9d29-4d66-a25c-6243705156ca
2026-07-10 01:07:07.311 7 INFO neutron_taas.services.taas.tap_mirror_plugin [None req-b853547e-0f26-4a43-8731-99ffd187f57d ff0a94209457488cabc6f794ad81bc5f 62de469ff6134a8eb5c061a7e66e6b14 - - default default] Tap Mirror: Handle Delete Port: 40a9fa74-9d29-4d66-a25c-6243705156ca
2026-07-10 01:07:07.311 8 INFO neutron.db.ovn_revision_numbers_db [None req-4737b2a2-1f34-411d-8a18-d852c1bafd9b a751631599c04018b219c0cd5bae84d3 bd2b82ea545f463ba85786bd0a3f5a96 - - default default] Successfully bumped revision number for resource e8a60a48-df0f-4843-b7e6-27a248b1ba86 (type: security_groups) to 1
2026-07-10 01:07:07.322 8 INFO neutron.db.ovn_revision_numbers_db [None req-4737b2a2-1f34-411d-8a18-d852c1bafd9b a751631599c04018b219c0cd5bae84d3 bd2b82ea545f463ba85786bd0a3f5a96 - - default default] Successfully bumped revision number for resource 589852ac-bd83-4ffe-a095-193455a6204a (type: security_group_rules) to 0
2026-07-10 01:07:07.335 8 INFO neutron.db.ovn_revision_numbers_db [None req-4737b2a2-1f34-411d-8a18-d852c1bafd9b a751631599c04018b219c0cd5bae84d3 bd2b82ea545f463ba85786bd0a3f5a96 - - default default] Successfully bumped revision number for resource 7e982b95-1d7b-4114-8a85-d2655c5eba17 (type: security_group_rules) to 0
2026-07-10 01:07:07.344 8 INFO neutron.db.ovn_revision_numbers_db [None req-4737b2a2-1f34-411d-8a18-d852c1bafd9b a751631599c04018b219c0cd5bae84d3 bd2b82ea545f463ba85786bd0a3f5a96 - - default default] Successfully bumped revision number for resource b711852a-346c-4f91-bb43-ffa551748ea4 (type: security_group_rules) to 0
2026-07-10 01:07:07.356 8 INFO neutron.db.ovn_revision_numbers_db [None req-4737b2a2-1f34-411d-8a18-d852c1bafd9b a751631599c04018b219c0cd5bae84d3 bd2b82ea545f463ba85786bd0a3f5a96 - - default default] Successfully bumped revision number for resource f153e798-0d3d-4a10-bfa2-4be0d0e95466 (type: security_group_rules) to 0 [pid: 8|app: 0|req: 816/1638] 10.0.0.192 () {32 vars in 774 bytes} [Fri Jul 10 01:07:07 2026] GET /v2.0/security-groups?tenant_id=47420557474c47ffb65cf3cb24d58d83&name=default => generated 2925 bytes in 357 msecs (HTTP/1.1 200) 4 headers in 158 bytes (1 switches on core 0)
2026-07-10 01:07:07.500 7 INFO neutron.services.segments.plugin [-] Segment 15510aa1-06e3-4254-ac3c-96293d3a32c1 resource provider aggregate not found
2026-07-10 01:07:07.507 7 INFO neutron.services.segments.plugin [-] Segment 15510aa1-06e3-4254-ac3c-96293d3a32c1 resource provider aggregate not found [pid: 7|app: 0|req: 823/1639] 10.0.0.192 () {32 vars in 726 bytes} [Fri Jul 10 01:07:07 2026] DELETE /v2.0/networks/d4153dd1-8170-405d-9a66-2b1771c50e14 => generated 0 bytes in 353 msecs (HTTP/1.1 204) 3 headers in 131 bytes (1 switches on core 0)
2026-07-10 01:07:07.526 7 INFO neutron.services.segments.plugin [-] Client error retrieving segment 15510aa1-06e3-4254-ac3c-96293d3a32c1 resource provider; error: Placement Client Error (4xx): {"errors": [{"status": 404, "title": "Not Found", "detail": "The resource could not be found.\n\n No resource provider with uuid 15510aa1-06e3-4254-ac3c-96293d3a32c1 found for delete ", "request_id": "req-dada7beb-a723-4229-8bfa-f5e2ab227a97"}]}
2026-07-10 01:07:07.531 7 INFO neutron.services.segments.plugin [-] Client error retrieving segment 15510aa1-06e3-4254-ac3c-96293d3a32c1 resource provider; error: Placement Client Error (4xx): {"errors": [{"status": 404, "title": "Not Found", "detail": "The resource could not be found.\n\n No resource provider with uuid 15510aa1-06e3-4254-ac3c-96293d3a32c1 found for delete ", "request_id": "req-906735b5-4dd6-46ac-88e2-c9f2e00a8ece"}]}
2026-07-10 01:07:07.553 7 INFO neutron.services.segments.plugin [-] Segment f6b38953-28d7-4108-bb75-e4bd182f659b resource provider aggregate not found
2026-07-10 01:07:07.561 7 INFO neutron.services.segments.plugin [-] Segment f6b38953-28d7-4108-bb75-e4bd182f659b resource provider aggregate not found [pid: 8|app: 0|req: 817/1640] 10.0.0.192 () {32 vars in 724 bytes} [Fri Jul 10 01:07:07 2026] DELETE /v2.0/subnets/3949546f-eb51-49a1-b15f-9a72d120c901 => generated 0 bytes in 175 msecs (HTTP/1.1 204) 3 headers in 131 bytes (1 switches on core 0)
2026-07-10 01:07:07.583 7 INFO neutron.services.segments.plugin [-] Client error retrieving segment f6b38953-28d7-4108-bb75-e4bd182f659b resource provider; error: Placement Client Error (4xx): {"errors": [{"status": 404, "title": "Not Found", "detail": "The resource could not be found.\n\n No resource provider with uuid f6b38953-28d7-4108-bb75-e4bd182f659b found for delete ", "request_id": "req-99edff25-c840-4026-b055-1257021d243d"}]}
2026-07-10 01:07:07.584 7 INFO neutron.services.segments.plugin [-] Client error retrieving segment f6b38953-28d7-4108-bb75-e4bd182f659b resource provider; error: Placement Client Error (4xx): {"errors": [{"status": 404, "title": "Not Found", "detail": "The resource could not be found.\n\n No resource provider with uuid f6b38953-28d7-4108-bb75-e4bd182f659b found for delete ", "request_id": "req-8b38ea87-35e6-4ff9-81dd-d56e8188968b"}]}
2026-07-10 01:07:07.721 8 INFO neutron_taas.services.taas.taas_plugin [None req-98a9fd1a-adc8-412e-ad7e-7b3c0a545d17 ff0a94209457488cabc6f794ad81bc5f 62de469ff6134a8eb5c061a7e66e6b14 - - default default] TaaS: Handle Delete Port: 0129749b-00d8-402d-99c0-688f8f8b73ad
2026-07-10 01:07:07.724 8 INFO neutron_taas.services.taas.tap_mirror_plugin [None req-98a9fd1a-adc8-412e-ad7e-7b3c0a545d17 ff0a94209457488cabc6f794ad81bc5f 62de469ff6134a8eb5c061a7e66e6b14 - - default default] Tap Mirror: Handle Delete Port: 0129749b-00d8-402d-99c0-688f8f8b73ad [pid: 7|app: 0|req: 824/1641] 10.0.0.192 () {32 vars in 740 bytes} [Fri Jul 10 01:07:07 2026] DELETE /v2.0/security-groups/e8a60a48-df0f-4843-b7e6-27a248b1ba86 => generated 0 bytes in 269 msecs (HTTP/1.1 204) 2 headers in 112 bytes (1 switches on core 0)
2026-07-10 01:07:07.913 8 INFO neutron.services.segments.plugin [-] Segment 84dfe508-c389-4dc9-95e8-8cc089325e0a resource provider aggregate not found
2026-07-10 01:07:07.919 8 INFO neutron.services.segments.plugin [-] Segment 84dfe508-c389-4dc9-95e8-8cc089325e0a resource provider aggregate not found
2026-07-10 01:07:07.927 8 INFO neutron.services.segments.plugin [-] Client error retrieving segment 84dfe508-c389-4dc9-95e8-8cc089325e0a resource provider; error: Placement Client Error (4xx): {"errors": [{"status": 404, "title": "Not Found", "detail": "The resource could not be found.\n\n No resource provider with uuid 84dfe508-c389-4dc9-95e8-8cc089325e0a found for delete ", "request_id": "req-a7a31e69-cbf4-4a03-8b83-09333c32a247"}]}
2026-07-10 01:07:07.942 8 INFO neutron.services.segments.plugin [-] Client error retrieving segment 84dfe508-c389-4dc9-95e8-8cc089325e0a resource provider; error: Placement Client Error (4xx): {"errors": [{"status": 404, "title": "Not Found", "detail": "The resource could not be found.\n\n No resource provider with uuid 84dfe508-c389-4dc9-95e8-8cc089325e0a found for delete ", "request_id": "req-3d2dc7da-a38f-4fac-a18e-5f03bd5ee838"}]}
2026-07-10 01:07:07.944 7 INFO neutron_taas.services.taas.taas_plugin [None req-386f88ef-5d9b-4533-a0ba-7bb74e74e3a7 7ca5035382814804b946d2437b98b6ea 16796ea749c04262959c4a41cf1abe35 - - default default] TaaS: Handle Delete Port: f80c2172-cbb5-439b-9f7a-a662700bcb85
2026-07-10 01:07:07.946 7 INFO neutron_taas.services.taas.tap_mirror_plugin [None req-386f88ef-5d9b-4533-a0ba-7bb74e74e3a7 7ca5035382814804b946d2437b98b6ea 16796ea749c04262959c4a41cf1abe35 - - default default] Tap Mirror: Handle Delete Port: f80c2172-cbb5-439b-9f7a-a662700bcb85 [pid: 8|app: 0|req: 818/1642] 10.0.0.192 () {32 vars in 726 bytes} [Fri Jul 10 01:07:07 2026] DELETE /v2.0/networks/193af5dd-14b0-4c0e-8bb9-6bfa6ee713b5 => generated 0 bytes in 406 msecs (HTTP/1.1 204) 3 headers in 131 bytes (1 switches on core 0)
2026-07-10 01:07:08.104 8 INFO neutron_taas.services.taas.taas_plugin [None req-5dbf0dde-071a-44a3-813e-387daea28363 ff0a94209457488cabc6f794ad81bc5f 62de469ff6134a8eb5c061a7e66e6b14 - - default default] TaaS: Handle Delete Port: 845257dd-8192-4ac1-acb8-b90109d4c233
2026-07-10 01:07:08.107 8 INFO neutron_taas.services.taas.tap_mirror_plugin [None req-5dbf0dde-071a-44a3-813e-387daea28363 ff0a94209457488cabc6f794ad81bc5f 62de469ff6134a8eb5c061a7e66e6b14 - - default default] Tap Mirror: Handle Delete Port: 845257dd-8192-4ac1-acb8-b90109d4c233 [pid: 7|app: 0|req: 825/1643] 10.0.0.192 () {32 vars in 726 bytes} [Fri Jul 10 01:07:07 2026] DELETE /v2.0/networks/82424313-fd46-4bcf-b5d3-c25a1f5aed88 => generated 0 bytes in 374 msecs (HTTP/1.1 204) 3 headers in 131 bytes (1 switches on core 0) [pid: 8|app: 0|req: 819/1644] 10.0.0.192 () {32 vars in 726 bytes} [Fri Jul 10 01:07:07 2026] DELETE /v2.0/networks/07baea76-7e1d-431c-b9c9-af827c740814 => generated 0 bytes in 350 msecs (HTTP/1.1 204) 3 headers in 131 bytes (1 switches on core 0)
2026-07-10 01:07:08.405 7 WARNING neutron.scheduler.dhcp_agent_scheduler [None req-3825b2f4-e49e-4c3f-aea5-013cc178082d 7ca5035382814804b946d2437b98b6ea 16796ea749c04262959c4a41cf1abe35 - - default default] No more DHCP agents
2026-07-10 01:07:08.406 7 WARNING neutron.api.rpc.agentnotifiers.dhcp_rpc_agent_api [None req-3825b2f4-e49e-4c3f-aea5-013cc178082d 7ca5035382814804b946d2437b98b6ea 16796ea749c04262959c4a41cf1abe35 - - default default] Unable to schedule network 97af9acb-90a8-47e6-a8e1-b099f35ff87d: no agents available; will retry on subsequent port and subnet creation events.
2026-07-10 01:07:08.471 8 INFO neutron.plugins.ml2.drivers.ovn.mech_driver.mech_driver [None req-f216c243-05a3-4ed3-8d51-fc56731cd56c - - - - - -] OVN reports status down for port: 6f106a8d-eb5b-43be-9d40-24534dd3286e
2026-07-10 01:07:08.494 7 INFO neutron.db.ovn_revision_numbers_db [None req-3825b2f4-e49e-4c3f-aea5-013cc178082d 7ca5035382814804b946d2437b98b6ea 16796ea749c04262959c4a41cf1abe35 - - default default] Successfully bumped revision number for resource 6f106a8d-eb5b-43be-9d40-24534dd3286e (type: ports) to 1
2026-07-10 01:07:08.494 8 INFO neutron_taas.services.taas.taas_plugin [None req-8e9d0bbf-0714-4d25-95dc-a0a7e8f6705e ff0a94209457488cabc6f794ad81bc5f 62de469ff6134a8eb5c061a7e66e6b14 - - default default] TaaS: Handle Delete Port: 9910db06-4561-445b-9600-a4cb3d2b4a63
2026-07-10 01:07:08.506 8 INFO neutron_taas.services.taas.tap_mirror_plugin [None req-8e9d0bbf-0714-4d25-95dc-a0a7e8f6705e ff0a94209457488cabc6f794ad81bc5f 62de469ff6134a8eb5c061a7e66e6b14 - - default default] Tap Mirror: Handle Delete Port: 9910db06-4561-445b-9600-a4cb3d2b4a63 [pid: 7|app: 0|req: 826/1645] 10.0.0.192 () {34 vars in 665 bytes} [Fri Jul 10 01:07:08 2026] POST /v2.0/ports => generated 779 bytes in 380 msecs (HTTP/1.1 201) 4 headers in 162 bytes (1 switches on core 0) /var/lib/openstack/lib/python3.12/site-packages/pycadf/identifier.py:70: UserWarning: Invalid uuid: neutron. To ensure interoperability, identifiers should be a valid uuid. warnings.warn(('Invalid uuid: %s. To ensure interoperability, ' [pid: 8|app: 0|req: 820/1646] 10.0.0.192 () {32 vars in 726 bytes} [Fri Jul 10 01:07:08 2026] DELETE /v2.0/networks/822e7988-2f66-4932-a624-6e5e8bce9852 => generated 0 bytes in 436 msecs (HTTP/1.1 204) 3 headers in 131 bytes (1 switches on core 0)
2026-07-10 01:07:08.819 8 INFO neutron.plugins.ml2.drivers.ovn.mech_driver.mech_driver [None req-f216c243-05a3-4ed3-8d51-fc56731cd56c - - - - - -] OVN reports status down for port: 6f106a8d-eb5b-43be-9d40-24534dd3286e
2026-07-10 01:07:08.845 7 INFO neutron.db.ovn_revision_numbers_db [None req-d405122d-bd22-48b1-a24b-41c11b3b9b5b 7ca5035382814804b946d2437b98b6ea 16796ea749c04262959c4a41cf1abe35 - - default default] Successfully bumped revision number for resource 6f106a8d-eb5b-43be-9d40-24534dd3286e (type: ports) to 2 [pid: 7|app: 0|req: 827/1647] 10.0.0.192 () {34 vars in 737 bytes} [Fri Jul 10 01:07:08 2026] PUT /v2.0/ports/6f106a8d-eb5b-43be-9d40-24534dd3286e => generated 752 bytes in 331 msecs (HTTP/1.1 200) 4 headers in 157 bytes (1 switches on core 0) /var/lib/openstack/lib/python3.12/site-packages/pycadf/identifier.py:70: UserWarning: Invalid uuid: neutron. To ensure interoperability, identifiers should be a valid uuid. warnings.warn(('Invalid uuid: %s. To ensure interoperability, '
2026-07-10 01:07:09.023 7 INFO neutron_taas.services.taas.taas_plugin [None req-42910eea-d7f8-470a-aa60-12e6ded95971 ff0a94209457488cabc6f794ad81bc5f 62de469ff6134a8eb5c061a7e66e6b14 - - default default] TaaS: Handle Delete Port: 11f4b7af-fa63-41d5-b83c-b48fdfa5ffcb
2026-07-10 01:07:09.025 7 INFO neutron_taas.services.taas.tap_mirror_plugin [None req-42910eea-d7f8-470a-aa60-12e6ded95971 ff0a94209457488cabc6f794ad81bc5f 62de469ff6134a8eb5c061a7e66e6b14 - - default default] Tap Mirror: Handle Delete Port: 11f4b7af-fa63-41d5-b83c-b48fdfa5ffcb
2026-07-10 01:07:09.180 8 INFO neutron.db.ovn_revision_numbers_db [None req-41c4af9e-a625-47cc-9f8a-144b76649967 3cec86125d564d08aa970f947b7b5772 ff397e1de5b840dd8d902502ef74bc32 - - default default] Successfully bumped revision number for resource fc156436-ccb7-470e-9847-890eb9f4e0ff (type: security_groups) to 1
2026-07-10 01:07:09.200 8 INFO neutron.db.ovn_revision_numbers_db [None req-41c4af9e-a625-47cc-9f8a-144b76649967 3cec86125d564d08aa970f947b7b5772 ff397e1de5b840dd8d902502ef74bc32 - - default default] Successfully bumped revision number for resource 11ffc800-6362-4870-8a43-9653381b989d (type: security_group_rules) to 0
2026-07-10 01:07:09.212 8 INFO neutron.db.ovn_revision_numbers_db [None req-41c4af9e-a625-47cc-9f8a-144b76649967 3cec86125d564d08aa970f947b7b5772 ff397e1de5b840dd8d902502ef74bc32 - - default default] Successfully bumped revision number for resource 602dae93-8732-42f8-8116-ff88472ad1df (type: security_group_rules) to 0
2026-07-10 01:07:09.228 8 INFO neutron.db.ovn_revision_numbers_db [None req-41c4af9e-a625-47cc-9f8a-144b76649967 3cec86125d564d08aa970f947b7b5772 ff397e1de5b840dd8d902502ef74bc32 - - default default] Successfully bumped revision number for resource 7c3e09a3-85e9-4f53-a3e3-c81f5ba438d9 (type: security_group_rules) to 0
2026-07-10 01:07:09.246 8 INFO neutron.db.ovn_revision_numbers_db [None req-41c4af9e-a625-47cc-9f8a-144b76649967 3cec86125d564d08aa970f947b7b5772 ff397e1de5b840dd8d902502ef74bc32 - - default default] Successfully bumped revision number for resource a2dead99-0092-4c02-a961-fb66d291adb1 (type: security_group_rules) to 0 [pid: 7|app: 0|req: 828/1648] 10.0.0.192 () {32 vars in 726 bytes} [Fri Jul 10 01:07:08 2026] DELETE /v2.0/networks/1d669c06-2794-46b1-aa56-dd192426a5a5 => generated 0 bytes in 391 msecs (HTTP/1.1 204) 3 headers in 131 bytes (1 switches on core 0)
2026-07-10 01:07:09.341 8 INFO neutron.db.segments_db [None req-41c4af9e-a625-47cc-9f8a-144b76649967 3cec86125d564d08aa970f947b7b5772 ff397e1de5b840dd8d902502ef74bc32 - - default default] Added segment aa2d2770-f9f3-45d2-abd5-3f7918f5709e of type geneve for network ed420ea9-0497-4725-8df9-04bc93a14bf6
2026-07-10 01:07:09.412 7 INFO neutron_taas.services.taas.taas_plugin [None req-9bd17679-ec38-4759-93f5-b8b4824d02e4 7ca5035382814804b946d2437b98b6ea 16796ea749c04262959c4a41cf1abe35 - - default default] TaaS: Handle Delete Port: 6f106a8d-eb5b-43be-9d40-24534dd3286e
2026-07-10 01:07:09.424 7 INFO neutron_taas.services.taas.tap_mirror_plugin [None req-9bd17679-ec38-4759-93f5-b8b4824d02e4 7ca5035382814804b946d2437b98b6ea 16796ea749c04262959c4a41cf1abe35 - - default default] Tap Mirror: Handle Delete Port: 6f106a8d-eb5b-43be-9d40-24534dd3286e
2026-07-10 01:07:09.482 8 INFO neutron.db.ovn_revision_numbers_db [None req-41c4af9e-a625-47cc-9f8a-144b76649967 3cec86125d564d08aa970f947b7b5772 ff397e1de5b840dd8d902502ef74bc32 - - default default] Successfully bumped revision number for resource ed420ea9-0497-4725-8df9-04bc93a14bf6 (type: networks) to 1 [pid: 7|app: 0|req: 829/1649] 10.0.0.192 () {32 vars in 720 bytes} [Fri Jul 10 01:07:09 2026] DELETE /v2.0/ports/6f106a8d-eb5b-43be-9d40-24534dd3286e => generated 0 bytes in 300 msecs (HTTP/1.1 204) 3 headers in 131 bytes (1 switches on core 0)
2026-07-10 01:07:09.611 7 INFO neutron.services.segments.plugin [-] Segment 0054da48-2665-4e08-9b0d-66254cb7e62f resource provider aggregate not found
2026-07-10 01:07:09.619 7 INFO neutron.services.segments.plugin [-] Segment 0054da48-2665-4e08-9b0d-66254cb7e62f resource provider aggregate not found
2026-07-10 01:07:09.635 7 INFO neutron.services.segments.plugin [-] Client error retrieving segment 0054da48-2665-4e08-9b0d-66254cb7e62f resource provider; error: Placement Client Error (4xx): {"errors": [{"status": 404, "title": "Not Found", "detail": "The resource could not be found.\n\n No resource provider with uuid 0054da48-2665-4e08-9b0d-66254cb7e62f found for delete ", "request_id": "req-89fe1b70-605a-4bf0-98a6-5aa042b56f54"}]}
2026-07-10 01:07:09.644 7 INFO neutron.services.segments.plugin [-] Client error retrieving segment 0054da48-2665-4e08-9b0d-66254cb7e62f resource provider; error: Placement Client Error (4xx): {"errors": [{"status": 404, "title": "Not Found", "detail": "The resource could not be found.\n\n No resource provider with uuid 0054da48-2665-4e08-9b0d-66254cb7e62f found for delete ", "request_id": "req-a76204f2-513f-41d4-9661-6b60e6fbe89d"}]}
2026-07-10 01:07:09.652 7 INFO neutron.services.segments.plugin [-] Segment 34a9217e-ea4e-48d9-b3bb-9ee62f2324b7 resource provider aggregate not found
2026-07-10 01:07:09.661 7 INFO neutron.services.segments.plugin [-] Segment 34a9217e-ea4e-48d9-b3bb-9ee62f2324b7 resource provider aggregate not found
2026-07-10 01:07:09.669 7 INFO neutron.services.segments.plugin [-] Client error retrieving segment 34a9217e-ea4e-48d9-b3bb-9ee62f2324b7 resource provider; error: Placement Client Error (4xx): {"errors": [{"status": 404, "title": "Not Found", "detail": "The resource could not be found.\n\n No resource provider with uuid 34a9217e-ea4e-48d9-b3bb-9ee62f2324b7 found for delete ", "request_id": "req-53e1ae59-c05d-4adf-a362-f63aa6dd7ddf"}]} [pid: 7|app: 0|req: 830/1650] 10.0.0.192 () {32 vars in 643 bytes} [Fri Jul 10 01:07:09 2026] GET /v2.0/ports => generated 1537 bytes in 94 msecs (HTTP/1.1 200) 4 headers in 158 bytes (1 switches on core 0)
2026-07-10 01:07:09.682 7 INFO neutron.services.segments.plugin [-] Client error retrieving segment 34a9217e-ea4e-48d9-b3bb-9ee62f2324b7 resource provider; error: Placement Client Error (4xx): {"errors": [{"status": 404, "title": "Not Found", "detail": "The resource could not be found.\n\n No resource provider with uuid 34a9217e-ea4e-48d9-b3bb-9ee62f2324b7 found for delete ", "request_id": "req-21b82bf1-05a5-450e-bc18-25236a0728dc"}]}
2026-07-10 01:07:09.690 8 WARNING neutron.scheduler.dhcp_agent_scheduler [None req-41c4af9e-a625-47cc-9f8a-144b76649967 3cec86125d564d08aa970f947b7b5772 ff397e1de5b840dd8d902502ef74bc32 - - default default] No more DHCP agents
2026-07-10 01:07:09.692 8 WARNING neutron.api.rpc.agentnotifiers.dhcp_rpc_agent_api [None req-41c4af9e-a625-47cc-9f8a-144b76649967 3cec86125d564d08aa970f947b7b5772 ff397e1de5b840dd8d902502ef74bc32 - - default default] Unable to schedule network ed420ea9-0497-4725-8df9-04bc93a14bf6: no agents available; will retry on subsequent port and subnet creation events.
2026-07-10 01:07:09.757 8 INFO neutron.plugins.ml2.drivers.ovn.mech_driver.mech_driver [None req-f216c243-05a3-4ed3-8d51-fc56731cd56c - - - - - -] OVN reports status down for port: 44da91c0-6fe6-41c9-867f-8c17c040ec2a
2026-07-10 01:07:09.815 8 INFO neutron.db.ovn_revision_numbers_db [None req-41c4af9e-a625-47cc-9f8a-144b76649967 3cec86125d564d08aa970f947b7b5772 ff397e1de5b840dd8d902502ef74bc32 - - default default] Successfully bumped revision number for resource 44da91c0-6fe6-41c9-867f-8c17c040ec2a (type: ports) to 1 [pid: 8|app: 0|req: 821/1651] 10.0.0.192 () {34 vars in 670 bytes} [Fri Jul 10 01:07:08 2026] POST /v2.0/networks => generated 633 bytes in 1087 msecs (HTTP/1.1 201) 4 headers in 162 bytes (1 switches on core 0)
2026-07-10 01:07:09.878 8 INFO neutron.pecan_wsgi.hooks.translation [None req-3024b28b-c735-47ee-abcd-8c31245952bc 7ca5035382814804b946d2437b98b6ea 16796ea749c04262959c4a41cf1abe35 - - default default] GET failed (client error): The resource could not be found. [pid: 8|app: 0|req: 822/1652] 10.0.0.192 () {32 vars in 717 bytes} [Fri Jul 10 01:07:09 2026] GET /v2.0/ports/6f106a8d-eb5b-43be-9d40-24534dd3286e => generated 132 bytes in 16 msecs (HTTP/1.1 404) 4 headers in 164 bytes (1 switches on core 0)
2026-07-10 01:07:09.948 8 INFO neutron.services.segments.plugin [-] Segment 72d61f8b-4987-4700-ad0e-15cb763e3c64 resource provider aggregate not found
2026-07-10 01:07:09.964 8 INFO neutron.services.segments.plugin [-] Client error retrieving segment 72d61f8b-4987-4700-ad0e-15cb763e3c64 resource provider; error: Placement Client Error (4xx): {"errors": [{"status": 404, "title": "Not Found", "detail": "The resource could not be found.\n\n No resource provider with uuid 72d61f8b-4987-4700-ad0e-15cb763e3c64 found for delete ", "request_id": "req-cc048bf2-4079-467d-8ccd-ace3c1b6773b"}]}
2026-07-10 01:07:09.969 8 INFO neutron.services.segments.plugin [-] Segment 72d61f8b-4987-4700-ad0e-15cb763e3c64 resource provider aggregate not found
2026-07-10 01:07:09.975 8 INFO neutron.db.segments_db [None req-6da192ff-e10b-4769-a9b7-e7ca27b733b2 3cec86125d564d08aa970f947b7b5772 ff397e1de5b840dd8d902502ef74bc32 - - default default] Added segment ca4dc5a9-631b-4614-9a21-92144c59e7af of type geneve for network 01f84964-fd85-47bf-adca-6bffcce4877a
2026-07-10 01:07:09.986 8 INFO neutron.services.segments.plugin [-] Segment f7306c90-18b1-47a5-a4b2-998b0d5329c0 resource provider aggregate not found
2026-07-10 01:07:10.004 8 INFO neutron.services.segments.plugin [-] Client error retrieving segment 72d61f8b-4987-4700-ad0e-15cb763e3c64 resource provider; error: Placement Client Error (4xx): {"errors": [{"status": 404, "title": "Not Found", "detail": "The resource could not be found.\n\n No resource provider with uuid 72d61f8b-4987-4700-ad0e-15cb763e3c64 found for delete ", "request_id": "req-2ee6bcd3-f329-41f9-a024-58a7d2e055db"}]}
2026-07-10 01:07:10.005 7 INFO neutron.db.ovn_revision_numbers_db [None req-ecd39a60-1720-4f98-bd81-88125e91ff42 48b7da1bba0d43bd9ffb205c04e2151a 32827e79310849e7b149ff70a0a88fd1 - - default default] Successfully bumped revision number for resource d866f6c1-a5a5-4d95-bdec-8a0ac6803c8e (type: security_groups) to 1
2026-07-10 01:07:10.016 8 INFO neutron.services.segments.plugin [-] Client error retrieving segment f7306c90-18b1-47a5-a4b2-998b0d5329c0 resource provider; error: Placement Client Error (4xx): {"errors": [{"status": 404, "title": "Not Found", "detail": "The resource could not be found.\n\n No resource provider with uuid f7306c90-18b1-47a5-a4b2-998b0d5329c0 found for delete ", "request_id": "req-17b0ef1d-cc5a-4f58-a8e3-f3053a5c64ac"}]}
2026-07-10 01:07:10.023 8 INFO neutron.services.segments.plugin [-] Segment f7306c90-18b1-47a5-a4b2-998b0d5329c0 resource provider aggregate not found
2026-07-10 01:07:10.023 7 INFO neutron.db.ovn_revision_numbers_db [None req-ecd39a60-1720-4f98-bd81-88125e91ff42 48b7da1bba0d43bd9ffb205c04e2151a 32827e79310849e7b149ff70a0a88fd1 - - default default] Successfully bumped revision number for resource 09fc040d-fb79-4f7c-ae95-10ac79381399 (type: security_group_rules) to 0
2026-07-10 01:07:10.041 7 INFO neutron.db.ovn_revision_numbers_db [None req-ecd39a60-1720-4f98-bd81-88125e91ff42 48b7da1bba0d43bd9ffb205c04e2151a 32827e79310849e7b149ff70a0a88fd1 - - default default] Successfully bumped revision number for resource 87c87b60-d57a-49cd-880b-11faac4b78d0 (type: security_group_rules) to 0
2026-07-10 01:07:10.047 8 INFO neutron.services.segments.plugin [-] Client error retrieving segment f7306c90-18b1-47a5-a4b2-998b0d5329c0 resource provider; error: Placement Client Error (4xx): {"errors": [{"status": 404, "title": "Not Found", "detail": "The resource could not be found.\n\n No resource provider with uuid f7306c90-18b1-47a5-a4b2-998b0d5329c0 found for delete ", "request_id": "req-57c1d0ef-636d-482b-b97b-6745ac5bc3ec"}]}
2026-07-10 01:07:10.056 7 INFO neutron.db.ovn_revision_numbers_db [None req-ecd39a60-1720-4f98-bd81-88125e91ff42 48b7da1bba0d43bd9ffb205c04e2151a 32827e79310849e7b149ff70a0a88fd1 - - default default] Successfully bumped revision number for resource b1b54aaf-9a67-416c-979b-10e8a76c11d6 (type: security_group_rules) to 0
2026-07-10 01:07:10.070 7 INFO neutron.db.ovn_revision_numbers_db [None req-ecd39a60-1720-4f98-bd81-88125e91ff42 48b7da1bba0d43bd9ffb205c04e2151a 32827e79310849e7b149ff70a0a88fd1 - - default default] Successfully bumped revision number for resource e80898ac-491d-4222-b845-db6f11c77f91 (type: security_group_rules) to 0
2026-07-10 01:07:10.128 8 INFO neutron.db.ovn_revision_numbers_db [None req-6da192ff-e10b-4769-a9b7-e7ca27b733b2 3cec86125d564d08aa970f947b7b5772 ff397e1de5b840dd8d902502ef74bc32 - - default default] Successfully bumped revision number for resource 01f84964-fd85-47bf-adca-6bffcce4877a (type: networks) to 1
2026-07-10 01:07:10.167 7 INFO neutron.db.segments_db [None req-ecd39a60-1720-4f98-bd81-88125e91ff42 48b7da1bba0d43bd9ffb205c04e2151a 32827e79310849e7b149ff70a0a88fd1 - - default default] Added segment 89395e26-ca9b-4aee-aaa0-5b9bf3aafb61 of type geneve for network 0233909b-4007-405d-afcc-a973c4947eaa
2026-07-10 01:07:10.295 7 INFO neutron.db.ovn_revision_numbers_db [None req-ecd39a60-1720-4f98-bd81-88125e91ff42 48b7da1bba0d43bd9ffb205c04e2151a 32827e79310849e7b149ff70a0a88fd1 - - default default] Successfully bumped revision number for resource 0233909b-4007-405d-afcc-a973c4947eaa (type: networks) to 1
2026-07-10 01:07:10.310 8 WARNING neutron.scheduler.dhcp_agent_scheduler [None req-6da192ff-e10b-4769-a9b7-e7ca27b733b2 3cec86125d564d08aa970f947b7b5772 ff397e1de5b840dd8d902502ef74bc32 - - default default] No more DHCP agents
2026-07-10 01:07:10.312 8 WARNING neutron.api.rpc.agentnotifiers.dhcp_rpc_agent_api [None req-6da192ff-e10b-4769-a9b7-e7ca27b733b2 3cec86125d564d08aa970f947b7b5772 ff397e1de5b840dd8d902502ef74bc32 - - default default] Unable to schedule network 01f84964-fd85-47bf-adca-6bffcce4877a: no agents available; will retry on subsequent port and subnet creation events.
2026-07-10 01:07:10.361 8 INFO neutron.plugins.ml2.drivers.ovn.mech_driver.mech_driver [None req-f216c243-05a3-4ed3-8d51-fc56731cd56c - - - - - -] OVN reports status down for port: 0e9a6458-79f0-4086-b3f6-00cc8d20924d
2026-07-10 01:07:10.422 8 INFO neutron.db.ovn_revision_numbers_db [None req-6da192ff-e10b-4769-a9b7-e7ca27b733b2 3cec86125d564d08aa970f947b7b5772 ff397e1de5b840dd8d902502ef74bc32 - - default default] Successfully bumped revision number for resource 0e9a6458-79f0-4086-b3f6-00cc8d20924d (type: ports) to 1 [pid: 8|app: 0|req: 823/1653] 10.0.0.192 () {34 vars in 670 bytes} [Fri Jul 10 01:07:09 2026] POST /v2.0/networks => generated 634 bytes in 575 msecs (HTTP/1.1 201) 4 headers in 162 bytes (1 switches on core 0)
2026-07-10 01:07:10.477 7 WARNING neutron.scheduler.dhcp_agent_scheduler [None req-ecd39a60-1720-4f98-bd81-88125e91ff42 48b7da1bba0d43bd9ffb205c04e2151a 32827e79310849e7b149ff70a0a88fd1 - - default default] No more DHCP agents
2026-07-10 01:07:10.480 7 WARNING neutron.api.rpc.agentnotifiers.dhcp_rpc_agent_api [None req-ecd39a60-1720-4f98-bd81-88125e91ff42 48b7da1bba0d43bd9ffb205c04e2151a 32827e79310849e7b149ff70a0a88fd1 - - default default] Unable to schedule network 0233909b-4007-405d-afcc-a973c4947eaa: no agents available; will retry on subsequent port and subnet creation events. [pid: 8|app: 0|req: 824/1654] 10.0.0.192 () {32 vars in 643 bytes} [Fri Jul 10 01:07:10 2026] GET /v2.0/ports => generated 1537 bytes in 60 msecs (HTTP/1.1 200) 4 headers in 158 bytes (1 switches on core 0)
2026-07-10 01:07:10.542 7 INFO neutron.plugins.ml2.drivers.ovn.mech_driver.mech_driver [None req-0731df9c-ee10-4f78-bd34-a9e32dea19e3 - - - - - -] OVN reports status down for port: 4ae99872-9c4d-49c8-b88c-8f814a81a1dc
2026-07-10 01:07:10.610 7 INFO neutron.db.ovn_revision_numbers_db [None req-ecd39a60-1720-4f98-bd81-88125e91ff42 48b7da1bba0d43bd9ffb205c04e2151a 32827e79310849e7b149ff70a0a88fd1 - - default default] Successfully bumped revision number for resource 4ae99872-9c4d-49c8-b88c-8f814a81a1dc (type: ports) to 1 [pid: 7|app: 0|req: 831/1655] 10.0.0.192 () {34 vars in 670 bytes} [Fri Jul 10 01:07:09 2026] POST /v2.0/networks => generated 648 bytes in 992 msecs (HTTP/1.1 201) 4 headers in 162 bytes (1 switches on core 0)
2026-07-10 01:07:10.820 8 INFO neutron.db.ovn_revision_numbers_db [None req-f6225d52-13f0-4823-950a-6da3a5a4d85a a751631599c04018b219c0cd5bae84d3 bd2b82ea545f463ba85786bd0a3f5a96 - - default default] Successfully bumped revision number for resource de4941b6-1336-4024-b872-599012ec2b3c (type: security_groups) to 1
2026-07-10 01:07:10.831 8 INFO neutron.db.ovn_revision_numbers_db [None req-f6225d52-13f0-4823-950a-6da3a5a4d85a a751631599c04018b219c0cd5bae84d3 bd2b82ea545f463ba85786bd0a3f5a96 - - default default] Successfully bumped revision number for resource 099546c4-7a62-4821-84f6-ef92e6c07bc9 (type: security_group_rules) to 0
2026-07-10 01:07:10.842 8 INFO neutron.db.ovn_revision_numbers_db [None req-f6225d52-13f0-4823-950a-6da3a5a4d85a a751631599c04018b219c0cd5bae84d3 bd2b82ea545f463ba85786bd0a3f5a96 - - default default] Successfully bumped revision number for resource 22986479-21cc-454d-a20a-17ff30e2c39e (type: security_group_rules) to 0
2026-07-10 01:07:10.856 8 INFO neutron.db.ovn_revision_numbers_db [None req-f6225d52-13f0-4823-950a-6da3a5a4d85a a751631599c04018b219c0cd5bae84d3 bd2b82ea545f463ba85786bd0a3f5a96 - - default default] Successfully bumped revision number for resource 468403ab-ad1b-4943-91b7-b2317acf283f (type: security_group_rules) to 0
2026-07-10 01:07:10.868 8 INFO neutron.db.ovn_revision_numbers_db [None req-f6225d52-13f0-4823-950a-6da3a5a4d85a a751631599c04018b219c0cd5bae84d3 bd2b82ea545f463ba85786bd0a3f5a96 - - default default] Successfully bumped revision number for resource c42fc40a-4834-43b3-a72d-4aaaf65345b4 (type: security_group_rules) to 0
2026-07-10 01:07:10.878 7 WARNING neutron.scheduler.dhcp_agent_scheduler [None req-bdd04a24-775c-4b5c-b5b0-2b7491b3c611 3cec86125d564d08aa970f947b7b5772 ff397e1de5b840dd8d902502ef74bc32 - - default default] No more DHCP agents
2026-07-10 01:07:10.879 7 WARNING neutron.api.rpc.agentnotifiers.dhcp_rpc_agent_api [None req-bdd04a24-775c-4b5c-b5b0-2b7491b3c611 3cec86125d564d08aa970f947b7b5772 ff397e1de5b840dd8d902502ef74bc32 - - default default] Unable to schedule network ed420ea9-0497-4725-8df9-04bc93a14bf6: no agents available; will retry on subsequent port and subnet creation events.
2026-07-10 01:07:10.914 7 INFO neutron.db.ovn_revision_numbers_db [None req-bdd04a24-775c-4b5c-b5b0-2b7491b3c611 3cec86125d564d08aa970f947b7b5772 ff397e1de5b840dd8d902502ef74bc32 - - default default] Successfully bumped revision number for resource ff499dd2-27d2-4cfc-946b-0099b0e32a4f (type: subnets) to 0 [pid: 8|app: 0|req: 825/1656] 10.0.0.192 () {32 vars in 774 bytes} [Fri Jul 10 01:07:10 2026] GET /v2.0/security-groups?tenant_id=1d41e883c5f84c7ebd62b2231453b731&name=default => generated 2925 bytes in 399 msecs (HTTP/1.1 200) 4 headers in 158 bytes (1 switches on core 0) [pid: 7|app: 0|req: 832/1657] 10.0.0.192 () {34 vars in 669 bytes} [Fri Jul 10 01:07:10 2026] POST /v2.0/subnets => generated 646 bytes in 260 msecs (HTTP/1.1 201) 4 headers in 162 bytes (1 switches on core 0) [pid: 8|app: 0|req: 826/1658] 10.0.0.192 () {32 vars in 717 bytes} [Fri Jul 10 01:07:10 2026] GET /v2.0/ports/6ad12784-0cae-4a78-ad59-9fc22ebf6e76 => generated 778 bytes in 30 msecs (HTTP/1.1 200) 4 headers in 157 bytes (1 switches on core 0)
2026-07-10 01:07:11.134 8 WARNING neutron.scheduler.dhcp_agent_scheduler [None req-9f5791b2-93d4-491d-a15e-972e86876040 3cec86125d564d08aa970f947b7b5772 ff397e1de5b840dd8d902502ef74bc32 - - default default] No more DHCP agents
2026-07-10 01:07:11.136 8 WARNING neutron.api.rpc.agentnotifiers.dhcp_rpc_agent_api [None req-9f5791b2-93d4-491d-a15e-972e86876040 3cec86125d564d08aa970f947b7b5772 ff397e1de5b840dd8d902502ef74bc32 - - default default] Unable to schedule network 01f84964-fd85-47bf-adca-6bffcce4877a: no agents available; will retry on subsequent port and subnet creation events. [pid: 7|app: 0|req: 833/1659] 10.0.0.192 () {32 vars in 740 bytes} [Fri Jul 10 01:07:10 2026] DELETE /v2.0/security-groups/de4941b6-1336-4024-b872-599012ec2b3c => generated 0 bytes in 206 msecs (HTTP/1.1 204) 2 headers in 112 bytes (1 switches on core 0)
2026-07-10 01:07:11.151 7 INFO neutron.pecan_wsgi.hooks.translation [None req-a2c56da9-3526-4a94-bfdf-59b737a6436d 7ca5035382814804b946d2437b98b6ea 16796ea749c04262959c4a41cf1abe35 - - default default] DELETE failed (client error): The resource could not be found. [pid: 7|app: 0|req: 834/1660] 10.0.0.192 () {32 vars in 720 bytes} [Fri Jul 10 01:07:11 2026] DELETE /v2.0/ports/0cb3777a-ff58-4b65-90a3-9590f5bf6a0d => generated 132 bytes in 14 msecs (HTTP/1.1 404) 4 headers in 164 bytes (1 switches on core 0)
2026-07-10 01:07:11.169 8 INFO neutron.db.ovn_revision_numbers_db [None req-9f5791b2-93d4-491d-a15e-972e86876040 3cec86125d564d08aa970f947b7b5772 ff397e1de5b840dd8d902502ef74bc32 - - default default] Successfully bumped revision number for resource ef9bced3-f28b-4bad-b617-0a0ec64e8cbe (type: subnets) to 0 [pid: 8|app: 0|req: 827/1661] 10.0.0.192 () {34 vars in 669 bytes} [Fri Jul 10 01:07:10 2026] POST /v2.0/subnets => generated 655 bytes in 239 msecs (HTTP/1.1 201) 4 headers in 162 bytes (1 switches on core 0)
2026-07-10 01:07:11.197 8 INFO neutron.pecan_wsgi.hooks.translation [None req-c1572d03-878e-41dd-afcb-c4f3369c4679 7ca5035382814804b946d2437b98b6ea 16796ea749c04262959c4a41cf1abe35 - - default default] DELETE failed (client error): The resource could not be found. [pid: 8|app: 0|req: 828/1662] 10.0.0.192 () {32 vars in 724 bytes} [Fri Jul 10 01:07:11 2026] DELETE /v2.0/subnets/3949546f-eb51-49a1-b15f-9a72d120c901 => generated 136 bytes in 13 msecs (HTTP/1.1 404) 4 headers in 164 bytes (1 switches on core 0)
2026-07-10 01:07:11.300 8 INFO neutron.db.ovn_revision_numbers_db [None req-7f0b2e8c-c542-4f9b-b71c-de0754a4b3a5 3cec86125d564d08aa970f947b7b5772 ff397e1de5b840dd8d902502ef74bc32 - - default default] Successfully bumped revision number for resource e741240d-76b9-4827-b757-d2e6657b1b0e (type: routers) to 1 [pid: 8|app: 0|req: 829/1663] 10.0.0.192 () {34 vars in 669 bytes} [Fri Jul 10 01:07:11 2026] POST /v2.0/routers => generated 607 bytes in 116 msecs (HTTP/1.1 201) 4 headers in 162 bytes (1 switches on core 0)
2026-07-10 01:07:11.325 8 INFO neutron.pecan_wsgi.hooks.translation [None req-3b2ccd92-45bd-4a84-9fac-6e517d87108e 7ca5035382814804b946d2437b98b6ea 16796ea749c04262959c4a41cf1abe35 - - default default] DELETE failed (client error): The resource could not be found. [pid: 8|app: 0|req: 830/1664] 10.0.0.192 () {32 vars in 724 bytes} [Fri Jul 10 01:07:11 2026] DELETE /v2.0/subnets/2f939248-63b5-400a-abf2-5bfdaef599ce => generated 136 bytes in 11 msecs (HTTP/1.1 404) 4 headers in 164 bytes (1 switches on core 0)
2026-07-10 01:07:11.328 7 WARNING neutron.scheduler.dhcp_agent_scheduler [None req-aad544c6-e455-4834-bae7-2a675a1dc124 48b7da1bba0d43bd9ffb205c04e2151a 32827e79310849e7b149ff70a0a88fd1 - - default default] No more DHCP agents
2026-07-10 01:07:11.329 7 WARNING neutron.api.rpc.agentnotifiers.dhcp_rpc_agent_api [None req-aad544c6-e455-4834-bae7-2a675a1dc124 48b7da1bba0d43bd9ffb205c04e2151a 32827e79310849e7b149ff70a0a88fd1 - - default default] Unable to schedule network 0233909b-4007-405d-afcc-a973c4947eaa: no agents available; will retry on subsequent port and subnet creation events. [pid: 8|app: 0|req: 831/1665] 10.0.0.192 () {32 vars in 774 bytes} [Fri Jul 10 01:07:11 2026] GET /v2.0/security-groups?tenant_id=62de469ff6134a8eb5c061a7e66e6b14&name=default => generated 2925 bytes in 26 msecs (HTTP/1.1 200) 4 headers in 158 bytes (1 switches on core 0)
2026-07-10 01:07:11.356 7 INFO neutron.db.ovn_revision_numbers_db [None req-aad544c6-e455-4834-bae7-2a675a1dc124 48b7da1bba0d43bd9ffb205c04e2151a 32827e79310849e7b149ff70a0a88fd1 - - default default] Successfully bumped revision number for resource 143ca05c-d8c7-4d0f-a788-085cd131e1f8 (type: subnets) to 0 [pid: 7|app: 0|req: 835/1666] 10.0.0.192 () {34 vars in 669 bytes} [Fri Jul 10 01:07:11 2026] POST /v2.0/subnets => generated 673 bytes in 217 msecs (HTTP/1.1 201) 4 headers in 162 bytes (1 switches on core 0)
2026-07-10 01:07:11.474 7 INFO neutron_taas.services.taas.taas_plugin [None req-492f3dd8-2ebf-4d99-9210-cba9687dbf30 7ca5035382814804b946d2437b98b6ea 16796ea749c04262959c4a41cf1abe35 - - default default] TaaS: Handle Delete Port: 6ad12784-0cae-4a78-ad59-9fc22ebf6e76
