2026-06-18 10:07:10.875 8 INFO neutron_taas.services.taas.tap_mirror_plugin [req-428fc455-c200-420d-9bec-3db69fb62d89 req-766c0539-e140-40da-8167-a219aaf87571 020021181ce641a59579747d2e65ee2e 8623995449c1404ea80b51705dd790fb - - default default] Tap Mirror: Handle Delete Port: 8e85975a-02f9-4f29-95c1-f73d2fd7d14d [pid: 8|app: 0|req: 1741/3651] 199.204.45.169 () {36 vars in 997 bytes} [Thu Jun 18 10:07:10 2026] DELETE /v2.0/ports/8e85975a-02f9-4f29-95c1-f73d2fd7d14d => generated 0 bytes in 322 msecs (HTTP/1.1 204) 3 headers in 131 bytes (1 switches on core 0)
2026-06-18 10:07:11.645 8 INFO neutron.notifiers.nova [-] Nova event matching ['req-ba7aea1f-fffe-43f6-9767-99f7d9490f8f'] response: {'server_uuid': '0449d5fe-1000-4248-aa66-1562c67fe1ca', 'name': 'network-vif-unplugged', 'status': 'completed', 'tag': '8e85975a-02f9-4f29-95c1-f73d2fd7d14d', 'code': 200}
2026-06-18 10:07:11.645 8 INFO neutron.notifiers.nova [-] Nova event matching ['req-ba7aea1f-fffe-43f6-9767-99f7d9490f8f'] response: {'server_uuid': '0449d5fe-1000-4248-aa66-1562c67fe1ca', 'name': 'network-vif-deleted', 'tag': '8e85975a-02f9-4f29-95c1-f73d2fd7d14d', 'status': 'completed', 'code': 200} [pid: 7|app: 0|req: 1911/3652] 10.0.0.157 () {34 vars in 990 bytes} [Thu Jun 18 10:07:13 2026] GET /v2.0/ports?device_id=0449d5fe-1000-4248-aa66-1562c67fe1ca => generated 12 bytes in 33 msecs (HTTP/1.1 200) 4 headers in 156 bytes (1 switches on core 0) [pid: 8|app: 0|req: 1742/3653] 10.0.0.245 () {32 vars in 750 bytes} [Thu Jun 18 10:07:18 2026] DELETE /v2.0/security-group-rules/817fc481-46ab-439d-ac5b-c078cc2ca812 => generated 0 bytes in 120 msecs (HTTP/1.1 204) 2 headers in 112 bytes (1 switches on core 0)
2026-06-18 10:07:18.877 7 INFO neutron.api.v2.resource [None req-88d6bd22-1e11-4919-b32e-cd33c76b6622 020021181ce641a59579747d2e65ee2e 8623995449c1404ea80b51705dd790fb - - default default] show failed (client error): The resource could not be found. [pid: 7|app: 0|req: 1912/3654] 10.0.0.245 () {32 vars in 747 bytes} [Thu Jun 18 10:07:18 2026] GET /v2.0/security-group-rules/817fc481-46ab-439d-ac5b-c078cc2ca812 => generated 155 bytes in 14 msecs (HTTP/1.1 404) 4 headers in 164 bytes (1 switches on core 0) [pid: 8|app: 0|req: 1743/3655] 10.0.0.245 () {32 vars in 750 bytes} [Thu Jun 18 10:07:18 2026] DELETE /v2.0/security-group-rules/892a32a5-bcdb-400a-9813-58a6dc5b6a1f => generated 0 bytes in 131 msecs (HTTP/1.1 204) 2 headers in 112 bytes (1 switches on core 0)
2026-06-18 10:07:19.027 7 INFO neutron.api.v2.resource [None req-4750f614-c528-4ad0-987e-3ba17be1833b 020021181ce641a59579747d2e65ee2e 8623995449c1404ea80b51705dd790fb - - default default] show failed (client error): The resource could not be found. [pid: 7|app: 0|req: 1913/3656] 10.0.0.245 () {32 vars in 747 bytes} [Thu Jun 18 10:07:19 2026] GET /v2.0/security-group-rules/892a32a5-bcdb-400a-9813-58a6dc5b6a1f => generated 155 bytes in 12 msecs (HTTP/1.1 404) 4 headers in 164 bytes (1 switches on core 0) [pid: 8|app: 0|req: 1744/3657] 10.0.0.245 () {32 vars in 750 bytes} [Thu Jun 18 10:07:19 2026] DELETE /v2.0/security-group-rules/dc51848f-5b3d-4116-aa41-453894afc975 => generated 0 bytes in 136 msecs (HTTP/1.1 204) 2 headers in 112 bytes (1 switches on core 0)
2026-06-18 10:07:19.185 7 INFO neutron.api.v2.resource [None req-2b2c1319-39b2-4e20-8066-cffca631ae6e 020021181ce641a59579747d2e65ee2e 8623995449c1404ea80b51705dd790fb - - default default] show failed (client error): The resource could not be found. [pid: 7|app: 0|req: 1914/3658] 10.0.0.245 () {32 vars in 747 bytes} [Thu Jun 18 10:07:19 2026] GET /v2.0/security-group-rules/dc51848f-5b3d-4116-aa41-453894afc975 => generated 155 bytes in 12 msecs (HTTP/1.1 404) 4 headers in 164 bytes (1 switches on core 0) [pid: 8|app: 0|req: 1745/3659] 10.0.0.245 () {32 vars in 750 bytes} [Thu Jun 18 10:07:19 2026] DELETE /v2.0/security-group-rules/c26ab1f1-8d05-48a7-b67b-7c7d2b146dbd => generated 0 bytes in 144 msecs (HTTP/1.1 204) 2 headers in 112 bytes (1 switches on core 0)
2026-06-18 10:07:19.352 7 INFO neutron.api.v2.resource [None req-e6896e3e-c4e7-4ee0-bfd8-b11589dfacae 020021181ce641a59579747d2e65ee2e 8623995449c1404ea80b51705dd790fb - - default default] show failed (client error): The resource could not be found. [pid: 7|app: 0|req: 1915/3660] 10.0.0.245 () {32 vars in 747 bytes} [Thu Jun 18 10:07:19 2026] GET /v2.0/security-group-rules/c26ab1f1-8d05-48a7-b67b-7c7d2b146dbd => generated 155 bytes in 12 msecs (HTTP/1.1 404) 4 headers in 164 bytes (1 switches on core 0) [pid: 8|app: 0|req: 1746/3661] 10.0.0.245 () {32 vars in 750 bytes} [Thu Jun 18 10:07:19 2026] DELETE /v2.0/security-group-rules/3802c68e-b09d-4609-9fd2-3b77b7566b52 => generated 0 bytes in 143 msecs (HTTP/1.1 204) 2 headers in 112 bytes (1 switches on core 0)
2026-06-18 10:07:19.517 7 INFO neutron.api.v2.resource [None req-b192b297-321a-4e84-b9d1-c304265f5e29 020021181ce641a59579747d2e65ee2e 8623995449c1404ea80b51705dd790fb - - default default] show failed (client error): The resource could not be found. [pid: 7|app: 0|req: 1916/3662] 10.0.0.245 () {32 vars in 747 bytes} [Thu Jun 18 10:07:19 2026] GET /v2.0/security-group-rules/3802c68e-b09d-4609-9fd2-3b77b7566b52 => generated 155 bytes in 13 msecs (HTTP/1.1 404) 4 headers in 164 bytes (1 switches on core 0) [pid: 8|app: 0|req: 1747/3663] 10.0.0.245 () {32 vars in 750 bytes} [Thu Jun 18 10:07:19 2026] DELETE /v2.0/security-group-rules/fcdc55cd-decb-483f-9a9f-683e660fa3a9 => generated 0 bytes in 152 msecs (HTTP/1.1 204) 2 headers in 112 bytes (1 switches on core 0)
2026-06-18 10:07:19.689 7 INFO neutron.api.v2.resource [None req-448a427c-7ef4-46ff-a5d2-b1534db790c4 020021181ce641a59579747d2e65ee2e 8623995449c1404ea80b51705dd790fb - - default default] show failed (client error): The resource could not be found. [pid: 7|app: 0|req: 1917/3664] 10.0.0.245 () {32 vars in 747 bytes} [Thu Jun 18 10:07:19 2026] GET /v2.0/security-group-rules/fcdc55cd-decb-483f-9a9f-683e660fa3a9 => generated 155 bytes in 12 msecs (HTTP/1.1 404) 4 headers in 164 bytes (1 switches on core 0) [pid: 8|app: 0|req: 1748/3665] 10.0.0.245 () {32 vars in 750 bytes} [Thu Jun 18 10:07:19 2026] DELETE /v2.0/security-group-rules/c4fd5186-5ec6-497b-9ca9-65df1c08d3e6 => generated 0 bytes in 154 msecs (HTTP/1.1 204) 2 headers in 112 bytes (1 switches on core 0)
2026-06-18 10:07:19.866 7 INFO neutron.api.v2.resource [None req-b5c00f18-d988-4c00-b78c-78a1872f3092 020021181ce641a59579747d2e65ee2e 8623995449c1404ea80b51705dd790fb - - default default] show failed (client error): The resource could not be found. [pid: 7|app: 0|req: 1918/3666] 10.0.0.245 () {32 vars in 747 bytes} [Thu Jun 18 10:07:19 2026] GET /v2.0/security-group-rules/c4fd5186-5ec6-497b-9ca9-65df1c08d3e6 => generated 155 bytes in 10 msecs (HTTP/1.1 404) 4 headers in 164 bytes (1 switches on core 0) [pid: 8|app: 0|req: 1749/3667] 10.0.0.245 () {32 vars in 750 bytes} [Thu Jun 18 10:07:19 2026] DELETE /v2.0/security-group-rules/7c855a4c-bbe3-487e-abce-f618e7dad056 => generated 0 bytes in 134 msecs (HTTP/1.1 204) 2 headers in 112 bytes (1 switches on core 0)
2026-06-18 10:07:20.022 7 INFO neutron.api.v2.resource [None req-3bd29a51-e64d-48c7-8798-1dbad439165c 020021181ce641a59579747d2e65ee2e 8623995449c1404ea80b51705dd790fb - - default default] show failed (client error): The resource could not be found. [pid: 7|app: 0|req: 1919/3668] 10.0.0.245 () {32 vars in 747 bytes} [Thu Jun 18 10:07:20 2026] GET /v2.0/security-group-rules/7c855a4c-bbe3-487e-abce-f618e7dad056 => generated 155 bytes in 13 msecs (HTTP/1.1 404) 4 headers in 164 bytes (1 switches on core 0) [pid: 8|app: 0|req: 1750/3669] 10.0.0.245 () {32 vars in 750 bytes} [Thu Jun 18 10:07:20 2026] DELETE /v2.0/security-group-rules/00434420-2c83-47a4-b9a1-68b25f9dd9f8 => generated 0 bytes in 123 msecs (HTTP/1.1 204) 2 headers in 112 bytes (1 switches on core 0)
2026-06-18 10:07:20.169 7 INFO neutron.api.v2.resource [None req-b14a60a5-40dd-4b5c-9864-8112c1e7f5fb 020021181ce641a59579747d2e65ee2e 8623995449c1404ea80b51705dd790fb - - default default] show failed (client error): The resource could not be found. [pid: 7|app: 0|req: 1920/3670] 10.0.0.245 () {32 vars in 747 bytes} [Thu Jun 18 10:07:20 2026] GET /v2.0/security-group-rules/00434420-2c83-47a4-b9a1-68b25f9dd9f8 => generated 155 bytes in 16 msecs (HTTP/1.1 404) 4 headers in 164 bytes (1 switches on core 0) [pid: 8|app: 0|req: 1751/3671] 10.0.0.245 () {32 vars in 750 bytes} [Thu Jun 18 10:07:20 2026] DELETE /v2.0/security-group-rules/d2b2c69c-2113-4d41-9f6a-0e8c676f6b58 => generated 0 bytes in 119 msecs (HTTP/1.1 204) 2 headers in 112 bytes (1 switches on core 0)
2026-06-18 10:07:20.327 7 INFO neutron.api.v2.resource [None req-b5ed834a-c6a9-43c0-b33c-e2ae5c9d65ed 020021181ce641a59579747d2e65ee2e 8623995449c1404ea80b51705dd790fb - - default default] show failed (client error): The resource could not be found. [pid: 7|app: 0|req: 1921/3672] 10.0.0.245 () {32 vars in 747 bytes} [Thu Jun 18 10:07:20 2026] GET /v2.0/security-group-rules/d2b2c69c-2113-4d41-9f6a-0e8c676f6b58 => generated 155 bytes in 30 msecs (HTTP/1.1 404) 4 headers in 164 bytes (1 switches on core 0) [pid: 8|app: 0|req: 1752/3673] 10.0.0.245 () {32 vars in 750 bytes} [Thu Jun 18 10:07:20 2026] DELETE /v2.0/security-group-rules/a8e8ebc3-15e1-45dd-b8e4-ba3cc1c65893 => generated 0 bytes in 107 msecs (HTTP/1.1 204) 2 headers in 112 bytes (1 switches on core 0)
2026-06-18 10:07:20.466 7 INFO neutron.api.v2.resource [None req-91febfad-c136-450f-ba7e-c735e9bd1438 020021181ce641a59579747d2e65ee2e 8623995449c1404ea80b51705dd790fb - - default default] show failed (client error): The resource could not be found. [pid: 7|app: 0|req: 1922/3674] 10.0.0.245 () {32 vars in 747 bytes} [Thu Jun 18 10:07:20 2026] GET /v2.0/security-group-rules/a8e8ebc3-15e1-45dd-b8e4-ba3cc1c65893 => generated 155 bytes in 22 msecs (HTTP/1.1 404) 4 headers in 164 bytes (1 switches on core 0) [pid: 8|app: 0|req: 1753/3675] 10.0.0.245 () {32 vars in 740 bytes} [Thu Jun 18 10:07:20 2026] DELETE /v2.0/security-groups/ff363cf3-f26f-4202-9c48-8f1e6482dd97 => generated 0 bytes in 109 msecs (HTTP/1.1 204) 2 headers in 112 bytes (1 switches on core 0)
2026-06-18 10:07:20.602 7 INFO neutron.api.v2.resource [None req-c9f292a7-e170-470e-9dac-e98f148d56b6 020021181ce641a59579747d2e65ee2e 8623995449c1404ea80b51705dd790fb - - default default] show failed (client error): The resource could not be found. [pid: 7|app: 0|req: 1923/3676] 10.0.0.245 () {32 vars in 737 bytes} [Thu Jun 18 10:07:20 2026] GET /v2.0/security-groups/ff363cf3-f26f-4202-9c48-8f1e6482dd97 => generated 146 bytes in 17 msecs (HTTP/1.1 404) 4 headers in 164 bytes (1 switches on core 0)
2026-06-18 10:07:20.939 8 INFO neutron_taas.services.taas.taas_plugin [None req-9c1cde8e-4635-4ba0-ac27-f630041b359f 020021181ce641a59579747d2e65ee2e 8623995449c1404ea80b51705dd790fb - - default default] TaaS: Handle Delete Port: a0cb66ef-e26f-44a2-a09f-4b312459a436
2026-06-18 10:07:20.943 8 INFO neutron_taas.services.taas.tap_mirror_plugin [None req-9c1cde8e-4635-4ba0-ac27-f630041b359f 020021181ce641a59579747d2e65ee2e 8623995449c1404ea80b51705dd790fb - - default default] Tap Mirror: Handle Delete Port: a0cb66ef-e26f-44a2-a09f-4b312459a436 [pid: 8|app: 0|req: 1754/3677] 10.0.0.245 () {34 vars in 789 bytes} [Thu Jun 18 10:07:20 2026] PUT /v2.0/routers/8104aff5-fdba-49df-afd1-da4258baf5c1/remove_router_interface => generated 309 bytes in 1315 msecs (HTTP/1.1 200) 4 headers in 157 bytes (1 switches on core 0)
2026-06-18 10:07:22.077 7 INFO neutron.api.v2.resource [None req-85efdccb-2c2e-4da0-b58b-8e8837c29bf5 020021181ce641a59579747d2e65ee2e 8623995449c1404ea80b51705dd790fb - - default default] remove_router_interface failed (client error): The resource could not be found. [pid: 7|app: 0|req: 1924/3678] 10.0.0.245 () {34 vars in 789 bytes} [Thu Jun 18 10:07:21 2026] PUT /v2.0/routers/8104aff5-fdba-49df-afd1-da4258baf5c1/remove_router_interface => generated 198 bytes in 103 msecs (HTTP/1.1 404) 4 headers in 164 bytes (1 switches on core 0) /var/lib/openstack/lib/python3.12/site-packages/pycadf/identifier.py:70: UserWarning: Invalid uuid: neutron. To ensure interoperability, identifiers should be a valid uuid. warnings.warn(('Invalid uuid: %s. To ensure interoperability, '
2026-06-18 10:07:22.348 8 INFO neutron_taas.services.taas.taas_plugin [None req-e3bf5d69-1b67-4290-ab32-a8d4e0d4dedd 020021181ce641a59579747d2e65ee2e 8623995449c1404ea80b51705dd790fb - - default default] TaaS: Handle Delete Port: 316158bf-18ff-450b-91dc-0178aec453bf
2026-06-18 10:07:22.351 8 INFO neutron_taas.services.taas.tap_mirror_plugin [None req-e3bf5d69-1b67-4290-ab32-a8d4e0d4dedd 020021181ce641a59579747d2e65ee2e 8623995449c1404ea80b51705dd790fb - - default default] Tap Mirror: Handle Delete Port: 316158bf-18ff-450b-91dc-0178aec453bf [pid: 8|app: 0|req: 1755/3679] 10.0.0.245 () {34 vars in 789 bytes} [Thu Jun 18 10:07:22 2026] PUT /v2.0/routers/8104aff5-fdba-49df-afd1-da4258baf5c1/remove_router_interface => generated 309 bytes in 780 msecs (HTTP/1.1 200) 4 headers in 157 bytes (1 switches on core 0)
2026-06-18 10:07:22.994 7 INFO neutron.api.v2.resource [None req-5cba4047-cf75-4fb9-8d48-6be49e904258 020021181ce641a59579747d2e65ee2e 8623995449c1404ea80b51705dd790fb - - default default] remove_router_interface failed (client error): The resource could not be found. [pid: 7|app: 0|req: 1925/3680] 10.0.0.245 () {34 vars in 789 bytes} [Thu Jun 18 10:07:22 2026] PUT /v2.0/routers/8104aff5-fdba-49df-afd1-da4258baf5c1/remove_router_interface => generated 198 bytes in 129 msecs (HTTP/1.1 404) 4 headers in 164 bytes (1 switches on core 0) /var/lib/openstack/lib/python3.12/site-packages/pycadf/identifier.py:70: UserWarning: Invalid uuid: neutron. To ensure interoperability, identifiers should be a valid uuid. warnings.warn(('Invalid uuid: %s. To ensure interoperability, '
2026-06-18 10:07:23.292 8 INFO neutron_taas.services.taas.taas_plugin [None req-55e9c566-ff5e-4636-98f6-fa8f884637a2 020021181ce641a59579747d2e65ee2e 8623995449c1404ea80b51705dd790fb - - default default] TaaS: Handle Delete Port: b58feb86-f900-4104-89be-8ffd657f9cd2
2026-06-18 10:07:23.296 8 INFO neutron_taas.services.taas.tap_mirror_plugin [None req-55e9c566-ff5e-4636-98f6-fa8f884637a2 020021181ce641a59579747d2e65ee2e 8623995449c1404ea80b51705dd790fb - - default default] Tap Mirror: Handle Delete Port: b58feb86-f900-4104-89be-8ffd657f9cd2 [pid: 8|app: 0|req: 1756/3681] 10.0.0.245 () {34 vars in 789 bytes} [Thu Jun 18 10:07:23 2026] PUT /v2.0/routers/8104aff5-fdba-49df-afd1-da4258baf5c1/remove_router_interface => generated 309 bytes in 856 msecs (HTTP/1.1 200) 4 headers in 157 bytes (1 switches on core 0)
2026-06-18 10:07:23.976 7 INFO neutron.api.v2.resource [None req-b71cedb8-1bc5-44b7-a856-91556c7fb18c 020021181ce641a59579747d2e65ee2e 8623995449c1404ea80b51705dd790fb - - default default] remove_router_interface failed (client error): The resource could not be found. [pid: 7|app: 0|req: 1926/3682] 10.0.0.245 () {34 vars in 789 bytes} [Thu Jun 18 10:07:23 2026] PUT /v2.0/routers/8104aff5-fdba-49df-afd1-da4258baf5c1/remove_router_interface => generated 198 bytes in 117 msecs (HTTP/1.1 404) 4 headers in 164 bytes (1 switches on core 0) /var/lib/openstack/lib/python3.12/site-packages/pycadf/identifier.py:70: UserWarning: Invalid uuid: neutron. To ensure interoperability, identifiers should be a valid uuid. warnings.warn(('Invalid uuid: %s. To ensure interoperability, '
2026-06-18 10:07:24.326 8 INFO neutron_taas.services.taas.taas_plugin [None req-869578e1-79ae-4cdc-b088-d8a6c3bda30d 020021181ce641a59579747d2e65ee2e 8623995449c1404ea80b51705dd790fb - - default default] TaaS: Handle Delete Port: 27cf7cc2-d791-4ba4-8643-18356876cdc6
2026-06-18 10:07:24.330 8 INFO neutron_taas.services.taas.tap_mirror_plugin [None req-869578e1-79ae-4cdc-b088-d8a6c3bda30d 020021181ce641a59579747d2e65ee2e 8623995449c1404ea80b51705dd790fb - - default default] Tap Mirror: Handle Delete Port: 27cf7cc2-d791-4ba4-8643-18356876cdc6 [pid: 8|app: 0|req: 1757/3685] 10.0.0.245 () {32 vars in 724 bytes} [Thu Jun 18 10:07:23 2026] DELETE /v2.0/routers/8104aff5-fdba-49df-afd1-da4258baf5c1 => generated 0 bytes in 769 msecs (HTTP/1.1 204) 2 headers in 112 bytes (1 switches on core 0)
2026-06-18 10:07:24.776 7 INFO neutron.api.v2.resource [None req-bade40d8-35b2-4570-924e-c7281c1459ba 020021181ce641a59579747d2e65ee2e 8623995449c1404ea80b51705dd790fb - - default default] show failed (client error): The resource could not be found. [pid: 7|app: 0|req: 1929/3686] 10.0.0.245 () {32 vars in 721 bytes} [Thu Jun 18 10:07:24 2026] GET /v2.0/routers/8104aff5-fdba-49df-afd1-da4258baf5c1 => generated 135 bytes in 18 msecs (HTTP/1.1 404) 4 headers in 164 bytes (1 switches on core 0) [pid: 8|app: 0|req: 1758/3687] 10.0.0.245 () {32 vars in 724 bytes} [Thu Jun 18 10:07:24 2026] DELETE /v2.0/subnets/9e0a674b-3137-41b4-b81b-24b5efab4c37 => generated 0 bytes in 144 msecs (HTTP/1.1 204) 3 headers in 131 bytes (1 switches on core 0)
2026-06-18 10:07:24.944 7 INFO neutron.pecan_wsgi.hooks.translation [None req-0cbe4eb7-a61b-4ff7-9780-1ab416a30ab1 020021181ce641a59579747d2e65ee2e 8623995449c1404ea80b51705dd790fb - - default default] GET failed (client error): The resource could not be found. [pid: 7|app: 0|req: 1930/3688] 10.0.0.245 () {32 vars in 721 bytes} [Thu Jun 18 10:07:24 2026] GET /v2.0/subnets/9e0a674b-3137-41b4-b81b-24b5efab4c37 => generated 136 bytes in 14 msecs (HTTP/1.1 404) 4 headers in 164 bytes (1 switches on core 0) [pid: 8|app: 0|req: 1759/3689] 10.0.0.245 () {32 vars in 724 bytes} [Thu Jun 18 10:07:24 2026] DELETE /v2.0/subnets/e1a61972-8324-4d2b-8c18-71c07362e27d => generated 0 bytes in 153 msecs (HTTP/1.1 204) 3 headers in 131 bytes (1 switches on core 0)
2026-06-18 10:07:25.123 7 INFO neutron.pecan_wsgi.hooks.translation [None req-a3dcd6ef-b445-43aa-94e5-b987de4f1e03 020021181ce641a59579747d2e65ee2e 8623995449c1404ea80b51705dd790fb - - default default] GET failed (client error): The resource could not be found. [pid: 7|app: 0|req: 1931/3690] 10.0.0.245 () {32 vars in 721 bytes} [Thu Jun 18 10:07:25 2026] GET /v2.0/subnets/e1a61972-8324-4d2b-8c18-71c07362e27d => generated 136 bytes in 17 msecs (HTTP/1.1 404) 4 headers in 164 bytes (1 switches on core 0)
2026-06-18 10:07:25.239 8 INFO neutron_taas.services.taas.taas_plugin [None req-be41556f-da97-4bba-acbd-8535503e76d3 020021181ce641a59579747d2e65ee2e 8623995449c1404ea80b51705dd790fb - - default default] TaaS: Handle Delete Port: f6c7c4e8-51a8-4058-9b57-4be2dd252e9c
2026-06-18 10:07:25.242 8 INFO neutron_taas.services.taas.tap_mirror_plugin [None req-be41556f-da97-4bba-acbd-8535503e76d3 020021181ce641a59579747d2e65ee2e 8623995449c1404ea80b51705dd790fb - - default default] Tap Mirror: Handle Delete Port: f6c7c4e8-51a8-4058-9b57-4be2dd252e9c
2026-06-18 10:07:25.487 8 INFO neutron.services.segments.plugin [-] Segment 904f9a79-30be-4eb1-8ff9-a395c44e788c resource provider aggregate not found
2026-06-18 10:07:25.493 8 INFO neutron.services.segments.plugin [-] Segment 904f9a79-30be-4eb1-8ff9-a395c44e788c resource provider aggregate not found [pid: 8|app: 0|req: 1760/3691] 10.0.0.245 () {32 vars in 726 bytes} [Thu Jun 18 10:07:25 2026] DELETE /v2.0/networks/b7d81cff-a0c6-4aa8-8df5-1522aa7a8987 => generated 0 bytes in 369 msecs (HTTP/1.1 204) 3 headers in 131 bytes (1 switches on core 0)
2026-06-18 10:07:25.513 8 INFO neutron.services.segments.plugin [-] Segment 904f9a79-30be-4eb1-8ff9-a395c44e788c resource provider not found; error: Placement Client Error (4xx): {"errors": [{"status": 404, "title": "Not Found", "detail": "The resource could not be found.\n\n No resource provider with uuid 904f9a79-30be-4eb1-8ff9-a395c44e788c found for delete ", "request_id": "req-7143d4d6-6b6a-4234-a485-e1817a45ccbb"}]}
2026-06-18 10:07:25.515 8 INFO neutron.services.segments.plugin [-] Segment 904f9a79-30be-4eb1-8ff9-a395c44e788c resource provider not found; error: Placement Client Error (4xx): {"errors": [{"status": 404, "title": "Not Found", "detail": "The resource could not be found.\n\n No resource provider with uuid 904f9a79-30be-4eb1-8ff9-a395c44e788c found for delete ", "request_id": "req-a36ac99f-f547-4a4c-989c-3e6558ebec2f"}]}
2026-06-18 10:07:25.517 7 INFO neutron.pecan_wsgi.hooks.translation [None req-67400702-528c-4abc-bef4-09b418337f7c 020021181ce641a59579747d2e65ee2e 8623995449c1404ea80b51705dd790fb - - default default] GET failed (client error): The resource could not be found. [pid: 7|app: 0|req: 1932/3692] 10.0.0.245 () {32 vars in 723 bytes} [Thu Jun 18 10:07:25 2026] GET /v2.0/networks/b7d81cff-a0c6-4aa8-8df5-1522aa7a8987 => generated 138 bytes in 17 msecs (HTTP/1.1 404) 4 headers in 164 bytes (1 switches on core 0) [pid: 8|app: 0|req: 1761/3693] 10.0.0.245 () {32 vars in 724 bytes} [Thu Jun 18 10:07:25 2026] DELETE /v2.0/subnets/d6c0e532-b782-463d-b592-0be840e1536f => generated 0 bytes in 148 msecs (HTTP/1.1 204) 3 headers in 131 bytes (1 switches on core 0)
2026-06-18 10:07:25.694 7 INFO neutron.pecan_wsgi.hooks.translation [None req-fbd2d6d0-67c5-4512-8291-597d4e4b24b2 020021181ce641a59579747d2e65ee2e 8623995449c1404ea80b51705dd790fb - - default default] GET failed (client error): The resource could not be found. [pid: 7|app: 0|req: 1933/3694] 10.0.0.245 () {32 vars in 721 bytes} [Thu Jun 18 10:07:25 2026] GET /v2.0/subnets/d6c0e532-b782-463d-b592-0be840e1536f => generated 136 bytes in 17 msecs (HTTP/1.1 404) 4 headers in 164 bytes (1 switches on core 0) [pid: 8|app: 0|req: 1762/3695] 10.0.0.245 () {32 vars in 724 bytes} [Thu Jun 18 10:07:25 2026] DELETE /v2.0/subnets/912b669b-4af7-46fd-9927-0b6b89ed600e => generated 0 bytes in 168 msecs (HTTP/1.1 204) 3 headers in 131 bytes (1 switches on core 0)
2026-06-18 10:07:25.892 7 INFO neutron.pecan_wsgi.hooks.translation [None req-a3bc8852-528d-4d22-b95f-1532a2386268 020021181ce641a59579747d2e65ee2e 8623995449c1404ea80b51705dd790fb - - default default] GET failed (client error): The resource could not be found. [pid: 7|app: 0|req: 1934/3696] 10.0.0.245 () {32 vars in 721 bytes} [Thu Jun 18 10:07:25 2026] GET /v2.0/subnets/912b669b-4af7-46fd-9927-0b6b89ed600e => generated 136 bytes in 17 msecs (HTTP/1.1 404) 4 headers in 164 bytes (1 switches on core 0)
2026-06-18 10:07:26.019 8 INFO neutron_taas.services.taas.taas_plugin [None req-23b95ab9-094b-4561-b1a1-13508d944947 020021181ce641a59579747d2e65ee2e 8623995449c1404ea80b51705dd790fb - - default default] TaaS: Handle Delete Port: 158bc309-aaf1-44ff-9af1-edea61908028
2026-06-18 10:07:26.022 8 INFO neutron_taas.services.taas.tap_mirror_plugin [None req-23b95ab9-094b-4561-b1a1-13508d944947 020021181ce641a59579747d2e65ee2e 8623995449c1404ea80b51705dd790fb - - default default] Tap Mirror: Handle Delete Port: 158bc309-aaf1-44ff-9af1-edea61908028 [pid: 8|app: 0|req: 1763/3697] 10.0.0.245 () {32 vars in 726 bytes} [Thu Jun 18 10:07:25 2026] DELETE /v2.0/networks/3ae9a301-e8a9-435a-9116-de1fb60dfbdc => generated 0 bytes in 319 msecs (HTTP/1.1 204) 3 headers in 131 bytes (1 switches on core 0)
2026-06-18 10:07:26.237 7 INFO neutron.pecan_wsgi.hooks.translation [None req-7086a9c8-fd78-4b2a-a3a2-cb86388e1344 020021181ce641a59579747d2e65ee2e 8623995449c1404ea80b51705dd790fb - - default default] GET failed (client error): The resource could not be found. [pid: 7|app: 0|req: 1935/3698] 10.0.0.245 () {32 vars in 723 bytes} [Thu Jun 18 10:07:26 2026] GET /v2.0/networks/3ae9a301-e8a9-435a-9116-de1fb60dfbdc => generated 138 bytes in 16 msecs (HTTP/1.1 404) 4 headers in 164 bytes (1 switches on core 0) [pid: 8|app: 0|req: 1764/3699] 10.0.0.245 () {32 vars in 724 bytes} [Thu Jun 18 10:07:26 2026] DELETE /v2.0/subnets/49bfa086-3d9e-4da3-ab8c-a37111520df2 => generated 0 bytes in 131 msecs (HTTP/1.1 204) 3 headers in 131 bytes (1 switches on core 0)
2026-06-18 10:07:26.391 7 INFO neutron.pecan_wsgi.hooks.translation [None req-1d2ff5ab-8c28-49e1-9e3f-4e6e3c383306 020021181ce641a59579747d2e65ee2e 8623995449c1404ea80b51705dd790fb - - default default] GET failed (client error): The resource could not be found. [pid: 7|app: 0|req: 1936/3700] 10.0.0.245 () {32 vars in 721 bytes} [Thu Jun 18 10:07:26 2026] GET /v2.0/subnets/49bfa086-3d9e-4da3-ab8c-a37111520df2 => generated 136 bytes in 15 msecs (HTTP/1.1 404) 4 headers in 164 bytes (1 switches on core 0) [pid: 8|app: 0|req: 1765/3701] 10.0.0.245 () {32 vars in 724 bytes} [Thu Jun 18 10:07:26 2026] DELETE /v2.0/subnets/dd631f7e-ee7f-4757-888a-cb2bd3a8ba58 => generated 0 bytes in 170 msecs (HTTP/1.1 204) 3 headers in 131 bytes (1 switches on core 0)
2026-06-18 10:07:26.586 7 INFO neutron.pecan_wsgi.hooks.translation [None req-753f4a92-d13f-40b0-b76e-8e6ab0b599e1 020021181ce641a59579747d2e65ee2e 8623995449c1404ea80b51705dd790fb - - default default] GET failed (client error): The resource could not be found. [pid: 7|app: 0|req: 1937/3702] 10.0.0.245 () {32 vars in 721 bytes} [Thu Jun 18 10:07:26 2026] GET /v2.0/subnets/dd631f7e-ee7f-4757-888a-cb2bd3a8ba58 => generated 136 bytes in 15 msecs (HTTP/1.1 404) 4 headers in 164 bytes (1 switches on core 0)
2026-06-18 10:07:26.729 8 INFO neutron_taas.services.taas.taas_plugin [None req-dda99c91-5e90-422b-b258-79d3c444c0f2 020021181ce641a59579747d2e65ee2e 8623995449c1404ea80b51705dd790fb - - default default] TaaS: Handle Delete Port: 5f050dee-8736-47e3-a792-ef36473b5e33
2026-06-18 10:07:26.732 8 INFO neutron_taas.services.taas.tap_mirror_plugin [None req-dda99c91-5e90-422b-b258-79d3c444c0f2 020021181ce641a59579747d2e65ee2e 8623995449c1404ea80b51705dd790fb - - default default] Tap Mirror: Handle Delete Port: 5f050dee-8736-47e3-a792-ef36473b5e33 [pid: 8|app: 0|req: 1766/3703] 10.0.0.245 () {32 vars in 726 bytes} [Thu Jun 18 10:07:26 2026] DELETE /v2.0/networks/e8f59d0f-8977-4830-9f16-e189d82ffb70 => generated 0 bytes in 365 msecs (HTTP/1.1 204) 3 headers in 131 bytes (1 switches on core 0)
2026-06-18 10:07:26.973 7 INFO neutron.pecan_wsgi.hooks.translation [None req-f66d9a09-2cc9-4aed-a209-b7a94bc065a2 020021181ce641a59579747d2e65ee2e 8623995449c1404ea80b51705dd790fb - - default default] GET failed (client error): The resource could not be found. [pid: 7|app: 0|req: 1938/3704] 10.0.0.245 () {32 vars in 723 bytes} [Thu Jun 18 10:07:26 2026] GET /v2.0/networks/e8f59d0f-8977-4830-9f16-e189d82ffb70 => generated 138 bytes in 12 msecs (HTTP/1.1 404) 4 headers in 164 bytes (1 switches on core 0)
2026-06-18 10:07:27.529 8 INFO neutron.services.segments.plugin [-] Segment 8deb990b-1db0-4293-babe-78ec1d294dc5 resource provider aggregate not found
2026-06-18 10:07:27.534 8 INFO neutron.services.segments.plugin [-] Segment 8deb990b-1db0-4293-babe-78ec1d294dc5 resource provider aggregate not found
2026-06-18 10:07:27.549 8 INFO neutron.services.segments.plugin [-] Segment 8deb990b-1db0-4293-babe-78ec1d294dc5 resource provider not found; error: Placement Client Error (4xx): {"errors": [{"status": 404, "title": "Not Found", "detail": "The resource could not be found.\n\n No resource provider with uuid 8deb990b-1db0-4293-babe-78ec1d294dc5 found for delete ", "request_id": "req-a09a8133-e945-4e7d-b363-e32025f80f63"}]}
2026-06-18 10:07:27.553 8 INFO neutron.services.segments.plugin [-] Segment 8deb990b-1db0-4293-babe-78ec1d294dc5 resource provider not found; error: Placement Client Error (4xx): {"errors": [{"status": 404, "title": "Not Found", "detail": "The resource could not be found.\n\n No resource provider with uuid 8deb990b-1db0-4293-babe-78ec1d294dc5 found for delete ", "request_id": "req-e23d5320-9f14-470e-a8c3-523633fea239"}]}
2026-06-18 10:07:27.566 8 INFO neutron.services.segments.plugin [-] Segment a2bf9cb8-ec06-4add-b8d9-eb9f29e61670 resource provider aggregate not found
2026-06-18 10:07:27.569 8 INFO neutron.services.segments.plugin [-] Segment a2bf9cb8-ec06-4add-b8d9-eb9f29e61670 resource provider aggregate not found
2026-06-18 10:07:27.581 8 INFO neutron.services.segments.plugin [-] Segment a2bf9cb8-ec06-4add-b8d9-eb9f29e61670 resource provider not found; error: Placement Client Error (4xx): {"errors": [{"status": 404, "title": "Not Found", "detail": "The resource could not be found.\n\n No resource provider with uuid a2bf9cb8-ec06-4add-b8d9-eb9f29e61670 found for delete ", "request_id": "req-142ca320-539b-4ade-8111-a21bd68a0def"}]}
2026-06-18 10:07:27.584 8 INFO neutron.services.segments.plugin [-] Segment a2bf9cb8-ec06-4add-b8d9-eb9f29e61670 resource provider not found; error: Placement Client Error (4xx): {"errors": [{"status": 404, "title": "Not Found", "detail": "The resource could not be found.\n\n No resource provider with uuid a2bf9cb8-ec06-4add-b8d9-eb9f29e61670 found for delete ", "request_id": "req-bfecbbe1-955d-4274-9ba7-e4c9203c85b0"}]}
2026-06-18 10:07:29.051 8 INFO neutron.db.ovn_revision_numbers_db [None req-894f9387-95e7-459b-b4ac-0a9473e53de1 e352b11885664ca2825c542fe32cbb89 877a9410a6fc4515b753068bb2bcb9fb - - default default] Successfully bumped revision number for resource f9fb6a11-9ca5-413f-aa3f-0834d712f058 (type: security_groups) to 1
2026-06-18 10:07:29.061 8 INFO neutron.db.ovn_revision_numbers_db [None req-894f9387-95e7-459b-b4ac-0a9473e53de1 e352b11885664ca2825c542fe32cbb89 877a9410a6fc4515b753068bb2bcb9fb - - default default] Successfully bumped revision number for resource 1b094b59-03ca-4c35-b421-8138e4274014 (type: security_group_rules) to 0
2026-06-18 10:07:29.074 8 INFO neutron.db.ovn_revision_numbers_db [None req-894f9387-95e7-459b-b4ac-0a9473e53de1 e352b11885664ca2825c542fe32cbb89 877a9410a6fc4515b753068bb2bcb9fb - - default default] Successfully bumped revision number for resource 462ca608-f2ca-49a5-8059-4b7f84ffae45 (type: security_group_rules) to 0
2026-06-18 10:07:29.086 8 INFO neutron.db.ovn_revision_numbers_db [None req-894f9387-95e7-459b-b4ac-0a9473e53de1 e352b11885664ca2825c542fe32cbb89 877a9410a6fc4515b753068bb2bcb9fb - - default default] Successfully bumped revision number for resource 8f5de1ad-c5b4-4797-aa05-00d1bc6c124f (type: security_group_rules) to 0
2026-06-18 10:07:29.102 8 INFO neutron.db.ovn_revision_numbers_db [None req-894f9387-95e7-459b-b4ac-0a9473e53de1 e352b11885664ca2825c542fe32cbb89 877a9410a6fc4515b753068bb2bcb9fb - - default default] Successfully bumped revision number for resource 9fd7a79e-3c07-4a33-b575-db626fcf0420 (type: security_group_rules) to 0 [pid: 8|app: 0|req: 1767/3705] 10.0.0.245 () {32 vars in 774 bytes} [Thu Jun 18 10:07:28 2026] GET /v2.0/security-groups?tenant_id=3dfbf70e6b0e443084802d3670cb4d7e&name=default => generated 2929 bytes in 367 msecs (HTTP/1.1 200) 4 headers in 158 bytes (1 switches on core 0) [pid: 7|app: 0|req: 1939/3706] 10.0.0.245 () {32 vars in 740 bytes} [Thu Jun 18 10:07:29 2026] DELETE /v2.0/security-groups/f9fb6a11-9ca5-413f-aa3f-0834d712f058 => generated 0 bytes in 276 msecs (HTTP/1.1 204) 2 headers in 112 bytes (1 switches on core 0)
2026-06-18 10:07:29.650 8 INFO neutron.db.ovn_revision_numbers_db [None req-87f5094d-fe4e-4462-ac0e-14e727ff80a0 e352b11885664ca2825c542fe32cbb89 877a9410a6fc4515b753068bb2bcb9fb - - default default] Successfully bumped revision number for resource 83f34d0f-8e06-4029-8fc7-fb80be2a8255 (type: security_groups) to 1
2026-06-18 10:07:29.664 8 INFO neutron.db.ovn_revision_numbers_db [None req-87f5094d-fe4e-4462-ac0e-14e727ff80a0 e352b11885664ca2825c542fe32cbb89 877a9410a6fc4515b753068bb2bcb9fb - - default default] Successfully bumped revision number for resource 1cc9dad7-45ec-4bbb-bf97-5d4457e94b72 (type: security_group_rules) to 0
2026-06-18 10:07:29.682 8 INFO neutron.db.ovn_revision_numbers_db [None req-87f5094d-fe4e-4462-ac0e-14e727ff80a0 e352b11885664ca2825c542fe32cbb89 877a9410a6fc4515b753068bb2bcb9fb - - default default] Successfully bumped revision number for resource 2c64bba0-4e8c-4c03-8904-209218a457ba (type: security_group_rules) to 0
2026-06-18 10:07:29.695 8 INFO neutron.db.ovn_revision_numbers_db [None req-87f5094d-fe4e-4462-ac0e-14e727ff80a0 e352b11885664ca2825c542fe32cbb89 877a9410a6fc4515b753068bb2bcb9fb - - default default] Successfully bumped revision number for resource f6bee11e-9c38-4e9b-b7d3-74da55a8fa6b (type: security_group_rules) to 0
2026-06-18 10:07:29.715 8 INFO neutron.db.ovn_revision_numbers_db [None req-87f5094d-fe4e-4462-ac0e-14e727ff80a0 e352b11885664ca2825c542fe32cbb89 877a9410a6fc4515b753068bb2bcb9fb - - default default] Successfully bumped revision number for resource fd6fcfbb-02cd-4dd5-aa4e-22159b27c0f2 (type: security_group_rules) to 0 [pid: 8|app: 0|req: 1768/3707] 10.0.0.245 () {32 vars in 774 bytes} [Thu Jun 18 10:07:29 2026] GET /v2.0/security-groups?tenant_id=0b09b62949d8461fa114525773ad3c13&name=default => generated 2929 bytes in 242 msecs (HTTP/1.1 200) 4 headers in 158 bytes (1 switches on core 0) [pid: 7|app: 0|req: 1940/3708] 10.0.0.245 () {32 vars in 740 bytes} [Thu Jun 18 10:07:29 2026] DELETE /v2.0/security-groups/83f34d0f-8e06-4029-8fc7-fb80be2a8255 => generated 0 bytes in 223 msecs (HTTP/1.1 204) 2 headers in 112 bytes (1 switches on core 0)
2026-06-18 10:07:30.240 8 INFO neutron.db.ovn_revision_numbers_db [None req-5424ce15-cb7b-479a-adff-b5833a35a5fa e352b11885664ca2825c542fe32cbb89 877a9410a6fc4515b753068bb2bcb9fb - - default default] Successfully bumped revision number for resource 7864fd7d-21b0-4ba2-beb7-8085d81379ba (type: security_groups) to 1
2026-06-18 10:07:30.251 8 INFO neutron.db.ovn_revision_numbers_db [None req-5424ce15-cb7b-479a-adff-b5833a35a5fa e352b11885664ca2825c542fe32cbb89 877a9410a6fc4515b753068bb2bcb9fb - - default default] Successfully bumped revision number for resource 0f086928-24eb-4f43-a77d-e44787ca415d (type: security_group_rules) to 0
2026-06-18 10:07:30.263 8 INFO neutron.db.ovn_revision_numbers_db [None req-5424ce15-cb7b-479a-adff-b5833a35a5fa e352b11885664ca2825c542fe32cbb89 877a9410a6fc4515b753068bb2bcb9fb - - default default] Successfully bumped revision number for resource 35a246f2-12ce-4454-bdb9-6171065152a6 (type: security_group_rules) to 0
2026-06-18 10:07:30.276 8 INFO neutron.db.ovn_revision_numbers_db [None req-5424ce15-cb7b-479a-adff-b5833a35a5fa e352b11885664ca2825c542fe32cbb89 877a9410a6fc4515b753068bb2bcb9fb - - default default] Successfully bumped revision number for resource 4d5d4cd6-99eb-4259-b933-dcc95f56fb0b (type: security_group_rules) to 0
2026-06-18 10:07:30.287 8 INFO neutron.db.ovn_revision_numbers_db [None req-5424ce15-cb7b-479a-adff-b5833a35a5fa e352b11885664ca2825c542fe32cbb89 877a9410a6fc4515b753068bb2bcb9fb - - default default] Successfully bumped revision number for resource c4f4cd1c-ca9c-4918-a4b6-6ca57bdf3246 (type: security_group_rules) to 0 [pid: 8|app: 0|req: 1769/3709] 10.0.0.245 () {32 vars in 774 bytes} [Thu Jun 18 10:07:30 2026] GET /v2.0/security-groups?tenant_id=03a49fda09754c5296d3577d31fb8233&name=default => generated 2929 bytes in 208 msecs (HTTP/1.1 200) 4 headers in 158 bytes (1 switches on core 0) [pid: 7|app: 0|req: 1941/3710] 10.0.0.245 () {32 vars in 740 bytes} [Thu Jun 18 10:07:30 2026] DELETE /v2.0/security-groups/7864fd7d-21b0-4ba2-beb7-8085d81379ba => generated 0 bytes in 213 msecs (HTTP/1.1 204) 2 headers in 112 bytes (1 swit