2026-06-18 10:02:34.010 8 WARNING neutron.api.rpc.agentnotifiers.dhcp_rpc_agent_api [None req-5a902942-2a88-488f-ba74-da8dbcbf0df5 - - - - - -] Unable to schedule network 1207b4cf-7297-4597-a6c1-a6b2f626d884: no agents available; will retry on subsequent port and subnet creation events. [pid: 7|app: 0|req: 1477/2848] 10.0.0.245 () {32 vars in 740 bytes} [Thu Jun 18 10:02:33 2026] DELETE /v2.0/security-groups/e9c92f16-2d0b-42f2-8c75-889bd97a6a12 => generated 0 bytes in 260 msecs (HTTP/1.1 204) 2 headers in 112 bytes (1 switches on core 0)
2026-06-18 10:02:34.401 8 INFO neutron.db.ovn_revision_numbers_db [None req-5a902942-2a88-488f-ba74-da8dbcbf0df5 - - - - - -] Successfully bumped revision number for resource 9e656b7d-bed9-441b-bb3b-a98453d141e4 (type: router_ports) to 1
2026-06-18 10:02:34.448 8 WARNING neutron.plugins.ml2.drivers.ovn.mech_driver.ovsdb.ovn_client [None req-68cf3ddf-103c-4d9a-b93e-0cf134051ad8 - - - - - -] No hosting information found for port 3b819110-6191-4c9b-8890-19f2684afb7b: RuntimeError: No hosting information found for port 3b819110-6191-4c9b-8890-19f2684afb7b
2026-06-18 10:02:34.450 8 INFO neutron.plugins.ml2.drivers.ovn.mech_driver.mech_driver [None req-68cf3ddf-103c-4d9a-b93e-0cf134051ad8 - - - - - -] OVN reports status down for port: 9518528f-d647-45c3-8eb0-71ea41b80373
2026-06-18 10:02:34.516 7 INFO neutron.db.ovn_revision_numbers_db [None req-e95cda06-8e14-4ced-bcbc-fa06049004a2 e352b11885664ca2825c542fe32cbb89 877a9410a6fc4515b753068bb2bcb9fb - - default default] Successfully bumped revision number for resource 2b08b1c2-c598-4834-a442-e4f35e973878 (type: security_groups) to 1
2026-06-18 10:02:34.539 7 INFO neutron.db.ovn_revision_numbers_db [None req-e95cda06-8e14-4ced-bcbc-fa06049004a2 e352b11885664ca2825c542fe32cbb89 877a9410a6fc4515b753068bb2bcb9fb - - default default] Successfully bumped revision number for resource 15e5f343-bc80-479c-837d-975f30ae5ae5 (type: security_group_rules) to 0
2026-06-18 10:02:34.558 7 INFO neutron.db.ovn_revision_numbers_db [None req-e95cda06-8e14-4ced-bcbc-fa06049004a2 e352b11885664ca2825c542fe32cbb89 877a9410a6fc4515b753068bb2bcb9fb - - default default] Successfully bumped revision number for resource 6841a8ec-3698-4eb2-a6d4-037cdde9b5ff (type: security_group_rules) to 0
2026-06-18 10:02:34.571 8 WARNING neutron.plugins.ml2.drivers.ovn.mech_driver.ovsdb.ovn_client [None req-68cf3ddf-103c-4d9a-b93e-0cf134051ad8 - - - - - -] Logical_Switch_Port %s host information not removed, the port state is up
2026-06-18 10:02:34.572 8 INFO neutron.plugins.ml2.drivers.ovn.mech_driver.mech_driver [None req-68cf3ddf-103c-4d9a-b93e-0cf134051ad8 - - - - - -] OVN reports status up for port: 9518528f-d647-45c3-8eb0-71ea41b80373
2026-06-18 10:02:34.585 7 INFO neutron.db.ovn_revision_numbers_db [None req-e95cda06-8e14-4ced-bcbc-fa06049004a2 e352b11885664ca2825c542fe32cbb89 877a9410a6fc4515b753068bb2bcb9fb - - default default] Successfully bumped revision number for resource adf29eb4-43cc-48d4-82b3-cb18ba44b852 (type: security_group_rules) to 0
2026-06-18 10:02:34.602 8 INFO neutron.plugins.ml2.plugin [None req-68cf3ddf-103c-4d9a-b93e-0cf134051ad8 - - - - - -] Attempt 1 to provision port 9518528f-d647-45c3-8eb0-71ea41b80373
2026-06-18 10:02:34.604 7 INFO neutron.db.ovn_revision_numbers_db [None req-e95cda06-8e14-4ced-bcbc-fa06049004a2 e352b11885664ca2825c542fe32cbb89 877a9410a6fc4515b753068bb2bcb9fb - - default default] Successfully bumped revision number for resource c0311a91-0d55-4286-a313-339b20085236 (type: security_group_rules) to 0
2026-06-18 10:02:34.609 7 INFO neutron.db.ovn_revision_numbers_db [None req-1e1af7ac-7e79-487f-afa3-c51ca065e417 - - - - - -] Successfully bumped revision number for resource 9e656b7d-bed9-441b-bb3b-a98453d141e4 (type: ports) to 2 [pid: 7|app: 0|req: 1478/2849] 10.0.0.245 () {32 vars in 774 bytes} [Thu Jun 18 10:02:34 2026] GET /v2.0/security-groups?tenant_id=5572e938897d474a8e4a69b96a0ae2bc&name=default => generated 2929 bytes in 451 msecs (HTTP/1.1 200) 4 headers in 158 bytes (1 switches on core 0)
2026-06-18 10:02:34.794 8 WARNING neutron.scheduler.dhcp_agent_scheduler [None req-5a902942-2a88-488f-ba74-da8dbcbf0df5 - - - - - -] No more DHCP agents
2026-06-18 10:02:34.795 8 WARNING neutron.api.rpc.agentnotifiers.dhcp_rpc_agent_api [None req-5a902942-2a88-488f-ba74-da8dbcbf0df5 - - - - - -] Unable to schedule network 1207b4cf-7297-4597-a6c1-a6b2f626d884: no agents available; will retry on subsequent port and subnet creation events.
2026-06-18 10:02:34.952 7 INFO neutron.db.ovn_revision_numbers_db [None req-d49a8c5a-449a-49ee-96d0-8304787303b8 e352b11885664ca2825c542fe32cbb89 877a9410a6fc4515b753068bb2bcb9fb - - default default] Successfully bumped revision number for resource 701ed803-b7f4-47d1-8547-3a9a7afc6b4a (type: security_groups) to 1
2026-06-18 10:02:34.963 7 INFO neutron.db.ovn_revision_numbers_db [None req-d49a8c5a-449a-49ee-96d0-8304787303b8 e352b11885664ca2825c542fe32cbb89 877a9410a6fc4515b753068bb2bcb9fb - - default default] Successfully bumped revision number for resource 1c105415-c6de-4d3f-9029-85c6daf8d331 (type: security_group_rules) to 0
2026-06-18 10:02:34.974 7 INFO neutron.db.ovn_revision_numbers_db [None req-d49a8c5a-449a-49ee-96d0-8304787303b8 e352b11885664ca2825c542fe32cbb89 877a9410a6fc4515b753068bb2bcb9fb - - default default] Successfully bumped revision number for resource 4031fdb4-1abd-4123-80a8-889b96d9a88f (type: security_group_rules) to 0
2026-06-18 10:02:35.012 7 INFO neutron.db.ovn_revision_numbers_db [None req-d49a8c5a-449a-49ee-96d0-8304787303b8 e352b11885664ca2825c542fe32cbb89 877a9410a6fc4515b753068bb2bcb9fb - - default default] Successfully bumped revision number for resource a1c2d5c6-5860-4a8f-b657-d8126ad4ad46 (type: security_group_rules) to 0
2026-06-18 10:02:35.024 7 INFO neutron.db.ovn_revision_numbers_db [None req-d49a8c5a-449a-49ee-96d0-8304787303b8 e352b11885664ca2825c542fe32cbb89 877a9410a6fc4515b753068bb2bcb9fb - - default default] Successfully bumped revision number for resource c24e5581-1b47-4c39-94ea-8ccf99b48893 (type: security_group_rules) to 0
2026-06-18 10:02:35.048 8 INFO neutron.db.ovn_revision_numbers_db [None req-5a902942-2a88-488f-ba74-da8dbcbf0df5 - - - - - -] Successfully bumped revision number for resource d036f2ff-a103-444b-95a6-02283118af0d (type: ports) to 1 [pid: 7|app: 0|req: 1479/2850] 10.0.0.245 () {32 vars in 774 bytes} [Thu Jun 18 10:02:34 2026] GET /v2.0/security-groups?tenant_id=915c473d7c9643dab2741001d70b6e0d&name=default => generated 2929 bytes in 371 msecs (HTTP/1.1 200) 4 headers in 158 bytes (1 switches on core 0) [pid: 7|app: 0|req: 1480/2851] 10.0.0.245 () {32 vars in 740 bytes} [Thu Jun 18 10:02:35 2026] DELETE /v2.0/security-groups/2b08b1c2-c598-4834-a442-e4f35e973878 => generated 0 bytes in 212 msecs (HTTP/1.1 204) 2 headers in 112 bytes (1 switches on core 0)
2026-06-18 10:02:35.376 8 INFO neutron.db.ovn_revision_numbers_db [None req-68cf3ddf-103c-4d9a-b93e-0cf134051ad8 - - - - - -] Successfully bumped revision number for resource 9518528f-d647-45c3-8eb0-71ea41b80373 (type: ports) to 2 [pid: 7|app: 0|req: 1481/2852] 10.0.0.245 () {32 vars in 740 bytes} [Thu Jun 18 10:02:35 2026] DELETE /v2.0/security-groups/701ed803-b7f4-47d1-8547-3a9a7afc6b4a => generated 0 bytes in 203 msecs (HTTP/1.1 204) 2 headers in 112 bytes (1 switches on core 0)
2026-06-18 10:02:35.495 8 INFO neutron.db.ovn_revision_numbers_db [None req-5a902942-2a88-488f-ba74-da8dbcbf0df5 - - - - - -] Successfully bumped revision number for resource d036f2ff-a103-444b-95a6-02283118af0d (type: ports) to 3 [pid: 8|app: 0|req: 1372/2853] 10.0.0.245 () {34 vars in 685 bytes} [Thu Jun 18 10:02:31 2026] POST /v2.0/vpn/vpnservices => generated 459 bytes in 4248 msecs (HTTP/1.1 201) 4 headers in 162 bytes (1 switches on core 0) [pid: 8|app: 0|req: 1373/2854] 10.0.0.245 () {32 vars in 663 bytes} [Thu Jun 18 10:02:35 2026] GET /v2.0/vpn/vpnservices => generated 1306 bytes in 19 msecs (HTTP/1.1 200) 4 headers in 158 bytes (1 switches on core 0)
2026-06-18 10:02:35.793 7 INFO neutron.db.ovn_revision_numbers_db [None req-9048af4f-bec1-453f-9bb3-8f047385c102 e352b11885664ca2825c542fe32cbb89 877a9410a6fc4515b753068bb2bcb9fb - - default default] Successfully bumped revision number for resource db5677cb-7c51-46ba-b6a6-3d546a15464c (type: security_groups) to 1
2026-06-18 10:02:35.813 7 INFO neutron.db.ovn_revision_numbers_db [None req-9048af4f-bec1-453f-9bb3-8f047385c102 e352b11885664ca2825c542fe32cbb89 877a9410a6fc4515b753068bb2bcb9fb - - default default] Successfully bumped revision number for resource 7f58f219-6377-4fdb-a6ab-abfe26d5a2da (type: security_group_rules) to 0
2026-06-18 10:02:35.825 7 INFO neutron.db.ovn_revision_numbers_db [None req-9048af4f-bec1-453f-9bb3-8f047385c102 e352b11885664ca2825c542fe32cbb89 877a9410a6fc4515b753068bb2bcb9fb - - default default] Successfully bumped revision number for resource 96b873fb-1667-4e8c-b274-ec4e5565052b (type: security_group_rules) to 0
2026-06-18 10:02:35.837 7 INFO neutron.db.ovn_revision_numbers_db [None req-9048af4f-bec1-453f-9bb3-8f047385c102 e352b11885664ca2825c542fe32cbb89 877a9410a6fc4515b753068bb2bcb9fb - - default default] Successfully bumped revision number for resource c6b3c8b6-5a89-4364-b5c8-7f1448cb292d (type: security_group_rules) to 0
2026-06-18 10:02:35.849 7 INFO neutron.db.ovn_revision_numbers_db [None req-9048af4f-bec1-453f-9bb3-8f047385c102 e352b11885664ca2825c542fe32cbb89 877a9410a6fc4515b753068bb2bcb9fb - - default default] Successfully bumped revision number for resource cf77dfde-1b0e-4d53-b278-10a3f0dafe0b (type: security_group_rules) to 0 [pid: 7|app: 0|req: 1482/2855] 10.0.0.245 () {32 vars in 774 bytes} [Thu Jun 18 10:02:35 2026] GET /v2.0/security-groups?tenant_id=0104545d3b8e456091d5f29a8c938b46&name=default => generated 2929 bytes in 225 msecs (HTTP/1.1 200) 4 headers in 158 bytes (1 switches on core 0) [pid: 7|app: 0|req: 1483/2856] 10.0.0.245 () {32 vars in 740 bytes} [Thu Jun 18 10:02:35 2026] DELETE /v2.0/security-groups/db5677cb-7c51-46ba-b6a6-3d546a15464c => generated 0 bytes in 189 msecs (HTTP/1.1 204) 2 headers in 112 bytes (1 switches on core 0)
2026-06-18 10:02:36.723 8 INFO neutron_taas.services.taas.taas_plugin [None req-91fa7a6d-e98e-42a9-ad66-3f8a5c737178 ccc09b9687eb4c3b93da8b20f9abb51f 16cdd3f0ec814407991b5f2fc0ec81b2 - - default default] TaaS: Handle Delete Port: 25a34ae1-360e-4839-baa5-dec7f9fd2a79
2026-06-18 10:02:36.728 8 INFO neutron_taas.services.taas.tap_mirror_plugin [None req-91fa7a6d-e98e-42a9-ad66-3f8a5c737178 ccc09b9687eb4c3b93da8b20f9abb51f 16cdd3f0ec814407991b5f2fc0ec81b2 - - default default] Tap Mirror: Handle Delete Port: 25a34ae1-360e-4839-baa5-dec7f9fd2a79
2026-06-18 10:02:37.005 8 INFO neutron_taas.services.taas.taas_plugin [None req-10dccd20-e77c-4cf1-a531-61b2dfb4250a - - - - - -] TaaS: Handle Delete Port: d036f2ff-a103-444b-95a6-02283118af0d
2026-06-18 10:02:37.008 8 INFO neutron_taas.services.taas.tap_mirror_plugin [None req-10dccd20-e77c-4cf1-a531-61b2dfb4250a - - - - - -] Tap Mirror: Handle Delete Port: d036f2ff-a103-444b-95a6-02283118af0d
2026-06-18 10:02:37.369 8 INFO neutron_taas.services.taas.taas_plugin [None req-27e479ec-8720-426f-895a-53a5c09c6c81 - - - - - -] TaaS: Handle Delete Port: 9e656b7d-bed9-441b-bb3b-a98453d141e4
2026-06-18 10:02:37.372 8 INFO neutron_taas.services.taas.tap_mirror_plugin [None req-27e479ec-8720-426f-895a-53a5c09c6c81 - - - - - -] Tap Mirror: Handle Delete Port: 9e656b7d-bed9-441b-bb3b-a98453d141e4
2026-06-18 10:02:38.170 8 INFO neutron_taas.services.taas.taas_plugin [None req-27e479ec-8720-426f-895a-53a5c09c6c81 - - - - - -] TaaS: Handle Delete Port: 6b098bae-abdf-442b-9187-c9673ebc9cf4
2026-06-18 10:02:38.173 8 INFO neutron_taas.services.taas.tap_mirror_plugin [None req-27e479ec-8720-426f-895a-53a5c09c6c81 - - - - - -] Tap Mirror: Handle Delete Port: 6b098bae-abdf-442b-9187-c9673ebc9cf4
2026-06-18 10:02:38.361 8 INFO neutron.services.segments.plugin [-] Segment 871e804b-0b79-4ff0-9e46-fa33106208ce resource provider aggregate not found
2026-06-18 10:02:38.370 8 INFO neutron.services.segments.plugin [-] Segment 871e804b-0b79-4ff0-9e46-fa33106208ce resource provider aggregate not found
2026-06-18 10:02:38.379 8 INFO neutron.services.segments.plugin [-] Segment 871e804b-0b79-4ff0-9e46-fa33106208ce resource provider not found; error: Placement Client Error (4xx): {"errors": [{"status": 404, "title": "Not Found", "detail": "The resource could not be found.\n\n No resource provider with uuid 871e804b-0b79-4ff0-9e46-fa33106208ce found for delete ", "request_id": "req-71d92241-ea2c-44b7-821f-b9b27661d7ac"}]}
2026-06-18 10:02:38.396 8 INFO neutron.services.segments.plugin [-] Segment 871e804b-0b79-4ff0-9e46-fa33106208ce resource provider not found; error: Placement Client Error (4xx): {"errors": [{"status": 404, "title": "Not Found", "detail": "The resource could not be found.\n\n No resource provider with uuid 871e804b-0b79-4ff0-9e46-fa33106208ce found for delete ", "request_id": "req-42af53ea-e3d9-4913-97e6-d54875d0a683"}]} [pid: 8|app: 0|req: 1374/2857] 10.0.0.245 () {32 vars in 740 bytes} [Thu Jun 18 10:02:35 2026] DELETE /v2.0/vpn/vpnservices/66306209-e45c-4392-b391-21cf7a320d17 => generated 0 bytes in 2672 msecs (HTTP/1.1 204) 2 headers in 112 bytes (1 switches on core 0) [pid: 7|app: 0|req: 1484/2858] 10.0.0.245 () {32 vars in 663 bytes} [Thu Jun 18 10:02:38 2026] GET /v2.0/vpn/vpnservices => generated 861 bytes in 18 msecs (HTTP/1.1 200) 4 headers in 157 bytes (1 switches on core 0) /var/lib/openstack/lib/python3.12/site-packages/pycadf/identifier.py:70: UserWarning: Invalid uuid: neutron. To ensure interoperability, identifiers should be a valid uuid. warnings.warn(('Invalid uuid: %s. To ensure interoperability, '
2026-06-18 10:02:38.516 8 INFO neutron.api.v2.resource [None req-65af95c4-82c2-4e92-92a0-57426779777f ccc09b9687eb4c3b93da8b20f9abb51f 16cdd3f0ec814407991b5f2fc0ec81b2 - - default default] create failed (client error): The server could not comply with the request since it is either malformed or otherwise incorrect. [pid: 8|app: 0|req: 1375/2859] 10.0.0.245 () {34 vars in 707 bytes} [Thu Jun 18 10:02:38 2026] POST /v2.0/vpn/ipsec-site-connections => generated 127 bytes in 69 msecs (HTTP/1.1 400) 4 headers in 166 bytes (1 switches on core 0)
2026-06-18 10:02:38.592 7 INFO neutron.api.v2.resource [None req-c3f682f3-b012-4e71-bc1c-6787b6350c5d ccc09b9687eb4c3b93da8b20f9abb51f 16cdd3f0ec814407991b5f2fc0ec81b2 - - default default] create failed (client error): The server could not comply with the request since it is either malformed or otherwise incorrect. [pid: 7|app: 0|req: 1485/2860] 10.0.0.245 () {34 vars in 707 bytes} [Thu Jun 18 10:02:38 2026] POST /v2.0/vpn/ipsec-site-connections => generated 136 bytes in 70 msecs (HTTP/1.1 400) 4 headers in 166 bytes (1 switches on core 0)
2026-06-18 10:02:38.609 8 WARNING neutron.api.v2.base [None req-ac5da33d-1900-459e-8fa7-12d54b4596d5 ccc09b9687eb4c3b93da8b20f9abb51f 16cdd3f0ec814407991b5f2fc0ec81b2 - - default default] An exception happened while processing the request body. The exception message is [Invalid input for dpd. Reason: '59' is not a dictionary.].: webob.exc.HTTPBadRequest: Invalid input for dpd. Reason: '59' is not a dictionary.
2026-06-18 10:02:38.609 8 INFO neutron.api.v2.resource [None req-ac5da33d-1900-459e-8fa7-12d54b4596d5 ccc09b9687eb4c3b93da8b20f9abb51f 16cdd3f0ec814407991b5f2fc0ec81b2 - - default default] create failed (client error): Invalid input for dpd. Reason: '59' is not a dictionary. [pid: 8|app: 0|req: 1376/2861] 10.0.0.245 () {34 vars in 707 bytes} [Thu Jun 18 10:02:38 2026] POST /v2.0/vpn/ipsec-site-connections => generated 129 bytes in 7 msecs (HTTP/1.1 400) 4 headers in 166 bytes (1 switches on core 0) [pid: 7|app: 0|req: 1486/2862] 10.0.0.245 () {34 vars in 693 bytes} [Thu Jun 18 10:02:38 2026] POST /v2.0/vpn/endpoint-groups => generated 293 bytes in 43 msecs (HTTP/1.1 201) 4 headers in 162 bytes (1 switches on core 0)
2026-06-18 10:02:38.706 8 INFO neutron.api.v2.resource [None req-310708d3-aff1-4fe9-9415-5808b6864eed ccc09b9687eb4c3b93da8b20f9abb51f 16cdd3f0ec814407991b5f2fc0ec81b2 - - default default] create failed (client error): The server could not comply with the request since it is either malformed or otherwise incorrect. [pid: 8|app: 0|req: 1377/2863] 10.0.0.245 () {34 vars in 707 bytes} [Thu Jun 18 10:02:38 2026] POST /v2.0/vpn/ipsec-site-connections => generated 149 bytes in 45 msecs (HTTP/1.1 400) 4 headers in 166 bytes (1 switches on core 0) [pid: 7|app: 0|req: 1487/2864] 10.0.0.245 () {32 vars in 671 bytes} [Thu Jun 18 10:02:38 2026] GET /v2.0/vpn/endpoint-groups => generated 907 bytes in 14 msecs (HTTP/1.1 200) 4 headers in 157 bytes (1 switches on core 0) [pid: 8|app: 0|req: 1378/2865] 10.0.0.245 () {32 vars in 748 bytes} [Thu Jun 18 10:02:38 2026] DELETE /v2.0/vpn/endpoint-groups/2b3e111a-12d4-416b-a0d8-40c4c624ede5 => generated 0 bytes in 19 msecs (HTTP/1.1 204) 2 headers in 112 bytes (1 switches on core 0) [pid: 7|app: 0|req: 1488/2866] 10.0.0.245 () {32 vars in 671 bytes} [Thu Jun 18 10:02:38 2026] GET /v2.0/vpn/endpoint-groups => generated 632 bytes in 24 msecs (HTTP/1.1 200) 4 headers in 157 bytes (1 switches on core 0) [pid: 8|app: 0|req: 1379/2867] 10.0.0.245 () {34 vars in 693 bytes} [Thu Jun 18 10:02:38 2026] POST /v2.0/vpn/endpoint-groups => generated 302 bytes in 44 msecs (HTTP/1.1 201) 4 headers in 162 bytes (1 switches on core 0)
2026-06-18 10:02:38.880 7 INFO neutron.api.v2.resource [None req-65d5601f-ce20-45b8-9bbc-b1ff135d64be ccc09b9687eb4c3b93da8b20f9abb51f 16cdd3f0ec814407991b5f2fc0ec81b2 - - default default] create failed (client error): The server could not comply with the request since it is either malformed or otherwise incorrect. [pid: 7|app: 0|req: 1489/2868] 10.0.0.245 () {34 vars in 707 bytes} [Thu Jun 18 10:02:38 2026] POST /v2.0/vpn/ipsec-site-connections => generated 148 bytes in 47 msecs (HTTP/1.1 400) 4 headers in 166 bytes (1 switches on core 0) [pid: 8|app: 0|req: 1380/2869] 10.0.0.245 () {32 vars in 671 bytes} [Thu Jun 18 10:02:38 2026] GET /v2.0/vpn/endpoint-groups => generated 916 bytes in 13 msecs (HTTP/1.1 200) 4 headers in 157 bytes (1 switches on core 0) [pid: 7|app: 0|req: 1490/2870] 10.0.0.245 () {32 vars in 748 bytes} [Thu Jun 18 10:02:38 2026] DELETE /v2.0/vpn/endpoint-groups/a6c1f2d8-deff-4ff0-a318-e0d4090d9bb2 => generated 0 bytes in 28 msecs (HTTP/1.1 204) 2 headers in 112 bytes (1 switches on core 0) [pid: 8|app: 0|req: 1381/2871] 10.0.0.245 () {32 vars in 671 bytes} [Thu Jun 18 10:02:38 2026] GET /v2.0/vpn/endpoint-groups => generated 632 bytes in 14 msecs (HTTP/1.1 200) 4 headers in 157 bytes (1 switches on core 0)
2026-06-18 10:02:38.967 7 WARNING neutron.api.v2.base [None req-8eb9cc28-dbec-4645-babd-dad29be28889 ccc09b9687eb4c3b93da8b20f9abb51f 16cdd3f0ec814407991b5f2fc0ec81b2 - - default default] An exception happened while processing the request body. The exception message is [Invalid input for peer_cidrs. Reason: '1.0.0.0/33' is not a valid IP subnet.].: webob.exc.HTTPBadRequest: Invalid input for peer_cidrs. Reason: '1.0.0.0/33' is not a valid IP subnet.
2026-06-18 10:02:38.968 7 INFO neutron.api.v2.resource [None req-8eb9cc28-dbec-4645-babd-dad29be28889 ccc09b9687eb4c3b93da8b20f9abb51f 16cdd3f0ec814407991b5f2fc0ec81b2 - - default default] create failed (client error): Invalid input for peer_cidrs. Reason: '1.0.0.0/33' is not a valid IP subnet. [pid: 7|app: 0|req: 1491/2872] 10.0.0.245 () {34 vars in 707 bytes} [Thu Jun 18 10:02:38 2026] POST /v2.0/vpn/ipsec-site-connections => generated 149 bytes in 10 msecs (HTTP/1.1 400) 4 headers in 166 bytes (1 switches on core 0)
2026-06-18 10:02:39.074 8 INFO neutron.db.segments_db [None req-6ac37420-74c7-4163-8a36-ad1150d97221 ccc09b9687eb4c3b93da8b20f9abb51f 16cdd3f0ec814407991b5f2fc0ec81b2 - - default default] Added segment a3b8fb37-a4ae-4cbc-a51e-1fe51fc6e951 of type geneve for network 847f8df4-a2a7-48c9-a6b3-1665deb3b7ab
2026-06-18 10:02:39.182 8 INFO neutron.db.ovn_revision_numbers_db [None req-6ac37420-74c7-4163-8a36-ad1150d97221 ccc09b9687eb4c3b93da8b20f9abb51f 16cdd3f0ec814407991b5f2fc0ec81b2 - - default default] Successfully bumped revision number for resource 847f8df4-a2a7-48c9-a6b3-1665deb3b7ab (type: networks) to 1
2026-06-18 10:02:39.319 7 WARNING neutron.plugins.ml2.drivers.ovn.mech_driver.ovsdb.ovn_client [None req-3033c86a-d81e-46dc-925e-ffba9c6e27dc - - - - - -] No port found with ID 9e656b7d-bed9-441b-bb3b-a98453d141e4: RuntimeError: No port found with ID 9e656b7d-bed9-441b-bb3b-a98453d141e4
2026-06-18 10:02:39.335 7 INFO neutron.plugins.ml2.drivers.ovn.mech_driver.mech_driver [None req-3033c86a-d81e-46dc-925e-ffba9c6e27dc - - - - - -] OVN reports status down for port: d036f2ff-a103-444b-95a6-02283118af0d
2026-06-18 10:02:39.369 8 WARNING neutron.scheduler.dhcp_agent_scheduler [None req-6ac37420-74c7-4163-8a36-ad1150d97221 ccc09b9687eb4c3b93da8b20f9abb51f 16cdd3f0ec814407991b5f2fc0ec81b2 - - default default] No more DHCP agents
2026-06-18 10:02:39.370 8 WARNING neutron.api.rpc.agentnotifiers.dhcp_rpc_agent_api [None req-6ac37420-74c7-4163-8a36-ad1150d97221 ccc09b9687eb4c3b93da8b20f9abb51f 16cdd3f0ec814407991b5f2fc0ec81b2 - - default default] Unable to schedule network 847f8df4-a2a7-48c9-a6b3-1665deb3b7ab: no agents available; will retry on subsequent port and subnet creation events.
2026-06-18 10:02:39.423 7 INFO neutron.plugins.ml2.drivers.ovn.mech_driver.mech_driver [None req-3033c86a-d81e-46dc-925e-ffba9c6e27dc - - - - - -] OVN reports status down for port: 0d9b898f-8041-4679-9a8d-d3102b914646
2026-06-18 10:02:39.456 8 INFO neutron.db.ovn_revision_numbers_db [None req-6ac37420-74c7-4163-8a36-ad1150d97221 ccc09b9687eb4c3b93da8b20f9abb51f 16cdd3f0ec814407991b5f2fc0ec81b2 - - default default] Successfully bumped revision number for resource 0d9b898f-8041-4679-9a8d-d3102b914646 (type: ports) to 1 [pid: 8|app: 0|req: 1382/2873] 10.0.0.245 () {34 vars in 670 bytes} [Thu Jun 18 10:02:38 2026] POST /v2.0/networks => generated 650 bytes in 503 msecs (HTTP/1.1 201) 4 headers in 162 bytes (1 switches on core 0)
2026-06-18 10:02:39.561 7 INFO neutron.db.ovn_revision_numbers_db [None req-2a50e1d0-75a3-4622-86ec-460bf390eec5 10f54e5f51fb4b6b8ebcd64eca2d035a 14419c744a4e45ed86a780f1faa2a1f9 - - default default] Successfully bumped revision number for resource 1379bc6e-1630-43a8-a4f5-984c70c7e448 (type: security_groups) to 1
2026-06-18 10:02:39.574 7 INFO neutron.db.ovn_revision_numbers_db [None req-2a50e1d0-75a3-4622-86ec-460bf390eec5 10f54e5f51fb4b6b8ebcd64eca2d035a 14419c744a4e45ed86a780f1faa2a1f9 - - default default] Successfully bumped revision number for resource 0e654da8-b204-4ad5-a9a0-0344caa7f4a0 (type: security_group_rules) to 0
2026-06-18 10:02:39.609 7 INFO neutron.db.ovn_revision_numbers_db [None req-2a50e1d0-75a3-4622-86ec-460bf390eec5 10f54e5f51fb4b6b8ebcd64eca2d035a 14419c744a4e45ed86a780f1faa2a1f9 - - default default] Successfully bumped revision number for resource 27a5517a-4257-4675-8467-0ce4768417e4 (type: security_group_rules) to 0
2026-06-18 10:02:39.620 7 INFO neutron.db.ovn_revision_numbers_db [None req-2a50e1d0-75a3-4622-86ec-460bf390eec5 10f54e5f51fb4b6b8ebcd64eca2d035a 14419c744a4e45ed86a780f1faa2a1f9 - - default default] Successfully bumped revision number for resource 6653b60f-f533-4b21-b633-b0324b155c39 (type: security_group_rules) to 0
2026-06-18 10:02:39.635 7 INFO neutron.db.ovn_revision_numbers_db [None req-2a50e1d0-75a3-4622-86ec-460bf390eec5 10f54e5f51fb4b6b8ebcd64eca2d035a 14419c744a4e45ed86a780f1faa2a1f9 - - default default] Successfully bumped revision number for resource 7fdb0567-3e70-4dc6-a31d-6559da174b2f (type: security_group_rules) to 0
2026-06-18 10:02:39.687 8 WARNING neutron.scheduler.dhcp_agent_scheduler [None req-c3cf6943-2748-43f6-9f54-2b3f3ef7c601 ccc09b9687eb4c3b93da8b20f9abb51f 16cdd3f0ec814407991b5f2fc0ec81b2 - - default default] No more DHCP agents
2026-06-18 10:02:39.689 8 WARNING neutron.api.rpc.agentnotifiers.dhcp_rpc_agent_api [None req-c3cf6943-2748-43f6-9f54-2b3f3ef7c601 ccc09b9687eb4c3b93da8b20f9abb51f 16cdd3f0ec814407991b5f2fc0ec81b2 - - default default] Unable to schedule network 847f8df4-a2a7-48c9-a6b3-1665deb3b7ab: no agents available; will retry on subsequent port and subnet creation events.
2026-06-18 10:02:39.734 7 INFO neutron.db.segments_db [None req-2a50e1d0-75a3-4622-86ec-460bf390eec5 10f54e5f51fb4b6b8ebcd64eca2d035a 14419c744a4e45ed86a780f1faa2a1f9 - - default default] Added segment 67ba8fcc-ca65-4a74-af4b-6e3255346667 of type geneve for network da85c4c2-6a82-4611-be96-0dadd3ec555f
2026-06-18 10:02:39.851 7 INFO neutron.db.ovn_revision_numbers_db [None req-2a50e1d0-75a3-4622-86ec-460bf390eec5 10f54e5f51fb4b6b8ebcd64eca2d035a 14419c744a4e45ed86a780f1faa2a1f9 - - default default] Successfully bumped revision number for resource da85c4c2-6a82-4611-be96-0dadd3ec555f (type: networks) to 1
2026-06-18 10:02:40.019 7 WARNING neutron.scheduler.dhcp_agent_scheduler [None req-2a50e1d0-75a3-4622-86ec-460bf390eec5 10f54e5f51fb4b6b8ebcd64eca2d035a 14419c744a4e45ed86a780f1faa2a1f9 - - default default] No more DHCP agents
2026-06-18 10:02:40.021 7 WARNING neutron.api.rpc.agentnotifiers.dhcp_rpc_agent_api [None req-2a50e1d0-75a3-4622-86ec-460bf390eec5 10f54e5f51fb4b6b8ebcd64eca2d035a 14419c744a4e45ed86a780f1faa2a1f9 - - default default] Unable to schedule network da85c4c2-6a82-4611-be96-0dadd3ec555f: no agents available; will retry on subsequent port and subnet creation events.
2026-06-18 10:02:40.061 7 INFO neutron.plugins.ml2.drivers.ovn.mech_driver.mech_driver [None req-3033c86a-d81e-46dc-925e-ffba9c6e27dc - - - - - -] OVN reports status down for port: d3c59091-f3e5-4718-ae24-4fb601045101
2026-06-18 10:02:40.110 8 INFO neutron.db.ovn_revision_numbers_db [None req-ca993cb9-9470-4e0d-a888-5e7f8438c050 - - - - - -] Successfully bumped revision number for resource 0d9b898f-8041-4679-9a8d-d3102b914646 (type: ports) to 2
2026-06-18 10:02:40.118 7 INFO neutron.db.ovn_revision_numbers_db [None req-2a50e1d0-75a3-4622-86ec-460bf390eec5 10f54e5f51fb4b6b8ebcd64eca2d035a 14419c744a4e45ed86a780f1faa2a1f9 - - default default] Successfully bumped revision number for resource d3c59091-f3e5-4718-ae24-4fb601045101 (type: ports) to 1
2026-06-18 10:02:40.141 8 INFO neutron.db.ovn_revision_numbers_db [None req-ca993cb9-9470-4e0d-a888-5e7f8438c050 - - - - - -] Successfully bumped revision number for resource de04f5d9-0a47-4242-8648-dcede80ed688 (type: subnets) to 0 [pid: 7|app: 0|req: 1492/2874] 10.0.0.245 () {34 vars in 670 bytes} [Thu Jun 18 10:02:39 2026] POST /v2.0/networks => generated 651 bytes in 858 msecs (HTTP/1.1 201) 4 headers in 162 bytes (1 switches on core 0) [pid: 8|app: 0|req: 1383/2875] 10.0.0.245 () {34 vars in 669 bytes} [Thu Jun 18 10:02:39 2026] POST /v2.0/subnets => generated 629 bytes in 673 msecs (HTTP/1.1 201) 4 headers in 162 bytes (1 switches on core 0)
2026-06-18 10:02:40.381 7 WARNING neutron.scheduler.dhcp_agent_scheduler [None req-9c115eca-01ac-4c68-b67c-144e7098930c 10f54e5f51fb4b6b8ebcd64eca2d035a 14419c744a4e45ed86a780f1faa2a1f9 - - default default] No more DHCP agents
2026-06-18 10:02:40.382 7 WARNING neutron.api.rpc.agentnotifiers.dhcp_rpc_agent_api [None req-9c115eca-01ac-4c68-b67c-144e7098930c 10f54e5f51fb4b6b8ebcd64eca2d035a 14419c744a4e45ed86a780f1faa2a1f9 - - default default] Unable to schedule network da85c4c2-6a82-4611-be96-0dadd3ec555f: no agents available; will retry on subsequent port and subnet creation events.
2026-06-18 10:02:40.428 7 INFO neutron.plugins.ml2.drivers.ovn.mech_driver.mech_driver [None req-3033c86a-d81e-46dc-925e-ffba9c6e27dc - - - - - -] OVN reports status down for port: e892e46b-b7f9-4e6b-b326-7f8ec00e4728
2026-06-18 10:02:40.481 7 INFO neutron.db.ovn_revision_numbers_db [None req-9c115eca-01ac-4c68-b67c-144e7098930c 10f54e5f51fb4b6b8ebcd64eca2d035a 14419c744a4e45ed86a780f1faa2a1f9 - - default default] Successfully bumped revision number for resource e892e46b-b7f9-4e6b-b326-7f8ec00e4728 (type: ports) to 1 [pid: 7|app: 0|req: 1494/2878] 10.0.0.245 () {34 vars in 664 bytes} [Thu Jun 18 10:02:40 2026] POST /v2.0/ports => generated 743 bytes in 395 msecs (HTTP/1.1 201) 4 headers in 162 bytes (1 switches on core 0) /var/lib/openstack/lib/python3.12/site-packages/pycadf/identifier.py:70: UserWarning: Invalid uuid: neutron. To ensure interoperability, identifiers should be a valid uuid. warnings.warn(('Invalid uuid: %s. To ensure interoperability, '
2026-06-18 10:02:40.591 8 WARNING neutron.plugins.ml2.drivers.ovn.mech_driver.ovsdb.ovn_client [None req-9d47f047-dbf3-4416-9e5d-b17c8c36392a - - - - - -] No hosting information found for port 9518528f-d647-45c3-8eb0-71ea41b80373: RuntimeError: No hosting information found for port 9518528f-d647-45c3-8eb0-71ea41b80373
2026-06-18 10:02:40.607 8 WARNING neutron.scheduler.dhcp_agent_scheduler [None req-130bff5a-ae44-481a-a19b-ff09d98e3649 ccc09b9687eb4c3b93da8b20f9abb51f 16cdd3f0ec814407991b5f2fc0ec81b2 - - default default] No more DHCP agents
2026-06-18 10:02:40.611 8 WARNING neutron.api.rpc.agentnotifiers.dhcp_rpc_agent_api [None req-130bff5a-ae44-481a-a19b-ff09d98e3649 ccc09b9687eb4c3b93da8b20f9abb51f 16cdd3f0ec814407991b5f2fc0ec81b2 - - default default] Unable to schedule network e780e783-dc77-4a05-8d7f-372b0d7fa8e6: no agents available; will retry on subsequent port and subnet creation events. [pid: 7|app: 0|req: 1495/2879] 10.0.0.245 () {34 vars in 666 bytes} [Thu Jun 18 10:02:40 2026] POST /v2.0/trunks => generated 409 bytes in 192 msecs (HTTP/1.1 201) 4 headers in 162 bytes (1 switches on core 0)
2026-06-18 10:02:40.755 8 INFO neutron.db.ovn_revision_numbers_db [None req-9d47f047-dbf3-4416-9e5d-b17c8c36392a - - - - - -] Successfully bumped revision number for resource 9518528f-d647-45c3-8eb0-71ea41b80373 (type: router_ports) to 2
2026-06-18 10:02:40.755 8 INFO neutron.plugins.ml2.drivers.ovn.mech_driver.mech_driver [None req-9d47f047-dbf3-4416-9e5d-b17c8c36392a - - - - - -] OVN reports status down for port: 25a34ae1-360e-4839-baa5-dec7f9fd2a79 [pid: 7|app: 0|req: 1496/2880] 10.0.0.245 () {34 vars in 749 bytes} [Thu Jun 18 10:02:40 2026] PUT /v2.0/trunks/421e56bf-d88f-4693-a7aa-1958397843a5/tags => generated 25 bytes in 53 msecs (HTTP/1.1 200) 4 headers in 156 bytes (1 switches on core 0) [pid: 7|app: 0|req: 1497/2881] 10.0.0.245 () {32 vars in 729 bytes} [Thu Jun 18 10:02:40 2026] GET /v2.0/trunks/421e56bf-d88f-4693-a7aa-1958397843a5/tags => generated 25 bytes in 19 msecs (HTTP/1.1 200) 4 headers in 156 bytes (1 switches on core 0)
2026-06-18 10:02:40.852 8 INFO neutron.plugins.ml2.drivers.ovn.mech_driver.mech_driver [None req-9d47f047-dbf3-4416-9e5d-b17c8c36392a - - - - - -] OVN reports status down for port: 1b7a7be2-5152-4c02-b715-4fe3228a4da0
2026-06-18 10:02:40.856 8 INFO neutron.db.ovn_revision_numbers_db [None req-130bff5a-ae44-481a-a19b-ff09d98e3649 ccc09b9687eb4c3b93da8b20f9abb51f 16cdd3f0ec814407991b5f2fc0ec81b2 - - default default] Successfully bumped revision number for resource 1b7a7be2-5152-4c02-b715-4fe3228a4da0 (type: ports) to 1 [pid: 7|app: 0|req: 1498/2882] 10.0.0.245 () {34 vars in 760 bytes} [Thu Jun 18 10:02:40 2026] PUT /v2.0/trunks/421e56bf-d88f-4693-a7aa-1958397843a5/tags/green => generated 4 bytes in 44 msecs (HTTP/1.1 201) 4 headers in 160 bytes (1 switches on core 0) [pid: 7|app: 0|req: 1499/2883] 10.0.0.245 () {32 vars in 729 bytes} [Thu Jun 18 10:02:40 2026] GET /v2.0/trunks/421e56bf-d88f-4693-a7aa-1958397843a5/tags => generated 34 bytes in 18 msecs (HTTP/1.1 200) 4 headers in 156 bytes (1 switches on core 0) [pid: 7|app: 0|req: 1500/2884] 10.0.0.245 () {34 vars in 756 bytes} [Thu Jun 18 10:02:40 2026] PUT /v2.0/trunks/421e56bf-d88f-4693-a7aa-1958397843a5/tags/red => generated 4 bytes in 27 msecs (HTTP/1.1 201) 4 headers in 160 bytes (1 switches on core 0) [pid: 7|app: 0|req: 1501/2885] 10.0.0.245 () {32 vars in 729 bytes} [Thu Jun 18 10:02:40 2026] GET /v2.0/trunks/421e56bf-d88f-4693-a7aa-1958397843a5/tags => generated 34 bytes in 17 msecs (HTTP/1.1 200) 4 headers in 156 bytes (1 switches on core 0) [pid: 7|app: 0|req: 1502/2886] 10.0.0.245 () {34 vars in 778 bytes} [Thu Jun 18 10:02:40 2026] PUT /v2.0/trunks/421e56bf-d88f-4693-a7aa-1958397843a5/tags/black.or.white => generated 4 bytes in 36 msecs (HTTP/1.1 201) 4 headers in 160 bytes (1 switches on core 0) [pid: 7|app: 0|req: 1503/2887] 10.0.0.245 () {32 vars in 729 bytes} [Thu Jun 18 10:02:41 2026] GET /v2.0/trunks/421e56bf-d88f-4693-a7aa-1958397843a5/tags => generated 52 bytes in 42 msecs (HTTP/1.1 200) 4 headers in 156 bytes (1 switches on core 0) [pid: 7|app: 0|req: 1504/2888] 10.0.0.245 () {34 vars in 749 bytes} [Thu Jun 18 10:02:41 2026] PUT /v2.0/trunks/421e56bf-d88f-4693-a7aa-1958397843a5/tags => generated 37 bytes in 33 msecs (HTTP/1.1 200) 4 headers in 156 bytes (1 switches on core 0) [pid: 7|app: 0|req: 1505/2889] 10.0.0.245 () {32 vars in 729 bytes} [Thu Jun 18 10:02:41 2026] GET /v2.0/trunks/421e56bf-d88f-4693-a7aa-1958397843a5/tags => generated 37 bytes in 17 msecs (HTTP/1.1 200) 4 headers in 156 bytes (1 switches on core 0) [pid: 7|app: 0|req: 1506/2890] 10.0.0.245 () {32 vars in 737 bytes} [Thu Jun 18 10:02:41 2026] GET /v2.0/trunks/421e56bf-d88f-4693-a7aa-1958397843a5/tags/red => generated 0 bytes in 19 msecs (HTTP/1.1 204) 2 headers in 112 bytes (1 switches on core 0)
2026-06-18 10:02:41.160 7 INFO neutron.api.v2.resource [None req-0e0ca84b-e5d1-43f2-a725-4d2735ff9a73 10f54e5f51fb4b6b8ebcd64eca2d035a 14419c744a4e45ed86a780f1faa2a1f9 - - default default] show failed (client error): The resource could not be found. [pid: 7|app: 0|req: 1507/2891] 10.0.0.245 () {32 vars in 741 bytes} [Thu Jun 18 10:02:41 2026] GET /v2.0/trunks/421e56bf-d88f-4693-a7aa-1958397843a5/tags/green => generated 99 bytes in 18 msecs (HTTP/1.1 404) 4 headers in 163 bytes (1 switches on core 0) [pid: 7|app: 0|req: 1508/2892] 10.0.0.245 () {32 vars in 740 bytes} [Thu Jun 18 10:02:41 2026] DELETE /v2.0/trunks/421e56bf-d88f-4693-a7aa-1958397843a5/tags/red => generated 0 bytes in 39 msecs (HTTP/1.1 204) 2 headers in 112 bytes (1 switches on core 0) [pid: 7|app: 0|req: 1509/2893] 10.0.0.245 () {32 vars in 729 bytes} [Thu Jun 18 10:02:41 2026] GET /v2.0/trunks/421e56bf-d88f-4693-a7aa-1958397843a5/tags => generated 30 bytes in 24 msecs (HTTP/1.1 200) 4 headers in 156 bytes (1 switches on core 0)
2026-06-18 10:02:41.263 7 INFO neutron.api.v2.resource [None req-79d6e873-937d-4774-8469-8513bb19ea37 10f54e5f51fb4b6b8ebcd64eca2d035a 14419c744a4e45ed86a780f1faa2a1f9 - - default default] delete failed (client error): The resource could not be found. [pid: 7|app: 0|req: 1510/2894] 10.0.0.245 () {32 vars in 744 bytes} [Thu Jun 18 10:02:41 2026] DELETE /v2.0/trunks/421e56bf-d88f-4693-a7aa-1958397843a5/tags/green => generated 99 bytes in 28 msecs (HTTP/1.1 404) 4 headers in 163 bytes (1 switches on core 0) [pid: 7|app: 0|req: 1511/2895] 10.0.0.245 () {32 vars in 732 bytes} [Thu Jun 18 10:02:41 2026] DELETE /v2.0/trunks/421e56bf-d88f-4693-a7aa-1958397843a5/tags => generated 0 bytes in 38 msecs (HTTP/1.1 204) 2 headers in 112 bytes (1 switches on core 0) [pid: 7|app: 0|req: 1512/2896] 10.0.0.245 () {32 vars in 729 bytes} [Thu Jun 18 10:02:41 2026] GET /v2.0/trunks/421e56bf-d88f-4693-a7aa-1958397843a5/tags => generated 12 bytes in 21 msecs (HTTP/1.1 200) 4 headers in 156 bytes (1 switches on core 0) [pid: 7|app: 0|req: 1513/2897] 10.0.0.245 () {32 vars in 719 bytes} [Thu Jun 18 10:02:41 2026] GET /v2.0/trunks/421e56bf-d88f-4693-a7aa-1958397843a5 => generated 409 bytes in 18 msecs (HTTP/1.1 200) 4 headers in 157 bytes (1 switches on core 0)
2026-06-18 10:02:41.404 8 INFO neutron.plugins.ml2.drivers.ovn.mech_driver.ovsdb.commands [None req-dd67596b-5d64-411a-bcb9-f1d68c5ef150 - - - - - -] Schedule LRP lrp-1b7a7be2-5152-4c02-b715-4fe3228a4da0 on gateway c15bd327-7180-4a49-ad01-6a0e10d7b68a with priority 1
2026-06-18 10:02:41.415 8 INFO neutron.plugins.ml2.drivers.ovn.mech_driver.mech_driver [None req-9d47f047-dbf3-4416-9e5d-b17c8c36392a - - - - - -] OVN reports status up for port: 1b7a7be2-5152-4c02-b715-4fe3228a4da0 [pid: 7|app: 0|req: 1514/2898] 10.0.0.245 () {32 vars in 717 bytes} [Thu Jun 18 10:02:41 2026] GET /v2.0/ports/e892e46b-b7f9-4e6b-b326-7f8ec00e4728 => generated 826 bytes in 59 msecs (HTTP/1.1 200) 4 headers in 157 bytes (1 switches on core 0)
2026-06-18 10:02:41.446 8 INFO neutron.plugins.ml2.plugin [None req-9d47f047-dbf3-4416-9e5d-b17c8c36392a - - - - - -] Attempt 1 to provision port 1b7a7be2-5152-4c02-b715-4fe3228a4da0
2026-06-18 10:02:41.481 8 INFO neutron.db.ovn_revision_numbers_db [None req-130bff5a-ae44-481a-a19b-ff09d98e3649 ccc09b9687eb4c3b93da8b20f9abb51f 16cdd3f0ec814407991b5f2fc0ec81b2 - - default default] Successfully bumped revision number for resource 1b7a7be2-5152-4c02-b715-4fe3228a4da0 (type: router_ports) to 1 [pid: 7|app: 0|req: 1515/2899] 10.0.0.245 () {32 vars in 722 bytes} [Thu Jun 18 10:02:41 2026] DELETE /v2.0/trunks/421e56bf-d88f-4693-a7aa-1958397843a5 => generated 0 bytes in 72 msecs (HTTP/1.1 204) 2 headers in 112 bytes (1 switches on core 0)
2026-06-18 10:02:41.624 8 INFO neutron.db.ovn_revision_numbers_db [None req-130bff5a-ae44-481a-a19b-ff09d98e3649 ccc09b9687eb4c3b93da8b20f9abb51f 16cdd3f0ec814407991b5f2fc0ec81b2 - - default default] Successfully bumped revision number for resource b8660661-291a-4758-8553-29ab642d64fd (type: routers) to 2 [pid: 8|app: 0|req: 1385/2900] 10.0.0.245 () {34 vars in 669 bytes} [Thu Jun 18 10:02:40 2026] POST /v2.0/routers => generated 937 bytes in 1479 msecs (HTTP/1.1 201) 4 headers in 162 bytes (1 switches on core 0)
2026-06-18 10:02:41.668 7 INFO neutron_taas.services.taas.taas_plugin [None req-7e12b180-7414-4a81-be91-c88a71564bd8 10f54e5f51fb4b6b8ebcd64eca2d035a 14419c744a4e45ed86a780f1faa2a1f9 - - default default] TaaS: Handle Delete Port: e892e46b-b7f9-4e6b-b326-7f8ec00e4728
2026-06-18 10:02:41.671 7 INFO neutron_taas.services.taas.tap_mirror_plugin [None req-7e12b180-7414-4a81-be91-c88a71564bd8 10f54e5f51fb4b6b8ebcd64eca2d035a 14419c744a4e45ed86a780f1faa2a1f9 - - default default] Tap Mirror: Handle Delete Port: e892e46b-b7f9-4e6b-b326-7f8ec00e4728
2026-06-18 10:02:41.754 8 INFO neutron.api.v2.resource [None req-89cf7d2f-bd8d-4075-b400-7fc6992fc1f1 d5dd717f27454cf49fce7a2a189453f8 47132803a42d4734920f5ecc76ce8956 - - default default] create failed (client error): The server could not comply with the request since it is either malformed or otherwise incorrect. [pid: 8|app: 0|req: 1386/2901] 10.0.0.245 () {34 vars in 685 bytes} [Thu Jun 18 10:02:41 2026] POST /v2.0/vpn/vpnservices => generated 194 bytes in 109 msecs (HTTP/1.1 400) 4 headers in 166 bytes (1 switches on core 0) [pid: 7|app: 0|req: 1516/2902] 10.0.0.245 () {32 vars in 720 bytes} [Thu Jun 18 10:02:41 2026] DELETE /v2.0/ports/e892e46b-b7f9-4e6b-b326-7f8ec00e4728 => generated 0 bytes in 268 msecs (HTTP/1.1 204) 3 headers in 131 bytes (1 switches on core 0)
2026-06-18 10:02:41.893 8 INFO neutron_taas.services.taas.taas_plugin [None req-4612e802-5acf-4d24-bf88-ac9d9a1d7e1a d5dd717f27454cf49fce7a2a189453f8 47132803a42d4734920f5ecc76ce8956 - - default default] TaaS: Handle Delete Port: 0d9b898f-8041-4679-9a8d-d3102b914646
2026-06-18 10:02:41.896 8 INFO neutron_taas.services.taas.tap_mirror_plugin [None req-4612e802-5acf-4d24-bf88-ac9d9a1d7e1a d5dd717f27454cf49fce7a2a189453f8 47132803a42d4734920f5ecc76ce8956 - - default default] Tap Mirror: Handle Delete Port: 0d9b898f-8041-4679-9a8d-d3102b914646
2026-06-18 10:02:41.903 7 INFO neutron_taas.services.taas.taas_plugin [None req-0ce7aad9-5262-43c9-addf-75e64c258c53 10f54e5f51fb4b6b8ebcd64eca2d035a 14419c744a4e45ed86a780f1faa2a1f9 - - default default] TaaS: Handle Delete Port: d3c59091-f3e5-4718-ae24-4fb601045101
2026-06-18 10:02:41.906 7 INFO neutron_taas.services.taas.tap_mirror_plugin [None req-0ce7aad9-5262-43c9-addf-75e64c258c53 10f54e5f51fb4b6b8ebcd64eca2d035a 14419c744a4e45ed86a780f1faa2a1f9 - - default default] Tap Mirror: Handle Delete Port: d3c59091-f3e5-4718-ae24-4fb601045101
2026-06-18 10:02:42.091 7 INFO neutron.services.segments.plugin [-] Segment 67ba8fcc-ca65-4a74-af4b-6e3255346667 resource provider aggregate not found
2026-06-18 10:02:42.098 7 INFO neutron.services.segments.plugin [-] Segment 67ba8fcc-ca65-4a74-af4b-6e3255346667 resource provider aggregate not found
2026-06-18 10:02:42.108 7 INFO neutron.services.segments.plugin [-] Segment 67ba8fcc-ca65-4a74-af4b-6e3255346667 resource provider not found; error: Placement Client Error (4xx): {"errors": [{"status": 404, "title": "Not Found", "detail": "The resource could not be found.\n\n No resource provider with uuid 67ba8fcc-ca65-4a74-af4b-6e3255346667 found for delete ", "request_id": "req-e596b2ae-ab35-4d44-822d-337e0636f677"}]}
2026-06-18 10:02:42.117 7 INFO neutron.services.segments.plugin [-] Segment 67ba8fcc-ca65-4a74-af4b-6e3255346667 resource provider not found; error: Placement Client Error (4xx): {"errors": [{"status": 404, "title": "Not Found", "detail": "The resource could not be found.\n\n No resource provider with uuid 67ba8fcc-ca65-4a74-af4b-6e3255346667 found for delete ", "request_id": "req-a25c1654-9045-4041-aa21-7d3ac32e3c38"}]} [pid: 7|app: 0|req: 1517/2903] 10.0.0.245 () {32 vars in 726 bytes} [Thu Jun 18 10:02:41 2026] DELETE /v2.0/networks/da85c4c2-6a82-4611-be96-0dadd3ec555f => generated 0 bytes in 346 msecs (HTTP/1.1 204) 3 headers in 131 bytes (1 switches on core 0)
2026-06-18 10:02:42.207 8 INFO neutron.services.segments.plugin [-] Segment a3b8fb37-a4ae-4cbc-a51e-1fe51fc6e951 resource provider aggregate not found
2026-06-18 10:02:42.214 8 INFO neutron.services.segments.plugin [-] Segment a3b8fb37-a4ae-4cbc-a51e-1fe51fc6e951 resource provider aggregate not found
2026-06-18 10:02:42.232 8 INFO neutron.services.segments.plugin [-] Segment a3b8fb37-a4ae-4cbc-a51e-1fe51fc6e951 resource provider not found; error: Placement Client Error (4xx): {"errors": [{"status": 404, "title": "Not Found", "detail": "The resource could not be found.\n\n No resource provider with uuid a3b8fb37-a4ae-4cbc-a51e-1fe51fc6e951 found for delete ", "request_id": "req-00c22d0e-8cbd-49ea-8e6f-d9ee951757f3"}]}
2026-06-18 10:02:42.233 8 INFO neutron.services.segments.plugin [-] Segment a3b8fb37-a4ae-4cbc-a51e-1fe51fc6e951 resource provider not found; error: Placement Client Error (4xx): {"errors": [{"status": 404, "title": "Not Found", "detail": "The resource could not be found.\n\n No resource provider with uuid a3b8fb37-a4ae-4cbc-a51e-1fe51fc6e951 found for delete ", "request_id": "req-f5c48b7c-9a17-4a95-82f0-9f26ad25c2c5"}]} [pid: 8|app: 0|req: 1387/2904] 10.0.0.245 () {32 vars in 726 bytes} [Thu Jun 18 10:02:41 2026] DELETE /v2.0/networks/847f8df4-a2a7-48c9-a6b3-1665deb3b7ab => generated 0 bytes in 486 msecs (HTTP/1.1 204) 3 headers in 131 bytes (1 switches on core 0)
2026-06-18 10:02:42.535 7 INFO neutron_taas.services.taas.taas_plugin [None req-cdcee3e9-92e4-4490-94d4-b7148ffd4a0a d5dd717f27454cf49fce7a2a189453f8 47132803a42d4734920f5ecc76ce8956 - - default default] TaaS: Handle Delete Port: 1b7a7be2-5152-4c02-b715-4fe3228a4da0
2026-06-18 10:02:42.538 7 INFO neutron_taas.services.taas.tap_mirror_plugin [None req-cdcee3e9-92e4-4490-94d4-b7148ffd4a0a d5dd717f27454cf49fce7a2a189453f8 47132803a42d4734920f5ecc76ce8956 - - default default] Tap Mirror: Handle Delete Port: 1b7a7be2-5152-4c02-b715-4fe3228a4da0 [pid: 7|app: 0|req: 1518/2905] 10.0.0.245 () {32 vars in 724 bytes} [Thu Jun 18 10:02:42 2026] DELETE /v2.0/routers/b8660661-291a-4758-8553-29ab642d64fd => generated 0 bytes in 641 msecs (HTTP/1.1 204) 2 headers in 112 bytes (1 switches on core 0)
2026-06-18 10:02:42.905 7 WARNING neutron.api.v2.base [None req-bcb7e655-f112-40db-bbf7-6d1b4ae7b632 ccc09b9687eb4c3b93da8b20f9abb51f 16cdd3f0ec814407991b5f2fc0ec81b2 - - default default] An exception happened while processing the request body. The exception message is [Invalid input for description. Reason: 'yyyyyyyyyyyyyyyyyyyyyyyyyyyyyyyyyyyyyyyyyyyyyyyyyyyyyyyyyyyyyyyyyyyyyyyyyyyyyyyyyyyyyyyyyyyyyyyyyyyyyyyyyyyyyyyyyyyyyyyyyyyyyyyyyyyyyyyyyyyyyyyyyyyyyyyyyyyyyyyyyyyyyyyyyyyyyyyyyyyyyyyyyyyyyyyyyyyyyyyyyyyyyyyyyyyyyyyyyyyyyyyyyyyyyyyyyyyyyyyyyyyyyyyyyyyyyyyy' exceeds maximum length of 255.].: webob.exc.HTTPBadRequest: Invalid input for description. Reason: 'yyyyyyyyyyyyyyyyyyyyyyyyyyyyyyyyyyyyyyyyyyyyyyyyyyyyyyyyyyyyyyyyyyyyyyyyyyyyyyyyyyyyyyyyyyyyyyyyyyyyyyyyyyyyyyyyyyyyyyyyyyyyyyyyyyyyyyyyyyyyyyyyyyyyyyyyyyyyyyyyyyyyyyyyyyyyyyyyyyyyyyyyyyyyyyyyyyyyyyyyyyyyyyyyyyyyyyyyyyyyyyyyyyyyyyyyyyyyyyyyyyyyyyyyyyyyyyyy' exceeds maximum length of 255.
2026-06-18 10:02:42.906 7 INFO neutron.api.v2.resource [None req-bcb7e655-f112-40db-bbf7-6d1b4ae7b632 ccc09b9687eb4c3b93da8b20f9abb51f 16cdd3f0ec814407991b5f2fc0ec81b2 - - default default] create failed (client error): Invalid input for description. Reason: 'yyyyyyyyyyyyyyyyyyyyyyyyyyyyyyyyyyyyyyyyyyyyyyyyyyyyyyyyyyyyyyyyyyyyyyyyyyyyyyyyyyyyyyyyyyyyyyyyyyyyyyyyyyyyyyyyyyyyyyyyyyyyyyyyyyyyyyyyyyyyyyyyyyyyyyyyyyyyyyyyyyyyyyyyyyyyyyyyyyyyyyyyyyyyyyyyyyyyyyyyyyyyyyyyyyyyyyyyyyyyyyyyyyyyyyyyyyyyyyyyyyyyyyyyyyyyyyyy' exceeds maximum length of 255. [pid: 7|app: 0|req: 1519/2906] 10.0.0.245 () {34 vars in 685 bytes} [Thu Jun 18 10:02:42 2026] POST /v2.0/vpn/vpnservices => generated 401 bytes in 9 msecs (HTTP/1.1 400) 4 headers in 166 bytes (1 switches on core 0)
2026-06-18 10:02:42.917 7 WARNING neutron.api.v2.base [None req-920dc4e0-c5c6-4e8d-97fa-df4d4f56c2ff ccc09b9687eb4c3b93da8b20f9abb51f 16cdd3f0ec814407991b5f2fc0ec81b2 - - default default] An exception happened while processing the request body. The exception message is [Invalid input for name. Reason: 'xxxxxxxxxxxxxxxxxxxxxxxxxxxxxxxxxxxxxxxxxxxxxxxxxxxxxxxxxxxxxxxxxxxxxxxxxxxxxxxxxxxxxxxxxxxxxxxxxxxxxxxxxxxxxxxxxxxxxxxxxxxxxxxxxxxxxxxxxxxxxxxxxxxxxxxxxxxxxxxxxxxxxxxxxxxxxxxxxxxxxxxxxxxxxxxxxxxxxxxxxxxxxxxxxxxxxxxxxxxxxxxxxxxxxxxxxxxxxxxxxxxxxxxxxxxxxxxx' exceeds maximum length of 255.].: webob.exc.HTTPBadRequest: Invalid input for name. Reason: 'xxxxxxxxxxxxxxxxxxxxxxxxxxxxxxxxxxxxxxxxxxxxxxxxxxxxxxxxxxxxxxxxxxxxxxxxxxxxxxxxxxxxxxxxxxxxxxxxxxxxxxxxxxxxxxxxxxxxxxxxxxxxxxxxxxxxxxxxxxxxxxxxxxxxxxxxxxxxxxxxxxxxxxxxxxxxxxxxxxxxxxxxxxxxxxxxxxxxxxxxxxxxxxxxxxxxxxxxxxxxxxxxxxxxxxxxxxxxxxxxxxxxxxxxxxxxxxxx' exceeds maximum length of 255.
2026-06-18 10:02:42.917 7 INFO neutron.api.v2.resource [None req-920dc4e0-c5c6-4e8d-97fa-df4d4f56c2ff ccc09b9687eb4c3b93da8b20f9abb51f 16cdd3f0ec814407991b5f2fc0ec81b2 - - default default] create failed (client error): Invalid input for name. Reason: 'xxxxxxxxxxxxxxxxxxxxxxxxxxxxxxxxxxxxxxxxxxxxxxxxxxxxxxxxxxxxxxxxxxxxxxxxxxxxxxxxxxxxxxxxxxxxxxxxxxxxxxxxxxxxxxxxxxxxxxxxxxxxxxxxxxxxxxxxxxxxxxxxxxxxxxxxxxxxxxxxxxxxxxxxxxxxxxxxxxxxxxxxxxxxxxxxxxxxxxxxxxxxxxxxxxxxxxxxxxxxxxxxxxxxxxxxxxxxxxxxxxxxxxxxxxxxxxxx' exceeds maximum length of 255. [pid: 7|app: 0|req: 1520/2907] 10.0.0.245 () {34 vars in 685 bytes} [Thu Jun 18 10:02:42 2026] POST /v2.0/vpn/vpnservices => generated 394 bytes in 6 msecs (HTTP/1.1 400) 4 headers in 166 bytes (1 switches on core 0)
2026-06-18 10:02:42.951 7 INFO neutron.api.v2.resource [None req-e74dad38-afca-49ae-9238-ec912381325e ccc09b9687eb4c3b93da8b20f9abb51f 16cdd3f0ec814407991b5f2fc0ec81b2 - - default default] create failed (client error): The server could not comply with the request since it is either malformed or otherwise incorrect. [pid: 7|app: 0|req: 1521/2908] 10.0.0.245 () {34 vars in 693 bytes} [Thu Jun 18 10:02:42 2026] POST /v2.0/vpn/endpoint-groups => generated 183 bytes in 29 msecs (HTTP/1.1 400) 4 headers in 166 bytes (1 switches on core 0)
2026-06-18 10:02:42.984 8 INFO neutron.db.ovn_revision_numbers_db [None req-0475fde9-27ce-4288-8eec-7b8d37979017 e352b11885664ca2825c542fe32cbb89 877a9410a6fc4515b753068bb2bcb9fb - - default default] Successfully bumped revision number for resource 0fd27ad0-33e5-449d-b5d2-91edb46cfd44 (type: security_groups) to 1
2026-06-18 10:02:42.990 7 INFO neutron.api.v2.resource [None req-ead10b45-799b-4162-88c0-a3d0845202f4 ccc09b9687eb4c3b93da8b20f9abb51f 16cdd3f0ec814407991b5f2fc0ec81b2 - - default default] create failed (client error): The server could not comply with the request since it is either malformed or otherwise incorrect. [pid: 7|app: 0|req: 1522/2909] 10.0.0.245 () {34 vars in 693 bytes} [Thu Jun 18 10:02:42 2026] POST /v2.0/vpn/endpoint-groups => generated 160 bytes in 34 msecs (HTTP/1.1 400) 4 headers in 166 bytes (1 switches on core 0)
2026-06-18 10:02:43.000 8 INFO neutron.db.ovn_revision_numbers_db [None req-0475fde9-27ce-4288-8eec-7b8d37979017 e352b11885664ca2825c542fe32cbb89 877a9410a6fc4515b753068bb2bcb9fb - - default default] Successfully bumped revision number for resource 313c10d8-e661-4c4a-b9ed-835bddee8caf (type: security_group_rules) to 0
2026-06-18 10:02:43.008 8 INFO neutron.db.ovn_revision_numbers_db [None req-0475fde9-27ce-4288-8eec-7b8d37979017 e352b11885664ca2825c542fe32cbb89 877a9410a6fc4515b753068bb2bcb9fb - - default default] Successfully bumped revision number for resource 62846d84-19e2-4b27-b025-2ad0df13995e (type: security_group_rules) to 0
2026-06-18 10:02:43.019 8 INFO neutron.db.ovn_revision_numbers_db [None req-0475fde9-27ce-4288-8eec-7b8d37979017 e352b11885664ca2825c542fe32cbb89 877a9410a6fc4515b753068bb2bcb9fb - - default default] Successfully bumped revision number for resource 8c46d657-2f37-4c01-8dab-0eae6e76be3e (type: security_group_rules) to 0
2026-06-18 10:02:43.027 7 INFO neutron.api.v2.resource [None req-03422bb2-3e8c-496e-b13a-88181054208a ccc09b9687eb4c3b93da8b20f9abb51f 16cdd3f0ec814407991b5f2fc0ec81b2 - - default default] create failed (client error): The server could not comply with the request since it is either malformed or otherwise incorrect. [pid: 7|app: 0|req: 1523/2910] 10.0.0.245 () {34 vars in 693 bytes} [Thu Jun 18 10:02:42 2026] POST /v2.0/vpn/endpoint-groups => generated 154 bytes in 30 msecs (HTTP/1.1 400) 4 headers in 166 bytes (1 switches on core 0)
