2026-06-18 10:00:50.422 8 INFO neutron.services.segments.plugin [-] Segment cb631e3d-8f4c-40ff-b60b-43bc423153d0 resource provider aggregate not found
2026-06-18 10:00:50.430 8 INFO neutron.services.segments.plugin [-] Segment cb631e3d-8f4c-40ff-b60b-43bc423153d0 resource provider aggregate not found
2026-06-18 10:00:50.449 8 INFO neutron.services.segments.plugin [-] Segment cb631e3d-8f4c-40ff-b60b-43bc423153d0 resource provider not found; error: Placement Client Error (4xx): {"errors": [{"status": 404, "title": "Not Found", "detail": "The resource could not be found.\n\n No resource provider with uuid cb631e3d-8f4c-40ff-b60b-43bc423153d0 found for delete ", "request_id": "req-65a084e0-7601-4dc2-aaf4-838ddec6ada8"}]}
2026-06-18 10:00:50.453 8 INFO neutron.services.segments.plugin [-] Segment cb631e3d-8f4c-40ff-b60b-43bc423153d0 resource provider not found; error: Placement Client Error (4xx): {"errors": [{"status": 404, "title": "Not Found", "detail": "The resource could not be found.\n\n No resource provider with uuid cb631e3d-8f4c-40ff-b60b-43bc423153d0 found for delete ", "request_id": "req-ef65ba4f-65ff-4ae8-9fd5-0150a17903bf"}]} [pid: 8|app: 0|req: 1018/2021] 10.0.0.245 () {32 vars in 726 bytes} [Thu Jun 18 10:00:50 2026] DELETE /v2.0/networks/54da05be-e6d6-47df-b7d6-5eb15a597c10 => generated 0 bytes in 349 msecs (HTTP/1.1 204) 3 headers in 131 bytes (1 switches on core 0)
2026-06-18 10:00:50.547 7 INFO neutron.db.ovn_revision_numbers_db [None req-f088b4a6-203b-43dd-9c42-7c8d5796d4ab - - - - - -] Successfully bumped revision number for resource aa780d7c-ab80-4db3-8d74-3ec3c0a8719f (type: ports) to 2
2026-06-18 10:00:50.575 7 INFO neutron.db.ovn_revision_numbers_db [None req-f088b4a6-203b-43dd-9c42-7c8d5796d4ab - - - - - -] Successfully bumped revision number for resource 4a277b9c-de7d-4cd9-b60c-2c3ad64c1016 (type: subnets) to 0 [pid: 7|app: 0|req: 1004/2022] 10.0.0.245 () {34 vars in 669 bytes} [Thu Jun 18 10:00:49 2026] POST /v2.0/subnets => generated 644 bytes in 693 msecs (HTTP/1.1 201) 4 headers in 162 bytes (1 switches on core 0)
2026-06-18 10:00:50.644 8 INFO neutron.db.ovn_revision_numbers_db [None req-f48a6a40-9463-482a-850f-43556304fc0c e352b11885664ca2825c542fe32cbb89 877a9410a6fc4515b753068bb2bcb9fb - - default default] Successfully bumped revision number for resource 65a82c50-ff47-4de5-bc23-d3ba1427cd37 (type: security_groups) to 1 [pid: 7|app: 0|req: 1005/2023] 10.0.0.245 () {32 vars in 717 bytes} [Thu Jun 18 10:00:50 2026] GET /v2.0/ports/c3eaee1f-d3b2-4272-992d-71b6dd5c3687 => generated 941 bytes in 64 msecs (HTTP/1.1 200) 4 headers in 157 bytes (1 switches on core 0)
2026-06-18 10:00:50.661 8 INFO neutron.db.ovn_revision_numbers_db [None req-f48a6a40-9463-482a-850f-43556304fc0c e352b11885664ca2825c542fe32cbb89 877a9410a6fc4515b753068bb2bcb9fb - - default default] Successfully bumped revision number for resource 3b946ebc-771d-4df0-a907-e8bb850ad703 (type: security_group_rules) to 0
2026-06-18 10:00:50.670 7 WARNING neutron.api.v2.base [None req-d6cb68b3-b65b-450f-85cd-5fac0432ef3c d892202bb7914a00bbcb33cd451f99f6 f6e73eeacc344b13aa8286a5f424c51d - - default default] An exception happened while processing the request body. The exception message is [Invalid input for target_tenant. Reason: 'None' is not a valid string.].: webob.exc.HTTPBadRequest: Invalid input for target_tenant. Reason: 'None' is not a valid string.
2026-06-18 10:00:50.671 7 INFO neutron.api.v2.resource [None req-d6cb68b3-b65b-450f-85cd-5fac0432ef3c d892202bb7914a00bbcb33cd451f99f6 f6e73eeacc344b13aa8286a5f424c51d - - default default] create failed (client error): Invalid input for target_tenant. Reason: 'None' is not a valid string. [pid: 7|app: 0|req: 1006/2024] 10.0.0.245 () {34 vars in 681 bytes} [Thu Jun 18 10:00:50 2026] POST /v2.0/rbac-policies => generated 143 bytes in 13 msecs (HTTP/1.1 400) 4 headers in 166 bytes (1 switches on core 0)
2026-06-18 10:00:50.674 8 INFO neutron.db.ovn_revision_numbers_db [None req-f48a6a40-9463-482a-850f-43556304fc0c e352b11885664ca2825c542fe32cbb89 877a9410a6fc4515b753068bb2bcb9fb - - default default] Successfully bumped revision number for resource 56c66610-3439-4bfd-baa8-4030e85765da (type: security_group_rules) to 0
2026-06-18 10:00:50.690 8 INFO neutron.db.ovn_revision_numbers_db [None req-f48a6a40-9463-482a-850f-43556304fc0c e352b11885664ca2825c542fe32cbb89 877a9410a6fc4515b753068bb2bcb9fb - - default default] Successfully bumped revision number for resource 64835d80-3d2e-4517-bc86-91129a68cc34 (type: security_group_rules) to 0
2026-06-18 10:00:50.706 8 INFO neutron.db.ovn_revision_numbers_db [None req-f48a6a40-9463-482a-850f-43556304fc0c e352b11885664ca2825c542fe32cbb89 877a9410a6fc4515b753068bb2bcb9fb - - default default] Successfully bumped revision number for resource f7103999-1fb5-444d-b954-2c0887c27bb6 (type: security_group_rules) to 0 [pid: 8|app: 0|req: 1019/2025] 10.0.0.245 () {32 vars in 774 bytes} [Thu Jun 18 10:00:50 2026] GET /v2.0/security-groups?tenant_id=bbdd69a377374af7ae9a5f235f3bd259&name=default => generated 2925 bytes in 263 msecs (HTTP/1.1 200) 4 headers in 158 bytes (1 switches on core 0)
2026-06-18 10:00:50.824 7 INFO neutron_taas.services.taas.taas_plugin [None req-cba9972b-ba63-4ace-9176-0ec4f20efe43 d892202bb7914a00bbcb33cd451f99f6 f6e73eeacc344b13aa8286a5f424c51d - - default default] TaaS: Handle Delete Port: aa780d7c-ab80-4db3-8d74-3ec3c0a8719f
2026-06-18 10:00:50.827 7 INFO neutron_taas.services.taas.tap_mirror_plugin [None req-cba9972b-ba63-4ace-9176-0ec4f20efe43 d892202bb7914a00bbcb33cd451f99f6 f6e73eeacc344b13aa8286a5f424c51d - - default default] Tap Mirror: Handle Delete Port: aa780d7c-ab80-4db3-8d74-3ec3c0a8719f [pid: 8|app: 0|req: 1020/2026] 10.0.0.245 () {32 vars in 740 bytes} [Thu Jun 18 10:00:50 2026] DELETE /v2.0/security-groups/65a82c50-ff47-4de5-bc23-d3ba1427cd37 => generated 0 bytes in 227 msecs (HTTP/1.1 204) 2 headers in 112 bytes (1 switches on core 0)
2026-06-18 10:00:51.160 7 INFO neutron.services.segments.plugin [-] Segment 17ba986c-8c8c-4ed7-9e09-4983b4ae2c01 resource provider aggregate not found
2026-06-18 10:00:51.161 7 INFO neutron.services.segments.plugin [-] Segment 17ba986c-8c8c-4ed7-9e09-4983b4ae2c01 resource provider aggregate not found
2026-06-18 10:00:51.180 7 INFO neutron.services.segments.plugin [-] Segment 17ba986c-8c8c-4ed7-9e09-4983b4ae2c01 resource provider not found; error: Placement Client Error (4xx): {"errors": [{"status": 404, "title": "Not Found", "detail": "The resource could not be found.\n\n No resource provider with uuid 17ba986c-8c8c-4ed7-9e09-4983b4ae2c01 found for delete ", "request_id": "req-d85f3a1e-32cf-4be4-a01e-1cca29bb30f6"}]}
2026-06-18 10:00:51.180 7 INFO neutron.services.segments.plugin [-] Segment 17ba986c-8c8c-4ed7-9e09-4983b4ae2c01 resource provider not found; error: Placement Client Error (4xx): {"errors": [{"status": 404, "title": "Not Found", "detail": "The resource could not be found.\n\n No resource provider with uuid 17ba986c-8c8c-4ed7-9e09-4983b4ae2c01 found for delete ", "request_id": "req-d87372c1-3170-4b17-abfe-416002d773e4"}]} [pid: 7|app: 0|req: 1007/2027] 10.0.0.245 () {32 vars in 726 bytes} [Thu Jun 18 10:00:50 2026] DELETE /v2.0/networks/751f0a84-4cf7-4f27-afc5-f02bb7e645f7 => generated 0 bytes in 530 msecs (HTTP/1.1 204) 3 headers in 131 bytes (1 switches on core 0)
2026-06-18 10:00:51.291 7 INFO neutron.db.segments_db [None req-ae4e6f52-8bc9-4610-af46-259c754388d9 d892202bb7914a00bbcb33cd451f99f6 f6e73eeacc344b13aa8286a5f424c51d - - default default] Added segment e4a25189-f817-49a3-b640-53de4c691a3b of type geneve for network dba2c02f-331e-4256-8908-f6be5bce9570 [pid: 8|app: 0|req: 1021/2028] 10.0.0.245 () {32 vars in 774 bytes} [Thu Jun 18 10:00:51 2026] GET /v2.0/security-groups?tenant_id=69e3028f98444497b8209422502d7322&name=default => generated 2925 bytes in 164 msecs (HTTP/1.1 200) 4 headers in 158 bytes (1 switches on core 0)
2026-06-18 10:00:51.393 7 INFO neutron.db.ovn_revision_numbers_db [None req-ae4e6f52-8bc9-4610-af46-259c754388d9 d892202bb7914a00bbcb33cd451f99f6 f6e73eeacc344b13aa8286a5f424c51d - - default default] Successfully bumped revision number for resource dba2c02f-331e-4256-8908-f6be5bce9570 (type: networks) to 1
2026-06-18 10:00:51.549 7 WARNING neutron.scheduler.dhcp_agent_scheduler [None req-ae4e6f52-8bc9-4610-af46-259c754388d9 d892202bb7914a00bbcb33cd451f99f6 f6e73eeacc344b13aa8286a5f424c51d - - default default] No more DHCP agents
2026-06-18 10:00:51.551 7 WARNING neutron.api.rpc.agentnotifiers.dhcp_rpc_agent_api [None req-ae4e6f52-8bc9-4610-af46-259c754388d9 d892202bb7914a00bbcb33cd451f99f6 f6e73eeacc344b13aa8286a5f424c51d - - default default] Unable to schedule network dba2c02f-331e-4256-8908-f6be5bce9570: no agents available; will retry on subsequent port and subnet creation events. [pid: 8|app: 0|req: 1022/2029] 10.0.0.245 () {32 vars in 740 bytes} [Thu Jun 18 10:00:51 2026] DELETE /v2.0/security-groups/36966c85-d1eb-45d2-9554-2b0044278b55 => generated 0 bytes in 240 msecs (HTTP/1.1 204) 2 headers in 112 bytes (1 switches on core 0)
2026-06-18 10:00:51.640 7 INFO neutron.db.ovn_revision_numbers_db [None req-ae4e6f52-8bc9-4610-af46-259c754388d9 d892202bb7914a00bbcb33cd451f99f6 f6e73eeacc344b13aa8286a5f424c51d - - default default] Successfully bumped revision number for resource 2cab908f-f1fa-4947-a78a-fed3ff01ec09 (type: ports) to 1 [pid: 7|app: 0|req: 1008/2030] 10.0.0.245 () {34 vars in 670 bytes} [Thu Jun 18 10:00:51 2026] POST /v2.0/networks => generated 749 bytes in 447 msecs (HTTP/1.1 201) 4 headers in 162 bytes (1 switches on core 0) [pid: 8|app: 0|req: 1023/2031] 10.0.0.245 () {32 vars in 717 bytes} [Thu Jun 18 10:00:51 2026] GET /v2.0/ports/c3eaee1f-d3b2-4272-992d-71b6dd5c3687 => generated 941 bytes in 88 msecs (HTTP/1.1 200) 4 headers in 157 bytes (1 switches on core 0)
2026-06-18 10:00:51.788 7 WARNING neutron.scheduler.dhcp_agent_scheduler [None req-67626db3-bb46-4aac-b36f-8a498a31db29 d892202bb7914a00bbcb33cd451f99f6 f6e73eeacc344b13aa8286a5f424c51d - - default default] No more DHCP agents
2026-06-18 10:00:51.789 7 WARNING neutron.api.rpc.agentnotifiers.dhcp_rpc_agent_api [None req-67626db3-bb46-4aac-b36f-8a498a31db29 d892202bb7914a00bbcb33cd451f99f6 f6e73eeacc344b13aa8286a5f424c51d - - default default] Unable to schedule network dba2c02f-331e-4256-8908-f6be5bce9570: no agents available; will retry on subsequent port and subnet creation events.
2026-06-18 10:00:51.888 8 INFO neutron.db.ovn_revision_numbers_db [None req-287e5b01-e6b6-4275-afaa-e2cef418bb34 e352b11885664ca2825c542fe32cbb89 877a9410a6fc4515b753068bb2bcb9fb - - default default] Successfully bumped revision number for resource a6c6893c-62d4-4c2d-b5ae-720ff0120767 (type: security_groups) to 1
2026-06-18 10:00:51.901 8 INFO neutron.db.ovn_revision_numbers_db [None req-287e5b01-e6b6-4275-afaa-e2cef418bb34 e352b11885664ca2825c542fe32cbb89 877a9410a6fc4515b753068bb2bcb9fb - - default default] Successfully bumped revision number for resource 324c3fef-a6ac-45ac-a1e5-c54652164dea (type: security_group_rules) to 0
2026-06-18 10:00:51.913 8 INFO neutron.db.ovn_revision_numbers_db [None req-287e5b01-e6b6-4275-afaa-e2cef418bb34 e352b11885664ca2825c542fe32cbb89 877a9410a6fc4515b753068bb2bcb9fb - - default default] Successfully bumped revision number for resource 3cd6cc57-36bc-491e-b07a-27cc0f70ac4c (type: security_group_rules) to 0
2026-06-18 10:00:51.925 8 INFO neutron.db.ovn_revision_numbers_db [None req-287e5b01-e6b6-4275-afaa-e2cef418bb34 e352b11885664ca2825c542fe32cbb89 877a9410a6fc4515b753068bb2bcb9fb - - default default] Successfully bumped revision number for resource 8897d97c-caf3-4c0b-b6b4-4b1409b90060 (type: security_group_rules) to 0
2026-06-18 10:00:51.936 8 INFO neutron.db.ovn_revision_numbers_db [None req-287e5b01-e6b6-4275-afaa-e2cef418bb34 e352b11885664ca2825c542fe32cbb89 877a9410a6fc4515b753068bb2bcb9fb - - default default] Successfully bumped revision number for resource f9e9a608-6e95-463c-b6cf-5a6ee442498f (type: security_group_rules) to 0 [pid: 8|app: 0|req: 1024/2032] 10.0.0.245 () {32 vars in 774 bytes} [Thu Jun 18 10:00:51 2026] GET /v2.0/security-groups?tenant_id=99bf6cd6627241719cd2e97ffd79f6ef&name=default => generated 2925 bytes in 215 msecs (HTTP/1.1 200) 4 headers in 158 bytes (1 switches on core 0) [pid: 8|app: 0|req: 1025/2033] 10.0.0.245 () {32 vars in 740 bytes} [Thu Jun 18 10:00:51 2026] DELETE /v2.0/security-groups/a6c6893c-62d4-4c2d-b5ae-720ff0120767 => generated 0 bytes in 211 msecs (HTTP/1.1 204) 2 headers in 112 bytes (1 switches on core 0)
2026-06-18 10:00:52.277 7 INFO neutron.db.ovn_revision_numbers_db [None req-eb43f016-0442-4cc2-9ad7-cab2ddea5716 - - - - - -] Successfully bumped revision number for resource 2cab908f-f1fa-4947-a78a-fed3ff01ec09 (type: ports) to 2
2026-06-18 10:00:52.306 7 INFO neutron.db.ovn_revision_numbers_db [None req-eb43f016-0442-4cc2-9ad7-cab2ddea5716 - - - - - -] Successfully bumped revision number for resource bb3f57e1-e859-4d18-8d5a-dda6a66d49ac (type: subnets) to 0 [pid: 7|app: 0|req: 1009/2034] 10.0.0.245 () {34 vars in 669 bytes} [Thu Jun 18 10:00:51 2026] POST /v2.0/subnets => generated 647 bytes in 657 msecs (HTTP/1.1 201) 4 headers in 162 bytes (1 switches on core 0)
2026-06-18 10:00:52.336 8 WARNING neutron.api.v2.base [None req-aa9cf0e8-7dbc-46b4-b338-b57e5d519995 d892202bb7914a00bbcb33cd451f99f6 f6e73eeacc344b13aa8286a5f424c51d - - default default] An exception happened while processing the request body. The exception message is [Invalid input for target_tenant. Reason: '1234123412341234123412341234123412341234123412341234123412341234123412341234123412341234123412341234123412341234123412341234123412341234123412341234123412341234123412341234123412341234123412341234123412341234123412341234123412341234123412341234123412341234123412341234123412341234123412341234123412341234123412341234123412341234123412341234123412341234123412341234123412341234123412341234123412341234' exceeds maximum length of 255.].: webob.exc.HTTPBadRequest: Invalid input for target_tenant. Reason: '1234123412341234123412341234123412341234123412341234123412341234123412341234123412341234123412341234123412341234123412341234123412341234123412341234123412341234123412341234123412341234123412341234123412341234123412341234123412341234123412341234123412341234123412341234123412341234123412341234123412341234123412341234123412341234123412341234123412341234123412341234123412341234123412341234123412341234' exceeds maximum length of 255.
2026-06-18 10:00:52.337 8 INFO neutron.api.v2.resource [None req-aa9cf0e8-7dbc-46b4-b338-b57e5d519995 d892202bb7914a00bbcb33cd451f99f6 f6e73eeacc344b13aa8286a5f424c51d - - default default] create failed (client error): Invalid input for target_tenant. Reason: '1234123412341234123412341234123412341234123412341234123412341234123412341234123412341234123412341234123412341234123412341234123412341234123412341234123412341234123412341234123412341234123412341234123412341234123412341234123412341234123412341234123412341234123412341234123412341234123412341234123412341234123412341234123412341234123412341234123412341234123412341234123412341234123412341234123412341234' exceeds maximum length of 255. [pid: 8|app: 0|req: 1026/2035] 10.0.0.245 () {34 vars in 681 bytes} [Thu Jun 18 10:00:52 2026] POST /v2.0/rbac-policies => generated 547 bytes in 10 msecs (HTTP/1.1 400) 4 headers in 166 bytes (1 switches on core 0)
2026-06-18 10:00:52.480 7 INFO neutron_taas.services.taas.taas_plugin [None req-d14e3067-77e1-4e74-b9d5-8cac8efb115b d892202bb7914a00bbcb33cd451f99f6 f6e73eeacc344b13aa8286a5f424c51d - - default default] TaaS: Handle Delete Port: 2cab908f-f1fa-4947-a78a-fed3ff01ec09
2026-06-18 10:00:52.482 7 INFO neutron_taas.services.taas.tap_mirror_plugin [None req-d14e3067-77e1-4e74-b9d5-8cac8efb115b d892202bb7914a00bbcb33cd451f99f6 f6e73eeacc344b13aa8286a5f424c51d - - default default] Tap Mirror: Handle Delete Port: 2cab908f-f1fa-4947-a78a-fed3ff01ec09
2026-06-18 10:00:52.638 8 WARNING neutron.plugins.ml2.drivers.ovn.mech_driver.ovsdb.ovn_client [None req-9cf66685-584d-4459-b482-4ef9c44be6e1 - - - - - -] No hosting information found for port aa20326b-44d0-4eac-a3dd-cb2baa4bc3b4: RuntimeError: No hosting information found for port aa20326b-44d0-4eac-a3dd-cb2baa4bc3b4
2026-06-18 10:00:52.727 8 INFO neutron.db.ovn_revision_numbers_db [None req-9cf66685-584d-4459-b482-4ef9c44be6e1 - - - - - -] Successfully bumped revision number for resource aa20326b-44d0-4eac-a3dd-cb2baa4bc3b4 (type: router_ports) to 2
2026-06-18 10:00:52.772 8 INFO neutron.plugins.ml2.drivers.ovn.mech_driver.mech_driver [None req-9cf66685-584d-4459-b482-4ef9c44be6e1 - - - - - -] OVN reports status down for port: c3eaee1f-d3b2-4272-992d-71b6dd5c3687 [pid: 7|app: 0|req: 1010/2036] 10.0.0.245 () {32 vars in 726 bytes} [Thu Jun 18 10:00:52 2026] DELETE /v2.0/networks/dba2c02f-331e-4256-8908-f6be5bce9570 => generated 0 bytes in 455 msecs (HTTP/1.1 204) 3 headers in 131 bytes (1 switches on core 0) [pid: 8|app: 0|req: 1027/2037] 10.0.0.245 () {32 vars in 717 bytes} [Thu Jun 18 10:00:52 2026] GET /v2.0/ports/c3eaee1f-d3b2-4272-992d-71b6dd5c3687 => generated 941 bytes in 94 msecs (HTTP/1.1 200) 4 headers in 157 bytes (1 switches on core 0)
2026-06-18 10:00:52.879 8 WARNING neutron.plugins.ml2.drivers.ovn.mech_driver.ovsdb.ovn_client [None req-9cf66685-584d-4459-b482-4ef9c44be6e1 - - - - - -] Logical_Switch_Port %s host information not removed, the port state is up
2026-06-18 10:00:52.879 8 INFO neutron.plugins.ml2.drivers.ovn.mech_driver.mech_driver [None req-9cf66685-584d-4459-b482-4ef9c44be6e1 - - - - - -] OVN reports status up for port: c3eaee1f-d3b2-4272-992d-71b6dd5c3687
2026-06-18 10:00:52.892 8 INFO neutron.plugins.ml2.plugin [None req-9cf66685-584d-4459-b482-4ef9c44be6e1 - - - - - -] Attempt 1 to provision port c3eaee1f-d3b2-4272-992d-71b6dd5c3687
2026-06-18 10:00:52.897 7 INFO neutron.db.segments_db [None req-19d0c3d4-b03e-4fe5-8e06-ba726aa23faf d892202bb7914a00bbcb33cd451f99f6 f6e73eeacc344b13aa8286a5f424c51d - - default default] Added segment e33c3b1d-bf5b-4a3c-8963-8f420cebc4ad of type geneve for network d1206feb-cddc-4f11-a521-d0fd1a2e865c
2026-06-18 10:00:53.000 7 INFO neutron.db.ovn_revision_numbers_db [None req-19d0c3d4-b03e-4fe5-8e06-ba726aa23faf d892202bb7914a00bbcb33cd451f99f6 f6e73eeacc344b13aa8286a5f424c51d - - default default] Successfully bumped revision number for resource d1206feb-cddc-4f11-a521-d0fd1a2e865c (type: networks) to 1
2026-06-18 10:00:53.153 7 WARNING neutron.scheduler.dhcp_agent_scheduler [None req-19d0c3d4-b03e-4fe5-8e06-ba726aa23faf d892202bb7914a00bbcb33cd451f99f6 f6e73eeacc344b13aa8286a5f424c51d - - default default] No more DHCP agents
2026-06-18 10:00:53.154 7 WARNING neutron.api.rpc.agentnotifiers.dhcp_rpc_agent_api [None req-19d0c3d4-b03e-4fe5-8e06-ba726aa23faf d892202bb7914a00bbcb33cd451f99f6 f6e73eeacc344b13aa8286a5f424c51d - - default default] Unable to schedule network d1206feb-cddc-4f11-a521-d0fd1a2e865c: no agents available; will retry on subsequent port and subnet creation events.
2026-06-18 10:00:53.208 7 INFO neutron.services.segments.plugin [-] Segment e4a25189-f817-49a3-b640-53de4c691a3b resource provider aggregate not found
2026-06-18 10:00:53.218 7 INFO neutron.services.segments.plugin [-] Segment e4a25189-f817-49a3-b640-53de4c691a3b resource provider aggregate not found
2026-06-18 10:00:53.248 7 INFO neutron.services.segments.plugin [-] Segment e4a25189-f817-49a3-b640-53de4c691a3b resource provider not found; error: Placement Client Error (4xx): {"errors": [{"status": 404, "title": "Not Found", "detail": "The resource could not be found.\n\n No resource provider with uuid e4a25189-f817-49a3-b640-53de4c691a3b found for delete ", "request_id": "req-7324ce56-cd3e-4f7d-bebb-7562d62edb00"}]}
2026-06-18 10:00:53.249 7 INFO neutron.services.segments.plugin [-] Segment e4a25189-f817-49a3-b640-53de4c691a3b resource provider not found; error: Placement Client Error (4xx): {"errors": [{"status": 404, "title": "Not Found", "detail": "The resource could not be found.\n\n No resource provider with uuid e4a25189-f817-49a3-b640-53de4c691a3b found for delete ", "request_id": "req-5d70f91f-8c00-478d-a020-7c9d8fe5990c"}]}
2026-06-18 10:00:53.252 7 INFO neutron.plugins.ml2.drivers.ovn.mech_driver.mech_driver [None req-88cca77c-58da-414d-a61a-ed2dc7a1b0ce - - - - - -] OVN reports status down for port: f079eda4-34f1-4708-961c-bfd5c0ec2d38
2026-06-18 10:00:53.278 8 INFO neutron.db.ovn_revision_numbers_db [None req-9cf66685-584d-4459-b482-4ef9c44be6e1 - - - - - -] Successfully bumped revision number for resource c3eaee1f-d3b2-4272-992d-71b6dd5c3687 (type: ports) to 2
2026-06-18 10:00:53.304 7 INFO neutron.db.ovn_revision_numbers_db [None req-19d0c3d4-b03e-4fe5-8e06-ba726aa23faf d892202bb7914a00bbcb33cd451f99f6 f6e73eeacc344b13aa8286a5f424c51d - - default default] Successfully bumped revision number for resource f079eda4-34f1-4708-961c-bfd5c0ec2d38 (type: ports) to 1 [pid: 7|app: 0|req: 1011/2038] 10.0.0.245 () {34 vars in 670 bytes} [Thu Jun 18 10:00:52 2026] POST /v2.0/networks => generated 748 bytes in 543 msecs (HTTP/1.1 201) 4 headers in 162 bytes (1 switches on core 0)
2026-06-18 10:00:53.493 8 WARNING neutron.scheduler.dhcp_agent_scheduler [None req-90c5eebb-7e1b-493d-a573-586c99fe08dd d892202bb7914a00bbcb33cd451f99f6 f6e73eeacc344b13aa8286a5f424c51d - - default default] No more DHCP agents
2026-06-18 10:00:53.495 8 WARNING neutron.api.rpc.agentnotifiers.dhcp_rpc_agent_api [None req-90c5eebb-7e1b-493d-a573-586c99fe08dd d892202bb7914a00bbcb33cd451f99f6 f6e73eeacc344b13aa8286a5f424c51d - - default default] Unable to schedule network d1206feb-cddc-4f11-a521-d0fd1a2e865c: no agents available; will retry on subsequent port and subnet creation events. [pid: 7|app: 0|req: 1012/2039] 10.0.0.245 () {32 vars in 717 bytes} [Thu Jun 18 10:00:53 2026] GET /v2.0/ports/c3eaee1f-d3b2-4272-992d-71b6dd5c3687 => generated 943 bytes in 30 msecs (HTTP/1.1 200) 4 headers in 157 bytes (1 switches on core 0)
2026-06-18 10:00:53.982 8 INFO neutron.db.ovn_revision_numbers_db [None req-3ffca49a-33a8-4c5e-a6c2-41206d997d12 - - - - - -] Successfully bumped revision number for resource f079eda4-34f1-4708-961c-bfd5c0ec2d38 (type: ports) to 2
2026-06-18 10:00:54.019 8 INFO neutron.db.ovn_revision_numbers_db [None req-3ffca49a-33a8-4c5e-a6c2-41206d997d12 - - - - - -] Successfully bumped revision number for resource fb9a4b82-8f05-4f8c-bb0a-48f0ca62246c (type: subnets) to 0 [pid: 8|app: 0|req: 1028/2040] 10.0.0.245 () {34 vars in 669 bytes} [Thu Jun 18 10:00:53 2026] POST /v2.0/subnets => generated 647 bytes in 687 msecs (HTTP/1.1 201) 4 headers in 162 bytes (1 switches on core 0)
2026-06-18 10:00:54.246 7 INFO neutron_taas.services.taas.taas_plugin [None req-1f9c3263-808f-4548-ba8d-abab3c2270f6 6e2907e821134cecac6b5257503e544d 9faab641cdf548b2ae1c5d18a82d5e40 - - default default] TaaS: Handle Delete Port: c3eaee1f-d3b2-4272-992d-71b6dd5c3687
2026-06-18 10:00:54.249 7 INFO neutron_taas.services.taas.tap_mirror_plugin [None req-1f9c3263-808f-4548-ba8d-abab3c2270f6 6e2907e821134cecac6b5257503e544d 9faab641cdf548b2ae1c5d18a82d5e40 - - default default] Tap Mirror: Handle Delete Port: c3eaee1f-d3b2-4272-992d-71b6dd5c3687 [pid: 8|app: 0|req: 1029/2041] 10.0.0.245 () {34 vars in 681 bytes} [Thu Jun 18 10:00:54 2026] POST /v2.0/rbac-policies => generated 324 bytes in 257 msecs (HTTP/1.1 201) 4 headers in 162 bytes (1 switches on core 0) [pid: 7|app: 0|req: 1013/2042] 10.0.0.245 () {34 vars in 789 bytes} [Thu Jun 18 10:00:53 2026] PUT /v2.0/routers/3b6cf29d-76f3-4c00-be2b-f4ab60ef7fa5/remove_router_interface => generated 309 bytes in 697 msecs (HTTP/1.1 200) 4 headers in 157 bytes (1 switches on core 0) /var/lib/openstack/lib/python3.12/site-packages/pycadf/identifier.py:70: UserWarning: Invalid uuid: neutron. To ensure interoperability, identifiers should be a valid uuid. warnings.warn(('Invalid uuid: %s. To ensure interoperability, '
2026-06-18 10:00:54.602 8 INFO neutron.db.ovn_revision_numbers_db [None req-6d6622b7-9408-4489-83e7-f3935c4d100f e352b11885664ca2825c542fe32cbb89 877a9410a6fc4515b753068bb2bcb9fb - - default default] Successfully bumped revision number for resource acd6d3d1-fecf-4890-9b0c-12a619627aeb (type: security_groups) to 1
2026-06-18 10:00:54.616 8 INFO neutron.db.ovn_revision_numbers_db [None req-6d6622b7-9408-4489-83e7-f3935c4d100f e352b11885664ca2825c542fe32cbb89 877a9410a6fc4515b753068bb2bcb9fb - - default default] Successfully bumped revision number for resource 353ab109-28bd-4e6d-83a9-685b9461532a (type: security_group_rules) to 0
2026-06-18 10:00:54.628 8 INFO neutron.db.ovn_revision_numbers_db [None req-6d6622b7-9408-4489-83e7-f3935c4d100f e352b11885664ca2825c542fe32cbb89 877a9410a6fc4515b753068bb2bcb9fb - - default default] Successfully bumped revision number for resource 62e92ad1-a995-4974-9b90-5f6bdd5a7c32 (type: security_group_rules) to 0
2026-06-18 10:00:54.644 8 INFO neutron.db.ovn_revision_numbers_db [None req-6d6622b7-9408-4489-83e7-f3935c4d100f e352b11885664ca2825c542fe32cbb89 877a9410a6fc4515b753068bb2bcb9fb - - default default] Successfully bumped revision number for resource 67d4a880-1f07-41e1-9e83-faeb6f602798 (type: security_group_rules) to 0
2026-06-18 10:00:54.660 8 INFO neutron.db.ovn_revision_numbers_db [None req-6d6622b7-9408-4489-83e7-f3935c4d100f e352b11885664ca2825c542fe32cbb89 877a9410a6fc4515b753068bb2bcb9fb - - default default] Successfully bumped revision number for resource b0da4d06-3a5b-4999-9c89-cd800faab436 (type: security_group_rules) to 0 [pid: 7|app: 0|req: 1014/2043] 10.0.0.245 () {32 vars in 717 bytes} [Thu Jun 18 10:00:54 2026] GET /v2.0/ports/aa20326b-44d0-4eac-a3dd-cb2baa4bc3b4 => generated 943 bytes in 75 msecs (HTTP/1.1 200) 4 headers in 157 bytes (1 switches on core 0) [pid: 8|app: 0|req: 1030/2046] 10.0.0.245 () {32 vars in 774 bytes} [Thu Jun 18 10:00:54 2026] GET /v2.0/security-groups?tenant_id=42a642737e4d4f09811d64ad178b854e&name=default => generated 2925 bytes in 406 msecs (HTTP/1.1 200) 4 headers in 158 bytes (1 switches on core 0) [pid: 7|app: 0|req: 1017/2047] 10.0.0.245 () {32 vars in 723 bytes} [Thu Jun 18 10:00:54 2026] GET /v2.0/networks/d1206feb-cddc-4f11-a521-d0fd1a2e865c => generated 692 bytes in 134 msecs (HTTP/1.1 200) 4 headers in 157 bytes (1 switches on core 0)
2026-06-18 10:00:54.957 8 INFO neutron_taas.services.taas.taas_plugin [None req-408c1fa1-1f16-4ee2-8303-a37c68ac85e5 6e2907e821134cecac6b5257503e544d 9faab641cdf548b2ae1c5d18a82d5e40 - - default default] TaaS: Handle Delete Port: aa20326b-44d0-4eac-a3dd-cb2baa4bc3b4
2026-06-18 10:00:54.962 8 INFO neutron_taas.services.taas.tap_mirror_plugin [None req-408c1fa1-1f16-4ee2-8303-a37c68ac85e5 6e2907e821134cecac6b5257503e544d 9faab641cdf548b2ae1c5d18a82d5e40 - - default default] Tap Mirror: Handle Delete Port: aa20326b-44d0-4eac-a3dd-cb2baa4bc3b4 [pid: 7|app: 0|req: 1018/2048] 10.0.0.245 () {32 vars in 740 bytes} [Thu Jun 18 10:00:54 2026] DELETE /v2.0/security-groups/acd6d3d1-fecf-4890-9b0c-12a619627aeb => generated 0 bytes in 242 msecs (HTTP/1.1 204) 2 headers in 112 bytes (1 switches on core 0) [pid: 8|app: 0|req: 1031/2049] 10.0.0.245 () {34 vars in 789 bytes} [Thu Jun 18 10:00:54 2026] PUT /v2.0/routers/3b6cf29d-76f3-4c00-be2b-f4ab60ef7fa5/remove_router_interface => generated 309 bytes in 587 msecs (HTTP/1.1 200) 4 headers in 157 bytes (1 switches on core 0) /var/lib/openstack/lib/python3.12/site-packages/pycadf/identifier.py:70: UserWarning: Invalid uuid: neutron. To ensure interoperability, identifiers should be a valid uuid. warnings.warn(('Invalid uuid: %s. To ensure interoperability, ' [pid: 8|app: 0|req: 1032/2050] 10.0.0.245 () {32 vars in 736 bytes} [Thu Jun 18 10:00:55 2026] GET /v2.0/ports?device_id=3b6cf29d-76f3-4c00-be2b-f4ab60ef7fa5 => generated 12 bytes in 22 msecs (HTTP/1.1 200) 4 headers in 156 bytes (1 switches on core 0)
2026-06-18 10:00:55.380 7 INFO neutron.pecan_wsgi.hooks.translation [None req-8c34aa40-7ae7-47c0-baf6-41e0b20e0882 025375f1221e4f2ba4b8aac00eafedee 45196e0f4db146909410b5635a7da1d5 - - default default] GET failed (client error): The resource could not be found. [pid: 7|app: 0|req: 1019/2051] 10.0.0.245 () {32 vars in 723 bytes} [Thu Jun 18 10:00:55 2026] GET /v2.0/networks/d1206feb-cddc-4f11-a521-d0fd1a2e865c => generated 138 bytes in 227 msecs (HTTP/1.1 404) 4 headers in 164 bytes (1 switches on core 0)
2026-06-18 10:00:55.499 7 INFO neutron_taas.services.taas.taas_plugin [None req-db3590df-05ba-40a5-829e-7d6d3ed10078 d892202bb7914a00bbcb33cd451f99f6 f6e73eeacc344b13aa8286a5f424c51d - - default default] TaaS: Handle Delete Port: f079eda4-34f1-4708-961c-bfd5c0ec2d38
2026-06-18 10:00:55.504 7 INFO neutron_taas.services.taas.tap_mirror_plugin [None req-db3590df-05ba-40a5-829e-7d6d3ed10078 d892202bb7914a00bbcb33cd451f99f6 f6e73eeacc344b13aa8286a5f424c51d - - default default] Tap Mirror: Handle Delete Port: f079eda4-34f1-4708-961c-bfd5c0ec2d38 [pid: 8|app: 0|req: 1033/2052] 10.0.0.245 () {32 vars in 724 bytes} [Thu Jun 18 10:00:55 2026] DELETE /v2.0/routers/3b6cf29d-76f3-4c00-be2b-f4ab60ef7fa5 => generated 0 bytes in 260 msecs (HTTP/1.1 204) 2 headers in 112 bytes (1 switches on core 0) [pid: 8|app: 0|req: 1034/2053] 10.0.0.245 () {32 vars in 724 bytes} [Thu Jun 18 10:00:55 2026] DELETE /v2.0/subnets/bb5af1ae-d362-43a8-858a-0c494e8cef6c => generated 0 bytes in 231 msecs (HTTP/1.1 204) 3 headers in 131 bytes (1 switches on core 0)
2026-06-18 10:00:55.869 7 INFO neutron.services.segments.plugin [-] Segment e33c3b1d-bf5b-4a3c-8963-8f420cebc4ad resource provider aggregate not found
2026-06-18 10:00:55.874 7 INFO neutron.services.segments.plugin [-] Segment e33c3b1d-bf5b-4a3c-8963-8f420cebc4ad resource provider aggregate not found
2026-06-18 10:00:55.901 7 INFO neutron.services.segments.plugin [-] Segment e33c3b1d-bf5b-4a3c-8963-8f420cebc4ad resource provider not found; error: Placement Client Error (4xx): {"errors": [{"status": 404, "title": "Not Found", "detail": "The resource could not be found.\n\n No resource provider with uuid e33c3b1d-bf5b-4a3c-8963-8f420cebc4ad found for delete ", "request_id": "req-e380558d-4908-46b2-82d8-45b27ff6a2cd"}]}
2026-06-18 10:00:55.902 7 INFO neutron.services.segments.plugin [-] Segment e33c3b1d-bf5b-4a3c-8963-8f420cebc4ad resource provider not found; error: Placement Client Error (4xx): {"errors": [{"status": 404, "title": "Not Found", "detail": "The resource could not be found.\n\n No resource provider with uuid e33c3b1d-bf5b-4a3c-8963-8f420cebc4ad found for delete ", "request_id": "req-d77dfa89-4d85-4be8-9a60-8cadba9e3ae3"}]} [pid: 7|app: 0|req: 1020/2054] 10.0.0.245 () {32 vars in 726 bytes} [Thu Jun 18 10:00:55 2026] DELETE /v2.0/networks/d1206feb-cddc-4f11-a521-d0fd1a2e865c => generated 0 bytes in 540 msecs (HTTP/1.1 204) 3 headers in 131 bytes (1 switches on core 0)
2026-06-18 10:00:55.951 7 INFO neutron.pecan_wsgi.hooks.translation [None req-5b672c62-1b06-485c-8b32-7a391e0e36b7 d892202bb7914a00bbcb33cd451f99f6 f6e73eeacc344b13aa8286a5f424c51d - - default default] DELETE failed (client error): The resource could not be found. [pid: 7|app: 0|req: 1021/2055] 10.0.0.245 () {32 vars in 724 bytes} [Thu Jun 18 10:00:55 2026] DELETE /v2.0/subnets/4a277b9c-de7d-4cd9-b60c-2c3ad64c1016 => generated 136 bytes in 21 msecs (HTTP/1.1 404) 4 headers in 164 bytes (1 switches on core 0)
2026-06-18 10:00:55.986 7 INFO neutron.pecan_wsgi.hooks.translation [None req-7b5eaae5-523d-49b2-85d1-d1cdeaab1460 d892202bb7914a00bbcb33cd451f99f6 f6e73eeacc344b13aa8286a5f424c51d - - default default] DELETE failed (client error): The resource could not be found. [pid: 7|app: 0|req: 1022/2056] 10.0.0.245 () {32 vars in 724 bytes} [Thu Jun 18 10:00:55 2026] DELETE /v2.0/subnets/bb3f57e1-e859-4d18-8d5a-dda6a66d49ac => generated 136 bytes in 32 msecs (HTTP/1.1 404) 4 headers in 164 bytes (1 switches on core 0)
2026-06-18 10:00:56.005 7 INFO neutron.pecan_wsgi.hooks.translation [None req-486eec5f-2307-4e45-971d-a91f23ced12a d892202bb7914a00bbcb33cd451f99f6 f6e73eeacc344b13aa8286a5f424c51d - - default default] DELETE failed (client error): The resource could not be found. [pid: 7|app: 0|req: 1023/2057] 10.0.0.245 () {32 vars in 724 bytes} [Thu Jun 18 10:00:55 2026] DELETE /v2.0/subnets/fb9a4b82-8f05-4f8c-bb0a-48f0ca62246c => generated 136 bytes in 14 msecs (HTTP/1.1 404) 4 headers in 164 bytes (1 switches on core 0) [pid: 8|app: 0|req: 1035/2058] 10.0.0.245 () {32 vars in 724 bytes} [Thu Jun 18 10:00:55 2026] DELETE /v2.0/subnets/5eefd3a0-aa83-4176-821b-66d57d1607a2 => generated 0 bytes in 245 msecs (HTTP/1.1 204) 3 headers in 131 bytes (1 switches on core 0)
2026-06-18 10:00:56.225 7 INFO neutron_taas.services.taas.taas_plugin [None req-09d4d82c-dc74-4efb-8d3b-0657d8716f82 6e2907e821134cecac6b5257503e544d 9faab641cdf548b2ae1c5d18a82d5e40 - - default default] TaaS: Handle Delete Port: acd78e98-3472-4862-981d-e8b276278ed7
2026-06-18 10:00:56.227 7 INFO neutron_taas.services.taas.tap_mirror_plugin [None req-09d4d82c-dc74-4efb-8d3b-0657d8716f82 6e2907e821134cecac6b5257503e544d 9faab641cdf548b2ae1c5d18a82d5e40 - - default default] Tap Mirror: Handle Delete Port: acd78e98-3472-4862-981d-e8b276278ed7 [pid: 7|app: 0|req: 1024/2059] 10.0.0.245 () {32 vars in 726 bytes} [Thu Jun 18 10:00:56 2026] DELETE /v2.0/networks/2f84601f-b368-4c26-abbd-1cb8b5fed7bd => generated 0 bytes in 356 msecs (HTTP/1.1 204) 3 headers in 131 bytes (1 switches on core 0)
2026-06-18 10:00:56.569 8 INFO neutron_taas.services.taas.taas_plugin [None req-521e2c79-d292-4575-a1fe-19a95004243e 6e2907e821134cecac6b5257503e544d 9faab641cdf548b2ae1c5d18a82d5e40 - - default default] TaaS: Handle Delete Port: e7576ec4-ea1f-4172-91ac-e63f38966944
2026-06-18 10:00:56.573 8 INFO neutron_taas.services.taas.tap_mirror_plugin [None req-521e2c79-d292-4575-a1fe-19a95004243e 6e2907e821134cecac6b5257503e544d 9faab641cdf548b2ae1c5d18a82d5e40 - - default default] Tap Mirror: Handle Delete Port: e7576ec4-ea1f-4172-91ac-e63f38966944
2026-06-18 10:00:56.775 8 INFO neutron.services.segments.plugin [-] Segment e729bedd-4913-4301-859f-d46308752bbd resource provider aggregate not found
2026-06-18 10:00:56.775 8 INFO neutron.services.segments.plugin [-] Segment e729bedd-4913-4301-859f-d46308752bbd resource provider aggregate not found
2026-06-18 10:00:56.793 8 INFO neutron.services.segments.plugin [-] Segment e729bedd-4913-4301-859f-d46308752bbd resource provider not found; error: Placement Client Error (4xx): {"errors": [{"status": 404, "title": "Not Found", "detail": "The resource could not be found.\n\n No resource provider with uuid e729bedd-4913-4301-859f-d46308752bbd found for delete ", "request_id": "req-a99539bd-1c2d-4f06-96f4-1658f6231150"}]}
2026-06-18 10:00:56.798 8 INFO neutron.services.segments.plugin [-] Segment e729bedd-4913-4301-859f-d46308752bbd resource provider not found; error: Placement Client Error (4xx): {"errors": [{"status": 404, "title": "Not Found", "detail": "The resource could not be found.\n\n No resource provider with uuid e729bedd-4913-4301-859f-d46308752bbd found for delete ", "request_id": "req-beb96ae9-6a7c-47ab-91c4-4b9364562d29"}]} [pid: 8|app: 0|req: 1036/2060] 10.0.0.245 () {32 vars in 726 bytes} [Thu Jun 18 10:00:56 2026] DELETE /v2.0/networks/759f48b2-f085-4981-8bae-014705fb9043 => generated 0 bytes in 377 msecs (HTTP/1.1 204) 3 headers in 131 bytes (1 switches on core 0)
2026-06-18 10:00:56.915 7 WARNING neutron.scheduler.dhcp_agent_scheduler [None req-9839a987-7f98-4d1c-8b34-df9bcb55114c 99127194b16a434ebd6343a2dfb2e9ad 101e522aaa884e28b93f8e342d39cb46 - - default default] No more DHCP agents
2026-06-18 10:00:56.918 7 WARNING neutron.api.rpc.agentnotifiers.dhcp_rpc_agent_api [None req-9839a987-7f98-4d1c-8b34-df9bcb55114c 99127194b16a434ebd6343a2dfb2e9ad 101e522aaa884e28b93f8e342d39cb46 - - default default] Unable to schedule network e780e783-dc77-4a05-8d7f-372b0d7fa8e6: no agents available; will retry on subsequent port and subnet creation events.
2026-06-18 10:00:56.920 8 INFO neutron.db.segments_db [None req-ab922a4f-a4b5-446c-89f4-c5e0f5432d81 6e2907e821134cecac6b5257503e544d 9faab641cdf548b2ae1c5d18a82d5e40 - - default default] Added segment 8a4a074a-351f-4c3a-8399-4450bb8bbc85 of type geneve for network 332df682-260f-4464-a617-4446d16cd019
2026-06-18 10:00:57.036 8 INFO neutron.db.ovn_revision_numbers_db [None req-ab922a4f-a4b5-446c-89f4-c5e0f5432d81 6e2907e821134cecac6b5257503e544d 9faab641cdf548b2ae1c5d18a82d5e40 - - default default] Successfully bumped revision number for resource 332df682-260f-4464-a617-4446d16cd019 (type: networks) to 1 [pid: 7|app: 0|req: 1025/2061] 10.0.0.245 () {34 vars in 676 bytes} [Thu Jun 18 10:00:56 2026] POST /v2.0/floatingips => generated 552 bytes in 720 msecs (HTTP/1.1 201) 4 headers in 162 bytes (1 switches on core 0)
2026-06-18 10:00:57.199 8 WARNING neutron.scheduler.dhcp_agent_scheduler [None req-ab922a4f-a4b5-446c-89f4-c5e0f5432d81 6e2907e821134cecac6b5257503e544d 9faab641cdf548b2ae1c5d18a82d5e40 - - default default] No more DHCP agents
2026-06-18 10:00:57.200 8 WARNING neutron.api.rpc.agentnotifiers.dhcp_rpc_agent_api [None req-ab922a4f-a4b5-446c-89f4-c5e0f5432d81 6e2907e821134cecac6b5257503e544d 9faab641cdf548b2ae1c5d18a82d5e40 - - default default] Unable to schedule network 332df682-260f-4464-a617-4446d16cd019: no agents available; will retry on subsequent port and subnet creation events.
2026-06-18 10:00:57.259 7 INFO neutron.plugins.ml2.drivers.ovn.mech_driver.mech_driver [None req-88cca77c-58da-414d-a61a-ed2dc7a1b0ce - - - - - -] OVN reports status down for port: c3d8fb8c-a6ca-4fd9-ade3-5500c6f12325
2026-06-18 10:00:57.279 8 INFO neutron.db.ovn_revision_numbers_db [None req-ab922a4f-a4b5-446c-89f4-c5e0f5432d81 6e2907e821134cecac6b5257503e544d 9faab641cdf548b2ae1c5d18a82d5e40 - - default default] Successfully bumped revision number for resource c3d8fb8c-a6ca-4fd9-ade3-5500c6f12325 (type: ports) to 1 [pid: 8|app: 0|req: 1037/2062] 10.0.0.245 () {34 vars in 670 bytes} [Thu Jun 18 10:00:56 2026] POST /v2.0/networks => generated 648 bytes in 481 msecs (HTTP/1.1 201) 4 headers in 162 bytes (1 switches on core 0)
2026-06-18 10:00:57.491 7 INFO neutron.db.ovn_revision_numbers_db [None req-5103fbd7-2cc1-4cb3-b975-da78b16d5123 e352b11885664ca2825c542fe32cbb89 877a9410a6fc4515b753068bb2bcb9fb - - default default] Successfully bumped revision number for resource f13c3c9d-6c9d-4416-9cfe-728ada50b8ea (type: security_groups) to 1
2026-06-18 10:00:57.502 7 INFO neutron.db.ovn_revision_numbers_db [None req-5103fbd7-2cc1-4cb3-b975-da78b16d5123 e352b11885664ca2825c542fe32cbb89 877a9410a6fc4515b753068bb2bcb9fb - - default default] Successfully bumped revision number for resource 5ee432f1-3c1b-4134-b334-c514c66fa0d8 (type: security_group_rules) to 0
2026-06-18 10:00:57.512 7 INFO neutron.db.ovn_revision_numbers_db [None req-5103fbd7-2cc1-4cb3-b975-da78b16d5123 e352b11885664ca2825c542fe32cbb89 877a9410a6fc4515b753068bb2bcb9fb - - default default] Successfully bumped revision number for resource a8f48c6e-8100-4a8f-92dc-ab7ba5f336a1 (type: security_group_rules) to 0
2026-06-18 10:00:57.527 7 INFO neutron.db.ovn_revision_numbers_db [None req-5103fbd7-2cc1-4cb3-b975-da78b16d5123 e352b11885664ca2825c542fe32cbb89 877a9410a6fc4515b753068bb2bcb9fb - - default default] Successfully bumped revision number for resource dd781814-4166-47e9-b767-5d99da8537b8 (type: security_group_rules) to 0
2026-06-18 10:00:57.543 7 INFO neutron.db.ovn_revision_numbers_db [None req-5103fbd7-2cc1-4cb3-b975-da78b16d5123 e352b11885664ca2825c542fe32cbb89 877a9410a6fc4515b753068bb2bcb9fb - - default default] Successfully bumped revision number for resource ebbb583d-1466-4965-bf0b-02e747f25ebd (type: security_group_rules) to 0
2026-06-18 10:00:57.550 8 INFO neutron.db.ovn_revision_numbers_db [None req-961d4ae8-d737-4114-917e-7a1f6f35632e e352b11885664ca2825c542fe32cbb89 877a9410a6fc4515b753068bb2bcb9fb - - default default] Successfully bumped revision number for resource 8483e526-6faa-4c83-a60a-54602e0f1c6e (type: security_groups) to 1
2026-06-18 10:00:57.564 8 INFO neutron.db.ovn_revision_numbers_db [None req-961d4ae8-d737-4114-917e-7a1f6f35632e e352b11885664ca2825c542fe32cbb89 877a9410a6fc4515b753068bb2bcb9fb - - default default] Successfully bumped revision number for resource 2228983b-6e23-4e31-babd-40ccec146ac2 (type: security_group_rules) to 0
2026-06-18 10:00:57.578 8 INFO neutron.db.ovn_revision_numbers_db [None req-961d4ae8-d737-4114-917e-7a1f6f35632e e352b11885664ca2825c542fe32cbb89 877a9410a6fc4515b753068bb2bcb9fb - - default default] Successfully bumped revision number for resource 38fedfcc-2064-4e93-830b-d5b01c726782 (type: security_group_rules) to 0 [pid: 7|app: 0|req: 1026/2063] 10.0.0.245 () {32 vars in 774 bytes} [Thu Jun 18 10:00:57 2026] GET /v2.0/security-groups?tenant_id=45196e0f4db146909410b5635a7da1d5&name=default => generated 2925 bytes in 392 msecs (HTTP/1.1 200) 4 headers in 158 bytes (1 switches on core 0)
2026-06-18 10:00:57.593 8 INFO neutron.db.ovn_revision_numbers_db [None req-961d4ae8-d737-4114-917e-7a1f6f35632e e352b11885664ca2825c542fe32cbb89 877a9410a6fc4515b753068bb2bcb9fb - - default default] Successfully bumped revision number for resource aadfd9f6-2bfc-4b48-a1d2-6d99b956b7ea (type: security_group_rules) to 0
2026-06-18 10:00:57.607 8 INFO neutron.db.ovn_revision_numbers_db [None req-961d4ae8-d737-4114-917e-7a1f6f35632e e352b11885664ca2825c542fe32cbb89 877a9410a6fc4515b753068bb2bcb9fb - - default default] Successfully bumped revision number for resource e2155cc8-443d-4afc-849c-58b63b6f8693 (type: security_group_rules) to 0
2026-06-18 10:00:57.695 8 INFO neutron.db.segments_db [None req-961d4ae8-d737-4114-917e-7a1f6f35632e e352b11885664ca2825c542fe32cbb89 877a9410a6fc4515b753068bb2bcb9fb - - default default] Added segment 14368eb1-cd9d-4953-9776-195ff44aef3d of type geneve for network 665adb66-961c-4c27-894a-356f4c18e09c
2026-06-18 10:00:57.803 8 INFO neutron.db.ovn_revision_numbers_db [None req-961d4ae8-d737-4114-917e-7a1f6f35632e e352b11885664ca2825c542fe32cbb89 877a9410a6fc4515b753068bb2bcb9fb - - default default] Successfully bumped revision number for resource 665adb66-961c-4c27-894a-356f4c18e09c (type: networks) to 1
2026-06-18 10:00:57.828 7 WARNING neutron.scheduler.dhcp_agent_scheduler [None req-fddfc507-e292-4d11-afe0-b6e8bdcbe384 99127194b16a434ebd6343a2dfb2e9ad 101e522aaa884e28b93f8e342d39cb46 - - default default] No more DHCP agents
2026-06-18 10:00:57.830 7 WARNING neutron.api.rpc.agentnotifiers.dhcp_rpc_agent_api [None req-fddfc507-e292-4d11-afe0-b6e8bdcbe384 99127194b16a434ebd6343a2dfb2e9ad 101e522aaa884e28b93f8e342d39cb46 - - default default] Unable to schedule network e780e783-dc77-4a05-8d7f-372b0d7fa8e6: no agents available; will retry on subsequent port and subnet creation events.
2026-06-18 10:00:57.929 7 INFO neutron.services.segments.plugin [-] Segment cc939a8d-38c9-4472-be57-e0232de379f4 resource provider aggregate not found
2026-06-18 10:00:57.933 7 INFO neutron.services.segments.plugin [-] Segment cc939a8d-38c9-4472-be57-e0232de379f4 resource provider aggregate not found
2026-06-18 10:00:57.951 7 INFO neutron.services.segments.plugin [-] Segment cc939a8d-38c9-4472-be57-e0232de379f4 resource provider not found; error: Placement Client Error (4xx): {"errors": [{"status": 404, "title": "Not Found", "detail": "The resource could not be found.\n\n No resource provider with uuid cc939a8d-38c9-4472-be57-e0232de379f4 found for delete ", "request_id": "req-6a71f260-eb45-4746-a03f-5fef23753f4f"}]}
2026-06-18 10:00:57.952 7 INFO neutron.services.segments.plugin [-] Segment cc939a8d-38c9-4472-be57-e0232de379f4 resource provider not found; error: Placement Client Error (4xx): {"errors": [{"status": 404, "title": "Not Found", "detail": "The resource could not be found.\n\n No resource provider with uuid cc939a8d-38c9-4472-be57-e0232de379f4 found for delete ", "request_id": "req-16858ba7-b6aa-47c1-85db-05405c02d376"}]}
2026-06-18 10:00:57.956 8 WARNING neutron.scheduler.dhcp_agent_scheduler [None req-961d4ae8-d737-4114-917e-7a1f6f35632e e352b11885664ca2825c542fe32cbb89 877a9410a6fc4515b753068bb2bcb9fb - - default default] No more DHCP agents
2026-06-18 10:00:57.957 8 WARNING neutron.api.rpc.agentnotifiers.dhcp_rpc_agent_api [None req-961d4ae8-d737-4114-917e-7a1f6f35632e e352b11885664ca2825c542fe32cbb89 877a9410a6fc4515b753068bb2bcb9fb - - default default] Unable to schedule network 665adb66-961c-4c27-894a-356f4c18e09c: no agents available; will retry on subsequent port and subnet creation events.
2026-06-18 10:00:58.050 8 INFO neutron.db.ovn_revision_numbers_db [None req-961d4ae8-d737-4114-917e-7a1f6f35632e e352b11885664ca2825c542fe32cbb89 877a9410a6fc4515b753068bb2bcb9fb - - default default] Successfully bumped revision number for resource afc8c1de-0a72-4682-be1c-12d9d3ec2805 (type: ports) to 1 [pid: 8|app: 0|req: 1038/2064] 10.0.0.245 () {34 vars in 671 bytes} [Thu Jun 18 10:00:57 2026] POST /v2.0/networks => generated 762 bytes in 766 msecs (HTTP/1.1 201) 4 headers in 162 bytes (1 switches on core 0) [pid: 7|app: 0|req: 1027/2065] 10.0.0.245 () {34 vars in 676 bytes} [Thu Jun 18 10:00:57 2026] POST /v2.0/floatingips => generated 552 bytes in 563 msecs (HTTP/1.1 201) 4 headers in 162 bytes (1 switches on core 0)
2026-06-18 10:00:58.167 8 WARNING neutron.plugins.ml2.drivers.ovn.mech_driver.ovsdb.ovn_client [None req-34772009-4dfa-419f-a19b-9a60c60fea75 - - - - - -] No port found with ID c3eaee1f-d3b2-4272-992d-71b6dd5c3687: RuntimeError: No port found with ID c3eaee1f-d3b2-4272-992d-71b6dd5c3687
2026-06-18 10:00:58.180 8 INFO neutron.plugins.ml2.drivers.ovn.mech_driver.mech_driver [None req-34772009-4dfa-419f-a19b-9a60c60fea75 - - - - - -] OVN reports status down for port: aa780d7c-ab80-4db3-8d74-3ec3c0a8719f
2026-06-18 10:00:58.197 8 INFO neutron.plugins.ml2.drivers.ovn.mech_driver.mech_driver [None req-34772009-4dfa-419f-a19b-9a60c60fea75 - - - - - -] OVN reports status down for port: 2cab908f-f1fa-4947-a78a-fed3ff01ec09
2026-06-18 10:00:58.226 8 INFO neutron.plugins.ml2.drivers.ovn.mech_driver.mech_driver [None req-34772009-4dfa-419f-a19b-9a60c60fea75 - - - - - -] OVN reports status down for port: afc8c1de-0a72-4682-be1c-12d9d3ec2805
2026-06-18 10:00:58.352 8 WARNING neutron.scheduler.dhcp_agent_scheduler [None req-efcde461-b748-4287-a93f-6b8e1c6f0d4a 6e2907e821134cecac6b5257503e544d 9faab641cdf548b2ae1c5d18a82d5e40 - - default default] No more DHCP agents
2026-06-18 10:00:58.355 8 WARNING neutron.api.rpc.agentnotifiers.dhcp_rpc_agent_api [None req-efcde461-b748-4287-a93f-6b8e1c6f0d4a 6e2907e821134cecac6b5257503e544d 9faab641cdf548b2ae1c5d18a82d5e40 - - default default] Unable to schedule network 332df682-260f-4464-a617-4446d16cd019: no agents available; will retry on subsequent port and subnet creation events. [pid: 7|app: 0|req: 1028/2066] 10.0.0.245 () {32 vars in 740 bytes} [Thu Jun 18 10:00:58 2026] DELETE /v2.0/security-groups/f13c3c9d-6c9d-4416-9cfe-728ada50b8ea => generated 0 bytes in 241 msecs (HTTP/1.1 204) 2 headers in 112 bytes (1 switches on core 0)
2026-06-18 10:00:58.516 7 WARNING neutron.scheduler.dhcp_agent_scheduler [None req-0399abf1-090f-418b-9dbb-5889ec0782be e352b11885664ca2825c542fe32cbb89 877a9410a6fc4515b753068bb2bcb9fb - - default default] No more DHCP agents
2026-06-18 10:00:58.517 7 WARNING neutron.api.rpc.agentnotifiers.dhcp_rpc_agent_api [None req-0399abf1-090f-418b-9dbb-5889ec0782be e352b11885664ca2825c542fe32cbb89 877a9410a6fc4515b753068bb2bcb9fb - - default default] Unable to schedule network 665adb66-961c-4c27-894a-356f4c18e09c: no agents available; will retry on subsequent port and subnet creation events.
2026-06-18 10:00:58.813 8 INFO neutron.db.ovn_revision_numbers_db [None req-fe6ac7a1-789b-4ba5-8ebd-baf9f2fdb553 - - - - - -] Successfully bumped revision number for resource c3d8fb8c-a6ca-4fd9-ade3-5500c6f12325 (type: ports) to 2
2026-06-18 10:00:58.847 8 INFO neutron.db.ovn_revision_numbers_db [None req-fe6ac7a1-789b-4ba5-8ebd-baf9f2fdb553 - - - - - -] Successfully bumped revision number for resource 67b2d263-3ef4-48a7-8acd-63e7c552aa1c (type: subnets) to 0 [pid: 8|app: 0|req: 1039/2067] 10.0.0.245 () {34 vars in 669 bytes} [Thu Jun 18 10:00:58 2026] POST /v2.0/subnets => generated 626 bytes in 796 msecs (HTTP/1.1 201) 4 headers in 162 bytes (1 switches on core 0)
2026-06-18 10:00:58.983 7 INFO neutron.db.ovn_revision_numbers_db [None req-b3191105-781b-4104-b2eb-c7147a54c141 - - - - - -] Successfully bumped revision number for resource afc8c1de-0a72-4682-be1c-12d9d3ec2805 (type: ports) to 2
2026-06-18 10:00:59.014 7 INFO neutron.db.ovn_revision_numbers_db [None req-b3191105-781b-4104-b2eb-c7147a54c141 - - - - - -] Successfully bumped revision number for resource 0d0206fc-5d92-490f-b4e1-2668a40fa613 (type: subnets) to 0 [pid: 7|app: 0|req: 1029/2068] 10.0.0.245 () {34 vars in 669 bytes} [Thu Jun 18 10:00:58 2026] POST /v2.0/subnets => generated 687 bytes in 637 msecs (HTTP/1.1 201) 4 headers in 162 bytes (1 switches on core 0)
2026-06-18 10:00:59.107 8 WARNING neutron.scheduler.dhcp_agent_scheduler [None req-0812fc0f-40ee-49ca-87df-8eea766ee852 99127194b16a434ebd6343a2dfb2e9ad 101e522aaa884e28b93f8e342d39cb46 - - default default] No more DHCP agents
2026-06-18 10:00:59.108 8 WARNING neutron.api.rpc.agentnotifiers.dhcp_rpc_agent_api [None req-0812fc0f-40ee-49ca-87df-8eea766ee852 99127194b16a434ebd6343a2dfb2e9ad 101e522aaa884e28b93f8e342d39cb46 - - default default] Unable to schedule network e780e783-dc77-4a05-8d7f-372b0d7fa8e6: no agents available; will retry on subsequent port and subnet creation events.
2026-06-18 10:00:59.152 7 INFO neutron.db.ovn_revision_numbers_db [None req-a4f7ebfb-ddb5-4a10-94cb-7b1faa4e2ca1 e352b11885664ca2825c542fe32cbb89 877a9410a6fc4515b753068bb2bcb9fb - - default default] Successfully bumped revision number for resource 1abad05c-dca6-4d49-b8db-392d4a1f80d6 (type: security_groups) to 1
