2026-06-18 10:01:50.699 8 INFO neutron.api.v2.resource [None req-b0f0e392-2183-4d82-a4b4-acaceaf4e267 f67b0501fe5a4b22a4e8fddfa309b0a4 6b1f55cc5c27421091487b8b792d4ccb - - default default] delete failed (client error): The resource could not be found. [pid: 8|app: 0|req: 1266/2538] 10.0.0.245 () {32 vars in 746 bytes} [Thu Jun 18 10:01:50 2026] DELETE /v2.0/subnets/ebe30952-6a22-4d3f-9f86-fa1a0e7ebb28/tags/green => generated 99 bytes in 33 msecs (HTTP/1.1 404) 4 headers in 163 bytes (1 switches on core 0) [pid: 7|app: 0|req: 1273/2539] 10.0.0.245 () {32 vars in 682 bytes} [Thu Jun 18 10:01:50 2026] GET /v2.0/ports?tags-any=red%2Cblue => generated 2253 bytes in 48 msecs (HTTP/1.1 200) 4 headers in 158 bytes (1 switches on core 0) [pid: 8|app: 0|req: 1267/2540] 10.0.0.245 () {32 vars in 734 bytes} [Thu Jun 18 10:01:50 2026] DELETE /v2.0/subnets/ebe30952-6a22-4d3f-9f86-fa1a0e7ebb28/tags => generated 0 bytes in 48 msecs (HTTP/1.1 204) 2 headers in 112 bytes (1 switches on core 0) [pid: 8|app: 0|req: 1268/2541] 10.0.0.245 () {32 vars in 731 bytes} [Thu Jun 18 10:01:50 2026] GET /v2.0/subnets/ebe30952-6a22-4d3f-9f86-fa1a0e7ebb28/tags => generated 12 bytes in 40 msecs (HTTP/1.1 200) 4 headers in 156 bytes (1 switches on core 0) [pid: 7|app: 0|req: 1274/2542] 10.0.0.245 () {32 vars in 668 bytes} [Thu Jun 18 10:01:50 2026] GET /v2.0/ports?not-tags=red => generated 5268 bytes in 99 msecs (HTTP/1.1 200) 4 headers in 158 bytes (1 switches on core 0) [pid: 7|app: 0|req: 1275/2543] 10.0.0.245 () {32 vars in 724 bytes} [Thu Jun 18 10:01:50 2026] DELETE /v2.0/subnets/ebe30952-6a22-4d3f-9f86-fa1a0e7ebb28 => generated 0 bytes in 175 msecs (HTTP/1.1 204) 3 headers in 131 bytes (1 switches on core 0) [pid: 7|app: 0|req: 1276/2544] 10.0.0.245 () {32 vars in 682 bytes} [Thu Jun 18 10:01:51 2026] GET /v2.0/ports?not-tags=red%2Cblue => generated 6008 bytes in 88 msecs (HTTP/1.1 200) 4 headers in 158 bytes (1 switches on core 0)
2026-06-18 10:01:51.108 8 INFO neutron.db.ovn_revision_numbers_db [None req-fc48ae52-5722-434f-b503-4cc1899eb8bf e352b11885664ca2825c542fe32cbb89 877a9410a6fc4515b753068bb2bcb9fb - - default default] Successfully bumped revision number for resource ee4775a3-0dfe-4ccb-ad9e-1810304ae575 (type: security_groups) to 1
2026-06-18 10:01:51.121 8 INFO neutron.db.ovn_revision_numbers_db [None req-fc48ae52-5722-434f-b503-4cc1899eb8bf e352b11885664ca2825c542fe32cbb89 877a9410a6fc4515b753068bb2bcb9fb - - default default] Successfully bumped revision number for resource 09647fb1-afac-4cc4-a50b-fc9622f37d73 (type: security_group_rules) to 0
2026-06-18 10:01:51.135 8 INFO neutron.db.ovn_revision_numbers_db [None req-fc48ae52-5722-434f-b503-4cc1899eb8bf e352b11885664ca2825c542fe32cbb89 877a9410a6fc4515b753068bb2bcb9fb - - default default] Successfully bumped revision number for resource 4bfa9482-2f55-41d2-94bb-58b1d7e1bf0e (type: security_group_rules) to 0
2026-06-18 10:01:51.147 8 INFO neutron.db.ovn_revision_numbers_db [None req-fc48ae52-5722-434f-b503-4cc1899eb8bf e352b11885664ca2825c542fe32cbb89 877a9410a6fc4515b753068bb2bcb9fb - - default default] Successfully bumped revision number for resource 6426b6a4-9711-4f5c-ade1-2b13b573153c (type: security_group_rules) to 0
2026-06-18 10:01:51.160 8 INFO neutron.db.ovn_revision_numbers_db [None req-fc48ae52-5722-434f-b503-4cc1899eb8bf e352b11885664ca2825c542fe32cbb89 877a9410a6fc4515b753068bb2bcb9fb - - default default] Successfully bumped revision number for resource c73513da-8c8a-4e50-9b19-b663d66f7843 (type: security_group_rules) to 0 [pid: 8|app: 0|req: 1269/2545] 10.0.0.245 () {32 vars in 774 bytes} [Thu Jun 18 10:01:50 2026] GET /v2.0/security-groups?tenant_id=f96eb8a474e54151a98015071cfaa654&name=default => generated 2925 bytes in 402 msecs (HTTP/1.1 200) 4 headers in 158 bytes (1 switches on core 0)
2026-06-18 10:01:51.214 7 INFO neutron_taas.services.taas.taas_plugin [None req-776cba4b-2ba0-4d0e-b2dd-f3c97430a333 f67b0501fe5a4b22a4e8fddfa309b0a4 6b1f55cc5c27421091487b8b792d4ccb - - default default] TaaS: Handle Delete Port: c5278bed-016c-4a95-b9a5-e63e9b0aa724
2026-06-18 10:01:51.216 7 INFO neutron_taas.services.taas.tap_mirror_plugin [None req-776cba4b-2ba0-4d0e-b2dd-f3c97430a333 f67b0501fe5a4b22a4e8fddfa309b0a4 6b1f55cc5c27421091487b8b792d4ccb - - default default] Tap Mirror: Handle Delete Port: c5278bed-016c-4a95-b9a5-e63e9b0aa724
2026-06-18 10:01:51.380 7 INFO neutron.services.segments.plugin [-] Segment fe0d88eb-2c38-4004-bf66-3c2aa5e7ece0 resource provider aggregate not found
2026-06-18 10:01:51.384 7 INFO neutron.services.segments.plugin [-] Segment fe0d88eb-2c38-4004-bf66-3c2aa5e7ece0 resource provider aggregate not found
2026-06-18 10:01:51.397 7 INFO neutron.services.segments.plugin [-] Segment fe0d88eb-2c38-4004-bf66-3c2aa5e7ece0 resource provider not found; error: Placement Client Error (4xx): {"errors": [{"status": 404, "title": "Not Found", "detail": "The resource could not be found.\n\n No resource provider with uuid fe0d88eb-2c38-4004-bf66-3c2aa5e7ece0 found for delete ", "request_id": "req-fe1095eb-ed8f-4122-a2fb-d5d25048ac11"}]}
2026-06-18 10:01:51.403 7 INFO neutron.services.segments.plugin [-] Segment fe0d88eb-2c38-4004-bf66-3c2aa5e7ece0 resource provider not found; error: Placement Client Error (4xx): {"errors": [{"status": 404, "title": "Not Found", "detail": "The resource could not be found.\n\n No resource provider with uuid fe0d88eb-2c38-4004-bf66-3c2aa5e7ece0 found for delete ", "request_id": "req-c395a3ac-c8a6-458a-ae05-4a006a2984b7"}]} [pid: 8|app: 0|req: 1270/2546] 10.0.0.245 () {32 vars in 678 bytes} [Thu Jun 18 10:01:51 2026] GET /v2.0/ports?not-tags-any=blue => generated 6008 bytes in 212 msecs (HTTP/1.1 200) 4 headers in 158 bytes (1 switches on core 0) [pid: 7|app: 0|req: 1277/2547] 10.0.0.245 () {32 vars in 726 bytes} [Thu Jun 18 10:01:51 2026] DELETE /v2.0/networks/2fd7cfbb-72af-4a29-8076-37f34ac0e06b => generated 0 bytes in 311 msecs (HTTP/1.1 204) 3 headers in 131 bytes (1 switches on core 0) [pid: 7|app: 0|req: 1278/2548] 10.0.0.245 () {32 vars in 690 bytes} [Thu Jun 18 10:01:51 2026] GET /v2.0/ports?not-tags-any=red%2Cblue => generated 5268 bytes in 98 msecs (HTTP/1.1 200) 4 headers in 158 bytes (1 switches on core 0)
2026-06-18 10:01:51.667 7 INFO neutron_taas.services.taas.taas_plugin [None req-f3b748ad-9aba-4990-ac28-2a759b8ebf50 c7a4e192cf904e25885e997b5c4d9acf 58314405bc0d4fe08e5d6d1d5a5a49a1 - - default default] TaaS: Handle Delete Port: b501b3ff-a259-4382-839b-ad826cb9ff8d
2026-06-18 10:01:51.674 7 INFO neutron_taas.services.taas.tap_mirror_plugin [None req-f3b748ad-9aba-4990-ac28-2a759b8ebf50 c7a4e192cf904e25885e997b5c4d9acf 58314405bc0d4fe08e5d6d1d5a5a49a1 - - default default] Tap Mirror: Handle Delete Port: b501b3ff-a259-4382-839b-ad826cb9ff8d [pid: 8|app: 0|req: 1271/2549] 10.0.0.245 () {32 vars in 740 bytes} [Thu Jun 18 10:01:51 2026] DELETE /v2.0/security-groups/ee4775a3-0dfe-4ccb-ad9e-1810304ae575 => generated 0 bytes in 287 msecs (HTTP/1.1 204) 2 headers in 112 bytes (1 switches on core 0)
2026-06-18 10:01:51.751 8 INFO neutron.services.segments.plugin [-] Segment 13c10267-b3a3-471d-8947-1074cff1e80e resource provider aggregate not found
2026-06-18 10:01:51.755 8 INFO neutron.services.segments.plugin [-] Segment 13c10267-b3a3-471d-8947-1074cff1e80e resource provider aggregate not found
2026-06-18 10:01:51.772 8 INFO neutron.services.segments.plugin [-] Segment 13c10267-b3a3-471d-8947-1074cff1e80e resource provider not found; error: Placement Client Error (4xx): {"errors": [{"status": 404, "title": "Not Found", "detail": "The resource could not be found.\n\n No resource provider with uuid 13c10267-b3a3-471d-8947-1074cff1e80e found for delete ", "request_id": "req-4f89bae8-c00b-4cc3-9ac9-05e618c9d799"}]}
2026-06-18 10:01:51.776 8 INFO neutron.services.segments.plugin [-] Segment 13c10267-b3a3-471d-8947-1074cff1e80e resource provider not found; error: Placement Client Error (4xx): {"errors": [{"status": 404, "title": "Not Found", "detail": "The resource could not be found.\n\n No resource provider with uuid 13c10267-b3a3-471d-8947-1074cff1e80e found for delete ", "request_id": "req-9dc86e16-7acb-4fa8-bb28-bf1b509dc7bd"}]} [pid: 7|app: 0|req: 1279/2550] 10.0.0.245 () {32 vars in 720 bytes} [Thu Jun 18 10:01:51 2026] DELETE /v2.0/ports/b501b3ff-a259-4382-839b-ad826cb9ff8d => generated 0 bytes in 274 msecs (HTTP/1.1 204) 3 headers in 131 bytes (1 switches on core 0) [pid: 7|app: 0|req: 1280/2551] 10.0.0.245 () {32 vars in 774 bytes} [Thu Jun 18 10:01:51 2026] GET /v2.0/security-groups?tenant_id=982f89a693a441489499fe06cf6a732e&name=default => generated 2925 bytes in 37 msecs (HTTP/1.1 200) 4 headers in 158 bytes (1 switches on core 0)
2026-06-18 10:01:51.945 8 INFO neutron_taas.services.taas.taas_plugin [None req-f7dd5556-46d9-43be-91d5-9e9750720f1b c7a4e192cf904e25885e997b5c4d9acf 58314405bc0d4fe08e5d6d1d5a5a49a1 - - default default] TaaS: Handle Delete Port: 63c62c69-5970-4b5b-bf34-0d56a4b554b9
2026-06-18 10:01:51.948 8 INFO neutron_taas.services.taas.tap_mirror_plugin [None req-f7dd5556-46d9-43be-91d5-9e9750720f1b c7a4e192cf904e25885e997b5c4d9acf 58314405bc0d4fe08e5d6d1d5a5a49a1 - - default default] Tap Mirror: Handle Delete Port: 63c62c69-5970-4b5b-bf34-0d56a4b554b9 [pid: 8|app: 0|req: 1272/2552] 10.0.0.245 () {32 vars in 720 bytes} [Thu Jun 18 10:01:51 2026] DELETE /v2.0/ports/63c62c69-5970-4b5b-bf34-0d56a4b554b9 => generated 0 bytes in 268 msecs (HTTP/1.1 204) 3 headers in 131 bytes (1 switches on core 0) [pid: 7|app: 0|req: 1281/2553] 10.0.0.245 () {32 vars in 740 bytes} [Thu Jun 18 10:01:51 2026] DELETE /v2.0/security-groups/5accf324-8ab8-4fef-9945-a2b3fdaf0d74 => generated 0 bytes in 267 msecs (HTTP/1.1 204) 2 headers in 112 bytes (1 switches on core 0)
2026-06-18 10:01:52.282 7 INFO neutron_taas.services.taas.taas_plugin [None req-e95e63f5-05e6-48b1-8255-dfaa63432931 c7a4e192cf904e25885e997b5c4d9acf 58314405bc0d4fe08e5d6d1d5a5a49a1 - - default default] TaaS: Handle Delete Port: 3824c090-83ab-42dd-b4bd-dfb8715745e9
2026-06-18 10:01:52.285 7 INFO neutron_taas.services.taas.tap_mirror_plugin [None req-e95e63f5-05e6-48b1-8255-dfaa63432931 c7a4e192cf904e25885e997b5c4d9acf 58314405bc0d4fe08e5d6d1d5a5a49a1 - - default default] Tap Mirror: Handle Delete Port: 3824c090-83ab-42dd-b4bd-dfb8715745e9
2026-06-18 10:01:52.328 8 INFO neutron.db.ovn_revision_numbers_db [None req-47fe5c9e-952b-4253-b76d-afefb4556b53 e352b11885664ca2825c542fe32cbb89 877a9410a6fc4515b753068bb2bcb9fb - - default default] Successfully bumped revision number for resource 54c48f76-c26b-4273-91e5-7689bc7ea9d8 (type: security_groups) to 1
2026-06-18 10:01:52.340 8 INFO neutron.db.ovn_revision_numbers_db [None req-47fe5c9e-952b-4253-b76d-afefb4556b53 e352b11885664ca2825c542fe32cbb89 877a9410a6fc4515b753068bb2bcb9fb - - default default] Successfully bumped revision number for resource 12f9ea81-e06e-4d20-84c1-6b70693ca81f (type: security_group_rules) to 0
2026-06-18 10:01:52.351 8 INFO neutron.db.ovn_revision_numbers_db [None req-47fe5c9e-952b-4253-b76d-afefb4556b53 e352b11885664ca2825c542fe32cbb89 877a9410a6fc4515b753068bb2bcb9fb - - default default] Successfully bumped revision number for resource 17be49fe-e930-4e1a-bec4-0bdacf7e6d58 (type: security_group_rules) to 0
2026-06-18 10:01:52.362 8 INFO neutron.db.ovn_revision_numbers_db [None req-47fe5c9e-952b-4253-b76d-afefb4556b53 e352b11885664ca2825c542fe32cbb89 877a9410a6fc4515b753068bb2bcb9fb - - default default] Successfully bumped revision number for resource 33bceede-9cb4-4b5c-a3b0-b225ad16023c (type: security_group_rules) to 0
2026-06-18 10:01:52.371 8 INFO neutron.db.ovn_revision_numbers_db [None req-47fe5c9e-952b-4253-b76d-afefb4556b53 e352b11885664ca2825c542fe32cbb89 877a9410a6fc4515b753068bb2bcb9fb - - default default] Successfully bumped revision number for resource d6056813-388d-40ed-be90-66508d682a46 (type: security_group_rules) to 0 [pid: 7|app: 0|req: 1282/2554] 10.0.0.245 () {32 vars in 720 bytes} [Thu Jun 18 10:01:52 2026] DELETE /v2.0/ports/3824c090-83ab-42dd-b4bd-dfb8715745e9 => generated 0 bytes in 227 msecs (HTTP/1.1 204) 3 headers in 131 bytes (1 switches on core 0) [pid: 8|app: 0|req: 1273/2555] 10.0.0.245 () {32 vars in 774 bytes} [Thu Jun 18 10:01:52 2026] GET /v2.0/security-groups?tenant_id=fb8d8d087af9441f8bbcad8e690c2d7e&name=default => generated 2925 bytes in 349 msecs (HTTP/1.1 200) 4 headers in 158 bytes (1 switches on core 0)
2026-06-18 10:01:52.525 7 INFO neutron_taas.services.taas.taas_plugin [None req-8b4bbd41-6409-451f-9907-c8f0e01b0e02 c7a4e192cf904e25885e997b5c4d9acf 58314405bc0d4fe08e5d6d1d5a5a49a1 - - default default] TaaS: Handle Delete Port: 7ecd9980-ddfa-4979-9855-b14dcb582dd8
2026-06-18 10:01:52.528 7 INFO neutron_taas.services.taas.tap_mirror_plugin [None req-8b4bbd41-6409-451f-9907-c8f0e01b0e02 c7a4e192cf904e25885e997b5c4d9acf 58314405bc0d4fe08e5d6d1d5a5a49a1 - - default default] Tap Mirror: Handle Delete Port: 7ecd9980-ddfa-4979-9855-b14dcb582dd8 [pid: 7|app: 0|req: 1283/2556] 10.0.0.245 () {32 vars in 720 bytes} [Thu Jun 18 10:01:52 2026] DELETE /v2.0/ports/7ecd9980-ddfa-4979-9855-b14dcb582dd8 => generated 0 bytes in 263 msecs (HTTP/1.1 204) 3 headers in 131 bytes (1 switches on core 0) [pid: 8|app: 0|req: 1274/2557] 10.0.0.245 () {32 vars in 740 bytes} [Thu Jun 18 10:01:52 2026] DELETE /v2.0/security-groups/54c48f76-c26b-4273-91e5-7689bc7ea9d8 => generated 0 bytes in 255 msecs (HTTP/1.1 204) 2 headers in 112 bytes (1 switches on core 0)
2026-06-18 10:01:52.786 7 INFO neutron_taas.services.taas.taas_plugin [None req-8a5eff35-b1fd-4cd5-88b0-efc1a0bbca9c c7a4e192cf904e25885e997b5c4d9acf 58314405bc0d4fe08e5d6d1d5a5a49a1 - - default default] TaaS: Handle Delete Port: cbe0dc8f-66d3-49e7-ab10-44bd6291c535
2026-06-18 10:01:52.791 7 INFO neutron_taas.services.taas.tap_mirror_plugin [None req-8a5eff35-b1fd-4cd5-88b0-efc1a0bbca9c c7a4e192cf904e25885e997b5c4d9acf 58314405bc0d4fe08e5d6d1d5a5a49a1 - - default default] Tap Mirror: Handle Delete Port: cbe0dc8f-66d3-49e7-ab10-44bd6291c535 [pid: 8|app: 0|req: 1275/2558] 10.0.0.245 () {32 vars in 774 bytes} [Thu Jun 18 10:01:52 2026] GET /v2.0/security-groups?tenant_id=6b1f55cc5c27421091487b8b792d4ccb&name=default => generated 2925 bytes in 30 msecs (HTTP/1.1 200) 4 headers in 158 bytes (1 switches on core 0) [pid: 7|app: 0|req: 1284/2559] 10.0.0.245 () {32 vars in 720 bytes} [Thu Jun 18 10:01:52 2026] DELETE /v2.0/ports/cbe0dc8f-66d3-49e7-ab10-44bd6291c535 => generated 0 bytes in 249 msecs (HTTP/1.1 204) 3 headers in 131 bytes (1 switches on core 0) [pid: 8|app: 0|req: 1276/2560] 10.0.0.245 () {32 vars in 740 bytes} [Thu Jun 18 10:01:52 2026] DELETE /v2.0/security-groups/6d30ac48-9e32-4e87-a6ac-fdfc25675bdc => generated 0 bytes in 246 msecs (HTTP/1.1 204) 2 headers in 112 bytes (1 switches on core 0)
2026-06-18 10:01:53.070 7 INFO neutron_taas.services.taas.taas_plugin [None req-1edc9058-9768-4d9e-967b-0f80da461d84 c7a4e192cf904e25885e997b5c4d9acf 58314405bc0d4fe08e5d6d1d5a5a49a1 - - default default] TaaS: Handle Delete Port: 93a6caae-955a-43cd-ae2f-8eb59cee4f80
2026-06-18 10:01:53.072 7 INFO neutron_taas.services.taas.tap_mirror_plugin [None req-1edc9058-9768-4d9e-967b-0f80da461d84 c7a4e192cf904e25885e997b5c4d9acf 58314405bc0d4fe08e5d6d1d5a5a49a1 - - default default] Tap Mirror: Handle Delete Port: 93a6caae-955a-43cd-ae2f-8eb59cee4f80 [pid: 7|app: 0|req: 1285/2561] 10.0.0.245 () {32 vars in 726 bytes} [Thu Jun 18 10:01:52 2026] DELETE /v2.0/networks/8ab64112-0190-4763-a77d-261a09f960f4 => generated 0 bytes in 373 msecs (HTTP/1.1 204) 3 headers in 131 bytes (1 switches on core 0)
2026-06-18 10:01:53.413 8 INFO neutron_taas.services.taas.taas_plugin [None req-d703bbb4-75c3-4ec1-a908-7f6eb045ecb4 c7a4e192cf904e25885e997b5c4d9acf 58314405bc0d4fe08e5d6d1d5a5a49a1 - - default default] TaaS: Handle Delete Port: 7c50fff3-2d04-406c-85b1-07a4c00e68c6
2026-06-18 10:01:53.415 8 INFO neutron_taas.services.taas.tap_mirror_plugin [None req-d703bbb4-75c3-4ec1-a908-7f6eb045ecb4 c7a4e192cf904e25885e997b5c4d9acf 58314405bc0d4fe08e5d6d1d5a5a49a1 - - default default] Tap Mirror: Handle Delete Port: 7c50fff3-2d04-406c-85b1-07a4c00e68c6
2026-06-18 10:01:53.431 7 INFO neutron.services.segments.plugin [-] Segment 70c8ae80-031a-45af-92d5-0dd85eb4b767 resource provider aggregate not found
2026-06-18 10:01:53.452 7 INFO neutron.services.segments.plugin [-] Segment 70c8ae80-031a-45af-92d5-0dd85eb4b767 resource provider aggregate not found
2026-06-18 10:01:53.458 7 INFO neutron.services.segments.plugin [-] Segment 70c8ae80-031a-45af-92d5-0dd85eb4b767 resource provider not found; error: Placement Client Error (4xx): {"errors": [{"status": 404, "title": "Not Found", "detail": "The resource could not be found.\n\n No resource provider with uuid 70c8ae80-031a-45af-92d5-0dd85eb4b767 found for delete ", "request_id": "req-b26b69da-3bb7-43e8-b1b5-cca7faaababf"}]}
2026-06-18 10:01:53.468 7 INFO neutron.services.segments.plugin [-] Segment 70c8ae80-031a-45af-92d5-0dd85eb4b767 resource provider not found; error: Placement Client Error (4xx): {"errors": [{"status": 404, "title": "Not Found", "detail": "The resource could not be found.\n\n No resource provider with uuid 70c8ae80-031a-45af-92d5-0dd85eb4b767 found for delete ", "request_id": "req-02a11b5d-09a7-4c6c-b7f1-fd5de8c7f290"}]} [pid: 8|app: 0|req: 1277/2562] 10.0.0.245 () {32 vars in 726 bytes} [Thu Jun 18 10:01:53 2026] DELETE /v2.0/networks/997029f4-4a8c-4e60-b25e-acb72200b95f => generated 0 bytes in 357 msecs (HTTP/1.1 204) 3 headers in 131 bytes (1 switches on core 0)
2026-06-18 10:01:53.798 8 INFO neutron.services.segments.plugin [-] Segment f43ad3b5-fda3-40b4-9656-44bffd1a9d2d resource provider aggregate not found
2026-06-18 10:01:53.798 8 INFO neutron.services.segments.plugin [-] Segment f43ad3b5-fda3-40b4-9656-44bffd1a9d2d resource provider aggregate not found
2026-06-18 10:01:53.816 8 INFO neutron.services.segments.plugin [-] Segment f43ad3b5-fda3-40b4-9656-44bffd1a9d2d resource provider not found; error: Placement Client Error (4xx): {"errors": [{"status": 404, "title": "Not Found", "detail": "The resource could not be found.\n\n No resource provider with uuid f43ad3b5-fda3-40b4-9656-44bffd1a9d2d found for delete ", "request_id": "req-68e5e012-7504-4d95-81ef-29888ccc4404"}]}
2026-06-18 10:01:53.822 8 INFO neutron.services.segments.plugin [-] Segment f43ad3b5-fda3-40b4-9656-44bffd1a9d2d resource provider not found; error: Placement Client Error (4xx): {"errors": [{"status": 404, "title": "Not Found", "detail": "The resource could not be found.\n\n No resource provider with uuid f43ad3b5-fda3-40b4-9656-44bffd1a9d2d found for delete ", "request_id": "req-61ea8d10-6905-49d6-9847-d613f3c639fa"}]}
2026-06-18 10:01:53.851 7 INFO neutron_taas.services.taas.taas_plugin [None req-2871627d-74ca-4571-a375-f5e0f577b967 c7a4e192cf904e25885e997b5c4d9acf 58314405bc0d4fe08e5d6d1d5a5a49a1 - - default default] TaaS: Handle Delete Port: 8a592737-aa1d-4df5-9ff4-7daaa768a105
2026-06-18 10:01:53.855 7 INFO neutron_taas.services.taas.tap_mirror_plugin [None req-2871627d-74ca-4571-a375-f5e0f577b967 c7a4e192cf904e25885e997b5c4d9acf 58314405bc0d4fe08e5d6d1d5a5a49a1 - - default default] Tap Mirror: Handle Delete Port: 8a592737-aa1d-4df5-9ff4-7daaa768a105 [pid: 7|app: 0|req: 1286/2563] 10.0.0.245 () {32 vars in 726 bytes} [Thu Jun 18 10:01:53 2026] DELETE /v2.0/networks/903c7aab-c064-4d72-8f3f-f9c37ca98dc6 => generated 0 bytes in 453 msecs (HTTP/1.1 204) 3 headers in 131 bytes (1 switches on core 0)
2026-06-18 10:01:54.248 8 INFO neutron_taas.services.taas.taas_plugin [None req-e29e12b7-9fbd-48cf-a87c-1995800c6191 c7a4e192cf904e25885e997b5c4d9acf 58314405bc0d4fe08e5d6d1d5a5a49a1 - - default default] TaaS: Handle Delete Port: 5538047c-8a35-4555-b0da-519f5d0d83d8
2026-06-18 10:01:54.252 8 INFO neutron_taas.services.taas.tap_mirror_plugin [None req-e29e12b7-9fbd-48cf-a87c-1995800c6191 c7a4e192cf904e25885e997b5c4d9acf 58314405bc0d4fe08e5d6d1d5a5a49a1 - - default default] Tap Mirror: Handle Delete Port: 5538047c-8a35-4555-b0da-519f5d0d83d8 [pid: 8|app: 0|req: 1278/2564] 10.0.0.245 () {32 vars in 726 bytes} [Thu Jun 18 10:01:54 2026] DELETE /v2.0/networks/99d7cde7-dd6d-40cc-bb1c-5f6c677565b7 => generated 0 bytes in 306 msecs (HTTP/1.1 204) 3 headers in 131 bytes (1 switches on core 0)
2026-06-18 10:01:54.568 7 INFO neutron_taas.services.taas.taas_plugin [None req-136ad63d-0855-4920-a6a4-548881e97cd6 c7a4e192cf904e25885e997b5c4d9acf 58314405bc0d4fe08e5d6d1d5a5a49a1 - - default default] TaaS: Handle Delete Port: b2e88bfb-621e-4a52-8667-ac25b7a21968
2026-06-18 10:01:54.570 7 INFO neutron_taas.services.taas.tap_mirror_plugin [None req-136ad63d-0855-4920-a6a4-548881e97cd6 c7a4e192cf904e25885e997b5c4d9acf 58314405bc0d4fe08e5d6d1d5a5a49a1 - - default default] Tap Mirror: Handle Delete Port: b2e88bfb-621e-4a52-8667-ac25b7a21968 [pid: 7|app: 0|req: 1287/2567] 10.0.0.245 () {32 vars in 726 bytes} [Thu Jun 18 10:01:54 2026] DELETE /v2.0/networks/60a76b10-662c-45a6-8ae0-22f1e391f881 => generated 0 bytes in 361 msecs (HTTP/1.1 204) 3 headers in 131 bytes (1 switches on core 0)
2026-06-18 10:01:55.477 7 INFO neutron.services.segments.plugin [-] Segment d0fe2ef6-9b98-4e8a-a9ff-8909916b405c resource provider aggregate not found
2026-06-18 10:01:55.490 7 INFO neutron.services.segments.plugin [-] Segment d0fe2ef6-9b98-4e8a-a9ff-8909916b405c resource provider aggregate not found
2026-06-18 10:01:55.497 7 INFO neutron.services.segments.plugin [-] Segment d0fe2ef6-9b98-4e8a-a9ff-8909916b405c resource provider not found; error: Placement Client Error (4xx): {"errors": [{"status": 404, "title": "Not Found", "detail": "The resource could not be found.\n\n No resource provider with uuid d0fe2ef6-9b98-4e8a-a9ff-8909916b405c found for delete ", "request_id": "req-c4974084-d44f-4ea3-a906-54b4a133364c"}]}
2026-06-18 10:01:55.506 7 INFO neutron.services.segments.plugin [-] Segment d0fe2ef6-9b98-4e8a-a9ff-8909916b405c resource provider not found; error: Placement Client Error (4xx): {"errors": [{"status": 404, "title": "Not Found", "detail": "The resource could not be found.\n\n No resource provider with uuid d0fe2ef6-9b98-4e8a-a9ff-8909916b405c found for delete ", "request_id": "req-75061913-4e15-4e52-a09a-4a1a513458c1"}]}
2026-06-18 10:01:55.516 7 INFO neutron.services.segments.plugin [-] Segment bc9eb774-532a-4870-a2f5-fca9c1da80bd resource provider aggregate not found
2026-06-18 10:01:55.526 7 INFO neutron.services.segments.plugin [-] Segment bc9eb774-532a-4870-a2f5-fca9c1da80bd resource provider aggregate not found
2026-06-18 10:01:55.540 7 INFO neutron.services.segments.plugin [-] Segment bc9eb774-532a-4870-a2f5-fca9c1da80bd resource provider not found; error: Placement Client Error (4xx): {"errors": [{"status": 404, "title": "Not Found", "detail": "The resource could not be found.\n\n No resource provider with uuid bc9eb774-532a-4870-a2f5-fca9c1da80bd found for delete ", "request_id": "req-0d05bfb5-c0c3-44e6-a639-bd33b1728caa"}]}
2026-06-18 10:01:55.542 7 INFO neutron.services.segments.plugin [-] Segment bc9eb774-532a-4870-a2f5-fca9c1da80bd resource provider not found; error: Placement Client Error (4xx): {"errors": [{"status": 404, "title": "Not Found", "detail": "The resource could not be found.\n\n No resource provider with uuid bc9eb774-532a-4870-a2f5-fca9c1da80bd found for delete ", "request_id": "req-aca0521d-7381-4e8e-9686-d2329460d0f8"}]}
2026-06-18 10:01:55.786 7 INFO neutron.db.ovn_revision_numbers_db [None req-f3937192-9bfd-434c-bdbd-05025aefcc39 e352b11885664ca2825c542fe32cbb89 877a9410a6fc4515b753068bb2bcb9fb - - default default] Successfully bumped revision number for resource 93e6d805-662d-4a2f-8617-a54506794e45 (type: security_groups) to 1
2026-06-18 10:01:55.802 7 INFO neutron.db.ovn_revision_numbers_db [None req-f3937192-9bfd-434c-bdbd-05025aefcc39 e352b11885664ca2825c542fe32cbb89 877a9410a6fc4515b753068bb2bcb9fb - - default default] Successfully bumped revision number for resource 75ac8539-3176-4632-942e-928f4107e448 (type: security_group_rules) to 0
2026-06-18 10:01:55.810 8 INFO neutron.db.ovn_revision_numbers_db [None req-10dd4793-22e8-43f7-8501-a1be3132634f ccc09b9687eb4c3b93da8b20f9abb51f 16cdd3f0ec814407991b5f2fc0ec81b2 - - default default] Successfully bumped revision number for resource 91aa9741-3ee4-4f20-90f6-c6480280acb8 (type: security_groups) to 1
2026-06-18 10:01:55.813 7 INFO neutron.db.ovn_revision_numbers_db [None req-f3937192-9bfd-434c-bdbd-05025aefcc39 e352b11885664ca2825c542fe32cbb89 877a9410a6fc4515b753068bb2bcb9fb - - default default] Successfully bumped revision number for resource 7cca810b-a9ae-43b8-9271-8bfabf7c5eb9 (type: security_group_rules) to 0
2026-06-18 10:01:55.826 7 INFO neutron.db.ovn_revision_numbers_db [None req-f3937192-9bfd-434c-bdbd-05025aefcc39 e352b11885664ca2825c542fe32cbb89 877a9410a6fc4515b753068bb2bcb9fb - - default default] Successfully bumped revision number for resource 861193f6-df6d-4f64-9994-2440800d7b25 (type: security_group_rules) to 0
2026-06-18 10:01:55.837 8 INFO neutron.db.ovn_revision_numbers_db [None req-10dd4793-22e8-43f7-8501-a1be3132634f ccc09b9687eb4c3b93da8b20f9abb51f 16cdd3f0ec814407991b5f2fc0ec81b2 - - default default] Successfully bumped revision number for resource 0ec8f91b-a3b1-4af3-8f0c-3dba0ce21a94 (type: security_group_rules) to 0
2026-06-18 10:01:55.839 7 INFO neutron.db.ovn_revision_numbers_db [None req-f3937192-9bfd-434c-bdbd-05025aefcc39 e352b11885664ca2825c542fe32cbb89 877a9410a6fc4515b753068bb2bcb9fb - - default default] Successfully bumped revision number for resource b5c983a8-3741-470d-baae-c9e53414f968 (type: security_group_rules) to 0
2026-06-18 10:01:55.840 8 INFO neutron.services.segments.plugin [-] Segment 10c0fee0-99ed-483b-a3d2-26139c557b65 resource provider aggregate not found
2026-06-18 10:01:55.849 8 INFO neutron.services.segments.plugin [-] Segment 10c0fee0-99ed-483b-a3d2-26139c557b65 resource provider aggregate not found
2026-06-18 10:01:55.862 8 INFO neutron.services.segments.plugin [-] Segment 10c0fee0-99ed-483b-a3d2-26139c557b65 resource provider not found; error: Placement Client Error (4xx): {"errors": [{"status": 404, "title": "Not Found", "detail": "The resource could not be found.\n\n No resource provider with uuid 10c0fee0-99ed-483b-a3d2-26139c557b65 found for delete ", "request_id": "req-2b34d6e8-34ae-41d7-a01c-0cedd80cf51a"}]}
2026-06-18 10:01:55.863 8 INFO neutron.db.ovn_revision_numbers_db [None req-10dd4793-22e8-43f7-8501-a1be3132634f ccc09b9687eb4c3b93da8b20f9abb51f 16cdd3f0ec814407991b5f2fc0ec81b2 - - default default] Successfully bumped revision number for resource 2154f046-2b29-449d-a702-3271ee191d02 (type: security_group_rules) to 0
2026-06-18 10:01:55.865 8 INFO neutron.services.segments.plugin [-] Segment 10c0fee0-99ed-483b-a3d2-26139c557b65 resource provider not found; error: Placement Client Error (4xx): {"errors": [{"status": 404, "title": "Not Found", "detail": "The resource could not be found.\n\n No resource provider with uuid 10c0fee0-99ed-483b-a3d2-26139c557b65 found for delete ", "request_id": "req-f58377fe-edc4-4d91-97c9-c8f9039cd697"}]}
2026-06-18 10:01:55.878 8 INFO neutron.db.ovn_revision_numbers_db [None req-10dd4793-22e8-43f7-8501-a1be3132634f ccc09b9687eb4c3b93da8b20f9abb51f 16cdd3f0ec814407991b5f2fc0ec81b2 - - default default] Successfully bumped revision number for resource 34031f1f-1c80-4f85-9914-ea798390d2b5 (type: security_group_rules) to 0 [pid: 7|app: 0|req: 1288/2568] 10.0.0.245 () {32 vars in 774 bytes} [Thu Jun 18 10:01:55 2026] GET /v2.0/security-groups?tenant_id=bff144d18c304ded88d68e84bc51599f&name=default => generated 2925 bytes in 251 msecs (HTTP/1.1 200) 4 headers in 158 bytes (1 switches on core 0)
2026-06-18 10:01:55.894 8 INFO neutron.db.ovn_revision_numbers_db [None req-10dd4793-22e8-43f7-8501-a1be3132634f ccc09b9687eb4c3b93da8b20f9abb51f 16cdd3f0ec814407991b5f2fc0ec81b2 - - default default] Successfully bumped revision number for resource 3aaf32a6-faf5-4b04-8d92-58fd2bbb5026 (type: security_group_rules) to 0
2026-06-18 10:01:55.977 8 INFO neutron.db.segments_db [None req-10dd4793-22e8-43f7-8501-a1be3132634f ccc09b9687eb4c3b93da8b20f9abb51f 16cdd3f0ec814407991b5f2fc0ec81b2 - - default default] Added segment 06cf7cfc-b82e-42b3-b9b2-6a8d86c3f238 of type geneve for network 8926b99e-eb79-439b-9e51-c58e2e441b3c
2026-06-18 10:01:56.095 8 INFO neutron.db.ovn_revision_numbers_db [None req-10dd4793-22e8-43f7-8501-a1be3132634f ccc09b9687eb4c3b93da8b20f9abb51f 16cdd3f0ec814407991b5f2fc0ec81b2 - - default default] Successfully bumped revision number for resource 8926b99e-eb79-439b-9e51-c58e2e441b3c (type: networks) to 1 [pid: 7|app: 0|req: 1289/2569] 10.0.0.245 () {32 vars in 740 bytes} [Thu Jun 18 10:01:55 2026] DELETE /v2.0/security-groups/93e6d805-662d-4a2f-8617-a54506794e45 => generated 0 bytes in 219 msecs (HTTP/1.1 204) 2 headers in 112 bytes (1 switches on core 0)
2026-06-18 10:01:56.261 8 WARNING neutron.scheduler.dhcp_agent_scheduler [None req-10dd4793-22e8-43f7-8501-a1be3132634f ccc09b9687eb4c3b93da8b20f9abb51f 16cdd3f0ec814407991b5f2fc0ec81b2 - - default default] No more DHCP agents
2026-06-18 10:01:56.262 8 WARNING neutron.api.rpc.agentnotifiers.dhcp_rpc_agent_api [None req-10dd4793-22e8-43f7-8501-a1be3132634f ccc09b9687eb4c3b93da8b20f9abb51f 16cdd3f0ec814407991b5f2fc0ec81b2 - - default default] Unable to schedule network 8926b99e-eb79-439b-9e51-c58e2e441b3c: no agents available; will retry on subsequent port and subnet creation events.
2026-06-18 10:01:56.330 7 INFO neutron.plugins.ml2.drivers.ovn.mech_driver.mech_driver [None req-5c551cf2-6eec-41ae-9204-ae1f336330d7 - - - - - -] OVN reports status down for port: 16db498e-31cc-4b66-a117-72593deb3cb4
2026-06-18 10:01:56.332 7 INFO neutron.db.ovn_revision_numbers_db [None req-86191d8c-2076-4e60-be3c-7a463f509589 e352b11885664ca2825c542fe32cbb89 877a9410a6fc4515b753068bb2bcb9fb - - default default] Successfully bumped revision number for resource 772de31e-f098-4945-acff-1c4d9be8f034 (type: security_groups) to 1
2026-06-18 10:01:56.343 8 INFO neutron.db.ovn_revision_numbers_db [None req-10dd4793-22e8-43f7-8501-a1be3132634f ccc09b9687eb4c3b93da8b20f9abb51f 16cdd3f0ec814407991b5f2fc0ec81b2 - - default default] Successfully bumped revision number for resource 16db498e-31cc-4b66-a117-72593deb3cb4 (type: ports) to 1
2026-06-18 10:01:56.354 7 INFO neutron.db.ovn_revision_numbers_db [None req-86191d8c-2076-4e60-be3c-7a463f509589 e352b11885664ca2825c542fe32cbb89 877a9410a6fc4515b753068bb2bcb9fb - - default default] Successfully bumped revision number for resource 22dc2804-06df-44fc-9756-5b7f7de88a1c (type: security_group_rules) to 0 [pid: 8|app: 0|req: 1281/2570] 10.0.0.245 () {34 vars in 670 bytes} [Thu Jun 18 10:01:55 2026] POST /v2.0/networks => generated 644 bytes in 906 msecs (HTTP/1.1 201) 4 headers in 162 bytes (1 switches on core 0)
2026-06-18 10:01:56.372 7 INFO neutron.db.ovn_revision_numbers_db [None req-86191d8c-2076-4e60-be3c-7a463f509589 e352b11885664ca2825c542fe32cbb89 877a9410a6fc4515b753068bb2bcb9fb - - default default] Successfully bumped revision number for resource 5e3cc218-3a5f-412c-9545-4c682342c73e (type: security_group_rules) to 0
2026-06-18 10:01:56.385 7 INFO neutron.db.ovn_revision_numbers_db [None req-86191d8c-2076-4e60-be3c-7a463f509589 e352b11885664ca2825c542fe32cbb89 877a9410a6fc4515b753068bb2bcb9fb - - default default] Successfully bumped revision number for resource c8188fea-0710-4388-bc16-2cbd22f5ef04 (type: security_group_rules) to 0
2026-06-18 10:01:56.404 7 INFO neutron.db.ovn_revision_numbers_db [None req-86191d8c-2076-4e60-be3c-7a463f509589 e352b11885664ca2825c542fe32cbb89 877a9410a6fc4515b753068bb2bcb9fb - - default default] Successfully bumped revision number for resource dd5a39bd-372a-4cc0-a3ef-cadf2ef3271f (type: security_group_rules) to 0 [pid: 7|app: 0|req: 1290/2571] 10.0.0.245 () {32 vars in 774 bytes} [Thu Jun 18 10:01:56 2026] GET /v2.0/security-groups?tenant_id=0b3555321c504704b209af2eb3e6b81c&name=default => generated 2925 bytes in 261 msecs (HTTP/1.1 200) 4 headers in 158 bytes (1 switches on core 0)
2026-06-18 10:01:56.584 8 WARNING neutron.scheduler.dhcp_agent_scheduler [None req-95c94662-83e6-4f19-a3d9-6de0ca460b06 ccc09b9687eb4c3b93da8b20f9abb51f 16cdd3f0ec814407991b5f2fc0ec81b2 - - default default] No more DHCP agents
2026-06-18 10:01:56.585 8 WARNING neutron.api.rpc.agentnotifiers.dhcp_rpc_agent_api [None req-95c94662-83e6-4f19-a3d9-6de0ca460b06 ccc09b9687eb4c3b93da8b20f9abb51f 16cdd3f0ec814407991b5f2fc0ec81b2 - - default default] Unable to schedule network 8926b99e-eb79-439b-9e51-c58e2e441b3c: no agents available; will retry on subsequent port and subnet creation events. [pid: 7|app: 0|req: 1291/2572] 10.0.0.245 () {32 vars in 740 bytes} [Thu Jun 18 10:01:56 2026] DELETE /v2.0/security-groups/772de31e-f098-4945-acff-1c4d9be8f034 => generated 0 bytes in 327 msecs (HTTP/1.1 204) 2 headers in 112 bytes (1 switches on core 0) [pid: 7|app: 0|req: 1292/2573] 10.0.0.245 () {32 vars in 774 bytes} [Thu Jun 18 10:01:56 2026] GET /v2.0/security-groups?tenant_id=58314405bc0d4fe08e5d6d1d5a5a49a1&name=default => generated 2925 bytes in 25 msecs (HTTP/1.1 200) 4 headers in 158 bytes (1 switches on core 0)
2026-06-18 10:01:57.084 8 INFO neutron.db.ovn_revision_numbers_db [None req-213fbec7-2fc0-4a5b-9c97-62eb5cd91109 - - - - - -] Successfully bumped revision number for resource 16db498e-31cc-4b66-a117-72593deb3cb4 (type: ports) to 2
2026-06-18 10:01:57.135 8 INFO neutron.db.ovn_revision_numbers_db [None req-213fbec7-2fc0-4a5b-9c97-62eb5cd91109 - - - - - -] Successfully bumped revision number for resource 4c66ca1d-9bd1-4843-bd83-835468148daa (type: subnets) to 0 [pid: 8|app: 0|req: 1282/2574] 10.0.0.245 () {34 vars in 669 bytes} [Thu Jun 18 10:01:56 2026] POST /v2.0/subnets => generated 626 bytes in 779 msecs (HTTP/1.1 201) 4 headers in 162 bytes (1 switches on core 0) [pid: 7|app: 0|req: 1293/2575] 10.0.0.245 () {32 vars in 740 bytes} [Thu Jun 18 10:01:56 2026] DELETE /v2.0/security-groups/8036ab94-ac5e-4298-b876-0a9227180ce3 => generated 0 bytes in 310 msecs (HTTP/1.1 204) 2 headers in 112 bytes (1 switches on core 0)
2026-06-18 10:01:57.596 8 WARNING neutron.scheduler.dhcp_agent_scheduler [None req-52b83cf7-af85-4e47-a9a5-fe11ec83d250 ccc09b9687eb4c3b93da8b20f9abb51f 16cdd3f0ec814407991b5f2fc0ec81b2 - - default default] No more DHCP agents
2026-06-18 10:01:57.598 8 WARNING neutron.api.rpc.agentnotifiers.dhcp_rpc_agent_api [None req-52b83cf7-af85-4e47-a9a5-fe11ec83d250 ccc09b9687eb4c3b93da8b20f9abb51f 16cdd3f0ec814407991b5f2fc0ec81b2 - - default default] Unable to schedule network e780e783-dc77-4a05-8d7f-372b0d7fa8e6: no agents available; will retry on subsequent port and subnet creation events.
2026-06-18 10:01:57.695 7 INFO neutron.db.ovn_revision_numbers_db [None req-0ea78cb5-c92b-4293-a2d4-c9a2eb4aec62 e352b11885664ca2825c542fe32cbb89 877a9410a6fc4515b753068bb2bcb9fb - - default default] Successfully bumped revision number for resource bc67c933-1915-4106-9114-9006a7da0904 (type: security_groups) to 1
2026-06-18 10:01:57.707 7 INFO neutron.db.ovn_revision_numbers_db [None req-0ea78cb5-c92b-4293-a2d4-c9a2eb4aec62 e352b11885664ca2825c542fe32cbb89 877a9410a6fc4515b753068bb2bcb9fb - - default default] Successfully bumped revision number for resource 6e64650d-de9f-4dba-aa1b-d7575102e04a (type: security_group_rules) to 0
2026-06-18 10:01:57.720 7 INFO neutron.db.ovn_revision_numbers_db [None req-0ea78cb5-c92b-4293-a2d4-c9a2eb4aec62 e352b11885664ca2825c542fe32cbb89 877a9410a6fc4515b753068bb2bcb9fb - - default default] Successfully bumped revision number for resource aab66f6f-c647-4fcc-bf4e-68e157d3137e (type: security_group_rules) to 0
2026-06-18 10:01:57.746 8 INFO neutron.plugins.ml2.drivers.ovn.mech_driver.mech_driver [None req-4ddad010-3a94-416e-baf1-875c056e26fc - - - - - -] OVN reports status down for port: c020e49e-45e1-4746-a472-95a5c667afda
2026-06-18 10:01:57.761 7 INFO neutron.db.ovn_revision_numbers_db [None req-0ea78cb5-c92b-4293-a2d4-c9a2eb4aec62 e352b11885664ca2825c542fe32cbb89 877a9410a6fc4515b753068bb2bcb9fb - - default default] Successfully bumped revision number for resource cec748e2-546b-4934-959a-96b4a8d937c3 (type: security_group_rules) to 0
2026-06-18 10:01:57.784 7 INFO neutron.db.ovn_revision_numbers_db [None req-0ea78cb5-c92b-4293-a2d4-c9a2eb4aec62 e352b11885664ca2825c542fe32cbb89 877a9410a6fc4515b753068bb2bcb9fb - - default default] Successfully bumped revision number for resource e2596b0a-9046-4697-9a9c-1acb8d9a13fa (type: security_group_rules) to 0
2026-06-18 10:01:57.816 8 INFO neutron.db.ovn_revision_numbers_db [None req-52b83cf7-af85-4e47-a9a5-fe11ec83d250 ccc09b9687eb4c3b93da8b20f9abb51f 16cdd3f0ec814407991b5f2fc0ec81b2 - - default default] Successfully bumped revision number for resource c020e49e-45e1-4746-a472-95a5c667afda (type: ports) to 1 [pid: 7|app: 0|req: 1294/2576] 10.0.0.245 () {32 vars in 774 bytes} [Thu Jun 18 10:01:57 2026] GET /v2.0/security-groups?tenant_id=a12e4069ea0c41089333496872dcaca1&name=default => generated 2925 bytes in 524 msecs (HTTP/1.1 200) 4 headers in 158 bytes (1 switches on core 0) [pid: 7|app: 0|req: 1295/2577] 10.0.0.245 () {32 vars in 740 bytes} [Thu Jun 18 10:01:57 2026] DELETE /v2.0/security-groups/bc67c933-1915-4106-9114-9006a7da0904 => generated 0 bytes in 244 msecs (HTTP/1.1 204) 2 headers in 112 bytes (1 switches on core 0)
2026-06-18 10:01:58.448 8 INFO neutron.plugins.ml2.drivers.ovn.mech_driver.ovsdb.commands [None req-dd67596b-5d64-411a-bcb9-f1d68c5ef150 - - - - - -] Schedule LRP lrp-c020e49e-45e1-4746-a472-95a5c667afda on gateway c15bd327-7180-4a49-ad01-6a0e10d7b68a with priority 1
2026-06-18 10:01:58.485 8 INFO neutron.plugins.ml2.drivers.ovn.mech_driver.mech_driver [None req-4ddad010-3a94-416e-baf1-875c056e26fc - - - - - -] OVN reports status up for port: c020e49e-45e1-4746-a472-95a5c667afda
2026-06-18 10:01:58.516 8 INFO neutron.plugins.ml2.plugin [None req-4ddad010-3a94-416e-baf1-875c056e26fc - - - - - -] Attempt 1 to provision port c020e49e-45e1-4746-a472-95a5c667afda
2026-06-18 10:01:58.536 8 INFO neutron.db.ovn_revision_numbers_db [None req-52b83cf7-af85-4e47-a9a5-fe11ec83d250 ccc09b9687eb4c3b93da8b20f9abb51f 16cdd3f0ec814407991b5f2fc0ec81b2 - - default default] Successfully bumped revision number for resource c020e49e-45e1-4746-a472-95a5c667afda (type: router_ports) to 1
2026-06-18 10:01:58.656 8 INFO neutron.db.ovn_revision_numbers_db [None req-52b83cf7-af85-4e47-a9a5-fe11ec83d250 ccc09b9687eb4c3b93da8b20f9abb51f 16cdd3f0ec814407991b5f2fc0ec81b2 - - default default] Successfully bumped revision number for resource 3f11a6af-0bd9-438f-9467-6291d903696d (type: routers) to 2 [pid: 8|app: 0|req: 1283/2578] 10.0.0.245 () {34 vars in 669 bytes} [Thu Jun 18 10:01:57 2026] POST /v2.0/routers => generated 936 bytes in 1522 msecs (HTTP/1.1 201) 4 headers in 162 bytes (1 switches on core 0)
2026-06-18 10:01:59.159 7 WARNING neutron.scheduler.dhcp_agent_scheduler [None req-b3d6b6b9-a178-4509-8874-7aa62fff5bce ccc09b9687eb4c3b93da8b20f9abb51f 16cdd3f0ec814407991b5f2fc0ec81b2 - - default default] No more DHCP agents
2026-06-18 10:01:59.161 7 WARNING neutron.api.rpc.agentnotifiers.dhcp_rpc_agent_api [None req-b3d6b6b9-a178-4509-8874-7aa62fff5bce ccc09b9687eb4c3b93da8b20f9abb51f 16cdd3f0ec814407991b5f2fc0ec81b2 - - default default] Unable to schedule network 8926b99e-eb79-439b-9e51-c58e2e441b3c: no agents available; will retry on subsequent port and subnet creation events.
2026-06-18 10:01:59.302 7 INFO neutron.db.ovn_revision_numbers_db [None req-b3d6b6b9-a178-4509-8874-7aa62fff5bce ccc09b9687eb4c3b93da8b20f9abb51f 16cdd3f0ec814407991b5f2fc0ec81b2 - - default default] Successfully bumped revision number for resource 8ab8d907-07d9-4e48-a1eb-e82769d08d78 (type: ports) to 1
2026-06-18 10:02:00.027 7 WARNING neutron.scheduler.dhcp_agent_scheduler [None req-b3d6b6b9-a178-4509-8874-7aa62fff5bce ccc09b9687eb4c3b93da8b20f9abb51f 16cdd3f0ec814407991b5f2fc0ec81b2 - - default default] No more DHCP agents
2026-06-18 10:02:00.029 7 WARNING neutron.api.rpc.agentnotifiers.dhcp_rpc_agent_api [None req-b3d6b6b9-a178-4509-8874-7aa62fff5bce ccc09b9687eb4c3b93da8b20f9abb51f 16cdd3f0ec814407991b5f2fc0ec81b2 - - default default] Unable to schedule network 8926b99e-eb79-439b-9e51-c58e2e441b3c: no agents available; will retry on subsequent port and subnet creation events.
2026-06-18 10:02:00.357 7 INFO neutron.db.ovn_revision_numbers_db [None req-b3d6b6b9-a178-4509-8874-7aa62fff5bce ccc09b9687eb4c3b93da8b20f9abb51f 16cdd3f0ec814407991b5f2fc0ec81b2 - - default default] Successfully bumped revision number for resource 8ab8d907-07d9-4e48-a1eb-e82769d08d78 (type: router_ports) to 1 [pid: 7|app: 0|req: 1296/2579] 10.0.0.245 () {34 vars in 783 bytes} [Thu Jun 18 10:01:58 2026] PUT /v2.0/routers/3f11a6af-0bd9-438f-9467-6291d903696d/add_router_interface => generated 309 bytes in 1677 msecs (HTTP/1.1 200) 4 headers in 157 bytes (1 switches on core 0)
2026-06-18 10:02:00.973 8 WARNING neutron.scheduler.dhcp_agent_scheduler [None req-c5bbe245-d5f6-4403-b7cd-147c7cf82f8f - - - - - -] No more DHCP agents
2026-06-18 10:02:00.974 8 WARNING neutron.api.rpc.agentnotifiers.dhcp_rpc_agent_api [None req-c5bbe245-d5f6-4403-b7cd-147c7cf82f8f - - - - - -] Unable to schedule network e780e783-dc77-4a05-8d7f-372b0d7fa8e6: no agents available; will retry on subsequent port and subnet creation events.
2026-06-18 10:02:01.118 8 INFO neutron.db.ovn_revision_numbers_db [None req-c5bbe245-d5f6-4403-b7cd-147c7cf82f8f - - - - - -] Successfully bumped revision number for resource e4cac246-1024-4627-8f8b-3455196d78bd (type: ports) to 1
2026-06-18 10:02:01.350 8 INFO neutron.db.ovn_revision_numbers_db [None req-c5bbe245-d5f6-4403-b7cd-147c7cf82f8f - - - - - -] Successfully bumped revision number for resource e4cac246-1024-4627-8f8b-3455196d78bd (type: ports) to 3
2026-06-18 10:02:01.411 8 INFO neutron.db.segments_db [None req-c5bbe245-d5f6-4403-b7cd-147c7cf82f8f - - - - - -] Added segment 14796dd9-bd36-4686-bd47-d994db7d327f of type geneve for network 91062c5e-dd5c-4d0a-b3a0-3812c4320826
2026-06-18 10:02:01.536 8 INFO neutron.db.ovn_revision_numbers_db [None req-08bdae07-b687-496f-9b40-2916032fb15c - - - - - -] Successfully bumped revision number for resource 91062c5e-dd5c-4d0a-b3a0-3812c4320826 (type: networks) to 1
2026-06-18 10:02:01.724 7 INFO neutron.db.ovn_revision_numbers_db [None req-c382ad01-233f-4bfd-b546-6b81b5747831 8d6c9ef5b36742ee96804c504307d354 999737d782044ba6b179cd6ccdfbd52e - - default default] Successfully bumped revision number for resource 502800f4-066c-4fba-bb0a-507cbdb8ce1b (type: security_groups) to 1
2026-06-18 10:02:01.730 8 WARNING neutron.scheduler.dhcp_agent_scheduler [None req-08bdae07-b687-496f-9b40-2916032fb15c - - - - - -] No more DHCP agents
2026-06-18 10:02:01.731 8 WARNING neutron.api.rpc.agentnotifiers.dhcp_rpc_agent_api [None req-08bdae07-b687-496f-9b40-2916032fb15c - - - - - -] Unable to schedule network 91062c5e-dd5c-4d0a-b3a0-3812c4320826: no agents available; will retry on subsequent port and subnet creation events.
2026-06-18 10:02:01.741 7 INFO neutron.db.ovn_revision_numbers_db [None req-c382ad01-233f-4bfd-b546-6b81b5747831 8d6c9ef5b36742ee96804c504307d354 999737d782044ba6b179cd6ccdfbd52e - - default default] Successfully bumped revision number for resource 01e0b94f-be7a-4221-97be-1a67167a1a9e (type: security_group_rules) to 0
2026-06-18 10:02:01.755 7 INFO neutron.db.ovn_revision_numbers_db [None req-c382ad01-233f-4bfd-b546-6b81b5747831 8d6c9ef5b36742ee96804c504307d354 999737d782044ba6b179cd6ccdfbd52e - - default default] Successfully bumped revision number for resource 2ed8038e-465d-4baa-971b-0be5588c10ba (type: security_group_rules) to 0
2026-06-18 10:02:01.795 7 INFO neutron.plugins.ml2.drivers.ovn.mech_driver.mech_driver [None req-5c551cf2-6eec-41ae-9204-ae1f336330d7 - - - - - -] OVN reports status down for port: 7c91c5d4-6940-4477-8604-653662a76669
2026-06-18 10:02:01.797 7 INFO neutron.db.ovn_revision_numbers_db [None req-c382ad01-233f-4bfd-b546-6b81b5747831 8d6c9ef5b36742ee96804c504307d354 999737d782044ba6b179cd6ccdfbd52e - - default default] Successfully bumped revision number for resource 96dc6a3d-8590-4ba0-a207-dcdeba4b4558 (type: security_group_rules) to 0
2026-06-18 10:02:01.805 8 INFO neutron.db.ovn_revision_numbers_db [None req-08bdae07-b687-496f-9b40-2916032fb15c - - - - - -] Successfully bumped revision number for resource 7c91c5d4-6940-4477-8604-653662a76669 (type: ports) to 1
2026-06-18 10:02:01.810 7 INFO neutron.db.ovn_revision_numbers_db [None req-c382ad01-233f-4bfd-b546-6b81b5747831 8d6c9ef5b36742ee96804c504307d354 999737d782044ba6b179cd6ccdfbd52e - - default default] Successfully bumped revision number for resource f964d3da-5ba3-4e49-87f4-ab6fc380c062 (type: security_group_rules) to 0
2026-06-18 10:02:01.925 8 WARNING neutron.scheduler.dhcp_agent_scheduler [None req-08bdae07-b687-496f-9b40-2916032fb15c - - - - - -] No more DHCP agents
2026-06-18 10:02:01.926 8 WARNING neutron.api.rpc.agentnotifiers.dhcp_rpc_agent_api [None req-08bdae07-b687-496f-9b40-2916032fb15c - - - - - -] Unable to schedule network 91062c5e-dd5c-4d0a-b3a0-3812c4320826: no agents available; will retry on subsequent port and subnet creation events.
2026-06-18 10:02:01.959 8 INFO neutron.db.ovn_revision_numbers_db [None req-08bdae07-b687-496f-9b40-2916032fb15c - - - - - -] Successfully bumped revision number for resource 6d7385b3-7945-4255-950f-ed40601b3875 (type: subnets) to 0
2026-06-18 10:02:01.980 7 INFO neutron.db.ovn_revision_numbers_db [None req-c382ad01-233f-4bfd-b546-6b81b5747831 8d6c9ef5b36742ee96804c504307d354 999737d782044ba6b179cd6ccdfbd52e - - default default] Successfully bumped revision number for resource c12e446e-8d96-4b46-bcaf-f530ff1e2b24 (type: security_groups) to 1
2026-06-18 10:02:01.992 7 INFO neutron.db.ovn_revision_numbers_db [None req-c382ad01-233f-4bfd-b546-6b81b5747831 8d6c9ef5b36742ee96804c504307d354 999737d782044ba6b179cd6ccdfbd52e - - default default] Successfully bumped revision number for resource 539464a7-97ea-4378-ab87-cac5981df15f (type: security_group_rules) to 0
2026-06-18 10:02:02.004 7 INFO neutron.db.ovn_revision_numbers_db [None req-c382ad01-233f-4bfd-b546-6b81b5747831 8d6c9ef5b36742ee96804c504307d354 999737d782044ba6b179cd6ccdfbd52e - - default default] Successfully bumped revision number for resource f414e4e1-7bd1-4cde-9d52-c531ac8c76cc (type: security_group_rules) to 0 [pid: 7|app: 0|req: 1297/2580] 10.0.0.245 () {34 vars in 684 bytes} [Thu Jun 18 10:02:01 2026] POST /v2.0/security-groups => generated 1603 bytes in 671 msecs (HTTP/1.1 201) 4 headers in 163 bytes (1 switches on core 0)
2026-06-18 10:02:02.174 7 INFO neutron.db.ovn_revision_numbers_db [None req-3cea8ed9-476d-4279-ac62-1a6916bd1134 8d6c9ef5b36742ee96804c504307d354 999737d782044ba6b179cd6ccdfbd52e - - default default] Successfully bumped revision number for resource 677441e5-7ce1-404d-b7b2-0d16af9342b9 (type: security_groups) to 1
2026-06-18 10:02:02.186 7 INFO neutron.db.ovn_revision_numbers_db [None req-3cea8ed9-476d-4279-ac62-1a6916bd1134 8d6c9ef5b36742ee96804c504307d354 999737d782044ba6b179cd6ccdfbd52e - - default default] Successfully bumped revision number for resource 58c267e5-2103-485d-8b37-92e457819f8a (type: security_group_rules) to 0
2026-06-18 10:02:02.200 7 INFO neutron.db.ovn_revision_numbers_db [None req-3cea8ed9-476d-4279-ac62-1a6916bd1134 8d6c9ef5b36742ee96804c504307d354 999737d782044ba6b179cd6ccdfbd52e - - default default] Successfully bumped revision number for resource 5bec63cc-f9b9-44cc-864a-5a968596a6e3 (type: security_group_rules) to 0 [pid: 7|app: 0|req: 1298/2581] 10.0.0.245 () {34 vars in 684 bytes} [Thu Jun 18 10:02:02 2026] POST /v2.0/security-groups => generated 1603 bytes in 185 msecs (HTTP/1.1 201) 4 headers in 163 bytes (1 switches on core 0)
2026-06-18 10:02:02.325 8 WARNING neutron.scheduler.dhcp_agent_scheduler [None req-08bdae07-b687-496f-9b40-2916032fb15c - - - - - -] No more DHCP agents
2026-06-18 10:02:02.330 8 WARNING neutron.api.rpc.agentnotifiers.dhcp_rpc_agent_api [None req-08bdae07-b687-496f-9b40-2916032fb15c - - - - - -] Unable to schedule network 91062c5e-dd5c-4d0a-b3a0-3812c4320826: no agents available; will retry on subsequent port and subnet creation events.
2026-06-18 10:02:02.350 7 INFO neutron.db.ovn_revision_numbers_db [None req-8b0b43c7-c3b5-4e7b-b3c7-3657eaceb2f6 8d6c9ef5b36742ee96804c504307d354 999737d782044ba6b179cd6ccdfbd52e - - default default] Successfully bumped revision number for resource 02fadd4b-1123-42ba-a0b6-18bc0700466b (type: security_groups) to 1
2026-06-18 10:02:02.365 7 INFO neutron.db.ovn_revision_numbers_db [None req-8b0b43c7-c3b5-4e7b-b3c7-3657eaceb2f6 8d6c9ef5b36742ee96804c504307d354 999737d782044ba6b179cd6ccdfbd52e - - default default] Successfully bumped revision number for resource 14f3da80-7ddf-4e8b-b8f1-df1065e1e70e (type: security_group_rules) to 0
2026-06-18 10:02:02.376 7 INFO neutron.db.ovn_revision_numbers_db [None req-8b0b43c7-c3b5-4e7b-b3c7-3657eaceb2f6 8d6c9ef5b36742ee96804c504307d354 999737d782044ba6b179cd6ccdfbd52e - - default default] Successfully bumped revision number for resource 3575ccb3-1287-407d-a20e-2f70f8eb9051 (type: security_group_rules) to 0 [pid: 7|app: 0|req: 1299/2582] 10.0.0.245 () {34 vars in 684 bytes} [Thu Jun 18 10:02:02 2026] POST /v2.0/security-groups => generated 1603 bytes in 171 msecs (HTTP/1.1 201) 4 headers in 163 bytes (1 switches on core 0)
2026-06-18 10:02:02.443 7 INFO neutron.plugins.ml2.drivers.ovn.mech_driver.mech_driver [None req-5c551cf2-6eec-41ae-9204-ae1f336330d7 - - - - - -] OVN reports status down for port: 9fbbed1f-1aa6-4c11-9adb-6a6980cb7cbf
