2026-06-18 09:59:42.069 8 INFO neutron_taas.services.taas.tap_mirror_plugin [None req-d8c733c2-11da-4f4a-b3af-bfe069ee5741 e352b11885664ca2825c542fe32cbb89 877a9410a6fc4515b753068bb2bcb9fb - - default default] Tap Mirror: Handle Delete Port: f3d060d7-62b0-4e6d-87f2-c4f5caa3ccf8 /var/lib/openstack/lib/python3.12/site-packages/pycadf/identifier.py:70: UserWarning: Invalid uuid: neutron. To ensure interoperability, identifiers should be a valid uuid. warnings.warn(('Invalid uuid: %s. To ensure interoperability, ' [pid: 7|app: 0|req: 724/1468] 199.204.45.169 () {34 vars in 1080 bytes} [Thu Jun 18 09:59:42 2026] GET /v2.0/ports?tenant_id=69e3028f98444497b8209422502d7322&device_id=dbc7c0e2-0113-4ad6-b669-0200b97dc34b => generated 1207 bytes in 41 msecs (HTTP/1.1 200) 4 headers in 158 bytes (1 switches on core 0) [pid: 8|app: 0|req: 745/1469] 10.0.0.245 () {32 vars in 724 bytes} [Thu Jun 18 09:59:41 2026] DELETE /v2.0/routers/9b712c4c-1d96-489f-b188-cbf7dad9a2aa => generated 0 bytes in 669 msecs (HTTP/1.1 204) 2 headers in 112 bytes (1 switches on core 0) [pid: 8|app: 0|req: 746/1470] 199.204.45.169 () {34 vars in 1058 bytes} [Thu Jun 18 09:59:42 2026] GET /v2.0/floatingips?fixed_ip_address=10.100.0.4&port_id=086906df-08d1-4bd9-9d99-d8343c25346a => generated 19 bytes in 20 msecs (HTTP/1.1 200) 4 headers in 156 bytes (1 switches on core 0)
2026-06-18 09:59:42.482 7 INFO neutron.db.ovn_revision_numbers_db [None req-f7f421c0-2337-43f1-aa63-b5de775e6365 e352b11885664ca2825c542fe32cbb89 877a9410a6fc4515b753068bb2bcb9fb - - default default] Successfully bumped revision number for resource d5b9227c-9df0-432d-a432-6d88db7efc49 (type: security_groups) to 1
2026-06-18 09:59:42.494 7 INFO neutron.db.ovn_revision_numbers_db [None req-f7f421c0-2337-43f1-aa63-b5de775e6365 e352b11885664ca2825c542fe32cbb89 877a9410a6fc4515b753068bb2bcb9fb - - default default] Successfully bumped revision number for resource 06e3374f-895d-494d-8b26-a5a929b7cf78 (type: security_group_rules) to 0
2026-06-18 09:59:42.522 7 INFO neutron.db.ovn_revision_numbers_db [None req-f7f421c0-2337-43f1-aa63-b5de775e6365 e352b11885664ca2825c542fe32cbb89 877a9410a6fc4515b753068bb2bcb9fb - - default default] Successfully bumped revision number for resource 29a698d2-cf5e-4555-a03b-13c3ae4949e9 (type: security_group_rules) to 0
2026-06-18 09:59:42.551 7 INFO neutron.db.ovn_revision_numbers_db [None req-f7f421c0-2337-43f1-aa63-b5de775e6365 e352b11885664ca2825c542fe32cbb89 877a9410a6fc4515b753068bb2bcb9fb - - default default] Successfully bumped revision number for resource 41db6fd3-7732-4114-acf5-af0dd627ed05 (type: security_group_rules) to 0
2026-06-18 09:59:42.567 7 INFO neutron.db.ovn_revision_numbers_db [None req-f7f421c0-2337-43f1-aa63-b5de775e6365 e352b11885664ca2825c542fe32cbb89 877a9410a6fc4515b753068bb2bcb9fb - - default default] Successfully bumped revision number for resource 916eb21c-cd16-450e-8772-3b74d626c748 (type: security_group_rules) to 0
2026-06-18 09:59:42.652 7 INFO neutron.db.segments_db [None req-f7f421c0-2337-43f1-aa63-b5de775e6365 e352b11885664ca2825c542fe32cbb89 877a9410a6fc4515b753068bb2bcb9fb - - default default] Added segment 302f6e6d-2eb1-4733-9ae2-eba13cd160ca of type geneve for network 30c093b9-53c5-4a85-b51e-8dd63d8e7c7f [pid: 8|app: 0|req: 747/1471] 10.0.0.245 () {32 vars in 724 bytes} [Thu Jun 18 09:59:42 2026] DELETE /v2.0/subnets/ccde786f-8ecb-4bc7-8730-d7365b1e2b3e => generated 0 bytes in 218 msecs (HTTP/1.1 204) 3 headers in 131 bytes (1 switches on core 0) [pid: 8|app: 0|req: 748/1472] 199.204.45.169 () {34 vars in 984 bytes} [Thu Jun 18 09:59:42 2026] GET /v2.0/subnets?id=ef240293-c3de-4a6f-9b83-3fc190453254 => generated 678 bytes in 37 msecs (HTTP/1.1 200) 4 headers in 157 bytes (1 switches on core 0)
2026-06-18 09:59:42.773 7 INFO neutron.db.ovn_revision_numbers_db [None req-f7f421c0-2337-43f1-aa63-b5de775e6365 e352b11885664ca2825c542fe32cbb89 877a9410a6fc4515b753068bb2bcb9fb - - default default] Successfully bumped revision number for resource 30c093b9-53c5-4a85-b51e-8dd63d8e7c7f (type: networks) to 1
2026-06-18 09:59:42.847 8 INFO neutron_taas.services.taas.taas_plugin [None req-dafe584b-1259-43b4-8848-6ef14e3dd129 e352b11885664ca2825c542fe32cbb89 877a9410a6fc4515b753068bb2bcb9fb - - default default] TaaS: Handle Delete Port: 2b438e42-0b1c-40fd-ae65-40f69d2b5f72
2026-06-18 09:59:42.851 8 INFO neutron_taas.services.taas.tap_mirror_plugin [None req-dafe584b-1259-43b4-8848-6ef14e3dd129 e352b11885664ca2825c542fe32cbb89 877a9410a6fc4515b753068bb2bcb9fb - - default default] Tap Mirror: Handle Delete Port: 2b438e42-0b1c-40fd-ae65-40f69d2b5f72
2026-06-18 09:59:42.915 7 WARNING neutron.scheduler.dhcp_agent_scheduler [None req-f7f421c0-2337-43f1-aa63-b5de775e6365 e352b11885664ca2825c542fe32cbb89 877a9410a6fc4515b753068bb2bcb9fb - - default default] No more DHCP agents
2026-06-18 09:59:42.917 7 WARNING neutron.api.rpc.agentnotifiers.dhcp_rpc_agent_api [None req-f7f421c0-2337-43f1-aa63-b5de775e6365 e352b11885664ca2825c542fe32cbb89 877a9410a6fc4515b753068bb2bcb9fb - - default default] Unable to schedule network 30c093b9-53c5-4a85-b51e-8dd63d8e7c7f: no agents available; will retry on subsequent port and subnet creation events.
2026-06-18 09:59:42.959 8 INFO neutron.plugins.ml2.drivers.ovn.mech_driver.mech_driver [None req-12c86edf-3ac0-423a-b904-f056dadb7a27 - - - - - -] OVN reports status down for port: eae88dc6-689c-4e5e-8cb2-78e76f48fdbc
2026-06-18 09:59:43.011 7 INFO neutron.db.ovn_revision_numbers_db [None req-f7f421c0-2337-43f1-aa63-b5de775e6365 e352b11885664ca2825c542fe32cbb89 877a9410a6fc4515b753068bb2bcb9fb - - default default] Successfully bumped revision number for resource eae88dc6-689c-4e5e-8cb2-78e76f48fdbc (type: ports) to 1 [pid: 7|app: 0|req: 725/1473] 10.0.0.245 () {34 vars in 671 bytes} [Thu Jun 18 09:59:42 2026] POST /v2.0/networks => generated 761 bytes in 897 msecs (HTTP/1.1 201) 4 headers in 162 bytes (1 switches on core 0) [pid: 7|app: 0|req: 726/1474] 199.204.45.169 () {34 vars in 1052 bytes} [Thu Jun 18 09:59:43 2026] GET /v2.0/ports?network_id=54da05be-e6d6-47df-b7d6-5eb15a597c10&device_owner=network%3Adhcp => generated 12 bytes in 15 msecs (HTTP/1.1 200) 4 headers in 156 bytes (1 switches on core 0) [pid: 7|app: 0|req: 727/1475] 10.0.0.157 () {34 vars in 990 bytes} [Thu Jun 18 09:59:43 2026] GET /v2.0/ports?device_id=dbc7c0e2-0113-4ad6-b669-0200b97dc34b => generated 969 bytes in 28 msecs (HTTP/1.1 200) 4 headers in 157 bytes (1 switches on core 0)
2026-06-18 09:59:43.096 8 INFO neutron.services.segments.plugin [-] Segment 2af06331-2dc2-4de1-b8be-9cb8380cd37b resource provider aggregate not found
2026-06-18 09:59:43.098 8 INFO neutron.services.segments.plugin [-] Segment 2af06331-2dc2-4de1-b8be-9cb8380cd37b resource provider aggregate not found
2026-06-18 09:59:43.117 8 INFO neutron.services.segments.plugin [-] Segment 2af06331-2dc2-4de1-b8be-9cb8380cd37b resource provider not found; error: Placement Client Error (4xx): {"errors": [{"status": 404, "title": "Not Found", "detail": "The resource could not be found.\n\n No resource provider with uuid 2af06331-2dc2-4de1-b8be-9cb8380cd37b found for delete ", "request_id": "req-76b5b1f4-90d9-48f9-a5d6-cba7df5743cb"}]}
2026-06-18 09:59:43.118 8 INFO neutron.services.segments.plugin [-] Segment 2af06331-2dc2-4de1-b8be-9cb8380cd37b resource provider not found; error: Placement Client Error (4xx): {"errors": [{"status": 404, "title": "Not Found", "detail": "The resource could not be found.\n\n No resource provider with uuid 2af06331-2dc2-4de1-b8be-9cb8380cd37b found for delete ", "request_id": "req-a809430b-80b3-46f8-9181-ba04ae0637e1"}]} [pid: 8|app: 0|req: 749/1476] 10.0.0.245 () {32 vars in 726 bytes} [Thu Jun 18 09:59:42 2026] DELETE /v2.0/networks/1ba45b3a-32d9-4618-af75-00eb6760af2a => generated 0 bytes in 435 msecs (HTTP/1.1 204) 3 headers in 131 bytes (1 switches on core 0) [pid: 8|app: 0|req: 750/1477] 199.204.45.169 () {34 vars in 1012 bytes} [Thu Jun 18 09:59:43 2026] GET /v2.0/networks/54da05be-e6d6-47df-b7d6-5eb15a597c10?fields=segments => generated 14 bytes in 37 msecs (HTTP/1.1 200) 4 headers in 156 bytes (1 switches on core 0) [pid: 8|app: 0|req: 751/1478] 10.0.0.157 () {34 vars in 1040 bytes} [Thu Jun 18 09:59:43 2026] GET /v2.0/security-groups?id=7ded40ff-eeb6-435d-b7e2-a3df976b42c3&fields=id&fields=name => generated 114 bytes in 24 msecs (HTTP/1.1 200) 4 headers in 157 bytes (1 switches on core 0)
2026-06-18 09:59:43.198 7 WARNING neutron.scheduler.dhcp_agent_scheduler [None req-b2712c03-db99-4ce8-b23b-53620d4da2c4 e352b11885664ca2825c542fe32cbb89 877a9410a6fc4515b753068bb2bcb9fb - - default default] No more DHCP agents
2026-06-18 09:59:43.199 7 WARNING neutron.api.rpc.agentnotifiers.dhcp_rpc_agent_api [None req-b2712c03-db99-4ce8-b23b-53620d4da2c4 e352b11885664ca2825c542fe32cbb89 877a9410a6fc4515b753068bb2bcb9fb - - default default] Unable to schedule network 30c093b9-53c5-4a85-b51e-8dd63d8e7c7f: no agents available; will retry on subsequent port and subnet creation events. [pid: 8|app: 0|req: 752/1479] 199.204.45.169 () {34 vars in 1112 bytes} [Thu Jun 18 09:59:43 2026] GET /v2.0/networks/54da05be-e6d6-47df-b7d6-5eb15a597c10?fields=provider%3Aphysical_network&fields=provider%3Anetwork_type => generated 79 bytes in 34 msecs (HTTP/1.1 200) 4 headers in 156 bytes (1 switches on core 0) [pid: 8|app: 0|req: 753/1480] 10.0.0.245 () {32 vars in 774 bytes} [Thu Jun 18 09:59:43 2026] GET /v2.0/security-groups?tenant_id=5adc3d8706b04bb69dc0a32ffec10baf&name=default => generated 2925 bytes in 29 msecs (HTTP/1.1 200) 4 headers in 158 bytes (1 switches on core 0)
2026-06-18 09:59:43.533 7 INFO neutron.db.ovn_revision_numbers_db [None req-7faaf295-1992-4899-9cc7-05f519c231df - - - - - -] Successfully bumped revision number for resource eae88dc6-689c-4e5e-8cb2-78e76f48fdbc (type: ports) to 2 [pid: 8|app: 0|req: 754/1481] 10.0.0.245 () {32 vars in 740 bytes} [Thu Jun 18 09:59:43 2026] DELETE /v2.0/security-groups/afe873dc-706e-4d1b-9e77-18ba8c8cf480 => generated 0 bytes in 212 msecs (HTTP/1.1 204) 2 headers in 112 bytes (1 switches on core 0)
2026-06-18 09:59:43.566 7 INFO neutron.db.ovn_revision_numbers_db [None req-7faaf295-1992-4899-9cc7-05f519c231df - - - - - -] Successfully bumped revision number for resource 52182c4d-523c-4955-8005-80321cbb0f27 (type: subnets) to 0 [pid: 7|app: 0|req: 728/1482] 10.0.0.245 () {34 vars in 669 bytes} [Thu Jun 18 09:59:43 2026] POST /v2.0/subnets => generated 686 bytes in 515 msecs (HTTP/1.1 201) 4 headers in 162 bytes (1 switches on core 0)
2026-06-18 09:59:43.972 8 WARNING neutron.scheduler.dhcp_agent_scheduler [None req-dc8fbdc2-f80d-4bcc-9567-a673ad723a50 e352b11885664ca2825c542fe32cbb89 877a9410a6fc4515b753068bb2bcb9fb - - default default] No more DHCP agents
2026-06-18 09:59:43.973 8 WARNING neutron.api.rpc.agentnotifiers.dhcp_rpc_agent_api [None req-dc8fbdc2-f80d-4bcc-9567-a673ad723a50 e352b11885664ca2825c542fe32cbb89 877a9410a6fc4515b753068bb2bcb9fb - - default default] Unable to schedule network e780e783-dc77-4a05-8d7f-372b0d7fa8e6: no agents available; will retry on subsequent port and subnet creation events.
2026-06-18 09:59:43.996 7 INFO neutron.db.ovn_revision_numbers_db [None req-550ad7ab-01c2-4486-b579-d0d9fad2d81a e352b11885664ca2825c542fe32cbb89 877a9410a6fc4515b753068bb2bcb9fb - - default default] Successfully bumped revision number for resource 2e81cd95-d978-4003-babf-13b30f28406f (type: security_groups) to 1
2026-06-18 09:59:44.011 7 INFO neutron.db.ovn_revision_numbers_db [None req-550ad7ab-01c2-4486-b579-d0d9fad2d81a e352b11885664ca2825c542fe32cbb89 877a9410a6fc4515b753068bb2bcb9fb - - default default] Successfully bumped revision number for resource 270aa26e-6421-4fc4-bdec-55c72c5be269 (type: security_group_rules) to 0
2026-06-18 09:59:44.027 7 INFO neutron.db.ovn_revision_numbers_db [None req-550ad7ab-01c2-4486-b579-d0d9fad2d81a e352b11885664ca2825c542fe32cbb89 877a9410a6fc4515b753068bb2bcb9fb - - default default] Successfully bumped revision number for resource 5c9dd161-35f9-461c-9e46-490efcc2208b (type: security_group_rules) to 0
2026-06-18 09:59:44.035 7 INFO neutron.db.ovn_revision_numbers_db [None req-550ad7ab-01c2-4486-b579-d0d9fad2d81a e352b11885664ca2825c542fe32cbb89 877a9410a6fc4515b753068bb2bcb9fb - - default default] Successfully bumped revision number for resource 80ac1ea0-ae45-4ef0-b467-7b1d00978982 (type: security_group_rules) to 0
2026-06-18 09:59:44.044 7 INFO neutron.db.ovn_revision_numbers_db [None req-550ad7ab-01c2-4486-b579-d0d9fad2d81a e352b11885664ca2825c542fe32cbb89 877a9410a6fc4515b753068bb2bcb9fb - - default default] Successfully bumped revision number for resource ea2994ad-dcff-4060-8727-c1abbb0d81ea (type: security_group_rules) to 0 [pid: 7|app: 0|req: 729/1483] 10.0.0.245 () {32 vars in 774 bytes} [Thu Jun 18 09:59:43 2026] GET /v2.0/security-groups?tenant_id=4c4adb5dd7cd44239837b05179f70d31&name=default => generated 2925 bytes in 378 msecs (HTTP/1.1 200) 4 headers in 158 bytes (1 switches on core 0)
2026-06-18 09:59:44.141 7 INFO neutron.plugins.ml2.drivers.ovn.mech_driver.mech_driver [None req-40b13a1d-af0c-4d84-ace5-3faebb380ea2 - - - - - -] OVN reports status down for port: 61e9b2ff-9b94-4e0c-bb7b-ee69833da376
2026-06-18 09:59:44.141 8 INFO neutron.db.ovn_revision_numbers_db [None req-dc8fbdc2-f80d-4bcc-9567-a673ad723a50 e352b11885664ca2825c542fe32cbb89 877a9410a6fc4515b753068bb2bcb9fb - - default default] Successfully bumped revision number for resource 61e9b2ff-9b94-4e0c-bb7b-ee69833da376 (type: ports) to 1 [pid: 7|app: 0|req: 730/1484] 10.0.0.245 () {32 vars in 740 bytes} [Thu Jun 18 09:59:44 2026] DELETE /v2.0/security-groups/2e81cd95-d978-4003-babf-13b30f28406f => generated 0 bytes in 261 msecs (HTTP/1.1 204) 2 headers in 112 bytes (1 switches on core 0) [pid: 7|app: 0|req: 731/1485] 10.0.0.157 () {34 vars in 990 bytes} [Thu Jun 18 09:59:44 2026] GET /v2.0/ports?device_id=dbc7c0e2-0113-4ad6-b669-0200b97dc34b => generated 969 bytes in 26 msecs (HTTP/1.1 200) 4 headers in 157 bytes (1 switches on core 0) [pid: 7|app: 0|req: 732/1486] 10.0.0.157 () {34 vars in 1040 bytes} [Thu Jun 18 09:59:44 2026] GET /v2.0/security-groups?id=7ded40ff-eeb6-435d-b7e2-a3df976b42c3&fields=id&fields=name => generated 114 bytes in 30 msecs (HTTP/1.1 200) 4 headers in 157 bytes (1 switches on core 0)
2026-06-18 09:59:44.533 7 INFO neutron.db.ovn_revision_numbers_db [None req-29bbf0e1-6638-44e8-9c64-239ec7f52499 e352b11885664ca2825c542fe32cbb89 877a9410a6fc4515b753068bb2bcb9fb - - default default] Successfully bumped revision number for resource a6327b4c-5520-445d-9065-d1fe5ce69382 (type: security_groups) to 1
2026-06-18 09:59:44.549 7 INFO neutron.db.ovn_revision_numbers_db [None req-29bbf0e1-6638-44e8-9c64-239ec7f52499 e352b11885664ca2825c542fe32cbb89 877a9410a6fc4515b753068bb2bcb9fb - - default default] Successfully bumped revision number for resource 6b489f80-8325-4228-95dc-5c8c1a53f4bb (type: security_group_rules) to 0
2026-06-18 09:59:44.562 7 INFO neutron.db.ovn_revision_numbers_db [None req-29bbf0e1-6638-44e8-9c64-239ec7f52499 e352b11885664ca2825c542fe32cbb89 877a9410a6fc4515b753068bb2bcb9fb - - default default] Successfully bumped revision number for resource 86b1cca8-fc7b-44c7-8077-c379d2c3c2d8 (type: security_group_rules) to 0
2026-06-18 09:59:44.572 7 INFO neutron.db.ovn_revision_numbers_db [None req-29bbf0e1-6638-44e8-9c64-239ec7f52499 e352b11885664ca2825c542fe32cbb89 877a9410a6fc4515b753068bb2bcb9fb - - default default] Successfully bumped revision number for resource 9ff11f1f-a8fd-4312-935e-dbeaca1e541c (type: security_group_rules) to 0
2026-06-18 09:59:44.583 7 INFO neutron.db.ovn_revision_numbers_db [None req-29bbf0e1-6638-44e8-9c64-239ec7f52499 e352b11885664ca2825c542fe32cbb89 877a9410a6fc4515b753068bb2bcb9fb - - default default] Successfully bumped revision number for resource a95b198d-675e-4fc7-a430-8bbdea6cfad3 (type: security_group_rules) to 0 [pid: 7|app: 0|req: 733/1487] 10.0.0.245 () {32 vars in 774 bytes} [Thu Jun 18 09:59:44 2026] GET /v2.0/security-groups?tenant_id=d49e1b09bdf3443fa15eb785ef66ea26&name=default => generated 2925 bytes in 205 msecs (HTTP/1.1 200) 4 headers in 158 bytes (1 switches on core 0)
2026-06-18 09:59:44.757 8 INFO neutron.plugins.ml2.drivers.ovn.mech_driver.ovsdb.commands [None req-dd67596b-5d64-411a-bcb9-f1d68c5ef150 - - - - - -] Schedule LRP lrp-61e9b2ff-9b94-4e0c-bb7b-ee69833da376 on gateway c15bd327-7180-4a49-ad01-6a0e10d7b68a with priority 1
2026-06-18 09:59:44.794 8 INFO neutron.plugins.ml2.drivers.ovn.mech_driver.ovsdb.ovsdb_monitor [None req-7e770330-efa7-4a44-a7ef-150efe4bcd76 - - - - - -] Router d89368b4-85f3-426c-a2e3-eddeb0d22103 is bound to host instance
2026-06-18 09:59:44.811 7 INFO neutron.plugins.ml2.drivers.ovn.mech_driver.mech_driver [None req-40b13a1d-af0c-4d84-ace5-3faebb380ea2 - - - - - -] OVN reports status up for port: 61e9b2ff-9b94-4e0c-bb7b-ee69833da376
2026-06-18 09:59:44.830 7 INFO neutron.plugins.ml2.plugin [None req-40b13a1d-af0c-4d84-ace5-3faebb380ea2 - - - - - -] Attempt 1 to provision port 61e9b2ff-9b94-4e0c-bb7b-ee69833da376
2026-06-18 09:59:44.842 8 INFO neutron.db.ovn_revision_numbers_db [None req-dc8fbdc2-f80d-4bcc-9567-a673ad723a50 e352b11885664ca2825c542fe32cbb89 877a9410a6fc4515b753068bb2bcb9fb - - default default] Successfully bumped revision number for resource 61e9b2ff-9b94-4e0c-bb7b-ee69833da376 (type: router_ports) to 1 [pid: 7|app: 0|req: 734/1488] 10.0.0.245 () {32 vars in 740 bytes} [Thu Jun 18 09:59:44 2026] DELETE /v2.0/security-groups/a6327b4c-5520-445d-9065-d1fe5ce69382 => generated 0 bytes in 335 msecs (HTTP/1.1 204) 2 headers in 112 bytes (1 switches on core 0)
2026-06-18 09:59:44.974 8 INFO neutron.db.ovn_revision_numbers_db [None req-dc8fbdc2-f80d-4bcc-9567-a673ad723a50 e352b11885664ca2825c542fe32cbb89 877a9410a6fc4515b753068bb2bcb9fb - - default default] Successfully bumped revision number for resource d89368b4-85f3-426c-a2e3-eddeb0d22103 (type: routers) to 2 [pid: 8|app: 0|req: 755/1489] 10.0.0.245 () {34 vars in 669 bytes} [Thu Jun 18 09:59:43 2026] POST /v2.0/routers => generated 964 bytes in 1408 msecs (HTTP/1.1 201) 4 headers in 162 bytes (1 switches on core 0)
2026-06-18 09:59:45.432 7 WARNING neutron.scheduler.dhcp_agent_scheduler [None req-7a5dc9df-b25a-4678-8e67-7f1e3a1c14de e352b11885664ca2825c542fe32cbb89 877a9410a6fc4515b753068bb2bcb9fb - - default default] No more DHCP agents
2026-06-18 09:59:45.434 7 WARNING neutron.api.rpc.agentnotifiers.dhcp_rpc_agent_api [None req-7a5dc9df-b25a-4678-8e67-7f1e3a1c14de e352b11885664ca2825c542fe32cbb89 877a9410a6fc4515b753068bb2bcb9fb - - default default] Unable to schedule network 30c093b9-53c5-4a85-b51e-8dd63d8e7c7f: no agents available; will retry on subsequent port and subnet creation events.
2026-06-18 09:59:45.608 7 INFO neutron.db.ovn_revision_numbers_db [None req-7a5dc9df-b25a-4678-8e67-7f1e3a1c14de e352b11885664ca2825c542fe32cbb89 877a9410a6fc4515b753068bb2bcb9fb - - default default] Successfully bumped revision number for resource ca8c5462-4ec4-4e0f-b5db-225ec3225b5b (type: ports) to 1 [pid: 8|app: 0|req: 756/1490] 10.0.0.157 () {34 vars in 990 bytes} [Thu Jun 18 09:59:45 2026] GET /v2.0/ports?device_id=dbc7c0e2-0113-4ad6-b669-0200b97dc34b => generated 969 bytes in 182 msecs (HTTP/1.1 200) 4 headers in 157 bytes (1 switches on core 0) [pid: 8|app: 0|req: 757/1491] 10.0.0.157 () {34 vars in 1040 bytes} [Thu Jun 18 09:59:45 2026] GET /v2.0/security-groups?id=7ded40ff-eeb6-435d-b7e2-a3df976b42c3&fields=id&fields=name => generated 114 bytes in 81 msecs (HTTP/1.1 200) 4 headers in 157 bytes (1 switches on core 0)
2026-06-18 09:59:45.823 8 INFO neutron.db.ovn_revision_numbers_db [None req-a2464ea1-0a2e-41cb-a62d-881dcad1cc05 - - - - - -] Successfully bumped revision number for resource 61e9b2ff-9b94-4e0c-bb7b-ee69833da376 (type: ports) to 4
2026-06-18 09:59:46.187 8 INFO neutron.db.ovn_revision_numbers_db [None req-a2464ea1-0a2e-41cb-a62d-881dcad1cc05 - - - - - -] Successfully bumped revision number for resource 61e9b2ff-9b94-4e0c-bb7b-ee69833da376 (type: ports) to 5
2026-06-18 09:59:46.404 7 WARNING neutron.scheduler.dhcp_agent_scheduler [None req-7a5dc9df-b25a-4678-8e67-7f1e3a1c14de e352b11885664ca2825c542fe32cbb89 877a9410a6fc4515b753068bb2bcb9fb - - default default] No more DHCP agents
2026-06-18 09:59:46.406 7 WARNING neutron.api.rpc.agentnotifiers.dhcp_rpc_agent_api [None req-7a5dc9df-b25a-4678-8e67-7f1e3a1c14de e352b11885664ca2825c542fe32cbb89 877a9410a6fc4515b753068bb2bcb9fb - - default default] Unable to schedule network 30c093b9-53c5-4a85-b51e-8dd63d8e7c7f: no agents available; will retry on subsequent port and subnet creation events. [pid: 8|app: 0|req: 758/1492] 10.0.0.157 () {34 vars in 990 bytes} [Thu Jun 18 09:59:46 2026] GET /v2.0/ports?device_id=dbc7c0e2-0113-4ad6-b669-0200b97dc34b => generated 969 bytes in 62 msecs (HTTP/1.1 200) 4 headers in 157 bytes (1 switches on core 0) [pid: 8|app: 0|req: 759/1493] 10.0.0.157 () {34 vars in 1040 bytes} [Thu Jun 18 09:59:46 2026] GET /v2.0/security-groups?id=7ded40ff-eeb6-435d-b7e2-a3df976b42c3&fields=id&fields=name => generated 114 bytes in 29 msecs (HTTP/1.1 200) 4 headers in 157 bytes (1 switches on core 0)
2026-06-18 09:59:46.925 7 INFO neutron.db.ovn_revision_numbers_db [None req-7a5dc9df-b25a-4678-8e67-7f1e3a1c14de e352b11885664ca2825c542fe32cbb89 877a9410a6fc4515b753068bb2bcb9fb - - default default] Successfully bumped revision number for resource ca8c5462-4ec4-4e0f-b5db-225ec3225b5b (type: router_ports) to 1 [pid: 7|app: 0|req: 735/1494] 10.0.0.245 () {34 vars in 783 bytes} [Thu Jun 18 09:59:45 2026] PUT /v2.0/routers/d89368b4-85f3-426c-a2e3-eddeb0d22103/add_router_interface => generated 309 bytes in 1921 msecs (HTTP/1.1 200) 4 headers in 157 bytes (1 switches on core 0)
2026-06-18 09:59:47.624 8 INFO neutron.db.ovn_revision_numbers_db [None req-fae9036c-0227-4f84-b695-a0a9b52855ba e352b11885664ca2825c542fe32cbb89 877a9410a6fc4515b753068bb2bcb9fb - - default default] Successfully bumped revision number for resource bd0c9a0b-c5ce-416e-9a02-478385dfb645 (type: security_groups) to 1
2026-06-18 09:59:47.638 8 INFO neutron.db.ovn_revision_numbers_db [None req-fae9036c-0227-4f84-b695-a0a9b52855ba e352b11885664ca2825c542fe32cbb89 877a9410a6fc4515b753068bb2bcb9fb - - default default] Successfully bumped revision number for resource 36111658-84ea-4ab2-9af2-96784092759f (type: security_group_rules) to 0
2026-06-18 09:59:47.651 8 INFO neutron.db.ovn_revision_numbers_db [None req-fae9036c-0227-4f84-b695-a0a9b52855ba e352b11885664ca2825c542fe32cbb89 877a9410a6fc4515b753068bb2bcb9fb - - default default] Successfully bumped revision number for resource 5469546e-1cf1-46ec-b226-b3b5130ad31c (type: security_group_rules) to 0
2026-06-18 09:59:47.662 8 INFO neutron.db.ovn_revision_numbers_db [None req-fae9036c-0227-4f84-b695-a0a9b52855ba e352b11885664ca2825c542fe32cbb89 877a9410a6fc4515b753068bb2bcb9fb - - default default] Successfully bumped revision number for resource 69885e00-cba1-4bad-b660-c697a8f0cab9 (type: security_group_rules) to 0
2026-06-18 09:59:47.665 7 INFO neutron.plugins.ml2.drivers.ovn.mech_driver.mech_driver [None req-40b13a1d-af0c-4d84-ace5-3faebb380ea2 - - - - - -] OVN reports status down for port: ca8c5462-4ec4-4e0f-b5db-225ec3225b5b
2026-06-18 09:59:47.673 8 INFO neutron.db.ovn_revision_numbers_db [None req-fae9036c-0227-4f84-b695-a0a9b52855ba e352b11885664ca2825c542fe32cbb89 877a9410a6fc4515b753068bb2bcb9fb - - default default] Successfully bumped revision number for resource b3c971e5-30e6-4ee8-b286-90a41a34846d (type: security_group_rules) to 0 [pid: 8|app: 0|req: 760/1495] 10.0.0.245 () {32 vars in 774 bytes} [Thu Jun 18 09:59:47 2026] GET /v2.0/security-groups?tenant_id=94b3c17be665481a87ec92b0af8ecedd&name=default => generated 2925 bytes in 380 msecs (HTTP/1.1 200) 4 headers in 158 bytes (1 switches on core 0)
2026-06-18 09:59:47.756 7 WARNING neutron.plugins.ml2.drivers.ovn.mech_driver.ovsdb.ovn_client [None req-40b13a1d-af0c-4d84-ace5-3faebb380ea2 - - - - - -] Logical_Switch_Port %s host information not removed, the port state is up
2026-06-18 09:59:47.759 7 INFO neutron.plugins.ml2.drivers.ovn.mech_driver.mech_driver [None req-40b13a1d-af0c-4d84-ace5-3faebb380ea2 - - - - - -] OVN reports status up for port: 086906df-08d1-4bd9-9d99-d8343c25346a
2026-06-18 09:59:47.780 7 INFO neutron.plugins.ml2.plugin [None req-40b13a1d-af0c-4d84-ace5-3faebb380ea2 - - - - - -] Attempt 1 to provision port 086906df-08d1-4bd9-9d99-d8343c25346a
2026-06-18 09:59:47.948 7 INFO neutron.notifiers.nova [-] Nova event matching ['req-259f6ac4-9ffd-4e9a-98b7-845754934d4b'] response: {'server_uuid': 'dbc7c0e2-0113-4ad6-b669-0200b97dc34b', 'name': 'network-vif-plugged', 'status': 'completed', 'tag': '086906df-08d1-4bd9-9d99-d8343c25346a', 'code': 200} [pid: 8|app: 0|req: 761/1496] 10.0.0.157 () {34 vars in 990 bytes} [Thu Jun 18 09:59:47 2026] GET /v2.0/ports?device_id=dbc7c0e2-0113-4ad6-b669-0200b97dc34b => generated 971 bytes in 52 msecs (HTTP/1.1 200) 4 headers in 157 bytes (1 switches on core 0) [pid: 8|app: 0|req: 762/1497] 10.0.0.157 () {34 vars in 1040 bytes} [Thu Jun 18 09:59:48 2026] GET /v2.0/security-groups?id=7ded40ff-eeb6-435d-b7e2-a3df976b42c3&fields=id&fields=name => generated 114 bytes in 31 msecs (HTTP/1.1 200) 4 headers in 157 bytes (1 switches on core 0) [pid: 7|app: 0|req: 736/1498] 10.0.0.245 () {32 vars in 740 bytes} [Thu Jun 18 09:59:47 2026] DELETE /v2.0/security-groups/bd0c9a0b-c5ce-416e-9a02-478385dfb645 => generated 0 bytes in 418 msecs (HTTP/1.1 204) 2 headers in 112 bytes (1 switches on core 0)
2026-06-18 09:59:48.151 7 INFO neutron.db.ovn_revision_numbers_db [None req-40b13a1d-af0c-4d84-ace5-3faebb380ea2 - - - - - -] Successfully bumped revision number for resource 086906df-08d1-4bd9-9d99-d8343c25346a (type: ports) to 5
2026-06-18 09:59:48.226 7 INFO neutron.plugins.ml2.drivers.ovn.mech_driver.mech_driver [None req-c556d7bb-9cba-453f-a0d8-ac68812e5f60 - - - - - -] OVN reports status up for port: ca8c5462-4ec4-4e0f-b5db-225ec3225b5b
2026-06-18 09:59:48.238 7 INFO neutron.plugins.ml2.plugin [None req-c556d7bb-9cba-453f-a0d8-ac68812e5f60 - - - - - -] Attempt 1 to provision port ca8c5462-4ec4-4e0f-b5db-225ec3225b5b
2026-06-18 09:59:48.321 8 INFO neutron.db.ovn_revision_numbers_db [None req-5d6bea58-fe11-4b60-b7e6-6c18371d2b88 e352b11885664ca2825c542fe32cbb89 877a9410a6fc4515b753068bb2bcb9fb - - default default] Successfully bumped revision number for resource c5744e0b-99f0-47d0-a5ef-b671ba169413 (type: security_groups) to 1
2026-06-18 09:59:48.336 8 INFO neutron.db.ovn_revision_numbers_db [None req-5d6bea58-fe11-4b60-b7e6-6c18371d2b88 e352b11885664ca2825c542fe32cbb89 877a9410a6fc4515b753068bb2bcb9fb - - default default] Successfully bumped revision number for resource 027a42d1-c441-409d-98e6-70284552896e (type: security_group_rules) to 0
2026-06-18 09:59:48.349 8 INFO neutron.db.ovn_revision_numbers_db [None req-5d6bea58-fe11-4b60-b7e6-6c18371d2b88 e352b11885664ca2825c542fe32cbb89 877a9410a6fc4515b753068bb2bcb9fb - - default default] Successfully bumped revision number for resource c1206c26-ac40-4d2c-8ca8-91c8e16edf78 (type: security_group_rules) to 0
2026-06-18 09:59:48.362 8 INFO neutron.db.ovn_revision_numbers_db [None req-5d6bea58-fe11-4b60-b7e6-6c18371d2b88 e352b11885664ca2825c542fe32cbb89 877a9410a6fc4515b753068bb2bcb9fb - - default default] Successfully bumped revision number for resource da11d472-3f7b-4b19-8f23-6771a9ef1273 (type: security_group_rules) to 0
2026-06-18 09:59:48.377 8 INFO neutron.db.ovn_revision_numbers_db [None req-5d6bea58-fe11-4b60-b7e6-6c18371d2b88 e352b11885664ca2825c542fe32cbb89 877a9410a6fc4515b753068bb2bcb9fb - - default default] Successfully bumped revision number for resource f6674122-8204-4438-a110-b4b9fdb6951c (type: security_group_rules) to 0
2026-06-18 09:59:48.461 8 INFO neutron.db.segments_db [None req-5d6bea58-fe11-4b60-b7e6-6c18371d2b88 e352b11885664ca2825c542fe32cbb89 877a9410a6fc4515b753068bb2bcb9fb - - default default] Added segment f2b5b5cf-785a-4ce6-b78b-441a3c5c7a34 of type geneve for network c3c7106d-8421-43e5-981e-342c90d2b6a8
2026-06-18 09:59:48.613 8 INFO neutron.db.ovn_revision_numbers_db [None req-5d6bea58-fe11-4b60-b7e6-6c18371d2b88 e352b11885664ca2825c542fe32cbb89 877a9410a6fc4515b753068bb2bcb9fb - - default default] Successfully bumped revision number for resource c3c7106d-8421-43e5-981e-342c90d2b6a8 (type: networks) to 1
2026-06-18 09:59:48.679 7 INFO neutron.db.ovn_revision_numbers_db [None req-c556d7bb-9cba-453f-a0d8-ac68812e5f60 - - - - - -] Successfully bumped revision number for resource ca8c5462-4ec4-4e0f-b5db-225ec3225b5b (type: ports) to 2
2026-06-18 09:59:48.796 8 WARNING neutron.scheduler.dhcp_agent_scheduler [None req-5d6bea58-fe11-4b60-b7e6-6c18371d2b88 e352b11885664ca2825c542fe32cbb89 877a9410a6fc4515b753068bb2bcb9fb - - default default] No more DHCP agents
2026-06-18 09:59:48.798 8 WARNING neutron.api.rpc.agentnotifiers.dhcp_rpc_agent_api [None req-5d6bea58-fe11-4b60-b7e6-6c18371d2b88 e352b11885664ca2825c542fe32cbb89 877a9410a6fc4515b753068bb2bcb9fb - - default default] Unable to schedule network c3c7106d-8421-43e5-981e-342c90d2b6a8: no agents available; will retry on subsequent port and subnet creation events.
2026-06-18 09:59:48.855 8 INFO neutron.plugins.ml2.drivers.ovn.mech_driver.mech_driver [None req-12c86edf-3ac0-423a-b904-f056dadb7a27 - - - - - -] OVN reports status down for port: 231b0372-1048-43e3-8d2d-c7b8c8903ab6
2026-06-18 09:59:48.897 8 INFO neutron.db.ovn_revision_numbers_db [None req-5d6bea58-fe11-4b60-b7e6-6c18371d2b88 e352b11885664ca2825c542fe32cbb89 877a9410a6fc4515b753068bb2bcb9fb - - default default] Successfully bumped revision number for resource 231b0372-1048-43e3-8d2d-c7b8c8903ab6 (type: ports) to 1 [pid: 8|app: 0|req: 763/1499] 10.0.0.245 () {34 vars in 671 bytes} [Thu Jun 18 09:59:48 2026] POST /v2.0/networks => generated 761 bytes in 768 msecs (HTTP/1.1 201) 4 headers in 162 bytes (1 switches on core 0) /var/lib/openstack/lib/python3.12/site-packages/pycadf/identifier.py:70: UserWarning: Invalid uuid: neutron. To ensure interoperability, identifiers should be a valid uuid. warnings.warn(('Invalid uuid: %s. To ensure interoperability, '
2026-06-18 09:59:49.073 7 WARNING neutron.scheduler.dhcp_agent_scheduler [None req-5ec9a09e-2bdc-4bd3-bd48-12606d40c2c5 e352b11885664ca2825c542fe32cbb89 877a9410a6fc4515b753068bb2bcb9fb - - default default] No more DHCP agents
2026-06-18 09:59:49.075 7 WARNING neutron.api.rpc.agentnotifiers.dhcp_rpc_agent_api [None req-5ec9a09e-2bdc-4bd3-bd48-12606d40c2c5 e352b11885664ca2825c542fe32cbb89 877a9410a6fc4515b753068bb2bcb9fb - - default default] Unable to schedule network c3c7106d-8421-43e5-981e-342c90d2b6a8: no agents available; will retry on subsequent port and subnet creation events.
2026-06-18 09:59:49.257 8 INFO neutron.db.ovn_revision_numbers_db [None req-adc625bb-053c-44d4-88c7-5237d0b9aed2 e352b11885664ca2825c542fe32cbb89 877a9410a6fc4515b753068bb2bcb9fb - - default default] Successfully bumped revision number for resource 45476990-eb0b-4a37-890c-d59b0d1698f9 (type: security_groups) to 1
2026-06-18 09:59:49.270 8 INFO neutron.db.ovn_revision_numbers_db [None req-adc625bb-053c-44d4-88c7-5237d0b9aed2 e352b11885664ca2825c542fe32cbb89 877a9410a6fc4515b753068bb2bcb9fb - - default default] Successfully bumped revision number for resource 1bf7018a-bd12-402d-b331-ca0bb51ea07e (type: security_group_rules) to 0
2026-06-18 09:59:49.282 8 INFO neutron.db.ovn_revision_numbers_db [None req-adc625bb-053c-44d4-88c7-5237d0b9aed2 e352b11885664ca2825c542fe32cbb89 877a9410a6fc4515b753068bb2bcb9fb - - default default] Successfully bumped revision number for resource 1d0da60a-5e70-4bf3-beb3-6d6b08decbf8 (type: security_group_rules) to 0
2026-06-18 09:59:49.296 8 INFO neutron.db.ovn_revision_numbers_db [None req-adc625bb-053c-44d4-88c7-5237d0b9aed2 e352b11885664ca2825c542fe32cbb89 877a9410a6fc4515b753068bb2bcb9fb - - default default] Successfully bumped revision number for resource 91126a13-6012-4e45-8c0d-1534aadfe979 (type: security_group_rules) to 0
2026-06-18 09:59:49.308 8 INFO neutron.db.ovn_revision_numbers_db [None req-adc625bb-053c-44d4-88c7-5237d0b9aed2 e352b11885664ca2825c542fe32cbb89 877a9410a6fc4515b753068bb2bcb9fb - - default default] Successfully bumped revision number for resource cf233b10-9b5f-4086-b73d-6086d6062b2d (type: security_group_rules) to 0 [pid: 8|app: 0|req: 764/1500] 10.0.0.245 () {32 vars in 774 bytes} [Thu Jun 18 09:59:48 2026] GET /v2.0/security-groups?tenant_id=76d561e1e60f4ab6bb34589d55e69b68&name=default => generated 2925 bytes in 355 msecs (HTTP/1.1 200) 4 headers in 158 bytes (1 switches on core 0) [pid: 8|app: 0|req: 765/1501] 10.0.0.157 () {34 vars in 990 bytes} [Thu Jun 18 09:59:49 2026] GET /v2.0/ports?device_id=dbc7c0e2-0113-4ad6-b669-0200b97dc34b => generated 971 bytes in 39 msecs (HTTP/1.1 200) 4 headers in 157 bytes (1 switches on core 0)
2026-06-18 09:59:49.579 7 INFO neutron.db.ovn_revision_numbers_db [None req-6585e21e-e273-4f20-bf5d-1205b9e2b63c - - - - - -] Successfully bumped revision number for resource 231b0372-1048-43e3-8d2d-c7b8c8903ab6 (type: ports) to 2
2026-06-18 09:59:49.625 7 INFO neutron.db.ovn_revision_numbers_db [None req-6585e21e-e273-4f20-bf5d-1205b9e2b63c - - - - - -] Successfully bumped revision number for resource 8f058eca-c3ff-4d9f-b472-ea676cefe01f (type: subnets) to 0 [pid: 7|app: 0|req: 737/1502] 10.0.0.245 () {34 vars in 669 bytes} [Thu Jun 18 09:59:48 2026] POST /v2.0/subnets => generated 687 bytes in 709 msecs (HTTP/1.1 201) 4 headers in 162 bytes (1 switches on core 0) [pid: 8|app: 0|req: 766/1503] 10.0.0.245 () {32 vars in 740 bytes} [Thu Jun 18 09:59:49 2026] DELETE /v2.0/security-groups/45476990-eb0b-4a37-890c-d59b0d1698f9 => generated 0 bytes in 298 msecs (HTTP/1.1 204) 2 headers in 112 bytes (1 switches on core 0) [pid: 7|app: 0|req: 738/1504] 10.0.0.157 () {34 vars in 1040 bytes} [Thu Jun 18 09:59:49 2026] GET /v2.0/security-groups?id=7ded40ff-eeb6-435d-b7e2-a3df976b42c3&fields=id&fields=name => generated 114 bytes in 43 msecs (HTTP/1.1 200) 4 headers in 157 bytes (1 switches on core 0) [pid: 7|app: 0|req: 739/1505] 10.0.0.157 () {34 vars in 990 bytes} [Thu Jun 18 09:59:49 2026] GET /v2.0/ports?device_id=dbc7c0e2-0113-4ad6-b669-0200b97dc34b => generated 971 bytes in 99 msecs (HTTP/1.1 200) 4 headers in 157 bytes (1 switches on core 0)
2026-06-18 09:59:49.983 7 INFO neutron.notifiers.nova [-] Nova event matching ['req-b9da75f9-1410-43f0-8cb5-6fdbd58825b7'] response: {'server_uuid': 'dbc7c0e2-0113-4ad6-b669-0200b97dc34b', 'name': 'network-vif-plugged', 'status': 'completed', 'tag': '086906df-08d1-4bd9-9d99-d8343c25346a', 'code': 200}
2026-06-18 09:59:50.023 7 INFO neutron.db.ovn_revision_numbers_db [None req-895f41e7-b344-4b9d-b164-749d8c90b7c6 e352b11885664ca2825c542fe32cbb89 877a9410a6fc4515b753068bb2bcb9fb - - default default] Successfully bumped revision number for resource 14ddf3c8-1f9b-43a2-b9b5-46aa9d503812 (type: security_groups) to 1
2026-06-18 09:59:50.041 7 INFO neutron.db.ovn_revision_numbers_db [None req-895f41e7-b344-4b9d-b164-749d8c90b7c6 e352b11885664ca2825c542fe32cbb89 877a9410a6fc4515b753068bb2bcb9fb - - default default] Successfully bumped revision number for resource 2e3f47e2-449f-4f80-aa1a-baad05f29d59 (type: security_group_rules) to 0
2026-06-18 09:59:50.053 7 INFO neutron.db.ovn_revision_numbers_db [None req-895f41e7-b344-4b9d-b164-749d8c90b7c6 e352b11885664ca2825c542fe32cbb89 877a9410a6fc4515b753068bb2bcb9fb - - default default] Successfully bumped revision number for resource 96727f3f-2ae3-4c79-aa7f-94aee3d4f5cb (type: security_group_rules) to 0
2026-06-18 09:59:50.066 7 INFO neutron.db.ovn_revision_numbers_db [None req-895f41e7-b344-4b9d-b164-749d8c90b7c6 e352b11885664ca2825c542fe32cbb89 877a9410a6fc4515b753068bb2bcb9fb - - default default] Successfully bumped revision number for resource c0075a3d-4d3e-460f-896e-1519d08191e2 (type: security_group_rules) to 0
2026-06-18 09:59:50.077 7 INFO neutron.db.ovn_revision_numbers_db [None req-895f41e7-b344-4b9d-b164-749d8c90b7c6 e352b11885664ca2825c542fe32cbb89 877a9410a6fc4515b753068bb2bcb9fb - - default default] Successfully bumped revision number for resource ebeec5ad-927f-4579-891a-88e77ce88215 (type: security_group_rules) to 0 [pid: 7|app: 0|req: 740/1506] 10.0.0.245 () {32 vars in 774 bytes} [Thu Jun 18 09:59:49 2026] GET /v2.0/security-groups?tenant_id=724ecfe509fa4b94b9f1ca1dbea027b0&name=default => generated 2925 bytes in 255 msecs (HTTP/1.1 200) 4 headers in 158 bytes (1 switches on core 0)
2026-06-18 09:59:50.150 8 WARNING neutron.scheduler.dhcp_agent_scheduler [None req-421d1a97-1a87-4ffa-aa03-c0e99ec4bc83 e352b11885664ca2825c542fe32cbb89 877a9410a6fc4515b753068bb2bcb9fb - - default default] No more DHCP agents
2026-06-18 09:59:50.152 8 WARNING neutron.api.rpc.agentnotifiers.dhcp_rpc_agent_api [None req-421d1a97-1a87-4ffa-aa03-c0e99ec4bc83 e352b11885664ca2825c542fe32cbb89 877a9410a6fc4515b753068bb2bcb9fb - - default default] Unable to schedule network e780e783-dc77-4a05-8d7f-372b0d7fa8e6: no agents available; will retry on subsequent port and subnet creation events. [pid: 7|app: 0|req: 741/1507] 10.0.0.157 () {34 vars in 1040 bytes} [Thu Jun 18 09:59:50 2026] GET /v2.0/security-groups?id=7ded40ff-eeb6-435d-b7e2-a3df976b42c3&fields=id&fields=name => generated 114 bytes in 32 msecs (HTTP/1.1 200) 4 headers in 157 bytes (1 switches on core 0)
2026-06-18 09:59:50.291 8 INFO neutron.db.ovn_revision_numbers_db [None req-421d1a97-1a87-4ffa-aa03-c0e99ec4bc83 e352b11885664ca2825c542fe32cbb89 877a9410a6fc4515b753068bb2bcb9fb - - default default] Successfully bumped revision number for resource 60f776b1-2800-48b4-a38e-5332ce19a84b (type: ports) to 1
2026-06-18 09:59:50.417 7 INFO neutron.db.ovn_revision_numbers_db [None req-a6af19dc-200c-466e-bac1-296b92e487b4 431acfabb7114df9916d6957815468da 511cc0839f0a4e42aa78e64011a97f3f - - default default] Successfully bumped revision number for resource 3a81116c-df0d-48ed-9129-f9251f79f34d (type: security_groups) to 1
2026-06-18 09:59:50.426 7 INFO neutron.db.ovn_revision_numbers_db [None req-a6af19dc-200c-466e-bac1-296b92e487b4 431acfabb7114df9916d6957815468da 511cc0839f0a4e42aa78e64011a97f3f - - default default] Successfully bumped revision number for resource 21735299-acb1-4a79-a516-e616bd72a885 (type: security_group_rules) to 0
2026-06-18 09:59:50.435 7 INFO neutron.db.ovn_revision_numbers_db [None req-a6af19dc-200c-466e-bac1-296b92e487b4 431acfabb7114df9916d6957815468da 511cc0839f0a4e42aa78e64011a97f3f - - default default] Successfully bumped revision number for resource 42bae109-580b-4f16-b05a-92242c0bda91 (type: security_group_rules) to 0
2026-06-18 09:59:50.448 7 INFO neutron.db.ovn_revision_numbers_db [None req-a6af19dc-200c-466e-bac1-296b92e487b4 431acfabb7114df9916d6957815468da 511cc0839f0a4e42aa78e64011a97f3f - - default default] Successfully bumped revision number for resource 44ad65df-d5df-4b53-a0e0-17a582c8e65f (type: security_group_rules) to 0
2026-06-18 09:59:50.459 7 INFO neutron.db.ovn_revision_numbers_db [None req-a6af19dc-200c-466e-bac1-296b92e487b4 431acfabb7114df9916d6957815468da 511cc0839f0a4e42aa78e64011a97f3f - - default default] Successfully bumped revision number for resource d7319539-9ce4-4162-ad50-c907fc206500 (type: security_group_rules) to 0
2026-06-18 09:59:50.527 7 INFO neutron.db.segments_db [None req-a6af19dc-200c-466e-bac1-296b92e487b4 431acfabb7114df9916d6957815468da 511cc0839f0a4e42aa78e64011a97f3f - - default default] Added segment 51a3b4bd-dc14-4eb3-a601-07907ae415b9 of type geneve for network f0789c44-4419-4031-8977-d57e504031f5
2026-06-18 09:59:50.647 7 INFO neutron.db.ovn_revision_numbers_db [None req-a6af19dc-200c-466e-bac1-296b92e487b4 431acfabb7114df9916d6957815468da 511cc0839f0a4e42aa78e64011a97f3f - - default default] Successfully bumped revision number for resource f0789c44-4419-4031-8977-d57e504031f5 (type: networks) to 1
2026-06-18 09:59:50.810 7 WARNING neutron.scheduler.dhcp_agent_scheduler [None req-a6af19dc-200c-466e-bac1-296b92e487b4 431acfabb7114df9916d6957815468da 511cc0839f0a4e42aa78e64011a97f3f - - default default] No more DHCP agents
2026-06-18 09:59:50.811 7 WARNING neutron.api.rpc.agentnotifiers.dhcp_rpc_agent_api [None req-a6af19dc-200c-466e-bac1-296b92e487b4 431acfabb7114df9916d6957815468da 511cc0839f0a4e42aa78e64011a97f3f - - default default] Unable to schedule network f0789c44-4419-4031-8977-d57e504031f5: no agents available; will retry on subsequent port and subnet creation events.
2026-06-18 09:59:50.891 8 INFO neutron.plugins.ml2.drivers.ovn.mech_driver.ovsdb.commands [None req-dd67596b-5d64-411a-bcb9-f1d68c5ef150 - - - - - -] Schedule LRP lrp-60f776b1-2800-48b4-a38e-5332ce19a84b on gateway c15bd327-7180-4a49-ad01-6a0e10d7b68a with priority 1
2026-06-18 09:59:50.917 7 INFO neutron.db.ovn_revision_numbers_db [None req-a6af19dc-200c-466e-bac1-296b92e487b4 431acfabb7114df9916d6957815468da 511cc0839f0a4e42aa78e64011a97f3f - - default default] Successfully bumped revision number for resource c2ad7b9c-2850-401c-bc76-0e6f7342e120 (type: ports) to 1
2026-06-18 09:59:50.936 8 INFO neutron.plugins.ml2.drivers.ovn.mech_driver.ovsdb.ovsdb_monitor [None req-a2464ea1-0a2e-41cb-a62d-881dcad1cc05 - - - - - -] Router 9fbe671a-5a55-455b-9b08-09f2739910e1 is bound to host instance
2026-06-18 09:59:50.973 8 INFO neutron.db.ovn_revision_numbers_db [None req-421d1a97-1a87-4ffa-aa03-c0e99ec4bc83 e352b11885664ca2825c542fe32cbb89 877a9410a6fc4515b753068bb2bcb9fb - - default default] Successfully bumped revision number for resource 60f776b1-2800-48b4-a38e-5332ce19a84b (type: router_ports) to 1 [pid: 7|app: 0|req: 742/1508] 10.0.0.245 () {34 vars in 670 bytes} [Thu Jun 18 09:59:50 2026] POST /v2.0/networks => generated 668 bytes in 818 msecs (HTTP/1.1 201) 4 headers in 162 bytes (1 switches on core 0)
2026-06-18 09:59:51.100 8 INFO neutron.db.ovn_revision_numbers_db [None req-421d1a97-1a87-4ffa-aa03-c0e99ec4bc83 e352b11885664ca2825c542fe32cbb89 877a9410a6fc4515b753068bb2bcb9fb - - default default] Successfully bumped revision number for resource 9fbe671a-5a55-455b-9b08-09f2739910e1 (type: routers) to 2 [pid: 8|app: 0|req: 767/1509] 10.0.0.245 () {34 vars in 669 bytes} [Thu Jun 18 09:59:49 2026] POST /v2.0/routers => generated 965 bytes in 1461 msecs (HTTP/1.1 201) 4 headers in 162 bytes (1 switches on core 0) [pid: 7|app: 0|req: 743/1510] 10.0.0.245 () {32 vars in 740 bytes} [Thu Jun 18 09:59:50 2026] DELETE /v2.0/security-groups/14ddf3c8-1f9b-43a2-b9b5-46aa9d503812 => generated 0 bytes in 217 msecs (HTTP/1.1 204) 2 headers in 112 bytes (1 switches on core 0) [pid: 8|app: 0|req: 768/1511] 10.0.0.245 () {32 vars in 736 bytes} [Thu Jun 18 09:59:51 2026] GET /v2.0/ports?device_id=dbc7c0e2-0113-4ad6-b669-0200b97dc34b => generated 1209 bytes in 73 msecs (HTTP/1.1 200) 4 headers in 158 bytes (1 switches on core 0)
2026-06-18 09:59:51.344 7 WARNING neutron.scheduler.dhcp_agent_scheduler [None req-763af00a-b289-4c62-867b-74996014442c 431acfabb7114df9916d6957815468da 511cc0839f0a4e42aa78e64011a97f3f - - default default] No more DHCP agents
2026-06-18 09:59:51.345 7 WARNING neutron.api.rpc.agentnotifiers.dhcp_rpc_agent_api [None req-763af00a-b289-4c62-867b-74996014442c 431acfabb7114df9916d6957815468da 511cc0839f0a4e42aa78e64011a97f3f - - default default] Unable to schedule network f0789c44-4419-4031-8977-d57e504031f5: no agents available; will retry on subsequent port and subnet creation events.
2026-06-18 09:59:51.366 7 INFO neutron.db.ovn_revision_numbers_db [None req-763af00a-b289-4c62-867b-74996014442c 431acfabb7114df9916d6957815468da 511cc0839f0a4e42aa78e64011a97f3f - - default default] Successfully bumped revision number for resource 09acb3ab-dc8a-4d8f-9af6-963d53ec7d47 (type: subnets) to 0 [pid: 7|app: 0|req: 744/1512] 10.0.0.245 () {34 vars in 669 bytes} [Thu Jun 18 09:59:51 2026] POST /v2.0/subnets => generated 627 bytes in 187 msecs (HTTP/1.1 201) 4 headers in 162 bytes (1 switches on core 0)
2026-06-18 09:59:51.630 7 WARNING neutron.scheduler.dhcp_agent_scheduler [None req-25dfabf6-8b7d-4a98-9edc-49f83a38e2e7 37ec47b540de42598d8c93bc1ea3aa61 69e3028f98444497b8209422502d7322 - - default default] No more DHCP agents
2026-06-18 09:59:51.632 7 WARNING neutron.api.rpc.agentnotifiers.dhcp_rpc_agent_api [None req-25dfabf6-8b7d-4a98-9edc-49f83a38e2e7 37ec47b540de42598d8c93bc1ea3aa61 69e3028f98444497b8209422502d7322 - - default default] Unable to schedule network e780e783-dc77-4a05-8d7f-372b0d7fa8e6: no agents available; will retry on subsequent port and subnet creation events.
2026-06-18 09:59:52.050 8 WARNING neutron.scheduler.dhcp_agent_scheduler [None req-484b9cff-9bf0-48b3-99a4-998ffb44e26e e352b11885664ca2825c542fe32cbb89 877a9410a6fc4515b753068bb2bcb9fb - - default default] No more DHCP agents
2026-06-18 09:59:52.053 8 WARNING neutron.api.rpc.agentnotifiers.dhcp_rpc_agent_api [None req-484b9cff-9bf0-48b3-99a4-998ffb44e26e e352b11885664ca2825c542fe32cbb89 877a9410a6fc4515b753068bb2bcb9fb - - default default] Unable to schedule network c3c7106d-8421-43e5-981e-342c90d2b6a8: no agents available; will retry on subsequent port and subnet creation events.
2026-06-18 09:59:52.303 8 INFO neutron.db.ovn_revision_numbers_db [None req-484b9cff-9bf0-48b3-99a4-998ffb44e26e e352b11885664ca2825c542fe32cbb89 877a9410a6fc4515b753068bb2bcb9fb - - default default] Successfully bumped revision number for resource c3755804-cbe1-4e59-809b-1a50e818435d (type: ports) to 1
2026-06-18 09:59:52.462 7 INFO neutron.db.ovn_revision_numbers_db [None req-25dfabf6-8b7d-4a98-9edc-49f83a38e2e7 37ec47b540de42598d8c93bc1ea3aa61 69e3028f98444497b8209422502d7322 - - default default] Successfully bumped revision number for resource 751856d4-90b3-482e-a1f3-e0305fabdc21 (type: floatingips) to 1
2026-06-18 09:59:52.463 7 INFO neutron.db.l3_db [None req-25dfabf6-8b7d-4a98-9edc-49f83a38e2e7 37ec47b540de42598d8c93bc1ea3aa61 69e3028f98444497b8209422502d7322 - - default default] Floating IP 751856d4-90b3-482e-a1f3-e0305fabdc21 associated. External IP: 10.96.250.210, port: 086906df-08d1-4bd9-9d99-d8343c25346a. [pid: 7|app: 0|req: 745/1513] 10.0.0.245 () {34 vars in 677 bytes} [Thu Jun 18 09:59:51 2026] POST /v2.0/floatingips => generated 855 bytes in 1118 msecs (HTTP/1.1 201) 4 headers in 162 bytes (1 switches on core 0)
2026-06-18 09:59:52.549 7 INFO neutron.notifiers.nova [-] Nova event matching ['req-ffe4c601-3428-490c-8487-ec7851323828'] response: {'name': 'network-changed', 'server_uuid': 'dbc7c0e2-0113-4ad6-b669-0200b97dc34b', 'tag': '086906df-08d1-4bd9-9d99-d8343c25346a', 'status': 'completed', 'code': 200}
2026-06-18 09:59:52.573 8 INFO neutron.db.ovn_revision_numbers_db [None req-8f6a86d4-3172-47f2-b189-ddbf08dfcb9e - - - - - -] Successfully bumped revision number for resource 60f776b1-2800-48b4-a38e-5332ce19a84b (type: ports) to 4
2026-06-18 09:59:52.988 7 WARNING neutron.scheduler.dhcp_agent_scheduler [None req-4d41dac3-a2d2-4d05-83f3-011f348f0ac4 431acfabb7114df9916d6957815468da 511cc0839f0a4e42aa78e64011a97f3f - - default default] No more DHCP agents
2026-06-18 09:59:52.989 7 WARNING neutron.api.rpc.agentnotifiers.dhcp_rpc_agent_api [None req-4d41dac3-a2d2-4d05-83f3-011f348f0ac4 431acfabb7114df9916d6957815468da 511cc0839f0a4e42aa78e64011a97f3f - - default default] Unable to schedule network e780e783-dc77-4a05-8d7f-372b0d7fa8e6: no agents available; will retry on subsequent port and subnet creation events.
2026-06-18 09:59:53.124 7 INFO neutron.db.ovn_revision_numbers_db [None req-4d41dac3-a2d2-4d05-83f3-011f348f0ac4 431acfabb7114df9916d6957815468da 511cc0839f0a4e42aa78e64011a97f3f - - default default] Successfully bumped revision number for resource 7a2e3a8b-87a6-4ac2-98d9-af43e92f4a27 (type: ports) to 1
2026-06-18 09:59:53.150 8 INFO neutron.plugins.ml2.drivers.ovn.mech_driver.mech_driver [None req-12c86edf-3ac0-423a-b904-f056dadb7a27 - - - - - -] OVN reports status down for port: 7a2e3a8b-87a6-4ac2-98d9-af43e92f4a27
2026-06-18 09:59:53.320 8 INFO neutron.db.ovn_revision_numbers_db [None req-8f6a86d4-3172-47f2-b189-ddbf08dfcb9e - - - - - -] Successfully bumped revision number for resource 60f776b1-2800-48b4-a38e-5332ce19a84b (type: ports) to 5
2026-06-18 09:59:53.578 8 WARNING neutron.scheduler.dhcp_agent_scheduler [None req-484b9cff-9bf0-48b3-99a4-998ffb44e26e e352b11885664ca2825c542fe32cbb89 877a9410a6fc4515b753068bb2bcb9fb - - default default] No more DHCP agents
2026-06-18 09:59:53.580 8 WARNING neutron.api.rpc.agentnotifiers.dhcp_rpc_agent_api [None req-484b9cff-9bf0-48b3-99a4-998ffb44e26e e352b11885664ca2825c542fe32cbb89 877a9410a6fc4515b753068bb2bcb9fb - - default default] Unable to schedule network c3c7106d-8421-43e5-981e-342c90d2b6a8: no agents available; will retry on subsequent port and subnet creation events.
2026-06-18 09:59:53.754 7 INFO neutron.plugins.ml2.drivers.ovn.mech_driver.ovsdb.commands [None req-8a22fcda-7bc8-4f04-9e85-68fef730a051 - - - - - -] Schedule LRP lrp-7a2e3a8b-87a6-4ac2-98d9-af43e92f4a27 on gateway c15bd327-7180-4a49-ad01-6a0e10d7b68a with priority 1
2026-06-18 09:59:53.814 8 INFO neutron.plugins.ml2.drivers.ovn.mech_driver.mech_driver [None req-12c86edf-3ac0-423a-b904-f056dadb7a27 - - - - - -] OVN reports status up for port: 7a2e3a8b-87a6-4ac2-98d9-af43e92f4a27
2026-06-18 09:59:53.822 7 INFO neutron.db.ovn_revision_numbers_db [None req-4d41dac3-a2d2-4d05-83f3-011f348f0ac4 431acfabb7114df9916d6957815468da 511cc0839f0a4e42aa78e64011a97f3f - - default default] Successfully bumped revision number for resource 7a2e3a8b-87a6-4ac2-98d9-af43e92f4a27 (type: router_ports) to 1
2026-06-18 09:59:53.838 8 INFO neutron.plugins.ml2.plugin [None req-12c86edf-3ac0-423a-b904-f056dadb7a27 - - - - - -] Attempt 1 to provision port 7a2e3a8b-87a6-4ac2-98d9-af43e92f4a27
