Feb 17 02:24:40.776785 np0000155925 devstack@neutron-api.service[103439]: DEBUG neutron_lib.callbacks.manager [None req-ff8061aa-f76c-4492-adbd-80688dcc4ce3 None None] Subscribe: > floatingip after_status_update 55550000, False {{(pid=103439) subscribe /opt/stack/data/venv/lib/python3.12/site-packages/neutron_lib/callbacks/manager.py:52}}
Feb 17 02:24:40.776785 np0000155925 devstack@neutron-api.service[103439]: DEBUG neutron_lib.callbacks.manager [None req-ff8061aa-f76c-4492-adbd-80688dcc4ce3 None None] Subscribe: > floatingip after_update 55550000, False {{(pid=103439) subscribe /opt/stack/data/venv/lib/python3.12/site-packages/neutron_lib/callbacks/manager.py:52}}
Feb 17 02:24:40.778065 np0000155925 devstack@neutron-api.service[103439]: DEBUG neutron_lib.callbacks.manager [None req-ff8061aa-f76c-4492-adbd-80688dcc4ce3 None None] Subscribe: > port_forwarding after_create 55550000, False {{(pid=103439) subscribe /opt/stack/data/venv/lib/python3.12/site-packages/neutron_lib/callbacks/manager.py:52}}
Feb 17 02:24:40.778065 np0000155925 devstack@neutron-api.service[103439]: DEBUG neutron_lib.callbacks.manager [None req-ff8061aa-f76c-4492-adbd-80688dcc4ce3 None None] Subscribe: > router_interface after_delete 55550000, False {{(pid=103439) subscribe /opt/stack/data/venv/lib/python3.12/site-packages/neutron_lib/callbacks/manager.py:52}}
Feb 17 02:24:40.778065 np0000155925 devstack@neutron-api.service[103439]: DEBUG neutron_lib.callbacks.manager [None req-ff8061aa-f76c-4492-adbd-80688dcc4ce3 None None] Subscribe: > router after_create 55550000, False {{(pid=103439) subscribe /opt/stack/data/venv/lib/python3.12/site-packages/neutron_lib/callbacks/manager.py:52}}
Feb 17 02:24:40.778065 np0000155925 devstack@neutron-api.service[103439]: DEBUG neutron_lib.callbacks.manager [None req-ff8061aa-f76c-4492-adbd-80688dcc4ce3 None None] Subscribe: > router precommit_create 55550000, False {{(pid=103439) subscribe /opt/stack/data/venv/lib/python3.12/site-packages/neutron_lib/callbacks/manager.py:52}}
Feb 17 02:24:40.778498 np0000155925 devstack@neutron-api.service[103439]: DEBUG neutron_lib.callbacks.manager [None req-ff8061aa-f76c-4492-adbd-80688dcc4ce3 None None] Subscribe: > router after_delete 55550000, False {{(pid=103439) subscribe /opt/stack/data/venv/lib/python3.12/site-packages/neutron_lib/callbacks/manager.py:52}}
Feb 17 02:24:40.778498 np0000155925 devstack@neutron-api.service[103439]: DEBUG neutron_lib.callbacks.manager [None req-ff8061aa-f76c-4492-adbd-80688dcc4ce3 None None] Subscribe: > router after_update 55550000, False {{(pid=103439) subscribe /opt/stack/data/venv/lib/python3.12/site-packages/neutron_lib/callbacks/manager.py:52}}
Feb 17 02:24:40.778498 np0000155925 devstack@neutron-api.service[103439]: DEBUG neutron.services.service_base [None req-ff8061aa-f76c-4492-adbd-80688dcc4ce3 None None] Loaded 'neutron.services.ovn_l3.service_providers.ovn.OvnDriver' provider for service L3_ROUTER_NAT {{(pid=103439) load_drivers /opt/stack/neutron/neutron/services/service_base.py:49}}
Feb 17 02:24:40.778498 np0000155925 devstack@neutron-api.service[103439]: DEBUG neutron_lib.callbacks.manager [None req-ff8061aa-f76c-4492-adbd-80688dcc4ce3 None None] Subscribe: > process after_init 55550001, True {{(pid=103439) subscribe /opt/stack/data/venv/lib/python3.12/site-packages/neutron_lib/callbacks/manager.py:52}}
Feb 17 02:24:40.778498 np0000155925 devstack@neutron-api.service[103439]: DEBUG neutron.manager [None req-ff8061aa-f76c-4492-adbd-80688dcc4ce3 None None] Successfully loaded L3_ROUTER_NAT plugin. Description: L3 Router Service Plugin for basic L3 forwarding using OVN {{(pid=103439) _create_and_add_service_plugin /opt/stack/neutron/neutron/manager.py:229}}
Feb 17 02:24:40.778888 np0000155925 devstack@neutron-api.service[103439]: INFO neutron.manager [None req-ff8061aa-f76c-4492-adbd-80688dcc4ce3 None None] Loading Plugin: auto_allocate
Feb 17 02:24:40.778888 np0000155925 devstack@neutron-api.service[103439]: DEBUG neutron_lib.callbacks.manager [None req-ff8061aa-f76c-4492-adbd-80688dcc4ce3 None None] Subscribe: network precommit_update 55550000, False {{(pid=103439) subscribe /opt/stack/data/venv/lib/python3.12/site-packages/neutron_lib/callbacks/manager.py:52}}
Feb 17 02:24:40.778888 np0000155925 devstack@neutron-api.service[103439]: DEBUG neutron_lib.callbacks.manager [None req-ff8061aa-f76c-4492-adbd-80688dcc4ce3 None None] Subscribe: network precommit_create 55550000, False {{(pid=103439) subscribe /opt/stack/data/venv/lib/python3.12/site-packages/neutron_lib/callbacks/manager.py:52}}
Feb 17 02:24:40.778888 np0000155925 devstack@neutron-api.service[103439]: DEBUG neutron.manager [None req-ff8061aa-f76c-4492-adbd-80688dcc4ce3 None None] Successfully loaded auto-allocated-topology plugin. Description: Auto Allocated Topology - aka get me a network. {{(pid=103439) _create_and_add_service_plugin /opt/stack/neutron/neutron/manager.py:229}}
Feb 17 02:24:40.778888 np0000155925 devstack@neutron-api.service[103439]: INFO neutron.manager [None req-ff8061aa-f76c-4492-adbd-80688dcc4ce3 None None] Loading Plugin: tag
Feb 17 02:24:40.779724 np0000155925 devstack@neutron-api.service[103441]: INFO neutron.plugins.ml2.drivers.type_vlan [None req-7c451a5a-14c5-4920-892b-453a5bb42a16 None None] VlanTypeDriver initialization complete
Feb 17 02:24:40.779724 np0000155925 devstack@neutron-api.service[103441]: INFO neutron.plugins.ml2.managers [None req-7c451a5a-14c5-4920-892b-453a5bb42a16 None None] Initializing extension driver 'port_security'
Feb 17 02:24:40.779724 np0000155925 devstack@neutron-api.service[103441]: INFO neutron.plugins.ml2.extensions.port_security [None req-7c451a5a-14c5-4920-892b-453a5bb42a16 None None] PortSecurityExtensionDriver initialization complete
Feb 17 02:24:40.779724 np0000155925 devstack@neutron-api.service[103441]: INFO neutron.plugins.ml2.managers [None req-7c451a5a-14c5-4920-892b-453a5bb42a16 None None] Initializing extension driver 'qos'
Feb 17 02:24:40.779724 np0000155925 devstack@neutron-api.service[103441]: DEBUG neutron.plugins.ml2.extensions.qos [None req-7c451a5a-14c5-4920-892b-453a5bb42a16 None None] QosExtensionDriver initialization complete {{(pid=103441) initialize /opt/stack/neutron/neutron/plugins/ml2/extensions/qos.py:31}}
Feb 17 02:24:40.779724 np0000155925 devstack@neutron-api.service[103441]: INFO neutron.plugins.ml2.managers [None req-7c451a5a-14c5-4920-892b-453a5bb42a16 None None] Initializing mechanism driver 'ovn'
Feb 17 02:24:40.779724 np0000155925 devstack@neutron-api.service[103441]: INFO neutron.plugins.ml2.drivers.ovn.mech_driver.mech_driver [None req-7c451a5a-14c5-4920-892b-453a5bb42a16 None None] Starting OVNMechanismDriver
Feb 17 02:24:40.779724 np0000155925 devstack@neutron-api.service[103441]: DEBUG neutron_lib.callbacks.manager [None req-7c451a5a-14c5-4920-892b-453a5bb42a16 None None] Subscribe: > process before_spawn 55550000, False {{(pid=103441) subscribe /opt/stack/data/venv/lib/python3.12/site-packages/neutron_lib/callbacks/manager.py:52}}
Feb 17 02:24:40.781395 np0000155925 devstack@neutron-api.service[103441]: DEBUG neutron_lib.callbacks.manager [None req-7c451a5a-14c5-4920-892b-453a5bb42a16 None None] Subscribe: > process after_init 55550000, True {{(pid=103441) subscribe /opt/stack/data/venv/lib/python3.12/site-packages/neutron_lib/callbacks/manager.py:52}}
Feb 17 02:24:40.781920 np0000155925 devstack@neutron-api.service[103439]: DEBUG neutron.manager [None req-ff8061aa-f76c-4492-adbd-80688dcc4ce3 None None] Successfully loaded TAG plugin. Description: Tag support {{(pid=103439) _create_and_add_service_plugin /opt/stack/neutron/neutron/manager.py:229}}
Feb 17 02:24:40.781920 np0000155925 devstack@neutron-api.service[103439]: INFO neutron.manager [None req-ff8061aa-f76c-4492-adbd-80688dcc4ce3 None None] Loading Plugin: timestamp
Feb 17 02:24:40.782471 np0000155925 devstack@neutron-api.service[103441]: DEBUG neutron_lib.callbacks.manager [None req-7c451a5a-14c5-4920-892b-453a5bb42a16 None None] Subscribe: > segment after_create 55550000, False {{(pid=103441) subscribe /opt/stack/data/venv/lib/python3.12/site-packages/neutron_lib/callbacks/manager.py:52}}
Feb 17 02:24:40.782471 np0000155925 devstack@neutron-api.service[103441]: DEBUG neutron_lib.callbacks.manager [None req-7c451a5a-14c5-4920-892b-453a5bb42a16 None None] Subscribe: > segment after_create 55550000, False {{(pid=103441) subscribe /opt/stack/data/venv/lib/python3.12/site-packages/neutron_lib/callbacks/manager.py:52}}
Feb 17 02:24:40.782471 np0000155925 devstack@neutron-api.service[103441]: DEBUG neutron_lib.callbacks.manager [None req-7c451a5a-14c5-4920-892b-453a5bb42a16 None None] Subscribe: > segment after_delete 55550000, False {{(pid=103441) subscribe /opt/stack/data/venv/lib/python3.12/site-packages/neutron_lib/callbacks/manager.py:52}}
Feb 17 02:24:40.782471 np0000155925 devstack@neutron-api.service[103441]: DEBUG neutron_lib.callbacks.manager [None req-7c451a5a-14c5-4920-892b-453a5bb42a16 None None] Subscribe: > allowed_address_pair before_create 55550000, False {{(pid=103441) subscribe /opt/stack/data/venv/lib/python3.12/site-packages/neutron_lib/callbacks/manager.py:52}}
Feb 17 02:24:40.782727 np0000155925 devstack@neutron-api.service[103441]: DEBUG neutron_lib.callbacks.manager [None req-7c451a5a-14c5-4920-892b-453a5bb42a16 None None] Subscribe: > security_group precommit_create 55550000, False {{(pid=103441) subscribe /opt/stack/data/venv/lib/python3.12/site-packages/neutron_lib/callbacks/manager.py:52}}
Feb 17 02:24:40.782727 np0000155925 devstack@neutron-api.service[103441]: DEBUG neutron_lib.callbacks.manager [None req-7c451a5a-14c5-4920-892b-453a5bb42a16 None None] Subscribe: > security_group after_update 55550000, False {{(pid=103441) subscribe /opt/stack/data/venv/lib/python3.12/site-packages/neutron_lib/callbacks/manager.py:52}}
Feb 17 02:24:40.782727 np0000155925 devstack@neutron-api.service[103441]: DEBUG neutron_lib.callbacks.manager [None req-7c451a5a-14c5-4920-892b-453a5bb42a16 None None] Subscribe: > security_group after_create 55550000, False {{(pid=103441) subscribe /opt/stack/data/venv/lib/python3.12/site-packages/neutron_lib/callbacks/manager.py:52}}
Feb 17 02:24:40.782727 np0000155925 devstack@neutron-api.service[103441]: DEBUG neutron_lib.callbacks.manager [None req-7c451a5a-14c5-4920-892b-453a5bb42a16 None None] Subscribe: > security_group precommit_delete 55550000, False {{(pid=103441) subscribe /opt/stack/data/venv/lib/python3.12/site-packages/neutron_lib/callbacks/manager.py:52}}
Feb 17 02:24:40.782977 np0000155925 devstack@neutron-api.service[103441]: DEBUG neutron_lib.callbacks.manager [None req-7c451a5a-14c5-4920-892b-453a5bb42a16 None None] Subscribe: > security_group after_delete 55550000, False {{(pid=103441) subscribe /opt/stack/data/venv/lib/python3.12/site-packages/neutron_lib/callbacks/manager.py:52}}
Feb 17 02:24:40.782977 np0000155925 devstack@neutron-api.service[103441]: DEBUG neutron_lib.callbacks.manager [None req-7c451a5a-14c5-4920-892b-453a5bb42a16 None None] Subscribe: > security_group_rule precommit_create 55550000, False {{(pid=103441) subscribe /opt/stack/data/venv/lib/python3.12/site-packages/neutron_lib/callbacks/manager.py:52}}
Feb 17 02:24:40.783281 np0000155925 devstack@neutron-api.service[103439]: DEBUG neutron.manager [None req-ff8061aa-f76c-4492-adbd-80688dcc4ce3 None None] Successfully loaded timestamp plugin. Description: Adds timestamps to Neutron resources with standard attributes {{(pid=103439) _create_and_add_service_plugin /opt/stack/neutron/neutron/manager.py:229}}
Feb 17 02:24:40.783536 np0000155925 devstack@neutron-api.service[103441]: DEBUG neutron_lib.callbacks.manager [None req-7c451a5a-14c5-4920-892b-453a5bb42a16 None None] Subscribe: > security_group_rule after_create 55550000, False {{(pid=103441) subscribe /opt/stack/data/venv/lib/python3.12/site-packages/neutron_lib/callbacks/manager.py:52}}
Feb 17 02:24:40.783874 np0000155925 devstack@neutron-api.service[103439]: INFO neutron.manager [None req-ff8061aa-f76c-4492-adbd-80688dcc4ce3 None None] Loading Plugin: network_ip_availability
Feb 17 02:24:40.784237 np0000155925 devstack@neutron-api.service[103441]: DEBUG neutron_lib.callbacks.manager [None req-7c451a5a-14c5-4920-892b-453a5bb42a16 None None] Subscribe: > security_group_rule before_delete 55550000, False {{(pid=103441) subscribe /opt/stack/data/venv/lib/python3.12/site-packages/neutron_lib/callbacks/manager.py:52}}
Feb 17 02:24:40.784237 np0000155925 devstack@neutron-api.service[103441]: DEBUG neutron_lib.callbacks.manager [None req-7c451a5a-14c5-4920-892b-453a5bb42a16 None None] Subscribe: > address_group after_create 55550000, False {{(pid=103441) subscribe /opt/stack/data/venv/lib/python3.12/site-packages/neutron_lib/callbacks/manager.py:52}}
Feb 17 02:24:40.784237 np0000155925 devstack@neutron-api.service[103441]: DEBUG neutron_lib.callbacks.manager [None req-7c451a5a-14c5-4920-892b-453a5bb42a16 None None] Subscribe: > address_group after_update 55550000, False {{(pid=103441) subscribe /opt/stack/data/venv/lib/python3.12/site-packages/neutron_lib/callbacks/manager.py:52}}
Feb 17 02:24:40.784237 np0000155925 devstack@neutron-api.service[103441]: DEBUG neutron_lib.callbacks.manager [None req-7c451a5a-14c5-4920-892b-453a5bb42a16 None None] Subscribe: > address_group after_delete 55550000, False {{(pid=103441) subscribe /opt/stack/data/venv/lib/python3.12/site-packages/neutron_lib/callbacks/manager.py:52}}
Feb 17 02:24:40.784651 np0000155925 devstack@neutron-api.service[103441]: DEBUG neutron_lib.callbacks.manager [None req-7c451a5a-14c5-4920-892b-453a5bb42a16 None None] Subscribe: > qos_plugin after_init 55550000, False {{(pid=103441) subscribe /opt/stack/data/venv/lib/python3.12/site-packages/neutron_lib/callbacks/manager.py:52}}
Feb 17 02:24:40.784651 np0000155925 devstack@neutron-api.service[103441]: DEBUG neutron_lib.callbacks.manager [None req-7c451a5a-14c5-4920-892b-453a5bb42a16 None None] Subscribe: > trunk_plugin after_init 55550000, False {{(pid=103441) subscribe /opt/stack/data/venv/lib/python3.12/site-packages/neutron_lib/callbacks/manager.py:52}}
Feb 17 02:24:40.784651 np0000155925 devstack@neutron-api.service[103441]: DEBUG neutron_lib.callbacks.manager [None req-7c451a5a-14c5-4920-892b-453a5bb42a16 None None] Subscribe: > logging-plugin after_init 55550000, False {{(pid=103441) subscribe /opt/stack/data/venv/lib/python3.12/site-packages/neutron_lib/callbacks/manager.py:52}}
Feb 17 02:24:40.784651 np0000155925 devstack@neutron-api.service[103441]: INFO neutron.services.logapi.drivers.ovn.driver [None req-7c451a5a-14c5-4920-892b-453a5bb42a16 None None] OVN logging driver registered
Feb 17 02:24:40.785164 np0000155925 devstack@neutron-api.service[103439]: DEBUG neutron_lib.callbacks.manager [None req-ff8061aa-f76c-4492-adbd-80688dcc4ce3 None None] Subscribe: > rbac-policy before_create 55550000, False {{(pid=103439) subscribe /opt/stack/data/venv/lib/python3.12/site-packages/neutron_lib/callbacks/manager.py:52}}
Feb 17 02:24:40.785164 np0000155925 devstack@neutron-api.service[103439]: DEBUG neutron_lib.callbacks.manager [None req-ff8061aa-f76c-4492-adbd-80688dcc4ce3 None None] Subscribe: > rbac-policy before_update 55550000, False {{(pid=103439) subscribe /opt/stack/data/venv/lib/python3.12/site-packages/neutron_lib/callbacks/manager.py:52}}
Feb 17 02:24:40.785164 np0000155925 devstack@neutron-api.service[103439]: DEBUG neutron_lib.callbacks.manager [None req-ff8061aa-f76c-4492-adbd-80688dcc4ce3 None None] Subscribe: > rbac-policy before_delete 55550000, False {{(pid=103439) subscribe /opt/stack/data/venv/lib/python3.12/site-packages/neutron_lib/callbacks/manager.py:52}}
Feb 17 02:24:40.785164 np0000155925 devstack@neutron-api.service[103439]: DEBUG neutron.manager [None req-ff8061aa-f76c-4492-adbd-80688dcc4ce3 None None] Successfully loaded network-ip-availability plugin. Description: Provides IP availability data for each network and subnet. {{(pid=103439) _create_and_add_service_plugin /opt/stack/neutron/neutron/manager.py:229}}
Feb 17 02:24:40.785164 np0000155925 devstack@neutron-api.service[103439]: INFO neutron.manager [None req-ff8061aa-f76c-4492-adbd-80688dcc4ce3 None None] Loading Plugin: flavors
Feb 17 02:24:40.785632 np0000155925 devstack@neutron-api.service[103441]: DEBUG neutron.plugins.ml2.plugin [None req-7c451a5a-14c5-4920-892b-453a5bb42a16 None None] neutron.plugins.ml2.plugin.Ml2Plugin method _start_rpc_notifiers called with arguments () {} {{(pid=103441) wrapper /opt/stack/data/venv/lib/python3.12/site-packages/oslo_log/helpers.py:77}}
Feb 17 02:24:40.785632 np0000155925 devstack@neutron-api.service[103441]: DEBUG neutron_lib.callbacks.manager [None req-7c451a5a-14c5-4920-892b-453a5bb42a16 None None] Subscribe: > port after_create 55550000, False {{(pid=103441) subscribe /opt/stack/data/venv/lib/python3.12/site-packages/neutron_lib/callbacks/manager.py:52}}
Feb 17 02:24:40.785632 np0000155925 devstack@neutron-api.service[103441]: DEBUG neutron_lib.callbacks.manager [None req-7c451a5a-14c5-4920-892b-453a5bb42a16 None None] Subscribe: > port after_update 55550000, False {{(pid=103441) subscribe /opt/stack/data/venv/lib/python3.12/site-packages/neutron_lib/callbacks/manager.py:52}}
Feb 17 02:24:40.785632 np0000155925 devstack@neutron-api.service[103441]: DEBUG neutron_lib.callbacks.manager [None req-7c451a5a-14c5-4920-892b-453a5bb42a16 None None] Subscribe: > port after_delete 55550000, False {{(pid=103441) subscribe /opt/stack/data/venv/lib/python3.12/site-packages/neutron_lib/callbacks/manager.py:52}}
Feb 17 02:24:40.785632 np0000155925 devstack@neutron-api.service[103441]: DEBUG neutron_lib.callbacks.manager [None req-7c451a5a-14c5-4920-892b-453a5bb42a16 None None] Subscribe: > subnet after_create 55550000, False {{(pid=103441) subscribe /opt/stack/data/venv/lib/python3.12/site-packages/neutron_lib/callbacks/manager.py:52}}
Feb 17 02:24:40.786067 np0000155925 devstack@neutron-api.service[103441]: DEBUG neutron_lib.callbacks.manager [None req-7c451a5a-14c5-4920-892b-453a5bb42a16 None None] Subscribe: > subnet after_update 55550000, False {{(pid=103441) subscribe /opt/stack/data/venv/lib/python3.12/site-packages/neutron_lib/callbacks/manager.py:52}}
Feb 17 02:24:40.786067 np0000155925 devstack@neutron-api.service[103441]: DEBUG neutron_lib.callbacks.manager [None req-7c451a5a-14c5-4920-892b-453a5bb42a16 None None] Subscribe: > subnet after_delete 55550000, False {{(pid=103441) subscribe /opt/stack/data/venv/lib/python3.12/site-packages/neutron_lib/callbacks/manager.py:52}}
Feb 17 02:24:40.786067 np0000155925 devstack@neutron-api.service[103441]: DEBUG neutron_lib.callbacks.manager [None req-7c451a5a-14c5-4920-892b-453a5bb42a16 None None] Subscribe: > network after_create 55550000, False {{(pid=103441) subscribe /opt/stack/data/venv/lib/python3.12/site-packages/neutron_lib/callbacks/manager.py:52}}
Feb 17 02:24:40.786548 np0000155925 devstack@neutron-api.service[103439]: DEBUG neutron.manager [None req-ff8061aa-f76c-4492-adbd-80688dcc4ce3 None None] Successfully loaded FLAVORS plugin. Description: Neutron Flavors and Service Profiles manager plugin {{(pid=103439) _create_and_add_service_plugin /opt/stack/neutron/neutron/manager.py:229}}
Feb 17 02:24:40.786940 np0000155925 devstack@neutron-api.service[103441]: DEBUG neutron_lib.callbacks.manager [None req-7c451a5a-14c5-4920-892b-453a5bb42a16 None None] Subscribe: > network after_update 55550000, False {{(pid=103441) subscribe /opt/stack/data/venv/lib/python3.12/site-packages/neutron_lib/callbacks/manager.py:52}}
Feb 17 02:24:40.787196 np0000155925 devstack@neutron-api.service[103439]: INFO neutron.manager [None req-ff8061aa-f76c-4492-adbd-80688dcc4ce3 None None] Loading Plugin: revisions
Feb 17 02:24:40.787511 np0000155925 devstack@neutron-api.service[103441]: DEBUG neutron_lib.callbacks.manager [None req-7c451a5a-14c5-4920-892b-453a5bb42a16 None None] Subscribe: > network after_delete 55550000, False {{(pid=103441) subscribe /opt/stack/data/venv/lib/python3.12/site-packages/neutron_lib/callbacks/manager.py:52}}
Feb 17 02:24:40.787511 np0000155925 devstack@neutron-api.service[103441]: DEBUG neutron_lib.callbacks.manager [None req-7c451a5a-14c5-4920-892b-453a5bb42a16 None None] Subscribe: > security_group after_create 55550000, False {{(pid=103441) subscribe /opt/stack/data/venv/lib/python3.12/site-packages/neutron_lib/callbacks/manager.py:52}}
Feb 17 02:24:40.787511 np0000155925 devstack@neutron-api.service[103441]: DEBUG neutron_lib.callbacks.manager [None req-7c451a5a-14c5-4920-892b-453a5bb42a16 None None] Subscribe: > security_group after_update 55550000, False {{(pid=103441) subscribe /opt/stack/data/venv/lib/python3.12/site-packages/neutron_lib/callbacks/manager.py:52}}
Feb 17 02:24:40.787511 np0000155925 devstack@neutron-api.service[103441]: DEBUG neutron_lib.callbacks.manager [None req-7c451a5a-14c5-4920-892b-453a5bb42a16 None None] Subscribe: > security_group after_delete 55550000, False {{(pid=103441) subscribe /opt/stack/data/venv/lib/python3.12/site-packages/neutron_lib/callbacks/manager.py:52}}
Feb 17 02:24:40.788040 np0000155925 devstack@neutron-api.service[103441]: DEBUG neutron_lib.callbacks.manager [None req-7c451a5a-14c5-4920-892b-453a5bb42a16 None None] Subscribe: > security_group_rule after_create 55550000, False {{(pid=103441) subscribe /opt/stack/data/venv/lib/python3.12/site-packages/neutron_lib/callbacks/manager.py:52}}
Feb 17 02:24:40.788040 np0000155925 devstack@neutron-api.service[103441]: DEBUG neutron_lib.callbacks.manager [None req-7c451a5a-14c5-4920-892b-453a5bb42a16 None None] Subscribe: > security_group_rule after_update 55550000, False {{(pid=103441) subscribe /opt/stack/data/venv/lib/python3.12/site-packages/neutron_lib/callbacks/manager.py:52}}
Feb 17 02:24:40.788040 np0000155925 devstack@neutron-api.service[103441]: DEBUG neutron_lib.callbacks.manager [None req-7c451a5a-14c5-4920-892b-453a5bb42a16 None None] Subscribe: > security_group_rule after_delete 55550000, False {{(pid=103441) subscribe /opt/stack/data/venv/lib/python3.12/site-packages/neutron_lib/callbacks/manager.py:52}}
Feb 17 02:24:40.788040 np0000155925 devstack@neutron-api.service[103441]: DEBUG neutron_lib.callbacks.manager [None req-7c451a5a-14c5-4920-892b-453a5bb42a16 None None] Subscribe: > address_group after_create 55550000, False {{(pid=103441) subscribe /opt/stack/data/venv/lib/python3.12/site-packages/neutron_lib/callbacks/manager.py:52}}
Feb 17 02:24:40.788557 np0000155925 devstack@neutron-api.service[103441]: DEBUG neutron_lib.callbacks.manager [None req-7c451a5a-14c5-4920-892b-453a5bb42a16 None None] Subscribe: > address_group after_update 55550000, False {{(pid=103441) subscribe /opt/stack/data/venv/lib/python3.12/site-packages/neutron_lib/callbacks/manager.py:52}}
Feb 17 02:24:40.788977 np0000155925 devstack@neutron-api.service[103439]: DEBUG neutron.manager [None req-ff8061aa-f76c-4492-adbd-80688dcc4ce3 None None] Successfully loaded revision_plugin plugin. Description: Adds revision numbers to resources. {{(pid=103439) _create_and_add_service_plugin /opt/stack/neutron/neutron/manager.py:229}}
Feb 17 02:24:40.789420 np0000155925 devstack@neutron-api.service[103441]: DEBUG neutron_lib.callbacks.manager [None req-7c451a5a-14c5-4920-892b-453a5bb42a16 None None] Subscribe: > address_group after_delete 55550000, False {{(pid=103441) subscribe /opt/stack/data/venv/lib/python3.12/site-packages/neutron_lib/callbacks/manager.py:52}}
Feb 17 02:24:40.789954 np0000155925 devstack@neutron-api.service[103439]: DEBUG oslo_concurrency.lockutils [None req-ff8061aa-f76c-4492-adbd-80688dcc4ce3 None None] Lock "manager" "released" by "neutron.manager.NeutronManager._create_instance" :: held 4.633s {{(pid=103439) inner /opt/stack/data/venv/lib/python3.12/site-packages/oslo_concurrency/lockutils.py:538}}
Feb 17 02:24:40.790450 np0000155925 devstack@neutron-api.service[103441]: DEBUG neutron.plugins.ml2.ovo_rpc [None req-7c451a5a-14c5-4920-892b-453a5bb42a16 None None] ML2 OVO RPC backend initialized. {{(pid=103441) __init__ /opt/stack/neutron/neutron/plugins/ml2/ovo_rpc.py:117}}
Feb 17 02:24:40.790843 np0000155925 devstack@neutron-api.service[103439]: DEBUG neutron.api.extensions [None req-ff8061aa-f76c-4492-adbd-80688dcc4ce3 None None] get_extension_paths = OrderedDict({'/opt/stack/neutron/neutron/extensions': 1}) {{(pid=103439) get_extensions_path /opt/stack/neutron/neutron/api/extensions.py:640}}
Feb 17 02:24:40.790843 np0000155925 devstack@neutron-api.service[103439]: INFO neutron.api.extensions [None req-ff8061aa-f76c-4492-adbd-80688dcc4ce3 None None] Initializing extension manager.
Feb 17 02:24:40.790843 np0000155925 devstack@neutron-api.service[103439]: DEBUG neutron.api.extensions [None req-ff8061aa-f76c-4492-adbd-80688dcc4ce3 None None] Loading extension file: __init__.py {{(pid=103439) _load_all_extensions_from_path /opt/stack/neutron/neutron/api/extensions.py:449}}
Feb 17 02:24:40.790843 np0000155925 devstack@neutron-api.service[103439]: DEBUG neutron.api.extensions [None req-ff8061aa-f76c-4492-adbd-80688dcc4ce3 None None] Loading extension file: __pycache__ {{(pid=103439) _load_all_extensions_from_path /opt/stack/neutron/neutron/api/extensions.py:449}}
Feb 17 02:24:40.790843 np0000155925 devstack@neutron-api.service[103439]: DEBUG neutron.api.extensions [None req-ff8061aa-f76c-4492-adbd-80688dcc4ce3 None None] Loading extension file: address_group.py {{(pid=103439) _load_all_extensions_from_path /opt/stack/neutron/neutron/api/extensions.py:449}}
Feb 17 02:24:40.791433 np0000155925 devstack@neutron-api.service[103441]: INFO neutron.quota [None req-7c451a5a-14c5-4920-892b-453a5bb42a16 None None] Loaded quota_driver: .
Feb 17 02:24:40.791433 np0000155925 devstack@neutron-api.service[103441]: INFO neutron.plugins.ml2.plugin [None req-7c451a5a-14c5-4920-892b-453a5bb42a16 None None] Modular L2 Plugin initialization complete
Feb 17 02:24:40.791896 np0000155925 devstack@neutron-api.service[103439]: DEBUG neutron.api.extensions [None req-ff8061aa-f76c-4492-adbd-80688dcc4ce3 None None] Ext name="Address group" alias="address-group" description="Support address group" updated="2020-07-15T10:00:00-00:00" {{(pid=103439) _check_extension /opt/stack/neutron/neutron/api/extensions.py:415}}
Feb 17 02:24:40.792405 np0000155925 devstack@neutron-api.service[103441]: DEBUG neutron.manager [None req-7c451a5a-14c5-4920-892b-453a5bb42a16 None None] Loading services supported by the core plugin {{(pid=103441) _load_services_from_core_plugin /opt/stack/neutron/neutron/manager.py:169}}
Feb 17 02:24:40.792405 np0000155925 devstack@neutron-api.service[103441]: INFO neutron.plugins.ml2.managers [None req-7c451a5a-14c5-4920-892b-453a5bb42a16 None None] Got port-security extension from driver 'port_security'
Feb 17 02:24:40.792853 np0000155925 devstack@neutron-api.service[103439]: INFO neutron.api.extensions [None req-ff8061aa-f76c-4492-adbd-80688dcc4ce3 None None] Loaded extension: address-group
Feb 17 02:24:40.792853 np0000155925 devstack@neutron-api.service[103439]: DEBUG neutron.api.extensions [None req-ff8061aa-f76c-4492-adbd-80688dcc4ce3 None None] Loading extension file: address_scope.py {{(pid=103439) _load_all_extensions_from_path /opt/stack/neutron/neutron/api/extensions.py:449}}
Feb 17 02:24:40.793443 np0000155925 devstack@neutron-api.service[103441]: DEBUG neutron.manager [None req-7c451a5a-14c5-4920-892b-453a5bb42a16 None None] Loading service plugins: ['ovn-router', 'auto_allocate', 'tag', 'timestamp', 'network_ip_availability', 'flavors', 'revisions'] {{(pid=103441) _load_service_plugins /opt/stack/neutron/neutron/manager.py:194}}
Feb 17 02:24:40.793443 np0000155925 devstack@neutron-api.service[103441]: INFO neutron.manager [None req-7c451a5a-14c5-4920-892b-453a5bb42a16 None None] Loading Plugin: ovn-router
Feb 17 02:24:40.793898 np0000155925 devstack@neutron-api.service[103439]: DEBUG neutron.api.extensions [None req-ff8061aa-f76c-4492-adbd-80688dcc4ce3 None None] Ext name="Address scope" alias="address-scope" description="Address scopes extension." updated="2015-07-26T10:00:00-00:00" {{(pid=103439) _check_extension /opt/stack/neutron/neutron/api/extensions.py:415}}
Feb 17 02:24:40.793898 np0000155925 devstack@neutron-api.service[103439]: INFO neutron.api.extensions [None req-ff8061aa-f76c-4492-adbd-80688dcc4ce3 None None] Loaded extension: address-scope
Feb 17 02:24:40.793898 np0000155925 devstack@neutron-api.service[103439]: DEBUG neutron.api.extensions [None req-ff8061aa-f76c-4492-adbd-80688dcc4ce3 None None] Loading extension file: admin_state_down_before_update.py {{(pid=103439) _load_all_extensions_from_path /opt/stack/neutron/neutron/api/extensions.py:449}}
Feb 17 02:24:40.793898 np0000155925 devstack@neutron-api.service[103439]: DEBUG neutron.api.extensions [None req-ff8061aa-f76c-4492-adbd-80688dcc4ce3 None None] Ext name="Enforce Router's Admin State Down Before Update Extension" alias="router-admin-state-down-before-update" description="Ensure that the admin state of a router is DOWN (admin_state_up=False) before updating the distributed attribute" updated="2019-07-02T15:56:00" {{(pid=103439) _check_extension /opt/stack/neutron/neutron/api/extensions.py:415}}
Feb 17 02:24:40.793898 np0000155925 devstack@neutron-api.service[103439]: INFO neutron.api.extensions [None req-ff8061aa-f76c-4492-adbd-80688dcc4ce3 None None] Extension router-admin-state-down-before-update not supported by any of loaded plugins
Feb 17 02:24:40.793898 np0000155925 devstack@neutron-api.service[103439]: DEBUG neutron.api.extensions [None req-ff8061aa-f76c-4492-adbd-80688dcc4ce3 None None] Loading extension file: agent.py {{(pid=103439) _load_all_extensions_from_path /opt/stack/neutron/neutron/api/extensions.py:449}}
Feb 17 02:24:40.793898 np0000155925 devstack@neutron-api.service[103439]: DEBUG neutron.api.extensions [None req-ff8061aa-f76c-4492-adbd-80688dcc4ce3 None None] Ext name="agent" alias="agent" description="The agent management extension." updated="2013-02-03T10:00:00-00:00" {{(pid=103439) _check_extension /opt/stack/neutron/neutron/api/extensions.py:415}}
Feb 17 02:24:40.794712 np0000155925 devstack@neutron-api.service[103439]: INFO neutron.api.extensions [None req-ff8061aa-f76c-4492-adbd-80688dcc4ce3 None None] Loaded extension: agent
Feb 17 02:24:40.794712 np0000155925 devstack@neutron-api.service[103439]: DEBUG neutron.api.extensions [None req-ff8061aa-f76c-4492-adbd-80688dcc4ce3 None None] Loading extension file: agent_resources_synced.py {{(pid=103439) _load_all_extensions_from_path /opt/stack/neutron/neutron/api/extensions.py:449}}
Feb 17 02:24:40.794712 np0000155925 devstack@neutron-api.service[103439]: DEBUG neutron.api.extensions [None req-ff8061aa-f76c-4492-adbd-80688dcc4ce3 None None] Ext name="Agent's Resource View Synced to Placement" alias="agent-resources-synced" description="Stores success/failure of last sync to Placement" updated="2018-12-19T00:00:00-00:00" {{(pid=103439) _check_extension /opt/stack/neutron/neutron/api/extensions.py:415}}
Feb 17 02:24:40.794712 np0000155925 devstack@neutron-api.service[103439]: INFO neutron.api.extensions [None req-ff8061aa-f76c-4492-adbd-80688dcc4ce3 None None] Extension agent-resources-synced not supported by any of loaded plugins
Feb 17 02:24:40.794712 np0000155925 devstack@neutron-api.service[103439]: DEBUG neutron.api.extensions [None req-ff8061aa-f76c-4492-adbd-80688dcc4ce3 None None] Loading extension file: allowedaddresspairs.py {{(pid=103439) _load_all_extensions_from_path /opt/stack/neutron/neutron/api/extensions.py:449}}
Feb 17 02:24:40.794712 np0000155925 devstack@neutron-api.service[103439]: DEBUG neutron.api.extensions [None req-ff8061aa-f76c-4492-adbd-80688dcc4ce3 None None] Ext name="Allowed Address Pairs" alias="allowed-address-pairs" description="Provides allowed address pairs" updated="2013-07-23T10:00:00-00:00" {{(pid=103439) _check_extension /opt/stack/neutron/neutron/api/extensions.py:415}}
Feb 17 02:24:40.794712 np0000155925 devstack@neutron-api.service[103439]: INFO neutron.api.extensions [None req-ff8061aa-f76c-4492-adbd-80688dcc4ce3 None None] Loaded extension: allowed-address-pairs
Feb 17 02:24:40.795452 np0000155925 devstack@neutron-api.service[103439]: DEBUG neutron.api.extensions [None req-ff8061aa-f76c-4492-adbd-80688dcc4ce3 None None] Loading extension file: auto_allocated_topology.py {{(pid=103439) _load_all_extensions_from_path /opt/stack/neutron/neutron/api/extensions.py:449}}
Feb 17 02:24:40.795452 np0000155925 devstack@neutron-api.service[103439]: DEBUG neutron.api.extensions [None req-ff8061aa-f76c-4492-adbd-80688dcc4ce3 None None] Ext name="Auto Allocated Topology Services" alias="auto-allocated-topology" description="Auto Allocated Topology Services." updated="2016-01-01T00:00:00-00:00" {{(pid=103439) _check_extension /opt/stack/neutron/neutron/api/extensions.py:415}}
Feb 17 02:24:40.795452 np0000155925 devstack@neutron-api.service[103439]: INFO neutron.api.extensions [None req-ff8061aa-f76c-4492-adbd-80688dcc4ce3 None None] Loaded extension: auto-allocated-topology
Feb 17 02:24:40.795452 np0000155925 devstack@neutron-api.service[103439]: DEBUG neutron.api.extensions [None req-ff8061aa-f76c-4492-adbd-80688dcc4ce3 None None] Loading extension file: availability_zone.py {{(pid=103439) _load_all_extensions_from_path /opt/stack/neutron/neutron/api/extensions.py:449}}
Feb 17 02:24:40.795452 np0000155925 devstack@neutron-api.service[103439]: DEBUG neutron.api.extensions [None req-ff8061aa-f76c-4492-adbd-80688dcc4ce3 None None] Ext name="Availability Zone" alias="availability_zone" description="The availability zone extension." updated="2015-01-01T10:00:00-00:00" {{(pid=103439) _check_extension /opt/stack/neutron/neutron/api/extensions.py:415}}
Feb 17 02:24:40.795452 np0000155925 devstack@neutron-api.service[103439]: INFO neutron.api.extensions [None req-ff8061aa-f76c-4492-adbd-80688dcc4ce3 None None] Loaded extension: availability_zone
Feb 17 02:24:40.795452 np0000155925 devstack@neutron-api.service[103439]: DEBUG neutron.api.extensions [None req-ff8061aa-f76c-4492-adbd-80688dcc4ce3 None None] Loading extension file: availability_zone_filter.py {{(pid=103439) _load_all_extensions_from_path /opt/stack/neutron/neutron/api/extensions.py:449}}
Feb 17 02:24:40.796156 np0000155925 devstack@neutron-api.service[103439]: DEBUG neutron.api.extensions [None req-ff8061aa-f76c-4492-adbd-80688dcc4ce3 None None] Ext name="Availability Zone Filter Extension" alias="availability_zone_filter" description="Add filter parameters to AvailabilityZone resource" updated="2018-06-22T10:00:00-00:00" {{(pid=103439) _check_extension /opt/stack/neutron/neutron/api/extensions.py:415}}
Feb 17 02:24:40.796156 np0000155925 devstack@neutron-api.service[103439]: INFO neutron.api.extensions [None req-ff8061aa-f76c-4492-adbd-80688dcc4ce3 None None] Extension availability_zone_filter not supported by any of loaded plugins
Feb 17 02:24:40.796156 np0000155925 devstack@neutron-api.service[103439]: DEBUG neutron.api.extensions [None req-ff8061aa-f76c-4492-adbd-80688dcc4ce3 None None] Loading extension file: data_plane_status.py {{(pid=103439) _load_all_extensions_from_path /opt/stack/neutron/neutron/api/extensions.py:449}}
Feb 17 02:24:40.796156 np0000155925 devstack@neutron-api.service[103439]: DEBUG neutron.api.extensions [None req-ff8061aa-f76c-4492-adbd-80688dcc4ce3 None None] Ext name="Port data plane status extension" alias="data-plane-status" description="Expose status of underlying data plane" updated="2017-01-24T10:00:00-00:00" {{(pid=103439) _check_extension /opt/stack/neutron/neutron/api/extensions.py:415}}
Feb 17 02:24:40.796156 np0000155925 devstack@neutron-api.service[103439]: INFO neutron.api.extensions [None req-ff8061aa-f76c-4492-adbd-80688dcc4ce3 None None] Extension data-plane-status not supported by any of loaded plugins
Feb 17 02:24:40.796156 np0000155925 devstack@neutron-api.service[103439]: DEBUG neutron.api.extensions [None req-ff8061aa-f76c-4492-adbd-80688dcc4ce3 None None] Loading extension file: default_subnetpools.py {{(pid=103439) _load_all_extensions_from_path /opt/stack/neutron/neutron/api/extensions.py:449}}
Feb 17 02:24:40.796862 np0000155925 devstack@neutron-api.service[103439]: DEBUG neutron.api.extensions [None req-ff8061aa-f76c-4492-adbd-80688dcc4ce3 None None] Ext name="Default Subnetpools" alias="default-subnetpools" description="Provides ability to mark and use a subnetpool as the default." updated="2016-02-18T18:00:00-00:00" {{(pid=103439) _check_extension /opt/stack/neutron/neutron/api/extensions.py:415}}
Feb 17 02:24:40.796862 np0000155925 devstack@neutron-api.service[103439]: INFO neutron.api.extensions [None req-ff8061aa-f76c-4492-adbd-80688dcc4ce3 None None] Loaded extension: default-subnetpools
Feb 17 02:24:40.796862 np0000155925 devstack@neutron-api.service[103439]: DEBUG neutron.api.extensions [None req-ff8061aa-f76c-4492-adbd-80688dcc4ce3 None None] Loading extension file: dhcpagentscheduler.py {{(pid=103439) _load_all_extensions_from_path /opt/stack/neutron/neutron/api/extensions.py:449}}
Feb 17 02:24:40.796862 np0000155925 devstack@neutron-api.service[103439]: DEBUG neutron.api.extensions [None req-ff8061aa-f76c-4492-adbd-80688dcc4ce3 None None] Ext name="DHCP Agent Scheduler" alias="dhcp_agent_scheduler" description="Schedule networks among dhcp agents" updated="2013-02-07T10:00:00-00:00" {{(pid=103439) _check_extension /opt/stack/neutron/neutron/api/extensions.py:415}}
Feb 17 02:24:40.796862 np0000155925 devstack@neutron-api.service[103439]: INFO neutron.api.extensions [None req-ff8061aa-f76c-4492-adbd-80688dcc4ce3 None None] Loaded extension: dhcp_agent_scheduler
Feb 17 02:24:40.796862 np0000155925 devstack@neutron-api.service[103439]: DEBUG neutron.api.extensions [None req-ff8061aa-f76c-4492-adbd-80688dcc4ce3 None None] Loading extension file: dns.py {{(pid=103439) _load_all_extensions_from_path /opt/stack/neutron/neutron/api/extensions.py:449}}
Feb 17 02:24:40.796862 np0000155925 devstack@neutron-api.service[103439]: DEBUG neutron.api.extensions [None req-ff8061aa-f76c-4492-adbd-80688dcc4ce3 None None] Ext name="DNS Integration" alias="dns-integration" description="Provides integration with DNS." updated="2015-08-15T18:00:00-00:00" {{(pid=103439) _check_extension /opt/stack/neutron/neutron/api/extensions.py:415}}
Feb 17 02:24:40.797630 np0000155925 devstack@neutron-api.service[103439]: INFO neutron.api.extensions [None req-ff8061aa-f76c-4492-adbd-80688dcc4ce3 None None] Loaded extension: dns-integration
Feb 17 02:24:40.797630 np0000155925 devstack@neutron-api.service[103439]: DEBUG neutron.api.extensions [None req-ff8061aa-f76c-4492-adbd-80688dcc4ce3 None None] Loading extension file: dns_domain_ports.py {{(pid=103439) _load_all_extensions_from_path /opt/stack/neutron/neutron/api/extensions.py:449}}
Feb 17 02:24:40.797630 np0000155925 devstack@neutron-api.service[103439]: DEBUG neutron.api.extensions [None req-ff8061aa-f76c-4492-adbd-80688dcc4ce3 None None] Ext name="dns_domain for ports" alias="dns-domain-ports" description="Allows the DNS domain to be specified for a network port." updated="2017-04-24T10:00:00-00:00" {{(pid=103439) _check_extension /opt/stack/neutron/neutron/api/extensions.py:415}}
Feb 17 02:24:40.797630 np0000155925 devstack@neutron-api.service[103439]: INFO neutron.api.extensions [None req-ff8061aa-f76c-4492-adbd-80688dcc4ce3 None None] Loaded extension: dns-domain-ports
Feb 17 02:24:40.797630 np0000155925 devstack@neutron-api.service[103439]: DEBUG neutron.api.extensions [None req-ff8061aa-f76c-4492-adbd-80688dcc4ce3 None None] Loading extension file: dns_integration_domain_keywords.py {{(pid=103439) _load_all_extensions_from_path /opt/stack/neutron/neutron/api/extensions.py:449}}
Feb 17 02:24:40.797630 np0000155925 devstack@neutron-api.service[103439]: DEBUG neutron.api.extensions [None req-ff8061aa-f76c-4492-adbd-80688dcc4ce3 None None] Ext name="DNS domain names with keywords allowed" alias="dns-integration-domain-keywords" description="Allows to use keywords like , , and as DNS domain name" updated="2020-06-15T18:00:00-00:00" {{(pid=103439) _check_extension /opt/stack/neutron/neutron/api/extensions.py:415}}
Feb 17 02:24:40.797630 np0000155925 devstack@neutron-api.service[103439]: INFO neutron.api.extensions [None req-ff8061aa-f76c-4492-adbd-80688dcc4ce3 None None] Loaded extension: dns-integration-domain-keywords
Feb 17 02:24:40.798933 np0000155925 devstack@neutron-api.service[103439]: DEBUG neutron.api.extensions [None req-ff8061aa-f76c-4492-adbd-80688dcc4ce3 None None] Loading extension file: dvr.py {{(pid=103439) _load_all_extensions_from_path /opt/stack/neutron/neutron/api/extensions.py:449}}
Feb 17 02:24:40.798933 np0000155925 devstack@neutron-api.service[103439]: DEBUG neutron.api.extensions [None req-ff8061aa-f76c-4492-adbd-80688dcc4ce3 None None] Ext name="Distributed Virtual Router" alias="dvr" description="Enables configuration of Distributed Virtual Routers." updated="2014-06-1T10:00:00-00:00" {{(pid=103439) _check_extension /opt/stack/neutron/neutron/api/extensions.py:415}}
Feb 17 02:24:40.798933 np0000155925 devstack@neutron-api.service[103439]: INFO neutron.api.extensions [None req-ff8061aa-f76c-4492-adbd-80688dcc4ce3 None None] Extension dvr not supported by any of loaded plugins
Feb 17 02:24:40.798933 np0000155925 devstack@neutron-api.service[103439]: DEBUG neutron.api.extensions [None req-ff8061aa-f76c-4492-adbd-80688dcc4ce3 None None] Loading extension file: ecmp_routes.py {{(pid=103439) _load_all_extensions_from_path /opt/stack/neutron/neutron/api/extensions.py:449}}
Feb 17 02:24:40.798933 np0000155925 devstack@neutron-api.service[103439]: DEBUG neutron.api.extensions [None req-ff8061aa-f76c-4492-adbd-80688dcc4ce3 None None] Ext name="Equal Cost Multipath Routing" alias="ecmp_routes" description="Allows traffic to reach thesame destination via multiple different links " updated="2020-11-26T18:00:00-00:00" {{(pid=103439) _check_extension /opt/stack/neutron/neutron/api/extensions.py:415}}
Feb 17 02:24:40.798933 np0000155925 devstack@neutron-api.service[103439]: INFO neutron.api.extensions [None req-ff8061aa-f76c-4492-adbd-80688dcc4ce3 None None] Extension ecmp_routes not supported by any of loaded plugins
Feb 17 02:24:40.798933 np0000155925 devstack@neutron-api.service[103439]: DEBUG neutron.api.extensions [None req-ff8061aa-f76c-4492-adbd-80688dcc4ce3 None None] Loading extension file: empty_string_filtering.py {{(pid=103439) _load_all_extensions_from_path /opt/stack/neutron/neutron/api/extensions.py:449}}
Feb 17 02:24:40.799711 np0000155925 devstack@neutron-api.service[103439]: DEBUG neutron.api.extensions [None req-ff8061aa-f76c-4492-adbd-80688dcc4ce3 None None] Ext name="Empty String Filtering Extension" alias="empty-string-filtering" description="Allow filtering by attributes with empty string value" updated="2018-05-01T10:00:00-00:00" {{(pid=103439) _check_extension /opt/stack/neutron/neutron/api/extensions.py:415}}
Feb 17 02:24:40.799711 np0000155925 devstack@neutron-api.service[103439]: INFO neutron.api.extensions [None req-ff8061aa-f76c-4492-adbd-80688dcc4ce3 None None] Loaded extension: empty-string-filtering
Feb 17 02:24:40.799711 np0000155925 devstack@neutron-api.service[103439]: DEBUG neutron.api.extensions [None req-ff8061aa-f76c-4492-adbd-80688dcc4ce3 None None] Loading extension file: expose_l3_conntrack_helper.py {{(pid=103439) _load_all_extensions_from_path /opt/stack/neutron/neutron/api/extensions.py:449}}
Feb 17 02:24:40.799711 np0000155925 devstack@neutron-api.service[103439]: DEBUG neutron.api.extensions [None req-ff8061aa-f76c-4492-adbd-80688dcc4ce3 None None] Ext name="Expose CT target rules for conntrack helper" alias="expose-l3-conntrack-helper" description="Expose allow adding CT target rules for conntrack helper" updated="2019-04-04T10:00:00-00:00" {{(pid=103439) _check_extension /opt/stack/neutron/neutron/api/extensions.py:415}}
Feb 17 02:24:40.799711 np0000155925 devstack@neutron-api.service[103439]: INFO neutron.api.extensions [None req-ff8061aa-f76c-4492-adbd-80688dcc4ce3 None None] Extension expose-l3-conntrack-helper not supported by any of loaded plugins
Feb 17 02:24:40.799711 np0000155925 devstack@neutron-api.service[103439]: DEBUG neutron.api.extensions [None req-ff8061aa-f76c-4492-adbd-80688dcc4ce3 None None] Loading extension file: expose_port_forwarding_in_fip.py {{(pid=103439) _load_all_extensions_from_path /opt/stack/neutron/neutron/api/extensions.py:449}}
Feb 17 02:24:40.800431 np0000155925 devstack@neutron-api.service[103439]: DEBUG neutron.api.extensions [None req-ff8061aa-f76c-4492-adbd-80688dcc4ce3 None None] Ext name="Expose Floating IP port forwardings" alias="expose-port-forwarding-in-fip" description="Expose port forwarding fields in floating IP response" updated="2018-06-28T16:00:00-00:00" {{(pid=103439) _check_extension /opt/stack/neutron/neutron/api/extensions.py:415}}
Feb 17 02:24:40.800431 np0000155925 devstack@neutron-api.service[103439]: INFO neutron.api.extensions [None req-ff8061aa-f76c-4492-adbd-80688dcc4ce3 None None] Extension expose-port-forwarding-in-fip not supported by any of loaded plugins
Feb 17 02:24:40.800431 np0000155925 devstack@neutron-api.service[103439]: DEBUG neutron.api.extensions [None req-ff8061aa-f76c-4492-adbd-80688dcc4ce3 None None] Loading extension file: external_net.py {{(pid=103439) _load_all_extensions_from_path /opt/stack/neutron/neutron/api/extensions.py:449}}
Feb 17 02:24:40.800431 np0000155925 devstack@neutron-api.service[103439]: DEBUG neutron.api.extensions [None req-ff8061aa-f76c-4492-adbd-80688dcc4ce3 None None] Ext name="Neutron external network" alias="external-net" description="Adds external network attribute to network resource." updated="2013-01-14T10:00:00-00:00" {{(pid=103439) _check_extension /opt/stack/neutron/neutron/api/extensions.py:415}}
Feb 17 02:24:40.800970 np0000155925 devstack@neutron-api.service[103438]: INFO neutron.plugins.ml2.drivers.type_vlan [None req-94bcf46d-2756-44ad-a8a0-340966413101 None None] VlanTypeDriver initialization complete
Feb 17 02:24:40.801438 np0000155925 devstack@neutron-api.service[103439]: INFO neutron.api.extensions [None req-ff8061aa-f76c-4492-adbd-80688dcc4ce3 None None] Loaded extension: external-net
Feb 17 02:24:40.801438 np0000155925 devstack@neutron-api.service[103439]: DEBUG neutron.api.extensions [None req-ff8061aa-f76c-4492-adbd-80688dcc4ce3 None None] Loading extension file: extra_dhcp_opt.py {{(pid=103439) _load_all_extensions_from_path /opt/stack/neutron/neutron/api/extensions.py:449}}
Feb 17 02:24:40.801592 np0000155925 devstack@neutron-api.service[103438]: INFO neutron.plugins.ml2.managers [None req-94bcf46d-2756-44ad-a8a0-340966413101 None None] Initializing extension driver 'port_security'
Feb 17 02:24:40.801592 np0000155925 devstack@neutron-api.service[103438]: INFO neutron.plugins.ml2.extensions.port_security [None req-94bcf46d-2756-44ad-a8a0-340966413101 None None] PortSecurityExtensionDriver initialization complete
Feb 17 02:24:40.801592 np0000155925 devstack@neutron-api.service[103438]: INFO neutron.plugins.ml2.managers [None req-94bcf46d-2756-44ad-a8a0-340966413101 None None] Initializing extension driver 'qos'
Feb 17 02:24:40.801740 np0000155925 devstack@neutron-api.service[103439]: DEBUG neutron.api.extensions [None req-ff8061aa-f76c-4492-adbd-80688dcc4ce3 None None] Ext name="Neutron Extra DHCP options" alias="extra_dhcp_opt" description="Extra options configuration for DHCP. For example PXE boot options to DHCP clients can be specified (e.g. tftp-server, server-ip-address, bootfile-name)" updated="2013-03-17T12:00:00-00:00" {{(pid=103439) _check_extension /opt/stack/neutron/neutron/api/extensions.py:415}}
Feb 17 02:24:40.801830 np0000155925 devstack@neutron-api.service[103438]: DEBUG neutron.plugins.ml2.extensions.qos [None req-94bcf46d-2756-44ad-a8a0-340966413101 None None] QosExtensionDriver initialization complete {{(pid=103438) initialize /opt/stack/neutron/neutron/plugins/ml2/extensions/qos.py:31}}
Feb 17 02:24:40.801874 np0000155925 devstack@neutron-api.service[103439]: INFO neutron.api.extensions [None req-ff8061aa-f76c-4492-adbd-80688dcc4ce3 None None] Loaded extension: extra_dhcp_opt
Feb 17 02:24:40.801989 np0000155925 devstack@neutron-api.service[103438]: INFO neutron.plugins.ml2.managers [None req-94bcf46d-2756-44ad-a8a0-340966413101 None None] Initializing mechanism driver 'ovn'
Feb 17 02:24:40.802028 np0000155925 devstack@neutron-api.service[103439]: DEBUG neutron.api.extensions [None req-ff8061aa-f76c-4492-adbd-80688dcc4ce3 None None] Loading extension file: extraroute.py {{(pid=103439) _load_all_extensions_from_path /opt/stack/neutron/neutron/api/extensions.py:449}}
Feb 17 02:24:40.802068 np0000155925 devstack@neutron-api.service[103438]: INFO neutron.plugins.ml2.drivers.ovn.mech_driver.mech_driver [None req-94bcf46d-2756-44ad-a8a0-340966413101 None None] Starting OVNMechanismDriver
Feb 17 02:24:40.802113 np0000155925 devstack@neutron-api.service[103439]: DEBUG neutron.api.extensions [None req-ff8061aa-f76c-4492-adbd-80688dcc4ce3 None None] Ext name="Neutron Extra Route" alias="extraroute" description="Extra routes configuration for L3 router" updated="2013-02-01T10:00:00-00:00" {{(pid=103439) _check_extension /opt/stack/neutron/neutron/api/extensions.py:415}}
Feb 17 02:24:40.802153 np0000155925 devstack@neutron-api.service[103441]: DEBUG neutron_lib.callbacks.manager [None req-7c451a5a-14c5-4920-892b-453a5bb42a16 None None] Subscribe: > router before_delete 55550000, False {{(pid=103441) subscribe /opt/stack/data/venv/lib/python3.12/site-packages/neutron_lib/callbacks/manager.py:52}}
Feb 17 02:24:40.802217 np0000155925 devstack@neutron-api.service[103439]: INFO neutron.api.extensions [None req-ff8061aa-f76c-4492-adbd-80688dcc4ce3 None None] Loaded extension: extraroute
