Feb 17 02:24:40.898166 np0000155925 devstack@neutron-api.service[103441]: DEBUG neutron.api.extensions [None req-7c451a5a-14c5-4920-892b-453a5bb42a16 None None] Loading extension file: uplink_status_propagation_updatable.py {{(pid=103441) _load_all_extensions_from_path /opt/stack/neutron/neutron/api/extensions.py:449}}
Feb 17 02:24:40.898195 np0000155925 devstack@neutron-api.service[103438]: DEBUG neutron.api.extensions [None req-94bcf46d-2756-44ad-a8a0-340966413101 None None] Ext name="Normalized CIDR field for security group rules" alias="security-groups-normalized-cidr" description="Add new field with normalized remote_ip_prefix cidr in SG rule" updated="2020-07-28T10:00:00-00:00" {{(pid=103438) _check_extension /opt/stack/neutron/neutron/api/extensions.py:415}}
Feb 17 02:24:40.898291 np0000155925 devstack@neutron-api.service[103441]: DEBUG neutron.api.extensions [None req-7c451a5a-14c5-4920-892b-453a5bb42a16 None None] Ext name="Uplink status propagation updatable extension" alias="uplink-status-propagation-updatable" description="Provides ability to update the port uplink status." updated="2024-09-03T18:00:00-00:00" {{(pid=103441) _check_extension /opt/stack/neutron/neutron/api/extensions.py:415}}
Feb 17 02:24:40.898345 np0000155925 devstack@neutron-api.service[103438]: INFO neutron.api.extensions [None req-94bcf46d-2756-44ad-a8a0-340966413101 None None] Loaded extension: security-groups-normalized-cidr
Feb 17 02:24:40.898370 np0000155925 devstack@neutron-api.service[103441]: INFO neutron.api.extensions [None req-7c451a5a-14c5-4920-892b-453a5bb42a16 None None] Extension uplink-status-propagation-updatable not supported by any of loaded plugins
Feb 17 02:24:40.898430 np0000155925 devstack@neutron-api.service[103439]: DEBUG neutron.api.extensions [None req-ff8061aa-f76c-4492-adbd-80688dcc4ce3 None None] Extended resource: service-providers {{(pid=103439) __init__ /opt/stack/neutron/neutron/api/extensions.py:156}}
Feb 17 02:24:40.898539 np0000155925 devstack@neutron-api.service[103438]: DEBUG neutron.api.extensions [None req-94bcf46d-2756-44ad-a8a0-340966413101 None None] Loading extension file: security_groups_port_filtering.py {{(pid=103438) _load_all_extensions_from_path /opt/stack/neutron/neutron/api/extensions.py:449}}
Feb 17 02:24:40.898568 np0000155925 devstack@neutron-api.service[103441]: DEBUG neutron.api.extensions [None req-7c451a5a-14c5-4920-892b-453a5bb42a16 None None] Loading extension file: vlantransparent.py {{(pid=103441) _load_all_extensions_from_path /opt/stack/neutron/neutron/api/extensions.py:449}}
Feb 17 02:24:40.898597 np0000155925 devstack@neutron-api.service[103438]: DEBUG neutron.api.extensions [None req-94bcf46d-2756-44ad-a8a0-340966413101 None None] Ext name="Port filtering on security groups" alias="port-security-groups-filtering" description="Provides security groups filtering when listing ports" updated="2018-01-09T09:00:00-00:00" {{(pid=103438) _check_extension /opt/stack/neutron/neutron/api/extensions.py:415}}
Feb 17 02:24:40.898677 np0000155925 devstack@neutron-api.service[103441]: DEBUG neutron.api.extensions [None req-7c451a5a-14c5-4920-892b-453a5bb42a16 None None] Ext name="Vlantransparent" alias="vlan-transparent" description="Provides Vlan Transparent Networks" updated="2015-03-23T09:00:00-00:00" {{(pid=103441) _check_extension /opt/stack/neutron/neutron/api/extensions.py:415}}
Feb 17 02:24:40.898761 np0000155925 devstack@neutron-api.service[103438]: INFO neutron.api.extensions [None req-94bcf46d-2756-44ad-a8a0-340966413101 None None] Extension port-security-groups-filtering not supported by any of loaded plugins
Feb 17 02:24:40.898816 np0000155925 devstack@neutron-api.service[103441]: INFO neutron.api.extensions [None req-7c451a5a-14c5-4920-892b-453a5bb42a16 None None] Loaded extension: vlan-transparent
Feb 17 02:24:40.898840 np0000155925 devstack@neutron-api.service[103438]: DEBUG neutron.api.extensions [None req-94bcf46d-2756-44ad-a8a0-340966413101 None None] Loading extension file: security_groups_remote_address_group.py {{(pid=103438) _load_all_extensions_from_path /opt/stack/neutron/neutron/api/extensions.py:449}}
Feb 17 02:24:40.898869 np0000155925 devstack@neutron-api.service[103439]: DEBUG neutron.api.extensions [None req-ff8061aa-f76c-4492-adbd-80688dcc4ce3 None None] Extended resource: subnetpools {{(pid=103439) __init__ /opt/stack/neutron/neutron/api/extensions.py:156}}
Feb 17 02:24:40.899053 np0000155925 devstack@neutron-api.service[103438]: DEBUG neutron.api.extensions [None req-94bcf46d-2756-44ad-a8a0-340966413101 None None] Ext name="Remote address group id field for security group rules" alias="security-groups-remote-address-group" description="Add new field of remote address group id in SG rules" updated="2020-08-25T10:00:00-00:00" {{(pid=103438) _check_extension /opt/stack/neutron/neutron/api/extensions.py:415}}
Feb 17 02:24:40.899053 np0000155925 devstack@neutron-api.service[103438]: INFO neutron.api.extensions [None req-94bcf46d-2756-44ad-a8a0-340966413101 None None] Loaded extension: security-groups-remote-address-group
Feb 17 02:24:40.899053 np0000155925 devstack@neutron-api.service[103438]: DEBUG neutron.api.extensions [None req-94bcf46d-2756-44ad-a8a0-340966413101 None None] Loading extension file: security_groups_rules_belongs_to_default_sg.py {{(pid=103438) _load_all_extensions_from_path /opt/stack/neutron/neutron/api/extensions.py:449}}
Feb 17 02:24:40.899197 np0000155925 devstack@neutron-api.service[103439]: DEBUG neutron.api.extensions [None req-ff8061aa-f76c-4492-adbd-80688dcc4ce3 None None] Extended resource: tags {{(pid=103439) __init__ /opt/stack/neutron/neutron/api/extensions.py:156}}
Feb 17 02:24:40.899264 np0000155925 devstack@neutron-api.service[103438]: DEBUG neutron.api.extensions [None req-94bcf46d-2756-44ad-a8a0-340966413101 None None] Ext name="Security group rule belongs to the project's default security group" alias="security-groups-rules-belongs-to-default-sg" description="Flag to determine if the security group rule belongs to the project's default security group" updated="2023-05-23T10:00:00-00:00" {{(pid=103438) _check_extension /opt/stack/neutron/neutron/api/extensions.py:415}}
Feb 17 02:24:40.899264 np0000155925 devstack@neutron-api.service[103438]: INFO neutron.api.extensions [None req-94bcf46d-2756-44ad-a8a0-340966413101 None None] Loaded extension: security-groups-rules-belongs-to-default-sg
Feb 17 02:24:40.899264 np0000155925 devstack@neutron-api.service[103438]: DEBUG neutron.api.extensions [None req-94bcf46d-2756-44ad-a8a0-340966413101 None None] Loading extension file: security_groups_shared_filtering.py {{(pid=103438) _load_all_extensions_from_path /opt/stack/neutron/neutron/api/extensions.py:449}}
Feb 17 02:24:40.899264 np0000155925 devstack@neutron-api.service[103438]: DEBUG neutron.api.extensions [None req-94bcf46d-2756-44ad-a8a0-340966413101 None None] Ext name="Security group filtering on the shared field" alias="security-groups-shared-filtering" description="Support filtering security groups on the shared field" updated="2021-10-05T09:00:00-00:00" {{(pid=103438) _check_extension /opt/stack/neutron/neutron/api/extensions.py:415}}
Feb 17 02:24:40.899264 np0000155925 devstack@neutron-api.service[103438]: INFO neutron.api.extensions [None req-94bcf46d-2756-44ad-a8a0-340966413101 None None] Loaded extension: security-groups-shared-filtering
Feb 17 02:24:40.899389 np0000155925 devstack@neutron-api.service[103439]: DEBUG neutron.api.extensions [None req-ff8061aa-f76c-4492-adbd-80688dcc4ce3 None None] Extended resource: tags {{(pid=103439) __init__ /opt/stack/neutron/neutron/api/extensions.py:156}}
Feb 17 02:24:40.899441 np0000155925 devstack@neutron-api.service[103438]: DEBUG neutron.api.extensions [None req-94bcf46d-2756-44ad-a8a0-340966413101 None None] Loading extension file: securitygroup.py {{(pid=103438) _load_all_extensions_from_path /opt/stack/neutron/neutron/api/extensions.py:449}}
Feb 17 02:24:40.899471 np0000155925 devstack@neutron-api.service[103441]: INFO neutron.quota.resource_registry [None req-7c451a5a-14c5-4920-892b-453a5bb42a16 None None] Creating instance of TrackedResource for resource:network
Feb 17 02:24:40.899471 np0000155925 devstack@neutron-api.service[103441]: INFO neutron.quota.resource_registry [None req-7c451a5a-14c5-4920-892b-453a5bb42a16 None None] Creating instance of TrackedResource for resource:subnet
Feb 17 02:24:40.899471 np0000155925 devstack@neutron-api.service[103441]: INFO neutron.quota.resource_registry [None req-7c451a5a-14c5-4920-892b-453a5bb42a16 None None] Creating instance of TrackedResource for resource:subnetpool
Feb 17 02:24:40.899471 np0000155925 devstack@neutron-api.service[103441]: INFO neutron.quota.resource_registry [None req-7c451a5a-14c5-4920-892b-453a5bb42a16 None None] Creating instance of TrackedResource for resource:port
Feb 17 02:24:40.899594 np0000155925 devstack@neutron-api.service[103439]: DEBUG neutron.api.extensions [None req-ff8061aa-f76c-4492-adbd-80688dcc4ce3 None None] Extended resource: tags {{(pid=103439) __init__ /opt/stack/neutron/neutron/api/extensions.py:156}}
Feb 17 02:24:40.899594 np0000155925 devstack@neutron-api.service[103439]: DEBUG neutron.api.extensions [None req-ff8061aa-f76c-4492-adbd-80688dcc4ce3 None None] Extended resource: tags {{(pid=103439) __init__ /opt/stack/neutron/neutron/api/extensions.py:156}}
Feb 17 02:24:40.899737 np0000155925 devstack@neutron-api.service[103438]: DEBUG neutron.api.extensions [None req-94bcf46d-2756-44ad-a8a0-340966413101 None None] Ext name="security-group" alias="security-group" description="The security groups extension." updated="2012-10-05T10:00:00-00:00" {{(pid=103438) _check_extension /opt/stack/neutron/neutron/api/extensions.py:415}}
Feb 17 02:24:40.899737 np0000155925 devstack@neutron-api.service[103438]: INFO neutron.api.extensions [None req-94bcf46d-2756-44ad-a8a0-340966413101 None None] Loaded extension: security-group
Feb 17 02:24:40.899737 np0000155925 devstack@neutron-api.service[103438]: DEBUG neutron.api.extensions [None req-94bcf46d-2756-44ad-a8a0-340966413101 None None] Loading extension file: segment.py {{(pid=103438) _load_all_extensions_from_path /opt/stack/neutron/neutron/api/extensions.py:449}}
Feb 17 02:24:40.899848 np0000155925 devstack@neutron-api.service[103441]: DEBUG neutron.api.v2.resource_helper [None req-7c451a5a-14c5-4920-892b-453a5bb42a16 None None] Service L3_ROUTER_NAT assigned prefix: {{(pid=103441) build_resource_info /opt/stack/neutron/neutron/api/v2/resource_helper.py:77}}
Feb 17 02:24:40.899898 np0000155925 devstack@neutron-api.service[103438]: DEBUG neutron.api.extensions [None req-94bcf46d-2756-44ad-a8a0-340966413101 None None] Ext name="Segment" alias="segment" description="Segments extension." updated="2016-02-24T17:00:00-00:00" {{(pid=103438) _check_extension /opt/stack/neutron/neutron/api/extensions.py:415}}
Feb 17 02:24:40.899923 np0000155925 devstack@neutron-api.service[103439]: DEBUG neutron.api.extensions [None req-ff8061aa-f76c-4492-adbd-80688dcc4ce3 None None] Extended resource: tags {{(pid=103439) __init__ /opt/stack/neutron/neutron/api/extensions.py:156}}
Feb 17 02:24:40.899950 np0000155925 devstack@neutron-api.service[103438]: INFO neutron.api.extensions [None req-94bcf46d-2756-44ad-a8a0-340966413101 None None] Extension segment not supported by any of loaded plugins
Feb 17 02:24:40.899950 np0000155925 devstack@neutron-api.service[103438]: DEBUG neutron.api.extensions [None req-94bcf46d-2756-44ad-a8a0-340966413101 None None] Loading extension file: segments_peer_subnet_host_routes.py {{(pid=103438) _load_all_extensions_from_path /opt/stack/neutron/neutron/api/extensions.py:449}}
Feb 17 02:24:40.899998 np0000155925 devstack@neutron-api.service[103441]: DEBUG neutron.api.v2.resource_helper [None req-7c451a5a-14c5-4920-892b-453a5bb42a16 None None] Service FLAVORS assigned prefix: {{(pid=103441) build_resource_info /opt/stack/neutron/neutron/api/v2/resource_helper.py:77}}
Feb 17 02:24:40.900022 np0000155925 devstack@neutron-api.service[103438]: DEBUG neutron.api.extensions [None req-94bcf46d-2756-44ad-a8a0-340966413101 None None] Ext name="Segments peer-subnet host routes" alias="segments-peer-subnet-host-routes" description="Add host routes to subnets on a routed network (segments)" updated="2018-06-12T10:00:00-00:00" {{(pid=103438) _check_extension /opt/stack/neutron/neutron/api/extensions.py:415}}
Feb 17 02:24:40.900022 np0000155925 devstack@neutron-api.service[103438]: INFO neutron.api.extensions [None req-94bcf46d-2756-44ad-a8a0-340966413101 None None] Extension segments-peer-subnet-host-routes not supported by any of loaded plugins
Feb 17 02:24:40.900022 np0000155925 devstack@neutron-api.service[103438]: DEBUG neutron.api.extensions [None req-94bcf46d-2756-44ad-a8a0-340966413101 None None] Loading extension file: servicetype.py {{(pid=103438) _load_all_extensions_from_path /opt/stack/neutron/neutron/api/extensions.py:449}}
Feb 17 02:24:40.900097 np0000155925 devstack@neutron-api.service[103439]: DEBUG neutron.api.extensions [None req-ff8061aa-f76c-4492-adbd-80688dcc4ce3 None None] Extended resource: tags {{(pid=103439) __init__ /opt/stack/neutron/neutron/api/extensions.py:156}}
Feb 17 02:24:40.900126 np0000155925 devstack@neutron-api.service[103438]: DEBUG neutron.api.extensions [None req-94bcf46d-2756-44ad-a8a0-340966413101 None None] Ext name="Neutron Service Type Management" alias="service-type" description="API for retrieving service providers for Neutron advanced services" updated="2013-01-20T00:00:00-00:00" {{(pid=103438) _check_extension /opt/stack/neutron/neutron/api/extensions.py:415}}
Feb 17 02:24:40.900151 np0000155925 devstack@neutron-api.service[103441]: DEBUG neutron.api.v2.resource_helper [None req-7c451a5a-14c5-4920-892b-453a5bb42a16 None None] Service L3_ROUTER_NAT assigned prefix: {{(pid=103441) build_resource_info /opt/stack/neutron/neutron/api/v2/resource_helper.py:77}}
Feb 17 02:24:40.900214 np0000155925 devstack@neutron-api.service[103438]: INFO neutron.api.extensions [None req-94bcf46d-2756-44ad-a8a0-340966413101 None None] Loaded extension: service-type
Feb 17 02:24:40.900214 np0000155925 devstack@neutron-api.service[103438]: DEBUG neutron.api.extensions [None req-94bcf46d-2756-44ad-a8a0-340966413101 None None] Loading extension file: sorting.py {{(pid=103438) _load_all_extensions_from_path /opt/stack/neutron/neutron/api/extensions.py:449}}
Feb 17 02:24:40.900214 np0000155925 devstack@neutron-api.service[103438]: DEBUG neutron.api.extensions [None req-94bcf46d-2756-44ad-a8a0-340966413101 None None] Ext name="Sorting support" alias="sorting" description="Extension that indicates that sorting is enabled." updated="2016-06-12T00:00:00-00:00" {{(pid=103438) _check_extension /opt/stack/neutron/neutron/api/extensions.py:415}}
Feb 17 02:24:40.900283 np0000155925 devstack@neutron-api.service[103441]: DEBUG neutron.api.v2.resource_helper [None req-7c451a5a-14c5-4920-892b-453a5bb42a16 None None] Service L3_ROUTER_NAT assigned prefix: {{(pid=103441) build_resource_info /opt/stack/neutron/neutron/api/v2/resource_helper.py:77}}
Feb 17 02:24:40.900385 np0000155925 devstack@neutron-api.service[103438]: INFO neutron.api.extensions [None req-94bcf46d-2756-44ad-a8a0-340966413101 None None] Loaded extension: sorting
Feb 17 02:24:40.900385 np0000155925 devstack@neutron-api.service[103438]: DEBUG neutron.api.extensions [None req-94bcf46d-2756-44ad-a8a0-340966413101 None None] Loading extension file: standard_attr_segment.py {{(pid=103438) _load_all_extensions_from_path /opt/stack/neutron/neutron/api/extensions.py:449}}
Feb 17 02:24:40.900477 np0000155925 devstack@neutron-api.service[103441]: INFO neutron.quota.resource_registry [None req-7c451a5a-14c5-4920-892b-453a5bb42a16 None None] Creating instance of TrackedResource for resource:router
Feb 17 02:24:40.900503 np0000155925 devstack@neutron-api.service[103439]: DEBUG neutron.api.extensions [None req-ff8061aa-f76c-4492-adbd-80688dcc4ce3 None None] Extended resource: tags {{(pid=103439) __init__ /opt/stack/neutron/neutron/api/extensions.py:156}}
Feb 17 02:24:40.900527 np0000155925 devstack@neutron-api.service[103438]: DEBUG neutron.api.extensions [None req-94bcf46d-2756-44ad-a8a0-340966413101 None None] Ext name="Standard Attribute Segment Extension" alias="standard-attr-segment" description="Add standard attributes to Segment resource" updated="2018-04-09T10:00:00-00:00" {{(pid=103438) _check_extension /opt/stack/neutron/neutron/api/extensions.py:415}}
Feb 17 02:24:40.900589 np0000155925 devstack@neutron-api.service[103441]: INFO neutron.quota.resource_registry [None req-7c451a5a-14c5-4920-892b-453a5bb42a16 None None] Creating instance of TrackedResource for resource:floatingip
Feb 17 02:24:40.900621 np0000155925 devstack@neutron-api.service[103438]: INFO neutron.api.extensions [None req-94bcf46d-2756-44ad-a8a0-340966413101 None None] Extension standard-attr-segment not supported by any of loaded plugins
Feb 17 02:24:40.900621 np0000155925 devstack@neutron-api.service[103438]: DEBUG neutron.api.extensions [None req-94bcf46d-2756-44ad-a8a0-340966413101 None None] Loading extension file: standardattrdescription.py {{(pid=103438) _load_all_extensions_from_path /opt/stack/neutron/neutron/api/extensions.py:449}}
Feb 17 02:24:40.900621 np0000155925 devstack@neutron-api.service[103438]: DEBUG neutron.api.extensions [None req-94bcf46d-2756-44ad-a8a0-340966413101 None None] Ext name="standard-attr-description" alias="standard-attr-description" description="Extension to add descriptions to standard attributes" updated="2016-02-10T10:00:00-00:00" {{(pid=103438) _check_extension /opt/stack/neutron/neutron/api/extensions.py:415}}
Feb 17 02:24:40.900621 np0000155925 devstack@neutron-api.service[103438]: INFO neutron.api.extensions [None req-94bcf46d-2756-44ad-a8a0-340966413101 None None] Loaded extension: standard-attr-description
Feb 17 02:24:40.900760 np0000155925 devstack@neutron-api.service[103439]: DEBUG neutron.api.extensions [None req-ff8061aa-f76c-4492-adbd-80688dcc4ce3 None None] Extended resource: tags {{(pid=103439) __init__ /opt/stack/neutron/neutron/api/extensions.py:156}}
Feb 17 02:24:40.900786 np0000155925 devstack@neutron-api.service[103438]: DEBUG neutron.api.extensions [None req-94bcf46d-2756-44ad-a8a0-340966413101 None None] Loading extension file: stateful_security_group.py {{(pid=103438) _load_all_extensions_from_path /opt/stack/neutron/neutron/api/extensions.py:449}}
Feb 17 02:24:40.900786 np0000155925 devstack@neutron-api.service[103438]: DEBUG neutron.api.extensions [None req-94bcf46d-2756-44ad-a8a0-340966413101 None None] Ext name="Stateful security group" alias="stateful-security-group" description="Indicates if the security group is stateful or not" updated="2019-11-26T09:00:00-00:00" {{(pid=103438) _check_extension /opt/stack/neutron/neutron/api/extensions.py:415}}
Feb 17 02:24:40.900786 np0000155925 devstack@neutron-api.service[103438]: INFO neutron.api.extensions [None req-94bcf46d-2756-44ad-a8a0-340966413101 None None] Loaded extension: stateful-security-group
Feb 17 02:24:40.900863 np0000155925 devstack@neutron-api.service[103441]: DEBUG neutron_lib.callbacks.manager [None req-7c451a5a-14c5-4920-892b-453a5bb42a16 None None] Subscribe: > rbac-policy before_create 55550000, False {{(pid=103441) subscribe /opt/stack/data/venv/lib/python3.12/site-packages/neutron_lib/callbacks/manager.py:52}}
Feb 17 02:24:40.900967 np0000155925 devstack@neutron-api.service[103438]: DEBUG neutron.api.extensions [None req-94bcf46d-2756-44ad-a8a0-340966413101 None None] Loading extension file: stdattrs_common.py {{(pid=103438) _load_all_extensions_from_path /opt/stack/neutron/neutron/api/extensions.py:449}}
Feb 17 02:24:40.901025 np0000155925 devstack@neutron-api.service[103441]: DEBUG neutron_lib.callbacks.manager [None req-7c451a5a-14c5-4920-892b-453a5bb42a16 None None] Subscribe: > rbac-policy before_update 55550000, False {{(pid=103441) subscribe /opt/stack/data/venv/lib/python3.12/site-packages/neutron_lib/callbacks/manager.py:52}}
Feb 17 02:24:40.901025 np0000155925 devstack@neutron-api.service[103441]: DEBUG neutron_lib.callbacks.manager [None req-7c451a5a-14c5-4920-892b-453a5bb42a16 None None] Subscribe: > rbac-policy before_delete 55550000, False {{(pid=103441) subscribe /opt/stack/data/venv/lib/python3.12/site-packages/neutron_lib/callbacks/manager.py:52}}
Feb 17 02:24:40.901105 np0000155925 devstack@neutron-api.service[103438]: WARNING neutron.api.extensions [None req-94bcf46d-2756-44ad-a8a0-340966413101 None None] Did not find expected name "Stdattrs_common" in /opt/stack/neutron/neutron/extensions/stdattrs_common.py
Feb 17 02:24:40.901177 np0000155925 devstack@neutron-api.service[103439]: DEBUG neutron.api.extensions [None req-ff8061aa-f76c-4492-adbd-80688dcc4ce3 None None] Extended resource: tags {{(pid=103439) __init__ /opt/stack/neutron/neutron/api/extensions.py:156}}
Feb 17 02:24:40.901201 np0000155925 devstack@neutron-api.service[103438]: DEBUG neutron.api.extensions [None req-94bcf46d-2756-44ad-a8a0-340966413101 None None] Loading extension file: subnet_dns_publish_fixed_ip.py {{(pid=103438) _load_all_extensions_from_path /opt/stack/neutron/neutron/api/extensions.py:449}}
Feb 17 02:24:40.901201 np0000155925 devstack@neutron-api.service[103438]: DEBUG neutron.api.extensions [None req-94bcf46d-2756-44ad-a8a0-340966413101 None None] Ext name="Subnet DNS publish fixed IP" alias="subnet-dns-publish-fixed-ip" description="Support choosing to publish DNS records for IPs from a subnet" updated="2019-05-24T10:00:00-00:00" {{(pid=103438) _check_extension /opt/stack/neutron/neutron/api/extensions.py:415}}
Feb 17 02:24:40.901201 np0000155925 devstack@neutron-api.service[103438]: INFO neutron.api.extensions [None req-94bcf46d-2756-44ad-a8a0-340966413101 None None] Loaded extension: subnet-dns-publish-fixed-ip
Feb 17 02:24:40.901201 np0000155925 devstack@neutron-api.service[103438]: DEBUG neutron.api.extensions [None req-94bcf46d-2756-44ad-a8a0-340966413101 None None] Loading extension file: subnet_external_network.py {{(pid=103438) _load_all_extensions_from_path /opt/stack/neutron/neutron/api/extensions.py:449}}
Feb 17 02:24:40.901201 np0000155925 devstack@neutron-api.service[103438]: DEBUG neutron.api.extensions [None req-94bcf46d-2756-44ad-a8a0-340966413101 None None] Ext name="Subnet belongs to an external network" alias="subnet-external-network" description="Informs if the subnet belongs to an external network" updated="2024-02-05T18:00:00-00:00" {{(pid=103438) _check_extension /opt/stack/neutron/neutron/api/extensions.py:415}}
Feb 17 02:24:40.901338 np0000155925 devstack@neutron-api.service[103439]: DEBUG neutron.api.extensions [None req-ff8061aa-f76c-4492-adbd-80688dcc4ce3 None None] Extended resource: tags {{(pid=103439) __init__ /opt/stack/neutron/neutron/api/extensions.py:156}}
Feb 17 02:24:40.901433 np0000155925 devstack@neutron-api.service[103438]: INFO neutron.api.extensions [None req-94bcf46d-2756-44ad-a8a0-340966413101 None None] Loaded extension: subnet-external-network
Feb 17 02:24:40.901433 np0000155925 devstack@neutron-api.service[103438]: DEBUG neutron.api.extensions [None req-94bcf46d-2756-44ad-a8a0-340966413101 None None] Loading extension file: subnet_onboard.py {{(pid=103438) _load_all_extensions_from_path /opt/stack/neutron/neutron/api/extensions.py:449}}
Feb 17 02:24:40.901527 np0000155925 devstack@neutron-api.service[103441]: INFO neutron.quota.resource_registry [None req-7c451a5a-14c5-4920-892b-453a5bb42a16 None None] Creating instance of CountableResource for resource:rbac_policy
Feb 17 02:24:40.901553 np0000155925 devstack@neutron-api.service[103438]: DEBUG neutron.api.extensions [None req-94bcf46d-2756-44ad-a8a0-340966413101 None None] Ext name="Subnet Onboard" alias="subnet_onboard" description="Provides support for onboarding subnets into subnet pools" updated="2018-12-18T09:00:00-00:00" {{(pid=103438) _check_extension /opt/stack/neutron/neutron/api/extensions.py:415}}
Feb 17 02:24:40.901553 np0000155925 devstack@neutron-api.service[103438]: INFO neutron.api.extensions [None req-94bcf46d-2756-44ad-a8a0-340966413101 None None] Extension subnet_onboard not supported by any of loaded plugins
Feb 17 02:24:40.901655 np0000155925 devstack@neutron-api.service[103441]: INFO neutron.quota.resource_registry [None req-7c451a5a-14c5-4920-892b-453a5bb42a16 None None] Creating instance of TrackedResource for resource:security_group
Feb 17 02:24:40.901705 np0000155925 devstack@neutron-api.service[103438]: DEBUG neutron.api.extensions [None req-94bcf46d-2756-44ad-a8a0-340966413101 None None] Loading extension file: subnet_segmentid_writable.py {{(pid=103438) _load_all_extensions_from_path /opt/stack/neutron/neutron/api/extensions.py:449}}
Feb 17 02:24:40.901705 np0000155925 devstack@neutron-api.service[103438]: DEBUG neutron.api.extensions [None req-94bcf46d-2756-44ad-a8a0-340966413101 None None] Ext name="Subnet SegmentID (writable)" alias="subnet-segmentid-writable" description="Provides a writable segment_id attribute for a subnet resource." updated="2018-03-12T00:00:00-00:00" {{(pid=103438) _check_extension /opt/stack/neutron/neutron/api/extensions.py:415}}
Feb 17 02:24:40.901790 np0000155925 devstack@neutron-api.service[103441]: INFO neutron.quota.resource_registry [None req-7c451a5a-14c5-4920-892b-453a5bb42a16 None None] Creating instance of TrackedResource for resource:security_group_rule
Feb 17 02:24:40.901815 np0000155925 devstack@neutron-api.service[103438]: INFO neutron.api.extensions [None req-94bcf46d-2756-44ad-a8a0-340966413101 None None] Extension subnet-segmentid-writable not supported by any of loaded plugins
Feb 17 02:24:40.901815 np0000155925 devstack@neutron-api.service[103438]: DEBUG neutron.api.extensions [None req-94bcf46d-2756-44ad-a8a0-340966413101 None None] Loading extension file: subnet_service_types.py {{(pid=103438) _load_all_extensions_from_path /opt/stack/neutron/neutron/api/extensions.py:449}}
Feb 17 02:24:40.901815 np0000155925 devstack@neutron-api.service[103438]: DEBUG neutron.api.extensions [None req-94bcf46d-2756-44ad-a8a0-340966413101 None None] Ext name="Subnet service types" alias="subnet-service-types" description="Provides ability to set the subnet service_types field" updated="2016-03-15T18:00:00-00:00" {{(pid=103438) _check_extension /opt/stack/neutron/neutron/api/extensions.py:415}}
Feb 17 02:24:40.901815 np0000155925 devstack@neutron-api.service[103438]: INFO neutron.api.extensions [None req-94bcf46d-2756-44ad-a8a0-340966413101 None None] Loaded extension: subnet-service-types
Feb 17 02:24:40.901909 np0000155925 devstack@neutron-api.service[103441]: DEBUG neutron.api.v2.resource_helper [None req-7c451a5a-14c5-4920-892b-453a5bb42a16 None None] Service CORE assigned prefix: {{(pid=103441) build_resource_info /opt/stack/neutron/neutron/api/v2/resource_helper.py:77}}
Feb 17 02:24:40.901938 np0000155925 devstack@neutron-api.service[103438]: DEBUG neutron.api.extensions [None req-94bcf46d-2756-44ad-a8a0-340966413101 None None] Loading extension file: subnetallocation.py {{(pid=103438) _load_all_extensions_from_path /opt/stack/neutron/neutron/api/extensions.py:449}}
Feb 17 02:24:40.901963 np0000155925 devstack@neutron-api.service[103441]: INFO neutron.quota.resource_registry [None req-7c451a5a-14c5-4920-892b-453a5bb42a16 None None] Creating instance of TrackedResource for resource:subnetpool
Feb 17 02:24:40.901963 np0000155925 devstack@neutron-api.service[103441]: WARNING neutron.quota.resource_registry [None req-7c451a5a-14c5-4920-892b-453a5bb42a16 None None] subnetpool is already registered
Feb 17 02:24:40.902008 np0000155925 devstack@neutron-api.service[103438]: DEBUG neutron.api.extensions [None req-94bcf46d-2756-44ad-a8a0-340966413101 None None] Ext name="Subnet Allocation" alias="subnet_allocation" description="Enables allocation of subnets from a subnet pool" updated="2015-03-30T10:00:00-00:00" {{(pid=103438) _check_extension /opt/stack/neutron/neutron/api/extensions.py:415}}
Feb 17 02:24:40.902040 np0000155925 devstack@neutron-api.service[103438]: INFO neutron.api.extensions [None req-94bcf46d-2756-44ad-a8a0-340966413101 None None] Loaded extension: subnet_allocation
Feb 17 02:24:40.902119 np0000155925 devstack@neutron-api.service[103438]: DEBUG neutron.api.extensions [None req-94bcf46d-2756-44ad-a8a0-340966413101 None None] Loading extension file: subnetpool_prefix_ops.py {{(pid=103438) _load_all_extensions_from_path /opt/stack/neutron/neutron/api/extensions.py:449}}
Feb 17 02:24:40.902385 np0000155925 devstack@neutron-api.service[103438]: DEBUG neutron.api.extensions [None req-94bcf46d-2756-44ad-a8a0-340966413101 None None] Ext name="Subnet Pool Prefix Operations" alias="subnetpool-prefix-ops" description="Provides support for adjusting the prefix list of subnet pools" updated="2019-02-08T10:00:00-00:00" {{(pid=103438) _check_extension /opt/stack/neutron/neutron/api/extensions.py:415}}
Feb 17 02:24:40.902549 np0000155925 devstack@neutron-api.service[103438]: INFO neutron.api.extensions [None req-94bcf46d-2756-44ad-a8a0-340966413101 None None] Loaded extension: subnetpool-prefix-ops
Feb 17 02:24:40.902635 np0000155925 devstack@neutron-api.service[103438]: DEBUG neutron.api.extensions [None req-94bcf46d-2756-44ad-a8a0-340966413101 None None] Loading extension file: tag_creation.py {{(pid=103438) _load_all_extensions_from_path /opt/stack/neutron/neutron/api/extensions.py:449}}
Feb 17 02:24:40.902861 np0000155925 devstack@neutron-api.service[103438]: DEBUG neutron.api.extensions [None req-94bcf46d-2756-44ad-a8a0-340966413101 None None] Ext name="Tag creation extension" alias="tag-creation" description="Allow to create multiple tags for a resource" updated="2024-23-07T10:00:00-00:00" {{(pid=103438) _check_extension /opt/stack/neutron/neutron/api/extensions.py:415}}
Feb 17 02:24:40.902988 np0000155925 devstack@neutron-api.service[103439]: WARNING keystonemiddleware.auth_token [None req-ff8061aa-f76c-4492-adbd-80688dcc4ce3 None None] AuthToken middleware is set with keystone_authtoken.service_token_roles_required set to False. This is backwards compatible but deprecated behaviour. Please set this to True.
Feb 17 02:24:40.903025 np0000155925 devstack@neutron-api.service[103438]: INFO neutron.api.extensions [None req-94bcf46d-2756-44ad-a8a0-340966413101 None None] Loaded extension: tag-creation
Feb 17 02:24:40.903114 np0000155925 devstack@neutron-api.service[103438]: DEBUG neutron.api.extensions [None req-94bcf46d-2756-44ad-a8a0-340966413101 None None] Loading extension file: tag_ports_during_bulk_creation.py {{(pid=103438) _load_all_extensions_from_path /opt/stack/neutron/neutron/api/extensions.py:449}}
Feb 17 02:24:40.903351 np0000155925 devstack@neutron-api.service[103438]: DEBUG neutron.api.extensions [None req-94bcf46d-2756-44ad-a8a0-340966413101 None None] Ext name="Tag Ports During Bulk Creation" alias="tag-ports-during-bulk-creation" description="Allow to tag ports during bulk creation" updated="2019-12-29T19:00:00-00:00" {{(pid=103438) _check_extension /opt/stack/neutron/neutron/api/extensions.py:415}}
Feb 17 02:24:40.903519 np0000155925 devstack@neutron-api.service[103438]: INFO neutron.api.extensions [None req-94bcf46d-2756-44ad-a8a0-340966413101 None None] Extension tag-ports-during-bulk-creation not supported by any of loaded plugins
Feb 17 02:24:40.903607 np0000155925 devstack@neutron-api.service[103438]: DEBUG neutron.api.extensions [None req-94bcf46d-2756-44ad-a8a0-340966413101 None None] Loading extension file: tagging.py {{(pid=103438) _load_all_extensions_from_path /opt/stack/neutron/neutron/api/extensions.py:449}}
Feb 17 02:24:40.903926 np0000155925 devstack@neutron-api.service[103441]: DEBUG neutron.api.v2.resource_helper [None req-7c451a5a-14c5-4920-892b-453a5bb42a16 None None] Service L3_ROUTER_NAT assigned prefix: {{(pid=103441) build_resource_info /opt/stack/neutron/neutron/api/v2/resource_helper.py:77}}
Feb 17 02:24:40.904300 np0000155925 devstack@neutron-api.service[103441]: DEBUG neutron.api.v2.resource_helper [None req-7c451a5a-14c5-4920-892b-453a5bb42a16 None None] Service FLAVORS assigned prefix: {{(pid=103441) build_resource_info /opt/stack/neutron/neutron/api/v2/resource_helper.py:77}}
Feb 17 02:24:40.904354 np0000155925 devstack@neutron-api.service[103438]: DEBUG neutron.api.extensions [None req-94bcf46d-2756-44ad-a8a0-340966413101 None None] Ext name="Tag support for resources with standard attribute: port, subnet, subnetpool, network, security_group, router, floatingip, policy, trunk, network_segment_range" alias="standard-attr-tag" description="Enables to set tag on resources with standard attribute." updated="2017-01-01T00:00:00-00:00" {{(pid=103438) _check_extension /opt/stack/neutron/neutron/api/extensions.py:415}}
Feb 17 02:24:40.904533 np0000155925 devstack@neutron-api.service[103438]: INFO neutron.api.extensions [None req-94bcf46d-2756-44ad-a8a0-340966413101 None None] Loaded extension: standard-attr-tag
Feb 17 02:24:40.904627 np0000155925 devstack@neutron-api.service[103438]: DEBUG neutron.api.extensions [None req-94bcf46d-2756-44ad-a8a0-340966413101 None None] Loading extension file: timestamp.py {{(pid=103438) _load_all_extensions_from_path /opt/stack/neutron/neutron/api/extensions.py:449}}
Feb 17 02:24:40.904875 np0000155925 devstack@neutron-api.service[103438]: DEBUG neutron.api.extensions [None req-94bcf46d-2756-44ad-a8a0-340966413101 None None] Ext name="Resource timestamps" alias="standard-attr-timestamp" description="Adds created_at and updated_at fields to all Neutron resources that have Neutron standard attributes." updated="2016-09-12T10:00:00-00:00" {{(pid=103438) _check_extension /opt/stack/neutron/neutron/api/extensions.py:415}}
Feb 17 02:24:40.905046 np0000155925 devstack@neutron-api.service[103438]: INFO neutron.api.extensions [None req-94bcf46d-2756-44ad-a8a0-340966413101 None None] Loaded extension: standard-attr-timestamp
Feb 17 02:24:40.905145 np0000155925 devstack@neutron-api.service[103438]: DEBUG neutron.api.extensions [None req-94bcf46d-2756-44ad-a8a0-340966413101 None None] Loading extension file: trunk.py {{(pid=103438) _load_all_extensions_from_path /opt/stack/neutron/neutron/api/extensions.py:449}}
Feb 17 02:24:40.905178 np0000155925 devstack@neutron-api.service[103441]: DEBUG neutron.api.v2.resource_helper [None req-7c451a5a-14c5-4920-892b-453a5bb42a16 None None] Service L3_ROUTER_NAT assigned prefix: {{(pid=103441) build_resource_info /opt/stack/neutron/neutron/api/v2/resource_helper.py:77}}
Feb 17 02:24:40.905429 np0000155925 devstack@neutron-api.service[103438]: DEBUG neutron.api.extensions [None req-94bcf46d-2756-44ad-a8a0-340966413101 None None] Ext name="Trunk Extension" alias="trunk" description="Provides support for trunk ports" updated="2016-01-01T10:00:00-00:00" {{(pid=103438) _check_extension /opt/stack/neutron/neutron/api/extensions.py:415}}
Feb 17 02:24:40.905561 np0000155925 devstack@neutron-api.service[103438]: INFO neutron.api.extensions [None req-94bcf46d-2756-44ad-a8a0-340966413101 None None] Extension trunk not supported by any of loaded plugins
Feb 17 02:24:40.905626 np0000155925 devstack@neutron-api.service[103441]: DEBUG neutron.api.v2.resource_helper [None req-7c451a5a-14c5-4920-892b-453a5bb42a16 None None] Service L3_ROUTER_NAT assigned prefix: {{(pid=103441) build_resource_info /opt/stack/neutron/neutron/api/v2/resource_helper.py:77}}
Feb 17 02:24:40.905697 np0000155925 devstack@neutron-api.service[103438]: DEBUG neutron.api.extensions [None req-94bcf46d-2756-44ad-a8a0-340966413101 None None] Loading extension file: trunk_details.py {{(pid=103438) _load_all_extensions_from_path /opt/stack/neutron/neutron/api/extensions.py:449}}
Feb 17 02:24:40.905760 np0000155925 devstack@neutron-api.service[103441]: INFO neutron.quota.resource_registry [None req-7c451a5a-14c5-4920-892b-453a5bb42a16 None None] Creating instance of TrackedResource for resource:router
Feb 17 02:24:40.905819 np0000155925 devstack@neutron-api.service[103439]: WARNING keystonemiddleware.auth_token [None req-ff8061aa-f76c-4492-adbd-80688dcc4ce3 None None] Configuring www_authenticate_uri to point to the public identity endpoint is required; clients may not be able to authenticate against an admin endpoint
Feb 17 02:24:40.905892 np0000155925 devstack@neutron-api.service[103441]: WARNING neutron.quota.resource_registry [None req-7c451a5a-14c5-4920-892b-453a5bb42a16 None None] router is already registered
Feb 17 02:24:40.905964 np0000155925 devstack@neutron-api.service[103438]: DEBUG neutron.api.extensions [None req-94bcf46d-2756-44ad-a8a0-340966413101 None None] Ext name="Trunk port details" alias="trunk-details" description="Expose trunk port details" updated="2016-01-01T10:00:00-00:00" {{(pid=103438) _check_extension /opt/stack/neutron/neutron/api/extensions.py:415}}
Feb 17 02:24:40.906035 np0000155925 devstack@neutron-api.service[103438]: INFO neutron.api.extensions [None req-94bcf46d-2756-44ad-a8a0-340966413101 None None] Extension trunk-details not supported by any of loaded plugins
Feb 17 02:24:40.906122 np0000155925 devstack@neutron-api.service[103438]: DEBUG neutron.api.extensions [None req-94bcf46d-2756-44ad-a8a0-340966413101 None None] Loading extension file: uplink_status_propagation.py {{(pid=103438) _load_all_extensions_from_path /opt/stack/neutron/neutron/api/extensions.py:449}}
Feb 17 02:24:40.906263 np0000155925 devstack@neutron-api.service[103441]: INFO neutron.quota.resource_registry [None req-7c451a5a-14c5-4920-892b-453a5bb42a16 None None] Creating instance of TrackedResource for resource:floatingip
Feb 17 02:24:40.906389 np0000155925 devstack@neutron-api.service[103438]: DEBUG neutron.api.extensions [None req-94bcf46d-2756-44ad-a8a0-340966413101 None None] Ext name="Uplink status propagation extension" alias="uplink-status-propagation" description="Provides ability to propagate port uplink status." updated="2018-05-31T18:00:00-00:00" {{(pid=103438) _check_extension /opt/stack/neutron/neutron/api/extensions.py:415}}
Feb 17 02:24:40.906458 np0000155925 devstack@neutron-api.service[103441]: WARNING neutron.quota.resource_registry [None req-7c451a5a-14c5-4920-892b-453a5bb42a16 None None] floatingip is already registered
Feb 17 02:24:40.906519 np0000155925 devstack@neutron-api.service[103438]: INFO neutron.api.extensions [None req-94bcf46d-2756-44ad-a8a0-340966413101 None None] Extension uplink-status-propagation not supported by any of loaded plugins
Feb 17 02:24:40.906645 np0000155925 devstack@neutron-api.service[103438]: DEBUG neutron.api.extensions [None req-94bcf46d-2756-44ad-a8a0-340966413101 None None] Loading extension file: uplink_status_propagation_updatable.py {{(pid=103438) _load_all_extensions_from_path /opt/stack/neutron/neutron/api/extensions.py:449}}
Feb 17 02:24:40.906828 np0000155925 devstack@neutron-api.service[103438]: DEBUG neutron.api.extensions [None req-94bcf46d-2756-44ad-a8a0-340966413101 None None] Ext name="Uplink status propagation updatable extension" alias="uplink-status-propagation-updatable" description="Provides ability to update the port uplink status." updated="2024-09-03T18:00:00-00:00" {{(pid=103438) _check_extension /opt/stack/neutron/neutron/api/extensions.py:415}}
Feb 17 02:24:40.906993 np0000155925 devstack@neutron-api.service[103438]: INFO neutron.api.extensions [None req-94bcf46d-2756-44ad-a8a0-340966413101 None None] Extension uplink-status-propagation-updatable not supported by any of loaded plugins
Feb 17 02:24:40.907081 np0000155925 devstack@neutron-api.service[103438]: DEBUG neutron.api.extensions [None req-94bcf46d-2756-44ad-a8a0-340966413101 None None] Loading extension file: vlantransparent.py {{(pid=103438) _load_all_extensions_from_path /opt/stack/neutron/neutron/api/extensions.py:449}}
Feb 17 02:24:40.907346 np0000155925 devstack@neutron-api.service[103441]: INFO neutron.quota.resource_registry [None req-7c451a5a-14c5-4920-892b-453a5bb42a16 None None] Creating instance of CountableResource for resource:rbac_policy
Feb 17 02:24:40.907405 np0000155925 devstack@neutron-api.service[103438]: DEBUG neutron.api.extensions [None req-94bcf46d-2756-44ad-a8a0-340966413101 None None] Ext name="Vlantransparent" alias="vlan-transparent" description="Provides Vlan Transparent Networks" updated="2015-03-23T09:00:00-00:00" {{(pid=103438) _check_extension /opt/stack/neutron/neutron/api/extensions.py:415}}
Feb 17 02:24:40.907439 np0000155925 devstack@neutron-api.service[103441]: WARNING neutron.quota.resource_registry [None req-7c451a5a-14c5-4920-892b-453a5bb42a16 None None] rbac_policy is already registered
Feb 17 02:24:40.907503 np0000155925 devstack@neutron-api.service[103438]: INFO neutron.api.extensions [None req-94bcf46d-2756-44ad-a8a0-340966413101 None None] Loaded extension: vlan-transparent
Feb 17 02:24:40.907954 np0000155925 devstack@neutron-api.service[103441]: INFO neutron.quota.resource_registry [None req-7c451a5a-14c5-4920-892b-453a5bb42a16 None None] Creating instance of TrackedResource for resource:security_group
Feb 17 02:24:40.908074 np0000155925 devstack@neutron-api.service[103441]: WARNING neutron.quota.resource_registry [None req-7c451a5a-14c5-4920-892b-453a5bb42a16 None None] security_group is already registered
Feb 17 02:24:40.908437 np0000155925 devstack@neutron-api.service[103441]: INFO neutron.quota.resource_registry [None req-7c451a5a-14c5-4920-892b-453a5bb42a16 None None] Creating instance of TrackedResource for resource:security_group_rule
Feb 17 02:24:40.908556 np0000155925 devstack@neutron-api.service[103441]: WARNING neutron.quota.resource_registry [None req-7c451a5a-14c5-4920-892b-453a5bb42a16 None None] security_group_rule is already registered
Feb 17 02:24:40.909079 np0000155925 devstack@neutron-api.service[103438]: INFO neutron.quota.resource_registry [None req-94bcf46d-2756-44ad-a8a0-340966413101 None None] Creating instance of TrackedResource for resource:network
Feb 17 02:24:40.909186 np0000155925 devstack@neutron-api.service[103441]: DEBUG neutron.api.v2.resource_helper [None req-7c451a5a-14c5-4920-892b-453a5bb42a16 None None] Service CORE assigned prefix: {{(pid=103441) build_resource_info /opt/stack/neutron/neutron/api/v2/resource_helper.py:77}}
Feb 17 02:24:40.909242 np0000155925 devstack@neutron-api.service[103441]: INFO neutron.quota.resource_registry [None req-7c451a5a-14c5-4920-892b-453a5bb42a16 None None] Creating instance of TrackedResource for resource:subnetpool
Feb 17 02:24:40.909296 np0000155925 devstack@neutron-api.service[103438]: INFO neutron.quota.resource_registry [None req-94bcf46d-2756-44ad-a8a0-340966413101 None None] Creating instance of TrackedResource for resource:subnet
Feb 17 02:24:40.909368 np0000155925 devstack@neutron-api.service[103441]: WARNING neutron.quota.resource_registry [None req-7c451a5a-14c5-4920-892b-453a5bb42a16 None None] subnetpool is already registered
Feb 17 02:24:40.909413 np0000155925 devstack@neutron-api.service[103438]: INFO neutron.quota.resource_registry [None req-94bcf46d-2756-44ad-a8a0-340966413101 None None] Creating instance of TrackedResource for resource:subnetpool
Feb 17 02:24:40.909549 np0000155925 devstack@neutron-api.service[103438]: INFO neutron.quota.resource_registry [None req-94bcf46d-2756-44ad-a8a0-340966413101 None None] Creating instance of TrackedResource for resource:port
Feb 17 02:24:40.909836 np0000155925 devstack@neutron-api.service[103441]: DEBUG neutron.api.extensions [None req-7c451a5a-14c5-4920-892b-453a5bb42a16 None None] Extended resource: extensions {{(pid=103441) __init__ /opt/stack/neutron/neutron/api/extensions.py:156}}
Feb 17 02:24:40.909951 np0000155925 devstack@neutron-api.service[103439]: DEBUG neutron_lib.callbacks.manager [None req-ff8061aa-f76c-4492-adbd-80688dcc4ce3 None None] Publish callbacks ['neutron.plugins.ml2.drivers.ovn.mech_driver.mech_driver.OVNMechanismDriver.pre_fork_initialize-336266'] for process (None), before_spawn {{(pid=103439) _notify_loop /opt/stack/data/venv/lib/python3.12/site-packages/neutron_lib/callbacks/manager.py:184}}
Feb 17 02:24:40.910325 np0000155925 devstack@neutron-api.service[103439]: DEBUG oslo_concurrency.processutils [None req-ff8061aa-f76c-4492-adbd-80688dcc4ce3 None None] Running cmd (subprocess): ovsdb-client transact ssl:199.204.45.244:6641 --timeout 180 -p /opt/stack/data/CA/int-ca/private/devstack-cert.key -c /opt/stack/data/CA/int-ca/devstack-cert.crt -C /opt/stack/data/CA/int-ca/ca-chain.pem ["OVN_Northbound", {"op": "wait", "timeout": 0, "table": "Port_Group", "where": [["name", "==", "neutron_pg_drop"]], "until": "==", "rows": []}, {"op": "insert", "table": "ACL", "row": {"action": "drop", "direction": "to-lport", "match": "outport == @neutron_pg_drop && ip", "priority": 1001}, "uuid-name": "droptoport"}, {"op": "insert", "table": "ACL", "row": {"action": "drop", "direction": "from-lport", "match": "inport == @neutron_pg_drop && ip", "priority": 1001}, "uuid-name": "dropfromport"}, {"op": "insert", "table": "Port_Group", "row": {"name": "neutron_pg_drop", "acls": ["set", [["named-uuid", "droptoport"], ["named-uuid", "dropfromport"]]]}}] {{(pid=103439) execute /opt/stack/data/venv/lib/python3.12/site-packages/oslo_concurrency/processutils.py:368}}
Feb 17 02:24:40.910565 np0000155925 devstack@neutron-api.service[103441]: DEBUG neutron.api.extensions [None req-7c451a5a-14c5-4920-892b-453a5bb42a16 None None] Extended resource: address-groups {{(pid=103441) __init__ /opt/stack/neutron/neutron/api/extensions.py:156}}
Feb 17 02:24:40.910985 np0000155925 devstack@neutron-api.service[103438]: DEBUG neutron.api.v2.resource_helper [None req-94bcf46d-2756-44ad-a8a0-340966413101 None None] Service L3_ROUTER_NAT assigned prefix: {{(pid=103438) build_resource_info /opt/stack/neutron/neutron/api/v2/resource_helper.py:77}}
Feb 17 02:24:40.911215 np0000155925 devstack@neutron-api.service[103441]: DEBUG neutron.api.extensions [None req-7c451a5a-14c5-4920-892b-453a5bb42a16 None None] Extended resource: address-scopes {{(pid=103441) __init__ /opt/stack/neutron/neutron/api/extensions.py:156}}
Feb 17 02:24:40.911369 np0000155925 devstack@neutron-api.service[103438]: DEBUG neutron.api.v2.resource_helper [None req-94bcf46d-2756-44ad-a8a0-340966413101 None None] Service FLAVORS assigned prefix: {{(pid=103438) build_resource_info /opt/stack/neutron/neutron/api/v2/resource_helper.py:77}}
Feb 17 02:24:40.911730 np0000155925 devstack@neutron-api.service[103441]: DEBUG neutron.api.extensions [None req-7c451a5a-14c5-4920-892b-453a5bb42a16 None None] Extended resource: agents {{(pid=103441) __init__ /opt/stack/neutron/neutron/api/extensions.py:156}}
Feb 17 02:24:40.912254 np0000155925 devstack@neutron-api.service[103438]: DEBUG neutron.api.v2.resource_helper [None req-94bcf46d-2756-44ad-a8a0-340966413101 None None] Service L3_ROUTER_NAT assigned prefix: {{(pid=103438) build_resource_info /opt/stack/neutron/neutron/api/v2/resource_helper.py:77}}
Feb 17 02:24:40.912609 np0000155925 devstack@neutron-api.service[103438]: DEBUG neutron.api.v2.resource_helper [None req-94bcf46d-2756-44ad-a8a0-340966413101 None None] Service L3_ROUTER_NAT assigned prefix: {{(pid=103438) build_resource_info /opt/stack/neutron/neutron/api/v2/resource_helper.py:77}}
Feb 17 02:24:40.912730 np0000155925 devstack@neutron-api.service[103438]: INFO neutron.quota.resource_registry [None req-94bcf46d-2756-44ad-a8a0-340966413101 None None] Creating instance of TrackedResource for resource:router
Feb 17 02:24:40.913110 np0000155925 devstack@neutron-api.service[103438]: INFO neutron.quota.resource_registry [None req-94bcf46d-2756-44ad-a8a0-340966413101 None None] Creating instance of TrackedResource for resource:floatingip
Feb 17 02:24:40.913227 np0000155925 devstack@neutron-api.service[103441]: DEBUG neutron.api.extensions [None req-7c451a5a-14c5-4920-892b-453a5bb42a16 None None] Extended resource: auto-allocated-topology {{(pid=103441) __init__ /opt/stack/neutron/neutron/api/extensions.py:156}}
Feb 17 02:24:40.913750 np0000155925 devstack@neutron-api.service[103441]: DEBUG neutron.api.extensions [None req-7c451a5a-14c5-4920-892b-453a5bb42a16 None None] Extended resource: availability_zones {{(pid=103441) __init__ /opt/stack/neutron/neutron/api/extensions.py:156}}
Feb 17 02:24:40.914099 np0000155925 devstack@neutron-api.service[103438]: DEBUG neutron_lib.callbacks.manager [None req-94bcf46d-2756-44ad-a8a0-340966413101 None None] Subscribe: > rbac-policy before_create 55550000, False {{(pid=103438) subscribe /opt/stack/data/venv/lib/python3.12/site-packages/neutron_lib/callbacks/manager.py:52}}
Feb 17 02:24:40.914220 np0000155925 devstack@neutron-api.service[103438]: DEBUG neutron_lib.callbacks.manager [None req-94bcf46d-2756-44ad-a8a0-340966413101 None None] Subscribe: > rbac-policy before_update 55550000, False {{(pid=103438) subscribe /opt/stack/data/venv/lib/python3.12/site-packages/neutron_lib/callbacks/manager.py:52}}
Feb 17 02:24:40.914270 np0000155925 devstack@neutron-api.service[103441]: DEBUG neutron.api.extensions [None req-7c451a5a-14c5-4920-892b-453a5bb42a16 None None] Extended resource: dhcp-networks {{(pid=103441) __init__ /opt/stack/neutron/neutron/api/extensions.py:156}}
Feb 17 02:24:40.914455 np0000155925 devstack@neutron-api.service[103438]: DEBUG neutron_lib.callbacks.manager [None req-94bcf46d-2756-44ad-a8a0-340966413101 None None] Subscribe: > rbac-policy before_delete 55550000, False {{(pid=103438) subscribe /opt/stack/data/venv/lib/python3.12/site-packages/neutron_lib/callbacks/manager.py:52}}
Feb 17 02:24:40.914942 np0000155925 devstack@neutron-api.service[103441]: DEBUG neutron.api.extensions [None req-7c451a5a-14c5-4920-892b-453a5bb42a16 None None] Extended resource: dhcp-agents {{(pid=103441) __init__ /opt/stack/neutron/neutron/api/extensions.py:156}}
Feb 17 02:24:40.915466 np0000155925 devstack@neutron-api.service[103438]: INFO neutron.quota.resource_registry [None req-94bcf46d-2756-44ad-a8a0-340966413101 None None] Creating instance of CountableResource for resource:rbac_policy
