Feb 17 02:24:11.820730 np0000155925 systemd[1]: Starting devstack@n-api.service - Devstack devstack@n-api.service...
Feb 17 02:24:11.830492 np0000155925 devstack@n-api.service[100105]: [uWSGI] getting INI configuration from /etc/nova/nova-api-uwsgi.ini
Feb 17 02:24:11.831164 np0000155925 devstack@n-api.service[100105]: open("./http_plugin.so"): No such file or directory [core/utils.c line 3709]
Feb 17 02:24:11.831164 np0000155925 devstack@n-api.service[100105]: !!! UNABLE to load uWSGI plugin: ./http_plugin.so: cannot open shared object file: No such file or directory !!!
Feb 17 02:24:11.831164 np0000155925 devstack@n-api.service[100105]: open("./python3_plugin.so"): No such file or directory [core/utils.c line 3709]
Feb 17 02:24:11.831164 np0000155925 devstack@n-api.service[100105]: !!! UNABLE to load uWSGI plugin: ./python3_plugin.so: cannot open shared object file: No such file or directory !!!
Feb 17 02:24:11.831164 np0000155925 devstack@n-api.service[100105]: *** Starting uWSGI 2.0.31 (64bit) on [Tue Feb 17 02:24:11 2026] ***
Feb 17 02:24:11.831164 np0000155925 devstack@n-api.service[100105]: compiled with version: 13.3.0 on 17 February 2026 02:14:46
Feb 17 02:24:11.831164 np0000155925 devstack@n-api.service[100105]: os: Linux-6.8.0-100-generic #100-Ubuntu SMP PREEMPT_DYNAMIC Tue Jan 13 16:40:06 UTC 2026
Feb 17 02:24:11.831164 np0000155925 devstack@n-api.service[100105]: nodename: np0000155925
Feb 17 02:24:11.831164 np0000155925 devstack@n-api.service[100105]: machine: x86_64
Feb 17 02:24:11.831164 np0000155925 devstack@n-api.service[100105]: clock source: unix
Feb 17 02:24:11.831164 np0000155925 devstack@n-api.service[100105]: pcre jit disabled
Feb 17 02:24:11.831164 np0000155925 devstack@n-api.service[100105]: detected number of CPU cores: 16
Feb 17 02:24:11.831164 np0000155925 devstack@n-api.service[100105]: current working directory: /
Feb 17 02:24:11.831164 np0000155925 devstack@n-api.service[100105]: detected binary path: /opt/stack/data/venv/bin/uwsgi
Feb 17 02:24:11.831164 np0000155925 devstack@n-api.service[100105]: your processes number limit is 256923
Feb 17 02:24:11.831164 np0000155925 devstack@n-api.service[100105]: your memory page size is 4096 bytes
Feb 17 02:24:11.831164 np0000155925 devstack@n-api.service[100105]: detected max file descriptor number: 2048
Feb 17 02:24:11.831164 np0000155925 devstack@n-api.service[100105]: lock engine: pthread robust mutexes
Feb 17 02:24:11.831164 np0000155925 devstack@n-api.service[100105]: thunder lock: enabled
Feb 17 02:24:11.831745 np0000155925 devstack@n-api.service[100105]: uwsgi socket 0 bound to UNIX address /var/run/uwsgi/nova-api.socket fd 4
Feb 17 02:24:11.831745 np0000155925 devstack@n-api.service[100105]: Python version: 3.12.3 (main, Jan 22 2026, 20:57:42) [GCC 13.3.0]
Feb 17 02:24:11.831745 np0000155925 devstack@n-api.service[100105]: PEP 405 virtualenv detected: /opt/stack/data/venv
Feb 17 02:24:11.831745 np0000155925 devstack@n-api.service[100105]: Set PythonHome to /opt/stack/data/venv
Feb 17 02:24:11.870113 np0000155925 devstack@n-api.service[100105]: Python main interpreter initialized at 0x763809aa3668
Feb 17 02:24:11.870113 np0000155925 devstack@n-api.service[100105]: python threads support enabled
Feb 17 02:24:11.870113 np0000155925 devstack@n-api.service[100105]: your server socket listen backlog is limited to 100 connections
Feb 17 02:24:11.870113 np0000155925 devstack@n-api.service[100105]: your mercy for graceful operations on workers is 80 seconds
Feb 17 02:24:11.870636 np0000155925 devstack@n-api.service[100105]: mapped 671795 bytes (656 KB) for 4 cores
Feb 17 02:24:11.870876 np0000155925 devstack@n-api.service[100105]: *** Operational MODE: preforking ***
Feb 17 02:24:11.871001 np0000155925 devstack@n-api.service[100105]: *** uWSGI is running in multiple interpreter mode ***
Feb 17 02:24:11.871001 np0000155925 devstack@n-api.service[100105]: spawned uWSGI master process (pid: 100105)
Feb 17 02:24:11.871176 np0000155925 systemd[1]: Started devstack@n-api.service - Devstack devstack@n-api.service.
Feb 17 02:24:11.871666 np0000155925 devstack@n-api.service[100105]: spawned uWSGI worker 1 (pid: 100106, cores: 1)
Feb 17 02:24:11.872080 np0000155925 devstack@n-api.service[100105]: spawned uWSGI worker 2 (pid: 100107, cores: 1)
Feb 17 02:24:11.872833 np0000155925 devstack@n-api.service[100105]: spawned uWSGI worker 3 (pid: 100108, cores: 1)
Feb 17 02:24:11.873272 np0000155925 devstack@n-api.service[100105]: spawned uWSGI worker 4 (pid: 100109, cores: 1)
Feb 17 02:24:11.873334 np0000155925 devstack@n-api.service[100105]: running "unix_signal:15 gracefully_kill_them_all" (master-start)...
Feb 17 02:24:12.224120 np0000155925 devstack@n-api.service[100108]: Service is starting with native threading. This is currently experimental. Do not use it in production without first testing it in pre-production.
Feb 17 02:24:12.225059 np0000155925 devstack@n-api.service[100106]: Service is starting with native threading. This is currently experimental. Do not use it in production without first testing it in pre-production.
Feb 17 02:24:12.231373 np0000155925 devstack@n-api.service[100109]: Service is starting with native threading. This is currently experimental. Do not use it in production without first testing it in pre-production.
Feb 17 02:24:12.237407 np0000155925 devstack@n-api.service[100107]: Service is starting with native threading. This is currently experimental. Do not use it in production without first testing it in pre-production.
Feb 17 02:24:14.280236 np0000155925 devstack@n-api.service[100106]: INFO dbcounter [None req-27dfeefa-915f-4506-bb25-d261271d1827 None None] Registered counter for database nova_api
Feb 17 02:24:14.283111 np0000155925 devstack@n-api.service[100108]: INFO dbcounter [None req-dbfc45ca-8f82-42af-95ed-92fc0f14459a None None] Registered counter for database nova_api
Feb 17 02:24:14.297045 np0000155925 devstack@n-api.service[100108]: DEBUG oslo_db.sqlalchemy.engines [None req-dbfc45ca-8f82-42af-95ed-92fc0f14459a None None] MySQL server mode set to STRICT_TRANS_TABLES,STRICT_ALL_TABLES,NO_ZERO_IN_DATE,NO_ZERO_DATE,ERROR_FOR_DIVISION_BY_ZERO,TRADITIONAL,NO_ENGINE_SUBSTITUTION {{(pid=100108) _check_effective_sql_mode /opt/stack/data/venv/lib/python3.12/site-packages/oslo_db/sqlalchemy/engines.py:325}}
Feb 17 02:24:14.297225 np0000155925 devstack@n-api.service[100106]: DEBUG oslo_db.sqlalchemy.engines [None req-27dfeefa-915f-4506-bb25-d261271d1827 None None] MySQL server mode set to STRICT_TRANS_TABLES,STRICT_ALL_TABLES,NO_ZERO_IN_DATE,NO_ZERO_DATE,ERROR_FOR_DIVISION_BY_ZERO,TRADITIONAL,NO_ENGINE_SUBSTITUTION {{(pid=100106) _check_effective_sql_mode /opt/stack/data/venv/lib/python3.12/site-packages/oslo_db/sqlalchemy/engines.py:325}}
Feb 17 02:24:14.302968 np0000155925 devstack@n-api.service[100107]: INFO dbcounter [None req-6e77a7a4-d1f3-4fde-b369-a03a4f9baa60 None None] Registered counter for database nova_api
Feb 17 02:24:14.313393 np0000155925 devstack@n-api.service[100109]: INFO dbcounter [None req-835c2bec-1912-4381-8f9a-c663815e8345 None None] Registered counter for database nova_api
Feb 17 02:24:14.318429 np0000155925 devstack@n-api.service[100107]: DEBUG oslo_db.sqlalchemy.engines [None req-6e77a7a4-d1f3-4fde-b369-a03a4f9baa60 None None] MySQL server mode set to STRICT_TRANS_TABLES,STRICT_ALL_TABLES,NO_ZERO_IN_DATE,NO_ZERO_DATE,ERROR_FOR_DIVISION_BY_ZERO,TRADITIONAL,NO_ENGINE_SUBSTITUTION {{(pid=100107) _check_effective_sql_mode /opt/stack/data/venv/lib/python3.12/site-packages/oslo_db/sqlalchemy/engines.py:325}}
Feb 17 02:24:14.329246 np0000155925 devstack@n-api.service[100106]: DEBUG dbcounter [-] [100106] Writer thread running {{(pid=100106) stat_writer /opt/stack/data/venv/lib/python3.12/site-packages/dbcounter.py:102}}
Feb 17 02:24:14.329877 np0000155925 devstack@n-api.service[100109]: DEBUG oslo_db.sqlalchemy.engines [None req-835c2bec-1912-4381-8f9a-c663815e8345 None None] MySQL server mode set to STRICT_TRANS_TABLES,STRICT_ALL_TABLES,NO_ZERO_IN_DATE,NO_ZERO_DATE,ERROR_FOR_DIVISION_BY_ZERO,TRADITIONAL,NO_ENGINE_SUBSTITUTION {{(pid=100109) _check_effective_sql_mode /opt/stack/data/venv/lib/python3.12/site-packages/oslo_db/sqlalchemy/engines.py:325}}
Feb 17 02:24:14.331782 np0000155925 devstack@n-api.service[100106]: DEBUG nova.context [None req-27dfeefa-915f-4506-bb25-d261271d1827 None None] Found 2 cells: 00000000-0000-0000-0000-000000000000(cell0),9b9f328d-2ddd-4c44-8a7b-3e3d3d79fa1e(cell1) {{(pid=100106) load_cells /opt/stack/nova/nova/context.py:509}}
Feb 17 02:24:14.332000 np0000155925 devstack@n-api.service[100106]: INFO nova.utils [None req-27dfeefa-915f-4506-bb25-d261271d1827 None None] The cell worker thread pool MainProcess.cell_worker is initialized
Feb 17 02:24:14.333002 np0000155925 devstack@n-api.service[100108]: DEBUG dbcounter [-] [100108] Writer thread running {{(pid=100108) stat_writer /opt/stack/data/venv/lib/python3.12/site-packages/dbcounter.py:102}}
Feb 17 02:24:14.333767 np0000155925 devstack@n-api.service[100106]: DEBUG oslo_concurrency.lockutils [None req-27dfeefa-915f-4506-bb25-d261271d1827 None None] Acquiring lock "00000000-0000-0000-0000-000000000000" by "nova.context.set_target_cell..get_or_set_cached_cell_and_set_connections" {{(pid=100106) inner /opt/stack/data/venv/lib/python3.12/site-packages/oslo_concurrency/lockutils.py:506}}
Feb 17 02:24:14.333943 np0000155925 devstack@n-api.service[100106]: DEBUG oslo_concurrency.lockutils [None req-27dfeefa-915f-4506-bb25-d261271d1827 None None] Lock "00000000-0000-0000-0000-000000000000" acquired by "nova.context.set_target_cell..get_or_set_cached_cell_and_set_connections" :: waited 0.000s {{(pid=100106) inner /opt/stack/data/venv/lib/python3.12/site-packages/oslo_concurrency/lockutils.py:519}}
Feb 17 02:24:14.334300 np0000155925 devstack@n-api.service[100106]: DEBUG oslo_concurrency.lockutils [None req-27dfeefa-915f-4506-bb25-d261271d1827 None None] Lock "00000000-0000-0000-0000-000000000000" "released" by "nova.context.set_target_cell..get_or_set_cached_cell_and_set_connections" :: held 0.000s {{(pid=100106) inner /opt/stack/data/venv/lib/python3.12/site-packages/oslo_concurrency/lockutils.py:538}}
Feb 17 02:24:14.335332 np0000155925 devstack@n-api.service[100106]: DEBUG oslo_concurrency.lockutils [None req-27dfeefa-915f-4506-bb25-d261271d1827 None None] Acquiring lock "9b9f328d-2ddd-4c44-8a7b-3e3d3d79fa1e" by "nova.context.set_target_cell..get_or_set_cached_cell_and_set_connections" {{(pid=100106) inner /opt/stack/data/venv/lib/python3.12/site-packages/oslo_concurrency/lockutils.py:506}}
Feb 17 02:24:14.335434 np0000155925 devstack@n-api.service[100106]: DEBUG oslo_concurrency.lockutils [None req-27dfeefa-915f-4506-bb25-d261271d1827 None None] Lock "9b9f328d-2ddd-4c44-8a7b-3e3d3d79fa1e" acquired by "nova.context.set_target_cell..get_or_set_cached_cell_and_set_connections" :: waited 0.000s {{(pid=100106) inner /opt/stack/data/venv/lib/python3.12/site-packages/oslo_concurrency/lockutils.py:519}}
Feb 17 02:24:14.335831 np0000155925 devstack@n-api.service[100108]: DEBUG nova.context [None req-dbfc45ca-8f82-42af-95ed-92fc0f14459a None None] Found 2 cells: 00000000-0000-0000-0000-000000000000(cell0),9b9f328d-2ddd-4c44-8a7b-3e3d3d79fa1e(cell1) {{(pid=100108) load_cells /opt/stack/nova/nova/context.py:509}}
Feb 17 02:24:14.336047 np0000155925 devstack@n-api.service[100108]: INFO nova.utils [None req-dbfc45ca-8f82-42af-95ed-92fc0f14459a None None] The cell worker thread pool MainProcess.cell_worker is initialized
Feb 17 02:24:14.336327 np0000155925 devstack@n-api.service[100106]: DEBUG oslo_concurrency.lockutils [None req-27dfeefa-915f-4506-bb25-d261271d1827 None None] Lock "9b9f328d-2ddd-4c44-8a7b-3e3d3d79fa1e" "released" by "nova.context.set_target_cell..get_or_set_cached_cell_and_set_connections" :: held 0.001s {{(pid=100106) inner /opt/stack/data/venv/lib/python3.12/site-packages/oslo_concurrency/lockutils.py:538}}
Feb 17 02:24:14.337849 np0000155925 devstack@n-api.service[100108]: DEBUG oslo_concurrency.lockutils [None req-dbfc45ca-8f82-42af-95ed-92fc0f14459a None None] Acquiring lock "00000000-0000-0000-0000-000000000000" by "nova.context.set_target_cell..get_or_set_cached_cell_and_set_connections" {{(pid=100108) inner /opt/stack/data/venv/lib/python3.12/site-packages/oslo_concurrency/lockutils.py:506}}
Feb 17 02:24:14.338044 np0000155925 devstack@n-api.service[100108]: DEBUG oslo_concurrency.lockutils [None req-dbfc45ca-8f82-42af-95ed-92fc0f14459a None None] Lock "00000000-0000-0000-0000-000000000000" acquired by "nova.context.set_target_cell..get_or_set_cached_cell_and_set_connections" :: waited 0.000s {{(pid=100108) inner /opt/stack/data/venv/lib/python3.12/site-packages/oslo_concurrency/lockutils.py:519}}
Feb 17 02:24:14.338377 np0000155925 devstack@n-api.service[100108]: DEBUG oslo_concurrency.lockutils [None req-dbfc45ca-8f82-42af-95ed-92fc0f14459a None None] Lock "00000000-0000-0000-0000-000000000000" "released" by "nova.context.set_target_cell..get_or_set_cached_cell_and_set_connections" :: held 0.000s {{(pid=100108) inner /opt/stack/data/venv/lib/python3.12/site-packages/oslo_concurrency/lockutils.py:538}}
Feb 17 02:24:14.339411 np0000155925 devstack@n-api.service[100108]: DEBUG oslo_concurrency.lockutils [None req-dbfc45ca-8f82-42af-95ed-92fc0f14459a None None] Acquiring lock "9b9f328d-2ddd-4c44-8a7b-3e3d3d79fa1e" by "nova.context.set_target_cell..get_or_set_cached_cell_and_set_connections" {{(pid=100108) inner /opt/stack/data/venv/lib/python3.12/site-packages/oslo_concurrency/lockutils.py:506}}
Feb 17 02:24:14.339545 np0000155925 devstack@n-api.service[100108]: DEBUG oslo_concurrency.lockutils [None req-dbfc45ca-8f82-42af-95ed-92fc0f14459a None None] Lock "9b9f328d-2ddd-4c44-8a7b-3e3d3d79fa1e" acquired by "nova.context.set_target_cell..get_or_set_cached_cell_and_set_connections" :: waited 0.000s {{(pid=100108) inner /opt/stack/data/venv/lib/python3.12/site-packages/oslo_concurrency/lockutils.py:519}}
Feb 17 02:24:14.339745 np0000155925 devstack@n-api.service[100106]: INFO dbcounter [None req-27dfeefa-915f-4506-bb25-d261271d1827 None None] Registered counter for database nova_cell0
Feb 17 02:24:14.340377 np0000155925 devstack@n-api.service[100108]: DEBUG oslo_concurrency.lockutils [None req-dbfc45ca-8f82-42af-95ed-92fc0f14459a None None] Lock "9b9f328d-2ddd-4c44-8a7b-3e3d3d79fa1e" "released" by "nova.context.set_target_cell..get_or_set_cached_cell_and_set_connections" :: held 0.001s {{(pid=100108) inner /opt/stack/data/venv/lib/python3.12/site-packages/oslo_concurrency/lockutils.py:538}}
Feb 17 02:24:14.343121 np0000155925 devstack@n-api.service[100108]: INFO dbcounter [None req-dbfc45ca-8f82-42af-95ed-92fc0f14459a None None] Registered counter for database nova_cell0
Feb 17 02:24:14.344094 np0000155925 devstack@n-api.service[100106]: INFO dbcounter [None req-27dfeefa-915f-4506-bb25-d261271d1827 None None] Registered counter for database nova_cell1
Feb 17 02:24:14.346691 np0000155925 devstack@n-api.service[100108]: INFO dbcounter [None req-dbfc45ca-8f82-42af-95ed-92fc0f14459a None None] Registered counter for database nova_cell1
Feb 17 02:24:14.356243 np0000155925 devstack@n-api.service[100107]: DEBUG dbcounter [-] [100107] Writer thread running {{(pid=100107) stat_writer /opt/stack/data/venv/lib/python3.12/site-packages/dbcounter.py:102}}
Feb 17 02:24:14.356381 np0000155925 devstack@n-api.service[100106]: DEBUG oslo_db.sqlalchemy.engines [None req-27dfeefa-915f-4506-bb25-d261271d1827 None None] MySQL server mode set to STRICT_TRANS_TABLES,STRICT_ALL_TABLES,NO_ZERO_IN_DATE,NO_ZERO_DATE,ERROR_FOR_DIVISION_BY_ZERO,TRADITIONAL,NO_ENGINE_SUBSTITUTION {{(pid=100106) _check_effective_sql_mode /opt/stack/data/venv/lib/python3.12/site-packages/oslo_db/sqlalchemy/engines.py:325}}
Feb 17 02:24:14.356424 np0000155925 devstack@n-api.service[100107]: DEBUG nova.context [None req-6e77a7a4-d1f3-4fde-b369-a03a4f9baa60 None None] Found 2 cells: 00000000-0000-0000-0000-000000000000(cell0),9b9f328d-2ddd-4c44-8a7b-3e3d3d79fa1e(cell1) {{(pid=100107) load_cells /opt/stack/nova/nova/context.py:509}}
Feb 17 02:24:14.356424 np0000155925 devstack@n-api.service[100107]: INFO nova.utils [None req-6e77a7a4-d1f3-4fde-b369-a03a4f9baa60 None None] The cell worker thread pool MainProcess.cell_worker is initialized
Feb 17 02:24:14.358101 np0000155925 devstack@n-api.service[100107]: DEBUG oslo_concurrency.lockutils [None req-6e77a7a4-d1f3-4fde-b369-a03a4f9baa60 None None] Acquiring lock "00000000-0000-0000-0000-000000000000" by "nova.context.set_target_cell..get_or_set_cached_cell_and_set_connections" {{(pid=100107) inner /opt/stack/data/venv/lib/python3.12/site-packages/oslo_concurrency/lockutils.py:506}}
Feb 17 02:24:14.358316 np0000155925 devstack@n-api.service[100107]: DEBUG oslo_concurrency.lockutils [None req-6e77a7a4-d1f3-4fde-b369-a03a4f9baa60 None None] Lock "00000000-0000-0000-0000-000000000000" acquired by "nova.context.set_target_cell..get_or_set_cached_cell_and_set_connections" :: waited 0.000s {{(pid=100107) inner /opt/stack/data/venv/lib/python3.12/site-packages/oslo_concurrency/lockutils.py:519}}
Feb 17 02:24:14.358690 np0000155925 devstack@n-api.service[100107]: DEBUG oslo_concurrency.lockutils [None req-6e77a7a4-d1f3-4fde-b369-a03a4f9baa60 None None] Lock "00000000-0000-0000-0000-000000000000" "released" by "nova.context.set_target_cell..get_or_set_cached_cell_and_set_connections" :: held 0.000s {{(pid=100107) inner /opt/stack/data/venv/lib/python3.12/site-packages/oslo_concurrency/lockutils.py:538}}
Feb 17 02:24:14.359447 np0000155925 devstack@n-api.service[100107]: DEBUG oslo_concurrency.lockutils [None req-6e77a7a4-d1f3-4fde-b369-a03a4f9baa60 None None] Acquiring lock "9b9f328d-2ddd-4c44-8a7b-3e3d3d79fa1e" by "nova.context.set_target_cell..get_or_set_cached_cell_and_set_connections" {{(pid=100107) inner /opt/stack/data/venv/lib/python3.12/site-packages/oslo_concurrency/lockutils.py:506}}
Feb 17 02:24:14.359593 np0000155925 devstack@n-api.service[100107]: DEBUG oslo_concurrency.lockutils [None req-6e77a7a4-d1f3-4fde-b369-a03a4f9baa60 None None] Lock "9b9f328d-2ddd-4c44-8a7b-3e3d3d79fa1e" acquired by "nova.context.set_target_cell..get_or_set_cached_cell_and_set_connections" :: waited 0.000s {{(pid=100107) inner /opt/stack/data/venv/lib/python3.12/site-packages/oslo_concurrency/lockutils.py:519}}
Feb 17 02:24:14.360471 np0000155925 devstack@n-api.service[100107]: DEBUG oslo_concurrency.lockutils [None req-6e77a7a4-d1f3-4fde-b369-a03a4f9baa60 None None] Lock "9b9f328d-2ddd-4c44-8a7b-3e3d3d79fa1e" "released" by "nova.context.set_target_cell..get_or_set_cached_cell_and_set_connections" :: held 0.001s {{(pid=100107) inner /opt/stack/data/venv/lib/python3.12/site-packages/oslo_concurrency/lockutils.py:538}}
Feb 17 02:24:14.361744 np0000155925 devstack@n-api.service[100108]: DEBUG oslo_db.sqlalchemy.engines [None req-dbfc45ca-8f82-42af-95ed-92fc0f14459a None None] MySQL server mode set to STRICT_TRANS_TABLES,STRICT_ALL_TABLES,NO_ZERO_IN_DATE,NO_ZERO_DATE,ERROR_FOR_DIVISION_BY_ZERO,TRADITIONAL,NO_ENGINE_SUBSTITUTION {{(pid=100108) _check_effective_sql_mode /opt/stack/data/venv/lib/python3.12/site-packages/oslo_db/sqlalchemy/engines.py:325}}
Feb 17 02:24:14.363535 np0000155925 devstack@n-api.service[100107]: INFO dbcounter [None req-6e77a7a4-d1f3-4fde-b369-a03a4f9baa60 None None] Registered counter for database nova_cell0
Feb 17 02:24:14.365592 np0000155925 devstack@n-api.service[100106]: DEBUG oslo_db.sqlalchemy.engines [None req-27dfeefa-915f-4506-bb25-d261271d1827 None None] MySQL server mode set to STRICT_TRANS_TABLES,STRICT_ALL_TABLES,NO_ZERO_IN_DATE,NO_ZERO_DATE,ERROR_FOR_DIVISION_BY_ZERO,TRADITIONAL,NO_ENGINE_SUBSTITUTION {{(pid=100106) _check_effective_sql_mode /opt/stack/data/venv/lib/python3.12/site-packages/oslo_db/sqlalchemy/engines.py:325}}
Feb 17 02:24:14.366156 np0000155925 devstack@n-api.service[100109]: DEBUG dbcounter [-] [100109] Writer thread running {{(pid=100109) stat_writer /opt/stack/data/venv/lib/python3.12/site-packages/dbcounter.py:102}}
Feb 17 02:24:14.369057 np0000155925 devstack@n-api.service[100109]: DEBUG nova.context [None req-835c2bec-1912-4381-8f9a-c663815e8345 None None] Found 2 cells: 00000000-0000-0000-0000-000000000000(cell0),9b9f328d-2ddd-4c44-8a7b-3e3d3d79fa1e(cell1) {{(pid=100109) load_cells /opt/stack/nova/nova/context.py:509}}
Feb 17 02:24:14.369528 np0000155925 devstack@n-api.service[100109]: INFO nova.utils [None req-835c2bec-1912-4381-8f9a-c663815e8345 None None] The cell worker thread pool MainProcess.cell_worker is initialized
Feb 17 02:24:14.370457 np0000155925 devstack@n-api.service[100107]: INFO dbcounter [None req-6e77a7a4-d1f3-4fde-b369-a03a4f9baa60 None None] Registered counter for database nova_cell1
Feb 17 02:24:14.371367 np0000155925 devstack@n-api.service[100109]: DEBUG oslo_concurrency.lockutils [None req-835c2bec-1912-4381-8f9a-c663815e8345 None None] Acquiring lock "00000000-0000-0000-0000-000000000000" by "nova.context.set_target_cell..get_or_set_cached_cell_and_set_connections" {{(pid=100109) inner /opt/stack/data/venv/lib/python3.12/site-packages/oslo_concurrency/lockutils.py:506}}
Feb 17 02:24:14.371600 np0000155925 devstack@n-api.service[100109]: DEBUG oslo_concurrency.lockutils [None req-835c2bec-1912-4381-8f9a-c663815e8345 None None] Lock "00000000-0000-0000-0000-000000000000" acquired by "nova.context.set_target_cell..get_or_set_cached_cell_and_set_connections" :: waited 0.000s {{(pid=100109) inner /opt/stack/data/venv/lib/python3.12/site-packages/oslo_concurrency/lockutils.py:519}}
Feb 17 02:24:14.371885 np0000155925 devstack@n-api.service[100109]: DEBUG oslo_concurrency.lockutils [None req-835c2bec-1912-4381-8f9a-c663815e8345 None None] Lock "00000000-0000-0000-0000-000000000000" "released" by "nova.context.set_target_cell..get_or_set_cached_cell_and_set_connections" :: held 0.000s {{(pid=100109) inner /opt/stack/data/venv/lib/python3.12/site-packages/oslo_concurrency/lockutils.py:538}}
Feb 17 02:24:14.373420 np0000155925 devstack@n-api.service[100109]: DEBUG oslo_concurrency.lockutils [None req-835c2bec-1912-4381-8f9a-c663815e8345 None None] Acquiring lock "9b9f328d-2ddd-4c44-8a7b-3e3d3d79fa1e" by "nova.context.set_target_cell..get_or_set_cached_cell_and_set_connections" {{(pid=100109) inner /opt/stack/data/venv/lib/python3.12/site-packages/oslo_concurrency/lockutils.py:506}}
Feb 17 02:24:14.373953 np0000155925 devstack@n-api.service[100108]: DEBUG oslo_db.sqlalchemy.engines [None req-dbfc45ca-8f82-42af-95ed-92fc0f14459a None None] MySQL server mode set to STRICT_TRANS_TABLES,STRICT_ALL_TABLES,NO_ZERO_IN_DATE,NO_ZERO_DATE,ERROR_FOR_DIVISION_BY_ZERO,TRADITIONAL,NO_ENGINE_SUBSTITUTION {{(pid=100108) _check_effective_sql_mode /opt/stack/data/venv/lib/python3.12/site-packages/oslo_db/sqlalchemy/engines.py:325}}
Feb 17 02:24:14.374131 np0000155925 devstack@n-api.service[100109]: DEBUG oslo_concurrency.lockutils [None req-835c2bec-1912-4381-8f9a-c663815e8345 None None] Lock "9b9f328d-2ddd-4c44-8a7b-3e3d3d79fa1e" acquired by "nova.context.set_target_cell..get_or_set_cached_cell_and_set_connections" :: waited 0.000s {{(pid=100109) inner /opt/stack/data/venv/lib/python3.12/site-packages/oslo_concurrency/lockutils.py:519}}
Feb 17 02:24:14.374323 np0000155925 devstack@n-api.service[100109]: DEBUG oslo_concurrency.lockutils [None req-835c2bec-1912-4381-8f9a-c663815e8345 None None] Lock "9b9f328d-2ddd-4c44-8a7b-3e3d3d79fa1e" "released" by "nova.context.set_target_cell..get_or_set_cached_cell_and_set_connections" :: held 0.001s {{(pid=100109) inner /opt/stack/data/venv/lib/python3.12/site-packages/oslo_concurrency/lockutils.py:538}}
Feb 17 02:24:14.376877 np0000155925 devstack@n-api.service[100109]: INFO dbcounter [None req-835c2bec-1912-4381-8f9a-c663815e8345 None None] Registered counter for database nova_cell0
Feb 17 02:24:14.382452 np0000155925 devstack@n-api.service[100109]: INFO dbcounter [None req-835c2bec-1912-4381-8f9a-c663815e8345 None None] Registered counter for database nova_cell1
Feb 17 02:24:14.383201 np0000155925 devstack@n-api.service[100107]: DEBUG oslo_db.sqlalchemy.engines [None req-6e77a7a4-d1f3-4fde-b369-a03a4f9baa60 None None] MySQL server mode set to STRICT_TRANS_TABLES,STRICT_ALL_TABLES,NO_ZERO_IN_DATE,NO_ZERO_DATE,ERROR_FOR_DIVISION_BY_ZERO,TRADITIONAL,NO_ENGINE_SUBSTITUTION {{(pid=100107) _check_effective_sql_mode /opt/stack/data/venv/lib/python3.12/site-packages/oslo_db/sqlalchemy/engines.py:325}}
Feb 17 02:24:14.387515 np0000155925 devstack@n-api.service[100107]: DEBUG oslo_db.sqlalchemy.engines [None req-6e77a7a4-d1f3-4fde-b369-a03a4f9baa60 None None] MySQL server mode set to STRICT_TRANS_TABLES,STRICT_ALL_TABLES,NO_ZERO_IN_DATE,NO_ZERO_DATE,ERROR_FOR_DIVISION_BY_ZERO,TRADITIONAL,NO_ENGINE_SUBSTITUTION {{(pid=100107) _check_effective_sql_mode /opt/stack/data/venv/lib/python3.12/site-packages/oslo_db/sqlalchemy/engines.py:325}}
Feb 17 02:24:14.392738 np0000155925 devstack@n-api.service[100109]: DEBUG oslo_db.sqlalchemy.engines [None req-835c2bec-1912-4381-8f9a-c663815e8345 None None] MySQL server mode set to STRICT_TRANS_TABLES,STRICT_ALL_TABLES,NO_ZERO_IN_DATE,NO_ZERO_DATE,ERROR_FOR_DIVISION_BY_ZERO,TRADITIONAL,NO_ENGINE_SUBSTITUTION {{(pid=100109) _check_effective_sql_mode /opt/stack/data/venv/lib/python3.12/site-packages/oslo_db/sqlalchemy/engines.py:325}}
Feb 17 02:24:14.403873 np0000155925 devstack@n-api.service[100109]: DEBUG oslo_db.sqlalchemy.engines [None req-835c2bec-1912-4381-8f9a-c663815e8345 None None] MySQL server mode set to STRICT_TRANS_TABLES,STRICT_ALL_TABLES,NO_ZERO_IN_DATE,NO_ZERO_DATE,ERROR_FOR_DIVISION_BY_ZERO,TRADITIONAL,NO_ENGINE_SUBSTITUTION {{(pid=100109) _check_effective_sql_mode /opt/stack/data/venv/lib/python3.12/site-packages/oslo_db/sqlalchemy/engines.py:325}}
Feb 17 02:24:14.446612 np0000155925 devstack@n-api.service[100106]: DEBUG dbcounter [-] [100106] Writer thread running {{(pid=100106) stat_writer /opt/stack/data/venv/lib/python3.12/site-packages/dbcounter.py:102}}
Feb 17 02:24:14.452725 np0000155925 devstack@n-api.service[100106]: DEBUG dbcounter [-] [100106] Writer thread running {{(pid=100106) stat_writer /opt/stack/data/venv/lib/python3.12/site-packages/dbcounter.py:102}}
Feb 17 02:24:14.458069 np0000155925 devstack@n-api.service[100106]: INFO dbcounter [None req-27dfeefa-915f-4506-bb25-d261271d1827 None None] Registered counter for database nova_cell0
Feb 17 02:24:14.472305 np0000155925 devstack@n-api.service[100106]: DEBUG oslo_db.sqlalchemy.engines [None req-27dfeefa-915f-4506-bb25-d261271d1827 None None] MySQL server mode set to STRICT_TRANS_TABLES,STRICT_ALL_TABLES,NO_ZERO_IN_DATE,NO_ZERO_DATE,ERROR_FOR_DIVISION_BY_ZERO,TRADITIONAL,NO_ENGINE_SUBSTITUTION {{(pid=100106) _check_effective_sql_mode /opt/stack/data/venv/lib/python3.12/site-packages/oslo_db/sqlalchemy/engines.py:325}}
Feb 17 02:24:14.478696 np0000155925 devstack@n-api.service[100108]: DEBUG dbcounter [-] [100108] Writer thread running {{(pid=100108) stat_writer /opt/stack/data/venv/lib/python3.12/site-packages/dbcounter.py:102}}
Feb 17 02:24:14.479708 np0000155925 devstack@n-api.service[100108]: DEBUG dbcounter [-] [100108] Writer thread running {{(pid=100108) stat_writer /opt/stack/data/venv/lib/python3.12/site-packages/dbcounter.py:102}}
Feb 17 02:24:14.483417 np0000155925 devstack@n-api.service[100109]: DEBUG dbcounter [-] [100109] Writer thread running {{(pid=100109) stat_writer /opt/stack/data/venv/lib/python3.12/site-packages/dbcounter.py:102}}
Feb 17 02:24:14.485181 np0000155925 devstack@n-api.service[100106]: DEBUG dbcounter [-] [100106] Writer thread running {{(pid=100106) stat_writer /opt/stack/data/venv/lib/python3.12/site-packages/dbcounter.py:102}}
Feb 17 02:24:14.488073 np0000155925 devstack@n-api.service[100109]: DEBUG dbcounter [-] [100109] Writer thread running {{(pid=100109) stat_writer /opt/stack/data/venv/lib/python3.12/site-packages/dbcounter.py:102}}
Feb 17 02:24:14.497155 np0000155925 devstack@n-api.service[100107]: DEBUG dbcounter [-] [100107] Writer thread running {{(pid=100107) stat_writer /opt/stack/data/venv/lib/python3.12/site-packages/dbcounter.py:102}}
Feb 17 02:24:14.498069 np0000155925 devstack@n-api.service[100107]: DEBUG dbcounter [-] [100107] Writer thread running {{(pid=100107) stat_writer /opt/stack/data/venv/lib/python3.12/site-packages/dbcounter.py:102}}
Feb 17 02:24:14.543936 np0000155925 devstack@n-api.service[100108]: INFO dbcounter [None req-dbfc45ca-8f82-42af-95ed-92fc0f14459a None None] Registered counter for database nova_cell0
Feb 17 02:24:14.544295 np0000155925 devstack@n-api.service[100107]: INFO dbcounter [None req-6e77a7a4-d1f3-4fde-b369-a03a4f9baa60 None None] Registered counter for database nova_cell0
Feb 17 02:24:14.544784 np0000155925 devstack@n-api.service[100109]: INFO dbcounter [None req-835c2bec-1912-4381-8f9a-c663815e8345 None None] Registered counter for database nova_cell0
Feb 17 02:24:14.558429 np0000155925 devstack@n-api.service[100107]: DEBUG oslo_db.sqlalchemy.engines [None req-6e77a7a4-d1f3-4fde-b369-a03a4f9baa60 None None] MySQL server mode set to STRICT_TRANS_TABLES,STRICT_ALL_TABLES,NO_ZERO_IN_DATE,NO_ZERO_DATE,ERROR_FOR_DIVISION_BY_ZERO,TRADITIONAL,NO_ENGINE_SUBSTITUTION {{(pid=100107) _check_effective_sql_mode /opt/stack/data/venv/lib/python3.12/site-packages/oslo_db/sqlalchemy/engines.py:325}}
Feb 17 02:24:14.562403 np0000155925 devstack@n-api.service[100109]: DEBUG oslo_db.sqlalchemy.engines [None req-835c2bec-1912-4381-8f9a-c663815e8345 None None] MySQL server mode set to STRICT_TRANS_TABLES,STRICT_ALL_TABLES,NO_ZERO_IN_DATE,NO_ZERO_DATE,ERROR_FOR_DIVISION_BY_ZERO,TRADITIONAL,NO_ENGINE_SUBSTITUTION {{(pid=100109) _check_effective_sql_mode /opt/stack/data/venv/lib/python3.12/site-packages/oslo_db/sqlalchemy/engines.py:325}}
Feb 17 02:24:14.568575 np0000155925 devstack@n-api.service[100107]: DEBUG dbcounter [-] [100107] Writer thread running {{(pid=100107) stat_writer /opt/stack/data/venv/lib/python3.12/site-packages/dbcounter.py:102}}
Feb 17 02:24:14.569257 np0000155925 devstack@n-api.service[100108]: DEBUG oslo_db.sqlalchemy.engines [None req-dbfc45ca-8f82-42af-95ed-92fc0f14459a None None] MySQL server mode set to STRICT_TRANS_TABLES,STRICT_ALL_TABLES,NO_ZERO_IN_DATE,NO_ZERO_DATE,ERROR_FOR_DIVISION_BY_ZERO,TRADITIONAL,NO_ENGINE_SUBSTITUTION {{(pid=100108) _check_effective_sql_mode /opt/stack/data/venv/lib/python3.12/site-packages/oslo_db/sqlalchemy/engines.py:325}}
Feb 17 02:24:14.574234 np0000155925 devstack@n-api.service[100109]: DEBUG dbcounter [-] [100109] Writer thread running {{(pid=100109) stat_writer /opt/stack/data/venv/lib/python3.12/site-packages/dbcounter.py:102}}
Feb 17 02:24:14.583621 np0000155925 devstack@n-api.service[100108]: DEBUG dbcounter [-] [100108] Writer thread running {{(pid=100108) stat_writer /opt/stack/data/venv/lib/python3.12/site-packages/dbcounter.py:102}}
Feb 17 02:24:14.927907 np0000155925 devstack@n-api.service[100109]: DEBUG oslo_concurrency.processutils [None req-835c2bec-1912-4381-8f9a-c663815e8345 None None] Running cmd (subprocess): grep -F node.session.scan /sbin/iscsiadm {{(pid=100109) execute /opt/stack/data/venv/lib/python3.12/site-packages/oslo_concurrency/processutils.py:368}}
Feb 17 02:24:14.934801 np0000155925 devstack@n-api.service[100107]: DEBUG oslo_concurrency.processutils [None req-6e77a7a4-d1f3-4fde-b369-a03a4f9baa60 None None] Running cmd (subprocess): grep -F node.session.scan /sbin/iscsiadm {{(pid=100107) execute /opt/stack/data/venv/lib/python3.12/site-packages/oslo_concurrency/processutils.py:368}}
Feb 17 02:24:14.946489 np0000155925 devstack@n-api.service[100109]: DEBUG oslo_concurrency.processutils [None req-835c2bec-1912-4381-8f9a-c663815e8345 None None] CMD "grep -F node.session.scan /sbin/iscsiadm" returned: 0 in 0.019s {{(pid=100109) execute /opt/stack/data/venv/lib/python3.12/site-packages/oslo_concurrency/processutils.py:396}}
Feb 17 02:24:14.954491 np0000155925 devstack@n-api.service[100107]: DEBUG oslo_concurrency.processutils [None req-6e77a7a4-d1f3-4fde-b369-a03a4f9baa60 None None] CMD "grep -F node.session.scan /sbin/iscsiadm" returned: 0 in 0.019s {{(pid=100107) execute /opt/stack/data/venv/lib/python3.12/site-packages/oslo_concurrency/processutils.py:396}}
Feb 17 02:24:14.955409 np0000155925 devstack@n-api.service[100108]: DEBUG oslo_concurrency.processutils [None req-dbfc45ca-8f82-42af-95ed-92fc0f14459a None None] Running cmd (subprocess): grep -F node.session.scan /sbin/iscsiadm {{(pid=100108) execute /opt/stack/data/venv/lib/python3.12/site-packages/oslo_concurrency/processutils.py:368}}
Feb 17 02:24:14.978674 np0000155925 devstack@n-api.service[100108]: DEBUG oslo_concurrency.processutils [None req-dbfc45ca-8f82-42af-95ed-92fc0f14459a None None] CMD "grep -F node.session.scan /sbin/iscsiadm" returned: 0 in 0.023s {{(pid=100108) execute /opt/stack/data/venv/lib/python3.12/site-packages/oslo_concurrency/processutils.py:396}}
Feb 17 02:24:15.031889 np0000155925 devstack@n-api.service[100106]: DEBUG oslo_concurrency.processutils [None req-27dfeefa-915f-4506-bb25-d261271d1827 None None] Running cmd (subprocess): grep -F node.session.scan /sbin/iscsiadm {{(pid=100106) execute /opt/stack/data/venv/lib/python3.12/site-packages/oslo_concurrency/processutils.py:368}}
Feb 17 02:24:15.050520 np0000155925 devstack@n-api.service[100106]: DEBUG oslo_concurrency.processutils [None req-27dfeefa-915f-4506-bb25-d261271d1827 None None] CMD "grep -F node.session.scan /sbin/iscsiadm" returned: 0 in 0.019s {{(pid=100106) execute /opt/stack/data/venv/lib/python3.12/site-packages/oslo_concurrency/processutils.py:396}}
Feb 17 02:24:15.440774 np0000155925 devstack@n-api.service[100107]: WARNING keystonemiddleware.auth_token [None req-6e77a7a4-d1f3-4fde-b369-a03a4f9baa60 None None] AuthToken middleware is set with keystone_authtoken.service_token_roles_required set to False. This is backwards compatible but deprecated behaviour. Please set this to True.
Feb 17 02:24:15.441821 np0000155925 devstack@n-api.service[100109]: WARNING keystonemiddleware.auth_token [None req-835c2bec-1912-4381-8f9a-c663815e8345 None None] AuthToken middleware is set with keystone_authtoken.service_token_roles_required set to False. This is backwards compatible but deprecated behaviour. Please set this to True.
Feb 17 02:24:15.444596 np0000155925 devstack@n-api.service[100107]: WARNING keystonemiddleware.auth_token [None req-6e77a7a4-d1f3-4fde-b369-a03a4f9baa60 None None] Configuring www_authenticate_uri to point to the public identity endpoint is required; clients may not be able to authenticate against an admin endpoint
Feb 17 02:24:15.445283 np0000155925 devstack@n-api.service[100106]: WARNING keystonemiddleware.auth_token [None req-27dfeefa-915f-4506-bb25-d261271d1827 None None] AuthToken middleware is set with keystone_authtoken.service_token_roles_required set to False. This is backwards compatible but deprecated behaviour. Please set this to True.
Feb 17 02:24:15.445800 np0000155925 devstack@n-api.service[100109]: WARNING keystonemiddleware.auth_token [None req-835c2bec-1912-4381-8f9a-c663815e8345 None None] Configuring www_authenticate_uri to point to the public identity endpoint is required; clients may not be able to authenticate against an admin endpoint
Feb 17 02:24:15.448628 np0000155925 devstack@n-api.service[100108]: WARNING keystonemiddleware.auth_token [None req-dbfc45ca-8f82-42af-95ed-92fc0f14459a None None] AuthToken middleware is set with keystone_authtoken.service_token_roles_required set to False. This is backwards compatible but deprecated behaviour. Please set this to True.
Feb 17 02:24:15.449525 np0000155925 devstack@n-api.service[100106]: WARNING keystonemiddleware.auth_token [None req-27dfeefa-915f-4506-bb25-d261271d1827 None None] Configuring www_authenticate_uri to point to the public identity endpoint is required; clients may not be able to authenticate against an admin endpoint
Feb 17 02:24:15.453199 np0000155925 devstack@n-api.service[100108]: WARNING keystonemiddleware.auth_token [None req-dbfc45ca-8f82-42af-95ed-92fc0f14459a None None] Configuring www_authenticate_uri to point to the public identity endpoint is required; clients may not be able to authenticate against an admin endpoint
Feb 17 02:24:15.633092 np0000155925 devstack@n-api.service[100107]: WARNING keystonemiddleware.auth_token [None req-6e77a7a4-d1f3-4fde-b369-a03a4f9baa60 None None] AuthToken middleware is set with keystone_authtoken.service_token_roles_required set to False. This is backwards compatible but deprecated behaviour. Please set this to True.
Feb 17 02:24:15.636054 np0000155925 devstack@n-api.service[100107]: WARNING keystonemiddleware.auth_token [None req-6e77a7a4-d1f3-4fde-b369-a03a4f9baa60 None None] Configuring www_authenticate_uri to point to the public identity endpoint is required; clients may not be able to authenticate against an admin endpoint
Feb 17 02:24:15.638243 np0000155925 devstack@n-api.service[100109]: WARNING keystonemiddleware.auth_token [None req-835c2bec-1912-4381-8f9a-c663815e8345 None None] AuthToken middleware is set with keystone_authtoken.service_token_roles_required set to False. This is backwards compatible but deprecated behaviour. Please set this to True.
Feb 17 02:24:15.638477 np0000155925 devstack@n-api.service[100107]: DEBUG nova.api.openstack.wsgi_app [None req-6e77a7a4-d1f3-4fde-b369-a03a4f9baa60 None None] ******************************************************************************** {{(pid=100107) log_opt_values /opt/stack/data/venv/lib/python3.12/site-packages/oslo_config/cfg.py:2804}}
Feb 17 02:24:15.638672 np0000155925 devstack@n-api.service[100107]: DEBUG nova.api.openstack.wsgi_app [None req-6e77a7a4-d1f3-4fde-b369-a03a4f9baa60 None None] Configuration options gathered from: {{(pid=100107) log_opt_values /opt/stack/data/venv/lib/python3.12/site-packages/oslo_config/cfg.py:2805}}
Feb 17 02:24:15.638878 np0000155925 devstack@n-api.service[100107]: DEBUG nova.api.openstack.wsgi_app [None req-6e77a7a4-d1f3-4fde-b369-a03a4f9baa60 None None] command line args: [] {{(pid=100107) log_opt_values /opt/stack/data/venv/lib/python3.12/site-packages/oslo_config/cfg.py:2806}}
Feb 17 02:24:15.639025 np0000155925 devstack@n-api.service[100107]: DEBUG nova.api.openstack.wsgi_app [None req-6e77a7a4-d1f3-4fde-b369-a03a4f9baa60 None None] config files: ['/etc/nova/api-paste.ini', '/etc/nova/nova.conf'] {{(pid=100107) log_opt_values /opt/stack/data/venv/lib/python3.12/site-packages/oslo_config/cfg.py:2807}}
Feb 17 02:24:15.639201 np0000155925 devstack@n-api.service[100107]: DEBUG nova.api.openstack.wsgi_app [None req-6e77a7a4-d1f3-4fde-b369-a03a4f9baa60 None None] ================================================================================ {{(pid=100107) log_opt_values /opt/stack/data/venv/lib/python3.12/site-packages/oslo_config/cfg.py:2809}}
Feb 17 02:24:15.639412 np0000155925 devstack@n-api.service[100107]: DEBUG nova.api.openstack.wsgi_app [None req-6e77a7a4-d1f3-4fde-b369-a03a4f9baa60 None None] allow_resize_to_same_host = True {{(pid=100107) log_opt_values /opt/stack/data/venv/lib/python3.12/site-packages/oslo_config/cfg.py:2817}}
Feb 17 02:24:15.639551 np0000155925 devstack@n-api.service[100107]: DEBUG nova.api.openstack.wsgi_app [None req-6e77a7a4-d1f3-4fde-b369-a03a4f9baa60 None None] arq_binding_timeout = 300 {{(pid=100107) log_opt_values /opt/stack/data/venv/lib/python3.12/site-packages/oslo_config/cfg.py:2817}}
Feb 17 02:24:15.639551 np0000155925 devstack@n-api.service[100107]: DEBUG nova.api.openstack.wsgi_app [None req-6e77a7a4-d1f3-4fde-b369-a03a4f9baa60 None None] block_device_allocate_retries = 60 {{(pid=100107) log_opt_values /opt/stack/data/venv/lib/python3.12/site-packages/oslo_config/cfg.py:2817}}
Feb 17 02:24:15.639844 np0000155925 devstack@n-api.service[100107]: DEBUG nova.api.openstack.wsgi_app [None req-6e77a7a4-d1f3-4fde-b369-a03a4f9baa60 None None] block_device_allocate_retries_interval = 3 {{(pid=100107) log_opt_values /opt/stack/data/venv/lib/python3.12/site-packages/oslo_config/cfg.py:2817}}
Feb 17 02:24:15.639844 np0000155925 devstack@n-api.service[100107]: DEBUG nova.api.openstack.wsgi_app [None req-6e77a7a4-d1f3-4fde-b369-a03a4f9baa60 None None] cell_worker_thread_pool_size = 5 {{(pid=100107) log_opt_values /opt/stack/data/venv/lib/python3.12/site-packages/oslo_config/cfg.py:2817}}
Feb 17 02:24:15.640243 np0000155925 devstack@n-api.service[100107]: DEBUG nova.api.openstack.wsgi_app [None req-6e77a7a4-d1f3-4fde-b369-a03a4f9baa60 None None] cert = self.pem {{(pid=100107) log_opt_values /opt/stack/data/venv/lib/python3.12/site-packages/oslo_config/cfg.py:2817}}
Feb 17 02:24:15.640243 np0000155925 devstack@n-api.service[100107]: DEBUG nova.api.openstack.wsgi_app [None req-6e77a7a4-d1f3-4fde-b369-a03a4f9baa60 None None] compute_driver = libvirt.LibvirtDriver {{(pid=100107) log_opt_values /opt/stack/data/venv/lib/python3.12/site-packages/oslo_config/cfg.py:2817}}
Feb 17 02:24:15.640243 np0000155925 devstack@n-api.service[100107]: DEBUG nova.api.openstack.wsgi_app [None req-6e77a7a4-d1f3-4fde-b369-a03a4f9baa60 None None] compute_monitors = [] {{(pid=100107) log_opt_values /opt/stack/data/venv/lib/python3.12/site-packages/oslo_config/cfg.py:2817}}
Feb 17 02:24:15.640704 np0000155925 devstack@n-api.service[100107]: DEBUG nova.api.openstack.wsgi_app [None req-6e77a7a4-d1f3-4fde-b369-a03a4f9baa60 None None] config_dir = [] {{(pid=100107) log_opt_values /opt/stack/data/venv/lib/python3.12/site-packages/oslo_config/cfg.py:2817}}
Feb 17 02:24:15.640704 np0000155925 devstack@n-api.service[100107]: DEBUG nova.api.openstack.wsgi_app [None req-6e77a7a4-d1f3-4fde-b369-a03a4f9baa60 None None] config_drive_format = iso9660 {{(pid=100107) log_opt_values /opt/stack/data/venv/lib/python3.12/site-packages/oslo_config/cfg.py:2817}}
Feb 17 02:24:15.640704 np0000155925 devstack@n-api.service[100107]: DEBUG nova.api.openstack.wsgi_app [None req-6e77a7a4-d1f3-4fde-b369-a03a4f9baa60 None None] config_file = ['/etc/nova/api-paste.ini', '/etc/nova/nova.conf'] {{(pid=100107) log_opt_values /opt/stack/data/venv/lib/python3.12/site-packages/oslo_config/cfg.py:2817}}
Feb 17 02:24:15.640704 np0000155925 devstack@n-api.service[100107]: DEBUG nova.api.openstack.wsgi_app [None req-6e77a7a4-d1f3-4fde-b369-a03a4f9baa60 None None] config_source = [] {{(pid=100107) log_opt_values /opt/stack/data/venv/lib/python3.12/site-packages/oslo_config/cfg.py:2817}}
Feb 17 02:24:15.640926 np0000155925 devstack@n-api.service[100107]: DEBUG nova.api.openstack.wsgi_app [None req-6e77a7a4-d1f3-4fde-b369-a03a4f9baa60 None None] console_host = np0000155925 {{(pid=100107) log_opt_values /opt/stack/data/venv/lib/python3.12/site-packages/oslo_config/cfg.py:2817}}
Feb 17 02:24:15.640926 np0000155925 devstack@n-api.service[100107]: DEBUG nova.api.openstack.wsgi_app [None req-6e77a7a4-d1f3-4fde-b369-a03a4f9baa60 None None] control_exchange = nova {{(pid=100107) log_opt_values /opt/stack/data/venv/lib/python3.12/site-packages/oslo_config/cfg.py:2817}}
Feb 17 02:24:15.641271 np0000155925 devstack@n-api.service[100107]: DEBUG nova.api.openstack.wsgi_app [None req-6e77a7a4-d1f3-4fde-b369-a03a4f9baa60 None None] cpu_allocation_ratio = None {{(pid=100107) log_opt_values /opt/stack/data/venv/lib/python3.12/site-packages/oslo_config/cfg.py:2817}}
Feb 17 02:24:15.641442 np0000155925 devstack@n-api.service[100109]: WARNING keystonemiddleware.auth_token [None req-835c2bec-1912-4381-8f9a-c663815e8345 None None] Configuring www_authenticate_uri to point to the public identity endpoint is required; clients may not be able to authenticate against an admin endpoint
Feb 17 02:24:15.641620 np0000155925 devstack@n-api.service[100107]: DEBUG nova.api.openstack.wsgi_app [None req-6e77a7a4-d1f3-4fde-b369-a03a4f9baa60 None None] daemon = False {{(pid=100107) log_opt_values /opt/stack/data/venv/lib/python3.12/site-packages/oslo_config/cfg.py:2817}}
Feb 17 02:24:15.641620 np0000155925 devstack@n-api.service[100107]: DEBUG nova.api.openstack.wsgi_app [None req-6e77a7a4-d1f3-4fde-b369-a03a4f9baa60 None None] debug = True {{(pid=100107) log_opt_values /opt/stack/data/venv/lib/python3.12/site-packages/oslo_config/cfg.py:2817}}
Feb 17 02:24:15.641620 np0000155925 devstack@n-api.service[100107]: DEBUG nova.api.openstack.wsgi_app [None req-6e77a7a4-d1f3-4fde-b369-a03a4f9baa60 None None] default_access_ip_network_name = None {{(pid=100107) log_opt_values /opt/stack/data/venv/lib/python3.12/site-packages/oslo_config/cfg.py:2817}}
Feb 17 02:24:15.641620 np0000155925 devstack@n-api.service[100107]: DEBUG nova.api.openstack.wsgi_app [None req-6e77a7a4-d1f3-4fde-b369-a03a4f9baa60 None None] default_availability_zone = nova {{(pid=100107) log_opt_values /opt/stack/data/venv/lib/python3.12/site-packages/oslo_config/cfg.py:2817}}
Feb 17 02:24:15.642087 np0000155925 devstack@n-api.service[100107]: DEBUG nova.api.openstack.wsgi_app [None req-6e77a7a4-d1f3-4fde-b369-a03a4f9baa60 None None] default_ephemeral_format = ext4 {{(pid=100107) log_opt_values /opt/stack/data/venv/lib/python3.12/site-packages/oslo_config/cfg.py:2817}}
Feb 17 02:24:15.642087 np0000155925 devstack@n-api.service[100107]: DEBUG nova.api.openstack.wsgi_app [None req-6e77a7a4-d1f3-4fde-b369-a03a4f9baa60 None None] default_green_pool_size = 1000 {{(pid=100107) log_opt_values /opt/stack/data/venv/lib/python3.12/site-packages/oslo_config/cfg.py:2817}}
Feb 17 02:24:15.642087 np0000155925 devstack@n-api.service[100107]: DEBUG nova.api.openstack.wsgi_app [None req-6e77a7a4-d1f3-4fde-b369-a03a4f9baa60 None None] default_log_levels = ['amqp=WARN', 'boto=WARN', 'sqlalchemy=WARN', 'suds=INFO', 'oslo.messaging=INFO', 'oslo_messaging=INFO', 'iso8601=WARN', 'requests.packages.urllib3.connectionpool=WARN', 'urllib3.connectionpool=WARN', 'websocket=WARN', 'requests.packages.urllib3.util.retry=WARN', 'urllib3.util.retry=WARN', 'keystonemiddleware=WARN', 'routes.middleware=WARN', 'stevedore=WARN', 'taskflow=WARN', 'keystoneauth=WARN', 'oslo.cache=INFO', 'oslo_policy=INFO', 'dogpile.core.dogpile=INFO', 'glanceclient=WARN', 'oslo.privsep.daemon=INFO'] {{(pid=100107) log_opt_values /opt/stack/data/venv/lib/python3.12/site-packages/oslo_config/cfg.py:2817}}
Feb 17 02:24:15.642629 np0000155925 devstack@n-api.service[100107]: DEBUG nova.api.openstack.wsgi_app [None req-6e77a7a4-d1f3-4fde-b369-a03a4f9baa60 None None] default_schedule_zone = None {{(pid=100107) log_opt_values /opt/stack/data/venv/lib/python3.12/site-packages/oslo_config/cfg.py:2817}}
Feb 17 02:24:15.642629 np0000155925 devstack@n-api.service[100107]: DEBUG nova.api.openstack.wsgi_app [None req-6e77a7a4-d1f3-4fde-b369-a03a4f9baa60 None None] default_thread_pool_size = 10 {{(pid=100107) log_opt_values /opt/stack/data/venv/lib/python3.12/site-packages/oslo_config/cfg.py:2817}}
Feb 17 02:24:15.642629 np0000155925 devstack@n-api.service[100107]: DEBUG nova.api.openstack.wsgi_app [None req-6e77a7a4-d1f3-4fde-b369-a03a4f9baa60 None None] disk_allocation_ratio = None {{(pid=100107) log_opt_values /opt/stack/data/venv/lib/python3.12/site-packages/oslo_config/cfg.py:2817}}
Feb 17 02:24:15.642629 np0000155925 devstack@n-api.service[100107]: DEBUG nova.api.openstack.wsgi_app [None req-6e77a7a4-d1f3-4fde-b369-a03a4f9baa60 None None] enable_new_services = True {{(pid=100107) log_opt_values /opt/stack/data/venv/lib/python3.12/site-packages/oslo_config/cfg.py:2817}}
Feb 17 02:24:15.642629 np0000155925 devstack@n-api.service[100107]: DEBUG nova.api.openstack.wsgi_app [None req-6e77a7a4-d1f3-4fde-b369-a03a4f9baa60 None None] flat_injected = False {{(pid=100107) log_opt_values /opt/stack/data/venv/lib/python3.12/site-packages/oslo_config/cfg.py:2817}}
Feb 17 02:24:15.642902 np0000155925 devstack@n-api.service[100107]: DEBUG nova.api.openstack.wsgi_app [None req-6e77a7a4-d1f3-4fde-b369-a03a4f9baa60 None None] force_config_drive = False {{(pid=100107) log_opt_values /opt/stack/data/venv/lib/python3.12/site-packages/oslo_config/cfg.py:2817}}
Feb 17 02:24:15.642902 np0000155925 devstack@n-api.service[100107]: DEBUG nova.api.openstack.wsgi_app [None req-6e77a7a4-d1f3-4fde-b369-a03a4f9baa60 None None] force_raw_images = True {{(pid=100107) log_opt_values /opt/stack/data/venv/lib/python3.12/site-packages/oslo_config/cfg.py:2817}}
Feb 17 02:24:15.643008 np0000155925 devstack@n-api.service[100107]: DEBUG nova.api.openstack.wsgi_app [None req-6e77a7a4-d1f3-4fde-b369-a03a4f9baa60 None None] graceful_shutdown_timeout = 5 {{(pid=100107) log_opt_values /opt/stack/data/venv/lib/python3.12/site-packages/oslo_config/cfg.py:2817}}
Feb 17 02:24:15.643335 np0000155925 devstack@n-api.service[100107]: DEBUG nova.api.openstack.wsgi_app [None req-6e77a7a4-d1f3-4fde-b369-a03a4f9baa60 None None] heal_instance_info_cache_interval = -1 {{(pid=100107) log_opt_values /opt/stack/data/venv/lib/python3.12/site-packages/oslo_config/cfg.py:2817}}
Feb 17 02:24:15.643335 np0000155925 devstack@n-api.service[100107]: DEBUG nova.api.openstack.wsgi_app [None req-6e77a7a4-d1f3-4fde-b369-a03a4f9baa60 None None] host = np0000155925 {{(pid=100107) log_opt_values /opt/stack/data/venv/lib/python3.12/site-packages/oslo_config/cfg.py:2817}}
Feb 17 02:24:15.643680 np0000155925 devstack@n-api.service[100107]: DEBUG nova.api.openstack.wsgi_app [None req-6e77a7a4-d1f3-4fde-b369-a03a4f9baa60 None None] initial_cpu_allocation_ratio = 4.0 {{(pid=100107) log_opt_values /opt/stack/data/venv/lib/python3.12/site-packages/oslo_config/cfg.py:2817}}
Feb 17 02:24:15.643680 np0000155925 devstack@n-api.service[100107]: DEBUG nova.api.openstack.wsgi_app [None req-6e77a7a4-d1f3-4fde-b369-a03a4f9baa60 None None] initial_disk_allocation_ratio = 1.0 {{(pid=100107) log_opt_values /opt/stack/data/venv/lib/python3.12/site-packages/oslo_config/cfg.py:2817}}
