Jun 29 04:59:34.122776 np0000183415 systemd[1]: Starting devstack@n-api-meta.service - Devstack devstack@n-api-meta.service...
Jun 29 04:59:34.129091 np0000183415 devstack@n-api-meta.service[108728]: [uWSGI] getting INI configuration from /etc/nova/nova-metadata-uwsgi.ini
Jun 29 04:59:34.132066 np0000183415 devstack@n-api-meta.service[108728]: *** Starting uWSGI 2.0.24-debian (64bit) on [Mon Jun 29 04:59:34 2026] ***
Jun 29 04:59:34.132066 np0000183415 devstack@n-api-meta.service[108728]: compiled with version: 13.2.0 on 17 April 2024 16:23:48
Jun 29 04:59:34.132066 np0000183415 devstack@n-api-meta.service[108728]: os: Linux-6.8.0-124-generic #124-Ubuntu SMP PREEMPT_DYNAMIC Tue May 26 13:00:45 UTC 2026
Jun 29 04:59:34.132066 np0000183415 devstack@n-api-meta.service[108728]: nodename: np0000183415
Jun 29 04:59:34.132066 np0000183415 devstack@n-api-meta.service[108728]: machine: x86_64
Jun 29 04:59:34.132066 np0000183415 devstack@n-api-meta.service[108728]: clock source: unix
Jun 29 04:59:34.132066 np0000183415 devstack@n-api-meta.service[108728]: pcre jit disabled
Jun 29 04:59:34.132066 np0000183415 devstack@n-api-meta.service[108728]: detected number of CPU cores: 16
Jun 29 04:59:34.132066 np0000183415 devstack@n-api-meta.service[108728]: current working directory: /
Jun 29 04:59:34.132066 np0000183415 devstack@n-api-meta.service[108728]: detected binary path: /usr/bin/uwsgi-core
Jun 29 04:59:34.132066 np0000183415 devstack@n-api-meta.service[108728]: your processes number limit is 256917
Jun 29 04:59:34.132066 np0000183415 devstack@n-api-meta.service[108728]: your memory page size is 4096 bytes
Jun 29 04:59:34.132066 np0000183415 devstack@n-api-meta.service[108728]: detected max file descriptor number: 2048
Jun 29 04:59:34.132066 np0000183415 devstack@n-api-meta.service[108728]: lock engine: pthread robust mutexes
Jun 29 04:59:34.132802 np0000183415 devstack@n-api-meta.service[108728]: thunder lock: enabled
Jun 29 04:59:34.132802 np0000183415 devstack@n-api-meta.service[108728]: uWSGI http bound on 0.0.0.0:8775 fd 5
Jun 29 04:59:34.132802 np0000183415 devstack@n-api-meta.service[108728]: uwsgi socket 0 bound to TCP address 127.0.0.1:35921 (port auto-assigned) fd 4
Jun 29 04:59:34.132802 np0000183415 devstack@n-api-meta.service[108728]: Python version: 3.12.3 (main, Mar 23 2026, 19:04:32) [GCC 13.3.0]
Jun 29 04:59:34.132802 np0000183415 devstack@n-api-meta.service[108728]: PEP 405 virtualenv detected: /opt/stack/data/venv
Jun 29 04:59:34.132802 np0000183415 devstack@n-api-meta.service[108728]: Set PythonHome to /opt/stack/data/venv
Jun 29 04:59:34.169583 np0000183415 devstack@n-api-meta.service[108728]: Python main interpreter initialized at 0x793c8f0a3668
Jun 29 04:59:34.169583 np0000183415 devstack@n-api-meta.service[108728]: python threads support enabled
Jun 29 04:59:34.169583 np0000183415 devstack@n-api-meta.service[108728]: your server socket listen backlog is limited to 100 connections
Jun 29 04:59:34.169583 np0000183415 devstack@n-api-meta.service[108728]: your mercy for graceful operations on workers is 80 seconds
Jun 29 04:59:34.170211 np0000183415 devstack@n-api-meta.service[108728]: mapped 671795 bytes (656 KB) for 4 cores
Jun 29 04:59:34.170366 np0000183415 devstack@n-api-meta.service[108728]: *** Operational MODE: preforking ***
Jun 29 04:59:34.170524 np0000183415 devstack@n-api-meta.service[108728]: *** uWSGI is running in multiple interpreter mode ***
Jun 29 04:59:34.170524 np0000183415 devstack@n-api-meta.service[108728]: spawned uWSGI master process (pid: 108728)
Jun 29 04:59:34.170679 np0000183415 systemd[1]: Started devstack@n-api-meta.service - Devstack devstack@n-api-meta.service.
Jun 29 04:59:34.171448 np0000183415 devstack@n-api-meta.service[108728]: spawned uWSGI worker 1 (pid: 108729, cores: 1)
Jun 29 04:59:34.172117 np0000183415 devstack@n-api-meta.service[108728]: spawned uWSGI worker 2 (pid: 108730, cores: 1)
Jun 29 04:59:34.172801 np0000183415 devstack@n-api-meta.service[108728]: spawned uWSGI worker 3 (pid: 108731, cores: 1)
Jun 29 04:59:34.173364 np0000183415 devstack@n-api-meta.service[108728]: spawned uWSGI worker 4 (pid: 108732, cores: 1)
Jun 29 04:59:34.174214 np0000183415 devstack@n-api-meta.service[108728]: spawned uWSGI http 1 (pid: 108733)
Jun 29 04:59:34.174214 np0000183415 devstack@n-api-meta.service[108728]: running "unix_signal:15 gracefully_kill_them_all" (master-start)...
Jun 29 04:59:35.772416 np0000183415 devstack@n-api-meta.service[108732]: INFO dbcounter [None req-b34c9fa4-6f3c-497f-8bec-b19b2c99a626 None None] Registered counter for database nova_api
Jun 29 04:59:35.817653 np0000183415 devstack@n-api-meta.service[108732]: DEBUG oslo_db.sqlalchemy.engines [None req-b34c9fa4-6f3c-497f-8bec-b19b2c99a626 None None] MySQL server mode set to STRICT_TRANS_TABLES,STRICT_ALL_TABLES,NO_ZERO_IN_DATE,NO_ZERO_DATE,ERROR_FOR_DIVISION_BY_ZERO,TRADITIONAL,NO_ENGINE_SUBSTITUTION {{(pid=108732) _check_effective_sql_mode /opt/stack/data/venv/lib/python3.12/site-packages/oslo_db/sqlalchemy/engines.py:325}}
Jun 29 04:59:35.820637 np0000183415 devstack@n-api-meta.service[108730]: INFO dbcounter [None req-5094fd56-5390-47a3-be0c-08fdcf6e603b None None] Registered counter for database nova_api
Jun 29 04:59:35.839160 np0000183415 devstack@n-api-meta.service[108731]: INFO dbcounter [None req-2bc94e3b-4536-4f1b-89b2-2741bf354736 None None] Registered counter for database nova_api
Jun 29 04:59:35.851302 np0000183415 devstack@n-api-meta.service[108732]: DEBUG dbcounter [-] [108732] Writer thread running {{(pid=108732) stat_writer /opt/stack/data/venv/lib/python3.12/site-packages/dbcounter.py:102}}
Jun 29 04:59:35.853391 np0000183415 devstack@n-api-meta.service[108732]: DEBUG nova.context [None req-b34c9fa4-6f3c-497f-8bec-b19b2c99a626 None None] Found 2 cells: 00000000-0000-0000-0000-000000000000(cell0),0c2e5132-831a-46bb-a623-20c3b6dcda04(cell1) {{(pid=108732) load_cells /opt/stack/nova/nova/context.py:509}}
Jun 29 04:59:35.853613 np0000183415 devstack@n-api-meta.service[108732]: INFO nova.utils [None req-b34c9fa4-6f3c-497f-8bec-b19b2c99a626 None None] The cell worker thread pool MainProcess.cell_worker is initialized
Jun 29 04:59:35.855322 np0000183415 devstack@n-api-meta.service[108732]: DEBUG oslo_concurrency.lockutils [None req-b34c9fa4-6f3c-497f-8bec-b19b2c99a626 None None] Acquiring lock "00000000-0000-0000-0000-000000000000" by "nova.context.set_target_cell..get_or_set_cached_cell_and_set_connections" {{(pid=108732) inner /opt/stack/data/venv/lib/python3.12/site-packages/oslo_concurrency/lockutils.py:511}}
Jun 29 04:59:35.855494 np0000183415 devstack@n-api-meta.service[108732]: DEBUG oslo_concurrency.lockutils [None req-b34c9fa4-6f3c-497f-8bec-b19b2c99a626 None None] Lock "00000000-0000-0000-0000-000000000000" acquired by "nova.context.set_target_cell..get_or_set_cached_cell_and_set_connections" :: waited 0.000s {{(pid=108732) inner /opt/stack/data/venv/lib/python3.12/site-packages/oslo_concurrency/lockutils.py:524}}
Jun 29 04:59:35.855847 np0000183415 devstack@n-api-meta.service[108732]: DEBUG oslo_concurrency.lockutils [None req-b34c9fa4-6f3c-497f-8bec-b19b2c99a626 None None] Lock "00000000-0000-0000-0000-000000000000" "released" by "nova.context.set_target_cell..get_or_set_cached_cell_and_set_connections" :: held 0.000s {{(pid=108732) inner /opt/stack/data/venv/lib/python3.12/site-packages/oslo_concurrency/lockutils.py:543}}
Jun 29 04:59:35.856553 np0000183415 devstack@n-api-meta.service[108732]: DEBUG oslo_concurrency.lockutils [None req-b34c9fa4-6f3c-497f-8bec-b19b2c99a626 None None] Acquiring lock "0c2e5132-831a-46bb-a623-20c3b6dcda04" by "nova.context.set_target_cell..get_or_set_cached_cell_and_set_connections" {{(pid=108732) inner /opt/stack/data/venv/lib/python3.12/site-packages/oslo_concurrency/lockutils.py:511}}
Jun 29 04:59:35.856691 np0000183415 devstack@n-api-meta.service[108732]: DEBUG oslo_concurrency.lockutils [None req-b34c9fa4-6f3c-497f-8bec-b19b2c99a626 None None] Lock "0c2e5132-831a-46bb-a623-20c3b6dcda04" acquired by "nova.context.set_target_cell..get_or_set_cached_cell_and_set_connections" :: waited 0.000s {{(pid=108732) inner /opt/stack/data/venv/lib/python3.12/site-packages/oslo_concurrency/lockutils.py:524}}
Jun 29 04:59:35.857522 np0000183415 devstack@n-api-meta.service[108732]: DEBUG oslo_concurrency.lockutils [None req-b34c9fa4-6f3c-497f-8bec-b19b2c99a626 None None] Lock "0c2e5132-831a-46bb-a623-20c3b6dcda04" "released" by "nova.context.set_target_cell..get_or_set_cached_cell_and_set_connections" :: held 0.001s {{(pid=108732) inner /opt/stack/data/venv/lib/python3.12/site-packages/oslo_concurrency/lockutils.py:543}}
Jun 29 04:59:35.860813 np0000183415 devstack@n-api-meta.service[108732]: INFO dbcounter [None req-b34c9fa4-6f3c-497f-8bec-b19b2c99a626 None None] Registered counter for database nova_cell0
Jun 29 04:59:35.866308 np0000183415 devstack@n-api-meta.service[108730]: DEBUG oslo_db.sqlalchemy.engines [None req-5094fd56-5390-47a3-be0c-08fdcf6e603b None None] MySQL server mode set to STRICT_TRANS_TABLES,STRICT_ALL_TABLES,NO_ZERO_IN_DATE,NO_ZERO_DATE,ERROR_FOR_DIVISION_BY_ZERO,TRADITIONAL,NO_ENGINE_SUBSTITUTION {{(pid=108730) _check_effective_sql_mode /opt/stack/data/venv/lib/python3.12/site-packages/oslo_db/sqlalchemy/engines.py:325}}
Jun 29 04:59:35.867213 np0000183415 devstack@n-api-meta.service[108732]: INFO dbcounter [None req-b34c9fa4-6f3c-497f-8bec-b19b2c99a626 None None] Registered counter for database nova_cell1
Jun 29 04:59:35.885584 np0000183415 devstack@n-api-meta.service[108731]: DEBUG oslo_db.sqlalchemy.engines [None req-2bc94e3b-4536-4f1b-89b2-2741bf354736 None None] MySQL server mode set to STRICT_TRANS_TABLES,STRICT_ALL_TABLES,NO_ZERO_IN_DATE,NO_ZERO_DATE,ERROR_FOR_DIVISION_BY_ZERO,TRADITIONAL,NO_ENGINE_SUBSTITUTION {{(pid=108731) _check_effective_sql_mode /opt/stack/data/venv/lib/python3.12/site-packages/oslo_db/sqlalchemy/engines.py:325}}
Jun 29 04:59:35.895905 np0000183415 devstack@n-api-meta.service[108729]: INFO dbcounter [None req-27a8d362-6f29-4ea0-b0eb-9cff78f81e92 None None] Registered counter for database nova_api
Jun 29 04:59:35.897785 np0000183415 devstack@n-api-meta.service[108730]: DEBUG dbcounter [-] [108730] Writer thread running {{(pid=108730) stat_writer /opt/stack/data/venv/lib/python3.12/site-packages/dbcounter.py:102}}
Jun 29 04:59:35.900202 np0000183415 devstack@n-api-meta.service[108730]: DEBUG nova.context [None req-5094fd56-5390-47a3-be0c-08fdcf6e603b None None] Found 2 cells: 00000000-0000-0000-0000-000000000000(cell0),0c2e5132-831a-46bb-a623-20c3b6dcda04(cell1) {{(pid=108730) load_cells /opt/stack/nova/nova/context.py:509}}
Jun 29 04:59:35.900442 np0000183415 devstack@n-api-meta.service[108730]: INFO nova.utils [None req-5094fd56-5390-47a3-be0c-08fdcf6e603b None None] The cell worker thread pool MainProcess.cell_worker is initialized
Jun 29 04:59:35.902159 np0000183415 devstack@n-api-meta.service[108730]: DEBUG oslo_concurrency.lockutils [None req-5094fd56-5390-47a3-be0c-08fdcf6e603b None None] Acquiring lock "00000000-0000-0000-0000-000000000000" by "nova.context.set_target_cell..get_or_set_cached_cell_and_set_connections" {{(pid=108730) inner /opt/stack/data/venv/lib/python3.12/site-packages/oslo_concurrency/lockutils.py:511}}
Jun 29 04:59:35.902340 np0000183415 devstack@n-api-meta.service[108730]: DEBUG oslo_concurrency.lockutils [None req-5094fd56-5390-47a3-be0c-08fdcf6e603b None None] Lock "00000000-0000-0000-0000-000000000000" acquired by "nova.context.set_target_cell..get_or_set_cached_cell_and_set_connections" :: waited 0.000s {{(pid=108730) inner /opt/stack/data/venv/lib/python3.12/site-packages/oslo_concurrency/lockutils.py:524}}
Jun 29 04:59:35.902696 np0000183415 devstack@n-api-meta.service[108730]: DEBUG oslo_concurrency.lockutils [None req-5094fd56-5390-47a3-be0c-08fdcf6e603b None None] Lock "00000000-0000-0000-0000-000000000000" "released" by "nova.context.set_target_cell..get_or_set_cached_cell_and_set_connections" :: held 0.000s {{(pid=108730) inner /opt/stack/data/venv/lib/python3.12/site-packages/oslo_concurrency/lockutils.py:543}}
Jun 29 04:59:35.903651 np0000183415 devstack@n-api-meta.service[108730]: DEBUG oslo_concurrency.lockutils [None req-5094fd56-5390-47a3-be0c-08fdcf6e603b None None] Acquiring lock "0c2e5132-831a-46bb-a623-20c3b6dcda04" by "nova.context.set_target_cell..get_or_set_cached_cell_and_set_connections" {{(pid=108730) inner /opt/stack/data/venv/lib/python3.12/site-packages/oslo_concurrency/lockutils.py:511}}
Jun 29 04:59:35.903792 np0000183415 devstack@n-api-meta.service[108730]: DEBUG oslo_concurrency.lockutils [None req-5094fd56-5390-47a3-be0c-08fdcf6e603b None None] Lock "0c2e5132-831a-46bb-a623-20c3b6dcda04" acquired by "nova.context.set_target_cell..get_or_set_cached_cell_and_set_connections" :: waited 0.000s {{(pid=108730) inner /opt/stack/data/venv/lib/python3.12/site-packages/oslo_concurrency/lockutils.py:524}}
Jun 29 04:59:35.904642 np0000183415 devstack@n-api-meta.service[108730]: DEBUG oslo_concurrency.lockutils [None req-5094fd56-5390-47a3-be0c-08fdcf6e603b None None] Lock "0c2e5132-831a-46bb-a623-20c3b6dcda04" "released" by "nova.context.set_target_cell..get_or_set_cached_cell_and_set_connections" :: held 0.001s {{(pid=108730) inner /opt/stack/data/venv/lib/python3.12/site-packages/oslo_concurrency/lockutils.py:543}}
Jun 29 04:59:35.909127 np0000183415 devstack@n-api-meta.service[108730]: INFO dbcounter [None req-5094fd56-5390-47a3-be0c-08fdcf6e603b None None] Registered counter for database nova_cell0
Jun 29 04:59:35.914774 np0000183415 devstack@n-api-meta.service[108730]: INFO dbcounter [None req-5094fd56-5390-47a3-be0c-08fdcf6e603b None None] Registered counter for database nova_cell1
Jun 29 04:59:35.917804 np0000183415 devstack@n-api-meta.service[108731]: DEBUG dbcounter [-] [108731] Writer thread running {{(pid=108731) stat_writer /opt/stack/data/venv/lib/python3.12/site-packages/dbcounter.py:102}}
Jun 29 04:59:35.919851 np0000183415 devstack@n-api-meta.service[108731]: DEBUG nova.context [None req-2bc94e3b-4536-4f1b-89b2-2741bf354736 None None] Found 2 cells: 00000000-0000-0000-0000-000000000000(cell0),0c2e5132-831a-46bb-a623-20c3b6dcda04(cell1) {{(pid=108731) load_cells /opt/stack/nova/nova/context.py:509}}
Jun 29 04:59:35.920058 np0000183415 devstack@n-api-meta.service[108731]: INFO nova.utils [None req-2bc94e3b-4536-4f1b-89b2-2741bf354736 None None] The cell worker thread pool MainProcess.cell_worker is initialized
Jun 29 04:59:35.921750 np0000183415 devstack@n-api-meta.service[108731]: DEBUG oslo_concurrency.lockutils [None req-2bc94e3b-4536-4f1b-89b2-2741bf354736 None None] Acquiring lock "00000000-0000-0000-0000-000000000000" by "nova.context.set_target_cell..get_or_set_cached_cell_and_set_connections" {{(pid=108731) inner /opt/stack/data/venv/lib/python3.12/site-packages/oslo_concurrency/lockutils.py:511}}
Jun 29 04:59:35.921928 np0000183415 devstack@n-api-meta.service[108731]: DEBUG oslo_concurrency.lockutils [None req-2bc94e3b-4536-4f1b-89b2-2741bf354736 None None] Lock "00000000-0000-0000-0000-000000000000" acquired by "nova.context.set_target_cell..get_or_set_cached_cell_and_set_connections" :: waited 0.000s {{(pid=108731) inner /opt/stack/data/venv/lib/python3.12/site-packages/oslo_concurrency/lockutils.py:524}}
Jun 29 04:59:35.922298 np0000183415 devstack@n-api-meta.service[108731]: DEBUG oslo_concurrency.lockutils [None req-2bc94e3b-4536-4f1b-89b2-2741bf354736 None None] Lock "00000000-0000-0000-0000-000000000000" "released" by "nova.context.set_target_cell..get_or_set_cached_cell_and_set_connections" :: held 0.000s {{(pid=108731) inner /opt/stack/data/venv/lib/python3.12/site-packages/oslo_concurrency/lockutils.py:543}}
Jun 29 04:59:35.923618 np0000183415 devstack@n-api-meta.service[108731]: DEBUG oslo_concurrency.lockutils [None req-2bc94e3b-4536-4f1b-89b2-2741bf354736 None None] Acquiring lock "0c2e5132-831a-46bb-a623-20c3b6dcda04" by "nova.context.set_target_cell..get_or_set_cached_cell_and_set_connections" {{(pid=108731) inner /opt/stack/data/venv/lib/python3.12/site-packages/oslo_concurrency/lockutils.py:511}}
Jun 29 04:59:35.923752 np0000183415 devstack@n-api-meta.service[108731]: DEBUG oslo_concurrency.lockutils [None req-2bc94e3b-4536-4f1b-89b2-2741bf354736 None None] Lock "0c2e5132-831a-46bb-a623-20c3b6dcda04" acquired by "nova.context.set_target_cell..get_or_set_cached_cell_and_set_connections" :: waited 0.000s {{(pid=108731) inner /opt/stack/data/venv/lib/python3.12/site-packages/oslo_concurrency/lockutils.py:524}}
Jun 29 04:59:35.924580 np0000183415 devstack@n-api-meta.service[108731]: DEBUG oslo_concurrency.lockutils [None req-2bc94e3b-4536-4f1b-89b2-2741bf354736 None None] Lock "0c2e5132-831a-46bb-a623-20c3b6dcda04" "released" by "nova.context.set_target_cell..get_or_set_cached_cell_and_set_connections" :: held 0.001s {{(pid=108731) inner /opt/stack/data/venv/lib/python3.12/site-packages/oslo_concurrency/lockutils.py:543}}
Jun 29 04:59:35.926531 np0000183415 devstack@n-api-meta.service[108731]: INFO dbcounter [None req-2bc94e3b-4536-4f1b-89b2-2741bf354736 None None] Registered counter for database nova_cell0
Jun 29 04:59:35.933171 np0000183415 devstack@n-api-meta.service[108731]: INFO dbcounter [None req-2bc94e3b-4536-4f1b-89b2-2741bf354736 None None] Registered counter for database nova_cell1
Jun 29 04:59:35.936823 np0000183415 devstack@n-api-meta.service[108732]: DEBUG oslo_db.sqlalchemy.engines [None req-b34c9fa4-6f3c-497f-8bec-b19b2c99a626 None None] MySQL server mode set to STRICT_TRANS_TABLES,STRICT_ALL_TABLES,NO_ZERO_IN_DATE,NO_ZERO_DATE,ERROR_FOR_DIVISION_BY_ZERO,TRADITIONAL,NO_ENGINE_SUBSTITUTION {{(pid=108732) _check_effective_sql_mode /opt/stack/data/venv/lib/python3.12/site-packages/oslo_db/sqlalchemy/engines.py:325}}
Jun 29 04:59:35.942652 np0000183415 devstack@n-api-meta.service[108732]: DEBUG oslo_db.sqlalchemy.engines [None req-b34c9fa4-6f3c-497f-8bec-b19b2c99a626 None None] MySQL server mode set to STRICT_TRANS_TABLES,STRICT_ALL_TABLES,NO_ZERO_IN_DATE,NO_ZERO_DATE,ERROR_FOR_DIVISION_BY_ZERO,TRADITIONAL,NO_ENGINE_SUBSTITUTION {{(pid=108732) _check_effective_sql_mode /opt/stack/data/venv/lib/python3.12/site-packages/oslo_db/sqlalchemy/engines.py:325}}
Jun 29 04:59:35.945300 np0000183415 devstack@n-api-meta.service[108729]: DEBUG oslo_db.sqlalchemy.engines [None req-27a8d362-6f29-4ea0-b0eb-9cff78f81e92 None None] MySQL server mode set to STRICT_TRANS_TABLES,STRICT_ALL_TABLES,NO_ZERO_IN_DATE,NO_ZERO_DATE,ERROR_FOR_DIVISION_BY_ZERO,TRADITIONAL,NO_ENGINE_SUBSTITUTION {{(pid=108729) _check_effective_sql_mode /opt/stack/data/venv/lib/python3.12/site-packages/oslo_db/sqlalchemy/engines.py:325}}
Jun 29 04:59:35.982306 np0000183415 devstack@n-api-meta.service[108729]: DEBUG dbcounter [-] [108729] Writer thread running {{(pid=108729) stat_writer /opt/stack/data/venv/lib/python3.12/site-packages/dbcounter.py:102}}
Jun 29 04:59:35.982431 np0000183415 devstack@n-api-meta.service[108730]: DEBUG oslo_db.sqlalchemy.engines [None req-5094fd56-5390-47a3-be0c-08fdcf6e603b None None] MySQL server mode set to STRICT_TRANS_TABLES,STRICT_ALL_TABLES,NO_ZERO_IN_DATE,NO_ZERO_DATE,ERROR_FOR_DIVISION_BY_ZERO,TRADITIONAL,NO_ENGINE_SUBSTITUTION {{(pid=108730) _check_effective_sql_mode /opt/stack/data/venv/lib/python3.12/site-packages/oslo_db/sqlalchemy/engines.py:325}}
Jun 29 04:59:35.984986 np0000183415 devstack@n-api-meta.service[108729]: DEBUG nova.context [None req-27a8d362-6f29-4ea0-b0eb-9cff78f81e92 None None] Found 2 cells: 00000000-0000-0000-0000-000000000000(cell0),0c2e5132-831a-46bb-a623-20c3b6dcda04(cell1) {{(pid=108729) load_cells /opt/stack/nova/nova/context.py:509}}
Jun 29 04:59:35.985235 np0000183415 devstack@n-api-meta.service[108729]: INFO nova.utils [None req-27a8d362-6f29-4ea0-b0eb-9cff78f81e92 None None] The cell worker thread pool MainProcess.cell_worker is initialized
Jun 29 04:59:35.985674 np0000183415 devstack@n-api-meta.service[108730]: DEBUG oslo_db.sqlalchemy.engines [None req-5094fd56-5390-47a3-be0c-08fdcf6e603b None None] MySQL server mode set to STRICT_TRANS_TABLES,STRICT_ALL_TABLES,NO_ZERO_IN_DATE,NO_ZERO_DATE,ERROR_FOR_DIVISION_BY_ZERO,TRADITIONAL,NO_ENGINE_SUBSTITUTION {{(pid=108730) _check_effective_sql_mode /opt/stack/data/venv/lib/python3.12/site-packages/oslo_db/sqlalchemy/engines.py:325}}
Jun 29 04:59:35.987234 np0000183415 devstack@n-api-meta.service[108729]: DEBUG oslo_concurrency.lockutils [None req-27a8d362-6f29-4ea0-b0eb-9cff78f81e92 None None] Acquiring lock "00000000-0000-0000-0000-000000000000" by "nova.context.set_target_cell..get_or_set_cached_cell_and_set_connections" {{(pid=108729) inner /opt/stack/data/venv/lib/python3.12/site-packages/oslo_concurrency/lockutils.py:511}}
Jun 29 04:59:35.987525 np0000183415 devstack@n-api-meta.service[108729]: DEBUG oslo_concurrency.lockutils [None req-27a8d362-6f29-4ea0-b0eb-9cff78f81e92 None None] Lock "00000000-0000-0000-0000-000000000000" acquired by "nova.context.set_target_cell..get_or_set_cached_cell_and_set_connections" :: waited 0.000s {{(pid=108729) inner /opt/stack/data/venv/lib/python3.12/site-packages/oslo_concurrency/lockutils.py:524}}
Jun 29 04:59:35.987903 np0000183415 devstack@n-api-meta.service[108729]: DEBUG oslo_concurrency.lockutils [None req-27a8d362-6f29-4ea0-b0eb-9cff78f81e92 None None] Lock "00000000-0000-0000-0000-000000000000" "released" by "nova.context.set_target_cell..get_or_set_cached_cell_and_set_connections" :: held 0.000s {{(pid=108729) inner /opt/stack/data/venv/lib/python3.12/site-packages/oslo_concurrency/lockutils.py:543}}
Jun 29 04:59:35.988613 np0000183415 devstack@n-api-meta.service[108729]: DEBUG oslo_concurrency.lockutils [None req-27a8d362-6f29-4ea0-b0eb-9cff78f81e92 None None] Acquiring lock "0c2e5132-831a-46bb-a623-20c3b6dcda04" by "nova.context.set_target_cell..get_or_set_cached_cell_and_set_connections" {{(pid=108729) inner /opt/stack/data/venv/lib/python3.12/site-packages/oslo_concurrency/lockutils.py:511}}
Jun 29 04:59:35.991329 np0000183415 devstack@n-api-meta.service[108729]: INFO dbcounter [None req-27a8d362-6f29-4ea0-b0eb-9cff78f81e92 None None] Registered counter for database nova_cell0
Jun 29 04:59:35.991914 np0000183415 devstack@n-api-meta.service[108729]: DEBUG oslo_concurrency.lockutils [None req-27a8d362-6f29-4ea0-b0eb-9cff78f81e92 None None] Lock "0c2e5132-831a-46bb-a623-20c3b6dcda04" acquired by "nova.context.set_target_cell..get_or_set_cached_cell_and_set_connections" :: waited 0.002s {{(pid=108729) inner /opt/stack/data/venv/lib/python3.12/site-packages/oslo_concurrency/lockutils.py:524}}
Jun 29 04:59:35.992380 np0000183415 devstack@n-api-meta.service[108731]: DEBUG oslo_db.sqlalchemy.engines [None req-2bc94e3b-4536-4f1b-89b2-2741bf354736 None None] MySQL server mode set to STRICT_TRANS_TABLES,STRICT_ALL_TABLES,NO_ZERO_IN_DATE,NO_ZERO_DATE,ERROR_FOR_DIVISION_BY_ZERO,TRADITIONAL,NO_ENGINE_SUBSTITUTION {{(pid=108731) _check_effective_sql_mode /opt/stack/data/venv/lib/python3.12/site-packages/oslo_db/sqlalchemy/engines.py:325}}
Jun 29 04:59:35.993700 np0000183415 devstack@n-api-meta.service[108729]: DEBUG oslo_concurrency.lockutils [None req-27a8d362-6f29-4ea0-b0eb-9cff78f81e92 None None] Lock "0c2e5132-831a-46bb-a623-20c3b6dcda04" "released" by "nova.context.set_target_cell..get_or_set_cached_cell_and_set_connections" :: held 0.003s {{(pid=108729) inner /opt/stack/data/venv/lib/python3.12/site-packages/oslo_concurrency/lockutils.py:543}}
Jun 29 04:59:35.997177 np0000183415 devstack@n-api-meta.service[108729]: INFO dbcounter [None req-27a8d362-6f29-4ea0-b0eb-9cff78f81e92 None None] Registered counter for database nova_cell1
Jun 29 04:59:36.045319 np0000183415 devstack@n-api-meta.service[108731]: DEBUG oslo_db.sqlalchemy.engines [None req-2bc94e3b-4536-4f1b-89b2-2741bf354736 None None] MySQL server mode set to STRICT_TRANS_TABLES,STRICT_ALL_TABLES,NO_ZERO_IN_DATE,NO_ZERO_DATE,ERROR_FOR_DIVISION_BY_ZERO,TRADITIONAL,NO_ENGINE_SUBSTITUTION {{(pid=108731) _check_effective_sql_mode /opt/stack/data/venv/lib/python3.12/site-packages/oslo_db/sqlalchemy/engines.py:325}}
Jun 29 04:59:36.045406 np0000183415 devstack@n-api-meta.service[108732]: DEBUG dbcounter [-] [108732] Writer thread running {{(pid=108732) stat_writer /opt/stack/data/venv/lib/python3.12/site-packages/dbcounter.py:102}}
Jun 29 04:59:36.049613 np0000183415 devstack@n-api-meta.service[108729]: DEBUG oslo_db.sqlalchemy.engines [None req-27a8d362-6f29-4ea0-b0eb-9cff78f81e92 None None] MySQL server mode set to STRICT_TRANS_TABLES,STRICT_ALL_TABLES,NO_ZERO_IN_DATE,NO_ZERO_DATE,ERROR_FOR_DIVISION_BY_ZERO,TRADITIONAL,NO_ENGINE_SUBSTITUTION {{(pid=108729) _check_effective_sql_mode /opt/stack/data/venv/lib/python3.12/site-packages/oslo_db/sqlalchemy/engines.py:325}}
Jun 29 04:59:36.051187 np0000183415 devstack@n-api-meta.service[108732]: DEBUG dbcounter [-] [108732] Writer thread running {{(pid=108732) stat_writer /opt/stack/data/venv/lib/python3.12/site-packages/dbcounter.py:102}}
Jun 29 04:59:36.055552 np0000183415 devstack@n-api-meta.service[108732]: INFO dbcounter [None req-b34c9fa4-6f3c-497f-8bec-b19b2c99a626 None None] Registered counter for database nova_cell0
Jun 29 04:59:36.078586 np0000183415 devstack@n-api-meta.service[108730]: DEBUG dbcounter [-] [108730] Writer thread running {{(pid=108730) stat_writer /opt/stack/data/venv/lib/python3.12/site-packages/dbcounter.py:102}}
Jun 29 04:59:36.081045 np0000183415 devstack@n-api-meta.service[108731]: DEBUG dbcounter [-] [108731] Writer thread running {{(pid=108731) stat_writer /opt/stack/data/venv/lib/python3.12/site-packages/dbcounter.py:102}}
Jun 29 04:59:36.086496 np0000183415 devstack@n-api-meta.service[108730]: DEBUG dbcounter [-] [108730] Writer thread running {{(pid=108730) stat_writer /opt/stack/data/venv/lib/python3.12/site-packages/dbcounter.py:102}}
Jun 29 04:59:36.092710 np0000183415 devstack@n-api-meta.service[108730]: INFO dbcounter [None req-5094fd56-5390-47a3-be0c-08fdcf6e603b None None] Registered counter for database nova_cell0
Jun 29 04:59:36.093990 np0000183415 devstack@n-api-meta.service[108731]: DEBUG dbcounter [-] [108731] Writer thread running {{(pid=108731) stat_writer /opt/stack/data/venv/lib/python3.12/site-packages/dbcounter.py:102}}
Jun 29 04:59:36.097239 np0000183415 devstack@n-api-meta.service[108732]: DEBUG oslo_db.sqlalchemy.engines [None req-b34c9fa4-6f3c-497f-8bec-b19b2c99a626 None None] MySQL server mode set to STRICT_TRANS_TABLES,STRICT_ALL_TABLES,NO_ZERO_IN_DATE,NO_ZERO_DATE,ERROR_FOR_DIVISION_BY_ZERO,TRADITIONAL,NO_ENGINE_SUBSTITUTION {{(pid=108732) _check_effective_sql_mode /opt/stack/data/venv/lib/python3.12/site-packages/oslo_db/sqlalchemy/engines.py:325}}
Jun 29 04:59:36.099365 np0000183415 devstack@n-api-meta.service[108731]: INFO dbcounter [None req-2bc94e3b-4536-4f1b-89b2-2741bf354736 None None] Registered counter for database nova_cell0
Jun 29 04:59:36.105112 np0000183415 devstack@n-api-meta.service[108732]: DEBUG dbcounter [-] [108732] Writer thread running {{(pid=108732) stat_writer /opt/stack/data/venv/lib/python3.12/site-packages/dbcounter.py:102}}
Jun 29 04:59:36.112058 np0000183415 devstack@n-api-meta.service[108729]: DEBUG oslo_db.sqlalchemy.engines [None req-27a8d362-6f29-4ea0-b0eb-9cff78f81e92 None None] MySQL server mode set to STRICT_TRANS_TABLES,STRICT_ALL_TABLES,NO_ZERO_IN_DATE,NO_ZERO_DATE,ERROR_FOR_DIVISION_BY_ZERO,TRADITIONAL,NO_ENGINE_SUBSTITUTION {{(pid=108729) _check_effective_sql_mode /opt/stack/data/venv/lib/python3.12/site-packages/oslo_db/sqlalchemy/engines.py:325}}
Jun 29 04:59:36.133117 np0000183415 devstack@n-api-meta.service[108730]: DEBUG oslo_db.sqlalchemy.engines [None req-5094fd56-5390-47a3-be0c-08fdcf6e603b None None] MySQL server mode set to STRICT_TRANS_TABLES,STRICT_ALL_TABLES,NO_ZERO_IN_DATE,NO_ZERO_DATE,ERROR_FOR_DIVISION_BY_ZERO,TRADITIONAL,NO_ENGINE_SUBSTITUTION {{(pid=108730) _check_effective_sql_mode /opt/stack/data/venv/lib/python3.12/site-packages/oslo_db/sqlalchemy/engines.py:325}}
Jun 29 04:59:36.141022 np0000183415 devstack@n-api-meta.service[108731]: DEBUG oslo_db.sqlalchemy.engines [None req-2bc94e3b-4536-4f1b-89b2-2741bf354736 None None] MySQL server mode set to STRICT_TRANS_TABLES,STRICT_ALL_TABLES,NO_ZERO_IN_DATE,NO_ZERO_DATE,ERROR_FOR_DIVISION_BY_ZERO,TRADITIONAL,NO_ENGINE_SUBSTITUTION {{(pid=108731) _check_effective_sql_mode /opt/stack/data/venv/lib/python3.12/site-packages/oslo_db/sqlalchemy/engines.py:325}}
Jun 29 04:59:36.141122 np0000183415 devstack@n-api-meta.service[108730]: DEBUG dbcounter [-] [108730] Writer thread running {{(pid=108730) stat_writer /opt/stack/data/venv/lib/python3.12/site-packages/dbcounter.py:102}}
Jun 29 04:59:36.149403 np0000183415 devstack@n-api-meta.service[108731]: DEBUG dbcounter [-] [108731] Writer thread running {{(pid=108731) stat_writer /opt/stack/data/venv/lib/python3.12/site-packages/dbcounter.py:102}}
Jun 29 04:59:36.149731 np0000183415 devstack@n-api-meta.service[108732]: WARNING nova.api.metadata.handler [None req-b34c9fa4-6f3c-497f-8bec-b19b2c99a626 None None] metadata_proxy_shared_secret is not configured, the metadata information returned by the proxy cannot be trusted
Jun 29 04:59:36.152122 np0000183415 devstack@n-api-meta.service[108732]: DEBUG nova.api.openstack.wsgi_app [None req-b34c9fa4-6f3c-497f-8bec-b19b2c99a626 None None] ******************************************************************************** {{(pid=108732) log_opt_values /opt/stack/data/venv/lib/python3.12/site-packages/oslo_config/cfg.py:3226}}
Jun 29 04:59:36.152242 np0000183415 devstack@n-api-meta.service[108732]: DEBUG nova.api.openstack.wsgi_app [None req-b34c9fa4-6f3c-497f-8bec-b19b2c99a626 None None] Configuration options gathered from: {{(pid=108732) log_opt_values /opt/stack/data/venv/lib/python3.12/site-packages/oslo_config/cfg.py:3227}}
Jun 29 04:59:36.152392 np0000183415 devstack@n-api-meta.service[108732]: DEBUG nova.api.openstack.wsgi_app [None req-b34c9fa4-6f3c-497f-8bec-b19b2c99a626 None None] command line args: [] {{(pid=108732) log_opt_values /opt/stack/data/venv/lib/python3.12/site-packages/oslo_config/cfg.py:3228}}
Jun 29 04:59:36.152536 np0000183415 devstack@n-api-meta.service[108732]: DEBUG nova.api.openstack.wsgi_app [None req-b34c9fa4-6f3c-497f-8bec-b19b2c99a626 None None] config files: ['/etc/nova/api-paste.ini', '/etc/nova/nova.conf'] {{(pid=108732) log_opt_values /opt/stack/data/venv/lib/python3.12/site-packages/oslo_config/cfg.py:3229}}
Jun 29 04:59:36.152628 np0000183415 devstack@n-api-meta.service[108732]: DEBUG nova.api.openstack.wsgi_app [None req-b34c9fa4-6f3c-497f-8bec-b19b2c99a626 None None] ================================================================================ {{(pid=108732) log_opt_values /opt/stack/data/venv/lib/python3.12/site-packages/oslo_config/cfg.py:3234}}
Jun 29 04:59:36.152818 np0000183415 devstack@n-api-meta.service[108732]: DEBUG nova.api.openstack.wsgi_app [None req-b34c9fa4-6f3c-497f-8bec-b19b2c99a626 None None] allow_resize_to_same_host = True {{(pid=108732) log_opt_values /opt/stack/data/venv/lib/python3.12/site-packages/oslo_config/cfg.py:3242}}
Jun 29 04:59:36.152950 np0000183415 devstack@n-api-meta.service[108732]: DEBUG nova.api.openstack.wsgi_app [None req-b34c9fa4-6f3c-497f-8bec-b19b2c99a626 None None] arq_binding_timeout = 300 {{(pid=108732) log_opt_values /opt/stack/data/venv/lib/python3.12/site-packages/oslo_config/cfg.py:3242}}
Jun 29 04:59:36.153081 np0000183415 devstack@n-api-meta.service[108732]: DEBUG nova.api.openstack.wsgi_app [None req-b34c9fa4-6f3c-497f-8bec-b19b2c99a626 None None] block_device_allocate_retries = 60 {{(pid=108732) log_opt_values /opt/stack/data/venv/lib/python3.12/site-packages/oslo_config/cfg.py:3242}}
Jun 29 04:59:36.153210 np0000183415 devstack@n-api-meta.service[108732]: DEBUG nova.api.openstack.wsgi_app [None req-b34c9fa4-6f3c-497f-8bec-b19b2c99a626 None None] block_device_allocate_retries_interval = 3 {{(pid=108732) log_opt_values /opt/stack/data/venv/lib/python3.12/site-packages/oslo_config/cfg.py:3242}}
Jun 29 04:59:36.153424 np0000183415 devstack@n-api-meta.service[108732]: DEBUG nova.api.openstack.wsgi_app [None req-b34c9fa4-6f3c-497f-8bec-b19b2c99a626 None None] cell_worker_thread_pool_size = 5 {{(pid=108732) log_opt_values /opt/stack/data/venv/lib/python3.12/site-packages/oslo_config/cfg.py:3242}}
Jun 29 04:59:36.153590 np0000183415 devstack@n-api-meta.service[108732]: DEBUG nova.api.openstack.wsgi_app [None req-b34c9fa4-6f3c-497f-8bec-b19b2c99a626 None None] cert = self.pem {{(pid=108732) log_opt_values /opt/stack/data/venv/lib/python3.12/site-packages/oslo_config/cfg.py:3242}}
Jun 29 04:59:36.153768 np0000183415 devstack@n-api-meta.service[108732]: DEBUG nova.api.openstack.wsgi_app [None req-b34c9fa4-6f3c-497f-8bec-b19b2c99a626 None None] compute_driver = libvirt.LibvirtDriver {{(pid=108732) log_opt_values /opt/stack/data/venv/lib/python3.12/site-packages/oslo_config/cfg.py:3242}}
Jun 29 04:59:36.153906 np0000183415 devstack@n-api-meta.service[108732]: DEBUG nova.api.openstack.wsgi_app [None req-b34c9fa4-6f3c-497f-8bec-b19b2c99a626 None None] compute_monitors = [] {{(pid=108732) log_opt_values /opt/stack/data/venv/lib/python3.12/site-packages/oslo_config/cfg.py:3242}}
Jun 29 04:59:36.154040 np0000183415 devstack@n-api-meta.service[108732]: DEBUG nova.api.openstack.wsgi_app [None req-b34c9fa4-6f3c-497f-8bec-b19b2c99a626 None None] config_dir = [] {{(pid=108732) log_opt_values /opt/stack/data/venv/lib/python3.12/site-packages/oslo_config/cfg.py:3242}}
Jun 29 04:59:36.154180 np0000183415 devstack@n-api-meta.service[108732]: DEBUG nova.api.openstack.wsgi_app [None req-b34c9fa4-6f3c-497f-8bec-b19b2c99a626 None None] config_drive_format = iso9660 {{(pid=108732) log_opt_values /opt/stack/data/venv/lib/python3.12/site-packages/oslo_config/cfg.py:3242}}
Jun 29 04:59:36.154257 np0000183415 devstack@n-api-meta.service[108729]: DEBUG dbcounter [-] [108729] Writer thread running {{(pid=108729) stat_writer /opt/stack/data/venv/lib/python3.12/site-packages/dbcounter.py:102}}
Jun 29 04:59:36.154357 np0000183415 devstack@n-api-meta.service[108732]: DEBUG nova.api.openstack.wsgi_app [None req-b34c9fa4-6f3c-497f-8bec-b19b2c99a626 None None] config_file = ['/etc/nova/api-paste.ini', '/etc/nova/nova.conf'] {{(pid=108732) log_opt_values /opt/stack/data/venv/lib/python3.12/site-packages/oslo_config/cfg.py:3242}}
Jun 29 04:59:36.154505 np0000183415 devstack@n-api-meta.service[108732]: DEBUG nova.api.openstack.wsgi_app [None req-b34c9fa4-6f3c-497f-8bec-b19b2c99a626 None None] config_source = [] {{(pid=108732) log_opt_values /opt/stack/data/venv/lib/python3.12/site-packages/oslo_config/cfg.py:3242}}
Jun 29 04:59:36.155686 np0000183415 devstack@n-api-meta.service[108732]: DEBUG nova.api.openstack.wsgi_app [None req-b34c9fa4-6f3c-497f-8bec-b19b2c99a626 None None] console_host = np0000183415 {{(pid=108732) log_opt_values /opt/stack/data/venv/lib/python3.12/site-packages/oslo_config/cfg.py:3242}}
Jun 29 04:59:36.155686 np0000183415 devstack@n-api-meta.service[108732]: DEBUG nova.api.openstack.wsgi_app [None req-b34c9fa4-6f3c-497f-8bec-b19b2c99a626 None None] control_exchange = nova {{(pid=108732) log_opt_values /opt/stack/data/venv/lib/python3.12/site-packages/oslo_config/cfg.py:3242}}
Jun 29 04:59:36.155686 np0000183415 devstack@n-api-meta.service[108732]: DEBUG nova.api.openstack.wsgi_app [None req-b34c9fa4-6f3c-497f-8bec-b19b2c99a626 None None] cpu_allocation_ratio = None {{(pid=108732) log_opt_values /opt/stack/data/venv/lib/python3.12/site-packages/oslo_config/cfg.py:3242}}
Jun 29 04:59:36.155686 np0000183415 devstack@n-api-meta.service[108732]: DEBUG nova.api.openstack.wsgi_app [None req-b34c9fa4-6f3c-497f-8bec-b19b2c99a626 None None] daemon = False {{(pid=108732) log_opt_values /opt/stack/data/venv/lib/python3.12/site-packages/oslo_config/cfg.py:3242}}
Jun 29 04:59:36.155686 np0000183415 devstack@n-api-meta.service[108732]: DEBUG nova.api.openstack.wsgi_app [None req-b34c9fa4-6f3c-497f-8bec-b19b2c99a626 None None] debug = True {{(pid=108732) log_opt_values /opt/stack/data/venv/lib/python3.12/site-packages/oslo_config/cfg.py:3242}}
Jun 29 04:59:36.155686 np0000183415 devstack@n-api-meta.service[108732]: DEBUG nova.api.openstack.wsgi_app [None req-b34c9fa4-6f3c-497f-8bec-b19b2c99a626 None None] default_access_ip_network_name = None {{(pid=108732) log_opt_values /opt/stack/data/venv/lib/python3.12/site-packages/oslo_config/cfg.py:3242}}
Jun 29 04:59:36.155686 np0000183415 devstack@n-api-meta.service[108732]: DEBUG nova.api.openstack.wsgi_app [None req-b34c9fa4-6f3c-497f-8bec-b19b2c99a626 None None] default_availability_zone = nova {{(pid=108732) log_opt_values /opt/stack/data/venv/lib/python3.12/site-packages/oslo_config/cfg.py:3242}}
Jun 29 04:59:36.156111 np0000183415 devstack@n-api-meta.service[108732]: DEBUG nova.api.openstack.wsgi_app [None req-b34c9fa4-6f3c-497f-8bec-b19b2c99a626 None None] default_ephemeral_format = ext4 {{(pid=108732) log_opt_values /opt/stack/data/venv/lib/python3.12/site-packages/oslo_config/cfg.py:3242}}
Jun 29 04:59:36.156111 np0000183415 devstack@n-api-meta.service[108732]: DEBUG nova.api.openstack.wsgi_app [None req-b34c9fa4-6f3c-497f-8bec-b19b2c99a626 None None] default_green_pool_size = 1000 {{(pid=108732) log_opt_values /opt/stack/data/venv/lib/python3.12/site-packages/oslo_config/cfg.py:3242}}
Jun 29 04:59:36.156111 np0000183415 devstack@n-api-meta.service[108732]: DEBUG nova.api.openstack.wsgi_app [None req-b34c9fa4-6f3c-497f-8bec-b19b2c99a626 None None] default_log_levels = ['amqp=WARN', 'boto=WARN', 'sqlalchemy=WARN', 'suds=INFO', 'oslo.messaging=INFO', 'oslo_messaging=INFO', 'iso8601=WARN', 'requests.packages.urllib3.connectionpool=WARN', 'urllib3.connectionpool=WARN', 'websocket=WARN', 'requests.packages.urllib3.util.retry=WARN', 'urllib3.util.retry=WARN', 'keystonemiddleware=WARN', 'routes.middleware=WARN', 'stevedore=WARN', 'taskflow=WARN', 'keystoneauth=WARN', 'oslo.cache=INFO', 'oslo_policy=INFO', 'dogpile.core.dogpile=INFO', 'glanceclient=WARN', 'oslo.privsep.daemon=INFO'] {{(pid=108732) log_opt_values /opt/stack/data/venv/lib/python3.12/site-packages/oslo_config/cfg.py:3242}}
Jun 29 04:59:36.156411 np0000183415 devstack@n-api-meta.service[108732]: DEBUG nova.api.openstack.wsgi_app [None req-b34c9fa4-6f3c-497f-8bec-b19b2c99a626 None None] default_schedule_zone = None {{(pid=108732) log_opt_values /opt/stack/data/venv/lib/python3.12/site-packages/oslo_config/cfg.py:3242}}
Jun 29 04:59:36.156411 np0000183415 devstack@n-api-meta.service[108732]: DEBUG nova.api.openstack.wsgi_app [None req-b34c9fa4-6f3c-497f-8bec-b19b2c99a626 None None] default_thread_pool_size = 10 {{(pid=108732) log_opt_values /opt/stack/data/venv/lib/python3.12/site-packages/oslo_config/cfg.py:3242}}
Jun 29 04:59:36.156530 np0000183415 devstack@n-api-meta.service[108732]: DEBUG nova.api.openstack.wsgi_app [None req-b34c9fa4-6f3c-497f-8bec-b19b2c99a626 None None] disk_allocation_ratio = None {{(pid=108732) log_opt_values /opt/stack/data/venv/lib/python3.12/site-packages/oslo_config/cfg.py:3242}}
Jun 29 04:59:36.156677 np0000183415 devstack@n-api-meta.service[108732]: DEBUG nova.api.openstack.wsgi_app [None req-b34c9fa4-6f3c-497f-8bec-b19b2c99a626 None None] enable_new_services = True {{(pid=108732) log_opt_values /opt/stack/data/venv/lib/python3.12/site-packages/oslo_config/cfg.py:3242}}
Jun 29 04:59:36.156801 np0000183415 devstack@n-api-meta.service[108732]: DEBUG nova.api.openstack.wsgi_app [None req-b34c9fa4-6f3c-497f-8bec-b19b2c99a626 None None] flat_injected = False {{(pid=108732) log_opt_values /opt/stack/data/venv/lib/python3.12/site-packages/oslo_config/cfg.py:3242}}
Jun 29 04:59:36.156930 np0000183415 devstack@n-api-meta.service[108732]: DEBUG nova.api.openstack.wsgi_app [None req-b34c9fa4-6f3c-497f-8bec-b19b2c99a626 None None] force_config_drive = False {{(pid=108732) log_opt_values /opt/stack/data/venv/lib/python3.12/site-packages/oslo_config/cfg.py:3242}}
Jun 29 04:59:36.157076 np0000183415 devstack@n-api-meta.service[108732]: DEBUG nova.api.openstack.wsgi_app [None req-b34c9fa4-6f3c-497f-8bec-b19b2c99a626 None None] force_raw_images = True {{(pid=108732) log_opt_values /opt/stack/data/venv/lib/python3.12/site-packages/oslo_config/cfg.py:3242}}
Jun 29 04:59:36.157175 np0000183415 devstack@n-api-meta.service[108732]: DEBUG nova.api.openstack.wsgi_app [None req-b34c9fa4-6f3c-497f-8bec-b19b2c99a626 None None] graceful_shutdown_timeout = 5 {{(pid=108732) log_opt_values /opt/stack/data/venv/lib/python3.12/site-packages/oslo_config/cfg.py:3242}}
Jun 29 04:59:36.157333 np0000183415 devstack@n-api-meta.service[108732]: DEBUG nova.api.openstack.wsgi_app [None req-b34c9fa4-6f3c-497f-8bec-b19b2c99a626 None None] heal_instance_info_cache_interval = -1 {{(pid=108732) log_opt_values /opt/stack/data/venv/lib/python3.12/site-packages/oslo_config/cfg.py:3242}}
Jun 29 04:59:36.157556 np0000183415 devstack@n-api-meta.service[108732]: DEBUG nova.api.openstack.wsgi_app [None req-b34c9fa4-6f3c-497f-8bec-b19b2c99a626 None None] host = np0000183415 {{(pid=108732) log_opt_values /opt/stack/data/venv/lib/python3.12/site-packages/oslo_config/cfg.py:3242}}
Jun 29 04:59:36.157753 np0000183415 devstack@n-api-meta.service[108732]: DEBUG nova.api.openstack.wsgi_app [None req-b34c9fa4-6f3c-497f-8bec-b19b2c99a626 None None] initial_cpu_allocation_ratio = 4.0 {{(pid=108732) log_opt_values /opt/stack/data/venv/lib/python3.12/site-packages/oslo_config/cfg.py:3242}}
Jun 29 04:59:36.157981 np0000183415 devstack@n-api-meta.service[108732]: DEBUG nova.api.openstack.wsgi_app [None req-b34c9fa4-6f3c-497f-8bec-b19b2c99a626 None None] initial_disk_allocation_ratio = 1.0 {{(pid=108732) log_opt_values /opt/stack/data/venv/lib/python3.12/site-packages/oslo_config/cfg.py:3242}}
Jun 29 04:59:36.158173 np0000183415 devstack@n-api-meta.service[108732]: DEBUG nova.api.openstack.wsgi_app [None req-b34c9fa4-6f3c-497f-8bec-b19b2c99a626 None None] initial_ram_allocation_ratio = 1.0 {{(pid=108732) log_opt_values /opt/stack/data/venv/lib/python3.12/site-packages/oslo_config/cfg.py:3242}}
Jun 29 04:59:36.158463 np0000183415 devstack@n-api-meta.service[108732]: DEBUG nova.api.openstack.wsgi_app [None req-b34c9fa4-6f3c-497f-8bec-b19b2c99a626 None None] injected_network_template = /opt/stack/nova/nova/virt/interfaces.template {{(pid=108732) log_opt_values /opt/stack/data/venv/lib/python3.12/site-packages/oslo_config/cfg.py:3242}}
Jun 29 04:59:36.158653 np0000183415 devstack@n-api-meta.service[108732]: DEBUG nova.api.openstack.wsgi_app [None req-b34c9fa4-6f3c-497f-8bec-b19b2c99a626 None None] instance_build_timeout = 0 {{(pid=108732) log_opt_values /opt/stack/data/venv/lib/python3.12/site-packages/oslo_config/cfg.py:3242}}
Jun 29 04:59:36.158887 np0000183415 devstack@n-api-meta.service[108732]: DEBUG nova.api.openstack.wsgi_app [None req-b34c9fa4-6f3c-497f-8bec-b19b2c99a626 None None] instance_delete_interval = 300 {{(pid=108732) log_opt_values /opt/stack/data/venv/lib/python3.12/site-packages/oslo_config/cfg.py:3242}}
Jun 29 04:59:36.159084 np0000183415 devstack@n-api-meta.service[108732]: DEBUG nova.api.openstack.wsgi_app [None req-b34c9fa4-6f3c-497f-8bec-b19b2c99a626 None None] instance_format = [instance: %(uuid)s] {{(pid=108732) log_opt_values /opt/stack/data/venv/lib/python3.12/site-packages/oslo_config/cfg.py:3242}}
Jun 29 04:59:36.159270 np0000183415 devstack@n-api-meta.service[108732]: DEBUG nova.api.openstack.wsgi_app [None req-b34c9fa4-6f3c-497f-8bec-b19b2c99a626 None None] instance_name_template = instance-%08x {{(pid=108732) log_opt_values /opt/stack/data/venv/lib/python3.12/site-packages/oslo_config/cfg.py:3242}}
Jun 29 04:59:36.159484 np0000183415 devstack@n-api-meta.service[108732]: DEBUG nova.api.openstack.wsgi_app [None req-b34c9fa4-6f3c-497f-8bec-b19b2c99a626 None None] instance_usage_audit = False {{(pid=108732) log_opt_values /opt/stack/data/venv/lib/python3.12/site-packages/oslo_config/cfg.py:3242}}
Jun 29 04:59:36.159679 np0000183415 devstack@n-api-meta.service[108732]: DEBUG nova.api.openstack.wsgi_app [None req-b34c9fa4-6f3c-497f-8bec-b19b2c99a626 None None] instance_usage_audit_period = month {{(pid=108732) log_opt_values /opt/stack/data/venv/lib/python3.12/site-packages/oslo_config/cfg.py:3242}}
Jun 29 04:59:36.159852 np0000183415 devstack@n-api-meta.service[108732]: DEBUG nova.api.openstack.wsgi_app [None req-b34c9fa4-6f3c-497f-8bec-b19b2c99a626 None None] instance_uuid_format = [instance: %(uuid)s] {{(pid=108732) log_opt_values /opt/stack/data/venv/lib/python3.12/site-packages/oslo_config/cfg.py:3242}}
Jun 29 04:59:36.160030 np0000183415 devstack@n-api-meta.service[108732]: DEBUG nova.api.openstack.wsgi_app [None req-b34c9fa4-6f3c-497f-8bec-b19b2c99a626 None None] instances_path = /opt/stack/data/nova/instances {{(pid=108732) log_opt_values /opt/stack/data/venv/lib/python3.12/site-packages/oslo_config/cfg.py:3242}}
Jun 29 04:59:36.160212 np0000183415 devstack@n-api-meta.service[108732]: DEBUG nova.api.openstack.wsgi_app [None req-b34c9fa4-6f3c-497f-8bec-b19b2c99a626 None None] internal_service_availability_zone = internal {{(pid=108732) log_opt_values /opt/stack/data/venv/lib/python3.12/site-packages/oslo_config/cfg.py:3242}}
Jun 29 04:59:36.160414 np0000183415 devstack@n-api-meta.service[108732]: DEBUG nova.api.openstack.wsgi_app [None req-b34c9fa4-6f3c-497f-8bec-b19b2c99a626 None None] key = None {{(pid=108732) log_opt_values /opt/stack/data/venv/lib/python3.12/site-packages/oslo_config/cfg.py:3242}}
Jun 29 04:59:36.160600 np0000183415 devstack@n-api-meta.service[108732]: DEBUG nova.api.openstack.wsgi_app [None req-b34c9fa4-6f3c-497f-8bec-b19b2c99a626 None None] live_migration_retry_count = 30 {{(pid=108732) log_opt_values /opt/stack/data/venv/lib/python3.12/site-packages/oslo_config/cfg.py:3242}}
Jun 29 04:59:36.160791 np0000183415 devstack@n-api-meta.service[108732]: DEBUG nova.api.openstack.wsgi_app [None req-b34c9fa4-6f3c-497f-8bec-b19b2c99a626 None None] log_color = False {{(pid=108732) log_opt_values /opt/stack/data/venv/lib/python3.12/site-packages/oslo_config/cfg.py:3242}}
Jun 29 04:59:36.160991 np0000183415 devstack@n-api-meta.service[108732]: DEBUG nova.api.openstack.wsgi_app [None req-b34c9fa4-6f3c-497f-8bec-b19b2c99a626 None None] log_config_append = None {{(pid=108732) log_opt_values /opt/stack/data/venv/lib/python3.12/site-packages/oslo_config/cfg.py:3242}}
Jun 29 04:59:36.161198 np0000183415 devstack@n-api-meta.service[108732]: DEBUG nova.api.openstack.wsgi_app [None req-b34c9fa4-6f3c-497f-8bec-b19b2c99a626 None None] log_date_format = %Y-%m-%d %H:%M:%S {{(pid=108732) log_opt_values /opt/stack/data/venv/lib/python3.12/site-packages/oslo_config/cfg.py:3242}}
Jun 29 04:59:36.161403 np0000183415 devstack@n-api-meta.service[108732]: DEBUG nova.api.openstack.wsgi_app [None req-b34c9fa4-6f3c-497f-8bec-b19b2c99a626 None None] log_dir = None {{(pid=108732) log_opt_values /opt/stack/data/venv/lib/python3.12/site-packages/oslo_config/cfg.py:3242}}
Jun 29 04:59:36.161583 np0000183415 devstack@n-api-meta.service[108732]: DEBUG nova.api.openstack.wsgi_app [None req-b34c9fa4-6f3c-497f-8bec-b19b2c99a626 None None] log_file = None {{(pid=108732) log_opt_values /opt/stack/data/venv/lib/python3.12/site-packages/oslo_config/cfg.py:3242}}
Jun 29 04:59:36.161731 np0000183415 devstack@n-api-meta.service[108732]: DEBUG nova.api.openstack.wsgi_app [None req-b34c9fa4-6f3c-497f-8bec-b19b2c99a626 None None] log_options = True {{(pid=108732) log_opt_values /opt/stack/data/venv/lib/python3.12/site-packages/oslo_config/cfg.py:3242}}
Jun 29 04:59:36.161918 np0000183415 devstack@n-api-meta.service[108732]: DEBUG nova.api.openstack.wsgi_app [None req-b34c9fa4-6f3c-497f-8bec-b19b2c99a626 None None] log_rotate_interval = 1 {{(pid=108732) log_opt_values /opt/stack/data/venv/lib/python3.12/site-packages/oslo_config/cfg.py:3242}}
Jun 29 04:59:36.162116 np0000183415 devstack@n-api-meta.service[108732]: DEBUG nova.api.openstack.wsgi_app [None req-b34c9fa4-6f3c-497f-8bec-b19b2c99a626 None None] log_rotate_interval_type = days {{(pid=108732) log_opt_values /opt/stack/data/venv/lib/python3.12/site-packages/oslo_config/cfg.py:3242}}
Jun 29 04:59:36.162335 np0000183415 devstack@n-api-meta.service[108732]: DEBUG nova.api.openstack.wsgi_app [None req-b34c9fa4-6f3c-497f-8bec-b19b2c99a626 None None] log_rotation_type = none {{(pid=108732) log_opt_values /opt/stack/data/venv/lib/python3.12/site-packages/oslo_config/cfg.py:3242}}
Jun 29 04:59:36.162494 np0000183415 devstack@n-api-meta.service[108732]: DEBUG nova.api.openstack.wsgi_app [None req-b34c9fa4-6f3c-497f-8bec-b19b2c99a626 None None] logging_context_format_string = %(color)s%(levelname)s %(name)s [%(global_request_id)s %(request_id)s %(project_name)s %(user_name)s%(color)s] %(instance)s%(color)s%(message)s {{(pid=108732) log_opt_values /opt/stack/data/venv/lib/python3.12/site-packages/oslo_config/cfg.py:3242}}
Jun 29 04:59:36.162650 np0000183415 devstack@n-api-meta.service[108732]: DEBUG nova.api.openstack.wsgi_app [None req-b34c9fa4-6f3c-497f-8bec-b19b2c99a626 None None] logging_debug_format_suffix = {{(pid=%(process)d) %(funcName)s %(pathname)s:%(lineno)d}} {{(pid=108732) log_opt_values /opt/stack/data/venv/lib/python3.12/site-packages/oslo_config/cfg.py:3242}}
Jun 29 04:59:36.162877 np0000183415 devstack@n-api-meta.service[108732]: DEBUG nova.api.openstack.wsgi_app [None req-b34c9fa4-6f3c-497f-8bec-b19b2c99a626 None None] logging_default_format_string = %(color)s%(levelname)s %(name)s [-%(color)s] %(instance)s%(color)s%(message)s {{(pid=108732) log_opt_values /opt/stack/data/venv/lib/python3.12/site-packages/oslo_config/cfg.py:3242}}
Jun 29 04:59:36.163075 np0000183415 devstack@n-api-meta.service[108732]: DEBUG nova.api.openstack.wsgi_app [None req-b34c9fa4-6f3c-497f-8bec-b19b2c99a626 None None] logging_exception_prefix = ERROR %(name)s %(instance)s {{(pid=108732) log_opt_values /opt/stack/data/venv/lib/python3.12/site-packages/oslo_config/cfg.py:3242}}
