2026-02-25 23:15:51.752 7 INFO placement.requestlog [None req-2baefc0c-bc48-4404-bfc3-f73aede000a9 e598552658774a25a04c1bf2c5fe7440 4c7bfd7d4076419d9d5702e7131547c0 - - 555171c0fd4f4f0786cb1a897db36429 555171c0fd4f4f0786cb1a897db36429] 10.0.0.198 "DELETE /resource_providers/9975ae37-ce2b-4056-8743-837cdbe4e53f" status: 404 len: 246 microversion: 1.1 [pid: 7|app: 0|req: 470/923] 10.0.0.198 () {34 vars in 816 bytes} [Wed Feb 25 23:15:51 2026] DELETE /resource_providers/9975ae37-ce2b-4056-8743-837cdbe4e53f => generated 246 bytes in 17 msecs (HTTP/1.1 404) 6 headers in 231 bytes (1 switches on core 0)
2026-02-25 23:15:53.764 8 INFO placement.requestlog [None req-c0faba15-b75e-43e6-9e53-0e83b63a853b e598552658774a25a04c1bf2c5fe7440 4c7bfd7d4076419d9d5702e7131547c0 - - 555171c0fd4f4f0786cb1a897db36429 555171c0fd4f4f0786cb1a897db36429] 10.0.0.198 "GET /resource_providers/7af02ecb-33c8-4c68-b0c3-5e953a94d14c/aggregates" status: 404 len: 235 microversion: 1.1 [pid: 8|app: 0|req: 454/924] 10.0.0.198 () {32 vars in 816 bytes} [Wed Feb 25 23:15:53 2026] GET /resource_providers/7af02ecb-33c8-4c68-b0c3-5e953a94d14c/aggregates => generated 235 bytes in 11 msecs (HTTP/1.1 404) 5 headers in 202 bytes (1 switches on core 0)
2026-02-25 23:15:53.785 7 INFO placement.requestlog [None req-bb713d7a-9365-4bea-acfb-712d779bfd53 e598552658774a25a04c1bf2c5fe7440 4c7bfd7d4076419d9d5702e7131547c0 - - 555171c0fd4f4f0786cb1a897db36429 555171c0fd4f4f0786cb1a897db36429] 10.0.0.198 "GET /resource_providers/7af02ecb-33c8-4c68-b0c3-5e953a94d14c/aggregates" status: 404 len: 235 microversion: 1.1 [pid: 7|app: 0|req: 471/925] 10.0.0.198 () {32 vars in 816 bytes} [Wed Feb 25 23:15:53 2026] GET /resource_providers/7af02ecb-33c8-4c68-b0c3-5e953a94d14c/aggregates => generated 235 bytes in 16 msecs (HTTP/1.1 404) 5 headers in 202 bytes (1 switches on core 0)
2026-02-25 23:15:53.789 8 INFO placement.requestlog [None req-5b7a551c-5403-4afa-93c0-12774bb5bdfd e598552658774a25a04c1bf2c5fe7440 4c7bfd7d4076419d9d5702e7131547c0 - - 555171c0fd4f4f0786cb1a897db36429 555171c0fd4f4f0786cb1a897db36429] 10.0.0.198 "DELETE /resource_providers/7af02ecb-33c8-4c68-b0c3-5e953a94d14c" status: 404 len: 246 microversion: 1.1 [pid: 8|app: 0|req: 455/926] 10.0.0.198 () {34 vars in 816 bytes} [Wed Feb 25 23:15:53 2026] DELETE /resource_providers/7af02ecb-33c8-4c68-b0c3-5e953a94d14c => generated 246 bytes in 9 msecs (HTTP/1.1 404) 6 headers in 231 bytes (1 switches on core 0)
2026-02-25 23:15:53.823 7 INFO placement.requestlog [None req-62fa6b1c-1164-42f0-9ee7-8120c9725c1b e598552658774a25a04c1bf2c5fe7440 4c7bfd7d4076419d9d5702e7131547c0 - - 555171c0fd4f4f0786cb1a897db36429 555171c0fd4f4f0786cb1a897db36429] 10.0.0.198 "DELETE /resource_providers/7af02ecb-33c8-4c68-b0c3-5e953a94d14c" status: 404 len: 246 microversion: 1.1 [pid: 7|app: 0|req: 472/927] 10.0.0.198 () {34 vars in 816 bytes} [Wed Feb 25 23:15:53 2026] DELETE /resource_providers/7af02ecb-33c8-4c68-b0c3-5e953a94d14c => generated 246 bytes in 18 msecs (HTTP/1.1 404) 6 headers in 231 bytes (1 switches on core 0)
2026-02-25 23:15:53.993 8 INFO placement.requestlog [req-4606915e-0562-4348-a29e-67abd28dc18d req-02877837-c164-4444-aadb-a29c11dd564e 8af9657029da46b2b2b50e8109af8ffb 4c7bfd7d4076419d9d5702e7131547c0 - - 555171c0fd4f4f0786cb1a897db36429 555171c0fd4f4f0786cb1a897db36429] 199.204.45.95 "GET /resource_providers/2536552a-94c4-400e-be4b-758bfd8973b1/allocations" status: 200 len: 353 microversion: 1.0 [pid: 8|app: 0|req: 456/928] 199.204.45.95 () {32 vars in 856 bytes} [Wed Feb 25 23:15:53 2026] GET /resource_providers/2536552a-94c4-400e-be4b-758bfd8973b1/allocations => generated 353 bytes in 19 msecs (HTTP/1.1 200) 6 headers in 224 bytes (1 switches on core 0)
2026-02-25 23:15:54.019 7 INFO placement.requestlog [req-4606915e-0562-4348-a29e-67abd28dc18d req-49b42536-17c6-493f-984b-9cb377d96d1c 8af9657029da46b2b2b50e8109af8ffb 4c7bfd7d4076419d9d5702e7131547c0 - - 555171c0fd4f4f0786cb1a897db36429 555171c0fd4f4f0786cb1a897db36429] 199.204.45.95 "GET /resource_providers/2536552a-94c4-400e-be4b-758bfd8973b1/allocations" status: 200 len: 353 microversion: 1.0 [pid: 7|app: 0|req: 473/929] 199.204.45.95 () {32 vars in 856 bytes} [Wed Feb 25 23:15:54 2026] GET /resource_providers/2536552a-94c4-400e-be4b-758bfd8973b1/allocations => generated 353 bytes in 17 msecs (HTTP/1.1 200) 6 headers in 224 bytes (1 switches on core 0)
2026-02-25 23:15:54.037 8 INFO placement.requestlog [req-4606915e-0562-4348-a29e-67abd28dc18d req-84740782-feb1-4011-9cff-68f506ea3b0b 8af9657029da46b2b2b50e8109af8ffb 4c7bfd7d4076419d9d5702e7131547c0 - - 555171c0fd4f4f0786cb1a897db36429 555171c0fd4f4f0786cb1a897db36429] 199.204.45.95 "GET /allocations/fb216658-be98-439e-b380-d327b4c7b3f5" status: 200 len: 258 microversion: 1.28 [pid: 8|app: 0|req: 457/930] 199.204.45.95 () {34 vars in 862 bytes} [Wed Feb 25 23:15:54 2026] GET /allocations/fb216658-be98-439e-b380-d327b4c7b3f5 => generated 258 bytes in 12 msecs (HTTP/1.1 200) 8 headers in 296 bytes (1 switches on core 0)
2026-02-25 23:15:54.060 7 INFO placement.requestlog [req-4606915e-0562-4348-a29e-67abd28dc18d req-c6b2545f-ed3c-48c0-b52e-1693149fdf1d 8af9657029da46b2b2b50e8109af8ffb 4c7bfd7d4076419d9d5702e7131547c0 - - 555171c0fd4f4f0786cb1a897db36429 555171c0fd4f4f0786cb1a897db36429] 199.204.45.95 "GET /allocations/018c5bd8-3b34-4d6d-9b67-6d8b070cb7c6" status: 200 len: 258 microversion: 1.28 [pid: 7|app: 0|req: 474/931] 199.204.45.95 () {34 vars in 862 bytes} [Wed Feb 25 23:15:54 2026] GET /allocations/018c5bd8-3b34-4d6d-9b67-6d8b070cb7c6 => generated 258 bytes in 13 msecs (HTTP/1.1 200) 8 headers in 296 bytes (1 switches on core 0)
2026-02-25 23:15:54.083 8 INFO placement.requestlog [req-4606915e-0562-4348-a29e-67abd28dc18d req-8d851430-4adc-4b0f-90d3-aed7ba8c9f47 8af9657029da46b2b2b50e8109af8ffb 4c7bfd7d4076419d9d5702e7131547c0 - - 555171c0fd4f4f0786cb1a897db36429 555171c0fd4f4f0786cb1a897db36429] 199.204.45.95 "GET /allocations/2c878e93-c25f-4818-9498-f1405c7c69f8" status: 200 len: 258 microversion: 1.28 [pid: 8|app: 0|req: 458/932] 199.204.45.95 () {34 vars in 862 bytes} [Wed Feb 25 23:15:54 2026] GET /allocations/2c878e93-c25f-4818-9498-f1405c7c69f8 => generated 258 bytes in 16 msecs (HTTP/1.1 200) 8 headers in 296 bytes (1 switches on core 0)
2026-02-25 23:16:00.434 8 INFO placement.requestlog [None req-34bac01f-d5a9-4d4f-95fb-ea42c6781b64 - - - - - -] 10.0.0.149 "GET /" status: 200 len: 136 microversion: 1.0
2026-02-25 23:16:00.435 7 INFO placement.requestlog [None req-376a55dd-f030-442d-b744-4bb4dfd7e368 - - - - - -] 10.0.0.149 "GET /" status: 200 len: 136 microversion: 1.0
2026-02-25 23:16:04.961 8 INFO placement.requestlog [req-1595bbda-7a83-4ca9-be56-5909f0bb9aae req-95ab1f6e-2f4d-4c78-bcf0-da8d7f7c3c5c 8af9657029da46b2b2b50e8109af8ffb 4c7bfd7d4076419d9d5702e7131547c0 - - 555171c0fd4f4f0786cb1a897db36429 555171c0fd4f4f0786cb1a897db36429] 199.204.45.95 "GET /resource_providers/2536552a-94c4-400e-be4b-758bfd8973b1/allocations" status: 200 len: 353 microversion: 1.0 [pid: 8|app: 0|req: 460/935] 199.204.45.95 () {32 vars in 856 bytes} [Wed Feb 25 23:16:04 2026] GET /resource_providers/2536552a-94c4-400e-be4b-758bfd8973b1/allocations => generated 353 bytes in 14 msecs (HTTP/1.1 200) 6 headers in 224 bytes (1 switches on core 0)
2026-02-25 23:16:04.979 7 INFO placement.requestlog [req-1595bbda-7a83-4ca9-be56-5909f0bb9aae req-749b9bc8-7a4b-4c9e-941b-410e17cd2c4c 8af9657029da46b2b2b50e8109af8ffb 4c7bfd7d4076419d9d5702e7131547c0 - - 555171c0fd4f4f0786cb1a897db36429 555171c0fd4f4f0786cb1a897db36429] 199.204.45.95 "GET /allocations/fb216658-be98-439e-b380-d327b4c7b3f5" status: 200 len: 258 microversion: 1.28 [pid: 7|app: 0|req: 476/936] 199.204.45.95 () {34 vars in 862 bytes} [Wed Feb 25 23:16:04 2026] GET /allocations/fb216658-be98-439e-b380-d327b4c7b3f5 => generated 258 bytes in 13 msecs (HTTP/1.1 200) 8 headers in 296 bytes (1 switches on core 0)
2026-02-25 23:16:04.993 8 INFO placement.requestlog [req-1595bbda-7a83-4ca9-be56-5909f0bb9aae req-66a0400d-d107-413b-ba43-548b599e3f13 8af9657029da46b2b2b50e8109af8ffb 4c7bfd7d4076419d9d5702e7131547c0 - - 555171c0fd4f4f0786cb1a897db36429 555171c0fd4f4f0786cb1a897db36429] 199.204.45.95 "GET /allocations/018c5bd8-3b34-4d6d-9b67-6d8b070cb7c6" status: 200 len: 258 microversion: 1.28 [pid: 8|app: 0|req: 461/937] 199.204.45.95 () {34 vars in 862 bytes} [Wed Feb 25 23:16:04 2026] GET /allocations/018c5bd8-3b34-4d6d-9b67-6d8b070cb7c6 => generated 258 bytes in 8 msecs (HTTP/1.1 200) 8 headers in 296 bytes (1 switches on core 0)
2026-02-25 23:16:05.009 7 INFO placement.requestlog [req-1595bbda-7a83-4ca9-be56-5909f0bb9aae req-8dc9b1a4-5803-41b2-b9d9-a39f678a3f20 8af9657029da46b2b2b50e8109af8ffb 4c7bfd7d4076419d9d5702e7131547c0 - - 555171c0fd4f4f0786cb1a897db36429 555171c0fd4f4f0786cb1a897db36429] 199.204.45.95 "GET /allocations/2c878e93-c25f-4818-9498-f1405c7c69f8" status: 200 len: 258 microversion: 1.28 [pid: 7|app: 0|req: 477/938] 199.204.45.95 () {34 vars in 862 bytes} [Wed Feb 25 23:16:04 2026] GET /allocations/2c878e93-c25f-4818-9498-f1405c7c69f8 => generated 258 bytes in 11 msecs (HTTP/1.1 200) 8 headers in 296 bytes (1 switches on core 0)
2026-02-25 23:16:05.249 8 INFO placement.requestlog [None req-f1db05b5-3eac-450f-9a55-4804ff874594 e598552658774a25a04c1bf2c5fe7440 4c7bfd7d4076419d9d5702e7131547c0 - - 555171c0fd4f4f0786cb1a897db36429 555171c0fd4f4f0786cb1a897db36429] 10.0.0.198 "GET /resource_providers/897922d5-e243-4e24-8e86-e76c52541c63/aggregates" status: 404 len: 235 microversion: 1.1 [pid: 8|app: 0|req: 462/939] 10.0.0.198 () {32 vars in 816 bytes} [Wed Feb 25 23:16:05 2026] GET /resource_providers/897922d5-e243-4e24-8e86-e76c52541c63/aggregates => generated 235 bytes in 9 msecs (HTTP/1.1 404) 5 headers in 202 bytes (1 switches on core 0)
2026-02-25 23:16:05.253 7 INFO placement.requestlog [None req-e102f0e2-af2a-4e15-b87c-9c775692167a e598552658774a25a04c1bf2c5fe7440 4c7bfd7d4076419d9d5702e7131547c0 - - 555171c0fd4f4f0786cb1a897db36429 555171c0fd4f4f0786cb1a897db36429] 10.0.0.198 "GET /resource_providers/897922d5-e243-4e24-8e86-e76c52541c63/aggregates" status: 404 len: 235 microversion: 1.1 [pid: 7|app: 0|req: 478/940] 10.0.0.198 () {32 vars in 816 bytes} [Wed Feb 25 23:16:05 2026] GET /resource_providers/897922d5-e243-4e24-8e86-e76c52541c63/aggregates => generated 235 bytes in 12 msecs (HTTP/1.1 404) 5 headers in 202 bytes (1 switches on core 0)
2026-02-25 23:16:05.273 7 INFO placement.requestlog [None req-49d87146-6731-4188-b472-6c7a074d4f36 e598552658774a25a04c1bf2c5fe7440 4c7bfd7d4076419d9d5702e7131547c0 - - 555171c0fd4f4f0786cb1a897db36429 555171c0fd4f4f0786cb1a897db36429] 10.0.0.198 "DELETE /resource_providers/897922d5-e243-4e24-8e86-e76c52541c63" status: 404 len: 246 microversion: 1.1 [pid: 7|app: 0|req: 479/941] 10.0.0.198 () {34 vars in 816 bytes} [Wed Feb 25 23:16:05 2026] DELETE /resource_providers/897922d5-e243-4e24-8e86-e76c52541c63 => generated 246 bytes in 7 msecs (HTTP/1.1 404) 6 headers in 231 bytes (1 switches on core 0)
2026-02-25 23:16:05.276 8 INFO placement.requestlog [None req-53ea8a84-5ec2-4c90-9306-facf6a8868bf e598552658774a25a04c1bf2c5fe7440 4c7bfd7d4076419d9d5702e7131547c0 - - 555171c0fd4f4f0786cb1a897db36429 555171c0fd4f4f0786cb1a897db36429] 10.0.0.198 "DELETE /resource_providers/897922d5-e243-4e24-8e86-e76c52541c63" status: 404 len: 246 microversion: 1.1 [pid: 8|app: 0|req: 463/942] 10.0.0.198 () {34 vars in 816 bytes} [Wed Feb 25 23:16:05 2026] DELETE /resource_providers/897922d5-e243-4e24-8e86-e76c52541c63 => generated 246 bytes in 11 msecs (HTTP/1.1 404) 6 headers in 231 bytes (1 switches on core 0)
2026-02-25 23:16:05.409 7 INFO placement.requestlog [None req-b954f4d7-3c51-4797-9bbf-199515883a79 e598552658774a25a04c1bf2c5fe7440 4c7bfd7d4076419d9d5702e7131547c0 - - 555171c0fd4f4f0786cb1a897db36429 555171c0fd4f4f0786cb1a897db36429] 10.0.0.198 "GET /resource_providers/6febf7d5-55c2-4f55-858b-900ac5724343/aggregates" status: 404 len: 235 microversion: 1.1 [pid: 7|app: 0|req: 480/943] 10.0.0.198 () {32 vars in 816 bytes} [Wed Feb 25 23:16:05 2026] GET /resource_providers/6febf7d5-55c2-4f55-858b-900ac5724343/aggregates => generated 235 bytes in 10 msecs (HTTP/1.1 404) 5 headers in 202 bytes (1 switches on core 0)
2026-02-25 23:16:05.411 8 INFO placement.requestlog [None req-ea1bfb83-1484-4b83-adec-1673b212c690 e598552658774a25a04c1bf2c5fe7440 4c7bfd7d4076419d9d5702e7131547c0 - - 555171c0fd4f4f0786cb1a897db36429 555171c0fd4f4f0786cb1a897db36429] 10.0.0.198 "GET /resource_providers/6febf7d5-55c2-4f55-858b-900ac5724343/aggregates" status: 404 len: 235 microversion: 1.1 [pid: 8|app: 0|req: 464/944] 10.0.0.198 () {32 vars in 816 bytes} [Wed Feb 25 23:16:05 2026] GET /resource_providers/6febf7d5-55c2-4f55-858b-900ac5724343/aggregates => generated 235 bytes in 11 msecs (HTTP/1.1 404) 5 headers in 202 bytes (1 switches on core 0)
2026-02-25 23:16:05.430 7 INFO placement.requestlog [None req-eb1473d6-646c-4aa8-9dcc-ded9f552109b e598552658774a25a04c1bf2c5fe7440 4c7bfd7d4076419d9d5702e7131547c0 - - 555171c0fd4f4f0786cb1a897db36429 555171c0fd4f4f0786cb1a897db36429] 10.0.0.198 "DELETE /resource_providers/6febf7d5-55c2-4f55-858b-900ac5724343" status: 404 len: 246 microversion: 1.1 [pid: 7|app: 0|req: 481/945] 10.0.0.198 () {34 vars in 816 bytes} [Wed Feb 25 23:16:05 2026] DELETE /resource_providers/6febf7d5-55c2-4f55-858b-900ac5724343 => generated 246 bytes in 7 msecs (HTTP/1.1 404) 6 headers in 231 bytes (1 switches on core 0)
2026-02-25 23:16:05.431 8 INFO placement.requestlog [None req-e2a1053a-b9fa-4653-8dcc-4296ab29115e e598552658774a25a04c1bf2c5fe7440 4c7bfd7d4076419d9d5702e7131547c0 - - 555171c0fd4f4f0786cb1a897db36429 555171c0fd4f4f0786cb1a897db36429] 10.0.0.198 "DELETE /resource_providers/6febf7d5-55c2-4f55-858b-900ac5724343" status: 404 len: 246 microversion: 1.1 [pid: 8|app: 0|req: 465/946] 10.0.0.198 () {34 vars in 816 bytes} [Wed Feb 25 23:16:05 2026] DELETE /resource_providers/6febf7d5-55c2-4f55-858b-900ac5724343 => generated 246 bytes in 8 msecs (HTTP/1.1 404) 6 headers in 231 bytes (1 switches on core 0)
2026-02-25 23:16:06.053 7 INFO placement.requestlog [req-1595bbda-7a83-4ca9-be56-5909f0bb9aae req-62c0b1f6-6c5d-4b80-adf4-d000c0fe1f21 8af9657029da46b2b2b50e8109af8ffb 4c7bfd7d4076419d9d5702e7131547c0 - - 555171c0fd4f4f0786cb1a897db36429 555171c0fd4f4f0786cb1a897db36429] 199.204.45.95 "DELETE /allocations/018c5bd8-3b34-4d6d-9b67-6d8b070cb7c6" status: 204 len: 0 microversion: 1.0 [pid: 7|app: 0|req: 482/947] 199.204.45.95 () {34 vars in 840 bytes} [Wed Feb 25 23:16:06 2026] DELETE /allocations/018c5bd8-3b34-4d6d-9b67-6d8b070cb7c6 => generated 0 bytes in 22 msecs (HTTP/1.1 204) 5 headers in 198 bytes (1 switches on core 0)
2026-02-25 23:16:08.118 7 INFO placement.requestlog [None req-f5136142-77b1-4a26-b2be-58d07cab0424 e598552658774a25a04c1bf2c5fe7440 4c7bfd7d4076419d9d5702e7131547c0 - - 555171c0fd4f4f0786cb1a897db36429 555171c0fd4f4f0786cb1a897db36429] 10.0.0.198 "GET /resource_providers/ed10e97b-5391-448b-a12f-7dc513549073/aggregates" status: 404 len: 235 microversion: 1.1 [pid: 7|app: 0|req: 483/948] 10.0.0.198 () {32 vars in 816 bytes} [Wed Feb 25 23:16:08 2026] GET /resource_providers/ed10e97b-5391-448b-a12f-7dc513549073/aggregates => generated 235 bytes in 9 msecs (HTTP/1.1 404) 5 headers in 202 bytes (1 switches on core 0)
2026-02-25 23:16:08.119 8 INFO placement.requestlog [None req-8558b6b3-45b9-4390-9c15-8309be254b30 e598552658774a25a04c1bf2c5fe7440 4c7bfd7d4076419d9d5702e7131547c0 - - 555171c0fd4f4f0786cb1a897db36429 555171c0fd4f4f0786cb1a897db36429] 10.0.0.198 "GET /resource_providers/ed10e97b-5391-448b-a12f-7dc513549073/aggregates" status: 404 len: 235 microversion: 1.1 [pid: 8|app: 0|req: 466/949] 10.0.0.198 () {32 vars in 816 bytes} [Wed Feb 25 23:16:08 2026] GET /resource_providers/ed10e97b-5391-448b-a12f-7dc513549073/aggregates => generated 235 bytes in 10 msecs (HTTP/1.1 404) 5 headers in 202 bytes (1 switches on core 0)
2026-02-25 23:16:08.137 7 INFO placement.requestlog [None req-35cf6b0b-ec84-49fd-b06b-635fd3c816e6 e598552658774a25a04c1bf2c5fe7440 4c7bfd7d4076419d9d5702e7131547c0 - - 555171c0fd4f4f0786cb1a897db36429 555171c0fd4f4f0786cb1a897db36429] 10.0.0.198 "DELETE /resource_providers/ed10e97b-5391-448b-a12f-7dc513549073" status: 404 len: 246 microversion: 1.1 [pid: 7|app: 0|req: 484/950] 10.0.0.198 () {34 vars in 816 bytes} [Wed Feb 25 23:16:08 2026] DELETE /resource_providers/ed10e97b-5391-448b-a12f-7dc513549073 => generated 246 bytes in 7 msecs (HTTP/1.1 404) 6 headers in 231 bytes (1 switches on core 0)
2026-02-25 23:16:08.140 8 INFO placement.requestlog [None req-eee7d0e2-fdea-4d62-b8da-37c8d23b0b21 e598552658774a25a04c1bf2c5fe7440 4c7bfd7d4076419d9d5702e7131547c0 - - 555171c0fd4f4f0786cb1a897db36429 555171c0fd4f4f0786cb1a897db36429] 10.0.0.198 "DELETE /resource_providers/ed10e97b-5391-448b-a12f-7dc513549073" status: 404 len: 246 microversion: 1.1 [pid: 8|app: 0|req: 467/951] 10.0.0.198 () {34 vars in 816 bytes} [Wed Feb 25 23:16:08 2026] DELETE /resource_providers/ed10e97b-5391-448b-a12f-7dc513549073 => generated 246 bytes in 8 msecs (HTTP/1.1 404) 6 headers in 231 bytes (1 switches on core 0)
2026-02-25 23:16:08.270 7 INFO placement.requestlog [None req-5e407fa7-ec10-4feb-95c7-bd85e9361d26 e598552658774a25a04c1bf2c5fe7440 4c7bfd7d4076419d9d5702e7131547c0 - - 555171c0fd4f4f0786cb1a897db36429 555171c0fd4f4f0786cb1a897db36429] 10.0.0.198 "GET /resource_providers/765d8f1f-439c-4417-87fb-f1816b6acdd6/aggregates" status: 404 len: 235 microversion: 1.1
2026-02-25 23:16:08.270 8 INFO placement.requestlog [None req-210cffa6-a431-4b2b-8cb5-4c82428b1c87 e598552658774a25a04c1bf2c5fe7440 4c7bfd7d4076419d9d5702e7131547c0 - - 555171c0fd4f4f0786cb1a897db36429 555171c0fd4f4f0786cb1a897db36429] 10.0.0.198 "GET /resource_providers/765d8f1f-439c-4417-87fb-f1816b6acdd6/aggregates" status: 404 len: 235 microversion: 1.1 [pid: 7|app: 0|req: 485/952] 10.0.0.198 () {32 vars in 816 bytes} [Wed Feb 25 23:16:08 2026] GET /resource_providers/765d8f1f-439c-4417-87fb-f1816b6acdd6/aggregates => generated 235 bytes in 14 msecs (HTTP/1.1 404) 5 headers in 202 bytes (1 switches on core 0) [pid: 8|app: 0|req: 468/953] 10.0.0.198 () {32 vars in 816 bytes} [Wed Feb 25 23:16:08 2026] GET /resource_providers/765d8f1f-439c-4417-87fb-f1816b6acdd6/aggregates => generated 235 bytes in 14 msecs (HTTP/1.1 404) 5 headers in 202 bytes (1 switches on core 0)
2026-02-25 23:16:08.293 7 INFO placement.requestlog [None req-308ba19e-c324-4a62-b6f6-76e1a1bc809f e598552658774a25a04c1bf2c5fe7440 4c7bfd7d4076419d9d5702e7131547c0 - - 555171c0fd4f4f0786cb1a897db36429 555171c0fd4f4f0786cb1a897db36429] 10.0.0.198 "DELETE /resource_providers/765d8f1f-439c-4417-87fb-f1816b6acdd6" status: 404 len: 246 microversion: 1.1 [pid: 7|app: 0|req: 486/954] 10.0.0.198 () {34 vars in 816 bytes} [Wed Feb 25 23:16:08 2026] DELETE /resource_providers/765d8f1f-439c-4417-87fb-f1816b6acdd6 => generated 246 bytes in 11 msecs (HTTP/1.1 404) 6 headers in 231 bytes (1 switches on core 0)
2026-02-25 23:16:08.294 8 INFO placement.requestlog [None req-37ab39ed-d15d-4137-9351-a4914e11e1a5 e598552658774a25a04c1bf2c5fe7440 4c7bfd7d4076419d9d5702e7131547c0 - - 555171c0fd4f4f0786cb1a897db36429 555171c0fd4f4f0786cb1a897db36429] 10.0.0.198 "DELETE /resource_providers/765d8f1f-439c-4417-87fb-f1816b6acdd6" status: 404 len: 246 microversion: 1.1 [pid: 8|app: 0|req: 469/955] 10.0.0.198 () {34 vars in 816 bytes} [Wed Feb 25 23:16:08 2026] DELETE /resource_providers/765d8f1f-439c-4417-87fb-f1816b6acdd6 => generated 246 bytes in 10 msecs (HTTP/1.1 404) 6 headers in 231 bytes (1 switches on core 0)
2026-02-25 23:16:10.160 7 INFO placement.requestlog [None req-5ab27371-87c5-4490-bbb3-f8af513afd2d e598552658774a25a04c1bf2c5fe7440 4c7bfd7d4076419d9d5702e7131547c0 - - 555171c0fd4f4f0786cb1a897db36429 555171c0fd4f4f0786cb1a897db36429] 10.0.0.198 "GET /resource_providers/86e0e052-3bde-46c3-aa30-af3f78e7b120/aggregates" status: 404 len: 235 microversion: 1.1 [pid: 7|app: 0|req: 487/956] 10.0.0.198 () {32 vars in 816 bytes} [Wed Feb 25 23:16:10 2026] GET /resource_providers/86e0e052-3bde-46c3-aa30-af3f78e7b120/aggregates => generated 235 bytes in 9 msecs (HTTP/1.1 404) 5 headers in 202 bytes (1 switches on core 0)
2026-02-25 23:16:10.161 8 INFO placement.requestlog [None req-27f903e6-689d-4b7f-b76e-73abe2774fb5 e598552658774a25a04c1bf2c5fe7440 4c7bfd7d4076419d9d5702e7131547c0 - - 555171c0fd4f4f0786cb1a897db36429 555171c0fd4f4f0786cb1a897db36429] 10.0.0.198 "GET /resource_providers/86e0e052-3bde-46c3-aa30-af3f78e7b120/aggregates" status: 404 len: 235 microversion: 1.1 [pid: 8|app: 0|req: 470/957] 10.0.0.198 () {32 vars in 816 bytes} [Wed Feb 25 23:16:10 2026] GET /resource_providers/86e0e052-3bde-46c3-aa30-af3f78e7b120/aggregates => generated 235 bytes in 9 msecs (HTTP/1.1 404) 5 headers in 202 bytes (1 switches on core 0)
2026-02-25 23:16:10.178 7 INFO placement.requestlog [None req-f68056db-aa31-439a-a35e-5aa010a04ae8 e598552658774a25a04c1bf2c5fe7440 4c7bfd7d4076419d9d5702e7131547c0 - - 555171c0fd4f4f0786cb1a897db36429 555171c0fd4f4f0786cb1a897db36429] 10.0.0.198 "DELETE /resource_providers/86e0e052-3bde-46c3-aa30-af3f78e7b120" status: 404 len: 246 microversion: 1.1 [pid: 7|app: 0|req: 488/958] 10.0.0.198 () {34 vars in 816 bytes} [Wed Feb 25 23:16:10 2026] DELETE /resource_providers/86e0e052-3bde-46c3-aa30-af3f78e7b120 => generated 246 bytes in 8 msecs (HTTP/1.1 404) 6 headers in 231 bytes (1 switches on core 0)
2026-02-25 23:16:10.197 8 INFO placement.requestlog [None req-76011087-ffa1-4046-b167-e895304a1cd8 e598552658774a25a04c1bf2c5fe7440 4c7bfd7d4076419d9d5702e7131547c0 - - 555171c0fd4f4f0786cb1a897db36429 555171c0fd4f4f0786cb1a897db36429] 10.0.0.198 "DELETE /resource_providers/86e0e052-3bde-46c3-aa30-af3f78e7b120" status: 404 len: 246 microversion: 1.1 [pid: 8|app: 0|req: 471/959] 10.0.0.198 () {34 vars in 816 bytes} [Wed Feb 25 23:16:10 2026] DELETE /resource_providers/86e0e052-3bde-46c3-aa30-af3f78e7b120 => generated 246 bytes in 12 msecs (HTTP/1.1 404) 6 headers in 231 bytes (1 switches on core 0)
2026-02-25 23:16:10.314 7 INFO placement.requestlog [None req-1379bee7-908a-4073-bee0-100cba1f0647 e598552658774a25a04c1bf2c5fe7440 4c7bfd7d4076419d9d5702e7131547c0 - - 555171c0fd4f4f0786cb1a897db36429 555171c0fd4f4f0786cb1a897db36429] 10.0.0.198 "GET /resource_providers/9dd5bb32-3ea7-4477-ae7b-91cd4a8cd01e/aggregates" status: 404 len: 235 microversion: 1.1 [pid: 7|app: 0|req: 489/960] 10.0.0.198 () {32 vars in 816 bytes} [Wed Feb 25 23:16:10 2026] GET /resource_providers/9dd5bb32-3ea7-4477-ae7b-91cd4a8cd01e/aggregates => generated 235 bytes in 9 msecs (HTTP/1.1 404) 5 headers in 202 bytes (1 switches on core 0)
2026-02-25 23:16:10.320 8 INFO placement.requestlog [None req-6e0b636a-ddbd-40de-95cf-8e8bb94c31f4 e598552658774a25a04c1bf2c5fe7440 4c7bfd7d4076419d9d5702e7131547c0 - - 555171c0fd4f4f0786cb1a897db36429 555171c0fd4f4f0786cb1a897db36429] 10.0.0.198 "GET /resource_providers/9dd5bb32-3ea7-4477-ae7b-91cd4a8cd01e/aggregates" status: 404 len: 235 microversion: 1.1 [pid: 8|app: 0|req: 472/961] 10.0.0.198 () {32 vars in 816 bytes} [Wed Feb 25 23:16:10 2026] GET /resource_providers/9dd5bb32-3ea7-4477-ae7b-91cd4a8cd01e/aggregates => generated 235 bytes in 11 msecs (HTTP/1.1 404) 5 headers in 202 bytes (1 switches on core 0)
2026-02-25 23:16:10.346 8 INFO placement.requestlog [None req-385213b3-3d2c-4740-a204-c31a0e3c6165 e598552658774a25a04c1bf2c5fe7440 4c7bfd7d4076419d9d5702e7131547c0 - - 555171c0fd4f4f0786cb1a897db36429 555171c0fd4f4f0786cb1a897db36429] 10.0.0.198 "DELETE /resource_providers/9dd5bb32-3ea7-4477-ae7b-91cd4a8cd01e" status: 404 len: 246 microversion: 1.1
2026-02-25 23:16:10.346 7 INFO placement.requestlog [None req-c5841768-3a7d-4e1a-8da4-b26cca8da4eb e598552658774a25a04c1bf2c5fe7440 4c7bfd7d4076419d9d5702e7131547c0 - - 555171c0fd4f4f0786cb1a897db36429 555171c0fd4f4f0786cb1a897db36429] 10.0.0.198 "DELETE /resource_providers/9dd5bb32-3ea7-4477-ae7b-91cd4a8cd01e" status: 404 len: 246 microversion: 1.1 [pid: 8|app: 0|req: 473/963] 10.0.0.198 () {34 vars in 816 bytes} [Wed Feb 25 23:16:10 2026] DELETE /resource_providers/9dd5bb32-3ea7-4477-ae7b-91cd4a8cd01e => generated 246 bytes in 13 msecs (HTTP/1.1 404) 6 headers in 231 bytes (1 switches on core 0) [pid: 7|app: 0|req: 490/963] 10.0.0.198 () {34 vars in 816 bytes} [Wed Feb 25 23:16:10 2026] DELETE /resource_providers/9dd5bb32-3ea7-4477-ae7b-91cd4a8cd01e => generated 246 bytes in 15 msecs (HTTP/1.1 404) 6 headers in 231 bytes (1 switches on core 0)
2026-02-25 23:16:10.379 7 INFO placement.requestlog [None req-059196f0-8fdb-43d6-9a03-05158bc0203b e598552658774a25a04c1bf2c5fe7440 4c7bfd7d4076419d9d5702e7131547c0 - - 555171c0fd4f4f0786cb1a897db36429 555171c0fd4f4f0786cb1a897db36429] 10.0.0.198 "GET /resource_providers/1de3aada-3f10-41fc-b335-6c3bbd46b0ae/aggregates" status: 404 len: 235 microversion: 1.1
2026-02-25 23:16:10.381 8 INFO placement.requestlog [None req-05d6e266-e0ad-46cf-be6d-5d2bc34616f8 e598552658774a25a04c1bf2c5fe7440 4c7bfd7d4076419d9d5702e7131547c0 - - 555171c0fd4f4f0786cb1a897db36429 555171c0fd4f4f0786cb1a897db36429] 10.0.0.198 "GET /resource_providers/1de3aada-3f10-41fc-b335-6c3bbd46b0ae/aggregates" status: 404 len: 235 microversion: 1.1 [pid: 7|app: 0|req: 491/964] 10.0.0.198 () {32 vars in 816 bytes} [Wed Feb 25 23:16:10 2026] GET /resource_providers/1de3aada-3f10-41fc-b335-6c3bbd46b0ae/aggregates => generated 235 bytes in 20 msecs (HTTP/1.1 404) 5 headers in 202 bytes (1 switches on core 0) [pid: 8|app: 0|req: 474/965] 10.0.0.198 () {32 vars in 816 bytes} [Wed Feb 25 23:16:10 2026] GET /resource_providers/1de3aada-3f10-41fc-b335-6c3bbd46b0ae/aggregates => generated 235 bytes in 22 msecs (HTTP/1.1 404) 5 headers in 202 bytes (1 switches on core 0)
2026-02-25 23:16:10.405 7 INFO placement.requestlog [None req-91f3e435-dcae-406f-a949-c0eeb517ed7d e598552658774a25a04c1bf2c5fe7440 4c7bfd7d4076419d9d5702e7131547c0 - - 555171c0fd4f4f0786cb1a897db36429 555171c0fd4f4f0786cb1a897db36429] 10.0.0.198 "DELETE /resource_providers/1de3aada-3f10-41fc-b335-6c3bbd46b0ae" status: 404 len: 246 microversion: 1.1
2026-02-25 23:16:10.406 8 INFO placement.requestlog [None req-24dc5dc1-9816-4052-b008-54cc85ccb5ae e598552658774a25a04c1bf2c5fe7440 4c7bfd7d4076419d9d5702e7131547c0 - - 555171c0fd4f4f0786cb1a897db36429 555171c0fd4f4f0786cb1a897db36429] 10.0.0.198 "DELETE /resource_providers/1de3aada-3f10-41fc-b335-6c3bbd46b0ae" status: 404 len: 246 microversion: 1.1 [pid: 8|app: 0|req: 475/966] 10.0.0.198 () {34 vars in 816 bytes} [Wed Feb 25 23:16:10 2026] DELETE /resource_providers/1de3aada-3f10-41fc-b335-6c3bbd46b0ae => generated 246 bytes in 11 msecs (HTTP/1.1 404) 6 headers in 231 bytes (1 switches on core 0) [pid: 7|app: 0|req: 492/967] 10.0.0.198 () {34 vars in 816 bytes} [Wed Feb 25 23:16:10 2026] DELETE /resource_providers/1de3aada-3f10-41fc-b335-6c3bbd46b0ae => generated 246 bytes in 16 msecs (HTTP/1.1 404) 6 headers in 231 bytes (1 switches on core 0)
2026-02-25 23:16:10.435 8 INFO placement.requestlog [None req-64d4192b-b9bd-4612-bcd7-7c0bff51d91a - - - - - -] 10.0.0.149 "GET /" status: 200 len: 136 microversion: 1.0
2026-02-25 23:16:10.436 7 INFO placement.requestlog [None req-e57fd4c5-3598-4d34-8b88-d56ff881367d - - - - - -] 10.0.0.149 "GET /" status: 200 len: 136 microversion: 1.0
2026-02-25 23:16:12.214 8 INFO placement.requestlog [None req-c088e900-38b0-41d3-a714-c89635ffe47d e598552658774a25a04c1bf2c5fe7440 4c7bfd7d4076419d9d5702e7131547c0 - - 555171c0fd4f4f0786cb1a897db36429 555171c0fd4f4f0786cb1a897db36429] 10.0.0.198 "GET /resource_providers/080a6880-f8fd-4bdc-b78b-c7217cb89225/aggregates" status: 404 len: 235 microversion: 1.1 [pid: 8|app: 0|req: 477/970] 10.0.0.198 () {32 vars in 816 bytes} [Wed Feb 25 23:16:12 2026] GET /resource_providers/080a6880-f8fd-4bdc-b78b-c7217cb89225/aggregates => generated 235 bytes in 22 msecs (HTTP/1.1 404) 5 headers in 202 bytes (1 switches on core 0)
2026-02-25 23:16:12.223 7 INFO placement.requestlog [None req-ac77d500-a69d-4491-b6e3-9fb87f48d690 e598552658774a25a04c1bf2c5fe7440 4c7bfd7d4076419d9d5702e7131547c0 - - 555171c0fd4f4f0786cb1a897db36429 555171c0fd4f4f0786cb1a897db36429] 10.0.0.198 "GET /resource_providers/080a6880-f8fd-4bdc-b78b-c7217cb89225/aggregates" status: 404 len: 235 microversion: 1.1 [pid: 7|app: 0|req: 494/971] 10.0.0.198 () {32 vars in 816 bytes} [Wed Feb 25 23:16:12 2026] GET /resource_providers/080a6880-f8fd-4bdc-b78b-c7217cb89225/aggregates => generated 235 bytes in 15 msecs (HTTP/1.1 404) 5 headers in 202 bytes (1 switches on core 0)
2026-02-25 23:16:12.229 8 INFO placement.requestlog [None req-e1aa1779-100d-49b5-859e-bf74fe960b0d e598552658774a25a04c1bf2c5fe7440 4c7bfd7d4076419d9d5702e7131547c0 - - 555171c0fd4f4f0786cb1a897db36429 555171c0fd4f4f0786cb1a897db36429] 10.0.0.198 "DELETE /resource_providers/080a6880-f8fd-4bdc-b78b-c7217cb89225" status: 404 len: 246 microversion: 1.1 [pid: 8|app: 0|req: 478/972] 10.0.0.198 () {34 vars in 816 bytes} [Wed Feb 25 23:16:12 2026] DELETE /resource_providers/080a6880-f8fd-4bdc-b78b-c7217cb89225 => generated 246 bytes in 9 msecs (HTTP/1.1 404) 6 headers in 231 bytes (1 switches on core 0)
2026-02-25 23:16:12.242 7 INFO placement.requestlog [None req-3a6f7df9-988d-4752-a447-6850059afe09 e598552658774a25a04c1bf2c5fe7440 4c7bfd7d4076419d9d5702e7131547c0 - - 555171c0fd4f4f0786cb1a897db36429 555171c0fd4f4f0786cb1a897db36429] 10.0.0.198 "DELETE /resource_providers/080a6880-f8fd-4bdc-b78b-c7217cb89225" status: 404 len: 246 microversion: 1.1 [pid: 7|app: 0|req: 495/973] 10.0.0.198 () {34 vars in 816 bytes} [Wed Feb 25 23:16:12 2026] DELETE /resource_providers/080a6880-f8fd-4bdc-b78b-c7217cb89225 => generated 246 bytes in 9 msecs (HTTP/1.1 404) 6 headers in 231 bytes (1 switches on core 0)
2026-02-25 23:16:12.244 8 INFO placement.requestlog [None req-9095860c-bbd2-4aea-9886-002773f02391 e598552658774a25a04c1bf2c5fe7440 4c7bfd7d4076419d9d5702e7131547c0 - - 555171c0fd4f4f0786cb1a897db36429 555171c0fd4f4f0786cb1a897db36429] 10.0.0.198 "GET /resource_providers/c0d4d59e-cade-4620-8ccf-064fccb2ba7e/aggregates" status: 404 len: 235 microversion: 1.1 [pid: 8|app: 0|req: 479/974] 10.0.0.198 () {32 vars in 816 bytes} [Wed Feb 25 23:16:12 2026] GET /resource_providers/c0d4d59e-cade-4620-8ccf-064fccb2ba7e/aggregates => generated 235 bytes in 8 msecs (HTTP/1.1 404) 5 headers in 202 bytes (1 switches on core 0)
2026-02-25 23:16:12.259 7 INFO placement.requestlog [None req-e3153ff0-59aa-4e30-8c94-ab3a2bba5fa8 e598552658774a25a04c1bf2c5fe7440 4c7bfd7d4076419d9d5702e7131547c0 - - 555171c0fd4f4f0786cb1a897db36429 555171c0fd4f4f0786cb1a897db36429] 10.0.0.198 "GET /resource_providers/c0d4d59e-cade-4620-8ccf-064fccb2ba7e/aggregates" status: 404 len: 235 microversion: 1.1 [pid: 7|app: 0|req: 496/975] 10.0.0.198 () {32 vars in 816 bytes} [Wed Feb 25 23:16:12 2026] GET /resource_providers/c0d4d59e-cade-4620-8ccf-064fccb2ba7e/aggregates => generated 235 bytes in 8 msecs (HTTP/1.1 404) 5 headers in 202 bytes (1 switches on core 0)
2026-02-25 23:16:12.269 8 INFO placement.requestlog [None req-3ca186c9-1fc9-4d08-9909-e66be7423df9 e598552658774a25a04c1bf2c5fe7440 4c7bfd7d4076419d9d5702e7131547c0 - - 555171c0fd4f4f0786cb1a897db36429 555171c0fd4f4f0786cb1a897db36429] 10.0.0.198 "DELETE /resource_providers/c0d4d59e-cade-4620-8ccf-064fccb2ba7e" status: 404 len: 246 microversion: 1.1 [pid: 8|app: 0|req: 480/976] 10.0.0.198 () {34 vars in 816 bytes} [Wed Feb 25 23:16:12 2026] DELETE /resource_providers/c0d4d59e-cade-4620-8ccf-064fccb2ba7e => generated 246 bytes in 10 msecs (HTTP/1.1 404) 6 headers in 231 bytes (1 switches on core 0)
2026-02-25 23:16:12.277 7 INFO placement.requestlog [None req-1a7bfa01-f131-4185-a792-5bd4c718f779 e598552658774a25a04c1bf2c5fe7440 4c7bfd7d4076419d9d5702e7131547c0 - - 555171c0fd4f4f0786cb1a897db36429 555171c0fd4f4f0786cb1a897db36429] 10.0.0.198 "DELETE /resource_providers/c0d4d59e-cade-4620-8ccf-064fccb2ba7e" status: 404 len: 246 microversion: 1.1 [pid: 7|app: 0|req: 497/977] 10.0.0.198 () {34 vars in 816 bytes} [Wed Feb 25 23:16:12 2026] DELETE /resource_providers/c0d4d59e-cade-4620-8ccf-064fccb2ba7e => generated 246 bytes in 8 msecs (HTTP/1.1 404) 6 headers in 231 bytes (1 switches on core 0)
2026-02-25 23:16:12.433 8 INFO placement.requestlog [None req-a6ac6943-085c-41c9-a0b4-df395599eafe e598552658774a25a04c1bf2c5fe7440 4c7bfd7d4076419d9d5702e7131547c0 - - 555171c0fd4f4f0786cb1a897db36429 555171c0fd4f4f0786cb1a897db36429] 10.0.0.198 "GET /resource_providers/abc52fce-03dd-41a3-bef4-ea519bd6bc8c/aggregates" status: 404 len: 235 microversion: 1.1 [pid: 8|app: 0|req: 481/978] 10.0.0.198 () {32 vars in 816 bytes} [Wed Feb 25 23:16:12 2026] GET /resource_providers/abc52fce-03dd-41a3-bef4-ea519bd6bc8c/aggregates => generated 235 bytes in 12 msecs (HTTP/1.1 404) 5 headers in 202 bytes (1 switches on core 0)
2026-02-25 23:16:12.435 7 INFO placement.requestlog [None req-83b9f2e0-c54e-415f-bbc7-6ce06a4147b4 e598552658774a25a04c1bf2c5fe7440 4c7bfd7d4076419d9d5702e7131547c0 - - 555171c0fd4f4f0786cb1a897db36429 555171c0fd4f4f0786cb1a897db36429] 10.0.0.198 "GET /resource_providers/abc52fce-03dd-41a3-bef4-ea519bd6bc8c/aggregates" status: 404 len: 235 microversion: 1.1 [pid: 7|app: 0|req: 498/979] 10.0.0.198 () {32 vars in 816 bytes} [Wed Feb 25 23:16:12 2026] GET /resource_providers/abc52fce-03dd-41a3-bef4-ea519bd6bc8c/aggregates => generated 235 bytes in 10 msecs (HTTP/1.1 404) 5 headers in 202 bytes (1 switches on core 0)
2026-02-25 23:16:12.461 8 INFO placement.requestlog [None req-0113c2a8-b4e9-4a95-ad30-06f4607306ae e598552658774a25a04c1bf2c5fe7440 4c7bfd7d4076419d9d5702e7131547c0 - - 555171c0fd4f4f0786cb1a897db36429 555171c0fd4f4f0786cb1a897db36429] 10.0.0.198 "DELETE /resource_providers/abc52fce-03dd-41a3-bef4-ea519bd6bc8c" status: 404 len: 246 microversion: 1.1 [pid: 8|app: 0|req: 482/980] 10.0.0.198 () {34 vars in 816 bytes} [Wed Feb 25 23:16:12 2026] DELETE /resource_providers/abc52fce-03dd-41a3-bef4-ea519bd6bc8c => generated 246 bytes in 11 msecs (HTTP/1.1 404) 6 headers in 231 bytes (1 switches on core 0)
2026-02-25 23:16:12.465 7 INFO placement.requestlog [None req-6dfc1870-9bc0-421e-9bfd-a8f7fe0e717a e598552658774a25a04c1bf2c5fe7440 4c7bfd7d4076419d9d5702e7131547c0 - - 555171c0fd4f4f0786cb1a897db36429 555171c0fd4f4f0786cb1a897db36429] 10.0.0.198 "DELETE /resource_providers/abc52fce-03dd-41a3-bef4-ea519bd6bc8c" status: 404 len: 246 microversion: 1.1 [pid: 7|app: 0|req: 499/981] 10.0.0.198 () {34 vars in 816 bytes} [Wed Feb 25 23:16:12 2026] DELETE /resource_providers/abc52fce-03dd-41a3-bef4-ea519bd6bc8c => generated 246 bytes in 13 msecs (HTTP/1.1 404) 6 headers in 231 bytes (1 switches on core 0)
2026-02-25 23:16:14.479 8 INFO placement.requestlog [None req-6cd77f33-d1f0-4713-ae0b-bb24c4e0ee2b e598552658774a25a04c1bf2c5fe7440 4c7bfd7d4076419d9d5702e7131547c0 - - 555171c0fd4f4f0786cb1a897db36429 555171c0fd4f4f0786cb1a897db36429] 10.0.0.198 "GET /resource_providers/ff296d37-2874-44de-83ec-d77956e56573/aggregates" status: 404 len: 235 microversion: 1.1 [pid: 8|app: 0|req: 483/982] 10.0.0.198 () {32 vars in 816 bytes} [Wed Feb 25 23:16:14 2026] GET /resource_providers/ff296d37-2874-44de-83ec-d77956e56573/aggregates => generated 235 bytes in 10 msecs (HTTP/1.1 404) 5 headers in 202 bytes (1 switches on core 0)
2026-02-25 23:16:14.493 7 INFO placement.requestlog [None req-81ea019c-d8df-4bde-b523-4023903b577b e598552658774a25a04c1bf2c5fe7440 4c7bfd7d4076419d9d5702e7131547c0 - - 555171c0fd4f4f0786cb1a897db36429 555171c0fd4f4f0786cb1a897db36429] 10.0.0.198 "GET /resource_providers/ff296d37-2874-44de-83ec-d77956e56573/aggregates" status: 404 len: 235 microversion: 1.1 [pid: 7|app: 0|req: 500/983] 10.0.0.198 () {32 vars in 816 bytes} [Wed Feb 25 23:16:14 2026] GET /resource_providers/ff296d37-2874-44de-83ec-d77956e56573/aggregates => generated 235 bytes in 9 msecs (HTTP/1.1 404) 5 headers in 202 bytes (1 switches on core 0)
2026-02-25 23:16:14.497 8 INFO placement.requestlog [None req-09e4c357-d6f3-4f2e-acff-5678d41d8a35 e598552658774a25a04c1bf2c5fe7440 4c7bfd7d4076419d9d5702e7131547c0 - - 555171c0fd4f4f0786cb1a897db36429 555171c0fd4f4f0786cb1a897db36429] 10.0.0.198 "DELETE /resource_providers/ff296d37-2874-44de-83ec-d77956e56573" status: 404 len: 246 microversion: 1.1 [pid: 8|app: 0|req: 484/984] 10.0.0.198 () {34 vars in 816 bytes} [Wed Feb 25 23:16:14 2026] DELETE /resource_providers/ff296d37-2874-44de-83ec-d77956e56573 => generated 246 bytes in 9 msecs (HTTP/1.1 404) 6 headers in 231 bytes (1 switches on core 0)
2026-02-25 23:16:14.516 7 INFO placement.requestlog [None req-9960b736-3aa5-4b9e-9185-add9db36120d e598552658774a25a04c1bf2c5fe7440 4c7bfd7d4076419d9d5702e7131547c0 - - 555171c0fd4f4f0786cb1a897db36429 555171c0fd4f4f0786cb1a897db36429] 10.0.0.198 "DELETE /resource_providers/ff296d37-2874-44de-83ec-d77956e56573" status: 404 len: 246 microversion: 1.1 [pid: 7|app: 0|req: 501/985] 10.0.0.198 () {34 vars in 816 bytes} [Wed Feb 25 23:16:14 2026] DELETE /resource_providers/ff296d37-2874-44de-83ec-d77956e56573 => generated 246 bytes in 12 msecs (HTTP/1.1 404) 6 headers in 231 bytes (1 switches on core 0)
2026-02-25 23:16:14.522 8 INFO placement.requestlog [None req-4e0062e2-4e53-4990-a294-67d1e3ec6bf8 e598552658774a25a04c1bf2c5fe7440 4c7bfd7d4076419d9d5702e7131547c0 - - 555171c0fd4f4f0786cb1a897db36429 555171c0fd4f4f0786cb1a897db36429] 10.0.0.198 "GET /resource_providers/065826d5-1789-4407-bc61-1fc8b4019a09/aggregates" status: 404 len: 235 microversion: 1.1 [pid: 8|app: 0|req: 485/986] 10.0.0.198 () {32 vars in 816 bytes} [Wed Feb 25 23:16:14 2026] GET /resource_providers/065826d5-1789-4407-bc61-1fc8b4019a09/aggregates => generated 235 bytes in 11 msecs (HTTP/1.1 404) 5 headers in 202 bytes (1 switches on core 0)
2026-02-25 23:16:14.538 7 INFO placement.requestlog [None req-b7405c8b-3b63-4b23-b59d-04e4ea1676e0 e598552658774a25a04c1bf2c5fe7440 4c7bfd7d4076419d9d5702e7131547c0 - - 555171c0fd4f4f0786cb1a897db36429 555171c0fd4f4f0786cb1a897db36429] 10.0.0.198 "GET /resource_providers/065826d5-1789-4407-bc61-1fc8b4019a09/aggregates" status: 404 len: 235 microversion: 1.1 [pid: 7|app: 0|req: 502/987] 10.0.0.198 () {32 vars in 816 bytes} [Wed Feb 25 23:16:14 2026] GET /resource_providers/065826d5-1789-4407-bc61-1fc8b4019a09/aggregates => generated 235 bytes in 11 msecs (HTTP/1.1 404) 5 headers in 202 bytes (1 switches on core 0)
2026-02-25 23:16:14.548 8 INFO placement.requestlog [None req-ae54b89a-1dd6-4e67-839a-0580cc999668 e598552658774a25a04c1bf2c5fe7440 4c7bfd7d4076419d9d5702e7131547c0 - - 555171c0fd4f4f0786cb1a897db36429 555171c0fd4f4f0786cb1a897db36429] 10.0.0.198 "DELETE /resource_providers/065826d5-1789-4407-bc61-1fc8b4019a09" status: 404 len: 246 microversion: 1.1 [pid: 8|app: 0|req: 486/988] 10.0.0.198 () {34 vars in 816 bytes} [Wed Feb 25 23:16:14 2026] DELETE /resource_providers/065826d5-1789-4407-bc61-1fc8b4019a09 => generated 246 bytes in 12 msecs (HTTP/1.1 404) 6 headers in 231 bytes (1 switches on core 0)
2026-02-25 23:16:14.560 7 INFO placement.requestlog [None req-d4bf6d45-5970-4a5d-84ab-edf127a26229 e598552658774a25a04c1bf2c5fe7440 4c7bfd7d4076419d9d5702e7131547c0 - - 555171c0fd4f4f0786cb1a897db36429 555171c0fd4f4f0786cb1a897db36429] 10.0.0.198 "DELETE /resource_providers/065826d5-1789-4407-bc61-1fc8b4019a09" status: 404 len: 246 microversion: 1.1 [pid: 7|app: 0|req: 503/989] 10.0.0.198 () {34 vars in 816 bytes} [Wed Feb 25 23:16:14 2026] DELETE /resource_providers/065826d5-1789-4407-bc61-1fc8b4019a09 => generated 246 bytes in 17 msecs (HTTP/1.1 404) 6 headers in 231 bytes (1 switches on core 0)
2026-02-25 23:16:16.567 8 INFO placement.requestlog [None req-a7608468-e27a-4068-bc33-63db08e89891 e598552658774a25a04c1bf2c5fe7440 4c7bfd7d4076419d9d5702e7131547c0 - - 555171c0fd4f4f0786cb1a897db36429 555171c0fd4f4f0786cb1a897db36429] 10.0.0.198 "GET /resource_providers/c2f6959f-ebb6-40cc-aed2-9c68eb4d0935/aggregates" status: 404 len: 235 microversion: 1.1 [pid: 8|app: 0|req: 487/990] 10.0.0.198 () {32 vars in 816 bytes} [Wed Feb 25 23:16:16 2026] GET /resource_providers/c2f6959f-ebb6-40cc-aed2-9c68eb4d0935/aggregates => generated 235 bytes in 10 msecs (HTTP/1.1 404) 5 headers in 202 bytes (1 switches on core 0)
2026-02-25 23:16:16.582 7 INFO placement.requestlog [None req-bd2bc0da-6671-4a87-9430-d61c2e3de9c0 e598552658774a25a04c1bf2c5fe7440 4c7bfd7d4076419d9d5702e7131547c0 - - 555171c0fd4f4f0786cb1a897db36429 555171c0fd4f4f0786cb1a897db36429] 10.0.0.198 "DELETE /resource_providers/c2f6959f-ebb6-40cc-aed2-9c68eb4d0935" status: 404 len: 246 microversion: 1.1 [pid: 7|app: 0|req: 504/991] 10.0.0.198 () {34 vars in 816 bytes} [Wed Feb 25 23:16:16 2026] DELETE /resource_providers/c2f6959f-ebb6-40cc-aed2-9c68eb4d0935 => generated 246 bytes in 8 msecs (HTTP/1.1 404) 6 headers in 231 bytes (1 switches on core 0)
2026-02-25 23:16:16.603 8 INFO placement.requestlog [None req-9a6b3a1c-6925-407b-83eb-52328911f91d e598552658774a25a04c1bf2c5fe7440 4c7bfd7d4076419d9d5702e7131547c0 - - 555171c0fd4f4f0786cb1a897db36429 555171c0fd4f4f0786cb1a897db36429] 10.0.0.198 "GET /resource_providers/c2f6959f-ebb6-40cc-aed2-9c68eb4d0935/aggregates" status: 404 len: 235 microversion: 1.1 [pid: 8|app: 0|req: 488/992] 10.0.0.198 () {32 vars in 816 bytes} [Wed Feb 25 23:16:16 2026] GET /resource_providers/c2f6959f-ebb6-40cc-aed2-9c68eb4d0935/aggregates => generated 235 bytes in 14 msecs (HTTP/1.1 404) 5 headers in 202 bytes (1 switches on core 0)
2026-02-25 23:16:16.613 7 INFO placement.requestlog [None req-c4e09e4a-7e2f-43ca-8b26-397f41ba15af e598552658774a25a04c1bf2c5fe7440 4c7bfd7d4076419d9d5702e7131547c0 - - 555171c0fd4f4f0786cb1a897db36429 555171c0fd4f4f0786cb1a897db36429] 10.0.0.198 "GET /resource_providers/60f8d2f5-8c15-4e52-95bd-a85d500214a9/aggregates" status: 404 len: 235 microversion: 1.1 [pid: 7|app: 0|req: 505/993] 10.0.0.198 () {32 vars in 816 bytes} [Wed Feb 25 23:16:16 2026] GET /resource_providers/60f8d2f5-8c15-4e52-95bd-a85d500214a9/aggregates => generated 235 bytes in 18 msecs (HTTP/1.1 404) 5 headers in 202 bytes (1 switches on core 0)
2026-02-25 23:16:16.621 8 INFO placement.requestlog [None req-22440a1b-4ba8-426b-bbd3-96b5718802f4 e598552658774a25a04c1bf2c5fe7440 4c7bfd7d4076419d9d5702e7131547c0 - - 555171c0fd4f4f0786cb1a897db36429 555171c0fd4f4f0786cb1a897db36429] 10.0.0.198 "DELETE /resource_providers/c2f6959f-ebb6-40cc-aed2-9c68eb4d0935" status: 404 len: 246 microversion: 1.1 [pid: 8|app: 0|req: 489/994] 10.0.0.198 () {34 vars in 816 bytes} [Wed Feb 25 23:16:16 2026] DELETE /resource_providers/c2f6959f-ebb6-40cc-aed2-9c68eb4d0935 => generated 246 bytes in 11 msecs (HTTP/1.1 404) 6 headers in 231 bytes (1 switches on core 0)
2026-02-25 23:16:16.631 7 INFO placement.requestlog [None req-c5ebd1c0-b221-492a-91cc-5bd3ad5aa1fb e598552658774a25a04c1bf2c5fe7440 4c7bfd7d4076419d9d5702e7131547c0 - - 555171c0fd4f4f0786cb1a897db36429 555171c0fd4f4f0786cb1a897db36429] 10.0.0.198 "DELETE /resource_providers/60f8d2f5-8c15-4e52-95bd-a85d500214a9" status: 404 len: 246 microversion: 1.1 [pid: 7|app: 0|req: 506/995] 10.0.0.198 () {34 vars in 816 bytes} [Wed Feb 25 23:16:16 2026] DELETE /resource_providers/60f8d2f5-8c15-4e52-95bd-a85d500214a9 => generated 246 bytes in 9 msecs (HTTP/1.1 404) 6 headers in 231 bytes (1 switches on core 0)
2026-02-25 23:16:16.638 8 INFO placement.requestlog [None req-3d7b31dd-d0fa-44b0-b5be-9881c5c61ec0 e598552658774a25a04c1bf2c5fe7440 4c7bfd7d4076419d9d5702e7131547c0 - - 555171c0fd4f4f0786cb1a897db36429 555171c0fd4f4f0786cb1a897db36429] 10.0.0.198 "GET /resource_providers/60f8d2f5-8c15-4e52-95bd-a85d500214a9/aggregates" status: 404 len: 235 microversion: 1.1 [pid: 8|app: 0|req: 490/996] 10.0.0.198 () {32 vars in 816 bytes} [Wed Feb 25 23:16:16 2026] GET /resource_providers/60f8d2f5-8c15-4e52-95bd-a85d500214a9/aggregates => generated 235 bytes in 9 msecs (HTTP/1.1 404) 5 headers in 202 bytes (1 switches on core 0)
2026-02-25 23:16:16.645 7 INFO placement.requestlog [None req-42a8449b-4918-4ad2-af1b-0125dbb8bd9b e598552658774a25a04c1bf2c5fe7440 4c7bfd7d4076419d9d5702e7131547c0 - - 555171c0fd4f4f0786cb1a897db36429 555171c0fd4f4f0786cb1a897db36429] 10.0.0.198 "GET /resource_providers/e831f93c-bd66-4301-8495-21535294b97b/aggregates" status: 404 len: 235 microversion: 1.1 [pid: 7|app: 0|req: 507/997] 10.0.0.198 () {32 vars in 816 bytes} [Wed Feb 25 23:16:16 2026] GET /resource_providers/e831f93c-bd66-4301-8495-21535294b97b/aggregates => generated 235 bytes in 7 msecs (HTTP/1.1 404) 5 headers in 202 bytes (1 switches on core 0)
2026-02-25 23:16:16.650 8 INFO placement.requestlog [None req-224fc0b9-8fbf-4e2c-991a-4cafa38e18c0 e598552658774a25a04c1bf2c5fe7440 4c7bfd7d4076419d9d5702e7131547c0 - - 555171c0fd4f4f0786cb1a897db36429 555171c0fd4f4f0786cb1a897db36429] 10.0.0.198 "DELETE /resource_providers/60f8d2f5-8c15-4e52-95bd-a85d500214a9" status: 404 len: 246 microversion: 1.1 [pid: 8|app: 0|req: 491/998] 10.0.0.198 () {34 vars in 816 bytes} [Wed Feb 25 23:16:16 2026] DELETE /resource_providers/60f8d2f5-8c15-4e52-95bd-a85d500214a9 => generated 246 bytes in 7 msecs (HTTP/1.1 404) 6 headers in 231 bytes (1 switches on core 0)
2026-02-25 23:16:16.663 7 INFO placement.requestlog [None req-2609f1fe-795c-4a97-959b-08093bb69de8 e598552658774a25a04c1bf2c5fe7440 4c7bfd7d4076419d9d5702e7131547c0 - - 555171c0fd4f4f0786cb1a897db36429 555171c0fd4f4f0786cb1a897db36429] 10.0.0.198 "DELETE /resource_providers/e831f93c-bd66-4301-8495-21535294b97b" status: 404 len: 246 microversion: 1.1
2026-02-25 23:16:16.663 8 INFO placement.requestlog [None req-02349adf-3f1b-4b7e-ae00-37c99baae0b2 e598552658774a25a04c1bf2c5fe7440 4c7bfd7d4076419d9d5702e7131547c0 - - 555171c0fd4f4f0786cb1a897db36429 555171c0fd4f4f0786cb1a897db36429] 10.0.0.198 "GET /resource_providers/e831f93c-bd66-4301-8495-21535294b97b/aggregates" status: 404 len: 235 microversion: 1.1 [pid: 8|app: 0|req: 492/999] 10.0.0.198 () {32 vars in 816 bytes} [Wed Feb 25 23:16:16 2026] GET /resource_providers/e831f93c-bd66-4301-8495-21535294b97b/aggregates => generated 235 bytes in 9 msecs (HTTP/1.1 404) 5 headers in 202 bytes (1 switches on core 0) [pid: 7|app: 0|req: 508/1000] 10.0.0.198 () {34 vars in 816 bytes} [Wed Feb 25 23:16:16 2026] DELETE /resource_providers/e831f93c-bd66-4301-8495-21535294b97b => generated 246 bytes in 10 msecs (HTTP/1.1 404) 6 headers in 231 bytes (1 switches on core 0)
2026-02-25 23:16:16.685 8 INFO placement.requestlog [None req-4d9a3ab0-d585-4196-be8d-3345e4c8bad7 e598552658774a25a04c1bf2c5fe7440 4c7bfd7d4076419d9d5702e7131547c0 - - 555171c0fd4f4f0786cb1a897db36429 555171c0fd4f4f0786cb1a897db36429] 10.0.0.198 "DELETE /resource_providers/e831f93c-bd66-4301-8495-21535294b97b" status: 404 len: 246 microversion: 1.1 [pid: 8|app: 0|req: 493/1001] 10.0.0.198 () {34 vars in 816 bytes} [Wed Feb 25 23:16:16 2026] DELETE /resource_providers/e831f93c-bd66-4301-8495-21535294b97b => generated 246 bytes in 13 msecs (HTTP/1.1 404) 6 headers in 231 bytes (1 switches on core 0)
2026-02-25 23:16:16.693 7 INFO placement.requestlog [None req-2e4060f2-1723-40d5-b92f-cd453c04a4e2 e598552658774a25a04c1bf2c5fe7440 4c7bfd7d4076419d9d5702e7131547c0 - - 555171c0fd4f4f0786cb1a897db36429 555171c0fd4f4f0786cb1a897db36429] 10.0.0.198 "GET /resource_providers/2d593033-b062-4210-8059-9eb847249200/aggregates" status: 404 len: 235 microversion: 1.1 [pid: 7|app: 0|req: 509/1002] 10.0.0.198 () {32 vars in 816 bytes} [Wed Feb 25 23:16:16 2026] GET /resource_providers/2d593033-b062-4210-8059-9eb847249200/aggregates => generated 235 bytes in 16 msecs (HTTP/1.1 404) 5 headers in 202 bytes (1 switches on core 0)
2026-02-25 23:16:16.705 8 INFO placement.requestlog [None req-6e0d1486-1445-42f3-8d42-df7c108ee7b6 e598552658774a25a04c1bf2c5fe7440 4c7bfd7d4076419d9d5702e7131547c0 - - 555171c0fd4f4f0786cb1a897db36429 555171c0fd4f4f0786cb1a897db36429] 10.0.0.198 "GET /resource_providers/2d593033-b062-4210-8059-9eb847249200/aggregates" status: 404 len: 235 microversion: 1.1 [pid: 8|app: 0|req: 494/1003] 10.0.0.198 () {32 vars in 816 bytes} [Wed Feb 25 23:16:16 2026] GET /resource_providers/2d593033-b062-4210-8059-9eb847249200/aggregates => generated 235 bytes in 8 msecs (HTTP/1.1 404) 5 headers in 202 bytes (1 switches on core 0)
2026-02-25 23:16:16.719 7 INFO placement.requestlog [None req-0e145854-a01b-40be-b10f-c7c2bc76704d e598552658774a25a04c1bf2c5fe7440 4c7bfd7d4076419d9d5702e7131547c0 - - 555171c0fd4f4f0786cb1a897db36429 555171c0fd4f4f0786cb1a897db36429] 10.0.0.198 "DELETE /resource_providers/2d593033-b062-4210-8059-9eb847249200" status: 404 len: 246 microversion: 1.1 [pid: 7|app: 0|req: 510/1004] 10.0.0.198 () {34 vars in 816 bytes} [Wed Feb 25 23:16:16 2026] DELETE /resource_providers/2d593033-b062-4210-8059-9eb847249200 => generated 246 bytes in 10 msecs (HTTP/1.1 404) 6 headers in 231 bytes (1 switches on core 0)
2026-02-25 23:16:16.723 8 INFO placement.requestlog [None req-1a62b3bd-e22e-4063-8c95-5a720319e89e e598552658774a25a04c1bf2c5fe7440 4c7bfd7d4076419d9d5702e7131547c0 - - 555171c0fd4f4f0786cb1a897db36429 555171c0fd4f4f0786cb1a897db36429] 10.0.0.198 "DELETE /resource_providers/2d593033-b062-4210-8059-9eb847249200" status: 404 len: 246 microversion: 1.1 [pid: 8|app: 0|req: 495/1005] 10.0.0.198 () {34 vars in 816 bytes} [Wed Feb 25 23:16:16 2026] DELETE /resource_providers/2d593033-b062-4210-8059-9eb847249200 => generated 246 bytes in 6 msecs (HTTP/1.1 404) 6 headers in 231 bytes (1 switches on core 0)
2026-02-25 23:16:16.750 7 INFO placement.requestlog [None req-f5fbddc5-0043-4d61-9682-d88178af8f6f e598552658774a25a04c1bf2c5fe7440 4c7bfd7d4076419d9d5702e7131547c0 - - 555171c0fd4f4f0786cb1a897db36429 555171c0fd4f4f0786cb1a897db36429] 10.0.0.198 "GET /resource_providers/9ad76b79-0cf3-473c-acbf-b8757313eb73/aggregates" status: 404 len: 235 microversion: 1.1 [pid: 7|app: 0|req: 511/1006] 10.0.0.198 () {32 vars in 816 bytes} [Wed Feb 25 23:16:16 2026] GET /resource_providers/9ad76b79-0cf3-473c-acbf-b8757313eb73/aggregates => generated 235 bytes in 15 msecs (HTTP/1.1 404) 5 headers in 202 bytes (1 switches on core 0)
