2026-02-25 23:14:02.221 7 INFO cinder.api.openstack.wsgi [req-2185a505-2635-4cc6-bc87-0ea9dc52cb66 req-b5f6e25f-fcc9-4969-8640-ed54351227b2 08e079ca1434441783fd87448800914e d28150a5788d40f2982fd2b9a3b55324 - - default default] http://cinder-api.openstack.svc.cluster.local:8776/v3/d28150a5788d40f2982fd2b9a3b55324/attachments/1213badf-9355-4373-83ad-eb125e317386/action returned with HTTP 204 [pid: 7|app: 0|req: 336/669] 199.204.45.95 () {40 vars in 1147 bytes} [Wed Feb 25 23:14:02 2026] POST /v3/d28150a5788d40f2982fd2b9a3b55324/attachments/1213badf-9355-4373-83ad-eb125e317386/action => generated 0 bytes in 40 msecs (HTTP/1.1 204) 7 headers in 292 bytes (1 switches on core 0)
2026-02-25 23:14:03.295 7 INFO cinder.api.openstack.wsgi [req-2185a505-2635-4cc6-bc87-0ea9dc52cb66 req-b5f6e25f-fcc9-4969-8640-ed54351227b2 08e079ca1434441783fd87448800914e d28150a5788d40f2982fd2b9a3b55324 - - default default] GET http://10.0.0.135:8776/
2026-02-25 23:14:03.296 8 INFO cinder.api.openstack.wsgi [req-2185a505-2635-4cc6-bc87-0ea9dc52cb66 req-faf17ce4-76e0-4770-af56-0ce2c37252a8 08e079ca1434441783fd87448800914e d28150a5788d40f2982fd2b9a3b55324 - - default default] GET http://10.0.0.135:8776/
2026-02-25 23:14:03.296 7 INFO cinder.api.openstack.wsgi [req-2185a505-2635-4cc6-bc87-0ea9dc52cb66 req-b5f6e25f-fcc9-4969-8640-ed54351227b2 08e079ca1434441783fd87448800914e d28150a5788d40f2982fd2b9a3b55324 - - default default] http://10.0.0.135:8776/ returned with HTTP 300
2026-02-25 23:14:03.297 8 INFO cinder.api.openstack.wsgi [req-2185a505-2635-4cc6-bc87-0ea9dc52cb66 req-faf17ce4-76e0-4770-af56-0ce2c37252a8 08e079ca1434441783fd87448800914e d28150a5788d40f2982fd2b9a3b55324 - - default default] http://10.0.0.135:8776/ returned with HTTP 300
2026-02-25 23:14:13.295 8 INFO cinder.api.openstack.wsgi [req-2185a505-2635-4cc6-bc87-0ea9dc52cb66 req-faf17ce4-76e0-4770-af56-0ce2c37252a8 08e079ca1434441783fd87448800914e d28150a5788d40f2982fd2b9a3b55324 - - default default] GET http://10.0.0.135:8776/
2026-02-25 23:14:13.295 7 INFO cinder.api.openstack.wsgi [req-2185a505-2635-4cc6-bc87-0ea9dc52cb66 req-b5f6e25f-fcc9-4969-8640-ed54351227b2 08e079ca1434441783fd87448800914e d28150a5788d40f2982fd2b9a3b55324 - - default default] GET http://10.0.0.135:8776/
2026-02-25 23:14:13.295 8 INFO cinder.api.openstack.wsgi [req-2185a505-2635-4cc6-bc87-0ea9dc52cb66 req-faf17ce4-76e0-4770-af56-0ce2c37252a8 08e079ca1434441783fd87448800914e d28150a5788d40f2982fd2b9a3b55324 - - default default] http://10.0.0.135:8776/ returned with HTTP 300
2026-02-25 23:14:13.296 7 INFO cinder.api.openstack.wsgi [req-2185a505-2635-4cc6-bc87-0ea9dc52cb66 req-b5f6e25f-fcc9-4969-8640-ed54351227b2 08e079ca1434441783fd87448800914e d28150a5788d40f2982fd2b9a3b55324 - - default default] http://10.0.0.135:8776/ returned with HTTP 300 /var/lib/openstack/lib/python3.12/site-packages/pycadf/identifier.py:70: UserWarning: Invalid uuid: cinderv3. To ensure interoperability, identifiers should be a valid uuid. warnings.warn(('Invalid uuid: %s. To ensure interoperability, '
2026-02-25 23:14:15.153 8 INFO cinder.api.openstack.wsgi [req-c497b902-910c-4c2b-b6a2-1468861aeba8 req-c8f2d601-7aff-4d5a-95c8-d4ef4d5f6432 08e079ca1434441783fd87448800914e d28150a5788d40f2982fd2b9a3b55324 - - default default] DELETE http://cinder-api.openstack.svc.cluster.local:8776/v3/d28150a5788d40f2982fd2b9a3b55324/attachments/1213badf-9355-4373-83ad-eb125e317386 /var/lib/openstack/lib/python3.12/site-packages/oslo_context/context.py:101: DeprecationWarning: Policy enforcement is depending on the value of is_admin. This key is deprecated. Please update your policy file to use the standard policy values. warnings.warn(
2026-02-25 23:14:15.743 8 INFO cinder.api.openstack.wsgi [req-c497b902-910c-4c2b-b6a2-1468861aeba8 req-c8f2d601-7aff-4d5a-95c8-d4ef4d5f6432 08e079ca1434441783fd87448800914e d28150a5788d40f2982fd2b9a3b55324 - - default default] http://cinder-api.openstack.svc.cluster.local:8776/v3/d28150a5788d40f2982fd2b9a3b55324/attachments/1213badf-9355-4373-83ad-eb125e317386 returned with HTTP 200 [pid: 8|app: 0|req: 336/674] 199.204.45.95 () {38 vars in 1102 bytes} [Wed Feb 25 23:14:15 2026] DELETE /v3/d28150a5788d40f2982fd2b9a3b55324/attachments/1213badf-9355-4373-83ad-eb125e317386 => generated 19 bytes in 598 msecs (HTTP/1.1 200) 7 headers in 285 bytes (1 switches on core 0) /var/lib/openstack/lib/python3.12/site-packages/pycadf/identifier.py:70: UserWarning: Invalid uuid: cinderv3. To ensure interoperability, identifiers should be a valid uuid. warnings.warn(('Invalid uuid: %s. To ensure interoperability, '
2026-02-25 23:14:15.758 7 INFO cinder.api.openstack.wsgi [req-c497b902-910c-4c2b-b6a2-1468861aeba8 req-cd0e030f-b940-4b6e-b399-121ad8a0ccdb 08e079ca1434441783fd87448800914e d28150a5788d40f2982fd2b9a3b55324 - - default default] DELETE http://cinder-api.openstack.svc.cluster.local:8776/v3/d28150a5788d40f2982fd2b9a3b55324/volumes/ad0fd07b-1900-4a07-9658-36033de843fd
2026-02-25 23:14:15.758 7 INFO cinder.api.v3.volumes [req-c497b902-910c-4c2b-b6a2-1468861aeba8 req-cd0e030f-b940-4b6e-b399-121ad8a0ccdb 08e079ca1434441783fd87448800914e d28150a5788d40f2982fd2b9a3b55324 - - default default] Delete volume with id: ad0fd07b-1900-4a07-9658-36033de843fd /var/lib/openstack/lib/python3.12/site-packages/oslo_context/context.py:101: DeprecationWarning: Policy enforcement is depending on the value of is_admin. This key is deprecated. Please update your policy file to use the standard policy values. warnings.warn(
2026-02-25 23:14:15.766 7 INFO cinder.volume.api [req-c497b902-910c-4c2b-b6a2-1468861aeba8 req-cd0e030f-b940-4b6e-b399-121ad8a0ccdb 08e079ca1434441783fd87448800914e d28150a5788d40f2982fd2b9a3b55324 - - default default] Volume info retrieved successfully.
2026-02-25 23:14:15.792 7 INFO cinder.volume.api [req-c497b902-910c-4c2b-b6a2-1468861aeba8 req-cd0e030f-b940-4b6e-b399-121ad8a0ccdb 08e079ca1434441783fd87448800914e d28150a5788d40f2982fd2b9a3b55324 - - default default] Delete volume request issued successfully.
2026-02-25 23:14:15.793 7 INFO cinder.api.openstack.wsgi [req-c497b902-910c-4c2b-b6a2-1468861aeba8 req-cd0e030f-b940-4b6e-b399-121ad8a0ccdb 08e079ca1434441783fd87448800914e d28150a5788d40f2982fd2b9a3b55324 - - default default] http://cinder-api.openstack.svc.cluster.local:8776/v3/d28150a5788d40f2982fd2b9a3b55324/volumes/ad0fd07b-1900-4a07-9658-36033de843fd returned with HTTP 202 [pid: 7|app: 0|req: 339/675] 199.204.45.95 () {36 vars in 1053 bytes} [Wed Feb 25 23:14:15 2026] DELETE /v3/d28150a5788d40f2982fd2b9a3b55324/volumes/ad0fd07b-1900-4a07-9658-36033de843fd => generated 0 bytes in 42 msecs (HTTP/1.1 202) 6 headers in 233 bytes (1 switches on core 0) /var/lib/openstack/lib/python3.12/site-packages/pycadf/identifier.py:70: UserWarning: Invalid uuid: cinderv3. To ensure interoperability, identifiers should be a valid uuid. warnings.warn(('Invalid uuid: %s. To ensure interoperability, '
2026-02-25 23:14:20.732 8 INFO cinder.api.openstack.wsgi [None req-d03c0327-1a05-4020-a0d9-9345c7e70e15 9b168ad66fc844efbabced2213d24f76 a1d4b8a41aa54ac48910f1e63f724ef8 - - default default] GET http://cinder-api.openstack.svc.cluster.local:8776/v3/a1d4b8a41aa54ac48910f1e63f724ef8/snapshots?all_tenants=true /var/lib/openstack/lib/python3.12/site-packages/oslo_context/context.py:101: DeprecationWarning: Policy enforcement is depending on the value of is_admin. This key is deprecated. Please update your policy file to use the standard policy values. warnings.warn(
2026-02-25 23:14:20.740 8 INFO cinder.volume.api [None req-d03c0327-1a05-4020-a0d9-9345c7e70e15 9b168ad66fc844efbabced2213d24f76 a1d4b8a41aa54ac48910f1e63f724ef8 - - default default] Get all snapshots completed successfully.
2026-02-25 23:14:20.741 8 INFO cinder.api.openstack.wsgi [None req-d03c0327-1a05-4020-a0d9-9345c7e70e15 9b168ad66fc844efbabced2213d24f76 a1d4b8a41aa54ac48910f1e63f724ef8 - - default default] http://cinder-api.openstack.svc.cluster.local:8776/v3/a1d4b8a41aa54ac48910f1e63f724ef8/snapshots?all_tenants=true returned with HTTP 200 [pid: 8|app: 0|req: 337/676] 10.0.0.139 () {28 vars in 674 bytes} [Wed Feb 25 23:14:20 2026] GET /v3/a1d4b8a41aa54ac48910f1e63f724ef8/snapshots?all_tenants=true => generated 17 bytes in 278 msecs (HTTP/1.1 200) 7 headers in 284 bytes (1 switches on core 0) /var/lib/openstack/lib/python3.12/site-packages/pycadf/identifier.py:70: UserWarning: Invalid uuid: cinderv3. To ensure interoperability, identifiers should be a valid uuid. warnings.warn(('Invalid uuid: %s. To ensure interoperability, '
2026-02-25 23:14:20.754 7 INFO cinder.api.openstack.wsgi [None req-c0ea57da-1811-44f0-b595-e947479a6e35 9b168ad66fc844efbabced2213d24f76 a1d4b8a41aa54ac48910f1e63f724ef8 - - default default] GET http://cinder-api.openstack.svc.cluster.local:8776/v3/a1d4b8a41aa54ac48910f1e63f724ef8/volumes/detail?all_tenants=true
2026-02-25 23:14:20.764 7 INFO cinder.volume.api [None req-c0ea57da-1811-44f0-b595-e947479a6e35 9b168ad66fc844efbabced2213d24f76 a1d4b8a41aa54ac48910f1e63f724ef8 - - default default] Get all volumes completed successfully.
2026-02-25 23:14:20.767 7 INFO cinder.api.openstack.wsgi [None req-c0ea57da-1811-44f0-b595-e947479a6e35 9b168ad66fc844efbabced2213d24f76 a1d4b8a41aa54ac48910f1e63f724ef8 - - default default] http://cinder-api.openstack.svc.cluster.local:8776/v3/a1d4b8a41aa54ac48910f1e63f724ef8/volumes/detail?all_tenants=true returned with HTTP 200 [pid: 7|app: 0|req: 340/677] 10.0.0.139 () {28 vars in 684 bytes} [Wed Feb 25 23:14:20 2026] GET /v3/a1d4b8a41aa54ac48910f1e63f724ef8/volumes/detail?all_tenants=true => generated 15 bytes in 18 msecs (HTTP/1.1 200) 7 headers in 284 bytes (1 switches on core 0)
2026-02-25 23:14:20.778 8 INFO cinder.api.openstack.wsgi [None req-12df6d8e-b2e2-4473-acda-7eb506b99d64 9b168ad66fc844efbabced2213d24f76 a1d4b8a41aa54ac48910f1e63f724ef8 - - default default] GET http://cinder-api.openstack.svc.cluster.local:8776/v3/a1d4b8a41aa54ac48910f1e63f724ef8/os-services
2026-02-25 23:14:20.787 8 INFO cinder.api.openstack.wsgi [None req-12df6d8e-b2e2-4473-acda-7eb506b99d64 9b168ad66fc844efbabced2213d24f76 a1d4b8a41aa54ac48910f1e63f724ef8 - - default default] http://cinder-api.openstack.svc.cluster.local:8776/v3/a1d4b8a41aa54ac48910f1e63f724ef8/os-services returned with HTTP 200 [pid: 8|app: 0|req: 338/678] 10.0.0.139 () {28 vars in 645 bytes} [Wed Feb 25 23:14:20 2026] GET /v3/a1d4b8a41aa54ac48910f1e63f724ef8/os-services => generated 646 bytes in 15 msecs (HTTP/1.1 200) 7 headers in 285 bytes (1 switches on core 0)
2026-02-25 23:14:20.796 7 INFO cinder.api.openstack.wsgi [None req-86d54b0f-5118-4f8b-819d-55e5e053717f 9b168ad66fc844efbabced2213d24f76 a1d4b8a41aa54ac48910f1e63f724ef8 - - default default] GET http://cinder-api.openstack.svc.cluster.local:8776/v3/a1d4b8a41aa54ac48910f1e63f724ef8/scheduler-stats/get_pools?detail=true
2026-02-25 23:14:21.299 7 INFO cinder.api.openstack.wsgi [None req-86d54b0f-5118-4f8b-819d-55e5e053717f 9b168ad66fc844efbabced2213d24f76 a1d4b8a41aa54ac48910f1e63f724ef8 - - default default] http://cinder-api.openstack.svc.cluster.local:8776/v3/a1d4b8a41aa54ac48910f1e63f724ef8/scheduler-stats/get_pools?detail=true returned with HTTP 200 [pid: 7|app: 0|req: 341/679] 10.0.0.139 () {28 vars in 696 bytes} [Wed Feb 25 23:14:20 2026] GET /v3/a1d4b8a41aa54ac48910f1e63f724ef8/scheduler-stats/get_pools?detail=true => generated 670 bytes in 509 msecs (HTTP/1.1 200) 7 headers in 285 bytes (1 switches on core 0)
2026-02-25 23:14:21.336 8 INFO cinder.api.openstack.wsgi [None req-a898fb2c-8aae-48c0-9883-d7a8f5190def 9b168ad66fc844efbabced2213d24f76 a1d4b8a41aa54ac48910f1e63f724ef8 - - default default] GET http://cinder-api.openstack.svc.cluster.local:8776/v3/a1d4b8a41aa54ac48910f1e63f724ef8/os-quota-sets/4c7bfd7d4076419d9d5702e7131547c0?usage=true
2026-02-25 23:14:21.359 8 INFO cinder.api.openstack.wsgi [None req-a898fb2c-8aae-48c0-9883-d7a8f5190def 9b168ad66fc844efbabced2213d24f76 a1d4b8a41aa54ac48910f1e63f724ef8 - - default default] http://cinder-api.openstack.svc.cluster.local:8776/v3/a1d4b8a41aa54ac48910f1e63f724ef8/os-quota-sets/4c7bfd7d4076419d9d5702e7131547c0?usage=true returned with HTTP 200 [pid: 8|app: 0|req: 339/680] 10.0.0.139 () {28 vars in 736 bytes} [Wed Feb 25 23:14:21 2026] GET /v3/a1d4b8a41aa54ac48910f1e63f724ef8/os-quota-sets/4c7bfd7d4076419d9d5702e7131547c0?usage=true => generated 845 bytes in 29 msecs (HTTP/1.1 200) 7 headers in 285 bytes (1 switches on core 0)
2026-02-25 23:14:21.373 7 INFO cinder.api.openstack.wsgi [None req-a03bcaa0-6e16-44eb-9708-254200e8abc7 9b168ad66fc844efbabced2213d24f76 a1d4b8a41aa54ac48910f1e63f724ef8 - - default default] GET http://cinder-api.openstack.svc.cluster.local:8776/v3/a1d4b8a41aa54ac48910f1e63f724ef8/os-quota-sets/524f8938e49c4268bf9284bce41aeef6?usage=true
2026-02-25 23:14:21.395 7 INFO cinder.api.openstack.wsgi [None req-a03bcaa0-6e16-44eb-9708-254200e8abc7 9b168ad66fc844efbabced2213d24f76 a1d4b8a41aa54ac48910f1e63f724ef8 - - default default] http://cinder-api.openstack.svc.cluster.local:8776/v3/a1d4b8a41aa54ac48910f1e63f724ef8/os-quota-sets/524f8938e49c4268bf9284bce41aeef6?usage=true returned with HTTP 200 [pid: 7|app: 0|req: 342/681] 10.0.0.139 () {28 vars in 736 bytes} [Wed Feb 25 23:14:21 2026] GET /v3/a1d4b8a41aa54ac48910f1e63f724ef8/os-quota-sets/524f8938e49c4268bf9284bce41aeef6?usage=true => generated 847 bytes in 32 msecs (HTTP/1.1 200) 7 headers in 285 bytes (1 switches on core 0)
2026-02-25 23:14:21.411 8 INFO cinder.api.openstack.wsgi [None req-aa3ea48e-dcae-46f6-a4d2-089a2fed97a0 9b168ad66fc844efbabced2213d24f76 a1d4b8a41aa54ac48910f1e63f724ef8 - - default default] GET http://cinder-api.openstack.svc.cluster.local:8776/v3/a1d4b8a41aa54ac48910f1e63f724ef8/os-quota-sets/a1d4b8a41aa54ac48910f1e63f724ef8?usage=true
2026-02-25 23:14:21.433 8 INFO cinder.api.openstack.wsgi [None req-aa3ea48e-dcae-46f6-a4d2-089a2fed97a0 9b168ad66fc844efbabced2213d24f76 a1d4b8a41aa54ac48910f1e63f724ef8 - - default default] http://cinder-api.openstack.svc.cluster.local:8776/v3/a1d4b8a41aa54ac48910f1e63f724ef8/os-quota-sets/a1d4b8a41aa54ac48910f1e63f724ef8?usage=true returned with HTTP 200 [pid: 8|app: 0|req: 340/682] 10.0.0.139 () {28 vars in 736 bytes} [Wed Feb 25 23:14:21 2026] GET /v3/a1d4b8a41aa54ac48910f1e63f724ef8/os-quota-sets/a1d4b8a41aa54ac48910f1e63f724ef8?usage=true => generated 845 bytes in 33 msecs (HTTP/1.1 200) 7 headers in 285 bytes (1 switches on core 0)
2026-02-25 23:14:21.447 7 INFO cinder.api.openstack.wsgi [None req-85362e99-c546-4161-a771-c583a871e599 9b168ad66fc844efbabced2213d24f76 a1d4b8a41aa54ac48910f1e63f724ef8 - - default default] GET http://cinder-api.openstack.svc.cluster.local:8776/v3/a1d4b8a41aa54ac48910f1e63f724ef8/os-quota-sets/ac0e624efab7407383e8bb1e7be7c8ac?usage=true
2026-02-25 23:14:21.470 7 INFO cinder.api.openstack.wsgi [None req-85362e99-c546-4161-a771-c583a871e599 9b168ad66fc844efbabced2213d24f76 a1d4b8a41aa54ac48910f1e63f724ef8 - - default default] http://cinder-api.openstack.svc.cluster.local:8776/v3/a1d4b8a41aa54ac48910f1e63f724ef8/os-quota-sets/ac0e624efab7407383e8bb1e7be7c8ac?usage=true returned with HTTP 200 [pid: 7|app: 0|req: 343/683] 10.0.0.139 () {28 vars in 736 bytes} [Wed Feb 25 23:14:21 2026] GET /v3/a1d4b8a41aa54ac48910f1e63f724ef8/os-quota-sets/ac0e624efab7407383e8bb1e7be7c8ac?usage=true => generated 847 bytes in 31 msecs (HTTP/1.1 200) 7 headers in 285 bytes (1 switches on core 0)
2026-02-25 23:14:21.482 8 INFO cinder.api.openstack.wsgi [None req-0400c2e1-dc6b-4883-a988-4b2ed391129e 9b168ad66fc844efbabced2213d24f76 a1d4b8a41aa54ac48910f1e63f724ef8 - - default default] GET http://cinder-api.openstack.svc.cluster.local:8776/v3/a1d4b8a41aa54ac48910f1e63f724ef8/os-quota-sets/b3cec2160db5451eaa8464843b58e855?usage=true
2026-02-25 23:14:21.506 8 INFO cinder.api.openstack.wsgi [None req-0400c2e1-dc6b-4883-a988-4b2ed391129e 9b168ad66fc844efbabced2213d24f76 a1d4b8a41aa54ac48910f1e63f724ef8 - - default default] http://cinder-api.openstack.svc.cluster.local:8776/v3/a1d4b8a41aa54ac48910f1e63f724ef8/os-quota-sets/b3cec2160db5451eaa8464843b58e855?usage=true returned with HTTP 200 [pid: 8|app: 0|req: 341/684] 10.0.0.139 () {28 vars in 736 bytes} [Wed Feb 25 23:14:21 2026] GET /v3/a1d4b8a41aa54ac48910f1e63f724ef8/os-quota-sets/b3cec2160db5451eaa8464843b58e855?usage=true => generated 847 bytes in 32 msecs (HTTP/1.1 200) 7 headers in 285 bytes (1 switches on core 0)
2026-02-25 23:14:21.518 7 INFO cinder.api.openstack.wsgi [None req-1d20b3ad-0450-46e8-a51c-8cd53b0a3278 9b168ad66fc844efbabced2213d24f76 a1d4b8a41aa54ac48910f1e63f724ef8 - - default default] GET http://cinder-api.openstack.svc.cluster.local:8776/v3/a1d4b8a41aa54ac48910f1e63f724ef8/os-quota-sets/d28150a5788d40f2982fd2b9a3b55324?usage=true
2026-02-25 23:14:21.541 7 INFO cinder.api.openstack.wsgi [None req-1d20b3ad-0450-46e8-a51c-8cd53b0a3278 9b168ad66fc844efbabced2213d24f76 a1d4b8a41aa54ac48910f1e63f724ef8 - - default default] http://cinder-api.openstack.svc.cluster.local:8776/v3/a1d4b8a41aa54ac48910f1e63f724ef8/os-quota-sets/d28150a5788d40f2982fd2b9a3b55324?usage=true returned with HTTP 200 [pid: 7|app: 0|req: 344/685] 10.0.0.139 () {28 vars in 736 bytes} [Wed Feb 25 23:14:21 2026] GET /v3/a1d4b8a41aa54ac48910f1e63f724ef8/os-quota-sets/d28150a5788d40f2982fd2b9a3b55324?usage=true => generated 847 bytes in 31 msecs (HTTP/1.1 200) 7 headers in 285 bytes (1 switches on core 0)
2026-02-25 23:14:21.553 8 INFO cinder.api.openstack.wsgi [None req-ee61e8a0-21ea-44a2-8ab8-688fded0d1b3 9b168ad66fc844efbabced2213d24f76 a1d4b8a41aa54ac48910f1e63f724ef8 - - default default] GET http://cinder-api.openstack.svc.cluster.local:8776/v3/a1d4b8a41aa54ac48910f1e63f724ef8/os-quota-sets/fc8bb76e674a4391a6de285a7e7b57a3?usage=true
2026-02-25 23:14:21.572 8 INFO cinder.api.openstack.wsgi [None req-ee61e8a0-21ea-44a2-8ab8-688fded0d1b3 9b168ad66fc844efbabced2213d24f76 a1d4b8a41aa54ac48910f1e63f724ef8 - - default default] http://cinder-api.openstack.svc.cluster.local:8776/v3/a1d4b8a41aa54ac48910f1e63f724ef8/os-quota-sets/fc8bb76e674a4391a6de285a7e7b57a3?usage=true returned with HTTP 200 [pid: 8|app: 0|req: 342/686] 10.0.0.139 () {28 vars in 736 bytes} [Wed Feb 25 23:14:21 2026] GET /v3/a1d4b8a41aa54ac48910f1e63f724ef8/os-quota-sets/fc8bb76e674a4391a6de285a7e7b57a3?usage=true => generated 847 bytes in 28 msecs (HTTP/1.1 200) 7 headers in 285 bytes (1 switches on core 0)
2026-02-25 23:14:21.585 7 INFO cinder.api.openstack.wsgi [None req-1c96df5a-76e9-4f90-9ae0-5465baebec6b 9b168ad66fc844efbabced2213d24f76 a1d4b8a41aa54ac48910f1e63f724ef8 - - default default] GET http://cinder-api.openstack.svc.cluster.local:8776/v3/a1d4b8a41aa54ac48910f1e63f724ef8/volumes/detail?all_tenants=true
2026-02-25 23:14:21.597 7 INFO cinder.volume.api [None req-1c96df5a-76e9-4f90-9ae0-5465baebec6b 9b168ad66fc844efbabced2213d24f76 a1d4b8a41aa54ac48910f1e63f724ef8 - - default default] Get all volumes completed successfully.
2026-02-25 23:14:21.599 7 INFO cinder.api.openstack.wsgi [None req-1c96df5a-76e9-4f90-9ae0-5465baebec6b 9b168ad66fc844efbabced2213d24f76 a1d4b8a41aa54ac48910f1e63f724ef8 - - default default] http://cinder-api.openstack.svc.cluster.local:8776/v3/a1d4b8a41aa54ac48910f1e63f724ef8/volumes/detail?all_tenants=true returned with HTTP 200 [pid: 7|app: 0|req: 345/687] 10.0.0.139 () {28 vars in 684 bytes} [Wed Feb 25 23:14:21 2026] GET /v3/a1d4b8a41aa54ac48910f1e63f724ef8/volumes/detail?all_tenants=true => generated 15 bytes in 22 msecs (HTTP/1.1 200) 7 headers in 284 bytes (1 switches on core 0)
2026-02-25 23:14:23.295 7 INFO cinder.api.openstack.wsgi [None req-1c96df5a-76e9-4f90-9ae0-5465baebec6b 9b168ad66fc844efbabced2213d24f76 a1d4b8a41aa54ac48910f1e63f724ef8 - - default default] GET http://10.0.0.135:8776/
2026-02-25 23:14:23.295 8 INFO cinder.api.openstack.wsgi [None req-ee61e8a0-21ea-44a2-8ab8-688fded0d1b3 9b168ad66fc844efbabced2213d24f76 a1d4b8a41aa54ac48910f1e63f724ef8 - - default default] GET http://10.0.0.135:8776/
2026-02-25 23:14:23.297 7 INFO cinder.api.openstack.wsgi [None req-1c96df5a-76e9-4f90-9ae0-5465baebec6b 9b168ad66fc844efbabced2213d24f76 a1d4b8a41aa54ac48910f1e63f724ef8 - - default default] http://10.0.0.135:8776/ returned with HTTP 300
2026-02-25 23:14:23.297 8 INFO cinder.api.openstack.wsgi [None req-ee61e8a0-21ea-44a2-8ab8-688fded0d1b3 9b168ad66fc844efbabced2213d24f76 a1d4b8a41aa54ac48910f1e63f724ef8 - - default default] http://10.0.0.135:8776/ returned with HTTP 300
2026-02-25 23:14:33.295 8 INFO cinder.api.openstack.wsgi [None req-ee61e8a0-21ea-44a2-8ab8-688fded0d1b3 9b168ad66fc844efbabced2213d24f76 a1d4b8a41aa54ac48910f1e63f724ef8 - - default default] GET http://10.0.0.135:8776/
2026-02-25 23:14:33.295 7 INFO cinder.api.openstack.wsgi [None req-1c96df5a-76e9-4f90-9ae0-5465baebec6b 9b168ad66fc844efbabced2213d24f76 a1d4b8a41aa54ac48910f1e63f724ef8 - - default default] GET http://10.0.0.135:8776/
2026-02-25 23:14:33.296 8 INFO cinder.api.openstack.wsgi [None req-ee61e8a0-21ea-44a2-8ab8-688fded0d1b3 9b168ad66fc844efbabced2213d24f76 a1d4b8a41aa54ac48910f1e63f724ef8 - - default default] http://10.0.0.135:8776/ returned with HTTP 300
2026-02-25 23:14:33.296 7 INFO cinder.api.openstack.wsgi [None req-1c96df5a-76e9-4f90-9ae0-5465baebec6b 9b168ad66fc844efbabced2213d24f76 a1d4b8a41aa54ac48910f1e63f724ef8 - - default default] http://10.0.0.135:8776/ returned with HTTP 300
2026-02-25 23:14:43.295 8 INFO cinder.api.openstack.wsgi [None req-ee61e8a0-21ea-44a2-8ab8-688fded0d1b3 9b168ad66fc844efbabced2213d24f76 a1d4b8a41aa54ac48910f1e63f724ef8 - - default default] GET http://10.0.0.135:8776/
2026-02-25 23:14:43.295 7 INFO cinder.api.openstack.wsgi [None req-1c96df5a-76e9-4f90-9ae0-5465baebec6b 9b168ad66fc844efbabced2213d24f76 a1d4b8a41aa54ac48910f1e63f724ef8 - - default default] GET http://10.0.0.135:8776/
2026-02-25 23:14:43.296 8 INFO cinder.api.openstack.wsgi [None req-ee61e8a0-21ea-44a2-8ab8-688fded0d1b3 9b168ad66fc844efbabced2213d24f76 a1d4b8a41aa54ac48910f1e63f724ef8 - - default default] http://10.0.0.135:8776/ returned with HTTP 300
2026-02-25 23:14:43.296 7 INFO cinder.api.openstack.wsgi [None req-1c96df5a-76e9-4f90-9ae0-5465baebec6b 9b168ad66fc844efbabced2213d24f76 a1d4b8a41aa54ac48910f1e63f724ef8 - - default default] http://10.0.0.135:8776/ returned with HTTP 300
2026-02-25 23:14:53.296 7 INFO cinder.api.openstack.wsgi [None req-1c96df5a-76e9-4f90-9ae0-5465baebec6b 9b168ad66fc844efbabced2213d24f76 a1d4b8a41aa54ac48910f1e63f724ef8 - - default default] GET http://10.0.0.135:8776/
2026-02-25 23:14:53.296 8 INFO cinder.api.openstack.wsgi [None req-ee61e8a0-21ea-44a2-8ab8-688fded0d1b3 9b168ad66fc844efbabced2213d24f76 a1d4b8a41aa54ac48910f1e63f724ef8 - - default default] GET http://10.0.0.135:8776/
2026-02-25 23:14:53.297 7 INFO cinder.api.openstack.wsgi [None req-1c96df5a-76e9-4f90-9ae0-5465baebec6b 9b168ad66fc844efbabced2213d24f76 a1d4b8a41aa54ac48910f1e63f724ef8 - - default default] http://10.0.0.135:8776/ returned with HTTP 300
2026-02-25 23:14:53.297 8 INFO cinder.api.openstack.wsgi [None req-ee61e8a0-21ea-44a2-8ab8-688fded0d1b3 9b168ad66fc844efbabced2213d24f76 a1d4b8a41aa54ac48910f1e63f724ef8 - - default default] http://10.0.0.135:8776/ returned with HTTP 300
2026-02-25 23:15:03.295 7 INFO cinder.api.openstack.wsgi [None req-1c96df5a-76e9-4f90-9ae0-5465baebec6b 9b168ad66fc844efbabced2213d24f76 a1d4b8a41aa54ac48910f1e63f724ef8 - - default default] GET http://10.0.0.135:8776/
2026-02-25 23:15:03.295 8 INFO cinder.api.openstack.wsgi [None req-ee61e8a0-21ea-44a2-8ab8-688fded0d1b3 9b168ad66fc844efbabced2213d24f76 a1d4b8a41aa54ac48910f1e63f724ef8 - - default default] GET http://10.0.0.135:8776/
2026-02-25 23:15:03.296 7 INFO cinder.api.openstack.wsgi [None req-1c96df5a-76e9-4f90-9ae0-5465baebec6b 9b168ad66fc844efbabced2213d24f76 a1d4b8a41aa54ac48910f1e63f724ef8 - - default default] http://10.0.0.135:8776/ returned with HTTP 300
2026-02-25 23:15:03.296 8 INFO cinder.api.openstack.wsgi [None req-ee61e8a0-21ea-44a2-8ab8-688fded0d1b3 9b168ad66fc844efbabced2213d24f76 a1d4b8a41aa54ac48910f1e63f724ef8 - - default default] http://10.0.0.135:8776/ returned with HTTP 300
2026-02-25 23:15:07.373 8 INFO cinder.api.openstack.wsgi [req-ccbb0819-2f01-4d0c-939b-e2454ef4b93a req-1985fb31-654e-4814-8960-05d6242f2a3d 32091c4920fd4261ae407d7350398707 7fdf387a539043068bd5f52f03436d88 - - default default] GET http://cinder-api.openstack.svc.cluster.local:8776/v3/7fdf387a539043068bd5f52f03436d88/attachments?instance_id=8b71a6cd-6961-4953-9dc2-46252f72aa85
2026-02-25 23:15:07.388 8 INFO cinder.api.openstack.wsgi [req-ccbb0819-2f01-4d0c-939b-e2454ef4b93a req-1985fb31-654e-4814-8960-05d6242f2a3d 32091c4920fd4261ae407d7350398707 7fdf387a539043068bd5f52f03436d88 - - default default] http://cinder-api.openstack.svc.cluster.local:8776/v3/7fdf387a539043068bd5f52f03436d88/attachments?instance_id=8b71a6cd-6961-4953-9dc2-46252f72aa85 returned with HTTP 200 [pid: 8|app: 0|req: 348/698] 199.204.45.95 () {36 vars in 1103 bytes} [Wed Feb 25 23:15:07 2026] GET /v3/7fdf387a539043068bd5f52f03436d88/attachments?instance_id=8b71a6cd-6961-4953-9dc2-46252f72aa85 => generated 19 bytes in 24 msecs (HTTP/1.1 200) 7 headers in 285 bytes (1 switches on core 0)
2026-02-25 23:15:13.296 8 INFO cinder.api.openstack.wsgi [req-ccbb0819-2f01-4d0c-939b-e2454ef4b93a req-1985fb31-654e-4814-8960-05d6242f2a3d 32091c4920fd4261ae407d7350398707 7fdf387a539043068bd5f52f03436d88 - - default default] GET http://10.0.0.135:8776/
2026-02-25 23:15:13.296 7 INFO cinder.api.openstack.wsgi [None req-1c96df5a-76e9-4f90-9ae0-5465baebec6b 9b168ad66fc844efbabced2213d24f76 a1d4b8a41aa54ac48910f1e63f724ef8 - - default default] GET http://10.0.0.135:8776/
2026-02-25 23:15:13.297 7 INFO cinder.api.openstack.wsgi [None req-1c96df5a-76e9-4f90-9ae0-5465baebec6b 9b168ad66fc844efbabced2213d24f76 a1d4b8a41aa54ac48910f1e63f724ef8 - - default default] http://10.0.0.135:8776/ returned with HTTP 300
2026-02-25 23:15:13.298 8 INFO cinder.api.openstack.wsgi [req-ccbb0819-2f01-4d0c-939b-e2454ef4b93a req-1985fb31-654e-4814-8960-05d6242f2a3d 32091c4920fd4261ae407d7350398707 7fdf387a539043068bd5f52f03436d88 - - default default] http://10.0.0.135:8776/ returned with HTTP 300
2026-02-25 23:15:20.865 7 INFO cinder.api.openstack.wsgi [None req-0cf83e24-f3fb-4422-9a3f-05e1274614b3 9b168ad66fc844efbabced2213d24f76 a1d4b8a41aa54ac48910f1e63f724ef8 - - default default] GET http://cinder-api.openstack.svc.cluster.local:8776/v3/a1d4b8a41aa54ac48910f1e63f724ef8/os-services
2026-02-25 23:15:20.879 7 INFO cinder.api.openstack.wsgi [None req-0cf83e24-f3fb-4422-9a3f-05e1274614b3 9b168ad66fc844efbabced2213d24f76 a1d4b8a41aa54ac48910f1e63f724ef8 - - default default] http://cinder-api.openstack.svc.cluster.local:8776/v3/a1d4b8a41aa54ac48910f1e63f724ef8/os-services returned with HTTP 200 [pid: 7|app: 0|req: 352/701] 10.0.0.139 () {28 vars in 645 bytes} [Wed Feb 25 23:15:20 2026] GET /v3/a1d4b8a41aa54ac48910f1e63f724ef8/os-services => generated 646 bytes in 143 msecs (HTTP/1.1 200) 7 headers in 285 bytes (1 switches on core 0)
2026-02-25 23:15:20.894 8 INFO cinder.api.openstack.wsgi [None req-6395b39c-9131-4a7f-b4e9-ec278af793ea 9b168ad66fc844efbabced2213d24f76 a1d4b8a41aa54ac48910f1e63f724ef8 - - default default] GET http://cinder-api.openstack.svc.cluster.local:8776/v3/a1d4b8a41aa54ac48910f1e63f724ef8/scheduler-stats/get_pools?detail=true
2026-02-25 23:15:21.400 8 INFO cinder.api.openstack.wsgi [None req-6395b39c-9131-4a7f-b4e9-ec278af793ea 9b168ad66fc844efbabced2213d24f76 a1d4b8a41aa54ac48910f1e63f724ef8 - - default default] http://cinder-api.openstack.svc.cluster.local:8776/v3/a1d4b8a41aa54ac48910f1e63f724ef8/scheduler-stats/get_pools?detail=true returned with HTTP 200 [pid: 8|app: 0|req: 350/702] 10.0.0.139 () {28 vars in 696 bytes} [Wed Feb 25 23:15:20 2026] GET /v3/a1d4b8a41aa54ac48910f1e63f724ef8/scheduler-stats/get_pools?detail=true => generated 670 bytes in 518 msecs (HTTP/1.1 200) 7 headers in 285 bytes (1 switches on core 0)
2026-02-25 23:15:21.418 7 INFO cinder.api.openstack.wsgi [None req-88fe08af-da1b-47c1-ac36-739272d8662c 9b168ad66fc844efbabced2213d24f76 a1d4b8a41aa54ac48910f1e63f724ef8 - - default default] GET http://cinder-api.openstack.svc.cluster.local:8776/v3/a1d4b8a41aa54ac48910f1e63f724ef8/snapshots?all_tenants=true
2026-02-25 23:15:21.427 7 INFO cinder.volume.api [None req-88fe08af-da1b-47c1-ac36-739272d8662c 9b168ad66fc844efbabced2213d24f76 a1d4b8a41aa54ac48910f1e63f724ef8 - - default default] Get all snapshots completed successfully.
2026-02-25 23:15:21.427 7 INFO cinder.api.openstack.wsgi [None req-88fe08af-da1b-47c1-ac36-739272d8662c 9b168ad66fc844efbabced2213d24f76 a1d4b8a41aa54ac48910f1e63f724ef8 - - default default] http://cinder-api.openstack.svc.cluster.local:8776/v3/a1d4b8a41aa54ac48910f1e63f724ef8/snapshots?all_tenants=true returned with HTTP 200 [pid: 7|app: 0|req: 353/703] 10.0.0.139 () {28 vars in 674 bytes} [Wed Feb 25 23:15:21 2026] GET /v3/a1d4b8a41aa54ac48910f1e63f724ef8/snapshots?all_tenants=true => generated 17 bytes in 15 msecs (HTTP/1.1 200) 7 headers in 284 bytes (1 switches on core 0)
2026-02-25 23:15:21.439 8 INFO cinder.api.openstack.wsgi [None req-0b2247b8-0a5a-4673-afdc-c17be47758d1 9b168ad66fc844efbabced2213d24f76 a1d4b8a41aa54ac48910f1e63f724ef8 - - default default] GET http://cinder-api.openstack.svc.cluster.local:8776/v3/a1d4b8a41aa54ac48910f1e63f724ef8/volumes/detail?all_tenants=true
2026-02-25 23:15:21.452 8 INFO cinder.volume.api [None req-0b2247b8-0a5a-4673-afdc-c17be47758d1 9b168ad66fc844efbabced2213d24f76 a1d4b8a41aa54ac48910f1e63f724ef8 - - default default] Get all volumes completed successfully.
2026-02-25 23:15:21.455 8 INFO cinder.api.openstack.wsgi [None req-0b2247b8-0a5a-4673-afdc-c17be47758d1 9b168ad66fc844efbabced2213d24f76 a1d4b8a41aa54ac48910f1e63f724ef8 - - default default] http://cinder-api.openstack.svc.cluster.local:8776/v3/a1d4b8a41aa54ac48910f1e63f724ef8/volumes/detail?all_tenants=true returned with HTTP 200 [pid: 8|app: 0|req: 351/704] 10.0.0.139 () {28 vars in 684 bytes} [Wed Feb 25 23:15:21 2026] GET /v3/a1d4b8a41aa54ac48910f1e63f724ef8/volumes/detail?all_tenants=true => generated 15 bytes in 22 msecs (HTTP/1.1 200) 7 headers in 284 bytes (1 switches on core 0)
2026-02-25 23:15:21.465 7 INFO cinder.api.openstack.wsgi [None req-bb3a25fb-2c3e-47a1-b029-f5d8a9dfb133 9b168ad66fc844efbabced2213d24f76 a1d4b8a41aa54ac48910f1e63f724ef8 - - default default] GET http://cinder-api.openstack.svc.cluster.local:8776/v3/a1d4b8a41aa54ac48910f1e63f724ef8/volumes/detail?all_tenants=true
2026-02-25 23:15:21.477 7 INFO cinder.volume.api [None req-bb3a25fb-2c3e-47a1-b029-f5d8a9dfb133 9b168ad66fc844efbabced2213d24f76 a1d4b8a41aa54ac48910f1e63f724ef8 - - default default] Get all volumes completed successfully.
2026-02-25 23:15:21.479 7 INFO cinder.api.openstack.wsgi [None req-bb3a25fb-2c3e-47a1-b029-f5d8a9dfb133 9b168ad66fc844efbabced2213d24f76 a1d4b8a41aa54ac48910f1e63f724ef8 - - default default] http://cinder-api.openstack.svc.cluster.local:8776/v3/a1d4b8a41aa54ac48910f1e63f724ef8/volumes/detail?all_tenants=true returned with HTTP 200 [pid: 7|app: 0|req: 354/705] 10.0.0.139 () {28 vars in 684 bytes} [Wed Feb 25 23:15:21 2026] GET /v3/a1d4b8a41aa54ac48910f1e63f724ef8/volumes/detail?all_tenants=true => generated 15 bytes in 19 msecs (HTTP/1.1 200) 7 headers in 284 bytes (1 switches on core 0)
2026-02-25 23:15:21.571 8 INFO cinder.api.openstack.wsgi [None req-860503c2-4551-414c-8dda-d0ff6b8f6ebf 9b168ad66fc844efbabced2213d24f76 a1d4b8a41aa54ac48910f1e63f724ef8 - - default default] GET http://cinder-api.openstack.svc.cluster.local:8776/v3/a1d4b8a41aa54ac48910f1e63f724ef8/os-quota-sets/187e63f251cd4d2587277c28add45886?usage=true
2026-02-25 23:15:21.611 8 INFO cinder.api.openstack.wsgi [None req-860503c2-4551-414c-8dda-d0ff6b8f6ebf 9b168ad66fc844efbabced2213d24f76 a1d4b8a41aa54ac48910f1e63f724ef8 - - default default] http://cinder-api.openstack.svc.cluster.local:8776/v3/a1d4b8a41aa54ac48910f1e63f724ef8/os-quota-sets/187e63f251cd4d2587277c28add45886?usage=true returned with HTTP 200 [pid: 8|app: 0|req: 352/706] 10.0.0.139 () {28 vars in 736 bytes} [Wed Feb 25 23:15:21 2026] GET /v3/a1d4b8a41aa54ac48910f1e63f724ef8/os-quota-sets/187e63f251cd4d2587277c28add45886?usage=true => generated 847 bytes in 53 msecs (HTTP/1.1 200) 7 headers in 285 bytes (1 switches on core 0)
2026-02-25 23:15:21.630 7 INFO cinder.api.openstack.wsgi [None req-ced104cc-813e-4089-a72d-d44cd8b8803a 9b168ad66fc844efbabced2213d24f76 a1d4b8a41aa54ac48910f1e63f724ef8 - - default default] GET http://cinder-api.openstack.svc.cluster.local:8776/v3/a1d4b8a41aa54ac48910f1e63f724ef8/os-quota-sets/450ee2c7b95d429b81757c4e7bf3c915?usage=true
2026-02-25 23:15:21.672 7 INFO cinder.api.openstack.wsgi [None req-ced104cc-813e-4089-a72d-d44cd8b8803a 9b168ad66fc844efbabced2213d24f76 a1d4b8a41aa54ac48910f1e63f724ef8 - - default default] http://cinder-api.openstack.svc.cluster.local:8776/v3/a1d4b8a41aa54ac48910f1e63f724ef8/os-quota-sets/450ee2c7b95d429b81757c4e7bf3c915?usage=true returned with HTTP 200 [pid: 7|app: 0|req: 355/707] 10.0.0.139 () {28 vars in 736 bytes} [Wed Feb 25 23:15:21 2026] GET /v3/a1d4b8a41aa54ac48910f1e63f724ef8/os-quota-sets/450ee2c7b95d429b81757c4e7bf3c915?usage=true => generated 847 bytes in 50 msecs (HTTP/1.1 200) 7 headers in 285 bytes (1 switches on core 0)
2026-02-25 23:15:21.687 8 INFO cinder.api.openstack.wsgi [None req-89a970c6-60ed-4d4e-bfe2-b7fc4e968b74 9b168ad66fc844efbabced2213d24f76 a1d4b8a41aa54ac48910f1e63f724ef8 - - default default] GET http://cinder-api.openstack.svc.cluster.local:8776/v3/a1d4b8a41aa54ac48910f1e63f724ef8/os-quota-sets/4c7bfd7d4076419d9d5702e7131547c0?usage=true
2026-02-25 23:15:21.728 8 INFO cinder.api.openstack.wsgi [None req-89a970c6-60ed-4d4e-bfe2-b7fc4e968b74 9b168ad66fc844efbabced2213d24f76 a1d4b8a41aa54ac48910f1e63f724ef8 - - default default] http://cinder-api.openstack.svc.cluster.local:8776/v3/a1d4b8a41aa54ac48910f1e63f724ef8/os-quota-sets/4c7bfd7d4076419d9d5702e7131547c0?usage=true returned with HTTP 200 [pid: 8|app: 0|req: 353/708] 10.0.0.139 () {28 vars in 736 bytes} [Wed Feb 25 23:15:21 2026] GET /v3/a1d4b8a41aa54ac48910f1e63f724ef8/os-quota-sets/4c7bfd7d4076419d9d5702e7131547c0?usage=true => generated 845 bytes in 50 msecs (HTTP/1.1 200) 7 headers in 285 bytes (1 switches on core 0)
2026-02-25 23:15:21.743 7 INFO cinder.api.openstack.wsgi [None req-6fa3de22-0baf-402c-9adf-6b5898929a71 9b168ad66fc844efbabced2213d24f76 a1d4b8a41aa54ac48910f1e63f724ef8 - - default default] GET http://cinder-api.openstack.svc.cluster.local:8776/v3/a1d4b8a41aa54ac48910f1e63f724ef8/os-quota-sets/4fd45209c9664ab9abd1c070e76cd6be?usage=true
2026-02-25 23:15:21.768 7 INFO cinder.api.openstack.wsgi [None req-6fa3de22-0baf-402c-9adf-6b5898929a71 9b168ad66fc844efbabced2213d24f76 a1d4b8a41aa54ac48910f1e63f724ef8 - - default default] http://cinder-api.openstack.svc.cluster.local:8776/v3/a1d4b8a41aa54ac48910f1e63f724ef8/os-quota-sets/4fd45209c9664ab9abd1c070e76cd6be?usage=true returned with HTTP 200 [pid: 7|app: 0|req: 356/709] 10.0.0.139 () {28 vars in 736 bytes} [Wed Feb 25 23:15:21 2026] GET /v3/a1d4b8a41aa54ac48910f1e63f724ef8/os-quota-sets/4fd45209c9664ab9abd1c070e76cd6be?usage=true => generated 847 bytes in 32 msecs (HTTP/1.1 200) 7 headers in 285 bytes (1 switches on core 0)
2026-02-25 23:15:21.781 8 INFO cinder.api.openstack.wsgi [None req-61714adc-c8ca-4310-90fa-1540f4a8be6f 9b168ad66fc844efbabced2213d24f76 a1d4b8a41aa54ac48910f1e63f724ef8 - - default default] GET http://cinder-api.openstack.svc.cluster.local:8776/v3/a1d4b8a41aa54ac48910f1e63f724ef8/os-quota-sets/7fdf387a539043068bd5f52f03436d88?usage=true
2026-02-25 23:15:21.797 8 INFO cinder.api.openstack.wsgi [None req-61714adc-c8ca-4310-90fa-1540f4a8be6f 9b168ad66fc844efbabced2213d24f76 a1d4b8a41aa54ac48910f1e63f724ef8 - - default default] http://cinder-api.openstack.svc.cluster.local:8776/v3/a1d4b8a41aa54ac48910f1e63f724ef8/os-quota-sets/7fdf387a539043068bd5f52f03436d88?usage=true returned with HTTP 200 [pid: 8|app: 0|req: 354/710] 10.0.0.139 () {28 vars in 736 bytes} [Wed Feb 25 23:15:21 2026] GET /v3/a1d4b8a41aa54ac48910f1e63f724ef8/os-quota-sets/7fdf387a539043068bd5f52f03436d88?usage=true => generated 847 bytes in 26 msecs (HTTP/1.1 200) 7 headers in 285 bytes (1 switches on core 0)
2026-02-25 23:15:21.812 7 INFO cinder.api.openstack.wsgi [None req-8e075419-34c3-400e-a0e6-dba83f89beb6 9b168ad66fc844efbabced2213d24f76 a1d4b8a41aa54ac48910f1e63f724ef8 - - default default] GET http://cinder-api.openstack.svc.cluster.local:8776/v3/a1d4b8a41aa54ac48910f1e63f724ef8/os-quota-sets/a04c3f209be040b49bbe1384fca330f9?usage=true
2026-02-25 23:15:21.830 7 INFO cinder.api.openstack.wsgi [None req-8e075419-34c3-400e-a0e6-dba83f89beb6 9b168ad66fc844efbabced2213d24f76 a1d4b8a41aa54ac48910f1e63f724ef8 - - default default] http://cinder-api.openstack.svc.cluster.local:8776/v3/a1d4b8a41aa54ac48910f1e63f724ef8/os-quota-sets/a04c3f209be040b49bbe1384fca330f9?usage=true returned with HTTP 200 [pid: 7|app: 0|req: 357/711] 10.0.0.139 () {28 vars in 736 bytes} [Wed Feb 25 23:15:21 2026] GET /v3/a1d4b8a41aa54ac48910f1e63f724ef8/os-quota-sets/a04c3f209be040b49bbe1384fca330f9?usage=true => generated 847 bytes in 29 msecs (HTTP/1.1 200) 7 headers in 285 bytes (1 switches on core 0)
2026-02-25 23:15:21.840 8 INFO cinder.api.openstack.wsgi [None req-bb5fb60d-acd6-42e7-af49-43fc8eecd47d 9b168ad66fc844efbabced2213d24f76 a1d4b8a41aa54ac48910f1e63f724ef8 - - default default] GET http://cinder-api.openstack.svc.cluster.local:8776/v3/a1d4b8a41aa54ac48910f1e63f724ef8/os-quota-sets/a1d4b8a41aa54ac48910f1e63f724ef8?usage=true
2026-02-25 23:15:21.858 8 INFO cinder.api.openstack.wsgi [None req-bb5fb60d-acd6-42e7-af49-43fc8eecd47d 9b168ad66fc844efbabced2213d24f76 a1d4b8a41aa54ac48910f1e63f724ef8 - - default default] http://cinder-api.openstack.svc.cluster.local:8776/v3/a1d4b8a41aa54ac48910f1e63f724ef8/os-quota-sets/a1d4b8a41aa54ac48910f1e63f724ef8?usage=true returned with HTTP 200 [pid: 8|app: 0|req: 355/712] 10.0.0.139 () {28 vars in 736 bytes} [Wed Feb 25 23:15:21 2026] GET /v3/a1d4b8a41aa54ac48910f1e63f724ef8/os-quota-sets/a1d4b8a41aa54ac48910f1e63f724ef8?usage=true => generated 845 bytes in 25 msecs (HTTP/1.1 200) 7 headers in 285 bytes (1 switches on core 0)
2026-02-25 23:15:21.871 7 INFO cinder.api.openstack.wsgi [None req-a0a90e3c-fe03-4c7b-8233-54bb6c578842 9b168ad66fc844efbabced2213d24f76 a1d4b8a41aa54ac48910f1e63f724ef8 - - default default] GET http://cinder-api.openstack.svc.cluster.local:8776/v3/a1d4b8a41aa54ac48910f1e63f724ef8/os-quota-sets/b3cec2160db5451eaa8464843b58e855?usage=true
2026-02-25 23:15:21.900 7 INFO cinder.api.openstack.wsgi [None req-a0a90e3c-fe03-4c7b-8233-54bb6c578842 9b168ad66fc844efbabced2213d24f76 a1d4b8a41aa54ac48910f1e63f724ef8 - - default default] http://cinder-api.openstack.svc.cluster.local:8776/v3/a1d4b8a41aa54ac48910f1e63f724ef8/os-quota-sets/b3cec2160db5451eaa8464843b58e855?usage=true returned with HTTP 200 [pid: 7|app: 0|req: 358/713] 10.0.0.139 () {28 vars in 736 bytes} [Wed Feb 25 23:15:21 2026] GET /v3/a1d4b8a41aa54ac48910f1e63f724ef8/os-quota-sets/b3cec2160db5451eaa8464843b58e855?usage=true => generated 847 bytes in 38 msecs (HTTP/1.1 200) 7 headers in 285 bytes (1 switches on core 0)
2026-02-25 23:15:23.295 7 INFO cinder.api.openstack.wsgi [None req-a0a90e3c-fe03-4c7b-8233-54bb6c578842 9b168ad66fc844efbabced2213d24f76 a1d4b8a41aa54ac48910f1e63f724ef8 - - default default] GET http://10.0.0.135:8776/
2026-02-25 23:15:23.296 7 INFO cinder.api.openstack.wsgi [None req-a0a90e3c-fe03-4c7b-8233-54bb6c578842 9b168ad66fc844efbabced2213d24f76 a1d4b8a41aa54ac48910f1e63f724ef8 - - default default] http://10.0.0.135:8776/ returned with HTTP 300
2026-02-25 23:15:23.296 8 INFO cinder.api.openstack.wsgi [None req-bb5fb60d-acd6-42e7-af49-43fc8eecd47d 9b168ad66fc844efbabced2213d24f76 a1d4b8a41aa54ac48910f1e63f724ef8 - - default default] GET http://10.0.0.135:8776/
2026-02-25 23:15:23.297 8 INFO cinder.api.openstack.wsgi [None req-bb5fb60d-acd6-42e7-af49-43fc8eecd47d 9b168ad66fc844efbabced2213d24f76 a1d4b8a41aa54ac48910f1e63f724ef8 - - default default] http://10.0.0.135:8776/ returned with HTTP 300
2026-02-25 23:15:33.296 7 INFO cinder.api.openstack.wsgi [None req-a0a90e3c-fe03-4c7b-8233-54bb6c578842 9b168ad66fc844efbabced2213d24f76 a1d4b8a41aa54ac48910f1e63f724ef8 - - default default] GET http://10.0.0.135:8776/
2026-02-25 23:15:33.296 8 INFO cinder.api.openstack.wsgi [None req-bb5fb60d-acd6-42e7-af49-43fc8eecd47d 9b168ad66fc844efbabced2213d24f76 a1d4b8a41aa54ac48910f1e63f724ef8 - - default default] GET http://10.0.0.135:8776/
2026-02-25 23:15:33.296 7 INFO cinder.api.openstack.wsgi [None req-a0a90e3c-fe03-4c7b-8233-54bb6c578842 9b168ad66fc844efbabced2213d24f76 a1d4b8a41aa54ac48910f1e63f724ef8 - - default default] http://10.0.0.135:8776/ returned with HTTP 300
2026-02-25 23:15:33.297 8 INFO cinder.api.openstack.wsgi [None req-bb5fb60d-acd6-42e7-af49-43fc8eecd47d 9b168ad66fc844efbabced2213d24f76 a1d4b8a41aa54ac48910f1e63f724ef8 - - default default] http://10.0.0.135:8776/ returned with HTTP 300
2026-02-25 23:15:43.295 8 INFO cinder.api.openstack.wsgi [None req-bb5fb60d-acd6-42e7-af49-43fc8eecd47d 9b168ad66fc844efbabced2213d24f76 a1d4b8a41aa54ac48910f1e63f724ef8 - - default default] GET http://10.0.0.135:8776/
2026-02-25 23:15:43.295 7 INFO cinder.api.openstack.wsgi [None req-a0a90e3c-fe03-4c7b-8233-54bb6c578842 9b168ad66fc844efbabced2213d24f76 a1d4b8a41aa54ac48910f1e63f724ef8 - - default default] GET http://10.0.0.135:8776/
2026-02-25 23:15:43.297 8 INFO cinder.api.openstack.wsgi [None req-bb5fb60d-acd6-42e7-af49-43fc8eecd47d 9b168ad66fc844efbabced2213d24f76 a1d4b8a41aa54ac48910f1e63f724ef8 - - default default] http://10.0.0.135:8776/ returned with HTTP 300
2026-02-25 23:15:43.297 7 INFO cinder.api.openstack.wsgi [None req-a0a90e3c-fe03-4c7b-8233-54bb6c578842 9b168ad66fc844efbabced2213d24f76 a1d4b8a41aa54ac48910f1e63f724ef8 - - default default] http://10.0.0.135:8776/ returned with HTTP 300
2026-02-25 23:15:43.711 7 INFO cinder.api.openstack.wsgi [None req-9636ee48-6cf0-4694-aee0-49d720e64f58 426d1b092f134106a3105478cac6f2bd c1ab98f85b384eb9a8ac53f48e36cacb - - default default] POST http://cinder-api.openstack.svc.cluster.local:8776/v3/c1ab98f85b384eb9a8ac53f48e36cacb/volumes
2026-02-25 23:15:43.713 7 INFO cinder.api.v3.volumes [None req-9636ee48-6cf0-4694-aee0-49d720e64f58 426d1b092f134106a3105478cac6f2bd c1ab98f85b384eb9a8ac53f48e36cacb - - default default] Create volume of 1 GB
2026-02-25 23:15:43.724 7 INFO cinder.volume.api [None req-9636ee48-6cf0-4694-aee0-49d720e64f58 426d1b092f134106a3105478cac6f2bd c1ab98f85b384eb9a8ac53f48e36cacb - - default default] Availability Zones retrieved successfully.
2026-02-25 23:15:43.956 7 INFO cinder.volume.api [None req-9636ee48-6cf0-4694-aee0-49d720e64f58 426d1b092f134106a3105478cac6f2bd c1ab98f85b384eb9a8ac53f48e36cacb - - default default] Create volume request issued successfully.
2026-02-25 23:15:43.957 7 INFO cinder.api.openstack.wsgi [None req-9636ee48-6cf0-4694-aee0-49d720e64f58 426d1b092f134106a3105478cac6f2bd c1ab98f85b384eb9a8ac53f48e36cacb - - default default] http://cinder-api.openstack.svc.cluster.local:8776/v3/c1ab98f85b384eb9a8ac53f48e36cacb/volumes returned with HTTP 202 [pid: 7|app: 0|req: 362/719] 10.0.0.211 () {34 vars in 722 bytes} [Wed Feb 25 23:15:43 2026] POST /v3/c1ab98f85b384eb9a8ac53f48e36cacb/volumes => generated 861 bytes in 346 msecs (HTTP/1.1 202) 7 headers in 291 bytes (1 switches on core 0)
2026-02-25 23:15:43.980 8 INFO cinder.api.openstack.wsgi [None req-fb083af0-2b73-4080-99c5-c5bb30282f01 426d1b092f134106a3105478cac6f2bd c1ab98f85b384eb9a8ac53f48e36cacb - - default default] GET http://cinder-api.openstack.svc.cluster.local:8776/v3/c1ab98f85b384eb9a8ac53f48e36cacb/volumes/60108ad8-2c93-4af9-90ca-578598e992c6 /var/lib/openstack/lib/python3.12/site-packages/oslo_context/context.py:101: DeprecationWarning: Policy enforcement is depending on the value of is_admin. This key is deprecated. Please update your policy file to use the standard policy values. warnings.warn(
2026-02-25 23:15:44.004 8 INFO cinder.volume.api [None req-fb083af0-2b73-4080-99c5-c5bb30282f01 426d1b092f134106a3105478cac6f2bd c1ab98f85b384eb9a8ac53f48e36cacb - - default default] Volume info retrieved successfully.
2026-02-25 23:15:44.011 8 INFO cinder.api.openstack.wsgi [None req-fb083af0-2b73-4080-99c5-c5bb30282f01 426d1b092f134106a3105478cac6f2bd c1ab98f85b384eb9a8ac53f48e36cacb - - default default] http://cinder-api.openstack.svc.cluster.local:8776/v3/c1ab98f85b384eb9a8ac53f48e36cacb/volumes/60108ad8-2c93-4af9-90ca-578598e992c6 returned with HTTP 200 [pid: 8|app: 0|req: 359/720] 10.0.0.211 () {32 vars in 775 bytes} [Wed Feb 25 23:15:43 2026] GET /v3/c1ab98f85b384eb9a8ac53f48e36cacb/volumes/60108ad8-2c93-4af9-90ca-578598e992c6 => generated 929 bytes in 38 msecs (HTTP/1.1 200) 7 headers in 285 bytes (1 switches on core 0) /var/lib/openstack/lib/python3.12/site-packages/pycadf/identifier.py:70: UserWarning: Invalid uuid: cinderv3. To ensure interoperability, identifiers should be a valid uuid. warnings.warn(('Invalid uuid: %s. To ensure interoperability, '
2026-02-25 23:15:45.028 7 INFO cinder.api.openstack.wsgi [None req-00c0d606-fccc-4bc3-9be1-70972f7f1f09 426d1b092f134106a3105478cac6f2bd c1ab98f85b384eb9a8ac53f48e36cacb - - default default] GET http://cinder-api.openstack.svc.cluster.local:8776/v3/c1ab98f85b384eb9a8ac53f48e36cacb/volumes/60108ad8-2c93-4af9-90ca-578598e992c6 /var/lib/openstack/lib/python3.12/site-packages/oslo_context/context.py:101: DeprecationWarning: Policy enforcement is depending on the value of is_admin. This key is deprecated. Please update your policy file to use the standard policy values. warnings.warn(
2026-02-25 23:15:45.045 7 INFO cinder.volume.api [None req-00c0d606-fccc-4bc3-9be1-70972f7f1f09 426d1b092f134106a3105478cac6f2bd c1ab98f85b384eb9a8ac53f48e36cacb - - default default] Volume info retrieved successfully.
2026-02-25 23:15:45.049 7 INFO cinder.api.openstack.wsgi [None req-00c0d606-fccc-4bc3-9be1-70972f7f1f09 426d1b092f134106a3105478cac6f2bd c1ab98f85b384eb9a8ac53f48e36cacb - - default default] http://cinder-api.openstack.svc.cluster.local:8776/v3/c1ab98f85b384eb9a8ac53f48e36cacb/volumes/60108ad8-2c93-4af9-90ca-578598e992c6 returned with HTTP 200 [pid: 7|app: 0|req: 363/722] 10.0.0.211 () {32 vars in 775 bytes} [Wed Feb 25 23:15:45 2026] GET /v3/c1ab98f85b384eb9a8ac53f48e36cacb/volumes/60108ad8-2c93-4af9-90ca-578598e992c6 => generated 954 bytes in 28 msecs (HTTP/1.1 200) 7 headers in 285 bytes (1 switches on core 0)
2026-02-25 23:15:53.296 7 INFO cinder.api.openstack.wsgi [None req-00c0d606-fccc-4bc3-9be1-70972f7f1f09 426d1b092f134106a3105478cac6f2bd c1ab98f85b384eb9a8ac53f48e36cacb - - default default] GET http://10.0.0.135:8776/
2026-02-25 23:15:53.296 8 INFO cinder.api.openstack.wsgi [None req-fb083af0-2b73-4080-99c5-c5bb30282f01 426d1b092f134106a3105478cac6f2bd c1ab98f85b384eb9a8ac53f48e36cacb - - default default] GET http://10.0.0.135:8776/
2026-02-25 23:15:53.296 7 INFO cinder.api.openstack.wsgi [None req-00c0d606-fccc-4bc3-9be1-70972f7f1f09 426d1b092f134106a3105478cac6f2bd c1ab98f85b384eb9a8ac53f48e36cacb - - default default] http://10.0.0.135:8776/ returned with HTTP 300
2026-02-25 23:15:53.297 8 INFO cinder.api.openstack.wsgi [None req-fb083af0-2b73-4080-99c5-c5bb30282f01 426d1b092f134106a3105478cac6f2bd c1ab98f85b384eb9a8ac53f48e36cacb - - default default] http://10.0.0.135:8776/ returned with HTTP 300 /var/lib/openstack/lib/python3.12/site-packages/pycadf/identifier.py:70: UserWarning: Invalid uuid: cinderv3. To ensure interoperability, identifiers should be a valid uuid. warnings.warn(('Invalid uuid: %s. To ensure interoperability, '
2026-02-25 23:15:59.125 7 INFO cinder.api.openstack.wsgi [None req-1f8c74b8-807c-4f0a-9f44-8526b597386b 426d1b092f134106a3105478cac6f2bd c1ab98f85b384eb9a8ac53f48e36cacb - - default default] POST http://cinder-api.openstack.svc.cluster.local:8776/v3/c1ab98f85b384eb9a8ac53f48e36cacb/volumes/60108ad8-2c93-4af9-90ca-578598e992c6/action /var/lib/openstack/lib/python3.12/site-packages/oslo_context/context.py:101: DeprecationWarning: Policy enforcement is depending on the value of is_admin. This key is deprecated. Please update your policy file to use the standard policy values. warnings.warn(
2026-02-25 23:15:59.142 7 INFO cinder.volume.api [None req-1f8c74b8-807c-4f0a-9f44-8526b597386b 426d1b092f134106a3105478cac6f2bd c1ab98f85b384eb9a8ac53f48e36cacb - - default default] Volume info retrieved successfully.
2026-02-25 23:15:59.154 7 INFO cinder.volume.api [None req-1f8c74b8-807c-4f0a-9f44-8526b597386b 426d1b092f134106a3105478cac6f2bd c1ab98f85b384eb9a8ac53f48e36cacb - - default default] Update volume admin metadata completed successfully.
2026-02-25 23:15:59.659 7 INFO cinder.volume.api [None req-1f8c74b8-807c-4f0a-9f44-8526b597386b 426d1b092f134106a3105478cac6f2bd c1ab98f85b384eb9a8ac53f48e36cacb - - default default] Attach volume completed successfully.
2026-02-25 23:15:59.659 7 INFO cinder.api.openstack.wsgi [None req-1f8c74b8-807c-4f0a-9f44-8526b597386b 426d1b092f134106a3105478cac6f2bd c1ab98f85b384eb9a8ac53f48e36cacb - - default default] http://cinder-api.openstack.svc.cluster.local:8776/v3/c1ab98f85b384eb9a8ac53f48e36cacb/volumes/60108ad8-2c93-4af9-90ca-578598e992c6/action returned with HTTP 202 [pid: 7|app: 0|req: 365/725] 10.0.0.211 () {34 vars in 810 bytes} [Wed Feb 25 23:15:59 2026] POST /v3/c1ab98f85b384eb9a8ac53f48e36cacb/volumes/60108ad8-2c93-4af9-90ca-578598e992c6/action => generated 0 bytes in 541 msecs (HTTP/1.1 202) 7 headers in 289 bytes (1 switches on core 0) /var/lib/openstack/lib/python3.12/site-packages/pycadf/identifier.py:70: UserWarning: Invalid uuid: cinderv3. To ensure interoperability, identifiers should be a valid uuid. warnings.warn(('Invalid uuid: %s. To ensure interoperability, '
