Apr 24 10:18:33.064330 np0000170013 neutron-periodic-workers[106279]: DEBUG cotyledon.oslo_config_glue [-] database.connection = **** {{(pid=106279) log_opt_values /opt/stack/data/venv/lib/python3.12/site-packages/oslo_config/cfg.py:3006}}
Apr 24 10:18:33.064383 np0000170013 neutron-periodic-workers[106279]: DEBUG cotyledon.oslo_config_glue [-] database.connection_debug = 0 {{(pid=106279) log_opt_values /opt/stack/data/venv/lib/python3.12/site-packages/oslo_config/cfg.py:3006}}
Apr 24 10:18:33.064433 np0000170013 neutron-periodic-workers[106279]: DEBUG cotyledon.oslo_config_glue [-] database.connection_parameters = {{(pid=106279) log_opt_values /opt/stack/data/venv/lib/python3.12/site-packages/oslo_config/cfg.py:3006}}
Apr 24 10:18:33.064512 np0000170013 neutron-periodic-workers[106279]: DEBUG cotyledon.oslo_config_glue [-] database.connection_recycle_time = 3600 {{(pid=106279) log_opt_values /opt/stack/data/venv/lib/python3.12/site-packages/oslo_config/cfg.py:3006}}
Apr 24 10:18:33.064556 np0000170013 neutron-periodic-workers[106279]: DEBUG cotyledon.oslo_config_glue [-] database.connection_trace = False {{(pid=106279) log_opt_values /opt/stack/data/venv/lib/python3.12/site-packages/oslo_config/cfg.py:3006}}
Apr 24 10:18:33.064599 np0000170013 neutron-periodic-workers[106279]: DEBUG cotyledon.oslo_config_glue [-] database.db_inc_retry_interval = True {{(pid=106279) log_opt_values /opt/stack/data/venv/lib/python3.12/site-packages/oslo_config/cfg.py:3006}}
Apr 24 10:18:33.064630 np0000170013 neutron-periodic-workers[106279]: DEBUG cotyledon.oslo_config_glue [-] database.db_max_retries = 20 {{(pid=106279) log_opt_values /opt/stack/data/venv/lib/python3.12/site-packages/oslo_config/cfg.py:3006}}
Apr 24 10:18:33.064693 np0000170013 neutron-periodic-workers[106279]: DEBUG cotyledon.oslo_config_glue [-] database.db_max_retry_interval = 10 {{(pid=106279) log_opt_values /opt/stack/data/venv/lib/python3.12/site-packages/oslo_config/cfg.py:3006}}
Apr 24 10:18:33.064723 np0000170013 neutron-periodic-workers[106279]: DEBUG cotyledon.oslo_config_glue [-] database.db_retry_interval = 1 {{(pid=106279) log_opt_values /opt/stack/data/venv/lib/python3.12/site-packages/oslo_config/cfg.py:3006}}
Apr 24 10:18:33.064749 np0000170013 neutron-periodic-workers[106279]: DEBUG cotyledon.oslo_config_glue [-] database.max_overflow = 50 {{(pid=106279) log_opt_values /opt/stack/data/venv/lib/python3.12/site-packages/oslo_config/cfg.py:3006}}
Apr 24 10:18:33.064792 np0000170013 neutron-periodic-workers[106279]: DEBUG cotyledon.oslo_config_glue [-] database.max_pool_size = 5 {{(pid=106279) log_opt_values /opt/stack/data/venv/lib/python3.12/site-packages/oslo_config/cfg.py:3006}}
Apr 24 10:18:33.064843 np0000170013 neutron-periodic-workers[106279]: DEBUG cotyledon.oslo_config_glue [-] database.max_retries = 10 {{(pid=106279) log_opt_values /opt/stack/data/venv/lib/python3.12/site-packages/oslo_config/cfg.py:3006}}
Apr 24 10:18:33.064892 np0000170013 neutron-periodic-workers[106279]: DEBUG cotyledon.oslo_config_glue [-] database.mysql_sql_mode = TRADITIONAL {{(pid=106279) log_opt_values /opt/stack/data/venv/lib/python3.12/site-packages/oslo_config/cfg.py:3006}}
Apr 24 10:18:33.064951 np0000170013 neutron-periodic-workers[106279]: DEBUG cotyledon.oslo_config_glue [-] database.mysql_wsrep_sync_wait = None {{(pid=106279) log_opt_values /opt/stack/data/venv/lib/python3.12/site-packages/oslo_config/cfg.py:3006}}
Apr 24 10:18:33.064982 np0000170013 neutron-periodic-workers[106279]: DEBUG cotyledon.oslo_config_glue [-] database.pool_timeout = None {{(pid=106279) log_opt_values /opt/stack/data/venv/lib/python3.12/site-packages/oslo_config/cfg.py:3006}}
Apr 24 10:18:33.065017 np0000170013 neutron-periodic-workers[106279]: DEBUG cotyledon.oslo_config_glue [-] database.retry_interval = 10 {{(pid=106279) log_opt_values /opt/stack/data/venv/lib/python3.12/site-packages/oslo_config/cfg.py:3006}}
Apr 24 10:18:33.065067 np0000170013 neutron-periodic-workers[106279]: DEBUG cotyledon.oslo_config_glue [-] database.slave_connection = **** {{(pid=106279) log_opt_values /opt/stack/data/venv/lib/python3.12/site-packages/oslo_config/cfg.py:3006}}
Apr 24 10:18:33.065124 np0000170013 neutron-periodic-workers[106279]: DEBUG cotyledon.oslo_config_glue [-] database.sqlite_synchronous = True {{(pid=106279) log_opt_values /opt/stack/data/venv/lib/python3.12/site-packages/oslo_config/cfg.py:3006}}
Apr 24 10:18:33.065169 np0000170013 neutron-periodic-workers[106279]: DEBUG cotyledon.oslo_config_glue [-] database.synchronous_reader = True {{(pid=106279) log_opt_values /opt/stack/data/venv/lib/python3.12/site-packages/oslo_config/cfg.py:3006}}
Apr 24 10:18:33.065214 np0000170013 neutron-periodic-workers[106279]: DEBUG cotyledon.oslo_config_glue [-] database.use_db_reconnect = False {{(pid=106279) log_opt_values /opt/stack/data/venv/lib/python3.12/site-packages/oslo_config/cfg.py:3006}}
Apr 24 10:18:33.065287 np0000170013 neutron-periodic-workers[106279]: DEBUG cotyledon.oslo_config_glue [-] ovn.bfd_min_rx = 1000 {{(pid=106279) log_opt_values /opt/stack/data/venv/lib/python3.12/site-packages/oslo_config/cfg.py:3006}}
Apr 24 10:18:33.065332 np0000170013 neutron-periodic-workers[106279]: DEBUG cotyledon.oslo_config_glue [-] ovn.bfd_min_tx = 100 {{(pid=106279) log_opt_values /opt/stack/data/venv/lib/python3.12/site-packages/oslo_config/cfg.py:3006}}
Apr 24 10:18:33.065365 np0000170013 neutron-periodic-workers[106279]: DEBUG cotyledon.oslo_config_glue [-] ovn.bfd_mult = 3 {{(pid=106279) log_opt_values /opt/stack/data/venv/lib/python3.12/site-packages/oslo_config/cfg.py:3006}}
Apr 24 10:18:33.065415 np0000170013 neutron-periodic-workers[106279]: DEBUG cotyledon.oslo_config_glue [-] ovn.broadcast_arps_to_all_routers = True {{(pid=106279) log_opt_values /opt/stack/data/venv/lib/python3.12/site-packages/oslo_config/cfg.py:3006}}
Apr 24 10:18:33.065449 np0000170013 neutron-periodic-workers[106279]: DEBUG cotyledon.oslo_config_glue [-] ovn.dhcp_default_lease_time = 43200 {{(pid=106279) log_opt_values /opt/stack/data/venv/lib/python3.12/site-packages/oslo_config/cfg.py:3006}}
Apr 24 10:18:33.065517 np0000170013 neutron-periodic-workers[106279]: DEBUG cotyledon.oslo_config_glue [-] ovn.disable_ovn_dhcp_for_baremetal_ports = False {{(pid=106279) log_opt_values /opt/stack/data/venv/lib/python3.12/site-packages/oslo_config/cfg.py:3006}}
Apr 24 10:18:33.065572 np0000170013 neutron-periodic-workers[106279]: DEBUG cotyledon.oslo_config_glue [-] ovn.dns_records_ovn_owned = False {{(pid=106279) log_opt_values /opt/stack/data/venv/lib/python3.12/site-packages/oslo_config/cfg.py:3006}}
Apr 24 10:18:33.065610 np0000170013 neutron-periodic-workers[106279]: DEBUG cotyledon.oslo_config_glue [-] ovn.dns_servers = [] {{(pid=106279) log_opt_values /opt/stack/data/venv/lib/python3.12/site-packages/oslo_config/cfg.py:3006}}
Apr 24 10:18:33.065655 np0000170013 neutron-periodic-workers[106279]: DEBUG cotyledon.oslo_config_glue [-] ovn.enable_distributed_floating_ip = False {{(pid=106279) log_opt_values /opt/stack/data/venv/lib/python3.12/site-packages/oslo_config/cfg.py:3006}}
Apr 24 10:18:33.065687 np0000170013 neutron-periodic-workers[106279]: DEBUG cotyledon.oslo_config_glue [-] ovn.fdb_age_threshold = 300 {{(pid=106279) log_opt_values /opt/stack/data/venv/lib/python3.12/site-packages/oslo_config/cfg.py:3006}}
Apr 24 10:18:33.065735 np0000170013 neutron-periodic-workers[106279]: DEBUG cotyledon.oslo_config_glue [-] ovn.ha_failover_strategy = normal {{(pid=106279) log_opt_values /opt/stack/data/venv/lib/python3.12/site-packages/oslo_config/cfg.py:3006}}
Apr 24 10:18:33.065775 np0000170013 neutron-periodic-workers[106279]: DEBUG cotyledon.oslo_config_glue [-] ovn.live_migration_activation_strategy = rarp {{(pid=106279) log_opt_values /opt/stack/data/venv/lib/python3.12/site-packages/oslo_config/cfg.py:3006}}
Apr 24 10:18:33.065819 np0000170013 neutron-periodic-workers[106279]: DEBUG cotyledon.oslo_config_glue [-] ovn.localnet_learn_fdb = False {{(pid=106279) log_opt_values /opt/stack/data/venv/lib/python3.12/site-packages/oslo_config/cfg.py:3006}}
Apr 24 10:18:33.065850 np0000170013 neutron-periodic-workers[106279]: DEBUG cotyledon.oslo_config_glue [-] ovn.mac_binding_age_threshold = 300 {{(pid=106279) log_opt_values /opt/stack/data/venv/lib/python3.12/site-packages/oslo_config/cfg.py:3006}}
Apr 24 10:18:33.065910 np0000170013 neutron-periodic-workers[106279]: DEBUG cotyledon.oslo_config_glue [-] ovn.neutron_sync_mode = log {{(pid=106279) log_opt_values /opt/stack/data/venv/lib/python3.12/site-packages/oslo_config/cfg.py:3006}}
Apr 24 10:18:33.065950 np0000170013 neutron-periodic-workers[106279]: DEBUG cotyledon.oslo_config_glue [-] ovn.ovn_dhcp4_global_options = {} {{(pid=106279) log_opt_values /opt/stack/data/venv/lib/python3.12/site-packages/oslo_config/cfg.py:3006}}
Apr 24 10:18:33.065996 np0000170013 neutron-periodic-workers[106279]: DEBUG cotyledon.oslo_config_glue [-] ovn.ovn_dhcp6_global_options = {} {{(pid=106279) log_opt_values /opt/stack/data/venv/lib/python3.12/site-packages/oslo_config/cfg.py:3006}}
Apr 24 10:18:33.066034 np0000170013 neutron-periodic-workers[106279]: DEBUG cotyledon.oslo_config_glue [-] ovn.ovn_l3_scheduler = leastloaded {{(pid=106279) log_opt_values /opt/stack/data/venv/lib/python3.12/site-packages/oslo_config/cfg.py:3006}}
Apr 24 10:18:33.066091 np0000170013 neutron-periodic-workers[106279]: DEBUG cotyledon.oslo_config_glue [-] ovn.ovn_metadata_enabled = True {{(pid=106279) log_opt_values /opt/stack/data/venv/lib/python3.12/site-packages/oslo_config/cfg.py:3006}}
Apr 24 10:18:33.066145 np0000170013 neutron-periodic-workers[106279]: DEBUG cotyledon.oslo_config_glue [-] ovn.ovn_nb_ca_cert = /opt/stack/data/CA/int-ca/ca-chain.pem {{(pid=106279) log_opt_values /opt/stack/data/venv/lib/python3.12/site-packages/oslo_config/cfg.py:3006}}
Apr 24 10:18:33.066194 np0000170013 neutron-periodic-workers[106279]: DEBUG cotyledon.oslo_config_glue [-] ovn.ovn_nb_certificate = /opt/stack/data/CA/int-ca/devstack-cert.crt {{(pid=106279) log_opt_values /opt/stack/data/venv/lib/python3.12/site-packages/oslo_config/cfg.py:3006}}
Apr 24 10:18:33.066228 np0000170013 neutron-periodic-workers[106279]: DEBUG cotyledon.oslo_config_glue [-] ovn.ovn_nb_connection = ['ssl:199.204.45.115:6641'] {{(pid=106279) log_opt_values /opt/stack/data/venv/lib/python3.12/site-packages/oslo_config/cfg.py:3006}}
Apr 24 10:18:33.066279 np0000170013 neutron-periodic-workers[106279]: DEBUG cotyledon.oslo_config_glue [-] ovn.ovn_nb_private_key = /opt/stack/data/CA/int-ca/private/devstack-cert.key {{(pid=106279) log_opt_values /opt/stack/data/venv/lib/python3.12/site-packages/oslo_config/cfg.py:3006}}
Apr 24 10:18:33.066317 np0000170013 neutron-periodic-workers[106279]: DEBUG cotyledon.oslo_config_glue [-] ovn.ovn_router_indirect_snat = False {{(pid=106279) log_opt_values /opt/stack/data/venv/lib/python3.12/site-packages/oslo_config/cfg.py:3006}}
Apr 24 10:18:33.066359 np0000170013 neutron-periodic-workers[106279]: DEBUG cotyledon.oslo_config_glue [-] ovn.ovn_sb_ca_cert = /opt/stack/data/CA/int-ca/ca-chain.pem {{(pid=106279) log_opt_values /opt/stack/data/venv/lib/python3.12/site-packages/oslo_config/cfg.py:3006}}
Apr 24 10:18:33.066390 np0000170013 neutron-periodic-workers[106279]: DEBUG cotyledon.oslo_config_glue [-] ovn.ovn_sb_certificate = /opt/stack/data/CA/int-ca/devstack-cert.crt {{(pid=106279) log_opt_values /opt/stack/data/venv/lib/python3.12/site-packages/oslo_config/cfg.py:3006}}
Apr 24 10:18:33.066445 np0000170013 neutron-periodic-workers[106279]: DEBUG cotyledon.oslo_config_glue [-] ovn.ovn_sb_connection = ['ssl:199.204.45.115:6642'] {{(pid=106279) log_opt_values /opt/stack/data/venv/lib/python3.12/site-packages/oslo_config/cfg.py:3006}}
Apr 24 10:18:33.066476 np0000170013 neutron-periodic-workers[106279]: DEBUG cotyledon.oslo_config_glue [-] ovn.ovn_sb_private_key = /opt/stack/data/CA/int-ca/private/devstack-cert.key {{(pid=106279) log_opt_values /opt/stack/data/venv/lib/python3.12/site-packages/oslo_config/cfg.py:3006}}
Apr 24 10:18:33.066559 np0000170013 neutron-periodic-workers[106279]: DEBUG cotyledon.oslo_config_glue [-] ovn.ovs_create_tap = False {{(pid=106279) log_opt_values /opt/stack/data/venv/lib/python3.12/site-packages/oslo_config/cfg.py:3006}}
Apr 24 10:18:33.066592 np0000170013 neutron-periodic-workers[106279]: DEBUG cotyledon.oslo_config_glue [-] ovn.ovsdb_connection_timeout = 180 {{(pid=106279) log_opt_values /opt/stack/data/venv/lib/python3.12/site-packages/oslo_config/cfg.py:3006}}
Apr 24 10:18:33.066647 np0000170013 neutron-periodic-workers[106279]: DEBUG cotyledon.oslo_config_glue [-] ovn.ovsdb_log_level = INFO {{(pid=106279) log_opt_values /opt/stack/data/venv/lib/python3.12/site-packages/oslo_config/cfg.py:3006}}
Apr 24 10:18:33.066678 np0000170013 neutron-periodic-workers[106279]: DEBUG cotyledon.oslo_config_glue [-] ovn.ovsdb_probe_interval = 60000 {{(pid=106279) log_opt_values /opt/stack/data/venv/lib/python3.12/site-packages/oslo_config/cfg.py:3006}}
Apr 24 10:18:33.066736 np0000170013 neutron-periodic-workers[106279]: DEBUG cotyledon.oslo_config_glue [-] ovn.ovsdb_retry_max_interval = 180 {{(pid=106279) log_opt_values /opt/stack/data/venv/lib/python3.12/site-packages/oslo_config/cfg.py:3006}}
Apr 24 10:18:33.066770 np0000170013 neutron-periodic-workers[106279]: DEBUG cotyledon.oslo_config_glue [-] ovn.stateless_nat_enabled = False {{(pid=106279) log_opt_values /opt/stack/data/venv/lib/python3.12/site-packages/oslo_config/cfg.py:3006}}
Apr 24 10:18:33.066819 np0000170013 neutron-periodic-workers[106279]: DEBUG cotyledon.oslo_config_glue [-] ovn.vhost_sock_dir = /var/run/openvswitch {{(pid=106279) log_opt_values /opt/stack/data/venv/lib/python3.12/site-packages/oslo_config/cfg.py:3006}}
Apr 24 10:18:33.066878 np0000170013 neutron-periodic-workers[106279]: DEBUG cotyledon.oslo_config_glue [-] OVS.bridge_mac_table_size = 50000 {{(pid=106279) log_opt_values /opt/stack/data/venv/lib/python3.12/site-packages/oslo_config/cfg.py:3006}}
Apr 24 10:18:33.066910 np0000170013 neutron-periodic-workers[106279]: DEBUG cotyledon.oslo_config_glue [-] OVS.igmp_flood = False {{(pid=106279) log_opt_values /opt/stack/data/venv/lib/python3.12/site-packages/oslo_config/cfg.py:3006}}
Apr 24 10:18:33.066969 np0000170013 neutron-periodic-workers[106279]: DEBUG cotyledon.oslo_config_glue [-] OVS.igmp_flood_reports = True {{(pid=106279) log_opt_values /opt/stack/data/venv/lib/python3.12/site-packages/oslo_config/cfg.py:3006}}
Apr 24 10:18:33.067018 np0000170013 neutron-periodic-workers[106279]: DEBUG cotyledon.oslo_config_glue [-] OVS.igmp_flood_unregistered = False {{(pid=106279) log_opt_values /opt/stack/data/venv/lib/python3.12/site-packages/oslo_config/cfg.py:3006}}
Apr 24 10:18:33.067070 np0000170013 neutron-periodic-workers[106279]: DEBUG cotyledon.oslo_config_glue [-] OVS.igmp_snooping_enable = False {{(pid=106279) log_opt_values /opt/stack/data/venv/lib/python3.12/site-packages/oslo_config/cfg.py:3006}}
Apr 24 10:18:33.067121 np0000170013 neutron-periodic-workers[106279]: DEBUG cotyledon.oslo_config_glue [-] OVS.ovsdb_timeout = 10 {{(pid=106279) log_opt_values /opt/stack/data/venv/lib/python3.12/site-packages/oslo_config/cfg.py:3006}}
Apr 24 10:18:33.067181 np0000170013 neutron-periodic-workers[106279]: DEBUG cotyledon.oslo_config_glue [-] ovn_nb_global.fdb_removal_limit = 0 {{(pid=106279) log_opt_values /opt/stack/data/venv/lib/python3.12/site-packages/oslo_config/cfg.py:3006}}
Apr 24 10:18:33.067214 np0000170013 neutron-periodic-workers[106279]: DEBUG cotyledon.oslo_config_glue [-] ovn_nb_global.ignore_lsp_down = False {{(pid=106279) log_opt_values /opt/stack/data/venv/lib/python3.12/site-packages/oslo_config/cfg.py:3006}}
Apr 24 10:18:33.067265 np0000170013 neutron-periodic-workers[106279]: DEBUG cotyledon.oslo_config_glue [-] ovn_nb_global.mac_binding_removal_limit = 0 {{(pid=106279) log_opt_values /opt/stack/data/venv/lib/python3.12/site-packages/oslo_config/cfg.py:3006}}
Apr 24 10:18:33.067301 np0000170013 neutron-periodic-workers[106279]: DEBUG cotyledon.oslo_config_glue [-] ******************************************************************************** {{(pid=106279) log_opt_values /opt/stack/data/venv/lib/python3.12/site-packages/oslo_config/cfg.py:3013}}
Apr 24 10:18:33.067522 np0000170013 neutron-periodic-workers[106279]: DEBUG cotyledon._service_worker [-] Run service ServiceWrapper(0) [106279] {{(pid=106279) wait_forever /opt/stack/data/venv/lib/python3.12/site-packages/cotyledon/_service_worker.py:218}}
Apr 24 10:18:42.662095 np0000170013 neutron-periodic-workers[105501]: DEBUG dbcounter [-] [105501] Writing DB stats neutron:SELECT=4 {{(pid=105501) stat_writer /opt/stack/data/venv/lib/python3.12/site-packages/dbcounter.py:115}}
Apr 24 10:19:26.016084 np0000170013 neutron-periodic-workers[106244]: DEBUG oslo_db.sqlalchemy.engines [None req-98caadf4-275f-4adb-a378-384a85eeb127 None None] Parent process 105501 forked (106244) with an open database connection, which is being discarded and recreated. {{(pid=106244) checkout /opt/stack/data/venv/lib/python3.12/site-packages/oslo_db/sqlalchemy/engines.py:402}}
Apr 24 10:19:26.023640 np0000170013 neutron-periodic-workers[106244]: DEBUG dbcounter [-] [106244] Writer thread running {{(pid=106244) stat_writer /opt/stack/data/venv/lib/python3.12/site-packages/dbcounter.py:102}}
Apr 24 10:19:26.035297 np0000170013 neutron-periodic-workers[106244]: DEBUG oslo.service.backend._threading.loopingcall [None req-98caadf4-275f-4adb-a378-384a85eeb127 None None] Fixed interval looping call 'neutron.plugins.ml2.plugin.DhcpAgentSchedulerDbMixin.remove_networks_from_down_agents' sleeping for 36.97 seconds {{(pid=106244) _run_loop /opt/stack/data/venv/lib/python3.12/site-packages/oslo_service/backend/_threading/loopingcall.py:125}}
Apr 24 10:19:36.032512 np0000170013 neutron-periodic-workers[106244]: DEBUG dbcounter [-] [106244] Writing DB stats neutron:SELECT=3 {{(pid=106244) stat_writer /opt/stack/data/venv/lib/python3.12/site-packages/dbcounter.py:115}}
Apr 24 10:19:38.041141 np0000170013 neutron-periodic-workers[106254]: DEBUG dbcounter [-] [106254] Writer thread running {{(pid=106254) stat_writer /opt/stack/data/venv/lib/python3.12/site-packages/dbcounter.py:102}}
Apr 24 10:19:38.045710 np0000170013 neutron-periodic-workers[106254]: DEBUG neutron.db.agents_db [None req-bf8cef71-963b-4902-82d9-9ee336d74537 None None] Agent healthcheck: found 0 active agents {{(pid=106254) agent_health_check /opt/stack/neutron/neutron/db/agents_db.py:317}}
Apr 24 10:19:38.045970 np0000170013 neutron-periodic-workers[106254]: DEBUG oslo.service.backend._threading.loopingcall [None req-bf8cef71-963b-4902-82d9-9ee336d74537 None None] Fixed interval looping call 'neutron.plugins.ml2.plugin.AgentDbMixin.agent_health_check' sleeping for 36.98 seconds {{(pid=106254) _run_loop /opt/stack/data/venv/lib/python3.12/site-packages/oslo_service/backend/_threading/loopingcall.py:125}}
Apr 24 10:19:48.042011 np0000170013 neutron-periodic-workers[106254]: DEBUG dbcounter [-] [106254] Writing DB stats neutron:SELECT=1 {{(pid=106254) stat_writer /opt/stack/data/venv/lib/python3.12/site-packages/dbcounter.py:115}}
Apr 24 10:20:03.015800 np0000170013 neutron-periodic-workers[106244]: DEBUG oslo.service.backend._threading.loopingcall [None req-98caadf4-275f-4adb-a378-384a85eeb127 None None] Fixed interval looping call 'neutron.plugins.ml2.plugin.DhcpAgentSchedulerDbMixin.remove_networks_from_down_agents' sleeping for 36.99 seconds {{(pid=106244) _run_loop /opt/stack/data/venv/lib/python3.12/site-packages/oslo_service/backend/_threading/loopingcall.py:125}}
Apr 24 10:20:13.014654 np0000170013 neutron-periodic-workers[106244]: DEBUG dbcounter [-] [106244] Writing DB stats neutron:SELECT=3 {{(pid=106244) stat_writer /opt/stack/data/venv/lib/python3.12/site-packages/dbcounter.py:115}}
Apr 24 10:20:15.033104 np0000170013 neutron-periodic-workers[106254]: DEBUG neutron.db.agents_db [None req-bf8cef71-963b-4902-82d9-9ee336d74537 None None] Agent healthcheck: found 0 active agents {{(pid=106254) agent_health_check /opt/stack/neutron/neutron/db/agents_db.py:317}}
Apr 24 10:20:15.033881 np0000170013 neutron-periodic-workers[106254]: DEBUG oslo.service.backend._threading.loopingcall [None req-bf8cef71-963b-4902-82d9-9ee336d74537 None None] Fixed interval looping call 'neutron.plugins.ml2.plugin.AgentDbMixin.agent_health_check' sleeping for 36.99 seconds {{(pid=106254) _run_loop /opt/stack/data/venv/lib/python3.12/site-packages/oslo_service/backend/_threading/loopingcall.py:125}}
Apr 24 10:20:25.030852 np0000170013 neutron-periodic-workers[106254]: DEBUG dbcounter [-] [106254] Writing DB stats neutron:SELECT=1 {{(pid=106254) stat_writer /opt/stack/data/venv/lib/python3.12/site-packages/dbcounter.py:115}}
Apr 24 10:20:33.071509 np0000170013 neutron-periodic-workers[106267]: DEBUG dbcounter [-] [106267] Writer thread running {{(pid=106267) stat_writer /opt/stack/data/venv/lib/python3.12/site-packages/dbcounter.py:102}}
Apr 24 10:20:33.073662 np0000170013 neutron-periodic-workers[106267]: DEBUG oslo.service.backend._threading.loopingcall [None req-e41ea936-4094-4fc3-a752-39a924db6b5b None None] Fixed interval looping call 'neutron.db.quota.driver_nolock.DbQuotaNoLockDriver._remove_expired_reservations' sleeping for 119.98 seconds {{(pid=106267) _run_loop /opt/stack/data/venv/lib/python3.12/site-packages/oslo_service/backend/_threading/loopingcall.py:125}}
Apr 24 10:20:34.105903 np0000170013 neutron-periodic-workers[106279]: DEBUG dbcounter [-] [106279] Writer thread running {{(pid=106279) stat_writer /opt/stack/data/venv/lib/python3.12/site-packages/dbcounter.py:102}}
Apr 24 10:20:34.122451 np0000170013 neutron-periodic-workers[106279]: DEBUG oslo.service.backend._threading.loopingcall [None req-21b740c2-5572-4b4c-9cb6-e26ef7954d0b None None] Fixed interval looping call 'neutron.services.ovn_l3.plugin.L3_NAT_dbonly_mixin._clean_garbage' sleeping for 299.95 seconds {{(pid=106279) _run_loop /opt/stack/data/venv/lib/python3.12/site-packages/oslo_service/backend/_threading/loopingcall.py:125}}
Apr 24 10:20:40.018731 np0000170013 neutron-periodic-workers[106244]: DEBUG oslo.service.backend._threading.loopingcall [None req-98caadf4-275f-4adb-a378-384a85eeb127 None None] Fixed interval looping call 'neutron.plugins.ml2.plugin.DhcpAgentSchedulerDbMixin.remove_networks_from_down_agents' sleeping for 36.99 seconds {{(pid=106244) _run_loop /opt/stack/data/venv/lib/python3.12/site-packages/oslo_service/backend/_threading/loopingcall.py:125}}
Apr 24 10:20:43.072303 np0000170013 neutron-periodic-workers[106267]: DEBUG dbcounter [-] [106267] Writing DB stats neutron:DELETE=1 {{(pid=106267) stat_writer /opt/stack/data/venv/lib/python3.12/site-packages/dbcounter.py:115}}
Apr 24 10:20:44.106590 np0000170013 neutron-periodic-workers[106279]: DEBUG dbcounter [-] [106279] Writing DB stats neutron:SELECT=1 {{(pid=106279) stat_writer /opt/stack/data/venv/lib/python3.12/site-packages/dbcounter.py:115}}
Apr 24 10:20:50.017658 np0000170013 neutron-periodic-workers[106244]: DEBUG dbcounter [-] [106244] Writing DB stats neutron:SELECT=3 {{(pid=106244) stat_writer /opt/stack/data/venv/lib/python3.12/site-packages/dbcounter.py:115}}
Apr 24 10:20:52.031303 np0000170013 neutron-periodic-workers[106254]: DEBUG neutron.db.agents_db [None req-bf8cef71-963b-4902-82d9-9ee336d74537 None None] Agent healthcheck: found 0 active agents {{(pid=106254) agent_health_check /opt/stack/neutron/neutron/db/agents_db.py:317}}
Apr 24 10:20:52.031822 np0000170013 neutron-periodic-workers[106254]: DEBUG oslo.service.backend._threading.loopingcall [None req-bf8cef71-963b-4902-82d9-9ee336d74537 None None] Fixed interval looping call 'neutron.plugins.ml2.plugin.AgentDbMixin.agent_health_check' sleeping for 36.99 seconds {{(pid=106254) _run_loop /opt/stack/data/venv/lib/python3.12/site-packages/oslo_service/backend/_threading/loopingcall.py:125}}
Apr 24 10:21:02.034895 np0000170013 neutron-periodic-workers[106254]: DEBUG dbcounter [-] [106254] Writing DB stats neutron:SELECT=1 {{(pid=106254) stat_writer /opt/stack/data/venv/lib/python3.12/site-packages/dbcounter.py:115}}
Apr 24 10:21:17.021154 np0000170013 neutron-periodic-workers[106244]: DEBUG oslo.service.backend._threading.loopingcall [None req-98caadf4-275f-4adb-a378-384a85eeb127 None None] Fixed interval looping call 'neutron.plugins.ml2.plugin.DhcpAgentSchedulerDbMixin.remove_networks_from_down_agents' sleeping for 36.99 seconds {{(pid=106244) _run_loop /opt/stack/data/venv/lib/python3.12/site-packages/oslo_service/backend/_threading/loopingcall.py:125}}
Apr 24 10:21:27.019395 np0000170013 neutron-periodic-workers[106244]: DEBUG dbcounter [-] [106244] Writing DB stats neutron:SELECT=3 {{(pid=106244) stat_writer /opt/stack/data/venv/lib/python3.12/site-packages/dbcounter.py:115}}
Apr 24 10:21:29.030060 np0000170013 neutron-periodic-workers[106254]: DEBUG neutron.db.agents_db [None req-bf8cef71-963b-4902-82d9-9ee336d74537 None None] Agent healthcheck: found 0 active agents {{(pid=106254) agent_health_check /opt/stack/neutron/neutron/db/agents_db.py:317}}
Apr 24 10:21:29.030882 np0000170013 neutron-periodic-workers[106254]: DEBUG oslo.service.backend._threading.loopingcall [None req-bf8cef71-963b-4902-82d9-9ee336d74537 None None] Fixed interval looping call 'neutron.plugins.ml2.plugin.AgentDbMixin.agent_health_check' sleeping for 36.99 seconds {{(pid=106254) _run_loop /opt/stack/data/venv/lib/python3.12/site-packages/oslo_service/backend/_threading/loopingcall.py:125}}
Apr 24 10:21:39.026340 np0000170013 neutron-periodic-workers[106254]: DEBUG dbcounter [-] [106254] Writing DB stats neutron:SELECT=1 {{(pid=106254) stat_writer /opt/stack/data/venv/lib/python3.12/site-packages/dbcounter.py:115}}
Apr 24 10:21:54.021324 np0000170013 neutron-periodic-workers[106244]: DEBUG oslo.service.backend._threading.loopingcall [None req-98caadf4-275f-4adb-a378-384a85eeb127 None None] Fixed interval looping call 'neutron.plugins.ml2.plugin.DhcpAgentSchedulerDbMixin.remove_networks_from_down_agents' sleeping for 36.99 seconds {{(pid=106244) _run_loop /opt/stack/data/venv/lib/python3.12/site-packages/oslo_service/backend/_threading/loopingcall.py:125}}
Apr 24 10:22:04.020077 np0000170013 neutron-periodic-workers[106244]: DEBUG dbcounter [-] [106244] Writing DB stats neutron:SELECT=3 {{(pid=106244) stat_writer /opt/stack/data/venv/lib/python3.12/site-packages/dbcounter.py:115}}
Apr 24 10:22:06.025807 np0000170013 neutron-periodic-workers[106254]: DEBUG neutron.db.agents_db [None req-bf8cef71-963b-4902-82d9-9ee336d74537 None None] Agent healthcheck: found 0 active agents {{(pid=106254) agent_health_check /opt/stack/neutron/neutron/db/agents_db.py:317}}
Apr 24 10:22:06.026590 np0000170013 neutron-periodic-workers[106254]: DEBUG oslo.service.backend._threading.loopingcall [None req-bf8cef71-963b-4902-82d9-9ee336d74537 None None] Fixed interval looping call 'neutron.plugins.ml2.plugin.AgentDbMixin.agent_health_check' sleeping for 36.99 seconds {{(pid=106254) _run_loop /opt/stack/data/venv/lib/python3.12/site-packages/oslo_service/backend/_threading/loopingcall.py:125}}
Apr 24 10:22:16.024208 np0000170013 neutron-periodic-workers[106254]: DEBUG dbcounter [-] [106254] Writing DB stats neutron:SELECT=1 {{(pid=106254) stat_writer /opt/stack/data/venv/lib/python3.12/site-packages/dbcounter.py:115}}
Apr 24 10:22:31.021438 np0000170013 neutron-periodic-workers[106244]: DEBUG oslo.service.backend._threading.loopingcall [None req-98caadf4-275f-4adb-a378-384a85eeb127 None None] Fixed interval looping call 'neutron.plugins.ml2.plugin.DhcpAgentSchedulerDbMixin.remove_networks_from_down_agents' sleeping for 36.99 seconds {{(pid=106244) _run_loop /opt/stack/data/venv/lib/python3.12/site-packages/oslo_service/backend/_threading/loopingcall.py:125}}
Apr 24 10:22:33.058608 np0000170013 neutron-periodic-workers[106267]: DEBUG oslo.service.backend._threading.loopingcall [None req-e41ea936-4094-4fc3-a752-39a924db6b5b None None] Fixed interval looping call 'neutron.db.quota.driver_nolock.DbQuotaNoLockDriver._remove_expired_reservations' sleeping for 120.00 seconds {{(pid=106267) _run_loop /opt/stack/data/venv/lib/python3.12/site-packages/oslo_service/backend/_threading/loopingcall.py:125}}
Apr 24 10:22:41.019546 np0000170013 neutron-periodic-workers[106244]: DEBUG dbcounter [-] [106244] Writing DB stats neutron:SELECT=3 {{(pid=106244) stat_writer /opt/stack/data/venv/lib/python3.12/site-packages/dbcounter.py:115}}
Apr 24 10:22:43.021522 np0000170013 neutron-periodic-workers[106254]: DEBUG neutron.db.agents_db [None req-bf8cef71-963b-4902-82d9-9ee336d74537 None None] Agent healthcheck: found 0 active agents {{(pid=106254) agent_health_check /opt/stack/neutron/neutron/db/agents_db.py:317}}
Apr 24 10:22:43.022265 np0000170013 neutron-periodic-workers[106254]: DEBUG oslo.service.backend._threading.loopingcall [None req-bf8cef71-963b-4902-82d9-9ee336d74537 None None] Fixed interval looping call 'neutron.plugins.ml2.plugin.AgentDbMixin.agent_health_check' sleeping for 36.99 seconds {{(pid=106254) _run_loop /opt/stack/data/venv/lib/python3.12/site-packages/oslo_service/backend/_threading/loopingcall.py:125}}
Apr 24 10:22:43.059373 np0000170013 neutron-periodic-workers[106267]: DEBUG dbcounter [-] [106267] Writing DB stats neutron:DELETE=1 {{(pid=106267) stat_writer /opt/stack/data/venv/lib/python3.12/site-packages/dbcounter.py:115}}
Apr 24 10:22:53.019898 np0000170013 neutron-periodic-workers[106254]: DEBUG dbcounter [-] [106254] Writing DB stats neutron:SELECT=1 {{(pid=106254) stat_writer /opt/stack/data/venv/lib/python3.12/site-packages/dbcounter.py:115}}
Apr 24 10:23:08.024018 np0000170013 neutron-periodic-workers[106244]: DEBUG oslo.service.backend._threading.loopingcall [None req-98caadf4-275f-4adb-a378-384a85eeb127 None None] Fixed interval looping call 'neutron.plugins.ml2.plugin.DhcpAgentSchedulerDbMixin.remove_networks_from_down_agents' sleeping for 36.99 seconds {{(pid=106244) _run_loop /opt/stack/data/venv/lib/python3.12/site-packages/oslo_service/backend/_threading/loopingcall.py:125}}
Apr 24 10:23:18.022046 np0000170013 neutron-periodic-workers[106244]: DEBUG dbcounter [-] [106244] Writing DB stats neutron:SELECT=3 {{(pid=106244) stat_writer /opt/stack/data/venv/lib/python3.12/site-packages/dbcounter.py:115}}
Apr 24 10:23:20.018421 np0000170013 neutron-periodic-workers[106254]: DEBUG neutron.db.agents_db [None req-bf8cef71-963b-4902-82d9-9ee336d74537 None None] Agent healthcheck: found 0 active agents {{(pid=106254) agent_health_check /opt/stack/neutron/neutron/db/agents_db.py:317}}
Apr 24 10:23:20.019252 np0000170013 neutron-periodic-workers[106254]: DEBUG oslo.service.backend._threading.loopingcall [None req-bf8cef71-963b-4902-82d9-9ee336d74537 None None] Fixed interval looping call 'neutron.plugins.ml2.plugin.AgentDbMixin.agent_health_check' sleeping for 36.99 seconds {{(pid=106254) _run_loop /opt/stack/data/venv/lib/python3.12/site-packages/oslo_service/backend/_threading/loopingcall.py:125}}
Apr 24 10:23:30.016330 np0000170013 neutron-periodic-workers[106254]: DEBUG dbcounter [-] [106254] Writing DB stats neutron:SELECT=1 {{(pid=106254) stat_writer /opt/stack/data/venv/lib/python3.12/site-packages/dbcounter.py:115}}
Apr 24 10:23:45.022144 np0000170013 neutron-periodic-workers[106244]: DEBUG oslo.service.backend._threading.loopingcall [None req-98caadf4-275f-4adb-a378-384a85eeb127 None None] Fixed interval looping call 'neutron.plugins.ml2.plugin.DhcpAgentSchedulerDbMixin.remove_networks_from_down_agents' sleeping for 36.99 seconds {{(pid=106244) _run_loop /opt/stack/data/venv/lib/python3.12/site-packages/oslo_service/backend/_threading/loopingcall.py:125}}
Apr 24 10:23:55.021473 np0000170013 neutron-periodic-workers[106244]: DEBUG dbcounter [-] [106244] Writing DB stats neutron:SELECT=3 {{(pid=106244) stat_writer /opt/stack/data/venv/lib/python3.12/site-packages/dbcounter.py:115}}
Apr 24 10:23:57.017530 np0000170013 neutron-periodic-workers[106254]: DEBUG neutron.db.agents_db [None req-bf8cef71-963b-4902-82d9-9ee336d74537 None None] Agent healthcheck: found 0 active agents {{(pid=106254) agent_health_check /opt/stack/neutron/neutron/db/agents_db.py:317}}
Apr 24 10:23:57.017530 np0000170013 neutron-periodic-workers[106254]: DEBUG oslo.service.backend._threading.loopingcall [None req-bf8cef71-963b-4902-82d9-9ee336d74537 None None] Fixed interval looping call 'neutron.plugins.ml2.plugin.AgentDbMixin.agent_health_check' sleeping for 36.99 seconds {{(pid=106254) _run_loop /opt/stack/data/venv/lib/python3.12/site-packages/oslo_service/backend/_threading/loopingcall.py:125}}
Apr 24 10:24:07.013919 np0000170013 neutron-periodic-workers[106254]: DEBUG dbcounter [-] [106254] Writing DB stats neutron:SELECT=1 {{(pid=106254) stat_writer /opt/stack/data/venv/lib/python3.12/site-packages/dbcounter.py:115}}
Apr 24 10:24:22.023429 np0000170013 neutron-periodic-workers[106244]: DEBUG oslo.service.backend._threading.loopingcall [None req-98caadf4-275f-4adb-a378-384a85eeb127 None None] Fixed interval looping call 'neutron.plugins.ml2.plugin.DhcpAgentSchedulerDbMixin.remove_networks_from_down_agents' sleeping for 36.99 seconds {{(pid=106244) _run_loop /opt/stack/data/venv/lib/python3.12/site-packages/oslo_service/backend/_threading/loopingcall.py:125}}
Apr 24 10:24:32.022404 np0000170013 neutron-periodic-workers[106244]: DEBUG dbcounter [-] [106244] Writing DB stats neutron:SELECT=3 {{(pid=106244) stat_writer /opt/stack/data/venv/lib/python3.12/site-packages/dbcounter.py:115}}
Apr 24 10:24:33.064169 np0000170013 neutron-periodic-workers[106267]: DEBUG oslo.service.backend._threading.loopingcall [None req-e41ea936-4094-4fc3-a752-39a924db6b5b None None] Fixed interval looping call 'neutron.db.quota.driver_nolock.DbQuotaNoLockDriver._remove_expired_reservations' sleeping for 120.00 seconds {{(pid=106267) _run_loop /opt/stack/data/venv/lib/python3.12/site-packages/oslo_service/backend/_threading/loopingcall.py:125}}
Apr 24 10:24:34.015103 np0000170013 neutron-periodic-workers[106254]: DEBUG neutron.db.agents_db [None req-bf8cef71-963b-4902-82d9-9ee336d74537 None None] Agent healthcheck: found 0 active agents {{(pid=106254) agent_health_check /opt/stack/neutron/neutron/db/agents_db.py:317}}
Apr 24 10:24:34.015946 np0000170013 neutron-periodic-workers[106254]: DEBUG oslo.service.backend._threading.loopingcall [None req-bf8cef71-963b-4902-82d9-9ee336d74537 None None] Fixed interval looping call 'neutron.plugins.ml2.plugin.AgentDbMixin.agent_health_check' sleeping for 36.99 seconds {{(pid=106254) _run_loop /opt/stack/data/venv/lib/python3.12/site-packages/oslo_service/backend/_threading/loopingcall.py:125}}
Apr 24 10:24:43.063054 np0000170013 neutron-periodic-workers[106267]: DEBUG dbcounter [-] [106267] Writing DB stats neutron:DELETE=1 {{(pid=106267) stat_writer /opt/stack/data/venv/lib/python3.12/site-packages/dbcounter.py:115}}
Apr 24 10:24:44.012238 np0000170013 neutron-periodic-workers[106254]: DEBUG dbcounter [-] [106254] Writing DB stats neutron:SELECT=1 {{(pid=106254) stat_writer /opt/stack/data/venv/lib/python3.12/site-packages/dbcounter.py:115}}
Apr 24 10:24:59.023281 np0000170013 neutron-periodic-workers[106244]: DEBUG oslo.service.backend._threading.loopingcall [None req-98caadf4-275f-4adb-a378-384a85eeb127 None None] Fixed interval looping call 'neutron.plugins.ml2.plugin.DhcpAgentSchedulerDbMixin.remove_networks_from_down_agents' sleeping for 36.99 seconds {{(pid=106244) _run_loop /opt/stack/data/venv/lib/python3.12/site-packages/oslo_service/backend/_threading/loopingcall.py:125}}
Apr 24 10:25:09.022755 np0000170013 neutron-periodic-workers[106244]: DEBUG dbcounter [-] [106244] Writing DB stats neutron:SELECT=3 {{(pid=106244) stat_writer /opt/stack/data/venv/lib/python3.12/site-packages/dbcounter.py:115}}
Apr 24 10:25:11.010685 np0000170013 neutron-periodic-workers[106254]: DEBUG neutron.db.agents_db [None req-bf8cef71-963b-4902-82d9-9ee336d74537 None None] Agent healthcheck: found 0 active agents {{(pid=106254) agent_health_check /opt/stack/neutron/neutron/db/agents_db.py:317}}
Apr 24 10:25:11.011689 np0000170013 neutron-periodic-workers[106254]: DEBUG oslo.service.backend._threading.loopingcall [None req-bf8cef71-963b-4902-82d9-9ee336d74537 None None] Fixed interval looping call 'neutron.plugins.ml2.plugin.AgentDbMixin.agent_health_check' sleeping for 36.99 seconds {{(pid=106254) _run_loop /opt/stack/data/venv/lib/python3.12/site-packages/oslo_service/backend/_threading/loopingcall.py:125}}
Apr 24 10:25:21.009803 np0000170013 neutron-periodic-workers[106254]: DEBUG dbcounter [-] [106254] Writing DB stats neutron:SELECT=1 {{(pid=106254) stat_writer /opt/stack/data/venv/lib/python3.12/site-packages/dbcounter.py:115}}
Apr 24 10:25:34.088634 np0000170013 neutron-periodic-workers[106279]: DEBUG oslo.service.backend._threading.loopingcall [None req-21b740c2-5572-4b4c-9cb6-e26ef7954d0b None None] Fixed interval looping call 'neutron.services.ovn_l3.plugin.L3_NAT_dbonly_mixin._clean_garbage' sleeping for 299.98 seconds {{(pid=106279) _run_loop /opt/stack/data/venv/lib/python3.12/site-packages/oslo_service/backend/_threading/loopingcall.py:125}}
Apr 24 10:25:36.023960 np0000170013 neutron-periodic-workers[106244]: DEBUG oslo.service.backend._threading.loopingcall [None req-98caadf4-275f-4adb-a378-384a85eeb127 None None] Fixed interval looping call 'neutron.plugins.ml2.plugin.DhcpAgentSchedulerDbMixin.remove_networks_from_down_agents' sleeping for 36.99 seconds {{(pid=106244) _run_loop /opt/stack/data/venv/lib/python3.12/site-packages/oslo_service/backend/_threading/loopingcall.py:125}}
Apr 24 10:25:44.077974 np0000170013 neutron-periodic-workers[106279]: DEBUG dbcounter [-] [106279] Writing DB stats neutron:SELECT=1 {{(pid=106279) stat_writer /opt/stack/data/venv/lib/python3.12/site-packages/dbcounter.py:115}}
Apr 24 10:25:46.023087 np0000170013 neutron-periodic-workers[106244]: DEBUG dbcounter [-] [106244] Writing DB stats neutron:SELECT=3 {{(pid=106244) stat_writer /opt/stack/data/venv/lib/python3.12/site-packages/dbcounter.py:115}}
Apr 24 10:25:48.006501 np0000170013 neutron-periodic-workers[106254]: DEBUG neutron.db.agents_db [None req-bf8cef71-963b-4902-82d9-9ee336d74537 None None] Agent healthcheck: found 0 active agents {{(pid=106254) agent_health_check /opt/stack/neutron/neutron/db/agents_db.py:317}}
Apr 24 10:25:48.007132 np0000170013 neutron-periodic-workers[106254]: DEBUG oslo.service.backend._threading.loopingcall [None req-bf8cef71-963b-4902-82d9-9ee336d74537 None None] Fixed interval looping call 'neutron.plugins.ml2.plugin.AgentDbMixin.agent_health_check' sleeping for 36.99 seconds {{(pid=106254) _run_loop /opt/stack/data/venv/lib/python3.12/site-packages/oslo_service/backend/_threading/loopingcall.py:125}}
Apr 24 10:25:58.004726 np0000170013 neutron-periodic-workers[106254]: DEBUG dbcounter [-] [106254] Writing DB stats neutron:SELECT=1 {{(pid=106254) stat_writer /opt/stack/data/venv/lib/python3.12/site-packages/dbcounter.py:115}}
Apr 24 10:26:13.021692 np0000170013 neutron-periodic-workers[106244]: DEBUG oslo.service.backend._threading.loopingcall [None req-98caadf4-275f-4adb-a378-384a85eeb127 None None] Fixed interval looping call 'neutron.plugins.ml2.plugin.DhcpAgentSchedulerDbMixin.remove_networks_from_down_agents' sleeping for 36.99 seconds {{(pid=106244) _run_loop /opt/stack/data/venv/lib/python3.12/site-packages/oslo_service/backend/_threading/loopingcall.py:125}}
Apr 24 10:26:23.021097 np0000170013 neutron-periodic-workers[106244]: DEBUG dbcounter [-] [106244] Writing DB stats neutron:SELECT=3 {{(pid=106244) stat_writer /opt/stack/data/venv/lib/python3.12/site-packages/dbcounter.py:115}}
Apr 24 10:26:25.003528 np0000170013 neutron-periodic-workers[106254]: DEBUG neutron.db.agents_db [None req-bf8cef71-963b-4902-82d9-9ee336d74537 None None] Agent healthcheck: found 0 active agents {{(pid=106254) agent_health_check /opt/stack/neutron/neutron/db/agents_db.py:317}}
Apr 24 10:26:25.004391 np0000170013 neutron-periodic-workers[106254]: DEBUG oslo.service.backend._threading.loopingcall [None req-bf8cef71-963b-4902-82d9-9ee336d74537 None None] Fixed interval looping call 'neutron.plugins.ml2.plugin.AgentDbMixin.agent_health_check' sleeping for 36.99 seconds {{(pid=106254) _run_loop /opt/stack/data/venv/lib/python3.12/site-packages/oslo_service/backend/_threading/loopingcall.py:125}}
Apr 24 10:26:33.070977 np0000170013 neutron-periodic-workers[106267]: DEBUG oslo.service.backend._threading.loopingcall [None req-e41ea936-4094-4fc3-a752-39a924db6b5b None None] Fixed interval looping call 'neutron.db.quota.driver_nolock.DbQuotaNoLockDriver._remove_expired_reservations' sleeping for 119.99 seconds {{(pid=106267) _run_loop /opt/stack/data/venv/lib/python3.12/site-packages/oslo_service/backend/_threading/loopingcall.py:125}}
Apr 24 10:26:35.001440 np0000170013 neutron-periodic-workers[106254]: DEBUG dbcounter [-] [106254] Writing DB stats neutron:SELECT=1 {{(pid=106254) stat_writer /opt/stack/data/venv/lib/python3.12/site-packages/dbcounter.py:115}}
Apr 24 10:26:43.068844 np0000170013 neutron-periodic-workers[106267]: DEBUG dbcounter [-] [106267] Writing DB stats neutron:DELETE=1 {{(pid=106267) stat_writer /opt/stack/data/venv/lib/python3.12/site-packages/dbcounter.py:115}}
Apr 24 10:26:50.024062 np0000170013 neutron-periodic-workers[106244]: DEBUG oslo.service.backend._threading.loopingcall [None req-98caadf4-275f-4adb-a378-384a85eeb127 None None] Fixed interval looping call 'neutron.plugins.ml2.plugin.DhcpAgentSchedulerDbMixin.remove_networks_from_down_agents' sleeping for 36.99 seconds {{(pid=106244) _run_loop /opt/stack/data/venv/lib/python3.12/site-packages/oslo_service/backend/_threading/loopingcall.py:125}}
Apr 24 10:27:00.023163 np0000170013 neutron-periodic-workers[106244]: DEBUG dbcounter [-] [106244] Writing DB stats neutron:SELECT=3 {{(pid=106244) stat_writer /opt/stack/data/venv/lib/python3.12/site-packages/dbcounter.py:115}}
Apr 24 10:27:01.998365 np0000170013 neutron-periodic-workers[106254]: DEBUG neutron.db.agents_db [None req-bf8cef71-963b-4902-82d9-9ee336d74537 None None] Agent healthcheck: found 0 active agents {{(pid=106254) agent_health_check /opt/stack/neutron/neutron/db/agents_db.py:317}}
Apr 24 10:27:01.998365 np0000170013 neutron-periodic-workers[106254]: DEBUG oslo.service.backend._threading.loopingcall [None req-bf8cef71-963b-4902-82d9-9ee336d74537 None None] Fixed interval looping call 'neutron.plugins.ml2.plugin.AgentDbMixin.agent_health_check' sleeping for 37.00 seconds {{(pid=106254) _run_loop /opt/stack/data/venv/lib/python3.12/site-packages/oslo_service/backend/_threading/loopingcall.py:125}}
Apr 24 10:27:11.997128 np0000170013 neutron-periodic-workers[106254]: DEBUG dbcounter [-] [106254] Writing DB stats neutron:SELECT=1 {{(pid=106254) stat_writer /opt/stack/data/venv/lib/python3.12/site-packages/dbcounter.py:115}}
Apr 24 10:27:27.022565 np0000170013 neutron-periodic-workers[106244]: DEBUG oslo.service.backend._threading.loopingcall [None req-98caadf4-275f-4adb-a378-384a85eeb127 None None] Fixed interval looping call 'neutron.plugins.ml2.plugin.DhcpAgentSchedulerDbMixin.remove_networks_from_down_agents' sleeping for 36.99 seconds {{(pid=106244) _run_loop /opt/stack/data/venv/lib/python3.12/site-packages/oslo_service/backend/_threading/loopingcall.py:125}}
Apr 24 10:27:37.020994 np0000170013 neutron-periodic-workers[106244]: DEBUG dbcounter [-] [106244] Writing DB stats neutron:SELECT=3 {{(pid=106244) stat_writer /opt/stack/data/venv/lib/python3.12/site-packages/dbcounter.py:115}}
Apr 24 10:27:39.004666 np0000170013 neutron-periodic-workers[106254]: DEBUG neutron.db.agents_db [None req-bf8cef71-963b-4902-82d9-9ee336d74537 None None] Agent healthcheck: found 0 active agents {{(pid=106254) agent_health_check /opt/stack/neutron/neutron/db/agents_db.py:317}}
Apr 24 10:27:39.004666 np0000170013 neutron-periodic-workers[106254]: DEBUG oslo.service.backend._threading.loopingcall [None req-bf8cef71-963b-4902-82d9-9ee336d74537 None None] Fixed interval looping call 'neutron.plugins.ml2.plugin.AgentDbMixin.agent_health_check' sleeping for 36.99 seconds {{(pid=106254) _run_loop /opt/stack/data/venv/lib/python3.12/site-packages/oslo_service/backend/_threading/loopingcall.py:125}}
Apr 24 10:27:49.003348 np0000170013 neutron-periodic-workers[106254]: DEBUG dbcounter [-] [106254] Writing DB stats neutron:SELECT=1 {{(pid=106254) stat_writer /opt/stack/data/venv/lib/python3.12/site-packages/dbcounter.py:115}}
Apr 24 10:28:04.018095 np0000170013 neutron-periodic-workers[106244]: DEBUG oslo.service.backend._threading.loopingcall [None req-98caadf4-275f-4adb-a378-384a85eeb127 None None] Fixed interval looping call 'neutron.plugins.ml2.plugin.DhcpAgentSchedulerDbMixin.remove_networks_from_down_agents' sleeping for 36.99 seconds {{(pid=106244) _run_loop /opt/stack/data/venv/lib/python3.12/site-packages/oslo_service/backend/_threading/loopingcall.py:125}}
Apr 24 10:28:14.017657 np0000170013 neutron-periodic-workers[106244]: DEBUG dbcounter [-] [106244] Writing DB stats neutron:SELECT=3 {{(pid=106244) stat_writer /opt/stack/data/venv/lib/python3.12/site-packages/dbcounter.py:115}}
Apr 24 10:28:15.999913 np0000170013 neutron-periodic-workers[106254]: DEBUG neutron.db.agents_db [None req-bf8cef71-963b-4902-82d9-9ee336d74537 None None] Agent healthcheck: found 0 active agents {{(pid=106254) agent_health_check /opt/stack/neutron/neutron/db/agents_db.py:317}}
Apr 24 10:28:16.001162 np0000170013 neutron-periodic-workers[106254]: DEBUG oslo.service.backend._threading.loopingcall [None req-bf8cef71-963b-4902-82d9-9ee336d74537 None None] Fixed interval looping call 'neutron.plugins.ml2.plugin.AgentDbMixin.agent_health_check' sleeping for 36.99 seconds {{(pid=106254) _run_loop /opt/stack/data/venv/lib/python3.12/site-packages/oslo_service/backend/_threading/loopingcall.py:125}}
Apr 24 10:28:25.998667 np0000170013 neutron-periodic-workers[106254]: DEBUG dbcounter [-] [106254] Writing DB stats neutron:SELECT=1 {{(pid=106254) stat_writer /opt/stack/data/venv/lib/python3.12/site-packages/dbcounter.py:115}}
Apr 24 10:28:33.066524 np0000170013 neutron-periodic-workers[106267]: DEBUG oslo.service.backend._threading.loopingcall [None req-e41ea936-4094-4fc3-a752-39a924db6b5b None None] Fixed interval looping call 'neutron.db.quota.driver_nolock.DbQuotaNoLockDriver._remove_expired_reservations' sleeping for 119.99 seconds {{(pid=106267) _run_loop /opt/stack/data/venv/lib/python3.12/site-packages/oslo_service/backend/_threading/loopingcall.py:125}}
Apr 24 10:28:41.016929 np0000170013 neutron-periodic-workers[106244]: DEBUG oslo.service.backend._threading.loopingcall [None req-98caadf4-275f-4adb-a378-384a85eeb127 None None] Fixed interval looping call 'neutron.plugins.ml2.plugin.DhcpAgentSchedulerDbMixin.remove_networks_from_down_agents' sleeping for 36.99 seconds {{(pid=106244) _run_loop /opt/stack/data/venv/lib/python3.12/site-packages/oslo_service/backend/_threading/loopingcall.py:125}}
Apr 24 10:28:43.065643 np0000170013 neutron-periodic-workers[106267]: DEBUG dbcounter [-] [106267] Writing DB stats neutron:DELETE=1 {{(pid=106267) stat_writer /opt/stack/data/venv/lib/python3.12/site-packages/dbcounter.py:115}}
Apr 24 10:28:51.016250 np0000170013 neutron-periodic-workers[106244]: DEBUG dbcounter [-] [106244] Writing DB stats neutron:SELECT=3 {{(pid=106244) stat_writer /opt/stack/data/venv/lib/python3.12/site-packages/dbcounter.py:115}}
Apr 24 10:28:52.997031 np0000170013 neutron-periodic-workers[106254]: DEBUG neutron.db.agents_db [None req-bf8cef71-963b-4902-82d9-9ee336d74537 None None] Agent healthcheck: found 0 active agents {{(pid=106254) agent_health_check /opt/stack/neutron/neutron/db/agents_db.py:317}}
Apr 24 10:28:52.997890 np0000170013 neutron-periodic-workers[106254]: DEBUG oslo.service.backend._threading.loopingcall [None req-bf8cef71-963b-4902-82d9-9ee336d74537 None None] Fixed interval looping call 'neutron.plugins.ml2.plugin.AgentDbMixin.agent_health_check' sleeping for 36.99 seconds {{(pid=106254) _run_loop /opt/stack/data/venv/lib/python3.12/site-packages/oslo_service/backend/_threading/loopingcall.py:125}}
Apr 24 10:29:02.995112 np0000170013 neutron-periodic-workers[106254]: DEBUG dbcounter [-] [106254] Writing DB stats neutron:SELECT=1 {{(pid=106254) stat_writer /opt/stack/data/venv/lib/python3.12/site-packages/dbcounter.py:115}}
Apr 24 10:29:18.018177 np0000170013 neutron-periodic-workers[106244]: DEBUG oslo.service.backend._threading.loopingcall [None req-98caadf4-275f-4adb-a378-384a85eeb127 None None] Fixed interval looping call 'neutron.plugins.ml2.plugin.DhcpAgentSchedulerDbMixin.remove_networks_from_down_agents' sleeping for 36.99 seconds {{(pid=106244) _run_loop /opt/stack/data/venv/lib/python3.12/site-packages/oslo_service/backend/_threading/loopingcall.py:125}}
Apr 24 10:29:28.016079 np0000170013 neutron-periodic-workers[106244]: DEBUG dbcounter [-] [106244] Writing DB stats neutron:SELECT=3 {{(pid=106244) stat_writer /opt/stack/data/venv/lib/python3.12/site-packages/dbcounter.py:115}}
Apr 24 10:29:29.992862 np0000170013 neutron-periodic-workers[106254]: DEBUG neutron.db.agents_db [None req-bf8cef71-963b-4902-82d9-9ee336d74537 None None] Agent healthcheck: found 0 active agents {{(pid=106254) agent_health_check /opt/stack/neutron/neutron/db/agents_db.py:317}}
Apr 24 10:29:29.993643 np0000170013 neutron-periodic-workers[106254]: DEBUG oslo.service.backend._threading.loopingcall [None req-bf8cef71-963b-4902-82d9-9ee336d74537 None None] Fixed interval looping call 'neutron.plugins.ml2.plugin.AgentDbMixin.agent_health_check' sleeping for 36.99 seconds {{(pid=106254) _run_loop /opt/stack/data/venv/lib/python3.12/site-packages/oslo_service/backend/_threading/loopingcall.py:125}}
