Mar 26 00:12:42.891404 np0000160697 devstack@neutron-api.service[102785]: INFO neutron.db.ovn_revision_numbers_db [None req-1dfd9e77-ec05-4d79-adbd-37eb262852c2 admin admin] Successfully bumped revision number for resource a010ceaa-7565-4f32-a58b-4653eec73c5f (type: security_group_rules) to 0
Mar 26 00:12:42.915357 np0000160697 devstack@neutron-api.service[102785]: DEBUG neutron.api.rpc.handlers.resources_rpc [None req-1dfd9e77-ec05-4d79-adbd-37eb262852c2 admin admin] Pushing event updated for resources: {'SecurityGroup': ['ID=76c45c4b-15e5-401f-b049-9d8a8ebbe020,revision_number=1']} {{(pid=102785) push /opt/stack/neutron/neutron/api/rpc/handlers/resources_rpc.py:237}}
Mar 26 00:12:42.919970 np0000160697 devstack@neutron-api.service[102785]: DEBUG ovsdbapp.backend.ovs_idl.transaction [None req-323ce951-d382-4ee8-a265-a1c8815b5c29 None None] Running txn n=1 command(idx=0): CheckLivenessCommand(_result=None) {{(pid=102785) do_commit /opt/stack/data/venv/lib/python3.12/site-packages/ovsdbapp/backend/ovs_idl/transaction.py:89}}
Mar 26 00:12:42.923511 np0000160697 devstack@neutron-api.service[102785]: DEBUG neutron.plugins.ml2.drivers.ovn.mech_driver.ovsdb.ovsdb_monitor [None req-323ce951-d382-4ee8-a265-a1c8815b5c29 None None] Touching Hash Ring node "ed727a5611be5c2289c38cce4de1125b" from IDL notify handler {{(pid=102785) notify /opt/stack/neutron/neutron/plugins/ml2/drivers/ovn/mech_driver/ovsdb/ovsdb_monitor.py:904}}
Mar 26 00:12:42.928351 np0000160697 devstack@neutron-api.service[102786]: DEBUG neutron.plugins.ml2.drivers.ovn.mech_driver.ovsdb.ovsdb_monitor [None req-2b7edb0c-6e0e-4a3b-b752-87d3d12be698 None None] ChassisAgentWriteEvent : Matched Chassis_Private, update, None None {{(pid=102786) matches /opt/stack/neutron/neutron/plugins/ml2/drivers/ovn/mech_driver/ovsdb/ovsdb_monitor.py:64}}
Mar 26 00:12:42.928547 np0000160697 devstack@neutron-api.service[102785]: DEBUG neutron.plugins.ml2.drivers.ovn.mech_driver.ovsdb.ovsdb_monitor [None req-27a6de39-725d-474f-a727-1a433ef8a911 None None] ChassisAgentWriteEvent : Matched Chassis_Private, update, None None {{(pid=102785) matches /opt/stack/neutron/neutron/plugins/ml2/drivers/ovn/mech_driver/ovsdb/ovsdb_monitor.py:64}}
Mar 26 00:12:42.928716 np0000160697 devstack@neutron-api.service[102783]: DEBUG neutron.plugins.ml2.drivers.ovn.mech_driver.ovsdb.ovsdb_monitor [None req-6e249840-4658-4e50-8065-4e92dcdee69e None None] ChassisAgentWriteEvent : Matched Chassis_Private, update, None None {{(pid=102783) matches /opt/stack/neutron/neutron/plugins/ml2/drivers/ovn/mech_driver/ovsdb/ovsdb_monitor.py:64}}
Mar 26 00:12:42.928873 np0000160697 devstack@neutron-api.service[102784]: DEBUG neutron.plugins.ml2.drivers.ovn.mech_driver.ovsdb.ovsdb_monitor [None req-fc6dcd98-a5c1-4eaa-887b-3502c22476c5 None None] ChassisAgentWriteEvent : Matched Chassis_Private, update, None None {{(pid=102784) matches /opt/stack/neutron/neutron/plugins/ml2/drivers/ovn/mech_driver/ovsdb/ovsdb_monitor.py:64}}
Mar 26 00:12:42.931949 np0000160697 devstack@neutron-api.service[102785]: DEBUG neutron.plugins.ml2.drivers.ovn.mech_driver.ovsdb.ovsdb_monitor [None req-323ce951-d382-4ee8-a265-a1c8815b5c29 None None] Hash Ring: Node ed727a5611be5c2289c38cce4de1125b (host: np0000160697) handling event "update" for row 424dd4bd-3cff-499d-a0db-1fe8d81c484d (table: NB_Global) {{(pid=102785) notify /opt/stack/neutron/neutron/plugins/ml2/drivers/ovn/mech_driver/ovsdb/ovsdb_monitor.py:912}}
Mar 26 00:12:42.935038 np0000160697 devstack@neutron-api.service[102785]: DEBUG neutron.plugins.ml2.drivers.ovn.mech_driver.ovsdb.ovsdb_monitor [None req-323ce951-d382-4ee8-a265-a1c8815b5c29 None None] Touching Hash Ring node "ed727a5611be5c2289c38cce4de1125b" from IDL notify handler {{(pid=102785) notify /opt/stack/neutron/neutron/plugins/ml2/drivers/ovn/mech_driver/ovsdb/ovsdb_monitor.py:904}}
Mar 26 00:12:42.937396 np0000160697 devstack@neutron-api.service[102783]: DEBUG neutron.common.ovn.hash_ring_manager [None req-6e249840-4658-4e50-8065-4e92dcdee69e None None] Hash Ring loaded. 4 active nodes. 0 offline nodes {{(pid=102783) _load_hash_ring /opt/stack/neutron/neutron/common/ovn/hash_ring_manager.py:102}}
Mar 26 00:12:42.937790 np0000160697 devstack@neutron-api.service[102784]: DEBUG neutron.common.ovn.hash_ring_manager [None req-fc6dcd98-a5c1-4eaa-887b-3502c22476c5 None None] Hash Ring loaded. 4 active nodes. 0 offline nodes {{(pid=102784) _load_hash_ring /opt/stack/neutron/neutron/common/ovn/hash_ring_manager.py:102}}
Mar 26 00:12:42.938979 np0000160697 devstack@neutron-api.service[102786]: DEBUG neutron.common.ovn.hash_ring_manager [None req-2b7edb0c-6e0e-4a3b-b752-87d3d12be698 None None] Hash Ring loaded. 4 active nodes. 0 offline nodes {{(pid=102786) _load_hash_ring /opt/stack/neutron/neutron/common/ovn/hash_ring_manager.py:102}}
Mar 26 00:12:42.939140 np0000160697 devstack@neutron-api.service[102786]: DEBUG neutron.plugins.ml2.drivers.ovn.mech_driver.ovsdb.ovsdb_monitor [None req-2b7edb0c-6e0e-4a3b-b752-87d3d12be698 None None] Hash Ring: Node f444fdb6288a5689ac125e14df90c343 (host: np0000160697) handling event "update" for row 75d955d5-1d18-4c80-8380-7174c47c35f2 (table: Chassis_Private) {{(pid=102786) notify /opt/stack/neutron/neutron/plugins/ml2/drivers/ovn/mech_driver/ovsdb/ovsdb_monitor.py:912}}
Mar 26 00:12:42.940154 np0000160697 devstack@neutron-api.service[102785]: DEBUG neutron.plugins.ml2.drivers.ovn.mech_driver.ovsdb.ovsdb_monitor [None req-323ce951-d382-4ee8-a265-a1c8815b5c29 None None] Hash Ring: Node ed727a5611be5c2289c38cce4de1125b (host: np0000160697) handling event "update" for row 424dd4bd-3cff-499d-a0db-1fe8d81c484d (table: NB_Global) {{(pid=102785) notify /opt/stack/neutron/neutron/plugins/ml2/drivers/ovn/mech_driver/ovsdb/ovsdb_monitor.py:912}}
Mar 26 00:12:42.941993 np0000160697 devstack@neutron-api.service[102785]: DEBUG neutron.plugins.ml2.drivers.ovn.mech_driver.ovsdb.ovsdb_monitor [None req-323ce951-d382-4ee8-a265-a1c8815b5c29 None None] Touching Hash Ring node "ed727a5611be5c2289c38cce4de1125b" from IDL notify handler {{(pid=102785) notify /opt/stack/neutron/neutron/plugins/ml2/drivers/ovn/mech_driver/ovsdb/ovsdb_monitor.py:904}}
Mar 26 00:12:42.944308 np0000160697 devstack@neutron-api.service[102785]: DEBUG neutron.common.ovn.hash_ring_manager [None req-27a6de39-725d-474f-a727-1a433ef8a911 None None] Hash Ring loaded. 4 active nodes. 0 offline nodes {{(pid=102785) _load_hash_ring /opt/stack/neutron/neutron/common/ovn/hash_ring_manager.py:102}}
Mar 26 00:12:42.944849 np0000160697 devstack@neutron-api.service[102785]: DEBUG neutron.plugins.ml2.drivers.ovn.mech_driver.ovsdb.ovsdb_monitor [None req-323ce951-d382-4ee8-a265-a1c8815b5c29 None None] Hash Ring: Node ed727a5611be5c2289c38cce4de1125b (host: np0000160697) handling event "update" for row 424dd4bd-3cff-499d-a0db-1fe8d81c484d (table: NB_Global) {{(pid=102785) notify /opt/stack/neutron/neutron/plugins/ml2/drivers/ovn/mech_driver/ovsdb/ovsdb_monitor.py:912}}
Mar 26 00:12:42.945954 np0000160697 devstack@neutron-api.service[102785]: DEBUG neutron.plugins.ml2.drivers.ovn.mech_driver.ovsdb.ovsdb_monitor [None req-323ce951-d382-4ee8-a265-a1c8815b5c29 None None] Touching Hash Ring node "ed727a5611be5c2289c38cce4de1125b" from IDL notify handler {{(pid=102785) notify /opt/stack/neutron/neutron/plugins/ml2/drivers/ovn/mech_driver/ovsdb/ovsdb_monitor.py:904}}
Mar 26 00:12:42.947524 np0000160697 devstack@neutron-api.service[102785]: DEBUG neutron.plugins.ml2.drivers.ovn.mech_driver.ovsdb.ovsdb_monitor [None req-323ce951-d382-4ee8-a265-a1c8815b5c29 None None] Hash Ring: Node ed727a5611be5c2289c38cce4de1125b (host: np0000160697) handling event "update" for row 424dd4bd-3cff-499d-a0db-1fe8d81c484d (table: NB_Global) {{(pid=102785) notify /opt/stack/neutron/neutron/plugins/ml2/drivers/ovn/mech_driver/ovsdb/ovsdb_monitor.py:912}}
Mar 26 00:12:42.951748 np0000160697 devstack@neutron-api.service[102785]: DEBUG neutron.api.rpc.callbacks.version_manager [None req-1dfd9e77-ec05-4d79-adbd-37eb262852c2 admin admin] Tracked resource versions report:
Mar 26 00:12:42.951748 np0000160697 devstack@neutron-api.service[102785]: pushed versions:
Mar 26 00:12:42.951748 np0000160697 devstack@neutron-api.service[102785]: { 'AddressGroup': {'1.2'},
Mar 26 00:12:42.951748 np0000160697 devstack@neutron-api.service[102785]: 'Agent': {'1.1'},
Mar 26 00:12:42.951748 np0000160697 devstack@neutron-api.service[102785]: 'ConntrackHelper': {'1.0'},
Mar 26 00:12:42.951748 np0000160697 devstack@neutron-api.service[102785]: 'LocalIPAssociation': {'1.0'},
Mar 26 00:12:42.951748 np0000160697 devstack@neutron-api.service[102785]: 'Log': {'1.0'},
Mar 26 00:12:42.951748 np0000160697 devstack@neutron-api.service[102785]: 'NDPProxy': {'1.0'},
Mar 26 00:12:42.951748 np0000160697 devstack@neutron-api.service[102785]: 'Network': {'1.2'},
Mar 26 00:12:42.951748 np0000160697 devstack@neutron-api.service[102785]: 'Port': {'1.10'},
Mar 26 00:12:42.951748 np0000160697 devstack@neutron-api.service[102785]: 'PortForwarding': {'1.3'},
Mar 26 00:12:42.951748 np0000160697 devstack@neutron-api.service[102785]: 'QosPolicy': {'1.10'},
Mar 26 00:12:42.951748 np0000160697 devstack@neutron-api.service[102785]: 'SecurityGroup': {'1.6'},
Mar 26 00:12:42.951748 np0000160697 devstack@neutron-api.service[102785]: 'SecurityGroupRule': {'1.3'},
Mar 26 00:12:42.951748 np0000160697 devstack@neutron-api.service[102785]: 'SubPort': {'1.0'},
Mar 26 00:12:42.951748 np0000160697 devstack@neutron-api.service[102785]: 'Subnet': {'1.2'},
Mar 26 00:12:42.951748 np0000160697 devstack@neutron-api.service[102785]: 'Trunk': {'1.1'}}
Mar 26 00:12:42.951748 np0000160697 devstack@neutron-api.service[102785]: consumer versions:
Mar 26 00:12:42.951748 np0000160697 devstack@neutron-api.service[102785]: { OVN Neutron agent@np0000160697: {},
Mar 26 00:12:42.951748 np0000160697 devstack@neutron-api.service[102785]: OVN Controller Gateway agent@np0000160697: {}}
Mar 26 00:12:42.951748 np0000160697 devstack@neutron-api.service[102785]: {{(pid=102785) report /opt/stack/neutron/neutron/api/rpc/callbacks/version_manager.py:183}}
Mar 26 00:12:42.994109 np0000160697 devstack@neutron-api.service[102785]: DEBUG neutron.plugins.ml2.drivers.helpers [None req-1dfd9e77-ec05-4d79-adbd-37eb262852c2 admin admin] geneve segment allocate from pool success with {'geneve_vni': 36084} {{(pid=102785) allocate_partially_specified_segment /opt/stack/neutron/neutron/plugins/ml2/drivers/helpers.py:142}}
Mar 26 00:12:43.004120 np0000160697 devstack@neutron-api.service[102785]: DEBUG neutron_lib.callbacks.manager [None req-1dfd9e77-ec05-4d79-adbd-37eb262852c2 admin admin] Publish callbacks ['neutron.services.segments.db._add_segment_host_mapping_for_segment-8714295993818', 'neutron.plugins.ml2.plugin.Ml2Plugin._handle_segment_change-1427267'] for segment (35152eb8-9ce0-4c10-926d-4f2f87ae5096), precommit_create {{(pid=102785) _notify_loop /opt/stack/data/venv/lib/python3.12/site-packages/neutron_lib/callbacks/manager.py:184}}
Mar 26 00:12:43.004250 np0000160697 devstack@neutron-api.service[102785]: INFO neutron.db.segments_db [None req-1dfd9e77-ec05-4d79-adbd-37eb262852c2 admin admin] Added segment 35152eb8-9ce0-4c10-926d-4f2f87ae5096 of type geneve for network 54e21ab8-3d5f-4bbb-b727-1f02d3055090
Mar 26 00:12:43.016466 np0000160697 devstack@neutron-api.service[102785]: DEBUG neutron_lib.callbacks.manager [None req-1dfd9e77-ec05-4d79-adbd-37eb262852c2 admin admin] Publish callbacks ['neutron.services.auto_allocate.db._ensure_external_network_default_value_callback-8714294006334'] for network (54e21ab8-3d5f-4bbb-b727-1f02d3055090), precommit_create {{(pid=102785) _notify_loop /opt/stack/data/venv/lib/python3.12/site-packages/neutron_lib/callbacks/manager.py:184}}
Mar 26 00:12:43.027003 np0000160697 devstack@neutron-api.service[102785]: DEBUG neutron.plugins.ml2.drivers.ovn.mech_driver.mech_driver [None req-1dfd9e77-ec05-4d79-adbd-37eb262852c2 admin admin] Validating network segment with type geneve, segmentation ID 36084, physical network None {{(pid=102785) _validate_network_segments /opt/stack/neutron/neutron/plugins/ml2/drivers/ovn/mech_driver/mech_driver.py:630}}
Mar 26 00:12:43.027127 np0000160697 devstack@neutron-api.service[102785]: DEBUG neutron.db.ovn_revision_numbers_db [None req-1dfd9e77-ec05-4d79-adbd-37eb262852c2 admin admin] create_initial_revision uuid=54e21ab8-3d5f-4bbb-b727-1f02d3055090, type=networks, rev=-1 {{(pid=102785) create_initial_revision /opt/stack/neutron/neutron/db/ovn_revision_numbers_db.py:98}}
Mar 26 00:12:43.044203 np0000160697 devstack@neutron-api.service[102785]: DEBUG neutron_lib.callbacks.manager [None req-1dfd9e77-ec05-4d79-adbd-37eb262852c2 admin admin] Publish callbacks ['neutron.plugins.ml2.ovo_rpc._ObjectChangeHandler.handle_event-14998406'] for network (54e21ab8-3d5f-4bbb-b727-1f02d3055090), after_create {{(pid=102785) _notify_loop /opt/stack/data/venv/lib/python3.12/site-packages/neutron_lib/callbacks/manager.py:184}}
Mar 26 00:12:43.061165 np0000160697 devstack@neutron-api.service[102785]: DEBUG neutron.api.rpc.handlers.resources_rpc [None req-1dfd9e77-ec05-4d79-adbd-37eb262852c2 admin admin] Pushing event updated for resources: {'Network': ['ID=54e21ab8-3d5f-4bbb-b727-1f02d3055090,revision_number=1']} {{(pid=102785) push /opt/stack/neutron/neutron/api/rpc/handlers/resources_rpc.py:237}}
Mar 26 00:12:43.068100 np0000160697 devstack@neutron-api.service[102785]: DEBUG ovsdbapp.backend.ovs_idl.transaction [None req-323ce951-d382-4ee8-a265-a1c8815b5c29 None None] Running txn n=1 command(idx=0): AddNetworkCommand(_result=None, network_uuid=54e21ab8-3d5f-4bbb-b727-1f02d3055090, may_exist=True, columns={'external_ids': {'neutron:network_name': 'admin_net', 'neutron:mtu': '1372', 'neutron:revision_number': '1', 'neutron:availability_zone_hints': '', 'neutron:provnet-network-type': 'geneve'}, 'other_config': {'mcast_snoop': 'false', 'mcast_flood_unregistered': 'false', 'vlan-passthru': 'false'}}) {{(pid=102785) do_commit /opt/stack/data/venv/lib/python3.12/site-packages/ovsdbapp/backend/ovs_idl/transaction.py:89}}
Mar 26 00:12:43.074602 np0000160697 devstack@neutron-api.service[102783]: DEBUG neutron.plugins.ml2.drivers.ovn.mech_driver.ovsdb.ovsdb_monitor [None req-d1f88c11-dda8-4b39-868c-a1aeca12e561 None None] Touching Hash Ring node "8e629f59fb8a517f8f2d1d2a8a4ab93a" from IDL notify handler {{(pid=102783) notify /opt/stack/neutron/neutron/plugins/ml2/drivers/ovn/mech_driver/ovsdb/ovsdb_monitor.py:904}}
Mar 26 00:12:43.078818 np0000160697 devstack@neutron-api.service[102783]: DEBUG neutron.plugins.ml2.drivers.ovn.mech_driver.ovsdb.ovsdb_monitor [None req-6e249840-4658-4e50-8065-4e92dcdee69e None None] Hash Ring: Node 8e629f59fb8a517f8f2d1d2a8a4ab93a (host: np0000160697) handling event "create" for row db38eac3-ce4e-4d44-acf3-17c20175b8b4 (table: Datapath_Binding) {{(pid=102783) notify /opt/stack/neutron/neutron/plugins/ml2/drivers/ovn/mech_driver/ovsdb/ovsdb_monitor.py:912}}
Mar 26 00:12:43.079507 np0000160697 devstack@neutron-api.service[102783]: DEBUG neutron.plugins.ml2.drivers.ovn.mech_driver.ovsdb.ovsdb_monitor [None req-d1f88c11-dda8-4b39-868c-a1aeca12e561 None None] Hash Ring: Node 8e629f59fb8a517f8f2d1d2a8a4ab93a (host: np0000160697) handling event "create" for row 54e21ab8-3d5f-4bbb-b727-1f02d3055090 (table: Logical_Switch) {{(pid=102783) notify /opt/stack/neutron/neutron/plugins/ml2/drivers/ovn/mech_driver/ovsdb/ovsdb_monitor.py:912}}
Mar 26 00:12:43.095646 np0000160697 devstack@neutron-api.service[102785]: INFO neutron.db.ovn_revision_numbers_db [None req-1dfd9e77-ec05-4d79-adbd-37eb262852c2 admin admin] Successfully bumped revision number for resource 54e21ab8-3d5f-4bbb-b727-1f02d3055090 (type: networks) to 1
Mar 26 00:12:43.109891 np0000160697 devstack@neutron-api.service[102785]: DEBUG neutron_lib.callbacks.manager [None req-1dfd9e77-ec05-4d79-adbd-37eb262852c2 admin admin] Publish callbacks ['neutron.plugins.ml2.plugin.SecurityGroupDbMixin._ensure_default_security_group_handler-1166697'] for port (None), before_create {{(pid=102785) _notify_loop /opt/stack/data/venv/lib/python3.12/site-packages/neutron_lib/callbacks/manager.py:184}}
Mar 26 00:12:43.166801 np0000160697 devstack@neutron-api.service[102785]: DEBUG neutron_lib.callbacks.manager [None req-1dfd9e77-ec05-4d79-adbd-37eb262852c2 admin admin] Publish callbacks ['neutron.plugins.ml2.drivers.ovn.mech_driver.mech_driver.OVNMechanismDriver._validate_allowed_address_pairs-16559023'] for allowed_address_pair (e81334e5-f7d2-470f-aaf7-85777af16072), before_create {{(pid=102785) _notify_loop /opt/stack/data/venv/lib/python3.12/site-packages/neutron_lib/callbacks/manager.py:184}}
Mar 26 00:12:43.167207 np0000160697 devstack@neutron-api.service[102785]: DEBUG neutron_lib.callbacks.manager [None req-1dfd9e77-ec05-4d79-adbd-37eb262852c2 admin admin] Publish callbacks [] for port (e81334e5-f7d2-470f-aaf7-85777af16072), precommit_create {{(pid=102785) _notify_loop /opt/stack/data/venv/lib/python3.12/site-packages/neutron_lib/callbacks/manager.py:184}}
Mar 26 00:12:43.167347 np0000160697 devstack@neutron-api.service[102785]: DEBUG neutron.plugins.ml2.drivers.ovn.mech_driver.mech_driver [None req-1dfd9e77-ec05-4d79-adbd-37eb262852c2 admin admin] No provisioning block for port e81334e5-f7d2-470f-aaf7-85777af16072 since it does not have a host {{(pid=102785) _is_port_provisioning_required /opt/stack/neutron/neutron/plugins/ml2/drivers/ovn/mech_driver/mech_driver.py:883}}
Mar 26 00:12:43.167441 np0000160697 devstack@neutron-api.service[102785]: DEBUG neutron.db.ovn_revision_numbers_db [None req-1dfd9e77-ec05-4d79-adbd-37eb262852c2 admin admin] create_initial_revision uuid=e81334e5-f7d2-470f-aaf7-85777af16072, type=ports, rev=-1 {{(pid=102785) create_initial_revision /opt/stack/neutron/neutron/db/ovn_revision_numbers_db.py:98}}
Mar 26 00:12:43.202882 np0000160697 devstack@neutron-api.service[102785]: DEBUG neutron_lib.callbacks.manager [None req-1dfd9e77-ec05-4d79-adbd-37eb262852c2 admin admin] Publish callbacks ['neutron.plugins.ml2.ovo_rpc._ObjectChangeHandler.handle_event-14998421'] for port (e81334e5-f7d2-470f-aaf7-85777af16072), after_create {{(pid=102785) _notify_loop /opt/stack/data/venv/lib/python3.12/site-packages/neutron_lib/callbacks/manager.py:184}}
Mar 26 00:12:43.234377 np0000160697 devstack@neutron-api.service[102785]: DEBUG neutron.api.rpc.handlers.resources_rpc [None req-1dfd9e77-ec05-4d79-adbd-37eb262852c2 admin admin] Pushing event updated for resources: {'Port': ['ID=e81334e5-f7d2-470f-aaf7-85777af16072,revision_number=1']} {{(pid=102785) push /opt/stack/neutron/neutron/api/rpc/handlers/resources_rpc.py:237}}
Mar 26 00:12:43.244070 np0000160697 devstack@neutron-api.service[102785]: DEBUG ovsdbapp.backend.ovs_idl.transaction [None req-323ce951-d382-4ee8-a265-a1c8815b5c29 None None] Running txn n=1 command(idx=0): AddLSwitchPortCommand(_result=None, lport=e81334e5-f7d2-470f-aaf7-85777af16072, lswitch=neutron-54e21ab8-3d5f-4bbb-b727-1f02d3055090, may_exist=True, network_uuid=54e21ab8-3d5f-4bbb-b727-1f02d3055090, columns={'addresses': ['fa:16:3e:eb:0c:05'], 'external_ids': {'neutron:port_name': '', 'neutron:device_id': 'ovnmeta-54e21ab8-3d5f-4bbb-b727-1f02d3055090', 'neutron:project_id': '02c501eb525546a89e55a44a259c75a4', 'neutron:cidrs': '', 'neutron:device_owner': 'network:distributed', 'neutron:subnet_pool_addr_scope4': '', 'neutron:subnet_pool_addr_scope6': '', 'neutron:network_name': 'neutron-54e21ab8-3d5f-4bbb-b727-1f02d3055090', 'neutron:security_group_ids': '', 'neutron:revision_number': '1', 'neutron:vnic_type': 'normal', 'neutron:port_capabilities': '', 'neutron:mtu': ''}, 'parent_name': [], 'tag': [], 'enabled': True, 'options': {}, 'type': 'localport', 'port_security': [], 'dhcpv4_options': [], 'dhcpv6_options': []}) {{(pid=102785) do_commit /opt/stack/data/venv/lib/python3.12/site-packages/ovsdbapp/backend/ovs_idl/transaction.py:89}}
Mar 26 00:12:43.244748 np0000160697 devstack@neutron-api.service[102785]: DEBUG ovsdbapp.backend.ovs_idl.transaction [None req-323ce951-d382-4ee8-a265-a1c8815b5c29 None None] Running txn n=1 command(idx=1): QoSDelCommand(_result=None, switch=neutron-54e21ab8-3d5f-4bbb-b727-1f02d3055090, conditions=[('direction', '=', 'to-lport'), ('priority', '=', 2002), ('match', '=', 'outport == "e81334e5-f7d2-470f-aaf7-85777af16072"')], if_exists=True) {{(pid=102785) do_commit /opt/stack/data/venv/lib/python3.12/site-packages/ovsdbapp/backend/ovs_idl/transaction.py:89}}
Mar 26 00:12:43.245016 np0000160697 devstack@neutron-api.service[102785]: DEBUG ovsdbapp.backend.ovs_idl.transaction [None req-323ce951-d382-4ee8-a265-a1c8815b5c29 None None] Running txn n=1 command(idx=2): QoSDelCommand(_result=None, switch=neutron-54e21ab8-3d5f-4bbb-b727-1f02d3055090, conditions=[('direction', '=', 'from-lport'), ('priority', '=', 2002), ('match', '=', 'inport == "e81334e5-f7d2-470f-aaf7-85777af16072"')], if_exists=True) {{(pid=102785) do_commit /opt/stack/data/venv/lib/python3.12/site-packages/ovsdbapp/backend/ovs_idl/transaction.py:89}}
Mar 26 00:12:43.252290 np0000160697 devstack@neutron-api.service[102783]: DEBUG neutron.plugins.ml2.drivers.ovn.mech_driver.ovsdb.ovsdb_monitor [None req-d1f88c11-dda8-4b39-868c-a1aeca12e561 None None] Touching Hash Ring node "8e629f59fb8a517f8f2d1d2a8a4ab93a" from IDL notify handler {{(pid=102783) notify /opt/stack/neutron/neutron/plugins/ml2/drivers/ovn/mech_driver/ovsdb/ovsdb_monitor.py:904}}
Mar 26 00:12:43.254818 np0000160697 devstack@neutron-api.service[102786]: DEBUG neutron.plugins.ml2.drivers.ovn.mech_driver.ovsdb.ovsdb_monitor [None req-2b7edb0c-6e0e-4a3b-b752-87d3d12be698 None None] Hash Ring: Node f444fdb6288a5689ac125e14df90c343 (host: np0000160697) handling event "create" for row 0a94b2bc-d8e0-4538-ba02-adb4f666f2b7 (table: Port_Binding) {{(pid=102786) notify /opt/stack/neutron/neutron/plugins/ml2/drivers/ovn/mech_driver/ovsdb/ovsdb_monitor.py:912}}
Mar 26 00:12:43.257210 np0000160697 devstack@neutron-api.service[102783]: DEBUG neutron.plugins.ml2.drivers.ovn.mech_driver.ovsdb.ovsdb_monitor [None req-d1f88c11-dda8-4b39-868c-a1aeca12e561 None None] Hash Ring: Node 8e629f59fb8a517f8f2d1d2a8a4ab93a (host: np0000160697) handling event "update" for row 54e21ab8-3d5f-4bbb-b727-1f02d3055090 (table: Logical_Switch) {{(pid=102783) notify /opt/stack/neutron/neutron/plugins/ml2/drivers/ovn/mech_driver/ovsdb/ovsdb_monitor.py:912}}
Mar 26 00:12:43.258174 np0000160697 devstack@neutron-api.service[102783]: DEBUG neutron.plugins.ml2.drivers.ovn.mech_driver.ovsdb.ovsdb_monitor [None req-d1f88c11-dda8-4b39-868c-a1aeca12e561 None None] Touching Hash Ring node "8e629f59fb8a517f8f2d1d2a8a4ab93a" from IDL notify handler {{(pid=102783) notify /opt/stack/neutron/neutron/plugins/ml2/drivers/ovn/mech_driver/ovsdb/ovsdb_monitor.py:904}}
Mar 26 00:12:43.260512 np0000160697 devstack@neutron-api.service[102783]: DEBUG neutron.plugins.ml2.drivers.ovn.mech_driver.ovsdb.ovsdb_monitor [None req-d1f88c11-dda8-4b39-868c-a1aeca12e561 None None] Hash Ring: Node 8e629f59fb8a517f8f2d1d2a8a4ab93a (host: np0000160697) handling event "create" for row 93d362ac-c7be-4b65-a9df-647bd31a47ba (table: Logical_Switch_Port) {{(pid=102783) notify /opt/stack/neutron/neutron/plugins/ml2/drivers/ovn/mech_driver/ovsdb/ovsdb_monitor.py:912}}
Mar 26 00:12:43.261814 np0000160697 devstack@neutron-api.service[102783]: DEBUG ovsdbapp.backend.ovs_idl.event [None req-d1f88c11-dda8-4b39-868c-a1aeca12e561 None None] Matched CREATE: LogicalSwitchPortCreateEvent(events=('create',), table='Logical_Switch_Port', conditions=[], old_conditions=None), priority=20 to row=Logical_Switch_Port(uuid=93d362ac-c7be-4b65-a9df-647bd31a47ba, addresses=['fa:16:3e:eb:0c:05'], dhcpv4_options=[], dhcpv6_options=[], dynamic_addresses=[], enabled=True, external_ids={'neutron:cidrs': '', 'neutron:device_id': 'ovnmeta-54e21ab8-3d5f-4bbb-b727-1f02d3055090', 'neutron:device_owner': 'network:distributed', 'neutron:mtu': '', 'neutron:network_name': 'neutron-54e21ab8-3d5f-4bbb-b727-1f02d3055090', 'neutron:port_capabilities': '', 'neutron:port_name': '', 'neutron:project_id': '02c501eb525546a89e55a44a259c75a4', 'neutron:revision_number': '1', 'neutron:security_group_ids': '', 'neutron:subnet_pool_addr_scope4': '', 'neutron:subnet_pool_addr_scope6': '', 'neutron:vnic_type': 'normal'}, ha_chassis_group=[], mirror_rules=[], name='e81334e5-f7d2-470f-aaf7-85777af16072', options={}, parent_name=[], port_security=[], tag=[], tag_request=[], type='localport', up=[]) old= {{(pid=102783) matches /opt/stack/data/venv/lib/python3.12/site-packages/ovsdbapp/backend/ovs_idl/event.py:55}}
Mar 26 00:12:43.262945 np0000160697 devstack@neutron-api.service[102783]: INFO neutron.plugins.ml2.drivers.ovn.mech_driver.mech_driver [None req-7e18126a-16a1-4243-b6e0-3c473d497847 None None] OVN reports status down for port: e81334e5-f7d2-470f-aaf7-85777af16072
Mar 26 00:12:43.264029 np0000160697 devstack@neutron-api.service[102783]: DEBUG neutron.plugins.ml2.drivers.ovn.mech_driver.ovsdb.ovsdb_monitor [None req-d1f88c11-dda8-4b39-868c-a1aeca12e561 None None] Touching Hash Ring node "8e629f59fb8a517f8f2d1d2a8a4ab93a" from IDL notify handler {{(pid=102783) notify /opt/stack/neutron/neutron/plugins/ml2/drivers/ovn/mech_driver/ovsdb/ovsdb_monitor.py:904}}
Mar 26 00:12:43.266139 np0000160697 devstack@neutron-api.service[102783]: DEBUG neutron.plugins.ml2.drivers.ovn.mech_driver.ovsdb.ovsdb_monitor [None req-d1f88c11-dda8-4b39-868c-a1aeca12e561 None None] Hash Ring: Node 8e629f59fb8a517f8f2d1d2a8a4ab93a (host: np0000160697) handling event "update" for row 93d362ac-c7be-4b65-a9df-647bd31a47ba (table: Logical_Switch_Port) {{(pid=102783) notify /opt/stack/neutron/neutron/plugins/ml2/drivers/ovn/mech_driver/ovsdb/ovsdb_monitor.py:912}}
Mar 26 00:12:43.288452 np0000160697 devstack@neutron-api.service[102783]: DEBUG neutron.db.provisioning_blocks [None req-7e18126a-16a1-4243-b6e0-3c473d497847 None None] Transition to ACTIVE for port object e81334e5-f7d2-470f-aaf7-85777af16072 will not be triggered until provisioned by entity L2. {{(pid=102783) add_provisioning_component /opt/stack/neutron/neutron/db/provisioning_blocks.py:74}}
Mar 26 00:12:43.446527 np0000160697 devstack@neutron-api.service[102785]: INFO neutron.db.ovn_revision_numbers_db [None req-1dfd9e77-ec05-4d79-adbd-37eb262852c2 admin admin] Successfully bumped revision number for resource e81334e5-f7d2-470f-aaf7-85777af16072 (type: ports) to 1
Mar 26 00:12:43.457150 np0000160697 devstack@neutron-api.service[102785]: DEBUG neutron.pecan_wsgi.hooks.policy_enforcement [None req-1dfd9e77-ec05-4d79-adbd-37eb262852c2 admin admin] Attributes excluded by policy engine: ['standard_attr_id'] {{(pid=102785) _exclude_attributes_by_policy /opt/stack/neutron/neutron/pecan_wsgi/hooks/policy_enforcement.py:258}}
Mar 26 00:12:43.480506 np0000160697 devstack@neutron-api.service[102785]: DEBUG neutron_lib.callbacks.manager [None req-1dfd9e77-ec05-4d79-adbd-37eb262852c2 admin admin] Publish callbacks [] for network (None), before_response {{(pid=102785) _notify_loop /opt/stack/data/venv/lib/python3.12/site-packages/neutron_lib/callbacks/manager.py:184}}
Mar 26 00:12:43.516817 np0000160697 devstack@neutron-api.service[102783]: DEBUG neutron.plugins.ml2.plugin [None req-7e18126a-16a1-4243-b6e0-3c473d497847 None None] Current status of the port e81334e5-f7d2-470f-aaf7-85777af16072 is: DOWN; New status is: DOWN {{(pid=102783) _update_individual_port_db_status /opt/stack/neutron/neutron/plugins/ml2/plugin.py:2466}}
Mar 26 00:12:43.517623 np0000160697 devstack@neutron-api.service[102783]: DEBUG ovsdbapp.backend.ovs_idl.transaction [None req-d1f88c11-dda8-4b39-868c-a1aeca12e561 None None] Running txn n=1 command(idx=0): DbRemoveCommand(_result=None, table=Logical_Switch_Port, record=e81334e5-f7d2-470f-aaf7-85777af16072, column=external_ids, values=('neutron:host_id',), keyvalues={}, if_exists=True) {{(pid=102783) do_commit /opt/stack/data/venv/lib/python3.12/site-packages/ovsdbapp/backend/ovs_idl/transaction.py:89}}
Mar 26 00:12:43.608867 np0000160697 devstack@neutron-api.service[102785]: [pid: 102785|app: 0|req: 23/93] 199.204.45.210 () {68 vars in 1358 bytes} [Thu Mar 26 00:12:42 2026] POST /networking/v2.0/networks => generated 683 bytes in 904 msecs (HTTP/1.1 201) 4 headers in 162 bytes (1 switches on core 0)
Mar 26 00:12:43.808739 np0000160697 devstack@neutron-api.service[102783]: INFO neutron.pecan_wsgi.hooks.translation [None req-f6f05b8e-3b8a-4337-987c-df868529ab0e admin admin] GET failed (client error): The resource could not be found.
Mar 26 00:12:43.809489 np0000160697 devstack@neutron-api.service[102783]: [pid: 102783|app: 0|req: 25/94] 199.204.45.210 () {64 vars in 1334 bytes} [Thu Mar 26 00:12:43 2026] GET /networking/v2.0/networks/admin_net => generated 111 bytes in 11 msecs (HTTP/1.1 404) 4 headers in 164 bytes (1 switches on core 0)
Mar 26 00:12:43.853644 np0000160697 devstack@neutron-api.service[102784]: DEBUG neutron.pecan_wsgi.hooks.policy_enforcement [None req-6b91a1ae-0638-4be5-86f4-4dd867641e6b admin admin] Attributes excluded by policy engine: ['standard_attr_id'] {{(pid=102784) _exclude_attributes_by_policy /opt/stack/neutron/neutron/pecan_wsgi/hooks/policy_enforcement.py:258}}
Mar 26 00:12:43.854441 np0000160697 devstack@neutron-api.service[102784]: [pid: 102784|app: 0|req: 24/95] 199.204.45.210 () {64 vars in 1346 bytes} [Thu Mar 26 00:12:43 2026] GET /networking/v2.0/networks?name=admin_net => generated 667 bytes in 34 msecs (HTTP/1.1 200) 4 headers in 157 bytes (1 switches on core 0)
Mar 26 00:12:44.062956 np0000160697 devstack@neutron-api.service[102786]: INFO neutron.pecan_wsgi.hooks.translation [None req-05c0bc2f-96b4-4f53-96a3-67ac97c4764f admin admin] GET failed (client error): The resource could not be found.
Mar 26 00:12:44.063643 np0000160697 devstack@neutron-api.service[102786]: [pid: 102786|app: 0|req: 24/96] 199.204.45.210 () {64 vars in 1340 bytes} [Thu Mar 26 00:12:44 2026] GET /networking/v2.0/subnets/admin_subnet => generated 112 bytes in 12 msecs (HTTP/1.1 404) 4 headers in 164 bytes (1 switches on core 0)
Mar 26 00:12:44.097003 np0000160697 devstack@neutron-api.service[102785]: [pid: 102785|app: 0|req: 24/97] 199.204.45.210 () {64 vars in 1349 bytes} [Thu Mar 26 00:12:44 2026] GET /networking/v2.0/subnets?name=admin_subnet => generated 14 bytes in 23 msecs (HTTP/1.1 200) 4 headers in 156 bytes (1 switches on core 0)
Mar 26 00:12:44.355531 np0000160697 devstack@neutron-api.service[102783]: DEBUG neutron.pecan_wsgi.hooks.policy_enforcement [None req-f16c01df-e3a9-4443-bc04-ca60657abbeb admin admin] Attributes excluded by policy engine: ['standard_attr_id'] {{(pid=102783) _exclude_attributes_by_policy /opt/stack/neutron/neutron/pecan_wsgi/hooks/policy_enforcement.py:258}}
Mar 26 00:12:44.356157 np0000160697 devstack@neutron-api.service[102783]: [pid: 102783|app: 0|req: 26/98] 199.204.45.210 () {64 vars in 1415 bytes} [Thu Mar 26 00:12:44 2026] GET /networking/v2.0/networks/54e21ab8-3d5f-4bbb-b727-1f02d3055090 => generated 664 bytes in 28 msecs (HTTP/1.1 200) 4 headers in 157 bytes (1 switches on core 0)
Mar 26 00:12:44.373868 np0000160697 devstack@neutron-api.service[102784]: DEBUG neutron.api.v2.base [None req-586be152-05e7-489a-a240-a4cf6333206b admin admin] Request body: {'subnet': {'gateway_ip': None, 'project_id': '02c501eb525546a89e55a44a259c75a4', 'cidr': '10.2.5.0/24', 'ip_version': 4, 'name': 'admin_subnet', 'network_id': '54e21ab8-3d5f-4bbb-b727-1f02d3055090'}} {{(pid=102784) prepare_request_body /opt/stack/neutron/neutron/api/v2/base.py:729}}
Mar 26 00:12:44.389908 np0000160697 devstack@neutron-api.service[102784]: DEBUG neutron.pecan_wsgi.hooks.quota_enforcement [None req-586be152-05e7-489a-a240-a4cf6333206b admin admin] Made reservation on behalf of 02c501eb525546a89e55a44a259c75a4 for: {'subnet': 1} {{(pid=102784) before /opt/stack/neutron/neutron/pecan_wsgi/hooks/quota_enforcement.py:66}}
Mar 26 00:12:44.392796 np0000160697 devstack@neutron-api.service[102784]: DEBUG neutron_lib.callbacks.manager [None req-586be152-05e7-489a-a240-a4cf6333206b admin admin] Publish callbacks [] for subnet (None), before_create {{(pid=102784) _notify_loop /opt/stack/data/venv/lib/python3.12/site-packages/neutron_lib/callbacks/manager.py:184}}
Mar 26 00:12:44.454495 np0000160697 devstack@neutron-api.service[102784]: DEBUG neutron.db.ovn_revision_numbers_db [None req-586be152-05e7-489a-a240-a4cf6333206b admin admin] create_initial_revision uuid=72c55faa-a3a0-407e-87aa-79065dfacf2b, type=subnets, rev=-1 {{(pid=102784) create_initial_revision /opt/stack/neutron/neutron/db/ovn_revision_numbers_db.py:98}}
Mar 26 00:12:44.460341 np0000160697 devstack@neutron-api.service[102784]: DEBUG neutron_lib.callbacks.manager [None req-586be152-05e7-489a-a240-a4cf6333206b admin admin] Publish callbacks ['neutron.plugins.ml2.ovo_rpc._ObjectChangeHandler.handle_event-14993100'] for subnet (72c55faa-a3a0-407e-87aa-79065dfacf2b), after_create {{(pid=102784) _notify_loop /opt/stack/data/venv/lib/python3.12/site-packages/neutron_lib/callbacks/manager.py:184}}
Mar 26 00:12:44.473584 np0000160697 devstack@neutron-api.service[102784]: DEBUG neutron.api.rpc.handlers.resources_rpc [None req-586be152-05e7-489a-a240-a4cf6333206b admin admin] Pushing event updated for resources: {'Subnet': ['ID=72c55faa-a3a0-407e-87aa-79065dfacf2b,revision_number=0']} {{(pid=102784) push /opt/stack/neutron/neutron/api/rpc/handlers/resources_rpc.py:237}}
Mar 26 00:12:44.522743 np0000160697 devstack@neutron-api.service[102784]: DEBUG neutron_lib.callbacks.manager [None req-586be152-05e7-489a-a240-a4cf6333206b admin admin] Publish callbacks ['neutron.plugins.ml2.plugin.SecurityGroupDbMixin._ensure_default_security_group_handler-1139816', 'neutron.services.ovn_l3.plugin.OVNL3RouterPlugin._port_update-8714294014926', 'neutron.db.l3_db.L3_NAT_dbonly_mixin._prevent_internal_ip_change_for_fip-8714295865144'] for port (e81334e5-f7d2-470f-aaf7-85777af16072), before_update {{(pid=102784) _notify_loop /opt/stack/data/venv/lib/python3.12/site-packages/neutron_lib/callbacks/manager.py:184}}
Mar 26 00:12:44.614266 np0000160697 devstack@neutron-api.service[102784]: DEBUG neutron.db.db_base_plugin_common [None req-586be152-05e7-489a-a240-a4cf6333206b admin admin] Allocated IP 10.2.5.1 (54e21ab8-3d5f-4bbb-b727-1f02d3055090/72c55faa-a3a0-407e-87aa-79065dfacf2b/e81334e5-f7d2-470f-aaf7-85777af16072) {{(pid=102784) _store_ip_allocation /opt/stack/neutron/neutron/db/db_base_plugin_common.py:131}}
Mar 26 00:12:44.675562 np0000160697 devstack@neutron-api.service[102784]: DEBUG neutron_lib.callbacks.manager [None req-586be152-05e7-489a-a240-a4cf6333206b admin admin] Publish callbacks [] for port (e81334e5-f7d2-470f-aaf7-85777af16072), precommit_update {{(pid=102784) _notify_loop /opt/stack/data/venv/lib/python3.12/site-packages/neutron_lib/callbacks/manager.py:184}}
Mar 26 00:12:44.675712 np0000160697 devstack@neutron-api.service[102784]: DEBUG neutron.plugins.ml2.drivers.ovn.mech_driver.mech_driver [None req-586be152-05e7-489a-a240-a4cf6333206b admin admin] No provisioning block for port e81334e5-f7d2-470f-aaf7-85777af16072 since it does not have a host {{(pid=102784) _is_port_provisioning_required /opt/stack/neutron/neutron/plugins/ml2/drivers/ovn/mech_driver/mech_driver.py:883}}
Mar 26 00:12:44.687529 np0000160697 devstack@neutron-api.service[102784]: DEBUG neutron_lib.callbacks.manager [None req-586be152-05e7-489a-a240-a4cf6333206b admin admin] Publish callbacks ['neutron.plugins.ml2.ovo_rpc._ObjectChangeHandler.handle_event-16559947', 'neutron.db.l3_db.L3RpcNotifierMixin._notify_gateway_port_ip_changed-8714295870334', 'neutron.services.ovn_l3.plugin.OVNL3RouterPlugin._port_update-8714294014926'] for port (e81334e5-f7d2-470f-aaf7-85777af16072), after_update {{(pid=102784) _notify_loop /opt/stack/data/venv/lib/python3.12/site-packages/neutron_lib/callbacks/manager.py:184}}
Mar 26 00:12:44.715519 np0000160697 devstack@neutron-api.service[102784]: DEBUG neutron.api.rpc.handlers.resources_rpc [None req-586be152-05e7-489a-a240-a4cf6333206b admin admin] Pushing event updated for resources: {'Port': ['ID=e81334e5-f7d2-470f-aaf7-85777af16072,revision_number=2']} {{(pid=102784) push /opt/stack/neutron/neutron/api/rpc/handlers/resources_rpc.py:237}}
Mar 26 00:12:44.806877 np0000160697 devstack@neutron-api.service[102784]: DEBUG ovsdbapp.backend.ovs_idl.transaction [None req-12b4d53d-47f1-4b54-a1ec-95d9a39b8f04 None None] Running txn n=1 command(idx=0): CheckRevisionNumberCommand(_result=None, name=e81334e5-f7d2-470f-aaf7-85777af16072, resource={'id': 'e81334e5-f7d2-470f-aaf7-85777af16072', 'name': '', 'network_id': '54e21ab8-3d5f-4bbb-b727-1f02d3055090', 'project_id': '02c501eb525546a89e55a44a259c75a4', 'mac_address': 'fa:16:3e:eb:0c:05', 'admin_state_up': True, 'status': 'DOWN', 'device_id': 'ovnmeta-54e21ab8-3d5f-4bbb-b727-1f02d3055090', 'device_owner': 'network:distributed', 'standard_attr_id': 44, 'fixed_ips': [{'subnet_id': '72c55faa-a3a0-407e-87aa-79065dfacf2b', 'ip_address': '10.2.5.1'}], 'allowed_address_pairs': [], 'extra_dhcp_opts': [], 'security_groups': [], 'description': '', 'binding:vnic_type': 'normal', 'binding:profile': {}, 'binding:host_id': '', 'binding:vif_type': 'unbound', 'binding:vif_details': {}, 'port_security_enabled': False, 'tags': [], 'created_at': '2026-03-26T00:12:43Z', 'updated_at': '2026-03-26T00:12:44Z', 'revision_number': 2, 'tenant_id': '02c501eb525546a89e55a44a259c75a4', 'network': {'id': '54e21ab8-3d5f-4bbb-b727-1f02d3055090', 'name': 'admin_net', 'tenant_id': '02c501eb525546a89e55a44a259c75a4', 'project_id': '02c501eb525546a89e55a44a259c75a4', 'admin_state_up': True, 'mtu': 1372, 'status': 'ACTIVE', 'subnets': ['72c55faa-a3a0-407e-87aa-79065dfacf2b'], 'standard_attr_id': 42, 'shared': False, 'availability_zone_hints': [], 'availability_zones': [], 'ipv4_address_scope': None, 'ipv6_address_scope': None, 'router:external': False, 'qinq': False, 'vlan_transparent': False, 'description': '', 'port_security_enabled': True, 'tags': [], 'created_at': '2026-03-26T00:12:42Z', 'updated_at': '2026-03-26T00:12:44Z', 'revision_number': 2, 'provider:network_type': 'geneve', 'provider:physical_network': None, 'provider:segmentation_id': 36084}}, resource_type=ports, if_exists=True) {{(pid=102784) do_commit /opt/stack/data/venv/lib/python3.12/site-packages/ovsdbapp/backend/ovs_idl/transaction.py:89}}
Mar 26 00:12:44.807177 np0000160697 devstack@neutron-api.service[102784]: DEBUG ovsdbapp.backend.ovs_idl.transaction [None req-12b4d53d-47f1-4b54-a1ec-95d9a39b8f04 None None] Running txn n=1 command(idx=1): AddDHCPOptionsCommand(_result=None, columns={'cidr': '10.2.5.0/24', 'options': {'server_id': '10.2.5.1', 'lease_time': '43200', 'mtu': '1372', 'server_mac': 'fa:16:3e:3a:18:1e', 'dns_server': '{127.0.0.53}', 'classless_static_route': '{169.254.169.254/32,10.2.5.1}'}, 'external_ids': {'subnet_id': '72c55faa-a3a0-407e-87aa-79065dfacf2b', 'neutron:network_id': '54e21ab8-3d5f-4bbb-b727-1f02d3055090', 'neutron:revision_number': '0'}}, may_exist=True, subnet_id=72c55faa-a3a0-407e-87aa-79065dfacf2b, port_id=None, new_insert=False) {{(pid=102784) do_commit /opt/stack/data/venv/lib/python3.12/site-packages/ovsdbapp/backend/ovs_idl/transaction.py:89}}
Mar 26 00:12:44.807534 np0000160697 devstack@neutron-api.service[102784]: DEBUG ovsdbapp.backend.ovs_idl.transaction [None req-12b4d53d-47f1-4b54-a1ec-95d9a39b8f04 None None] Running txn n=1 command(idx=2): SetLSwitchPortCommand(_result=None, lport=e81334e5-f7d2-470f-aaf7-85777af16072, external_ids_update=None, columns={'external_ids': {'neutron:port_name': '', 'neutron:device_id': 'ovnmeta-54e21ab8-3d5f-4bbb-b727-1f02d3055090', 'neutron:project_id': '02c501eb525546a89e55a44a259c75a4', 'neutron:cidrs': '10.2.5.1/24', 'neutron:device_owner': 'network:distributed', 'neutron:subnet_pool_addr_scope4': '', 'neutron:subnet_pool_addr_scope6': '', 'neutron:network_name': 'neutron-54e21ab8-3d5f-4bbb-b727-1f02d3055090', 'neutron:security_group_ids': '', 'neutron:revision_number': '2', 'neutron:vnic_type': 'normal', 'neutron:port_capabilities': '', 'neutron:mtu': ''}, 'parent_name': [], 'tag': [], 'options': {}, 'enabled': True, 'port_security': [], 'dhcpv4_options': [], 'dhcpv6_options': [], 'type': 'localport', 'addresses': ['fa:16:3e:eb:0c:05 10.2.5.1'], 'ha_chassis_group': []}, if_exists=False) {{(pid=102784) do_commit /opt/stack/data/venv/lib/python3.12/site-packages/ovsdbapp/backend/ovs_idl/transaction.py:89}}
Mar 26 00:12:44.808389 np0000160697 devstack@neutron-api.service[102784]: DEBUG ovsdbapp.backend.ovs_idl.transaction [None req-12b4d53d-47f1-4b54-a1ec-95d9a39b8f04 None None] Running txn n=1 command(idx=3): PgDelPortCommand(_result=None, port_group=neutron_pg_drop, lsp=['e81334e5-f7d2-470f-aaf7-85777af16072'], if_exists=False) {{(pid=102784) do_commit /opt/stack/data/venv/lib/python3.12/site-packages/ovsdbapp/backend/ovs_idl/transaction.py:89}}
Mar 26 00:12:44.838029 np0000160697 devstack@neutron-api.service[102786]: DEBUG neutron.plugins.ml2.drivers.ovn.mech_driver.ovsdb.ovsdb_monitor [None req-ff45611a-ecb6-4305-8e31-4499d0276d70 None None] Touching Hash Ring node "f444fdb6288a5689ac125e14df90c343" from IDL notify handler {{(pid=102786) notify /opt/stack/neutron/neutron/plugins/ml2/drivers/ovn/mech_driver/ovsdb/ovsdb_monitor.py:904}}
Mar 26 00:12:44.841893 np0000160697 devstack@neutron-api.service[102783]: DEBUG neutron.plugins.ml2.drivers.ovn.mech_driver.ovsdb.ovsdb_monitor [None req-d1f88c11-dda8-4b39-868c-a1aeca12e561 None None] Touching Hash Ring node "8e629f59fb8a517f8f2d1d2a8a4ab93a" from IDL notify handler {{(pid=102783) notify /opt/stack/neutron/neutron/plugins/ml2/drivers/ovn/mech_driver/ovsdb/ovsdb_monitor.py:904}}
Mar 26 00:12:44.842051 np0000160697 devstack@neutron-api.service[102786]: DEBUG neutron.plugins.ml2.drivers.ovn.mech_driver.ovsdb.ovsdb_monitor [None req-2b7edb0c-6e0e-4a3b-b752-87d3d12be698 None None] Hash Ring: Node f444fdb6288a5689ac125e14df90c343 (host: np0000160697) handling event "update" for row 0a94b2bc-d8e0-4538-ba02-adb4f666f2b7 (table: Port_Binding) {{(pid=102786) notify /opt/stack/neutron/neutron/plugins/ml2/drivers/ovn/mech_driver/ovsdb/ovsdb_monitor.py:912}}
Mar 26 00:12:44.849601 np0000160697 devstack@neutron-api.service[102786]: DEBUG neutron.plugins.ml2.drivers.ovn.mech_driver.ovsdb.ovsdb_monitor [None req-ff45611a-ecb6-4305-8e31-4499d0276d70 None None] Hash Ring: Node f444fdb6288a5689ac125e14df90c343 (host: np0000160697) handling event "create" for row 1b259a1a-42d5-4d1e-ae72-4849d1d5d457 (table: DHCP_Options) {{(pid=102786) notify /opt/stack/neutron/neutron/plugins/ml2/drivers/ovn/mech_driver/ovsdb/ovsdb_monitor.py:912}}
Mar 26 00:12:44.850473 np0000160697 devstack@neutron-api.service[102783]: DEBUG neutron.plugins.ml2.drivers.ovn.mech_driver.ovsdb.ovsdb_monitor [None req-d1f88c11-dda8-4b39-868c-a1aeca12e561 None None] Hash Ring: Node 8e629f59fb8a517f8f2d1d2a8a4ab93a (host: np0000160697) handling event "update" for row 93d362ac-c7be-4b65-a9df-647bd31a47ba (table: Logical_Switch_Port) {{(pid=102783) notify /opt/stack/neutron/neutron/plugins/ml2/drivers/ovn/mech_driver/ovsdb/ovsdb_monitor.py:912}}
Mar 26 00:12:44.867411 np0000160697 devstack@neutron-api.service[102784]: INFO neutron.db.ovn_revision_numbers_db [None req-586be152-05e7-489a-a240-a4cf6333206b admin admin] Successfully bumped revision number for resource e81334e5-f7d2-470f-aaf7-85777af16072 (type: ports) to 2
Mar 26 00:12:44.877149 np0000160697 devstack@neutron-api.service[102784]: DEBUG neutron.plugins.ml2.plugin [None req-586be152-05e7-489a-a240-a4cf6333206b admin admin] In _notify_port_updated(), no bound segment for port e81334e5-f7d2-470f-aaf7-85777af16072 on network 54e21ab8-3d5f-4bbb-b727-1f02d3055090 {{(pid=102784) _notify_port_updated /opt/stack/neutron/neutron/plugins/ml2/plugin.py:1036}}
Mar 26 00:12:44.897022 np0000160697 devstack@neutron-api.service[102784]: INFO neutron.db.ovn_revision_numbers_db [None req-586be152-05e7-489a-a240-a4cf6333206b admin admin] Successfully bumped revision number for resource 72c55faa-a3a0-407e-87aa-79065dfacf2b (type: subnets) to 0
Mar 26 00:12:44.898724 np0000160697 devstack@neutron-api.service[102784]: DEBUG neutron.pecan_wsgi.hooks.policy_enforcement [None req-586be152-05e7-489a-a240-a4cf6333206b admin admin] Attributes excluded by policy engine: ['standard_attr_id', 'shared', 'network'] {{(pid=102784) _exclude_attributes_by_policy /opt/stack/neutron/neutron/pecan_wsgi/hooks/policy_enforcement.py:258}}
Mar 26 00:12:44.899097 np0000160697 devstack@neutron-api.service[102784]: DEBUG neutron_lib.callbacks.manager [None req-586be152-05e7-489a-a240-a4cf6333206b admin admin] Publish callbacks [] for subnet (None), before_response {{(pid=102784) _notify_loop /opt/stack/data/venv/lib/python3.12/site-packages/neutron_lib/callbacks/manager.py:184}}
Mar 26 00:12:44.912806 np0000160697 devstack@neutron-api.service[102784]: [pid: 102784|app: 0|req: 25/99] 199.204.45.210 () {68 vars in 1355 bytes} [Thu Mar 26 00:12:44 2026] POST /networking/v2.0/subnets => generated 625 bytes in 544 msecs (HTTP/1.1 201) 4 headers in 162 bytes (1 switches on core 0)
Mar 26 00:12:45.133345 np0000160697 devstack@neutron-api.service[102786]: INFO neutron.pecan_wsgi.hooks.translation [None req-aedcabed-9b6f-4d62-9003-936c138f0155 admin admin] GET failed (client error): The resource could not be found.
Mar 26 00:12:45.133960 np0000160697 devstack@neutron-api.service[102786]: [pid: 102786|app: 0|req: 25/100] 199.204.45.210 () {64 vars in 1340 bytes} [Thu Mar 26 00:12:45 2026] GET /networking/v2.0/subnets/admin_subnet => generated 112 bytes in 13 msecs (HTTP/1.1 404) 4 headers in 164 bytes (1 switches on core 0)
Mar 26 00:12:45.169502 np0000160697 devstack@neutron-api.service[102785]: DEBUG neutron.pecan_wsgi.hooks.policy_enforcement [None req-601cba03-4afa-4a58-b26c-12d3b5db3099 admin admin] Attributes excluded by policy engine: ['standard_attr_id', 'shared'] {{(pid=102785) _exclude_attributes_by_policy /opt/stack/neutron/neutron/pecan_wsgi/hooks/policy_enforcement.py:258}}
Mar 26 00:12:45.170369 np0000160697 devstack@neutron-api.service[102785]: [pid: 102785|app: 0|req: 25/101] 199.204.45.210 () {64 vars in 1349 bytes} [Thu Mar 26 00:12:45 2026] GET /networking/v2.0/subnets?name=admin_subnet => generated 628 bytes in 26 msecs (HTTP/1.1 200) 4 headers in 157 bytes (1 switches on core 0)
Mar 26 00:12:47.928913 np0000160697 devstack@neutron-api.service[102785]: DEBUG neutron.plugins.ml2.drivers.ovn.mech_driver.ovsdb.ovsdb_monitor [None req-27a6de39-725d-474f-a727-1a433ef8a911 None None] ChassisOVNAgentWriteEvent : Matched Chassis_Private, update, None None {{(pid=102785) matches /opt/stack/neutron/neutron/plugins/ml2/drivers/ovn/mech_driver/ovsdb/ovsdb_monitor.py:64}}
Mar 26 00:12:47.930567 np0000160697 devstack@neutron-api.service[102786]: DEBUG neutron.plugins.ml2.drivers.ovn.mech_driver.ovsdb.ovsdb_monitor [None req-2b7edb0c-6e0e-4a3b-b752-87d3d12be698 None None] ChassisOVNAgentWriteEvent : Matched Chassis_Private, update, None None {{(pid=102786) matches /opt/stack/neutron/neutron/plugins/ml2/drivers/ovn/mech_driver/ovsdb/ovsdb_monitor.py:64}}
Mar 26 00:12:47.930769 np0000160697 devstack@neutron-api.service[102784]: DEBUG neutron.plugins.ml2.drivers.ovn.mech_driver.ovsdb.ovsdb_monitor [None req-fc6dcd98-a5c1-4eaa-887b-3502c22476c5 None None] ChassisOVNAgentWriteEvent : Matched Chassis_Private, update, None None {{(pid=102784) matches /opt/stack/neutron/neutron/plugins/ml2/drivers/ovn/mech_driver/ovsdb/ovsdb_monitor.py:64}}
Mar 26 00:12:47.930955 np0000160697 devstack@neutron-api.service[102786]: DEBUG neutron.plugins.ml2.drivers.ovn.mech_driver.ovsdb.ovsdb_monitor [None req-2b7edb0c-6e0e-4a3b-b752-87d3d12be698 None None] Hash Ring: Node f444fdb6288a5689ac125e14df90c343 (host: np0000160697) handling event "update" for row 75d955d5-1d18-4c80-8380-7174c47c35f2 (table: Chassis_Private) {{(pid=102786) notify /opt/stack/neutron/neutron/plugins/ml2/drivers/ovn/mech_driver/ovsdb/ovsdb_monitor.py:912}}
Mar 26 00:12:47.930984 np0000160697 devstack@neutron-api.service[102783]: DEBUG neutron.plugins.ml2.drivers.ovn.mech_driver.ovsdb.ovsdb_monitor [None req-6e249840-4658-4e50-8065-4e92dcdee69e None None] ChassisOVNAgentWriteEvent : Matched Chassis_Private, update, None None {{(pid=102783) matches /opt/stack/neutron/neutron/plugins/ml2/drivers/ovn/mech_driver/ovsdb/ovsdb_monitor.py:64}}
Mar 26 00:12:49.603215 np0000160697 devstack@neutron-api.service[102783]: [pid: 102783|app: 0|req: 27/102] 199.204.45.210 () {64 vars in 1369 bytes} [Thu Mar 26 00:12:49 2026] GET /networking/v2.0/ports?device_id=manila-admin-share&binding%3Ahost_id=np0000160697 => generated 12 bytes in 70 msecs (HTTP/1.1 200) 4 headers in 156 bytes (1 switches on core 0)
Mar 26 00:12:49.651392 np0000160697 devstack@neutron-api.service[102784]: DEBUG neutron.api.wsgi [None req-240132f6-9f97-4808-85c9-22e9667b024a service neutron] Missing Content-Type {{(pid=102784) get_content_type /opt/stack/neutron/neutron/api/wsgi.py:85}}
Mar 26 00:12:49.651892 np0000160697 devstack@neutron-api.service[102784]: DEBUG neutron.api.wsgi [None req-240132f6-9f97-4808-85c9-22e9667b024a service neutron] https://199.204.45.210/networking/v2.0/extensions returned with HTTP 200 {{(pid=102784) __call__ /opt/stack/neutron/neutron/api/wsgi.py:545}}
Mar 26 00:12:49.652258 np0000160697 devstack@neutron-api.service[102784]: [pid: 102784|app: 0|req: 26/103] 199.204.45.210 () {64 vars in 1265 bytes} [Thu Mar 26 00:12:49 2026] GET /networking/v2.0/extensions => generated 15208 bytes in 6 msecs (HTTP/1.1 200) 4 headers in 159 bytes (1 switches on core 0)
