Jun 17 04:37:17.490019 np0000181109 devstack@neutron-api.service[107458]: DEBUG neutron.plugins.ml2.drivers.ovn.mech_driver.ovsdb.maintenance [-] Touching Hash Ring node "79d7a3f6bd755bc78e2ff731756b07c7" from periodic health check thread {{(pid=107458) touch_hash_ring_node /opt/stack/neutron/neutron/plugins/ml2/drivers/ovn/mech_driver/ovsdb/maintenance.py:1419}}
Jun 17 04:37:18.359192 np0000181109 devstack@neutron-api.service[107456]: DEBUG futurist.periodics [-] Submitting periodic callback 'neutron.plugins.ml2.drivers.ovn.mech_driver.ovsdb.maintenance.HashRingHealthCheckPeriodics.touch_hash_ring_node' {{(pid=107456) _process_scheduled /opt/stack/data/venv/lib/python3.12/site-packages/futurist/periodics.py:784}}
Jun 17 04:37:18.360031 np0000181109 devstack@neutron-api.service[107456]: DEBUG neutron.plugins.ml2.drivers.ovn.mech_driver.ovsdb.maintenance [-] Touching Hash Ring node "3dc58d9534ae5370a7f6b0d2a856a03f" from periodic health check thread {{(pid=107456) touch_hash_ring_node /opt/stack/neutron/neutron/plugins/ml2/drivers/ovn/mech_driver/ovsdb/maintenance.py:1419}}
Jun 17 04:37:18.479309 np0000181109 devstack@neutron-api.service[107459]: DEBUG futurist.periodics [-] Submitting periodic callback 'neutron.plugins.ml2.drivers.ovn.mech_driver.ovsdb.maintenance.HashRingHealthCheckPeriodics.touch_hash_ring_node' {{(pid=107459) _process_scheduled /opt/stack/data/venv/lib/python3.12/site-packages/futurist/periodics.py:784}}
Jun 17 04:37:18.480071 np0000181109 devstack@neutron-api.service[107459]: DEBUG neutron.plugins.ml2.drivers.ovn.mech_driver.ovsdb.maintenance [-] Touching Hash Ring node "5566a23bb2745ba594705032832dab36" from periodic health check thread {{(pid=107459) touch_hash_ring_node /opt/stack/neutron/neutron/plugins/ml2/drivers/ovn/mech_driver/ovsdb/maintenance.py:1419}}
Jun 17 04:37:18.532936 np0000181109 devstack@neutron-api.service[107457]: DEBUG futurist.periodics [-] Submitting periodic callback 'neutron.plugins.ml2.drivers.ovn.mech_driver.ovsdb.maintenance.HashRingHealthCheckPeriodics.touch_hash_ring_node' {{(pid=107457) _process_scheduled /opt/stack/data/venv/lib/python3.12/site-packages/futurist/periodics.py:784}}
Jun 17 04:37:18.533366 np0000181109 devstack@neutron-api.service[107457]: DEBUG neutron.plugins.ml2.drivers.ovn.mech_driver.ovsdb.maintenance [-] Touching Hash Ring node "5a22a1914c865c68aa1d64009a3d6283" from periodic health check thread {{(pid=107457) touch_hash_ring_node /opt/stack/neutron/neutron/plugins/ml2/drivers/ovn/mech_driver/ovsdb/maintenance.py:1419}}
Jun 17 04:37:27.503296 np0000181109 devstack@neutron-api.service[107458]: DEBUG dbcounter [-] [107458] Writing DB stats neutron:UPDATE=6,neutron:SELECT=157,neutron:INSERT=11,neutron:DELETE=2 {{(pid=107458) stat_writer /opt/stack/data/venv/lib/python3.12/site-packages/dbcounter.py:115}}
Jun 17 04:37:28.373281 np0000181109 devstack@neutron-api.service[107456]: DEBUG dbcounter [-] [107456] Writing DB stats neutron:UPDATE=10,neutron:SELECT=195,neutron:INSERT=20,neutron:DELETE=8 {{(pid=107456) stat_writer /opt/stack/data/venv/lib/python3.12/site-packages/dbcounter.py:115}}
Jun 17 04:37:28.493152 np0000181109 devstack@neutron-api.service[107459]: DEBUG dbcounter [-] [107459] Writing DB stats neutron:UPDATE=2,neutron:SELECT=104 {{(pid=107459) stat_writer /opt/stack/data/venv/lib/python3.12/site-packages/dbcounter.py:115}}
Jun 17 04:37:28.545259 np0000181109 devstack@neutron-api.service[107457]: DEBUG dbcounter [-] [107457] Writing DB stats neutron:UPDATE=10,neutron:SELECT=199,neutron:INSERT=20,neutron:DELETE=8 {{(pid=107457) stat_writer /opt/stack/data/venv/lib/python3.12/site-packages/dbcounter.py:115}}
Jun 17 04:37:32.490350 np0000181109 devstack@neutron-api.service[107458]: DEBUG futurist.periodics [-] Submitting periodic callback 'neutron.plugins.ml2.drivers.ovn.mech_driver.ovsdb.maintenance.HashRingHealthCheckPeriodics.touch_hash_ring_node' {{(pid=107458) _process_scheduled /opt/stack/data/venv/lib/python3.12/site-packages/futurist/periodics.py:784}}
Jun 17 04:37:32.491384 np0000181109 devstack@neutron-api.service[107458]: DEBUG neutron.plugins.ml2.drivers.ovn.mech_driver.ovsdb.maintenance [-] Touching Hash Ring node "79d7a3f6bd755bc78e2ff731756b07c7" from periodic health check thread {{(pid=107458) touch_hash_ring_node /opt/stack/neutron/neutron/plugins/ml2/drivers/ovn/mech_driver/ovsdb/maintenance.py:1419}}
Jun 17 04:37:33.360147 np0000181109 devstack@neutron-api.service[107456]: DEBUG futurist.periodics [-] Submitting periodic callback 'neutron.plugins.ml2.drivers.ovn.mech_driver.ovsdb.maintenance.HashRingHealthCheckPeriodics.touch_hash_ring_node' {{(pid=107456) _process_scheduled /opt/stack/data/venv/lib/python3.12/site-packages/futurist/periodics.py:784}}
Jun 17 04:37:33.360885 np0000181109 devstack@neutron-api.service[107456]: DEBUG neutron.plugins.ml2.drivers.ovn.mech_driver.ovsdb.maintenance [-] Touching Hash Ring node "3dc58d9534ae5370a7f6b0d2a856a03f" from periodic health check thread {{(pid=107456) touch_hash_ring_node /opt/stack/neutron/neutron/plugins/ml2/drivers/ovn/mech_driver/ovsdb/maintenance.py:1419}}
Jun 17 04:37:33.480157 np0000181109 devstack@neutron-api.service[107459]: DEBUG futurist.periodics [-] Submitting periodic callback 'neutron.plugins.ml2.drivers.ovn.mech_driver.ovsdb.maintenance.HashRingHealthCheckPeriodics.touch_hash_ring_node' {{(pid=107459) _process_scheduled /opt/stack/data/venv/lib/python3.12/site-packages/futurist/periodics.py:784}}
Jun 17 04:37:33.481062 np0000181109 devstack@neutron-api.service[107459]: DEBUG neutron.plugins.ml2.drivers.ovn.mech_driver.ovsdb.maintenance [-] Touching Hash Ring node "5566a23bb2745ba594705032832dab36" from periodic health check thread {{(pid=107459) touch_hash_ring_node /opt/stack/neutron/neutron/plugins/ml2/drivers/ovn/mech_driver/ovsdb/maintenance.py:1419}}
Jun 17 04:37:33.533752 np0000181109 devstack@neutron-api.service[107457]: DEBUG futurist.periodics [-] Submitting periodic callback 'neutron.plugins.ml2.drivers.ovn.mech_driver.ovsdb.maintenance.HashRingHealthCheckPeriodics.touch_hash_ring_node' {{(pid=107457) _process_scheduled /opt/stack/data/venv/lib/python3.12/site-packages/futurist/periodics.py:784}}
Jun 17 04:37:33.534598 np0000181109 devstack@neutron-api.service[107457]: DEBUG neutron.plugins.ml2.drivers.ovn.mech_driver.ovsdb.maintenance [-] Touching Hash Ring node "5a22a1914c865c68aa1d64009a3d6283" from periodic health check thread {{(pid=107457) touch_hash_ring_node /opt/stack/neutron/neutron/plugins/ml2/drivers/ovn/mech_driver/ovsdb/maintenance.py:1419}}
Jun 17 04:37:42.503382 np0000181109 devstack@neutron-api.service[107458]: DEBUG dbcounter [-] [107458] Writing DB stats neutron:UPDATE=1,neutron:SELECT=1 {{(pid=107458) stat_writer /opt/stack/data/venv/lib/python3.12/site-packages/dbcounter.py:115}}
Jun 17 04:37:43.372361 np0000181109 devstack@neutron-api.service[107456]: DEBUG dbcounter [-] [107456] Writing DB stats neutron:UPDATE=1,neutron:SELECT=1 {{(pid=107456) stat_writer /opt/stack/data/venv/lib/python3.12/site-packages/dbcounter.py:115}}
Jun 17 04:37:43.493619 np0000181109 devstack@neutron-api.service[107459]: DEBUG dbcounter [-] [107459] Writing DB stats neutron:UPDATE=1,neutron:SELECT=1 {{(pid=107459) stat_writer /opt/stack/data/venv/lib/python3.12/site-packages/dbcounter.py:115}}
Jun 17 04:37:43.545627 np0000181109 devstack@neutron-api.service[107457]: DEBUG dbcounter [-] [107457] Writing DB stats neutron:UPDATE=1,neutron:SELECT=1 {{(pid=107457) stat_writer /opt/stack/data/venv/lib/python3.12/site-packages/dbcounter.py:115}}
Jun 17 04:37:47.491190 np0000181109 devstack@neutron-api.service[107458]: DEBUG futurist.periodics [-] Submitting periodic callback 'neutron.plugins.ml2.drivers.ovn.mech_driver.ovsdb.maintenance.HashRingHealthCheckPeriodics.touch_hash_ring_node' {{(pid=107458) _process_scheduled /opt/stack/data/venv/lib/python3.12/site-packages/futurist/periodics.py:784}}
Jun 17 04:37:47.491931 np0000181109 devstack@neutron-api.service[107458]: DEBUG neutron.plugins.ml2.drivers.ovn.mech_driver.ovsdb.maintenance [-] Touching Hash Ring node "79d7a3f6bd755bc78e2ff731756b07c7" from periodic health check thread {{(pid=107458) touch_hash_ring_node /opt/stack/neutron/neutron/plugins/ml2/drivers/ovn/mech_driver/ovsdb/maintenance.py:1419}}
Jun 17 04:37:48.361083 np0000181109 devstack@neutron-api.service[107456]: DEBUG futurist.periodics [-] Submitting periodic callback 'neutron.plugins.ml2.drivers.ovn.mech_driver.ovsdb.maintenance.HashRingHealthCheckPeriodics.touch_hash_ring_node' {{(pid=107456) _process_scheduled /opt/stack/data/venv/lib/python3.12/site-packages/futurist/periodics.py:784}}
Jun 17 04:37:48.361610 np0000181109 devstack@neutron-api.service[107456]: DEBUG neutron.plugins.ml2.drivers.ovn.mech_driver.ovsdb.maintenance [-] Touching Hash Ring node "3dc58d9534ae5370a7f6b0d2a856a03f" from periodic health check thread {{(pid=107456) touch_hash_ring_node /opt/stack/neutron/neutron/plugins/ml2/drivers/ovn/mech_driver/ovsdb/maintenance.py:1419}}
Jun 17 04:37:48.480928 np0000181109 devstack@neutron-api.service[107459]: DEBUG futurist.periodics [-] Submitting periodic callback 'neutron.plugins.ml2.drivers.ovn.mech_driver.ovsdb.maintenance.HashRingHealthCheckPeriodics.touch_hash_ring_node' {{(pid=107459) _process_scheduled /opt/stack/data/venv/lib/python3.12/site-packages/futurist/periodics.py:784}}
Jun 17 04:37:48.481563 np0000181109 devstack@neutron-api.service[107459]: DEBUG neutron.plugins.ml2.drivers.ovn.mech_driver.ovsdb.maintenance [-] Touching Hash Ring node "5566a23bb2745ba594705032832dab36" from periodic health check thread {{(pid=107459) touch_hash_ring_node /opt/stack/neutron/neutron/plugins/ml2/drivers/ovn/mech_driver/ovsdb/maintenance.py:1419}}
Jun 17 04:37:48.534764 np0000181109 devstack@neutron-api.service[107457]: DEBUG futurist.periodics [-] Submitting periodic callback 'neutron.plugins.ml2.drivers.ovn.mech_driver.ovsdb.maintenance.HashRingHealthCheckPeriodics.touch_hash_ring_node' {{(pid=107457) _process_scheduled /opt/stack/data/venv/lib/python3.12/site-packages/futurist/periodics.py:784}}
Jun 17 04:37:48.535404 np0000181109 devstack@neutron-api.service[107457]: DEBUG neutron.plugins.ml2.drivers.ovn.mech_driver.ovsdb.maintenance [-] Touching Hash Ring node "5a22a1914c865c68aa1d64009a3d6283" from periodic health check thread {{(pid=107457) touch_hash_ring_node /opt/stack/neutron/neutron/plugins/ml2/drivers/ovn/mech_driver/ovsdb/maintenance.py:1419}}
Jun 17 04:37:57.502421 np0000181109 devstack@neutron-api.service[107458]: DEBUG dbcounter [-] [107458] Writing DB stats neutron:UPDATE=1,neutron:SELECT=1 {{(pid=107458) stat_writer /opt/stack/data/venv/lib/python3.12/site-packages/dbcounter.py:115}}
Jun 17 04:37:58.371687 np0000181109 devstack@neutron-api.service[107456]: DEBUG dbcounter [-] [107456] Writing DB stats neutron:UPDATE=1,neutron:SELECT=1 {{(pid=107456) stat_writer /opt/stack/data/venv/lib/python3.12/site-packages/dbcounter.py:115}}
Jun 17 04:37:58.494760 np0000181109 devstack@neutron-api.service[107459]: DEBUG dbcounter [-] [107459] Writing DB stats neutron:UPDATE=1,neutron:SELECT=1 {{(pid=107459) stat_writer /opt/stack/data/venv/lib/python3.12/site-packages/dbcounter.py:115}}
Jun 17 04:37:58.547025 np0000181109 devstack@neutron-api.service[107457]: DEBUG dbcounter [-] [107457] Writing DB stats neutron:UPDATE=1,neutron:SELECT=1 {{(pid=107457) stat_writer /opt/stack/data/venv/lib/python3.12/site-packages/dbcounter.py:115}}
Jun 17 04:38:02.492182 np0000181109 devstack@neutron-api.service[107458]: DEBUG futurist.periodics [-] Submitting periodic callback 'neutron.plugins.ml2.drivers.ovn.mech_driver.ovsdb.maintenance.HashRingHealthCheckPeriodics.touch_hash_ring_node' {{(pid=107458) _process_scheduled /opt/stack/data/venv/lib/python3.12/site-packages/futurist/periodics.py:784}}
Jun 17 04:38:02.492875 np0000181109 devstack@neutron-api.service[107458]: DEBUG neutron.plugins.ml2.drivers.ovn.mech_driver.ovsdb.maintenance [-] Touching Hash Ring node "79d7a3f6bd755bc78e2ff731756b07c7" from periodic health check thread {{(pid=107458) touch_hash_ring_node /opt/stack/neutron/neutron/plugins/ml2/drivers/ovn/mech_driver/ovsdb/maintenance.py:1419}}
Jun 17 04:38:03.362035 np0000181109 devstack@neutron-api.service[107456]: DEBUG futurist.periodics [-] Submitting periodic callback 'neutron.plugins.ml2.drivers.ovn.mech_driver.ovsdb.maintenance.HashRingHealthCheckPeriodics.touch_hash_ring_node' {{(pid=107456) _process_scheduled /opt/stack/data/venv/lib/python3.12/site-packages/futurist/periodics.py:784}}
Jun 17 04:38:03.362703 np0000181109 devstack@neutron-api.service[107456]: DEBUG neutron.plugins.ml2.drivers.ovn.mech_driver.ovsdb.maintenance [-] Touching Hash Ring node "3dc58d9534ae5370a7f6b0d2a856a03f" from periodic health check thread {{(pid=107456) touch_hash_ring_node /opt/stack/neutron/neutron/plugins/ml2/drivers/ovn/mech_driver/ovsdb/maintenance.py:1419}}
Jun 17 04:38:03.481863 np0000181109 devstack@neutron-api.service[107459]: DEBUG futurist.periodics [-] Submitting periodic callback 'neutron.plugins.ml2.drivers.ovn.mech_driver.ovsdb.maintenance.HashRingHealthCheckPeriodics.touch_hash_ring_node' {{(pid=107459) _process_scheduled /opt/stack/data/venv/lib/python3.12/site-packages/futurist/periodics.py:784}}
Jun 17 04:38:03.483042 np0000181109 devstack@neutron-api.service[107459]: DEBUG neutron.plugins.ml2.drivers.ovn.mech_driver.ovsdb.maintenance [-] Touching Hash Ring node "5566a23bb2745ba594705032832dab36" from periodic health check thread {{(pid=107459) touch_hash_ring_node /opt/stack/neutron/neutron/plugins/ml2/drivers/ovn/mech_driver/ovsdb/maintenance.py:1419}}
Jun 17 04:38:03.535447 np0000181109 devstack@neutron-api.service[107457]: DEBUG futurist.periodics [-] Submitting periodic callback 'neutron.plugins.ml2.drivers.ovn.mech_driver.ovsdb.maintenance.HashRingHealthCheckPeriodics.touch_hash_ring_node' {{(pid=107457) _process_scheduled /opt/stack/data/venv/lib/python3.12/site-packages/futurist/periodics.py:784}}
Jun 17 04:38:03.536928 np0000181109 devstack@neutron-api.service[107457]: DEBUG neutron.plugins.ml2.drivers.ovn.mech_driver.ovsdb.maintenance [-] Touching Hash Ring node "5a22a1914c865c68aa1d64009a3d6283" from periodic health check thread {{(pid=107457) touch_hash_ring_node /opt/stack/neutron/neutron/plugins/ml2/drivers/ovn/mech_driver/ovsdb/maintenance.py:1419}}
Jun 17 04:38:12.812936 np0000181109 devstack@neutron-api.service[107458]: DEBUG dbcounter [-] [107458] Writing DB stats neutron:UPDATE=1,neutron:SELECT=1 {{(pid=107458) stat_writer /opt/stack/data/venv/lib/python3.12/site-packages/dbcounter.py:115}}
Jun 17 04:38:13.378906 np0000181109 devstack@neutron-api.service[107456]: DEBUG dbcounter [-] [107456] Writing DB stats neutron:UPDATE=1,neutron:SELECT=1 {{(pid=107456) stat_writer /opt/stack/data/venv/lib/python3.12/site-packages/dbcounter.py:115}}
Jun 17 04:38:13.495204 np0000181109 devstack@neutron-api.service[107459]: DEBUG dbcounter [-] [107459] Writing DB stats neutron:UPDATE=1,neutron:SELECT=1 {{(pid=107459) stat_writer /opt/stack/data/venv/lib/python3.12/site-packages/dbcounter.py:115}}
Jun 17 04:38:13.548766 np0000181109 devstack@neutron-api.service[107457]: DEBUG dbcounter [-] [107457] Writing DB stats neutron:UPDATE=1,neutron:SELECT=1 {{(pid=107457) stat_writer /opt/stack/data/venv/lib/python3.12/site-packages/dbcounter.py:115}}
Jun 17 04:38:17.492996 np0000181109 devstack@neutron-api.service[107458]: DEBUG futurist.periodics [-] Submitting periodic callback 'neutron.plugins.ml2.drivers.ovn.mech_driver.ovsdb.maintenance.HashRingHealthCheckPeriodics.touch_hash_ring_node' {{(pid=107458) _process_scheduled /opt/stack/data/venv/lib/python3.12/site-packages/futurist/periodics.py:784}}
Jun 17 04:38:17.493654 np0000181109 devstack@neutron-api.service[107458]: DEBUG neutron.plugins.ml2.drivers.ovn.mech_driver.ovsdb.maintenance [-] Touching Hash Ring node "79d7a3f6bd755bc78e2ff731756b07c7" from periodic health check thread {{(pid=107458) touch_hash_ring_node /opt/stack/neutron/neutron/plugins/ml2/drivers/ovn/mech_driver/ovsdb/maintenance.py:1419}}
Jun 17 04:38:18.363088 np0000181109 devstack@neutron-api.service[107456]: DEBUG futurist.periodics [-] Submitting periodic callback 'neutron.plugins.ml2.drivers.ovn.mech_driver.ovsdb.maintenance.HashRingHealthCheckPeriodics.touch_hash_ring_node' {{(pid=107456) _process_scheduled /opt/stack/data/venv/lib/python3.12/site-packages/futurist/periodics.py:784}}
Jun 17 04:38:18.363917 np0000181109 devstack@neutron-api.service[107456]: DEBUG neutron.plugins.ml2.drivers.ovn.mech_driver.ovsdb.maintenance [-] Touching Hash Ring node "3dc58d9534ae5370a7f6b0d2a856a03f" from periodic health check thread {{(pid=107456) touch_hash_ring_node /opt/stack/neutron/neutron/plugins/ml2/drivers/ovn/mech_driver/ovsdb/maintenance.py:1419}}
Jun 17 04:38:18.483331 np0000181109 devstack@neutron-api.service[107459]: DEBUG futurist.periodics [-] Submitting periodic callback 'neutron.plugins.ml2.drivers.ovn.mech_driver.ovsdb.maintenance.HashRingHealthCheckPeriodics.touch_hash_ring_node' {{(pid=107459) _process_scheduled /opt/stack/data/venv/lib/python3.12/site-packages/futurist/periodics.py:784}}
Jun 17 04:38:18.484028 np0000181109 devstack@neutron-api.service[107459]: DEBUG neutron.plugins.ml2.drivers.ovn.mech_driver.ovsdb.maintenance [-] Touching Hash Ring node "5566a23bb2745ba594705032832dab36" from periodic health check thread {{(pid=107459) touch_hash_ring_node /opt/stack/neutron/neutron/plugins/ml2/drivers/ovn/mech_driver/ovsdb/maintenance.py:1419}}
Jun 17 04:38:18.536763 np0000181109 devstack@neutron-api.service[107457]: DEBUG futurist.periodics [-] Submitting periodic callback 'neutron.plugins.ml2.drivers.ovn.mech_driver.ovsdb.maintenance.HashRingHealthCheckPeriodics.touch_hash_ring_node' {{(pid=107457) _process_scheduled /opt/stack/data/venv/lib/python3.12/site-packages/futurist/periodics.py:784}}
Jun 17 04:38:18.537425 np0000181109 devstack@neutron-api.service[107457]: DEBUG neutron.plugins.ml2.drivers.ovn.mech_driver.ovsdb.maintenance [-] Touching Hash Ring node "5a22a1914c865c68aa1d64009a3d6283" from periodic health check thread {{(pid=107457) touch_hash_ring_node /opt/stack/neutron/neutron/plugins/ml2/drivers/ovn/mech_driver/ovsdb/maintenance.py:1419}}
Jun 17 04:38:27.503045 np0000181109 devstack@neutron-api.service[107458]: DEBUG dbcounter [-] [107458] Writing DB stats neutron:UPDATE=1,neutron:SELECT=1 {{(pid=107458) stat_writer /opt/stack/data/venv/lib/python3.12/site-packages/dbcounter.py:115}}
Jun 17 04:38:28.376150 np0000181109 devstack@neutron-api.service[107456]: DEBUG dbcounter [-] [107456] Writing DB stats neutron:UPDATE=1,neutron:SELECT=1 {{(pid=107456) stat_writer /opt/stack/data/venv/lib/python3.12/site-packages/dbcounter.py:115}}
Jun 17 04:38:28.493900 np0000181109 devstack@neutron-api.service[107459]: DEBUG dbcounter [-] [107459] Writing DB stats neutron:UPDATE=1,neutron:SELECT=1 {{(pid=107459) stat_writer /opt/stack/data/venv/lib/python3.12/site-packages/dbcounter.py:115}}
Jun 17 04:38:28.548707 np0000181109 devstack@neutron-api.service[107457]: DEBUG dbcounter [-] [107457] Writing DB stats neutron:UPDATE=1,neutron:SELECT=1 {{(pid=107457) stat_writer /opt/stack/data/venv/lib/python3.12/site-packages/dbcounter.py:115}}
Jun 17 04:38:31.406766 np0000181109 devstack@neutron-api.service[107456]: INFO neutron.pecan_wsgi.hooks.translation [None req-91bbdc59-d3f2-4f1e-b9e9-340796c8eadd admin admin] GET failed (client error): The resource could not be found.
Jun 17 04:38:31.407428 np0000181109 devstack@neutron-api.service[107456]: [pid: 107456|app: 0|req: 23/91] 199.204.45.235 () {64 vars in 1334 bytes} [Wed Jun 17 04:38:31 2026] GET /networking/v2.0/networks/admin_net => generated 111 bytes in 13 msecs (HTTP/1.1 404) 4 headers in 164 bytes (1 switches on core 0)
Jun 17 04:38:31.441664 np0000181109 devstack@neutron-api.service[107459]: [pid: 107459|app: 0|req: 23/92] 199.204.45.235 () {64 vars in 1346 bytes} [Wed Jun 17 04:38:31 2026] GET /networking/v2.0/networks?name=admin_net => generated 15 bytes in 24 msecs (HTTP/1.1 200) 4 headers in 156 bytes (1 switches on core 0)
Jun 17 04:38:31.702441 np0000181109 devstack@neutron-api.service[107457]: DEBUG neutron.api.v2.base [None req-3d145b58-5746-4455-8c76-05c39392698d admin admin] Request body: {'network': {'name': 'admin_net', 'admin_state_up': True, 'project_id': 'ca56d231f6c842eb963ed862c14c7077'}} {{(pid=107457) prepare_request_body /opt/stack/neutron/neutron/api/v2/base.py:727}}
Jun 17 04:38:31.720503 np0000181109 devstack@neutron-api.service[107457]: DEBUG neutron.pecan_wsgi.hooks.quota_enforcement [None req-3d145b58-5746-4455-8c76-05c39392698d admin admin] Made reservation on behalf of ca56d231f6c842eb963ed862c14c7077 for: {'network': 1} {{(pid=107457) before /opt/stack/neutron/neutron/pecan_wsgi/hooks/quota_enforcement.py:66}}
Jun 17 04:38:31.726283 np0000181109 devstack@neutron-api.service[107457]: DEBUG neutron_lib.callbacks.manager [None req-3d145b58-5746-4455-8c76-05c39392698d admin admin] Publish callbacks ['neutron.plugins.ml2.plugin.SecurityGroupDbMixin._ensure_default_security_group_handler-1121894'] for network (None), before_create {{(pid=107457) _notify_loop /opt/stack/data/venv/lib/python3.12/site-packages/neutron_lib/callbacks/manager.py:184}}
Jun 17 04:38:31.732619 np0000181109 devstack@neutron-api.service[107457]: DEBUG neutron_lib.callbacks.manager [None req-3d145b58-5746-4455-8c76-05c39392698d admin admin] Publish callbacks [] for security_group (None), before_create {{(pid=107457) _notify_loop /opt/stack/data/venv/lib/python3.12/site-packages/neutron_lib/callbacks/manager.py:184}}
Jun 17 04:38:31.791195 np0000181109 devstack@neutron-api.service[107457]: DEBUG neutron_lib.callbacks.manager [None req-3d145b58-5746-4455-8c76-05c39392698d admin admin] Publish callbacks ['neutron.plugins.ml2.drivers.ovn.mech_driver.mech_driver.OVNMechanismDriver._create_security_group_precommit-371310'] for security_group (0fc0e94b-40a5-4961-9ef1-dac24ceadc2a), precommit_create {{(pid=107457) _notify_loop /opt/stack/data/venv/lib/python3.12/site-packages/neutron_lib/callbacks/manager.py:184}}
Jun 17 04:38:31.791195 np0000181109 devstack@neutron-api.service[107457]: DEBUG neutron.db.ovn_revision_numbers_db [None req-3d145b58-5746-4455-8c76-05c39392698d admin admin] create_initial_revision uuid=0fc0e94b-40a5-4961-9ef1-dac24ceadc2a, type=security_groups, rev=-1 {{(pid=107457) create_initial_revision /opt/stack/neutron/neutron/db/ovn_revision_numbers_db.py:98}}
Jun 17 04:38:31.792608 np0000181109 devstack@neutron-api.service[107457]: DEBUG neutron.db.ovn_revision_numbers_db [None req-3d145b58-5746-4455-8c76-05c39392698d admin admin] create_initial_revision uuid=025bf069-e27d-466c-9845-c1288f32d254, type=security_group_rules, rev=-1 {{(pid=107457) create_initial_revision /opt/stack/neutron/neutron/db/ovn_revision_numbers_db.py:98}}
Jun 17 04:38:31.793646 np0000181109 devstack@neutron-api.service[107457]: DEBUG neutron.db.ovn_revision_numbers_db [None req-3d145b58-5746-4455-8c76-05c39392698d admin admin] create_initial_revision uuid=06cc0ea4-36cd-4f32-a8b7-0889c4dea60a, type=security_group_rules, rev=-1 {{(pid=107457) create_initial_revision /opt/stack/neutron/neutron/db/ovn_revision_numbers_db.py:98}}
Jun 17 04:38:31.794752 np0000181109 devstack@neutron-api.service[107457]: DEBUG neutron.db.ovn_revision_numbers_db [None req-3d145b58-5746-4455-8c76-05c39392698d admin admin] create_initial_revision uuid=2feb9729-5209-4838-88da-35266afb3890, type=security_group_rules, rev=-1 {{(pid=107457) create_initial_revision /opt/stack/neutron/neutron/db/ovn_revision_numbers_db.py:98}}
Jun 17 04:38:31.795743 np0000181109 devstack@neutron-api.service[107457]: DEBUG neutron.db.ovn_revision_numbers_db [None req-3d145b58-5746-4455-8c76-05c39392698d admin admin] create_initial_revision uuid=98524feb-3a40-4eed-947a-800197f85ebb, type=security_group_rules, rev=-1 {{(pid=107457) create_initial_revision /opt/stack/neutron/neutron/db/ovn_revision_numbers_db.py:98}}
Jun 17 04:38:31.803452 np0000181109 devstack@neutron-api.service[107457]: DEBUG neutron_lib.callbacks.manager [None req-3d145b58-5746-4455-8c76-05c39392698d admin admin] Publish callbacks ['neutron.plugins.ml2.drivers.ovn.mech_driver.mech_driver.OVNMechanismDriver._create_security_group-371348', 'neutron.plugins.ml2.ovo_rpc._ObjectChangeHandler.handle_event-66017848'] for security_group (0fc0e94b-40a5-4961-9ef1-dac24ceadc2a), after_create {{(pid=107457) _notify_loop /opt/stack/data/venv/lib/python3.12/site-packages/neutron_lib/callbacks/manager.py:184}}
Jun 17 04:38:31.804667 np0000181109 devstack@neutron-api.service[107457]: DEBUG ovsdbapp.backend.ovs_idl.transaction [None req-ee0a26bb-50b5-4208-b783-bc1f934eb8f7 None None] Running txn n=1 command(idx=0): PgAddCommand(_result=None, name=pg_0fc0e94b_40a5_4961_9ef1_dac24ceadc2a, may_exist=False, columns={'acls': [], 'external_ids': {'neutron:security_group_id': '0fc0e94b-40a5-4961-9ef1-dac24ceadc2a'}}) {{(pid=107457) do_commit /opt/stack/data/venv/lib/python3.12/site-packages/ovsdbapp/backend/ovs_idl/transaction.py:89}}
Jun 17 04:38:31.805270 np0000181109 devstack@neutron-api.service[107457]: DEBUG ovsdbapp.backend.ovs_idl.transaction [None req-ee0a26bb-50b5-4208-b783-bc1f934eb8f7 None None] Running txn n=1 command(idx=1): PgAclAddCommand(_result=None, entity=pg_0fc0e94b_40a5_4961_9ef1_dac24ceadc2a, direction=from-lport, priority=1002, match=inport == @pg_0fc0e94b_40a5_4961_9ef1_dac24ceadc2a && ip4, action=allow-related, log=False, may_exist=True, severity=[], name=[], meter=[], external_ids={'neutron:security_group_rule_id': '025bf069-e27d-466c-9845-c1288f32d254'}) {{(pid=107457) do_commit /opt/stack/data/venv/lib/python3.12/site-packages/ovsdbapp/backend/ovs_idl/transaction.py:89}}
Jun 17 04:38:31.805925 np0000181109 devstack@neutron-api.service[107457]: DEBUG ovsdbapp.backend.ovs_idl.transaction [None req-ee0a26bb-50b5-4208-b783-bc1f934eb8f7 None None] Running txn n=1 command(idx=2): PgAclAddCommand(_result=None, entity=pg_0fc0e94b_40a5_4961_9ef1_dac24ceadc2a, direction=from-lport, priority=1002, match=inport == @pg_0fc0e94b_40a5_4961_9ef1_dac24ceadc2a && ip6, action=allow-related, log=False, may_exist=True, severity=[], name=[], meter=[], external_ids={'neutron:security_group_rule_id': '06cc0ea4-36cd-4f32-a8b7-0889c4dea60a'}) {{(pid=107457) do_commit /opt/stack/data/venv/lib/python3.12/site-packages/ovsdbapp/backend/ovs_idl/transaction.py:89}}
Jun 17 04:38:31.806482 np0000181109 devstack@neutron-api.service[107457]: DEBUG ovsdbapp.backend.ovs_idl.transaction [None req-ee0a26bb-50b5-4208-b783-bc1f934eb8f7 None None] Running txn n=1 command(idx=3): PgAclAddCommand(_result=None, entity=pg_0fc0e94b_40a5_4961_9ef1_dac24ceadc2a, direction=to-lport, priority=1002, match=outport == @pg_0fc0e94b_40a5_4961_9ef1_dac24ceadc2a && ip4 && ip4.src == $pg_0fc0e94b_40a5_4961_9ef1_dac24ceadc2a_ip4, action=allow-related, log=False, may_exist=True, severity=[], name=[], meter=[], external_ids={'neutron:security_group_rule_id': '2feb9729-5209-4838-88da-35266afb3890'}) {{(pid=107457) do_commit /opt/stack/data/venv/lib/python3.12/site-packages/ovsdbapp/backend/ovs_idl/transaction.py:89}}
Jun 17 04:38:31.807061 np0000181109 devstack@neutron-api.service[107457]: DEBUG ovsdbapp.backend.ovs_idl.transaction [None req-ee0a26bb-50b5-4208-b783-bc1f934eb8f7 None None] Running txn n=1 command(idx=4): PgAclAddCommand(_result=None, entity=pg_0fc0e94b_40a5_4961_9ef1_dac24ceadc2a, direction=to-lport, priority=1002, match=outport == @pg_0fc0e94b_40a5_4961_9ef1_dac24ceadc2a && ip6 && ip6.src == $pg_0fc0e94b_40a5_4961_9ef1_dac24ceadc2a_ip6, action=allow-related, log=False, may_exist=True, severity=[], name=[], meter=[], external_ids={'neutron:security_group_rule_id': '98524feb-3a40-4eed-947a-800197f85ebb'}) {{(pid=107457) do_commit /opt/stack/data/venv/lib/python3.12/site-packages/ovsdbapp/backend/ovs_idl/transaction.py:89}}
Jun 17 04:38:31.819829 np0000181109 devstack@neutron-api.service[107457]: DEBUG neutron.common.ovn.hash_ring_manager [None req-ee0a26bb-50b5-4208-b783-bc1f934eb8f7 None None] Hash Ring loaded. 4 active nodes. 0 offline nodes {{(pid=107457) _load_hash_ring /opt/stack/neutron/neutron/common/ovn/hash_ring_manager.py:110}}
Jun 17 04:38:31.819829 np0000181109 devstack@neutron-api.service[107457]: DEBUG neutron.plugins.ml2.drivers.ovn.mech_driver.ovsdb.ovsdb_monitor [None req-ee0a26bb-50b5-4208-b783-bc1f934eb8f7 None None] Hash Ring: Node 5a22a1914c865c68aa1d64009a3d6283 (host: np0000181109) handling event "create" for row 96b03910-7a0b-4a1e-9f7f-5e54f99337c0 (table: Port_Group) {{(pid=107457) notify /opt/stack/neutron/neutron/plugins/ml2/drivers/ovn/mech_driver/ovsdb/ovsdb_monitor.py:1015}}
Jun 17 04:38:31.827997 np0000181109 devstack@neutron-api.service[107459]: DEBUG neutron.common.ovn.hash_ring_manager [None req-b009e3b6-d0d7-4933-bf62-6c13198d56b0 None None] Hash Ring loaded. 4 active nodes. 0 offline nodes {{(pid=107459) _load_hash_ring /opt/stack/neutron/neutron/common/ovn/hash_ring_manager.py:110}}
Jun 17 04:38:31.828079 np0000181109 devstack@neutron-api.service[107458]: DEBUG neutron.common.ovn.hash_ring_manager [None req-c6224a46-e0b0-43f7-b2db-c7ba0a7a0046 None None] Hash Ring loaded. 4 active nodes. 0 offline nodes {{(pid=107458) _load_hash_ring /opt/stack/neutron/neutron/common/ovn/hash_ring_manager.py:110}}
Jun 17 04:38:31.828567 np0000181109 devstack@neutron-api.service[107459]: DEBUG neutron.plugins.ml2.drivers.ovn.mech_driver.ovsdb.ovsdb_monitor [None req-b009e3b6-d0d7-4933-bf62-6c13198d56b0 None None] Hash Ring: Node 5566a23bb2745ba594705032832dab36 (host: np0000181109) handling event "create" for row 4c8310ca-a0ce-4017-b9f9-34f7db638e96 (table: ACL) {{(pid=107459) notify /opt/stack/neutron/neutron/plugins/ml2/drivers/ovn/mech_driver/ovsdb/ovsdb_monitor.py:1015}}
Jun 17 04:38:31.829401 np0000181109 devstack@neutron-api.service[107456]: DEBUG neutron.common.ovn.hash_ring_manager [None req-12d4e71a-00b0-4fb0-a61c-dcced7c41834 None None] Hash Ring loaded. 4 active nodes. 0 offline nodes {{(pid=107456) _load_hash_ring /opt/stack/neutron/neutron/common/ovn/hash_ring_manager.py:110}}
Jun 17 04:38:31.829401 np0000181109 devstack@neutron-api.service[107456]: DEBUG neutron.plugins.ml2.drivers.ovn.mech_driver.ovsdb.ovsdb_monitor [None req-12d4e71a-00b0-4fb0-a61c-dcced7c41834 None None] Hash Ring: Node 3dc58d9534ae5370a7f6b0d2a856a03f (host: np0000181109) handling event "create" for row 668d5694-54bc-4286-a186-f5ee64a6f3e5 (table: ACL) {{(pid=107456) notify /opt/stack/neutron/neutron/plugins/ml2/drivers/ovn/mech_driver/ovsdb/ovsdb_monitor.py:1015}}
Jun 17 04:38:31.829581 np0000181109 devstack@neutron-api.service[107456]: DEBUG neutron.plugins.ml2.drivers.ovn.mech_driver.ovsdb.ovsdb_monitor [None req-12d4e71a-00b0-4fb0-a61c-dcced7c41834 None None] Hash Ring: Node 3dc58d9534ae5370a7f6b0d2a856a03f (host: np0000181109) handling event "create" for row 7b042c50-aa63-40d2-9d15-949296cac2ab (table: ACL) {{(pid=107456) notify /opt/stack/neutron/neutron/plugins/ml2/drivers/ovn/mech_driver/ovsdb/ovsdb_monitor.py:1015}}
Jun 17 04:38:31.829968 np0000181109 devstack@neutron-api.service[107456]: DEBUG neutron.plugins.ml2.drivers.ovn.mech_driver.ovsdb.ovsdb_monitor [None req-12d4e71a-00b0-4fb0-a61c-dcced7c41834 None None] Hash Ring: Node 3dc58d9534ae5370a7f6b0d2a856a03f (host: np0000181109) handling event "create" for row c3ade8ad-3ef4-40e0-a075-0e756428003a (table: ACL) {{(pid=107456) notify /opt/stack/neutron/neutron/plugins/ml2/drivers/ovn/mech_driver/ovsdb/ovsdb_monitor.py:1015}}
Jun 17 04:38:31.839411 np0000181109 devstack@neutron-api.service[107457]: INFO neutron.db.ovn_revision_numbers_db [None req-3d145b58-5746-4455-8c76-05c39392698d admin admin] Successfully bumped revision number for resource 0fc0e94b-40a5-4961-9ef1-dac24ceadc2a (type: security_groups) to 1
Jun 17 04:38:31.852595 np0000181109 devstack@neutron-api.service[107457]: INFO neutron.db.ovn_revision_numbers_db [None req-3d145b58-5746-4455-8c76-05c39392698d admin admin] Successfully bumped revision number for resource 025bf069-e27d-466c-9845-c1288f32d254 (type: security_group_rules) to 0
Jun 17 04:38:31.865337 np0000181109 devstack@neutron-api.service[107457]: INFO neutron.db.ovn_revision_numbers_db [None req-3d145b58-5746-4455-8c76-05c39392698d admin admin] Successfully bumped revision number for resource 06cc0ea4-36cd-4f32-a8b7-0889c4dea60a (type: security_group_rules) to 0
Jun 17 04:38:31.879479 np0000181109 devstack@neutron-api.service[107457]: INFO neutron.db.ovn_revision_numbers_db [None req-3d145b58-5746-4455-8c76-05c39392698d admin admin] Successfully bumped revision number for resource 2feb9729-5209-4838-88da-35266afb3890 (type: security_group_rules) to 0
Jun 17 04:38:31.892965 np0000181109 devstack@neutron-api.service[107457]: INFO neutron.db.ovn_revision_numbers_db [None req-3d145b58-5746-4455-8c76-05c39392698d admin admin] Successfully bumped revision number for resource 98524feb-3a40-4eed-947a-800197f85ebb (type: security_group_rules) to 0
Jun 17 04:38:31.914878 np0000181109 devstack@neutron-api.service[107457]: DEBUG neutron.api.rpc.handlers.resources_rpc [None req-3d145b58-5746-4455-8c76-05c39392698d admin admin] Pushing event updated for resources: {'SecurityGroup': ['ID=0fc0e94b-40a5-4961-9ef1-dac24ceadc2a,revision_number=1']} {{(pid=107457) push /opt/stack/neutron/neutron/api/rpc/handlers/resources_rpc.py:237}}
Jun 17 04:38:31.919433 np0000181109 devstack@neutron-api.service[107457]: DEBUG ovsdbapp.backend.ovs_idl.transaction [None req-ee0a26bb-50b5-4208-b783-bc1f934eb8f7 None None] Running txn n=1 command(idx=0): CheckLivenessCommand(_result=None) {{(pid=107457) do_commit /opt/stack/data/venv/lib/python3.12/site-packages/ovsdbapp/backend/ovs_idl/transaction.py:89}}
Jun 17 04:38:31.998200 np0000181109 devstack@neutron-api.service[107459]: DEBUG neutron.plugins.ml2.drivers.ovn.mech_driver.ovsdb.ovsdb_monitor [None req-f1a254b3-2fdc-4ac0-b223-3ed94fb4baa9 None None] ChassisAgentWriteEvent : Matched Chassis_Private, update, None None {{(pid=107459) matches /opt/stack/neutron/neutron/plugins/ml2/drivers/ovn/mech_driver/ovsdb/ovsdb_monitor.py:64}}
Jun 17 04:38:31.998452 np0000181109 devstack@neutron-api.service[107457]: DEBUG neutron.api.rpc.callbacks.version_manager [None req-3d145b58-5746-4455-8c76-05c39392698d admin admin] Tracked resource versions report:
Jun 17 04:38:31.998452 np0000181109 devstack@neutron-api.service[107457]: pushed versions:
Jun 17 04:38:31.998452 np0000181109 devstack@neutron-api.service[107457]: { 'AddressGroup': {'1.2'},
Jun 17 04:38:31.998452 np0000181109 devstack@neutron-api.service[107457]: 'Agent': {'1.1'},
Jun 17 04:38:31.998452 np0000181109 devstack@neutron-api.service[107457]: 'ConntrackHelper': {'1.0'},
Jun 17 04:38:31.998452 np0000181109 devstack@neutron-api.service[107457]: 'LocalIPAssociation': {'1.0'},
Jun 17 04:38:31.998452 np0000181109 devstack@neutron-api.service[107457]: 'Log': {'1.0'},
Jun 17 04:38:31.998452 np0000181109 devstack@neutron-api.service[107457]: 'NDPProxy': {'1.0'},
Jun 17 04:38:31.998452 np0000181109 devstack@neutron-api.service[107457]: 'Network': {'1.3'},
Jun 17 04:38:31.998452 np0000181109 devstack@neutron-api.service[107457]: 'Port': {'1.11'},
Jun 17 04:38:31.998452 np0000181109 devstack@neutron-api.service[107457]: 'PortForwarding': {'1.3'},
Jun 17 04:38:31.998452 np0000181109 devstack@neutron-api.service[107457]: 'QosPolicy': {'1.10'},
Jun 17 04:38:31.998452 np0000181109 devstack@neutron-api.service[107457]: 'SecurityGroup': {'1.6'},
Jun 17 04:38:31.998452 np0000181109 devstack@neutron-api.service[107457]: 'SecurityGroupRule': {'1.3'},
Jun 17 04:38:31.998452 np0000181109 devstack@neutron-api.service[107457]: 'SubPort': {'1.0'},
Jun 17 04:38:31.998452 np0000181109 devstack@neutron-api.service[107457]: 'Subnet': {'1.2'},
Jun 17 04:38:31.998452 np0000181109 devstack@neutron-api.service[107457]: 'Trunk': {'1.1'}}
Jun 17 04:38:31.998452 np0000181109 devstack@neutron-api.service[107457]: consumer versions:
Jun 17 04:38:31.998452 np0000181109 devstack@neutron-api.service[107457]: { OVN Controller Gateway agent@np0000181109: {},
Jun 17 04:38:31.998452 np0000181109 devstack@neutron-api.service[107457]: OVN Neutron agent@np0000181109: {}}
Jun 17 04:38:31.998452 np0000181109 devstack@neutron-api.service[107457]: {{(pid=107457) report /opt/stack/neutron/neutron/api/rpc/callbacks/version_manager.py:183}}
Jun 17 04:38:32.000129 np0000181109 devstack@neutron-api.service[107456]: DEBUG neutron.plugins.ml2.drivers.ovn.mech_driver.ovsdb.ovsdb_monitor [None req-b12e17ac-c08d-4a76-a247-6dbedfa7c5ec None None] ChassisAgentWriteEvent : Matched Chassis_Private, update, None None {{(pid=107456) matches /opt/stack/neutron/neutron/plugins/ml2/drivers/ovn/mech_driver/ovsdb/ovsdb_monitor.py:64}}
Jun 17 04:38:32.001315 np0000181109 devstack@neutron-api.service[107459]: DEBUG neutron.plugins.ml2.drivers.ovn.mech_driver.ovsdb.ovsdb_monitor [None req-b009e3b6-d0d7-4933-bf62-6c13198d56b0 None None] Hash Ring: Node 5566a23bb2745ba594705032832dab36 (host: np0000181109) handling event "update" for row a96b8025-f028-4efe-ac9e-066b39e51e23 (table: NB_Global) {{(pid=107459) notify /opt/stack/neutron/neutron/plugins/ml2/drivers/ovn/mech_driver/ovsdb/ovsdb_monitor.py:1015}}
Jun 17 04:38:32.002079 np0000181109 devstack@neutron-api.service[107458]: DEBUG neutron.plugins.ml2.drivers.ovn.mech_driver.ovsdb.ovsdb_monitor [None req-de093a61-aeee-410c-89cb-1d9aa6c4fc79 None None] ChassisAgentWriteEvent : Matched Chassis_Private, update, None None {{(pid=107458) matches /opt/stack/neutron/neutron/plugins/ml2/drivers/ovn/mech_driver/ovsdb/ovsdb_monitor.py:64}}
Jun 17 04:38:32.002338 np0000181109 devstack@neutron-api.service[107459]: DEBUG neutron.plugins.ml2.drivers.ovn.mech_driver.ovsdb.ovsdb_monitor [None req-b009e3b6-d0d7-4933-bf62-6c13198d56b0 None None] Hash Ring: Node 5566a23bb2745ba594705032832dab36 (host: np0000181109) handling event "update" for row a96b8025-f028-4efe-ac9e-066b39e51e23 (table: NB_Global) {{(pid=107459) notify /opt/stack/neutron/neutron/plugins/ml2/drivers/ovn/mech_driver/ovsdb/ovsdb_monitor.py:1015}}
Jun 17 04:38:32.003171 np0000181109 devstack@neutron-api.service[107457]: DEBUG neutron.plugins.ml2.drivers.ovn.mech_driver.ovsdb.ovsdb_monitor [None req-078d217a-4309-426a-827e-c8166f0b3e0d None None] ChassisAgentWriteEvent : Matched Chassis_Private, update, None None {{(pid=107457) matches /opt/stack/neutron/neutron/plugins/ml2/drivers/ovn/mech_driver/ovsdb/ovsdb_monitor.py:64}}
Jun 17 04:38:32.004528 np0000181109 devstack@neutron-api.service[107459]: DEBUG neutron.plugins.ml2.drivers.ovn.mech_driver.ovsdb.ovsdb_monitor [None req-b009e3b6-d0d7-4933-bf62-6c13198d56b0 None None] Hash Ring: Node 5566a23bb2745ba594705032832dab36 (host: np0000181109) handling event "update" for row a96b8025-f028-4efe-ac9e-066b39e51e23 (table: NB_Global) {{(pid=107459) notify /opt/stack/neutron/neutron/plugins/ml2/drivers/ovn/mech_driver/ovsdb/ovsdb_monitor.py:1015}}
Jun 17 04:38:32.005597 np0000181109 devstack@neutron-api.service[107459]: DEBUG neutron.plugins.ml2.drivers.ovn.mech_driver.ovsdb.ovsdb_monitor [None req-b009e3b6-d0d7-4933-bf62-6c13198d56b0 None None] Hash Ring: Node 5566a23bb2745ba594705032832dab36 (host: np0000181109) handling event "update" for row a96b8025-f028-4efe-ac9e-066b39e51e23 (table: NB_Global) {{(pid=107459) notify /opt/stack/neutron/neutron/plugins/ml2/drivers/ovn/mech_driver/ovsdb/ovsdb_monitor.py:1015}}
Jun 17 04:38:32.011706 np0000181109 devstack@neutron-api.service[107459]: DEBUG neutron.common.ovn.hash_ring_manager [None req-f1a254b3-2fdc-4ac0-b223-3ed94fb4baa9 None None] Hash Ring loaded. 4 active nodes. 0 offline nodes {{(pid=107459) _load_hash_ring /opt/stack/neutron/neutron/common/ovn/hash_ring_manager.py:110}}
Jun 17 04:38:32.014388 np0000181109 devstack@neutron-api.service[107458]: DEBUG neutron.common.ovn.hash_ring_manager [None req-de093a61-aeee-410c-89cb-1d9aa6c4fc79 None None] Hash Ring loaded. 4 active nodes. 0 offline nodes {{(pid=107458) _load_hash_ring /opt/stack/neutron/neutron/common/ovn/hash_ring_manager.py:110}}
Jun 17 04:38:32.015255 np0000181109 devstack@neutron-api.service[107458]: DEBUG neutron.plugins.ml2.drivers.ovn.mech_driver.ovsdb.ovsdb_monitor [None req-de093a61-aeee-410c-89cb-1d9aa6c4fc79 None None] Touching Hash Ring node "79d7a3f6bd755bc78e2ff731756b07c7" from IDL notify handler {{(pid=107458) notify /opt/stack/neutron/neutron/plugins/ml2/drivers/ovn/mech_driver/ovsdb/ovsdb_monitor.py:1007}}
Jun 17 04:38:32.016646 np0000181109 devstack@neutron-api.service[107456]: DEBUG neutron.common.ovn.hash_ring_manager [None req-b12e17ac-c08d-4a76-a247-6dbedfa7c5ec None None] Hash Ring loaded. 4 active nodes. 0 offline nodes {{(pid=107456) _load_hash_ring /opt/stack/neutron/neutron/common/ovn/hash_ring_manager.py:110}}
Jun 17 04:38:32.024270 np0000181109 devstack@neutron-api.service[107457]: DEBUG neutron.common.ovn.hash_ring_manager [None req-078d217a-4309-426a-827e-c8166f0b3e0d None None] Hash Ring loaded. 4 active nodes. 0 offline nodes {{(pid=107457) _load_hash_ring /opt/stack/neutron/neutron/common/ovn/hash_ring_manager.py:110}}
Jun 17 04:38:32.032061 np0000181109 devstack@neutron-api.service[107458]: DEBUG neutron.plugins.ml2.drivers.ovn.mech_driver.ovsdb.ovsdb_monitor [None req-de093a61-aeee-410c-89cb-1d9aa6c4fc79 None None] Hash Ring: Node 79d7a3f6bd755bc78e2ff731756b07c7 (host: np0000181109) handling event "update" for row bb9c6209-66ea-49f0-9a00-281fb5dd6c02 (table: Chassis_Private) {{(pid=107458) notify /opt/stack/neutron/neutron/plugins/ml2/drivers/ovn/mech_driver/ovsdb/ovsdb_monitor.py:1015}}
Jun 17 04:38:32.052987 np0000181109 devstack@neutron-api.service[107457]: DEBUG neutron.plugins.ml2.drivers.helpers [None req-3d145b58-5746-4455-8c76-05c39392698d admin admin] geneve segment allocate from pool success with {'geneve_vni': 19293} {{(pid=107457) allocate_partially_specified_segment /opt/stack/neutron/neutron/plugins/ml2/drivers/helpers.py:142}}
Jun 17 04:38:32.063977 np0000181109 devstack@neutron-api.service[107457]: DEBUG neutron_lib.callbacks.manager [None req-3d145b58-5746-4455-8c76-05c39392698d admin admin] Publish callbacks ['neutron.services.segments.db._add_segment_host_mapping_for_segment-8733917137500', 'neutron.plugins.ml2.plugin.Ml2Plugin._handle_segment_change-1960702'] for segment (97cd842f-b962-45e6-9bfc-6c2ef41b99fa), precommit_create {{(pid=107457) _notify_loop /opt/stack/data/venv/lib/python3.12/site-packages/neutron_lib/callbacks/manager.py:184}}
Jun 17 04:38:32.064347 np0000181109 devstack@neutron-api.service[107457]: INFO neutron.db.segments_db [None req-3d145b58-5746-4455-8c76-05c39392698d admin admin] Added segment 97cd842f-b962-45e6-9bfc-6c2ef41b99fa of type geneve for network fd40231f-2602-470b-a1d8-86c53de9f0c6
Jun 17 04:38:32.074698 np0000181109 devstack@neutron-api.service[107457]: DEBUG neutron_lib.callbacks.manager [None req-3d145b58-5746-4455-8c76-05c39392698d admin admin] Publish callbacks ['neutron.services.auto_allocate.db._ensure_external_network_default_value_callback-8733915843758'] for network (fd40231f-2602-470b-a1d8-86c53de9f0c6), precommit_create {{(pid=107457) _notify_loop /opt/stack/data/venv/lib/python3.12/site-packages/neutron_lib/callbacks/manager.py:184}}
Jun 17 04:38:32.083445 np0000181109 devstack@neutron-api.service[107457]: DEBUG neutron.plugins.ml2.drivers.ovn.mech_driver.mech_driver [None req-3d145b58-5746-4455-8c76-05c39392698d admin admin] Validating network segment with type geneve, segmentation ID 19293, physical network None {{(pid=107457) _validate_network_segments /opt/stack/neutron/neutron/plugins/ml2/drivers/ovn/mech_driver/mech_driver.py:643}}
Jun 17 04:38:32.083590 np0000181109 devstack@neutron-api.service[107457]: DEBUG neutron.db.ovn_revision_numbers_db [None req-3d145b58-5746-4455-8c76-05c39392698d admin admin] create_initial_revision uuid=fd40231f-2602-470b-a1d8-86c53de9f0c6, type=networks, rev=-1 {{(pid=107457) create_initial_revision /opt/stack/neutron/neutron/db/ovn_revision_numbers_db.py:98}}
Jun 17 04:38:32.091746 np0000181109 devstack@neutron-api.service[107457]: DEBUG neutron_lib.callbacks.manager [None req-3d145b58-5746-4455-8c76-05c39392698d admin admin] Publish callbacks ['neutron.plugins.ml2.ovo_rpc._ObjectChangeHandler.handle_event-66018238'] for network (fd40231f-2602-470b-a1d8-86c53de9f0c6), after_create {{(pid=107457) _notify_loop /opt/stack/data/venv/lib/python3.12/site-packages/neutron_lib/callbacks/manager.py:184}}
Jun 17 04:38:32.108519 np0000181109 devstack@neutron-api.service[107457]: DEBUG neutron.api.rpc.handlers.resources_rpc [None req-3d145b58-5746-4455-8c76-05c39392698d admin admin] Pushing event updated for resources: {'Network': ['ID=fd40231f-2602-470b-a1d8-86c53de9f0c6,revision_number=1']} {{(pid=107457) push /opt/stack/neutron/neutron/api/rpc/handlers/resources_rpc.py:237}}
Jun 17 04:38:32.115972 np0000181109 devstack@neutron-api.service[107457]: DEBUG ovsdbapp.backend.ovs_idl.transaction [None req-ee0a26bb-50b5-4208-b783-bc1f934eb8f7 None None] Running txn n=1 command(idx=0): AddNetworkCommand(_result=None, network_uuid=fd40231f-2602-470b-a1d8-86c53de9f0c6, may_exist=True, columns={'external_ids': {'neutron:network_name': 'admin_net', 'neutron:mtu': '1372', 'neutron:revision_number': '1', 'neutron:availability_zone_hints': '', 'neutron:provnet-network-type': 'geneve'}, 'other_config': {'mcast_snoop': 'false', 'mcast_flood_unregistered': 'false', 'vlan-passthru': 'false'}}) {{(pid=107457) do_commit /opt/stack/data/venv/lib/python3.12/site-packages/ovsdbapp/backend/ovs_idl/transaction.py:89}}
Jun 17 04:38:32.119310 np0000181109 devstack@neutron-api.service[107457]: DEBUG neutron.plugins.ml2.drivers.ovn.mech_driver.ovsdb.ovsdb_monitor [None req-ee0a26bb-50b5-4208-b783-bc1f934eb8f7 None None] Hash Ring: Node 5a22a1914c865c68aa1d64009a3d6283 (host: np0000181109) handling event "create" for row fd40231f-2602-470b-a1d8-86c53de9f0c6 (table: Logical_Switch) {{(pid=107457) notify /opt/stack/neutron/neutron/plugins/ml2/drivers/ovn/mech_driver/ovsdb/ovsdb_monitor.py:1015}}
Jun 17 04:38:32.131740 np0000181109 devstack@neutron-api.service[107457]: DEBUG neutron.plugins.ml2.drivers.ovn.mech_driver.ovsdb.ovsdb_monitor [None req-078d217a-4309-426a-827e-c8166f0b3e0d None None] Hash Ring: Node 5a22a1914c865c68aa1d64009a3d6283 (host: np0000181109) handling event "create" for row b6689df3-721a-47b5-a8ec-e323cb53d248 (table: Datapath_Binding) {{(pid=107457) notify /opt/stack/neutron/neutron/plugins/ml2/drivers/ovn/mech_driver/ovsdb/ovsdb_monitor.py:1015}}
Jun 17 04:38:32.150025 np0000181109 devstack@neutron-api.service[107457]: INFO neutron.db.ovn_revision_numbers_db [None req-3d145b58-5746-4455-8c76-05c39392698d admin admin] Successfully bumped revision number for resource fd40231f-2602-470b-a1d8-86c53de9f0c6 (type: networks) to 1
Jun 17 04:38:32.163674 np0000181109 devstack@neutron-api.service[107457]: DEBUG neutron_lib.callbacks.manager [None req-3d145b58-5746-4455-8c76-05c39392698d admin admin] Publish callbacks ['neutron.plugins.ml2.plugin.SecurityGroupDbMixin._ensure_default_security_group_handler-1121894'] for port (None), before_create {{(pid=107457) _notify_loop /opt/stack/data/venv/lib/python3.12/site-packages/neutron_lib/callbacks/manager.py:184}}
Jun 17 04:38:32.233052 np0000181109 devstack@neutron-api.service[107457]: DEBUG neutron_lib.callbacks.manager [None req-3d145b58-5746-4455-8c76-05c39392698d admin admin] Publish callbacks ['neutron.plugins.ml2.drivers.ovn.mech_driver.mech_driver.OVNMechanismDriver._validate_allowed_address_pairs-371430'] for allowed_address_pair (acda0b26-b83b-481c-8624-1cfb0a20b45c), before_create {{(pid=107457) _notify_loop /opt/stack/data/venv/lib/python3.12/site-packages/neutron_lib/callbacks/manager.py:184}}
Jun 17 04:38:32.233518 np0000181109 devstack@neutron-api.service[107457]: DEBUG neutron_lib.callbacks.manager [None req-3d145b58-5746-4455-8c76-05c39392698d admin admin] Publish callbacks [] for port (acda0b26-b83b-481c-8624-1cfb0a20b45c), precommit_create {{(pid=107457) _notify_loop /opt/stack/data/venv/lib/python3.12/site-packages/neutron_lib/callbacks/manager.py:184}}
Jun 17 04:38:32.233670 np0000181109 devstack@neutron-api.service[107457]: DEBUG neutron.plugins.ml2.drivers.ovn.mech_driver.mech_driver [None req-3d145b58-5746-4455-8c76-05c39392698d admin admin] No provisioning block for port acda0b26-b83b-481c-8624-1cfb0a20b45c since it does not have a host {{(pid=107457) _is_port_provisioning_required /opt/stack/neutron/neutron/plugins/ml2/drivers/ovn/mech_driver/mech_driver.py:896}}
Jun 17 04:38:32.233798 np0000181109 devstack@neutron-api.service[107457]: DEBUG neutron.db.ovn_revision_numbers_db [None req-3d145b58-5746-4455-8c76-05c39392698d admin admin] create_initial_revision uuid=acda0b26-b83b-481c-8624-1cfb0a20b45c, type=ports, rev=-1 {{(pid=107457) create_initial_revision /opt/stack/neutron/neutron/db/ovn_revision_numbers_db.py:98}}
Jun 17 04:38:32.274166 np0000181109 devstack@neutron-api.service[107457]: DEBUG neutron_lib.callbacks.manager [None req-3d145b58-5746-4455-8c76-05c39392698d admin admin] Publish callbacks ['neutron.plugins.ml2.ovo_rpc._ObjectChangeHandler.handle_event-66017842'] for port (acda0b26-b83b-481c-8624-1cfb0a20b45c), after_create {{(pid=107457) _notify_loop /opt/stack/data/venv/lib/python3.12/site-packages/neutron_lib/callbacks/manager.py:184}}
Jun 17 04:38:32.312579 np0000181109 devstack@neutron-api.service[107457]: DEBUG neutron.api.rpc.handlers.resources_rpc [None req-3d145b58-5746-4455-8c76-05c39392698d admin admin] Pushing event updated for resources: {'Port': ['ID=acda0b26-b83b-481c-8624-1cfb0a20b45c,revision_number=1']} {{(pid=107457) push /opt/stack/neutron/neutron/api/rpc/handlers/resources_rpc.py:237}}
