Jun 17 04:38:39.593549 np0000181109 devstack@neutron-api.service[107459]: DEBUG neutron.plugins.ml2.managers [None req-ba136616-4465-4dba-aa52-6e8168f10e17 service neutron] Attempting to bind port 50a4251a-c54b-4a5b-b064-1ae5baad076d by drivers ovn on host np0000181109 at level 0 using segments [{'id': '97cd842f-b962-45e6-9bfc-6c2ef41b99fa', 'network_type': 'geneve', 'physical_network': None, 'segmentation_id': 19293, 'network_id': 'fd40231f-2602-470b-a1d8-86c53de9f0c6'}] {{(pid=107459) _bind_port_level /opt/stack/neutron/neutron/plugins/ml2/managers.py:890}}
Jun 17 04:38:39.595153 np0000181109 devstack@neutron-api.service[107456]: DEBUG neutron.db.provisioning_blocks [None req-fb46f3e4-2376-48f5-8956-38d770055cd7 None None] Ignored duplicate provisioning block setup for port 50a4251a-c54b-4a5b-b064-1ae5baad076d by entity L2. {{(pid=107456) add_provisioning_component /opt/stack/neutron/neutron/db/provisioning_blocks.py:69}}
Jun 17 04:38:39.595409 np0000181109 devstack@neutron-api.service[107459]: DEBUG neutron.plugins.ml2.drivers.ovn.mech_driver.mech_driver [None req-ba136616-4465-4dba-aa52-6e8168f10e17 service neutron] Attempting to bind port 50a4251a-c54b-4a5b-b064-1ae5baad076d on host np0000181109 for network segment with type geneve, segmentation ID 19293, physical network None {{(pid=107459) bind_port /opt/stack/neutron/neutron/plugins/ml2/drivers/ovn/mech_driver/mech_driver.py:1206}}
Jun 17 04:38:39.596285 np0000181109 devstack@neutron-api.service[107459]: DEBUG neutron.plugins.ml2.managers [None req-ba136616-4465-4dba-aa52-6e8168f10e17 service neutron] Bound port: 50a4251a-c54b-4a5b-b064-1ae5baad076d, host: np0000181109, vif_type: ovs, vif_details: {"port_filter": true, "connectivity": "l2", "ovs_create_tap": false, "bridge_name": "br-int", "datapath_type": "system"}, binding_levels: [{'bound_driver': 'ovn', 'bound_segment': {'id': '97cd842f-b962-45e6-9bfc-6c2ef41b99fa', 'network_type': 'geneve', 'physical_network': None, 'segmentation_id': 19293, 'network_id': 'fd40231f-2602-470b-a1d8-86c53de9f0c6'}}] {{(pid=107459) _bind_port_level /opt/stack/neutron/neutron/plugins/ml2/managers.py:1001}}
Jun 17 04:38:39.596524 np0000181109 devstack@neutron-api.service[107459]: DEBUG neutron_lib.callbacks.manager [None req-ba136616-4465-4dba-aa52-6e8168f10e17 service neutron] Publish callbacks ['neutron.plugins.ml2.plugin.SecurityGroupDbMixin._ensure_default_security_group_handler-2044137', 'neutron.services.ovn_l3.plugin.OVNL3RouterPlugin._port_update-8733915968626', 'neutron.db.l3_db.L3_NAT_dbonly_mixin._prevent_internal_ip_change_for_fip-8733916900856'] for port (50a4251a-c54b-4a5b-b064-1ae5baad076d), before_update {{(pid=107459) _notify_loop /opt/stack/data/venv/lib/python3.12/site-packages/neutron_lib/callbacks/manager.py:184}}
Jun 17 04:38:39.615553 np0000181109 devstack@neutron-api.service[107456]: DEBUG neutron.plugins.ml2.plugin [None req-fb46f3e4-2376-48f5-8956-38d770055cd7 None None] Current status of the port 50a4251a-c54b-4a5b-b064-1ae5baad076d is: DOWN; New status is: DOWN {{(pid=107456) _update_individual_port_db_status /opt/stack/neutron/neutron/plugins/ml2/plugin.py:2470}}
Jun 17 04:38:39.616472 np0000181109 devstack@neutron-api.service[107456]: DEBUG ovsdbapp.backend.ovs_idl.transaction [None req-12d4e71a-00b0-4fb0-a61c-dcced7c41834 None None] Running txn n=1 command(idx=0): DbRemoveCommand(_result=None, table=Logical_Switch_Port, record=50a4251a-c54b-4a5b-b064-1ae5baad076d, column=external_ids, values=('neutron:host_id',), keyvalues={}, if_exists=True) {{(pid=107456) do_commit /opt/stack/data/venv/lib/python3.12/site-packages/ovsdbapp/backend/ovs_idl/transaction.py:89}}
Jun 17 04:38:39.645997 np0000181109 devstack@neutron-api.service[107459]: DEBUG neutron.plugins.ml2.db [None req-ba136616-4465-4dba-aa52-6e8168f10e17 service neutron] For port 50a4251a-c54b-4a5b-b064-1ae5baad076d, host np0000181109, cleared binding levels {{(pid=107459) clear_binding_levels /opt/stack/neutron/neutron/plugins/ml2/db.py:87}}
Jun 17 04:38:39.648500 np0000181109 devstack@neutron-api.service[107459]: DEBUG neutron.plugins.ml2.db [None req-ba136616-4465-4dba-aa52-6e8168f10e17 service neutron] For port 50a4251a-c54b-4a5b-b064-1ae5baad076d, host np0000181109, set binding levels [PortBindingLevel(driver='ovn',host='np0000181109',level=0,port_id=50a4251a-c54b-4a5b-b064-1ae5baad076d,segment=NetworkSegment(97cd842f-b962-45e6-9bfc-6c2ef41b99fa),segment_id=97cd842f-b962-45e6-9bfc-6c2ef41b99fa)] {{(pid=107459) set_binding_levels /opt/stack/neutron/neutron/plugins/ml2/db.py:59}}
Jun 17 04:38:39.649620 np0000181109 devstack@neutron-api.service[107459]: DEBUG neutron.plugins.ml2.drivers.ovn.mech_driver.mech_driver [None req-ba136616-4465-4dba-aa52-6e8168f10e17 service neutron] No provisioning block for port 50a4251a-c54b-4a5b-b064-1ae5baad076d since host unchanged {{(pid=107459) _is_port_provisioning_required /opt/stack/neutron/neutron/plugins/ml2/drivers/ovn/mech_driver/mech_driver.py:901}}
Jun 17 04:38:39.658242 np0000181109 devstack@neutron-api.service[107459]: DEBUG neutron_lib.callbacks.manager [None req-ba136616-4465-4dba-aa52-6e8168f10e17 service neutron] Publish callbacks ['neutron.plugins.ml2.ovo_rpc._ObjectChangeHandler.handle_event-65903807', 'neutron.services.ovn_l3.plugin.OVNL3RouterPlugin._port_update-8733915968626'] for port (50a4251a-c54b-4a5b-b064-1ae5baad076d), after_update {{(pid=107459) _notify_loop /opt/stack/data/venv/lib/python3.12/site-packages/neutron_lib/callbacks/manager.py:184}}
Jun 17 04:38:39.703121 np0000181109 devstack@neutron-api.service[107459]: DEBUG neutron.api.rpc.handlers.resources_rpc [None req-ba136616-4465-4dba-aa52-6e8168f10e17 service neutron] Pushing event updated for resources: {'Port': ['ID=50a4251a-c54b-4a5b-b064-1ae5baad076d,revision_number=3']} {{(pid=107459) push /opt/stack/neutron/neutron/api/rpc/handlers/resources_rpc.py:237}}
Jun 17 04:38:39.731577 np0000181109 devstack@neutron-api.service[107459]: DEBUG neutron.plugins.ml2.drivers.ovn.mech_driver.ovsdb.commands [None req-ba136616-4465-4dba-aa52-6e8168f10e17 service neutron] Converting tag [] to a tag_request {{(pid=107459) _tag_column_to_tag_request /opt/stack/neutron/neutron/plugins/ml2/drivers/ovn/mech_driver/ovsdb/commands.py:205}}
Jun 17 04:38:39.732893 np0000181109 devstack@neutron-api.service[107459]: DEBUG ovsdbapp.backend.ovs_idl.transaction [None req-b009e3b6-d0d7-4933-bf62-6c13198d56b0 None None] Running txn n=1 command(idx=0): CheckRevisionNumberCommand(_result=None, name=50a4251a-c54b-4a5b-b064-1ae5baad076d, resource={'id': '50a4251a-c54b-4a5b-b064-1ae5baad076d', 'name': '', 'network_id': 'fd40231f-2602-470b-a1d8-86c53de9f0c6', 'project_id': 'ca56d231f6c842eb963ed862c14c7077', 'mac_address': 'fa:16:3e:d3:92:26', 'admin_state_up': True, 'status': 'DOWN', 'device_id': 'manila-admin-share', 'device_owner': 'manila:share', 'standard_attr_id': 46, 'fixed_ips': [{'subnet_id': '3ea35ab5-55ff-491a-942b-e4591d7a814a', 'ip_address': '10.2.5.167'}], 'allowed_address_pairs': [], 'extra_dhcp_opts': [], 'security_groups': [], 'description': '', 'binding:vnic_type': 'normal', 'binding:profile': {}, 'binding:host_id': 'np0000181109', 'binding:vif_type': 'ovs', 'binding:vif_details': {'port_filter': True, 'connectivity': 'l2', 'ovs_create_tap': False, 'bridge_name': 'br-int', 'datapath_type': 'system', 'bound_drivers': {'0': 'ovn'}}, 'port_security_enabled': False, 'tags': [], 'created_at': '2026-06-17T04:38:39Z', 'updated_at': '2026-06-17T04:38:39Z', 'revision_number': 3, 'tenant_id': 'ca56d231f6c842eb963ed862c14c7077', 'network': {'id': 'fd40231f-2602-470b-a1d8-86c53de9f0c6', 'name': 'admin_net', 'tenant_id': 'ca56d231f6c842eb963ed862c14c7077', 'project_id': 'ca56d231f6c842eb963ed862c14c7077', 'admin_state_up': True, 'mtu': 1372, 'status': 'ACTIVE', 'subnets': ['3ea35ab5-55ff-491a-942b-e4591d7a814a'], 'standard_attr_id': 42, 'shared': False, 'availability_zone_hints': [], 'availability_zones': [], 'ipv4_address_scope': None, 'ipv6_address_scope': None, 'router:external': False, 'qinq': False, 'vlan_transparent': False, 'description': '', 'port_security_enabled': True, 'tags': [], 'created_at': '2026-06-17T04:38:32Z', 'updated_at': '2026-06-17T04:38:33Z', 'revision_number': 2, 'provider:network_type': 'geneve', 'provider:physical_network': None, 'provider:segmentation_id': 19293}}, resource_type=ports, if_exists=True) {{(pid=107459) do_commit /opt/stack/data/venv/lib/python3.12/site-packages/ovsdbapp/backend/ovs_idl/transaction.py:89}}
Jun 17 04:38:39.733609 np0000181109 devstack@neutron-api.service[107459]: DEBUG ovsdbapp.backend.ovs_idl.transaction [None req-b009e3b6-d0d7-4933-bf62-6c13198d56b0 None None] Running txn n=1 command(idx=1): SetLSwitchPortCommand(_result=None, lport=50a4251a-c54b-4a5b-b064-1ae5baad076d, external_ids_update=None, columns={'external_ids': {'neutron:port_name': '', 'neutron:device_id': 'manila-admin-share', 'neutron:project_id': 'ca56d231f6c842eb963ed862c14c7077', 'neutron:cidrs': '10.2.5.167/24', 'neutron:device_owner': 'manila:share', 'neutron:subnet_pool_addr_scope4': '', 'neutron:subnet_pool_addr_scope6': '', 'neutron:network_name': 'neutron-fd40231f-2602-470b-a1d8-86c53de9f0c6', 'neutron:security_group_ids': '', 'neutron:revision_number': '3', 'neutron:vnic_type': 'normal', 'neutron:port_capabilities': '', 'neutron:mtu': ''}, 'parent_name': [], 'options': {'requested-chassis': 'np0000181109'}, 'enabled': True, 'port_security': [], 'dhcpv4_options': [UUID('65a22c65-f5f5-4d79-984e-dd4312f3b25a')], 'dhcpv6_options': [], 'type': '', 'addresses': ['fa:16:3e:d3:92:26 10.2.5.167', 'unknown'], 'ha_chassis_group': [], 'tag_request': []}, if_exists=False) {{(pid=107459) do_commit /opt/stack/data/venv/lib/python3.12/site-packages/ovsdbapp/backend/ovs_idl/transaction.py:89}}
Jun 17 04:38:39.735901 np0000181109 devstack@neutron-api.service[107459]: DEBUG ovsdbapp.backend.ovs_idl.transaction [None req-b009e3b6-d0d7-4933-bf62-6c13198d56b0 None None] Running txn n=1 command(idx=2): PgDelPortCommand(_result=None, port_group=neutron_pg_drop, lsp=['50a4251a-c54b-4a5b-b064-1ae5baad076d'], if_exists=False) {{(pid=107459) do_commit /opt/stack/data/venv/lib/python3.12/site-packages/ovsdbapp/backend/ovs_idl/transaction.py:89}}
Jun 17 04:38:39.746820 np0000181109 devstack@neutron-api.service[107457]: DEBUG neutron.plugins.ml2.drivers.ovn.mech_driver.ovsdb.ovsdb_monitor [None req-078d217a-4309-426a-827e-c8166f0b3e0d None None] Touching Hash Ring node "5a22a1914c865c68aa1d64009a3d6283" from IDL notify handler {{(pid=107457) notify /opt/stack/neutron/neutron/plugins/ml2/drivers/ovn/mech_driver/ovsdb/ovsdb_monitor.py:1007}}
Jun 17 04:38:39.750194 np0000181109 devstack@neutron-api.service[107457]: DEBUG neutron.plugins.ml2.drivers.ovn.mech_driver.ovsdb.ovsdb_monitor [None req-078d217a-4309-426a-827e-c8166f0b3e0d None None] Hash Ring: Node 5a22a1914c865c68aa1d64009a3d6283 (host: np0000181109) handling event "update" for row 0bb78369-00e3-496b-a966-118d73bba7be (table: Port_Binding) {{(pid=107457) notify /opt/stack/neutron/neutron/plugins/ml2/drivers/ovn/mech_driver/ovsdb/ovsdb_monitor.py:1015}}
Jun 17 04:38:39.752303 np0000181109 devstack@neutron-api.service[107456]: DEBUG neutron.plugins.ml2.drivers.ovn.mech_driver.ovsdb.ovsdb_monitor [None req-12d4e71a-00b0-4fb0-a61c-dcced7c41834 None None] Touching Hash Ring node "3dc58d9534ae5370a7f6b0d2a856a03f" from IDL notify handler {{(pid=107456) notify /opt/stack/neutron/neutron/plugins/ml2/drivers/ovn/mech_driver/ovsdb/ovsdb_monitor.py:1007}}
Jun 17 04:38:39.757903 np0000181109 devstack@neutron-api.service[107456]: DEBUG neutron.plugins.ml2.drivers.ovn.mech_driver.ovsdb.ovsdb_monitor [None req-12d4e71a-00b0-4fb0-a61c-dcced7c41834 None None] Hash Ring: Node 3dc58d9534ae5370a7f6b0d2a856a03f (host: np0000181109) handling event "update" for row 787b50b6-0d92-4cb6-80c6-1a043f1c0dc2 (table: Logical_Switch_Port) {{(pid=107456) notify /opt/stack/neutron/neutron/plugins/ml2/drivers/ovn/mech_driver/ovsdb/ovsdb_monitor.py:1015}}
Jun 17 04:38:39.785039 np0000181109 devstack@neutron-api.service[107459]: INFO neutron.db.ovn_revision_numbers_db [None req-ba136616-4465-4dba-aa52-6e8168f10e17 service neutron] Successfully bumped revision number for resource 50a4251a-c54b-4a5b-b064-1ae5baad076d (type: ports) to 3
Jun 17 04:38:39.797758 np0000181109 devstack@neutron-api.service[107459]: DEBUG neutron.pecan_wsgi.hooks.policy_enforcement [None req-ba136616-4465-4dba-aa52-6e8168f10e17 service neutron] Attributes excluded by policy engine: ['standard_attr_id'] {{(pid=107459) _exclude_attributes_by_policy /opt/stack/neutron/neutron/pecan_wsgi/hooks/policy_enforcement.py:259}}
Jun 17 04:38:39.798009 np0000181109 devstack@neutron-api.service[107459]: DEBUG neutron_lib.callbacks.manager [None req-ba136616-4465-4dba-aa52-6e8168f10e17 service neutron] Publish callbacks ['neutron.notifiers.nova.Notifier._send_nova_notification-67071027'] for port (None), before_response {{(pid=107459) _notify_loop /opt/stack/data/venv/lib/python3.12/site-packages/neutron_lib/callbacks/manager.py:184}}
Jun 17 04:38:39.809696 np0000181109 devstack@neutron-api.service[107459]: [pid: 107459|app: 0|req: 26/104] 199.204.45.235 () {68 vars in 1304 bytes} [Wed Jun 17 04:38:39 2026] POST /networking/v2.0/ports => generated 927 bytes in 566 msecs (HTTP/1.1 201) 4 headers in 162 bytes (1 switches on core 0)
Jun 17 04:38:40.174800 np0000181109 devstack@neutron-api.service[107457]: DEBUG neutron.plugins.ml2.drivers.ovn.mech_driver.ovsdb.ovsdb_monitor [None req-078d217a-4309-426a-827e-c8166f0b3e0d None None] Touching Hash Ring node "5a22a1914c865c68aa1d64009a3d6283" from IDL notify handler {{(pid=107457) notify /opt/stack/neutron/neutron/plugins/ml2/drivers/ovn/mech_driver/ovsdb/ovsdb_monitor.py:1007}}
Jun 17 04:38:40.182452 np0000181109 devstack@neutron-api.service[107457]: DEBUG neutron.plugins.ml2.drivers.ovn.mech_driver.ovsdb.ovsdb_monitor [None req-078d217a-4309-426a-827e-c8166f0b3e0d None None] Hash Ring: Node 5a22a1914c865c68aa1d64009a3d6283 (host: np0000181109) handling event "update" for row 0bb78369-00e3-496b-a966-118d73bba7be (table: Port_Binding) {{(pid=107457) notify /opt/stack/neutron/neutron/plugins/ml2/drivers/ovn/mech_driver/ovsdb/ovsdb_monitor.py:1015}}
Jun 17 04:38:40.227623 np0000181109 devstack@neutron-api.service[107457]: DEBUG neutron.plugins.ml2.drivers.ovn.mech_driver.ovsdb.ovsdb_monitor [None req-078d217a-4309-426a-827e-c8166f0b3e0d None None] Touching Hash Ring node "5a22a1914c865c68aa1d64009a3d6283" from IDL notify handler {{(pid=107457) notify /opt/stack/neutron/neutron/plugins/ml2/drivers/ovn/mech_driver/ovsdb/ovsdb_monitor.py:1007}}
Jun 17 04:38:40.230456 np0000181109 devstack@neutron-api.service[107456]: DEBUG neutron.plugins.ml2.drivers.ovn.mech_driver.ovsdb.ovsdb_monitor [None req-12d4e71a-00b0-4fb0-a61c-dcced7c41834 None None] Touching Hash Ring node "3dc58d9534ae5370a7f6b0d2a856a03f" from IDL notify handler {{(pid=107456) notify /opt/stack/neutron/neutron/plugins/ml2/drivers/ovn/mech_driver/ovsdb/ovsdb_monitor.py:1007}}
Jun 17 04:38:40.235896 np0000181109 devstack@neutron-api.service[107457]: DEBUG neutron.plugins.ml2.drivers.ovn.mech_driver.ovsdb.ovsdb_monitor [None req-078d217a-4309-426a-827e-c8166f0b3e0d None None] Hash Ring: Node 5a22a1914c865c68aa1d64009a3d6283 (host: np0000181109) handling event "update" for row 0bb78369-00e3-496b-a966-118d73bba7be (table: Port_Binding) {{(pid=107457) notify /opt/stack/neutron/neutron/plugins/ml2/drivers/ovn/mech_driver/ovsdb/ovsdb_monitor.py:1015}}
Jun 17 04:38:40.236231 np0000181109 devstack@neutron-api.service[107456]: DEBUG neutron.plugins.ml2.drivers.ovn.mech_driver.ovsdb.ovsdb_monitor [None req-12d4e71a-00b0-4fb0-a61c-dcced7c41834 None None] Hash Ring: Node 3dc58d9534ae5370a7f6b0d2a856a03f (host: np0000181109) handling event "update" for row 787b50b6-0d92-4cb6-80c6-1a043f1c0dc2 (table: Logical_Switch_Port) {{(pid=107456) notify /opt/stack/neutron/neutron/plugins/ml2/drivers/ovn/mech_driver/ovsdb/ovsdb_monitor.py:1015}}
Jun 17 04:38:40.238065 np0000181109 devstack@neutron-api.service[107456]: DEBUG ovsdbapp.backend.ovs_idl.event [None req-12d4e71a-00b0-4fb0-a61c-dcced7c41834 None None] Matched UPDATE: LogicalSwitchPortUpdateUpEvent(events=('update',), table='Logical_Switch_Port', conditions=None, old_conditions=None), priority=20 to row=Logical_Switch_Port(uuid=787b50b6-0d92-4cb6-80c6-1a043f1c0dc2, addresses=['fa:16:3e:d3:92:26 10.2.5.167', 'unknown'], dhcpv4_options=65a22c65-f5f5-4d79-984e-dd4312f3b25a, dhcpv6_options=[], dynamic_addresses=[], enabled=True, external_ids={'neutron:cidrs': '10.2.5.167/24', 'neutron:device_id': 'manila-admin-share', 'neutron:device_owner': 'manila:share', 'neutron:mtu': '', 'neutron:network_name': 'neutron-fd40231f-2602-470b-a1d8-86c53de9f0c6', 'neutron:port_capabilities': '', 'neutron:port_name': '', 'neutron:project_id': 'ca56d231f6c842eb963ed862c14c7077', 'neutron:revision_number': '3', 'neutron:security_group_ids': '', 'neutron:subnet_pool_addr_scope4': '', 'neutron:subnet_pool_addr_scope6': '', 'neutron:vnic_type': 'normal'}, ha_chassis_group=[], mirror_rules=[], name='50a4251a-c54b-4a5b-b064-1ae5baad076d', options={'requested-chassis': 'np0000181109'}, parent_name=[], port_security=[], tag=[], tag_request=[], type='', up=True) old=Logical_Switch_Port(uuid=787b50b6-0d92-4cb6-80c6-1a043f1c0dc2, up=False) {{(pid=107456) matches /opt/stack/data/venv/lib/python3.12/site-packages/ovsdbapp/backend/ovs_idl/event.py:55}}
Jun 17 04:38:40.242067 np0000181109 devstack@neutron-api.service[107456]: INFO neutron.plugins.ml2.drivers.ovn.mech_driver.mech_driver [None req-fb46f3e4-2376-48f5-8956-38d770055cd7 None None] OVN reports status up for port: 50a4251a-c54b-4a5b-b064-1ae5baad076d
Jun 17 04:38:40.250329 np0000181109 devstack@neutron-api.service[107456]: DEBUG neutron.db.provisioning_blocks [None req-fb46f3e4-2376-48f5-8956-38d770055cd7 None None] Provisioning for port 50a4251a-c54b-4a5b-b064-1ae5baad076d completed by entity L2. {{(pid=107456) provisioning_complete /opt/stack/neutron/neutron/db/provisioning_blocks.py:133}}
Jun 17 04:38:40.256950 np0000181109 devstack@neutron-api.service[107456]: DEBUG neutron.db.provisioning_blocks [None req-fb46f3e4-2376-48f5-8956-38d770055cd7 None None] Provisioning complete for port 50a4251a-c54b-4a5b-b064-1ae5baad076d triggered by entity L2. {{(pid=107456) provisioning_complete /opt/stack/neutron/neutron/db/provisioning_blocks.py:141}}
Jun 17 04:38:40.257091 np0000181109 devstack@neutron-api.service[107456]: DEBUG neutron_lib.callbacks.manager [None req-fb46f3e4-2376-48f5-8956-38d770055cd7 None None] Publish callbacks ['neutron.plugins.ml2.plugin.Ml2Plugin._port_provisioned-96728'] for port (50a4251a-c54b-4a5b-b064-1ae5baad076d), provisioning_complete {{(pid=107456) _notify_loop /opt/stack/data/venv/lib/python3.12/site-packages/neutron_lib/callbacks/manager.py:184}}
Jun 17 04:38:40.257273 np0000181109 devstack@neutron-api.service[107456]: INFO neutron.plugins.ml2.plugin [None req-fb46f3e4-2376-48f5-8956-38d770055cd7 None None] Attempt 1 to provision port 50a4251a-c54b-4a5b-b064-1ae5baad076d
Jun 17 04:38:40.315940 np0000181109 devstack@neutron-api.service[107456]: DEBUG neutron.plugins.ml2.plugin [None req-fb46f3e4-2376-48f5-8956-38d770055cd7 None None] Current status of the port 50a4251a-c54b-4a5b-b064-1ae5baad076d is: DOWN; New status is: ACTIVE {{(pid=107456) _update_individual_port_db_status /opt/stack/neutron/neutron/plugins/ml2/plugin.py:2470}}
Jun 17 04:38:40.316143 np0000181109 devstack@neutron-api.service[107456]: DEBUG neutron_lib.callbacks.manager [None req-fb46f3e4-2376-48f5-8956-38d770055cd7 None None] Publish callbacks ['neutron.plugins.ml2.plugin.SecurityGroupDbMixin._ensure_default_security_group_handler-313816', 'neutron.services.ovn_l3.plugin.OVNL3RouterPlugin._port_update-8733915972902', 'neutron.db.l3_db.L3_NAT_dbonly_mixin._prevent_internal_ip_change_for_fip-8733916901036'] for port (50a4251a-c54b-4a5b-b064-1ae5baad076d), before_update {{(pid=107456) _notify_loop /opt/stack/data/venv/lib/python3.12/site-packages/neutron_lib/callbacks/manager.py:184}}
Jun 17 04:38:40.344576 np0000181109 devstack@neutron-api.service[107456]: DEBUG neutron.plugins.ml2.db [None req-fb46f3e4-2376-48f5-8956-38d770055cd7 None None] For port 50a4251a-c54b-4a5b-b064-1ae5baad076d, host np0000181109, got binding levels [PortBindingLevel(driver='ovn',host='np0000181109',level=0,port_id=50a4251a-c54b-4a5b-b064-1ae5baad076d,segment=NetworkSegment(97cd842f-b962-45e6-9bfc-6c2ef41b99fa),segment_id=97cd842f-b962-45e6-9bfc-6c2ef41b99fa)] {{(pid=107456) get_binding_level_objs /opt/stack/neutron/neutron/plugins/ml2/db.py:74}}
Jun 17 04:38:40.344907 np0000181109 devstack@neutron-api.service[107456]: DEBUG neutron.plugins.ml2.drivers.ovn.mech_driver.mech_driver [None req-fb46f3e4-2376-48f5-8956-38d770055cd7 None None] No provisioning block for port 50a4251a-c54b-4a5b-b064-1ae5baad076d since it is active {{(pid=107456) _is_port_provisioning_required /opt/stack/neutron/neutron/plugins/ml2/drivers/ovn/mech_driver/mech_driver.py:891}}
Jun 17 04:38:40.404580 np0000181109 devstack@neutron-api.service[107456]: DEBUG neutron.plugins.ml2.drivers.ovn.mech_driver.ovsdb.commands [None req-fb46f3e4-2376-48f5-8956-38d770055cd7 None None] Converting tag [] to a tag_request {{(pid=107456) _tag_column_to_tag_request /opt/stack/neutron/neutron/plugins/ml2/drivers/ovn/mech_driver/ovsdb/commands.py:205}}
Jun 17 04:38:40.405887 np0000181109 devstack@neutron-api.service[107456]: DEBUG ovsdbapp.backend.ovs_idl.transaction [None req-12d4e71a-00b0-4fb0-a61c-dcced7c41834 None None] Running txn n=1 command(idx=0): CheckRevisionNumberCommand(_result=None, name=50a4251a-c54b-4a5b-b064-1ae5baad076d, resource={'id': '50a4251a-c54b-4a5b-b064-1ae5baad076d', 'name': '', 'network_id': 'fd40231f-2602-470b-a1d8-86c53de9f0c6', 'project_id': 'ca56d231f6c842eb963ed862c14c7077', 'mac_address': 'fa:16:3e:d3:92:26', 'admin_state_up': True, 'status': 'ACTIVE', 'device_id': 'manila-admin-share', 'device_owner': 'manila:share', 'standard_attr_id': 46, 'fixed_ips': [{'subnet_id': '3ea35ab5-55ff-491a-942b-e4591d7a814a', 'ip_address': '10.2.5.167'}], 'allowed_address_pairs': [], 'extra_dhcp_opts': [], 'security_groups': [], 'description': '', 'binding:vnic_type': 'normal', 'binding:profile': {}, 'binding:host_id': 'np0000181109', 'binding:vif_type': 'ovs', 'binding:vif_details': {'port_filter': True, 'connectivity': 'l2', 'ovs_create_tap': False, 'bridge_name': 'br-int', 'datapath_type': 'system', 'bound_drivers': {'0': 'ovn'}}, 'port_security_enabled': False, 'tags': [], 'created_at': '2026-06-17T04:38:39Z', 'updated_at': '2026-06-17T04:38:40Z', 'revision_number': 4, 'tenant_id': 'ca56d231f6c842eb963ed862c14c7077', 'network': {'id': 'fd40231f-2602-470b-a1d8-86c53de9f0c6', 'name': 'admin_net', 'tenant_id': 'ca56d231f6c842eb963ed862c14c7077', 'project_id': 'ca56d231f6c842eb963ed862c14c7077', 'admin_state_up': True, 'mtu': 1372, 'status': 'ACTIVE', 'subnets': ['3ea35ab5-55ff-491a-942b-e4591d7a814a'], 'standard_attr_id': 42, 'shared': False, 'availability_zone_hints': [], 'availability_zones': [], 'ipv4_address_scope': None, 'ipv6_address_scope': None, 'router:external': False, 'qinq': False, 'vlan_transparent': False, 'description': '', 'port_security_enabled': True, 'tags': [], 'created_at': '2026-06-17T04:38:32Z', 'updated_at': '2026-06-17T04:38:33Z', 'revision_number': 2, 'provider:network_type': 'geneve', 'provider:physical_network': None, 'provider:segmentation_id': 19293}}, resource_type=ports, if_exists=True) {{(pid=107456) do_commit /opt/stack/data/venv/lib/python3.12/site-packages/ovsdbapp/backend/ovs_idl/transaction.py:89}}
Jun 17 04:38:40.406407 np0000181109 devstack@neutron-api.service[107456]: DEBUG ovsdbapp.backend.ovs_idl.transaction [None req-12d4e71a-00b0-4fb0-a61c-dcced7c41834 None None] Running txn n=1 command(idx=1): SetLSwitchPortCommand(_result=None, lport=50a4251a-c54b-4a5b-b064-1ae5baad076d, external_ids_update=None, columns={'external_ids': {'neutron:port_name': '', 'neutron:device_id': 'manila-admin-share', 'neutron:project_id': 'ca56d231f6c842eb963ed862c14c7077', 'neutron:cidrs': '10.2.5.167/24', 'neutron:device_owner': 'manila:share', 'neutron:subnet_pool_addr_scope4': '', 'neutron:subnet_pool_addr_scope6': '', 'neutron:network_name': 'neutron-fd40231f-2602-470b-a1d8-86c53de9f0c6', 'neutron:security_group_ids': '', 'neutron:revision_number': '4', 'neutron:vnic_type': 'normal', 'neutron:port_capabilities': '', 'neutron:mtu': ''}, 'parent_name': [], 'options': {'requested-chassis': 'np0000181109'}, 'enabled': True, 'port_security': [], 'dhcpv4_options': [UUID('65a22c65-f5f5-4d79-984e-dd4312f3b25a')], 'dhcpv6_options': [], 'type': '', 'addresses': ['fa:16:3e:d3:92:26 10.2.5.167', 'unknown'], 'ha_chassis_group': [], 'tag_request': []}, if_exists=False) {{(pid=107456) do_commit /opt/stack/data/venv/lib/python3.12/site-packages/ovsdbapp/backend/ovs_idl/transaction.py:89}}
Jun 17 04:38:40.407525 np0000181109 devstack@neutron-api.service[107456]: DEBUG ovsdbapp.backend.ovs_idl.transaction [None req-12d4e71a-00b0-4fb0-a61c-dcced7c41834 None None] Running txn n=1 command(idx=2): PgDelPortCommand(_result=None, port_group=neutron_pg_drop, lsp=['50a4251a-c54b-4a5b-b064-1ae5baad076d'], if_exists=False) {{(pid=107456) do_commit /opt/stack/data/venv/lib/python3.12/site-packages/ovsdbapp/backend/ovs_idl/transaction.py:89}}
Jun 17 04:38:40.410734 np0000181109 devstack@neutron-api.service[107456]: DEBUG neutron.plugins.ml2.drivers.ovn.mech_driver.ovsdb.ovsdb_monitor [None req-12d4e71a-00b0-4fb0-a61c-dcced7c41834 None None] Touching Hash Ring node "3dc58d9534ae5370a7f6b0d2a856a03f" from IDL notify handler {{(pid=107456) notify /opt/stack/neutron/neutron/plugins/ml2/drivers/ovn/mech_driver/ovsdb/ovsdb_monitor.py:1007}}
Jun 17 04:38:40.415128 np0000181109 devstack@neutron-api.service[107456]: DEBUG neutron.plugins.ml2.drivers.ovn.mech_driver.ovsdb.ovsdb_monitor [None req-12d4e71a-00b0-4fb0-a61c-dcced7c41834 None None] Hash Ring: Node 3dc58d9534ae5370a7f6b0d2a856a03f (host: np0000181109) handling event "update" for row 787b50b6-0d92-4cb6-80c6-1a043f1c0dc2 (table: Logical_Switch_Port) {{(pid=107456) notify /opt/stack/neutron/neutron/plugins/ml2/drivers/ovn/mech_driver/ovsdb/ovsdb_monitor.py:1015}}
Jun 17 04:38:40.416496 np0000181109 devstack@neutron-api.service[107457]: DEBUG neutron.plugins.ml2.drivers.ovn.mech_driver.ovsdb.ovsdb_monitor [None req-078d217a-4309-426a-827e-c8166f0b3e0d None None] Touching Hash Ring node "5a22a1914c865c68aa1d64009a3d6283" from IDL notify handler {{(pid=107457) notify /opt/stack/neutron/neutron/plugins/ml2/drivers/ovn/mech_driver/ovsdb/ovsdb_monitor.py:1007}}
Jun 17 04:38:40.421059 np0000181109 devstack@neutron-api.service[107457]: DEBUG neutron.plugins.ml2.drivers.ovn.mech_driver.ovsdb.ovsdb_monitor [None req-078d217a-4309-426a-827e-c8166f0b3e0d None None] Hash Ring: Node 5a22a1914c865c68aa1d64009a3d6283 (host: np0000181109) handling event "update" for row 0bb78369-00e3-496b-a966-118d73bba7be (table: Port_Binding) {{(pid=107457) notify /opt/stack/neutron/neutron/plugins/ml2/drivers/ovn/mech_driver/ovsdb/ovsdb_monitor.py:1015}}
Jun 17 04:38:40.443782 np0000181109 devstack@neutron-api.service[107456]: INFO neutron.db.ovn_revision_numbers_db [None req-fb46f3e4-2376-48f5-8956-38d770055cd7 None None] Successfully bumped revision number for resource 50a4251a-c54b-4a5b-b064-1ae5baad076d (type: ports) to 4
Jun 17 04:38:40.448478 np0000181109 devstack@neutron-api.service[107456]: DEBUG neutron_lib.callbacks.manager [None req-fb46f3e4-2376-48f5-8956-38d770055cd7 None None] Publish callbacks ['neutron.plugins.ml2.ovo_rpc._ObjectChangeHandler.handle_event-65898412', 'neutron.services.ovn_l3.plugin.OVNL3RouterPlugin._port_update-8733915972902'] for port (50a4251a-c54b-4a5b-b064-1ae5baad076d), after_update {{(pid=107456) _notify_loop /opt/stack/data/venv/lib/python3.12/site-packages/neutron_lib/callbacks/manager.py:184}}
Jun 17 04:38:40.474953 np0000181109 devstack@neutron-api.service[107456]: DEBUG neutron.api.rpc.handlers.resources_rpc [None req-9239bbeb-dab3-41a1-88b1-c2da23a540c8 None None] Pushing event updated for resources: {'Port': ['ID=50a4251a-c54b-4a5b-b064-1ae5baad076d,revision_number=4']} {{(pid=107456) push /opt/stack/neutron/neutron/api/rpc/handlers/resources_rpc.py:237}}
Jun 17 04:38:40.494229 np0000181109 devstack@neutron-api.service[107456]: DEBUG ovsdbapp.backend.ovs_idl.transaction [None req-12d4e71a-00b0-4fb0-a61c-dcced7c41834 None None] Running txn n=1 command(idx=0): DbSetCommand(_result=None, table=Logical_Switch_Port, record=50a4251a-c54b-4a5b-b064-1ae5baad076d, col_values=(('external_ids', {'neutron:host_id': 'np0000181109'}),), if_exists=True) {{(pid=107456) do_commit /opt/stack/data/venv/lib/python3.12/site-packages/ovsdbapp/backend/ovs_idl/transaction.py:89}}
Jun 17 04:38:40.501061 np0000181109 devstack@neutron-api.service[107456]: DEBUG neutron.plugins.ml2.drivers.ovn.mech_driver.ovsdb.ovsdb_monitor [None req-12d4e71a-00b0-4fb0-a61c-dcced7c41834 None None] Touching Hash Ring node "3dc58d9534ae5370a7f6b0d2a856a03f" from IDL notify handler {{(pid=107456) notify /opt/stack/neutron/neutron/plugins/ml2/drivers/ovn/mech_driver/ovsdb/ovsdb_monitor.py:1007}}
Jun 17 04:38:40.509367 np0000181109 devstack@neutron-api.service[107457]: DEBUG neutron.plugins.ml2.drivers.ovn.mech_driver.ovsdb.ovsdb_monitor [None req-078d217a-4309-426a-827e-c8166f0b3e0d None None] Touching Hash Ring node "5a22a1914c865c68aa1d64009a3d6283" from IDL notify handler {{(pid=107457) notify /opt/stack/neutron/neutron/plugins/ml2/drivers/ovn/mech_driver/ovsdb/ovsdb_monitor.py:1007}}
Jun 17 04:38:40.516261 np0000181109 devstack@neutron-api.service[107456]: DEBUG neutron.plugins.ml2.drivers.ovn.mech_driver.ovsdb.ovsdb_monitor [None req-12d4e71a-00b0-4fb0-a61c-dcced7c41834 None None] Hash Ring: Node 3dc58d9534ae5370a7f6b0d2a856a03f (host: np0000181109) handling event "update" for row 787b50b6-0d92-4cb6-80c6-1a043f1c0dc2 (table: Logical_Switch_Port) {{(pid=107456) notify /opt/stack/neutron/neutron/plugins/ml2/drivers/ovn/mech_driver/ovsdb/ovsdb_monitor.py:1015}}
Jun 17 04:38:40.516683 np0000181109 devstack@neutron-api.service[107457]: DEBUG neutron.plugins.ml2.drivers.ovn.mech_driver.ovsdb.ovsdb_monitor [None req-078d217a-4309-426a-827e-c8166f0b3e0d None None] Hash Ring: Node 5a22a1914c865c68aa1d64009a3d6283 (host: np0000181109) handling event "update" for row 0bb78369-00e3-496b-a966-118d73bba7be (table: Port_Binding) {{(pid=107457) notify /opt/stack/neutron/neutron/plugins/ml2/drivers/ovn/mech_driver/ovsdb/ovsdb_monitor.py:1015}}
Jun 17 04:38:41.046130 np0000181109 devstack@neutron-api.service[107457]: DEBUG neutron.pecan_wsgi.hooks.policy_enforcement [None req-f7906f81-adf1-4f84-9e6a-4d09dc22168f service neutron] Attributes excluded by policy engine: ['standard_attr_id', 'shared'] {{(pid=107457) _exclude_attributes_by_policy /opt/stack/neutron/neutron/pecan_wsgi/hooks/policy_enforcement.py:259}}
Jun 17 04:38:41.047925 np0000181109 devstack@neutron-api.service[107457]: [pid: 107457|app: 0|req: 26/105] 199.204.45.235 () {64 vars in 1367 bytes} [Wed Jun 17 04:38:41 2026] GET /networking/v2.0/subnets/3ea35ab5-55ff-491a-942b-e4591d7a814a => generated 625 bytes in 30 msecs (HTTP/1.1 200) 4 headers in 157 bytes (1 switches on core 0)
Jun 17 04:38:42.020538 np0000181109 devstack@neutron-api.service[107458]: DEBUG neutron.pecan_wsgi.hooks.policy_enforcement [None req-fc071625-746c-4893-8589-adb52a456abc service neutron] Attributes excluded by policy engine: ['standard_attr_id'] {{(pid=107458) _exclude_attributes_by_policy /opt/stack/neutron/neutron/pecan_wsgi/hooks/policy_enforcement.py:259}}
Jun 17 04:38:42.021596 np0000181109 devstack@neutron-api.service[107458]: [pid: 107458|app: 0|req: 28/106] 199.204.45.235 () {64 vars in 1369 bytes} [Wed Jun 17 04:38:41 2026] GET /networking/v2.0/ports?device_id=manila-admin-share&binding%3Ahost_id=np0000181109 => generated 932 bytes in 36 msecs (HTTP/1.1 200) 4 headers in 157 bytes (1 switches on core 0)
Jun 17 04:38:42.474673 np0000181109 devstack@neutron-api.service[107456]: DEBUG neutron.pecan_wsgi.hooks.policy_enforcement [None req-1f1ba4ef-7798-418d-a444-9d6c318b232a service neutron] Attributes excluded by policy engine: ['standard_attr_id', 'shared'] {{(pid=107456) _exclude_attributes_by_policy /opt/stack/neutron/neutron/pecan_wsgi/hooks/policy_enforcement.py:259}}
Jun 17 04:38:42.474673 np0000181109 devstack@neutron-api.service[107456]: [pid: 107456|app: 0|req: 27/107] 199.204.45.235 () {64 vars in 1367 bytes} [Wed Jun 17 04:38:42 2026] GET /networking/v2.0/subnets/3ea35ab5-55ff-491a-942b-e4591d7a814a => generated 625 bytes in 20 msecs (HTTP/1.1 200) 4 headers in 157 bytes (1 switches on core 0)
Jun 17 04:38:47.495105 np0000181109 devstack@neutron-api.service[107458]: DEBUG futurist.periodics [-] Submitting periodic callback 'neutron.plugins.ml2.drivers.ovn.mech_driver.ovsdb.maintenance.HashRingHealthCheckPeriodics.touch_hash_ring_node' {{(pid=107458) _process_scheduled /opt/stack/data/venv/lib/python3.12/site-packages/futurist/periodics.py:784}}
Jun 17 04:38:47.496246 np0000181109 devstack@neutron-api.service[107458]: DEBUG neutron.plugins.ml2.drivers.ovn.mech_driver.ovsdb.maintenance [-] Touching Hash Ring node "79d7a3f6bd755bc78e2ff731756b07c7" from periodic health check thread {{(pid=107458) touch_hash_ring_node /opt/stack/neutron/neutron/plugins/ml2/drivers/ovn/mech_driver/ovsdb/maintenance.py:1419}}
Jun 17 04:38:48.372486 np0000181109 devstack@neutron-api.service[107456]: DEBUG futurist.periodics [-] Submitting periodic callback 'neutron.plugins.ml2.drivers.ovn.mech_driver.ovsdb.maintenance.HashRingHealthCheckPeriodics.touch_hash_ring_node' {{(pid=107456) _process_scheduled /opt/stack/data/venv/lib/python3.12/site-packages/futurist/periodics.py:784}}
Jun 17 04:38:48.373022 np0000181109 devstack@neutron-api.service[107456]: DEBUG neutron.plugins.ml2.drivers.ovn.mech_driver.ovsdb.maintenance [-] Touching Hash Ring node "3dc58d9534ae5370a7f6b0d2a856a03f" from periodic health check thread {{(pid=107456) touch_hash_ring_node /opt/stack/neutron/neutron/plugins/ml2/drivers/ovn/mech_driver/ovsdb/maintenance.py:1419}}
Jun 17 04:38:48.484953 np0000181109 devstack@neutron-api.service[107459]: DEBUG futurist.periodics [-] Submitting periodic callback 'neutron.plugins.ml2.drivers.ovn.mech_driver.ovsdb.maintenance.HashRingHealthCheckPeriodics.touch_hash_ring_node' {{(pid=107459) _process_scheduled /opt/stack/data/venv/lib/python3.12/site-packages/futurist/periodics.py:784}}
Jun 17 04:38:48.485633 np0000181109 devstack@neutron-api.service[107459]: DEBUG neutron.plugins.ml2.drivers.ovn.mech_driver.ovsdb.maintenance [-] Touching Hash Ring node "5566a23bb2745ba594705032832dab36" from periodic health check thread {{(pid=107459) touch_hash_ring_node /opt/stack/neutron/neutron/plugins/ml2/drivers/ovn/mech_driver/ovsdb/maintenance.py:1419}}
Jun 17 04:38:48.538602 np0000181109 devstack@neutron-api.service[107457]: DEBUG futurist.periodics [-] Submitting periodic callback 'neutron.plugins.ml2.drivers.ovn.mech_driver.ovsdb.maintenance.HashRingHealthCheckPeriodics.touch_hash_ring_node' {{(pid=107457) _process_scheduled /opt/stack/data/venv/lib/python3.12/site-packages/futurist/periodics.py:784}}
Jun 17 04:38:48.539236 np0000181109 devstack@neutron-api.service[107457]: DEBUG neutron.plugins.ml2.drivers.ovn.mech_driver.ovsdb.maintenance [-] Touching Hash Ring node "5a22a1914c865c68aa1d64009a3d6283" from periodic health check thread {{(pid=107457) touch_hash_ring_node /opt/stack/neutron/neutron/plugins/ml2/drivers/ovn/mech_driver/ovsdb/maintenance.py:1419}}
Jun 17 04:38:56.298065 np0000181109 devstack@neutron-api.service[107459]: [pid: 107459|app: 0|req: 27/108] 199.204.45.235 () {62 vars in 1059 bytes} [Wed Jun 17 04:38:56 2026] GET /networking => generated 130 bytes in 3 msecs (HTTP/1.1 200) 3 headers in 91 bytes (1 switches on core 0)
Jun 17 04:38:56.398779 np0000181109 devstack@neutron-api.service[107457]: DEBUG neutron.pecan_wsgi.hooks.policy_enforcement [None req-bcbeb61b-8ee0-4d87-9b06-a6a9fcfa7424 demo demo] Attributes excluded by policy engine: ['standard_attr_id', 'provider:network_type', 'provider:physical_network', 'provider:segmentation_id'] {{(pid=107457) _exclude_attributes_by_policy /opt/stack/neutron/neutron/pecan_wsgi/hooks/policy_enforcement.py:259}}
Jun 17 04:38:56.401591 np0000181109 devstack@neutron-api.service[107457]: [pid: 107457|app: 0|req: 27/109] 199.204.45.235 () {64 vars in 1348 bytes} [Wed Jun 17 04:38:56 2026] GET /networking/v2.0/networks?router%3Aexternal=True => generated 659 bytes in 64 msecs (HTTP/1.1 200) 4 headers in 157 bytes (1 switches on core 0)
Jun 17 04:38:57.513899 np0000181109 devstack@neutron-api.service[107458]: DEBUG dbcounter [-] [107458] Writing DB stats neutron:SELECT=50,neutron:UPDATE=7,neutron:INSERT=1 {{(pid=107458) stat_writer /opt/stack/data/venv/lib/python3.12/site-packages/dbcounter.py:115}}
Jun 17 04:38:58.384868 np0000181109 devstack@neutron-api.service[107456]: DEBUG dbcounter [-] [107456] Writing DB stats neutron:SELECT=383,neutron:INSERT=11,neutron:UPDATE=16,neutron:DELETE=3 {{(pid=107456) stat_writer /opt/stack/data/venv/lib/python3.12/site-packages/dbcounter.py:115}}
Jun 17 04:38:58.500647 np0000181109 devstack@neutron-api.service[107459]: DEBUG dbcounter [-] [107459] Writing DB stats neutron:SELECT=185,neutron:UPDATE=13,neutron:INSERT=11,neutron:DELETE=2 {{(pid=107459) stat_writer /opt/stack/data/venv/lib/python3.12/site-packages/dbcounter.py:115}}
Jun 17 04:39:01.921832 np0000181109 devstack@neutron-api.service[107458]: [pid: 107458|app: 0|req: 29/110] 199.204.45.235 () {62 vars in 1059 bytes} [Wed Jun 17 04:39:01 2026] GET /networking => generated 130 bytes in 1 msecs (HTTP/1.1 200) 3 headers in 91 bytes (1 switches on core 0)
Jun 17 04:39:02.017335 np0000181109 devstack@neutron-api.service[107456]: DEBUG neutron.pecan_wsgi.hooks.policy_enforcement [None req-2a6efe54-6d34-407b-b14f-26d8264a45da demo demo] Attributes excluded by policy engine: ['standard_attr_id', 'provider:network_type', 'provider:physical_network', 'provider:segmentation_id'] {{(pid=107456) _exclude_attributes_by_policy /opt/stack/neutron/neutron/pecan_wsgi/hooks/policy_enforcement.py:259}}
Jun 17 04:39:02.019086 np0000181109 devstack@neutron-api.service[107456]: [pid: 107456|app: 0|req: 28/111] 199.204.45.235 () {64 vars in 1348 bytes} [Wed Jun 17 04:39:01 2026] GET /networking/v2.0/networks?router%3Aexternal=True => generated 659 bytes in 65 msecs (HTTP/1.1 200) 4 headers in 157 bytes (1 switches on core 0)
Jun 17 04:39:02.495849 np0000181109 devstack@neutron-api.service[107458]: DEBUG futurist.periodics [-] Submitting periodic callback 'neutron.plugins.ml2.drivers.ovn.mech_driver.ovsdb.maintenance.HashRingHealthCheckPeriodics.touch_hash_ring_node' {{(pid=107458) _process_scheduled /opt/stack/data/venv/lib/python3.12/site-packages/futurist/periodics.py:784}}
Jun 17 04:39:02.496433 np0000181109 devstack@neutron-api.service[107458]: DEBUG neutron.plugins.ml2.drivers.ovn.mech_driver.ovsdb.maintenance [-] Touching Hash Ring node "79d7a3f6bd755bc78e2ff731756b07c7" from periodic health check thread {{(pid=107458) touch_hash_ring_node /opt/stack/neutron/neutron/plugins/ml2/drivers/ovn/mech_driver/ovsdb/maintenance.py:1419}}
Jun 17 04:39:03.373242 np0000181109 devstack@neutron-api.service[107456]: DEBUG futurist.periodics [-] Submitting periodic callback 'neutron.plugins.ml2.drivers.ovn.mech_driver.ovsdb.maintenance.HashRingHealthCheckPeriodics.touch_hash_ring_node' {{(pid=107456) _process_scheduled /opt/stack/data/venv/lib/python3.12/site-packages/futurist/periodics.py:784}}
Jun 17 04:39:03.373863 np0000181109 devstack@neutron-api.service[107456]: DEBUG neutron.plugins.ml2.drivers.ovn.mech_driver.ovsdb.maintenance [-] Touching Hash Ring node "3dc58d9534ae5370a7f6b0d2a856a03f" from periodic health check thread {{(pid=107456) touch_hash_ring_node /opt/stack/neutron/neutron/plugins/ml2/drivers/ovn/mech_driver/ovsdb/maintenance.py:1419}}
Jun 17 04:39:03.486581 np0000181109 devstack@neutron-api.service[107459]: DEBUG futurist.periodics [-] Submitting periodic callback 'neutron.plugins.ml2.drivers.ovn.mech_driver.ovsdb.maintenance.HashRingHealthCheckPeriodics.touch_hash_ring_node' {{(pid=107459) _process_scheduled /opt/stack/data/venv/lib/python3.12/site-packages/futurist/periodics.py:784}}
Jun 17 04:39:03.487783 np0000181109 devstack@neutron-api.service[107459]: DEBUG neutron.plugins.ml2.drivers.ovn.mech_driver.ovsdb.maintenance [-] Touching Hash Ring node "5566a23bb2745ba594705032832dab36" from periodic health check thread {{(pid=107459) touch_hash_ring_node /opt/stack/neutron/neutron/plugins/ml2/drivers/ovn/mech_driver/ovsdb/maintenance.py:1419}}
Jun 17 04:39:03.539457 np0000181109 devstack@neutron-api.service[107457]: DEBUG futurist.periodics [-] Submitting periodic callback 'neutron.plugins.ml2.drivers.ovn.mech_driver.ovsdb.maintenance.HashRingHealthCheckPeriodics.touch_hash_ring_node' {{(pid=107457) _process_scheduled /opt/stack/data/venv/lib/python3.12/site-packages/futurist/periodics.py:784}}
Jun 17 04:39:03.540231 np0000181109 devstack@neutron-api.service[107457]: DEBUG neutron.plugins.ml2.drivers.ovn.mech_driver.ovsdb.maintenance [-] Touching Hash Ring node "5a22a1914c865c68aa1d64009a3d6283" from periodic health check thread {{(pid=107457) touch_hash_ring_node /opt/stack/neutron/neutron/plugins/ml2/drivers/ovn/mech_driver/ovsdb/maintenance.py:1419}}
Jun 17 04:39:10.701400 np0000181109 devstack@neutron-api.service[107459]: [pid: 107459|app: 0|req: 28/112] 199.204.45.235 () {62 vars in 1070 bytes} [Wed Jun 17 04:39:10 2026] GET /networking => generated 130 bytes in 3 msecs (HTTP/1.1 200) 3 headers in 91 bytes (1 switches on core 0)
Jun 17 04:39:10.794182 np0000181109 devstack@neutron-api.service[107457]: DEBUG neutron.pecan_wsgi.hooks.policy_enforcement [None req-91ee2536-61d4-4fca-83ab-a2bc278ed203 demo demo] Attributes excluded by policy engine: ['standard_attr_id', 'provider:network_type', 'provider:physical_network', 'provider:segmentation_id'] {{(pid=107457) _exclude_attributes_by_policy /opt/stack/neutron/neutron/pecan_wsgi/hooks/policy_enforcement.py:259}}
Jun 17 04:39:10.795692 np0000181109 devstack@neutron-api.service[107457]: [pid: 107457|app: 0|req: 28/113] 199.204.45.235 () {64 vars in 1383 bytes} [Wed Jun 17 04:39:10 2026] GET /networking/v2.0/networks?name=public&router%3Aexternal=True => generated 659 bytes in 59 msecs (HTTP/1.1 200) 4 headers in 157 bytes (1 switches on core 0)
Jun 17 04:39:12.237748 np0000181109 devstack@neutron-api.service[107458]: [pid: 107458|app: 0|req: 30/114] 199.204.45.235 () {64 vars in 1267 bytes} [Wed Jun 17 04:39:12 2026] GET /networking/ => generated 130 bytes in 29 msecs (HTTP/1.1 200) 3 headers in 91 bytes (1 switches on core 0)
Jun 17 04:39:12.484305 np0000181109 devstack@neutron-api.service[107456]: DEBUG neutron.pecan_wsgi.hooks.policy_enforcement [None req-3ab3cd60-4290-476b-952f-cd48311ca114 demo demo] Attributes excluded by policy engine: ['standard_attr_id', 'provider:network_type', 'provider:physical_network', 'provider:segmentation_id'] {{(pid=107456) _exclude_attributes_by_policy /opt/stack/neutron/neutron/pecan_wsgi/hooks/policy_enforcement.py:259}}
Jun 17 04:39:12.486470 np0000181109 devstack@neutron-api.service[107456]: [pid: 107456|app: 0|req: 29/115] 199.204.45.235 () {64 vars in 1416 bytes} [Wed Jun 17 04:39:12 2026] GET /networking/v2.0/networks/c825d380-51e1-433c-8428-7fb36e2c96d2 => generated 656 bytes in 224 msecs (HTTP/1.1 200) 4 headers in 157 bytes (1 switches on core 0)
Jun 17 04:39:12.508015 np0000181109 devstack@neutron-api.service[107458]: DEBUG dbcounter [-] [107458] Writing DB stats neutron:UPDATE=1,neutron:SELECT=1 {{(pid=107458) stat_writer /opt/stack/data/venv/lib/python3.12/site-packages/dbcounter.py:115}}
Jun 17 04:39:12.532327 np0000181109 devstack@neutron-api.service[107459]: [pid: 107459|app: 0|req: 29/116] 199.204.45.235 () {64 vars in 1410 bytes} [Wed Jun 17 04:39:12 2026] GET /networking/v2.0/networks?name=k8s-clusterapi-cluster-magnum-system-kube-b1c2w => generated 15 bytes in 40 msecs (HTTP/1.1 200) 4 headers in 156 bytes (1 switches on core 0)
Jun 17 04:39:12.544349 np0000181109 devstack@neutron-api.service[107457]: DEBUG neutron.api.v2.base [None req-a87d40f1-9b0b-4643-b930-c3e4fbb5465e demo demo] Request body: {'network': {'admin_state_up': True, 'name': 'k8s-clusterapi-cluster-magnum-system-kube-b1c2w'}} {{(pid=107457) prepare_request_body /opt/stack/neutron/neutron/api/v2/base.py:727}}
Jun 17 04:39:12.564087 np0000181109 devstack@neutron-api.service[107457]: DEBUG neutron.pecan_wsgi.hooks.quota_enforcement [None req-a87d40f1-9b0b-4643-b930-c3e4fbb5465e demo demo] Made reservation on behalf of 237839e090df4de997ae1599e479da19 for: {'network': 1} {{(pid=107457) before /opt/stack/neutron/neutron/pecan_wsgi/hooks/quota_enforcement.py:66}}
Jun 17 04:39:12.567625 np0000181109 devstack@neutron-api.service[107457]: DEBUG neutron_lib.callbacks.manager [None req-a87d40f1-9b0b-4643-b930-c3e4fbb5465e demo demo] Publish callbacks ['neutron.plugins.ml2.plugin.SecurityGroupDbMixin._ensure_default_security_group_handler-1121894'] for network (None), before_create {{(pid=107457) _notify_loop /opt/stack/data/venv/lib/python3.12/site-packages/neutron_lib/callbacks/manager.py:184}}
Jun 17 04:39:12.572930 np0000181109 devstack@neutron-api.service[107457]: DEBUG neutron_lib.callbacks.manager [None req-a87d40f1-9b0b-4643-b930-c3e4fbb5465e demo demo] Publish callbacks [] for security_group (None), before_create {{(pid=107457) _notify_loop /opt/stack/data/venv/lib/python3.12/site-packages/neutron_lib/callbacks/manager.py:184}}
Jun 17 04:39:12.628766 np0000181109 devstack@neutron-api.service[107457]: DEBUG neutron_lib.callbacks.manager [None req-a87d40f1-9b0b-4643-b930-c3e4fbb5465e demo demo] Publish callbacks ['neutron.plugins.ml2.drivers.ovn.mech_driver.mech_driver.OVNMechanismDriver._create_security_group_precommit-371310'] for security_group (32ca4cf5-e730-42bb-a2ea-91512cbb4bef), precommit_create {{(pid=107457) _notify_loop /opt/stack/data/venv/lib/python3.12/site-packages/neutron_lib/callbacks/manager.py:184}}
Jun 17 04:39:12.628895 np0000181109 devstack@neutron-api.service[107457]: DEBUG neutron.db.ovn_revision_numbers_db [None req-a87d40f1-9b0b-4643-b930-c3e4fbb5465e demo demo] create_initial_revision uuid=32ca4cf5-e730-42bb-a2ea-91512cbb4bef, type=security_groups, rev=-1 {{(pid=107457) create_initial_revision /opt/stack/neutron/neutron/db/ovn_revision_numbers_db.py:98}}
Jun 17 04:39:12.629942 np0000181109 devstack@neutron-api.service[107457]: DEBUG neutron.db.ovn_revision_numbers_db [None req-a87d40f1-9b0b-4643-b930-c3e4fbb5465e demo demo] create_initial_revision uuid=6ae23b15-7325-457a-9c89-d881389e7f97, type=security_group_rules, rev=-1 {{(pid=107457) create_initial_revision /opt/stack/neutron/neutron/db/ovn_revision_numbers_db.py:98}}
Jun 17 04:39:12.630784 np0000181109 devstack@neutron-api.service[107457]: DEBUG neutron.db.ovn_revision_numbers_db [None req-a87d40f1-9b0b-4643-b930-c3e4fbb5465e demo demo] create_initial_revision uuid=a06845df-f6b3-4f51-9e32-76acd36ad40a, type=security_group_rules, rev=-1 {{(pid=107457) create_initial_revision /opt/stack/neutron/neutron/db/ovn_revision_numbers_db.py:98}}
Jun 17 04:39:12.631627 np0000181109 devstack@neutron-api.service[107457]: DEBUG neutron.db.ovn_revision_numbers_db [None req-a87d40f1-9b0b-4643-b930-c3e4fbb5465e demo demo] create_initial_revision uuid=b968540e-c15c-495e-b350-ef28b02bf967, type=security_group_rules, rev=-1 {{(pid=107457) create_initial_revision /opt/stack/neutron/neutron/db/ovn_revision_numbers_db.py:98}}
Jun 17 04:39:12.632472 np0000181109 devstack@neutron-api.service[107457]: DEBUG neutron.db.ovn_revision_numbers_db [None req-a87d40f1-9b0b-4643-b930-c3e4fbb5465e demo demo] create_initial_revision uuid=b97c4530-0e6f-4276-b359-04e11e380cc6, type=security_group_rules, rev=-1 {{(pid=107457) create_initial_revision /opt/stack/neutron/neutron/db/ovn_revision_numbers_db.py:98}}
Jun 17 04:39:12.639954 np0000181109 devstack@neutron-api.service[107457]: DEBUG neutron_lib.callbacks.manager [None req-a87d40f1-9b0b-4643-b930-c3e4fbb5465e demo demo] Publish callbacks ['neutron.plugins.ml2.drivers.ovn.mech_driver.mech_driver.OVNMechanismDriver._create_security_group-371348', 'neutron.plugins.ml2.ovo_rpc._ObjectChangeHandler.handle_event-66017848'] for security_group (32ca4cf5-e730-42bb-a2ea-91512cbb4bef), after_create {{(pid=107457) _notify_loop /opt/stack/data/venv/lib/python3.12/site-packages/neutron_lib/callbacks/manager.py:184}}
Jun 17 04:39:12.640835 np0000181109 devstack@neutron-api.service[107457]: DEBUG ovsdbapp.backend.ovs_idl.transaction [None req-ee0a26bb-50b5-4208-b783-bc1f934eb8f7 None None] Running txn n=1 command(idx=0): PgAddCommand(_result=None, name=pg_32ca4cf5_e730_42bb_a2ea_91512cbb4bef, may_exist=False, columns={'acls': [], 'external_ids': {'neutron:security_group_id': '32ca4cf5-e730-42bb-a2ea-91512cbb4bef'}}) {{(pid=107457) do_commit /opt/stack/data/venv/lib/python3.12/site-packages/ovsdbapp/backend/ovs_idl/transaction.py:89}}
Jun 17 04:39:12.641219 np0000181109 devstack@neutron-api.service[107457]: DEBUG ovsdbapp.backend.ovs_idl.transaction [None req-ee0a26bb-50b5-4208-b783-bc1f934eb8f7 None None] Running txn n=1 command(idx=1): PgAclAddCommand(_result=None, entity=pg_32ca4cf5_e730_42bb_a2ea_91512cbb4bef, direction=to-lport, priority=1002, match=outport == @pg_32ca4cf5_e730_42bb_a2ea_91512cbb4bef && ip4 && ip4.src == $pg_32ca4cf5_e730_42bb_a2ea_91512cbb4bef_ip4, action=allow-related, log=False, may_exist=True, severity=[], name=[], meter=[], external_ids={'neutron:security_group_rule_id': '6ae23b15-7325-457a-9c89-d881389e7f97'}) {{(pid=107457) do_commit /opt/stack/data/venv/lib/python3.12/site-packages/ovsdbapp/backend/ovs_idl/transaction.py:89}}
