Jun 17 04:38:56.080640 np0000181109 devstack@n-api.service[104261]: INFO nova.api.openstack.requestlog [None req-6db04665-10b1-4b09-8f24-d68255285506 admin admin] 199.204.45.235 "GET /compute/v2.1/" status: 200 len: 393 microversion: 2.1 time: 0.005255
Jun 17 04:38:56.080907 np0000181109 devstack@n-api.service[104261]: [pid: 104261|app: 0|req: 16/62] 199.204.45.235 () {62 vars in 1066 bytes} [Wed Jun 17 04:38:56 2026] GET /compute/v2.1/ => generated 393 bytes in 6 msecs (HTTP/1.1 200) 9 headers in 357 bytes (1 switches on core 0)
Jun 17 04:38:56.122673 np0000181109 devstack@n-api.service[104258]: DEBUG nova.api.openstack.wsgi [None req-016fa9e8-715c-4a97-a7c4-49f6c0682b9e demo demo] Calling method '>' {{(pid=104258) _process_stack /opt/stack/nova/nova/api/openstack/wsgi.py:551}}
Jun 17 04:38:56.151873 np0000181109 devstack@n-api.service[104258]: INFO nova.api.openstack.requestlog [None req-016fa9e8-715c-4a97-a7c4-49f6c0682b9e demo demo] 199.204.45.235 "GET /compute/v2.1/flavors/detail?is_public=None" status: 200 len: 5262 microversion: 2.61 time: 0.032735
Jun 17 04:38:56.152217 np0000181109 devstack@n-api.service[104258]: [pid: 104258|app: 0|req: 16/63] 199.204.45.235 () {68 vars in 1424 bytes} [Wed Jun 17 04:38:56 2026] GET /compute/v2.1/flavors/detail?is_public=None => generated 5262 bytes in 34 msecs (HTTP/1.1 200) 9 headers in 360 bytes (1 switches on core 0)
Jun 17 04:38:56.208605 np0000181109 devstack@n-api.service[104259]: DEBUG nova.api.openstack.wsgi [None req-d8c92981-9236-4a05-8d5a-9c4eb513189f demo demo] Calling method '>' {{(pid=104259) _process_stack /opt/stack/nova/nova/api/openstack/wsgi.py:551}}
Jun 17 04:38:56.243292 np0000181109 devstack@n-api.service[104259]: INFO nova.api.openstack.requestlog [None req-d8c92981-9236-4a05-8d5a-9c4eb513189f demo demo] 199.204.45.235 "GET /compute/v2.1/flavors/detail?is_public=None" status: 200 len: 5262 microversion: 2.61 time: 0.038820
Jun 17 04:38:56.243684 np0000181109 devstack@n-api.service[104259]: [pid: 104259|app: 0|req: 17/64] 199.204.45.235 () {68 vars in 1424 bytes} [Wed Jun 17 04:38:56 2026] GET /compute/v2.1/flavors/detail?is_public=None => generated 5262 bytes in 40 msecs (HTTP/1.1 200) 9 headers in 360 bytes (1 switches on core 0)
Jun 17 04:38:56.548602 np0000181109 devstack@n-api.service[104260]: DEBUG nova.api.openstack.wsgi [None req-080d3903-5e0f-45ad-8b83-b432b324c994 admin admin] Calling method '>' {{(pid=104260) _process_stack /opt/stack/nova/nova/api/openstack/wsgi.py:551}}
Jun 17 04:38:56.554029 np0000181109 devstack@n-api.service[104260]: INFO nova.api.openstack.requestlog [None req-080d3903-5e0f-45ad-8b83-b432b324c994 admin admin] 199.204.45.235 "GET /compute/v2.1" status: 200 len: 393 microversion: 2.1 time: 0.005776
Jun 17 04:38:56.554393 np0000181109 devstack@n-api.service[104260]: [pid: 104260|app: 0|req: 16/65] 199.204.45.235 () {62 vars in 1063 bytes} [Wed Jun 17 04:38:56 2026] GET /compute/v2.1 => generated 393 bytes in 7 msecs (HTTP/1.1 200) 9 headers in 357 bytes (1 switches on core 0)
Jun 17 04:38:56.592526 np0000181109 devstack@n-api.service[104261]: DEBUG nova.api.openstack.wsgi [None req-6db04665-10b1-4b09-8f24-d68255285506 admin admin] Calling method '>' {{(pid=104261) _process_stack /opt/stack/nova/nova/api/openstack/wsgi.py:551}}
Jun 17 04:38:56.598430 np0000181109 devstack@n-api.service[104261]: INFO nova.api.openstack.requestlog [None req-6db04665-10b1-4b09-8f24-d68255285506 admin admin] 199.204.45.235 "GET /compute/v2.1/" status: 200 len: 393 microversion: 2.1 time: 0.006276
Jun 17 04:38:56.598871 np0000181109 devstack@n-api.service[104261]: [pid: 104261|app: 0|req: 17/66] 199.204.45.235 () {62 vars in 1066 bytes} [Wed Jun 17 04:38:56 2026] GET /compute/v2.1/ => generated 393 bytes in 7 msecs (HTTP/1.1 200) 9 headers in 357 bytes (1 switches on core 0)
Jun 17 04:38:56.644312 np0000181109 devstack@n-api.service[104258]: DEBUG nova.api.openstack.wsgi [None req-e5b58261-d09d-49ef-b4c7-df6ffd0219bf demo demo] Calling method '>' {{(pid=104258) _process_stack /opt/stack/nova/nova/api/openstack/wsgi.py:551}}
Jun 17 04:38:56.666578 np0000181109 devstack@n-api.service[104258]: INFO nova.api.openstack.requestlog [None req-e5b58261-d09d-49ef-b4c7-df6ffd0219bf demo demo] 199.204.45.235 "GET /compute/v2.1/flavors/detail?is_public=None" status: 200 len: 5262 microversion: 2.61 time: 0.025829
Jun 17 04:38:56.666779 np0000181109 devstack@n-api.service[104258]: [pid: 104258|app: 0|req: 17/67] 199.204.45.235 () {68 vars in 1424 bytes} [Wed Jun 17 04:38:56 2026] GET /compute/v2.1/flavors/detail?is_public=None => generated 5262 bytes in 26 msecs (HTTP/1.1 200) 9 headers in 360 bytes (1 switches on core 0)
Jun 17 04:38:56.721374 np0000181109 devstack@n-api.service[104259]: DEBUG nova.api.openstack.wsgi [None req-205120fe-08a4-4da0-b97d-319078a68857 demo demo] Calling method '>' {{(pid=104259) _process_stack /opt/stack/nova/nova/api/openstack/wsgi.py:551}}
Jun 17 04:38:56.745570 np0000181109 devstack@n-api.service[104259]: INFO nova.api.openstack.requestlog [None req-205120fe-08a4-4da0-b97d-319078a68857 demo demo] 199.204.45.235 "GET /compute/v2.1/flavors/detail?is_public=None" status: 200 len: 5262 microversion: 2.61 time: 0.028772
Jun 17 04:38:56.746120 np0000181109 devstack@n-api.service[104259]: [pid: 104259|app: 0|req: 18/68] 199.204.45.235 () {68 vars in 1424 bytes} [Wed Jun 17 04:38:56 2026] GET /compute/v2.1/flavors/detail?is_public=None => generated 5262 bytes in 30 msecs (HTTP/1.1 200) 9 headers in 360 bytes (1 switches on core 0)
Jun 17 04:39:01.286011 np0000181109 devstack@n-api.service[104260]: DEBUG nova.api.openstack.wsgi [None req-080d3903-5e0f-45ad-8b83-b432b324c994 admin admin] Calling method '>' {{(pid=104260) _process_stack /opt/stack/nova/nova/api/openstack/wsgi.py:551}}
Jun 17 04:39:01.290866 np0000181109 devstack@n-api.service[104260]: INFO nova.api.openstack.requestlog [None req-080d3903-5e0f-45ad-8b83-b432b324c994 admin admin] 199.204.45.235 "GET /compute/v2.1" status: 200 len: 393 microversion: 2.1 time: 0.005352
Jun 17 04:39:01.291137 np0000181109 devstack@n-api.service[104260]: [pid: 104260|app: 0|req: 17/69] 199.204.45.235 () {62 vars in 1063 bytes} [Wed Jun 17 04:39:01 2026] GET /compute/v2.1 => generated 393 bytes in 6 msecs (HTTP/1.1 200) 9 headers in 357 bytes (1 switches on core 0)
Jun 17 04:39:01.331826 np0000181109 devstack@n-api.service[104261]: DEBUG nova.api.openstack.wsgi [None req-6db04665-10b1-4b09-8f24-d68255285506 admin admin] Calling method '>' {{(pid=104261) _process_stack /opt/stack/nova/nova/api/openstack/wsgi.py:551}}
Jun 17 04:39:01.337883 np0000181109 devstack@n-api.service[104261]: INFO nova.api.openstack.requestlog [None req-6db04665-10b1-4b09-8f24-d68255285506 admin admin] 199.204.45.235 "GET /compute/v2.1/" status: 200 len: 393 microversion: 2.1 time: 0.006260
Jun 17 04:39:01.338460 np0000181109 devstack@n-api.service[104261]: [pid: 104261|app: 0|req: 18/70] 199.204.45.235 () {62 vars in 1066 bytes} [Wed Jun 17 04:39:01 2026] GET /compute/v2.1/ => generated 393 bytes in 8 msecs (HTTP/1.1 200) 9 headers in 357 bytes (1 switches on core 0)
Jun 17 04:39:01.378845 np0000181109 devstack@n-api.service[104258]: DEBUG nova.api.openstack.wsgi [None req-b143dfd7-3a31-4531-8ccd-25d9b0a5230b demo demo] Calling method '>' {{(pid=104258) _process_stack /opt/stack/nova/nova/api/openstack/wsgi.py:551}}
Jun 17 04:39:01.399649 np0000181109 devstack@n-api.service[104258]: INFO nova.api.openstack.requestlog [None req-b143dfd7-3a31-4531-8ccd-25d9b0a5230b demo demo] 199.204.45.235 "GET /compute/v2.1/flavors/detail?is_public=None" status: 200 len: 5262 microversion: 2.61 time: 0.024323
Jun 17 04:39:01.399938 np0000181109 devstack@n-api.service[104258]: [pid: 104258|app: 0|req: 18/71] 199.204.45.235 () {68 vars in 1424 bytes} [Wed Jun 17 04:39:01 2026] GET /compute/v2.1/flavors/detail?is_public=None => generated 5262 bytes in 25 msecs (HTTP/1.1 200) 9 headers in 360 bytes (1 switches on core 0)
Jun 17 04:39:01.456467 np0000181109 devstack@n-api.service[104259]: DEBUG nova.api.openstack.wsgi [None req-107bc8db-4318-413e-9c86-0388b1bcab2d demo demo] Calling method '>' {{(pid=104259) _process_stack /opt/stack/nova/nova/api/openstack/wsgi.py:551}}
Jun 17 04:39:01.478138 np0000181109 devstack@n-api.service[104259]: INFO nova.api.openstack.requestlog [None req-107bc8db-4318-413e-9c86-0388b1bcab2d demo demo] 199.204.45.235 "GET /compute/v2.1/flavors/detail?is_public=None" status: 200 len: 5262 microversion: 2.61 time: 0.025767
Jun 17 04:39:01.478477 np0000181109 devstack@n-api.service[104259]: [pid: 104259|app: 0|req: 19/72] 199.204.45.235 () {68 vars in 1424 bytes} [Wed Jun 17 04:39:01 2026] GET /compute/v2.1/flavors/detail?is_public=None => generated 5262 bytes in 27 msecs (HTTP/1.1 200) 9 headers in 360 bytes (1 switches on core 0)
Jun 17 04:39:01.659655 np0000181109 devstack@n-api.service[104260]: DEBUG nova.api.openstack.wsgi [None req-080d3903-5e0f-45ad-8b83-b432b324c994 admin admin] Calling method '>' {{(pid=104260) _process_stack /opt/stack/nova/nova/api/openstack/wsgi.py:551}}
Jun 17 04:39:01.663216 np0000181109 devstack@n-api.service[104260]: INFO nova.api.openstack.requestlog [None req-080d3903-5e0f-45ad-8b83-b432b324c994 admin admin] 199.204.45.235 "GET /compute/v2.1" status: 200 len: 393 microversion: 2.1 time: 0.003982
Jun 17 04:39:01.663456 np0000181109 devstack@n-api.service[104260]: [pid: 104260|app: 0|req: 18/73] 199.204.45.235 () {62 vars in 1063 bytes} [Wed Jun 17 04:39:01 2026] GET /compute/v2.1 => generated 393 bytes in 4 msecs (HTTP/1.1 200) 9 headers in 357 bytes (1 switches on core 0)
Jun 17 04:39:01.705234 np0000181109 devstack@n-api.service[104261]: DEBUG nova.api.openstack.wsgi [None req-6db04665-10b1-4b09-8f24-d68255285506 admin admin] Calling method '>' {{(pid=104261) _process_stack /opt/stack/nova/nova/api/openstack/wsgi.py:551}}
Jun 17 04:39:01.711872 np0000181109 devstack@n-api.service[104261]: INFO nova.api.openstack.requestlog [None req-6db04665-10b1-4b09-8f24-d68255285506 admin admin] 199.204.45.235 "GET /compute/v2.1/" status: 200 len: 393 microversion: 2.1 time: 0.007292
Jun 17 04:39:01.712476 np0000181109 devstack@n-api.service[104261]: [pid: 104261|app: 0|req: 19/74] 199.204.45.235 () {62 vars in 1066 bytes} [Wed Jun 17 04:39:01 2026] GET /compute/v2.1/ => generated 393 bytes in 9 msecs (HTTP/1.1 200) 9 headers in 357 bytes (1 switches on core 0)
Jun 17 04:39:01.760773 np0000181109 devstack@n-api.service[104258]: DEBUG nova.api.openstack.wsgi [None req-aca47061-c528-430a-bac0-d0235ba398c9 demo demo] Calling method '>' {{(pid=104258) _process_stack /opt/stack/nova/nova/api/openstack/wsgi.py:551}}
Jun 17 04:39:01.780606 np0000181109 devstack@n-api.service[104258]: INFO nova.api.openstack.requestlog [None req-aca47061-c528-430a-bac0-d0235ba398c9 demo demo] 199.204.45.235 "GET /compute/v2.1/flavors/detail?is_public=None" status: 200 len: 5262 microversion: 2.61 time: 0.023494
Jun 17 04:39:01.781169 np0000181109 devstack@n-api.service[104258]: [pid: 104258|app: 0|req: 19/75] 199.204.45.235 () {68 vars in 1424 bytes} [Wed Jun 17 04:39:01 2026] GET /compute/v2.1/flavors/detail?is_public=None => generated 5262 bytes in 24 msecs (HTTP/1.1 200) 9 headers in 360 bytes (1 switches on core 0)
Jun 17 04:39:01.842881 np0000181109 devstack@n-api.service[104259]: DEBUG nova.api.openstack.wsgi [None req-ca733043-6d29-44c7-8c52-1580974c50d2 demo demo] Calling method '>' {{(pid=104259) _process_stack /opt/stack/nova/nova/api/openstack/wsgi.py:551}}
Jun 17 04:39:01.870630 np0000181109 devstack@n-api.service[104259]: INFO nova.api.openstack.requestlog [None req-ca733043-6d29-44c7-8c52-1580974c50d2 demo demo] 199.204.45.235 "GET /compute/v2.1/flavors/detail?is_public=None" status: 200 len: 5262 microversion: 2.61 time: 0.031032
Jun 17 04:39:01.871029 np0000181109 devstack@n-api.service[104259]: [pid: 104259|app: 0|req: 20/76] 199.204.45.235 () {68 vars in 1424 bytes} [Wed Jun 17 04:39:01 2026] GET /compute/v2.1/flavors/detail?is_public=None => generated 5262 bytes in 32 msecs (HTTP/1.1 200) 9 headers in 360 bytes (1 switches on core 0)
Jun 17 04:39:05.688096 np0000181109 devstack@n-api.service[104260]: DEBUG nova.api.openstack.wsgi [None req-080d3903-5e0f-45ad-8b83-b432b324c994 admin admin] Calling method '>' {{(pid=104260) _process_stack /opt/stack/nova/nova/api/openstack/wsgi.py:551}}
Jun 17 04:39:05.693768 np0000181109 devstack@n-api.service[104260]: INFO nova.api.openstack.requestlog [None req-080d3903-5e0f-45ad-8b83-b432b324c994 admin admin] 199.204.45.235 "GET /compute/v2.1" status: 200 len: 393 microversion: 2.1 time: 0.006100
Jun 17 04:39:05.694810 np0000181109 devstack@n-api.service[104260]: [pid: 104260|app: 0|req: 19/77] 199.204.45.235 () {62 vars in 1074 bytes} [Wed Jun 17 04:39:05 2026] GET /compute/v2.1 => generated 393 bytes in 7 msecs (HTTP/1.1 200) 9 headers in 357 bytes (1 switches on core 0)
Jun 17 04:39:05.729242 np0000181109 devstack@n-api.service[104261]: DEBUG nova.api.openstack.wsgi [None req-6db04665-10b1-4b09-8f24-d68255285506 admin admin] Calling method '>' {{(pid=104261) _process_stack /opt/stack/nova/nova/api/openstack/wsgi.py:551}}
Jun 17 04:39:05.734247 np0000181109 devstack@n-api.service[104261]: INFO nova.api.openstack.requestlog [None req-6db04665-10b1-4b09-8f24-d68255285506 admin admin] 199.204.45.235 "GET /compute/v2.1/" status: 200 len: 393 microversion: 2.1 time: 0.005573
Jun 17 04:39:05.734646 np0000181109 devstack@n-api.service[104261]: [pid: 104261|app: 0|req: 20/78] 199.204.45.235 () {62 vars in 1077 bytes} [Wed Jun 17 04:39:05 2026] GET /compute/v2.1/ => generated 393 bytes in 6 msecs (HTTP/1.1 200) 9 headers in 357 bytes (1 switches on core 0)
Jun 17 04:39:05.774467 np0000181109 devstack@n-api.service[104258]: DEBUG nova.api.openstack.wsgi [None req-003a30be-79a6-433f-913f-bd68bad316cf demo demo] Calling method '>' {{(pid=104258) _process_stack /opt/stack/nova/nova/api/openstack/wsgi.py:551}}
Jun 17 04:39:05.799483 np0000181109 devstack@n-api.service[104258]: INFO nova.api.openstack.requestlog [None req-003a30be-79a6-433f-913f-bd68bad316cf demo demo] 199.204.45.235 "GET /compute/v2.1/os-server-groups" status: 200 len: 21 microversion: 2.64 time: 0.029124
Jun 17 04:39:05.799834 np0000181109 devstack@n-api.service[104258]: [pid: 104258|app: 0|req: 20/79] 199.204.45.235 () {68 vars in 1412 bytes} [Wed Jun 17 04:39:05 2026] GET /compute/v2.1/os-server-groups => generated 21 bytes in 30 msecs (HTTP/1.1 200) 9 headers in 358 bytes (1 switches on core 0)
Jun 17 04:39:05.841424 np0000181109 devstack@n-api.service[104259]: DEBUG nova.api.openstack.wsgi [None req-ca733043-6d29-44c7-8c52-1580974c50d2 demo demo] Calling method '>' {{(pid=104259) _process_stack /opt/stack/nova/nova/api/openstack/wsgi.py:551}}
Jun 17 04:39:05.846902 np0000181109 devstack@n-api.service[104259]: INFO nova.api.openstack.requestlog [None req-ca733043-6d29-44c7-8c52-1580974c50d2 demo demo] 199.204.45.235 "GET /compute/v2.1" status: 200 len: 393 microversion: 2.1 time: 0.006023
Jun 17 04:39:05.847181 np0000181109 devstack@n-api.service[104259]: [pid: 104259|app: 0|req: 21/80] 199.204.45.235 () {62 vars in 1074 bytes} [Wed Jun 17 04:39:05 2026] GET /compute/v2.1 => generated 393 bytes in 7 msecs (HTTP/1.1 200) 9 headers in 357 bytes (1 switches on core 0)
Jun 17 04:39:05.879653 np0000181109 devstack@n-api.service[104260]: DEBUG nova.api.openstack.wsgi [None req-080d3903-5e0f-45ad-8b83-b432b324c994 admin admin] Calling method '>' {{(pid=104260) _process_stack /opt/stack/nova/nova/api/openstack/wsgi.py:551}}
Jun 17 04:39:05.884705 np0000181109 devstack@n-api.service[104260]: INFO nova.api.openstack.requestlog [None req-080d3903-5e0f-45ad-8b83-b432b324c994 admin admin] 199.204.45.235 "GET /compute/v2.1/" status: 200 len: 393 microversion: 2.1 time: 0.005578
Jun 17 04:39:05.884953 np0000181109 devstack@n-api.service[104260]: [pid: 104260|app: 0|req: 20/81] 199.204.45.235 () {62 vars in 1077 bytes} [Wed Jun 17 04:39:05 2026] GET /compute/v2.1/ => generated 393 bytes in 6 msecs (HTTP/1.1 200) 9 headers in 357 bytes (1 switches on core 0)
Jun 17 04:39:05.925677 np0000181109 devstack@n-api.service[104261]: DEBUG nova.api.openstack.wsgi [None req-632e0e71-d7af-4402-a213-02f3e64f7890 demo demo] Action: 'create', calling method: >, body: {"server_group": {"name": "kube-b1c2w", "policy": "soft-anti-affinity"}} {{(pid=104261) _process_stack /opt/stack/nova/nova/api/openstack/wsgi.py:549}}
Jun 17 04:39:05.947196 np0000181109 devstack@n-api.service[104261]: DEBUG nova.quota [None req-632e0e71-d7af-4402-a213-02f3e64f7890 demo demo] Getting quotas for project 237839e090df4de997ae1599e479da19. Resources: {'server_groups'} {{(pid=104261) _get_quotas /opt/stack/nova/nova/quota.py:392}}
Jun 17 04:39:05.950126 np0000181109 devstack@n-api.service[104261]: DEBUG nova.quota [None req-632e0e71-d7af-4402-a213-02f3e64f7890 demo demo] Getting quotas for user a304ed85ba0747c9a572989961ef54c5 and project 237839e090df4de997ae1599e479da19. Resources: {'server_groups'} {{(pid=104261) _get_quotas /opt/stack/nova/nova/quota.py:382}}
Jun 17 04:39:06.084248 np0000181109 devstack@n-api.service[104261]: DEBUG nova.quota [None req-632e0e71-d7af-4402-a213-02f3e64f7890 demo demo] Getting quotas for project 237839e090df4de997ae1599e479da19. Resources: {'server_groups'} {{(pid=104261) _get_quotas /opt/stack/nova/nova/quota.py:392}}
Jun 17 04:39:06.087080 np0000181109 devstack@n-api.service[104261]: DEBUG nova.quota [None req-632e0e71-d7af-4402-a213-02f3e64f7890 demo demo] Getting quotas for user a304ed85ba0747c9a572989961ef54c5 and project 237839e090df4de997ae1599e479da19. Resources: {'server_groups'} {{(pid=104261) _get_quotas /opt/stack/nova/nova/quota.py:382}}
Jun 17 04:39:06.095102 np0000181109 devstack@n-api.service[104261]: INFO nova.api.openstack.requestlog [None req-632e0e71-d7af-4402-a213-02f3e64f7890 demo demo] 199.204.45.235 "POST /compute/v2.1/os-server-groups" status: 200 len: 243 microversion: 2.64 time: 0.173625
Jun 17 04:39:06.095185 np0000181109 devstack@n-api.service[104261]: [pid: 104261|app: 0|req: 21/82] 199.204.45.235 () {72 vars in 1452 bytes} [Wed Jun 17 04:39:05 2026] POST /compute/v2.1/os-server-groups => generated 243 bytes in 174 msecs (HTTP/1.1 200) 9 headers in 359 bytes (1 switches on core 0)
Jun 17 04:39:06.172269 np0000181109 devstack@n-api.service[104258]: DEBUG nova.api.openstack.wsgi [None req-003a30be-79a6-433f-913f-bd68bad316cf demo demo] Calling method '>' {{(pid=104258) _process_stack /opt/stack/nova/nova/api/openstack/wsgi.py:551}}
Jun 17 04:39:06.178360 np0000181109 devstack@n-api.service[104258]: INFO nova.api.openstack.requestlog [None req-003a30be-79a6-433f-913f-bd68bad316cf demo demo] 199.204.45.235 "GET /compute/v2.1" status: 200 len: 393 microversion: 2.1 time: 0.006072
Jun 17 04:39:06.178360 np0000181109 devstack@n-api.service[104258]: [pid: 104258|app: 0|req: 21/83] 199.204.45.235 () {62 vars in 1074 bytes} [Wed Jun 17 04:39:06 2026] GET /compute/v2.1 => generated 393 bytes in 7 msecs (HTTP/1.1 200) 9 headers in 357 bytes (1 switches on core 0)
Jun 17 04:39:06.221674 np0000181109 devstack@n-api.service[104259]: DEBUG nova.api.openstack.wsgi [None req-ca733043-6d29-44c7-8c52-1580974c50d2 demo demo] Calling method '>' {{(pid=104259) _process_stack /opt/stack/nova/nova/api/openstack/wsgi.py:551}}
Jun 17 04:39:06.227950 np0000181109 devstack@n-api.service[104259]: INFO nova.api.openstack.requestlog [None req-ca733043-6d29-44c7-8c52-1580974c50d2 demo demo] 199.204.45.235 "GET /compute/v2.1/" status: 200 len: 393 microversion: 2.1 time: 0.006719
Jun 17 04:39:06.228428 np0000181109 devstack@n-api.service[104259]: [pid: 104259|app: 0|req: 22/84] 199.204.45.235 () {62 vars in 1077 bytes} [Wed Jun 17 04:39:06 2026] GET /compute/v2.1/ => generated 393 bytes in 8 msecs (HTTP/1.1 200) 9 headers in 357 bytes (1 switches on core 0)
Jun 17 04:39:06.266383 np0000181109 devstack@n-api.service[104260]: DEBUG nova.api.openstack.wsgi [None req-79925e23-aae4-4faf-b9e6-37a66aeca4a7 demo demo] Calling method '>' {{(pid=104260) _process_stack /opt/stack/nova/nova/api/openstack/wsgi.py:551}}
Jun 17 04:39:06.295437 np0000181109 devstack@n-api.service[104260]: INFO nova.api.openstack.requestlog [None req-79925e23-aae4-4faf-b9e6-37a66aeca4a7 demo demo] 199.204.45.235 "GET /compute/v2.1/os-server-groups" status: 200 len: 246 microversion: 2.64 time: 0.033210
Jun 17 04:39:06.295862 np0000181109 devstack@n-api.service[104260]: [pid: 104260|app: 0|req: 21/85] 199.204.45.235 () {68 vars in 1412 bytes} [Wed Jun 17 04:39:06 2026] GET /compute/v2.1/os-server-groups => generated 246 bytes in 34 msecs (HTTP/1.1 200) 9 headers in 359 bytes (1 switches on core 0)
Jun 17 04:39:06.335411 np0000181109 devstack@n-api.service[104261]: DEBUG nova.api.openstack.wsgi [None req-632e0e71-d7af-4402-a213-02f3e64f7890 demo demo] Calling method '>' {{(pid=104261) _process_stack /opt/stack/nova/nova/api/openstack/wsgi.py:551}}
Jun 17 04:39:06.340844 np0000181109 devstack@n-api.service[104261]: INFO nova.api.openstack.requestlog [None req-632e0e71-d7af-4402-a213-02f3e64f7890 demo demo] 199.204.45.235 "GET /compute/v2.1" status: 200 len: 393 microversion: 2.1 time: 0.005920
Jun 17 04:39:06.341279 np0000181109 devstack@n-api.service[104261]: [pid: 104261|app: 0|req: 22/86] 199.204.45.235 () {62 vars in 1074 bytes} [Wed Jun 17 04:39:06 2026] GET /compute/v2.1 => generated 393 bytes in 7 msecs (HTTP/1.1 200) 9 headers in 357 bytes (1 switches on core 0)
Jun 17 04:39:06.378146 np0000181109 devstack@n-api.service[104258]: DEBUG nova.api.openstack.wsgi [None req-003a30be-79a6-433f-913f-bd68bad316cf demo demo] Calling method '>' {{(pid=104258) _process_stack /opt/stack/nova/nova/api/openstack/wsgi.py:551}}
Jun 17 04:39:06.384928 np0000181109 devstack@n-api.service[104258]: INFO nova.api.openstack.requestlog [None req-003a30be-79a6-433f-913f-bd68bad316cf demo demo] 199.204.45.235 "GET /compute/v2.1/" status: 200 len: 393 microversion: 2.1 time: 0.007329
Jun 17 04:39:06.385301 np0000181109 devstack@n-api.service[104258]: [pid: 104258|app: 0|req: 22/87] 199.204.45.235 () {62 vars in 1077 bytes} [Wed Jun 17 04:39:06 2026] GET /compute/v2.1/ => generated 393 bytes in 8 msecs (HTTP/1.1 200) 9 headers in 357 bytes (1 switches on core 0)
Jun 17 04:39:06.427176 np0000181109 devstack@n-api.service[104259]: DEBUG nova.api.openstack.wsgi [None req-9f1f04a6-eb28-4af1-9aea-ade9e7c1a6fc demo demo] Action: 'create', calling method: >, body: {"server_group": {"name": "kube-b1c2w-default-worker", "policy": "soft-anti-affinity"}} {{(pid=104259) _process_stack /opt/stack/nova/nova/api/openstack/wsgi.py:549}}
Jun 17 04:39:06.451353 np0000181109 devstack@n-api.service[104259]: DEBUG nova.quota [None req-9f1f04a6-eb28-4af1-9aea-ade9e7c1a6fc demo demo] Getting quotas for project 237839e090df4de997ae1599e479da19. Resources: {'server_groups'} {{(pid=104259) _get_quotas /opt/stack/nova/nova/quota.py:392}}
Jun 17 04:39:06.454469 np0000181109 devstack@n-api.service[104259]: DEBUG nova.quota [None req-9f1f04a6-eb28-4af1-9aea-ade9e7c1a6fc demo demo] Getting quotas for user a304ed85ba0747c9a572989961ef54c5 and project 237839e090df4de997ae1599e479da19. Resources: {'server_groups'} {{(pid=104259) _get_quotas /opt/stack/nova/nova/quota.py:382}}
Jun 17 04:39:06.518976 np0000181109 devstack@n-api.service[104259]: DEBUG nova.quota [None req-9f1f04a6-eb28-4af1-9aea-ade9e7c1a6fc demo demo] Getting quotas for project 237839e090df4de997ae1599e479da19. Resources: {'server_groups'} {{(pid=104259) _get_quotas /opt/stack/nova/nova/quota.py:392}}
Jun 17 04:39:06.521202 np0000181109 devstack@n-api.service[104259]: DEBUG nova.quota [None req-9f1f04a6-eb28-4af1-9aea-ade9e7c1a6fc demo demo] Getting quotas for user a304ed85ba0747c9a572989961ef54c5 and project 237839e090df4de997ae1599e479da19. Resources: {'server_groups'} {{(pid=104259) _get_quotas /opt/stack/nova/nova/quota.py:382}}
Jun 17 04:39:06.530268 np0000181109 devstack@n-api.service[104259]: INFO nova.api.openstack.requestlog [None req-9f1f04a6-eb28-4af1-9aea-ade9e7c1a6fc demo demo] 199.204.45.235 "POST /compute/v2.1/os-server-groups" status: 200 len: 258 microversion: 2.64 time: 0.106665
Jun 17 04:39:06.530676 np0000181109 devstack@n-api.service[104259]: [pid: 104259|app: 0|req: 23/88] 199.204.45.235 () {72 vars in 1452 bytes} [Wed Jun 17 04:39:06 2026] POST /compute/v2.1/os-server-groups => generated 258 bytes in 107 msecs (HTTP/1.1 200) 9 headers in 359 bytes (1 switches on core 0)
Jun 17 04:39:09.735774 np0000181109 devstack@n-api.service[104260]: DEBUG nova.api.openstack.wsgi [None req-79925e23-aae4-4faf-b9e6-37a66aeca4a7 demo demo] Calling method '>' {{(pid=104260) _process_stack /opt/stack/nova/nova/api/openstack/wsgi.py:551}}
Jun 17 04:39:09.740664 np0000181109 devstack@n-api.service[104260]: INFO nova.api.openstack.requestlog [None req-79925e23-aae4-4faf-b9e6-37a66aeca4a7 demo demo] 199.204.45.235 "GET /compute/v2.1" status: 200 len: 393 microversion: 2.1 time: 0.005982
Jun 17 04:39:09.741060 np0000181109 devstack@n-api.service[104260]: [pid: 104260|app: 0|req: 22/89] 199.204.45.235 () {62 vars in 1074 bytes} [Wed Jun 17 04:39:09 2026] GET /compute/v2.1 => generated 393 bytes in 7 msecs (HTTP/1.1 200) 9 headers in 357 bytes (1 switches on core 0)
Jun 17 04:39:09.771292 np0000181109 devstack@n-api.service[104261]: DEBUG nova.api.openstack.wsgi [None req-632e0e71-d7af-4402-a213-02f3e64f7890 demo demo] Calling method '>' {{(pid=104261) _process_stack /opt/stack/nova/nova/api/openstack/wsgi.py:551}}
Jun 17 04:39:09.776505 np0000181109 devstack@n-api.service[104261]: INFO nova.api.openstack.requestlog [None req-632e0e71-d7af-4402-a213-02f3e64f7890 demo demo] 199.204.45.235 "GET /compute/v2.1/" status: 200 len: 393 microversion: 2.1 time: 0.005789
Jun 17 04:39:09.776810 np0000181109 devstack@n-api.service[104261]: [pid: 104261|app: 0|req: 23/90] 199.204.45.235 () {62 vars in 1077 bytes} [Wed Jun 17 04:39:09 2026] GET /compute/v2.1/ => generated 393 bytes in 6 msecs (HTTP/1.1 200) 9 headers in 357 bytes (1 switches on core 0)
Jun 17 04:39:09.815673 np0000181109 devstack@n-api.service[104258]: DEBUG nova.api.openstack.wsgi [None req-05cfeed0-0ebb-4d0d-969d-7ab838ee5f7f demo demo] Calling method '>' {{(pid=104258) _process_stack /opt/stack/nova/nova/api/openstack/wsgi.py:551}}
Jun 17 04:39:09.840988 np0000181109 devstack@n-api.service[104258]: INFO nova.api.openstack.requestlog [None req-05cfeed0-0ebb-4d0d-969d-7ab838ee5f7f demo demo] 199.204.45.235 "GET /compute/v2.1/flavors/detail?is_public=None" status: 200 len: 5262 microversion: 2.61 time: 0.030523
Jun 17 04:39:09.841355 np0000181109 devstack@n-api.service[104258]: [pid: 104258|app: 0|req: 23/91] 199.204.45.235 () {68 vars in 1435 bytes} [Wed Jun 17 04:39:09 2026] GET /compute/v2.1/flavors/detail?is_public=None => generated 5262 bytes in 34 msecs (HTTP/1.1 200) 9 headers in 360 bytes (1 switches on core 0)
Jun 17 04:39:09.887355 np0000181109 devstack@n-api.service[104259]: DEBUG nova.api.openstack.wsgi [None req-cfa796f4-0691-4ded-99e6-66472a365412 demo demo] Calling method '>' {{(pid=104259) _process_stack /opt/stack/nova/nova/api/openstack/wsgi.py:551}}
Jun 17 04:39:09.906536 np0000181109 devstack@n-api.service[104259]: INFO nova.api.openstack.requestlog [None req-cfa796f4-0691-4ded-99e6-66472a365412 demo demo] 199.204.45.235 "GET /compute/v2.1/flavors/detail?is_public=None" status: 200 len: 5262 microversion: 2.61 time: 0.022907
Jun 17 04:39:09.906814 np0000181109 devstack@n-api.service[104259]: [pid: 104259|app: 0|req: 24/92] 199.204.45.235 () {68 vars in 1435 bytes} [Wed Jun 17 04:39:09 2026] GET /compute/v2.1/flavors/detail?is_public=None => generated 5262 bytes in 23 msecs (HTTP/1.1 200) 9 headers in 360 bytes (1 switches on core 0)
Jun 17 04:39:10.060545 np0000181109 devstack@n-api.service[104260]: DEBUG nova.api.openstack.wsgi [None req-79925e23-aae4-4faf-b9e6-37a66aeca4a7 demo demo] Calling method '>' {{(pid=104260) _process_stack /opt/stack/nova/nova/api/openstack/wsgi.py:551}}
Jun 17 04:39:10.064941 np0000181109 devstack@n-api.service[104260]: INFO nova.api.openstack.requestlog [None req-79925e23-aae4-4faf-b9e6-37a66aeca4a7 demo demo] 199.204.45.235 "GET /compute/v2.1" status: 200 len: 393 microversion: 2.1 time: 0.004899
Jun 17 04:39:10.065172 np0000181109 devstack@n-api.service[104260]: [pid: 104260|app: 0|req: 23/93] 199.204.45.235 () {62 vars in 1074 bytes} [Wed Jun 17 04:39:10 2026] GET /compute/v2.1 => generated 393 bytes in 5 msecs (HTTP/1.1 200) 9 headers in 357 bytes (1 switches on core 0)
Jun 17 04:39:10.133940 np0000181109 devstack@n-api.service[104261]: DEBUG nova.api.openstack.wsgi [None req-632e0e71-d7af-4402-a213-02f3e64f7890 demo demo] Calling method '>' {{(pid=104261) _process_stack /opt/stack/nova/nova/api/openstack/wsgi.py:551}}
Jun 17 04:39:10.138493 np0000181109 devstack@n-api.service[104261]: INFO nova.api.openstack.requestlog [None req-632e0e71-d7af-4402-a213-02f3e64f7890 demo demo] 199.204.45.235 "GET /compute/v2.1/" status: 200 len: 393 microversion: 2.1 time: 0.005111
Jun 17 04:39:10.138751 np0000181109 devstack@n-api.service[104261]: [pid: 104261|app: 0|req: 24/94] 199.204.45.235 () {62 vars in 1077 bytes} [Wed Jun 17 04:39:10 2026] GET /compute/v2.1/ => generated 393 bytes in 6 msecs (HTTP/1.1 200) 9 headers in 357 bytes (1 switches on core 0)
Jun 17 04:39:10.177064 np0000181109 devstack@n-api.service[104258]: DEBUG nova.api.openstack.wsgi [None req-ea588a61-3726-46e6-86fa-c1d4a337f1b7 demo demo] Calling method '>' {{(pid=104258) _process_stack /opt/stack/nova/nova/api/openstack/wsgi.py:551}}
Jun 17 04:39:10.204763 np0000181109 devstack@n-api.service[104258]: INFO nova.api.openstack.requestlog [None req-ea588a61-3726-46e6-86fa-c1d4a337f1b7 demo demo] 199.204.45.235 "GET /compute/v2.1/flavors/detail?is_public=None" status: 200 len: 5262 microversion: 2.61 time: 0.031412
Jun 17 04:39:10.205085 np0000181109 devstack@n-api.service[104258]: [pid: 104258|app: 0|req: 24/95] 199.204.45.235 () {68 vars in 1435 bytes} [Wed Jun 17 04:39:10 2026] GET /compute/v2.1/flavors/detail?is_public=None => generated 5262 bytes in 32 msecs (HTTP/1.1 200) 9 headers in 360 bytes (1 switches on core 0)
Jun 17 04:39:16.090890 np0000181109 devstack@n-api.service[104261]: DEBUG dbcounter [-] [104261] Writing DB stats nova_cell0:SELECT=4 {{(pid=104261) stat_writer /opt/stack/data/venv/lib/python3.12/site-packages/dbcounter.py:115}}
Jun 17 04:39:16.093163 np0000181109 devstack@n-api.service[104261]: DEBUG dbcounter [-] [104261] Writing DB stats nova_api:SELECT=14,nova_api:INSERT=2 {{(pid=104261) stat_writer /opt/stack/data/venv/lib/python3.12/site-packages/dbcounter.py:115}}
Jun 17 04:39:16.292778 np0000181109 devstack@n-api.service[104260]: DEBUG dbcounter [-] [104260] Writing DB stats nova_api:SELECT=2 {{(pid=104260) stat_writer /opt/stack/data/venv/lib/python3.12/site-packages/dbcounter.py:115}}
Jun 17 04:39:16.524620 np0000181109 devstack@n-api.service[104259]: DEBUG dbcounter [-] [104259] Writing DB stats nova_cell0:SELECT=4 {{(pid=104259) stat_writer /opt/stack/data/venv/lib/python3.12/site-packages/dbcounter.py:115}}
Jun 17 04:39:19.897066 np0000181109 devstack@n-api.service[104259]: DEBUG dbcounter [-] [104259] Writing DB stats nova_api:SELECT=19,nova_api:INSERT=2 {{(pid=104259) stat_writer /opt/stack/data/venv/lib/python3.12/site-packages/dbcounter.py:115}}
Jun 17 04:39:20.184341 np0000181109 devstack@n-api.service[104258]: DEBUG dbcounter [-] [104258] Writing DB stats nova_api:SELECT=8 {{(pid=104258) stat_writer /opt/stack/data/venv/lib/python3.12/site-packages/dbcounter.py:115}}
Jun 17 04:39:34.389081 np0000181109 devstack@n-api.service[104259]: DEBUG nova.api.openstack.wsgi [None req-cfa796f4-0691-4ded-99e6-66472a365412 demo demo] Calling method '>' {{(pid=104259) _process_stack /opt/stack/nova/nova/api/openstack/wsgi.py:551}}
Jun 17 04:39:34.394195 np0000181109 devstack@n-api.service[104259]: INFO nova.api.openstack.requestlog [None req-cfa796f4-0691-4ded-99e6-66472a365412 demo demo] 172.18.0.2 "GET /compute/v2.1/" status: 200 len: 393 microversion: 2.1 time: 0.005685
Jun 17 04:39:34.394430 np0000181109 devstack@n-api.service[104259]: [pid: 104259|app: 0|req: 25/96] 199.204.45.235 () {64 vars in 1272 bytes} [Wed Jun 17 04:39:34 2026] GET /compute/v2.1/ => generated 393 bytes in 6 msecs (HTTP/1.1 200) 9 headers in 357 bytes (1 switches on core 0)
Jun 17 04:39:34.402393 np0000181109 devstack@n-api.service[104260]: DEBUG nova.api.openstack.wsgi [None req-836be728-bf48-45fa-baba-bbbaab39d96b demo demo] Calling method '>' {{(pid=104260) _process_stack /opt/stack/nova/nova/api/openstack/wsgi.py:551}}
Jun 17 04:39:34.405472 np0000181109 devstack@n-api.service[104260]: DEBUG oslo_concurrency.lockutils [None req-836be728-bf48-45fa-baba-bbbaab39d96b demo demo] Acquiring lock "00000000-0000-0000-0000-000000000000" by "nova.context.set_target_cell..get_or_set_cached_cell_and_set_connections" {{(pid=104260) inner /opt/stack/data/venv/lib/python3.12/site-packages/oslo_concurrency/lockutils.py:511}}
Jun 17 04:39:34.405700 np0000181109 devstack@n-api.service[104260]: DEBUG oslo_concurrency.lockutils [None req-836be728-bf48-45fa-baba-bbbaab39d96b demo demo] Lock "00000000-0000-0000-0000-000000000000" acquired by "nova.context.set_target_cell..get_or_set_cached_cell_and_set_connections" :: waited 0.000s {{(pid=104260) inner /opt/stack/data/venv/lib/python3.12/site-packages/oslo_concurrency/lockutils.py:524}}
Jun 17 04:39:34.405882 np0000181109 devstack@n-api.service[104260]: DEBUG oslo_concurrency.lockutils [None req-836be728-bf48-45fa-baba-bbbaab39d96b demo demo] Lock "00000000-0000-0000-0000-000000000000" "released" by "nova.context.set_target_cell..get_or_set_cached_cell_and_set_connections" :: held 0.000s {{(pid=104260) inner /opt/stack/data/venv/lib/python3.12/site-packages/oslo_concurrency/lockutils.py:543}}
Jun 17 04:39:34.406961 np0000181109 devstack@n-api.service[104260]: DEBUG oslo_concurrency.lockutils [None req-836be728-bf48-45fa-baba-bbbaab39d96b demo demo] Acquiring lock "b427e1e6-2789-4afd-8d99-a1f618c64d92" by "nova.context.set_target_cell..get_or_set_cached_cell_and_set_connections" {{(pid=104260) inner /opt/stack/data/venv/lib/python3.12/site-packages/oslo_concurrency/lockutils.py:511}}
Jun 17 04:39:34.407198 np0000181109 devstack@n-api.service[104260]: DEBUG oslo_concurrency.lockutils [None req-836be728-bf48-45fa-baba-bbbaab39d96b demo demo] Lock "b427e1e6-2789-4afd-8d99-a1f618c64d92" acquired by "nova.context.set_target_cell..get_or_set_cached_cell_and_set_connections" :: waited 0.000s {{(pid=104260) inner /opt/stack/data/venv/lib/python3.12/site-packages/oslo_concurrency/lockutils.py:524}}
Jun 17 04:39:34.407337 np0000181109 devstack@n-api.service[104260]: DEBUG oslo_concurrency.lockutils [None req-836be728-bf48-45fa-baba-bbbaab39d96b demo demo] Lock "b427e1e6-2789-4afd-8d99-a1f618c64d92" "released" by "nova.context.set_target_cell..get_or_set_cached_cell_and_set_connections" :: held 0.000s {{(pid=104260) inner /opt/stack/data/venv/lib/python3.12/site-packages/oslo_concurrency/lockutils.py:543}}
Jun 17 04:39:34.486307 np0000181109 devstack@n-api.service[104260]: INFO nova.api.openstack.requestlog [None req-836be728-bf48-45fa-baba-bbbaab39d96b demo demo] 172.18.0.2 "GET /compute/v2.1/os-availability-zone" status: 200 len: 97 microversion: 2.38 time: 0.086069
Jun 17 04:39:34.486966 np0000181109 devstack@n-api.service[104260]: [pid: 104260|app: 0|req: 24/97] 199.204.45.235 () {68 vars in 1415 bytes} [Wed Jun 17 04:39:34 2026] GET /compute/v2.1/os-availability-zone => generated 97 bytes in 87 msecs (HTTP/1.1 200) 9 headers in 358 bytes (1 switches on core 0)
Jun 17 04:39:35.325912 np0000181109 devstack@n-api.service[104261]: DEBUG nova.api.openstack.wsgi [None req-632e0e71-d7af-4402-a213-02f3e64f7890 demo demo] Calling method '>' {{(pid=104261) _process_stack /opt/stack/nova/nova/api/openstack/wsgi.py:551}}
Jun 17 04:39:35.328496 np0000181109 devstack@n-api.service[104261]: INFO nova.api.openstack.requestlog [None req-632e0e71-d7af-4402-a213-02f3e64f7890 demo demo] 172.18.0.2 "GET /compute/v2.1/" status: 200 len: 393 microversion: 2.1 time: 0.002882
Jun 17 04:39:35.328677 np0000181109 devstack@n-api.service[104261]: [pid: 104261|app: 0|req: 25/98] 199.204.45.235 () {64 vars in 1272 bytes} [Wed Jun 17 04:39:35 2026] GET /compute/v2.1/ => generated 393 bytes in 3 msecs (HTTP/1.1 200) 9 headers in 357 bytes (1 switches on core 0)
Jun 17 04:39:35.337148 np0000181109 devstack@n-api.service[104258]: DEBUG nova.api.openstack.wsgi [None req-1adf9154-070a-48f9-a0f3-3ed2d2b1b1c2 demo demo] Calling method '>' {{(pid=104258) _process_stack /opt/stack/nova/nova/api/openstack/wsgi.py:551}}
Jun 17 04:39:35.338866 np0000181109 devstack@n-api.service[104258]: DEBUG oslo_concurrency.lockutils [None req-1adf9154-070a-48f9-a0f3-3ed2d2b1b1c2 demo demo] Acquiring lock "00000000-0000-0000-0000-000000000000" by "nova.context.set_target_cell..get_or_set_cached_cell_and_set_connections" {{(pid=104258) inner /opt/stack/data/venv/lib/python3.12/site-packages/oslo_concurrency/lockutils.py:511}}
Jun 17 04:39:35.339034 np0000181109 devstack@n-api.service[104258]: DEBUG oslo_concurrency.lockutils [None req-1adf9154-070a-48f9-a0f3-3ed2d2b1b1c2 demo demo] Lock "00000000-0000-0000-0000-000000000000" acquired by "nova.context.set_target_cell..get_or_set_cached_cell_and_set_connections" :: waited 0.000s {{(pid=104258) inner /opt/stack/data/venv/lib/python3.12/site-packages/oslo_concurrency/lockutils.py:524}}
Jun 17 04:39:35.339159 np0000181109 devstack@n-api.service[104258]: DEBUG oslo_concurrency.lockutils [None req-1adf9154-070a-48f9-a0f3-3ed2d2b1b1c2 demo demo] Lock "00000000-0000-0000-0000-000000000000" "released" by "nova.context.set_target_cell..get_or_set_cached_cell_and_set_connections" :: held 0.000s {{(pid=104258) inner /opt/stack/data/venv/lib/python3.12/site-packages/oslo_concurrency/lockutils.py:543}}
Jun 17 04:39:35.340256 np0000181109 devstack@n-api.service[104258]: DEBUG oslo_concurrency.lockutils [None req-1adf9154-070a-48f9-a0f3-3ed2d2b1b1c2 demo demo] Acquiring lock "b427e1e6-2789-4afd-8d99-a1f618c64d92" by "nova.context.set_target_cell..get_or_set_cached_cell_and_set_connections" {{(pid=104258) inner /opt/stack/data/venv/lib/python3.12/site-packages/oslo_concurrency/lockutils.py:511}}
Jun 17 04:39:35.340442 np0000181109 devstack@n-api.service[104258]: DEBUG oslo_concurrency.lockutils [None req-1adf9154-070a-48f9-a0f3-3ed2d2b1b1c2 demo demo] Lock "b427e1e6-2789-4afd-8d99-a1f618c64d92" acquired by "nova.context.set_target_cell..get_or_set_cached_cell_and_set_connections" :: waited 0.000s {{(pid=104258) inner /opt/stack/data/venv/lib/python3.12/site-packages/oslo_concurrency/lockutils.py:524}}
Jun 17 04:39:35.340518 np0000181109 devstack@n-api.service[104258]: DEBUG oslo_concurrency.lockutils [None req-1adf9154-070a-48f9-a0f3-3ed2d2b1b1c2 demo demo] Lock "b427e1e6-2789-4afd-8d99-a1f618c64d92" "released" by "nova.context.set_target_cell..get_or_set_cached_cell_and_set_connections" :: held 0.000s {{(pid=104258) inner /opt/stack/data/venv/lib/python3.12/site-packages/oslo_concurrency/lockutils.py:543}}
Jun 17 04:39:35.412237 np0000181109 devstack@n-api.service[104258]: INFO nova.api.openstack.requestlog [None req-1adf9154-070a-48f9-a0f3-3ed2d2b1b1c2 demo demo] 172.18.0.2 "GET /compute/v2.1/os-availability-zone" status: 200 len: 97 microversion: 2.38 time: 0.077044
Jun 17 04:39:35.412630 np0000181109 devstack@n-api.service[104258]: [pid: 104258|app: 0|req: 25/99] 199.204.45.235 () {68 vars in 1415 bytes} [Wed Jun 17 04:39:35 2026] GET /compute/v2.1/os-availability-zone => generated 97 bytes in 78 msecs (HTTP/1.1 200) 9 headers in 358 bytes (1 switches on core 0)
Jun 17 04:39:35.647696 np0000181109 devstack@n-api.service[104259]: DEBUG nova.api.openstack.wsgi [None req-cfa796f4-0691-4ded-99e6-66472a365412 demo demo] Calling method '>' {{(pid=104259) _process_stack /opt/stack/nova/nova/api/openstack/wsgi.py:551}}
Jun 17 04:39:35.651372 np0000181109 devstack@n-api.service[104259]: INFO nova.api.openstack.requestlog [None req-cfa796f4-0691-4ded-99e6-66472a365412 demo demo] 172.18.0.2 "GET /compute/v2.1/" status: 200 len: 393 microversion: 2.1 time: 0.004009
Jun 17 04:39:35.651609 np0000181109 devstack@n-api.service[104259]: [pid: 104259|app: 0|req: 26/100] 199.204.45.235 () {64 vars in 1272 bytes} [Wed Jun 17 04:39:35 2026] GET /compute/v2.1/ => generated 393 bytes in 4 msecs (HTTP/1.1 200) 9 headers in 357 bytes (1 switches on core 0)
Jun 17 04:39:35.659492 np0000181109 devstack@n-api.service[104260]: DEBUG nova.api.openstack.wsgi [None req-8b57ec84-d421-490d-8249-1c9c60d41a73 demo demo] Calling method '>' {{(pid=104260) _process_stack /opt/stack/nova/nova/api/openstack/wsgi.py:551}}
Jun 17 04:39:35.685685 np0000181109 devstack@n-api.service[104260]: INFO nova.api.openstack.requestlog [None req-8b57ec84-d421-490d-8249-1c9c60d41a73 demo demo] 172.18.0.2 "GET /compute/v2.1/flavors/detail" status: 200 len: 4022 microversion: 2.38 time: 0.028485
Jun 17 04:39:35.686059 np0000181109 devstack@n-api.service[104260]: [pid: 104260|app: 0|req: 25/101] 199.204.45.235 () {68 vars in 1397 bytes} [Wed Jun 17 04:39:35 2026] GET /compute/v2.1/flavors/detail => generated 4022 bytes in 29 msecs (HTTP/1.1 200) 9 headers in 360 bytes (1 switches on core 0)
Jun 17 04:39:36.368692 np0000181109 devstack@n-api.service[104261]: DEBUG nova.api.openstack.wsgi [None req-632e0e71-d7af-4402-a213-02f3e64f7890 demo demo] Calling method '>' {{(pid=104261) _process_stack /opt/stack/nova/nova/api/openstack/wsgi.py:551}}
Jun 17 04:39:36.373198 np0000181109 devstack@n-api.service[104261]: INFO nova.api.openstack.requestlog [None req-632e0e71-d7af-4402-a213-02f3e64f7890 demo demo] 172.18.0.2 "GET /compute/v2.1/" status: 200 len: 393 microversion: 2.1 time: 0.005016
Jun 17 04:39:36.373459 np0000181109 devstack@n-api.service[104261]: [pid: 104261|app: 0|req: 26/102] 199.204.45.235 () {64 vars in 1272 bytes} [Wed Jun 17 04:39:36 2026] GET /compute/v2.1/ => generated 393 bytes in 6 msecs (HTTP/1.1 200) 9 headers in 357 bytes (1 switches on core 0)
Jun 17 04:39:36.382236 np0000181109 devstack@n-api.service[104258]: DEBUG nova.api.openstack.wsgi [None req-cbb1d7e4-6c04-4ff7-99e2-7b5ab3a23333 demo demo] Calling method '>' {{(pid=104258) _process_stack /opt/stack/nova/nova/api/openstack/wsgi.py:551}}
Jun 17 04:39:36.385153 np0000181109 devstack@n-api.service[104258]: DEBUG nova.policy [None req-cbb1d7e4-6c04-4ff7-99e2-7b5ab3a23333 demo demo] Policy check for os_compute_api:servers:allow_all_filters failed with credentials {'is_admin': False, 'user_id': 'a304ed85ba0747c9a572989961ef54c5', 'user_domain_id': 'default', 'system_scope': None, 'domain_id': None, 'project_id': '237839e090df4de997ae1599e479da19', 'project_domain_id': 'default', 'roles': ['reader', 'member', 'anotherrole', 'load-balancer_member'], 'is_admin_project': True, 'service_user_id': None, 'service_user_domain_id': None, 'service_project_id': None, 'service_project_domain_id': None, 'service_roles': []} {{(pid=104258) authorize /opt/stack/nova/nova/policy.py:192}}
Jun 17 04:39:36.385501 np0000181109 devstack@n-api.service[104258]: DEBUG nova.compute.api [None req-cbb1d7e4-6c04-4ff7-99e2-7b5ab3a23333 demo demo] Searching by: {'name': '^kube-b1c2w-wj8bz-55pbl$', 'deleted': False, 'project_id': '237839e090df4de997ae1599e479da19'} {{(pid=104258) get_all /opt/stack/nova/nova/compute/api.py:3111}}
Jun 17 04:39:36.390843 np0000181109 devstack@n-api.service[104258]: DEBUG oslo_concurrency.lockutils [None req-cbb1d7e4-6c04-4ff7-99e2-7b5ab3a23333 demo demo] Acquiring lock "00000000-0000-0000-0000-000000000000" by "nova.context.set_target_cell..get_or_set_cached_cell_and_set_connections" {{(pid=104258) inner /opt/stack/data/venv/lib/python3.12/site-packages/oslo_concurrency/lockutils.py:511}}
Jun 17 04:39:36.391068 np0000181109 devstack@n-api.service[104258]: DEBUG oslo_concurrency.lockutils [None req-cbb1d7e4-6c04-4ff7-99e2-7b5ab3a23333 demo demo] Lock "00000000-0000-0000-0000-000000000000" acquired by "nova.context.set_target_cell..get_or_set_cached_cell_and_set_connections" :: waited 0.000s {{(pid=104258) inner /opt/stack/data/venv/lib/python3.12/site-packages/oslo_concurrency/lockutils.py:524}}
Jun 17 04:39:36.391256 np0000181109 devstack@n-api.service[104258]: DEBUG oslo_concurrency.lockutils [None req-cbb1d7e4-6c04-4ff7-99e2-7b5ab3a23333 demo demo] Lock "00000000-0000-0000-0000-000000000000" "released" by "nova.context.set_target_cell..get_or_set_cached_cell_and_set_connections" :: held 0.000s {{(pid=104258) inner /opt/stack/data/venv/lib/python3.12/site-packages/oslo_concurrency/lockutils.py:543}}
Jun 17 04:39:36.392452 np0000181109 devstack@n-api.service[104258]: DEBUG oslo_concurrency.lockutils [None req-cbb1d7e4-6c04-4ff7-99e2-7b5ab3a23333 demo demo] Acquiring lock "b427e1e6-2789-4afd-8d99-a1f618c64d92" by "nova.context.set_target_cell..get_or_set_cached_cell_and_set_connections" {{(pid=104258) inner /opt/stack/data/venv/lib/python3.12/site-packages/oslo_concurrency/lockutils.py:511}}
Jun 17 04:39:36.392781 np0000181109 devstack@n-api.service[104258]: DEBUG oslo_concurrency.lockutils [None req-cbb1d7e4-6c04-4ff7-99e2-7b5ab3a23333 demo demo] Lock "b427e1e6-2789-4afd-8d99-a1f618c64d92" acquired by "nova.context.set_target_cell..get_or_set_cached_cell_and_set_connections" :: waited 0.000s {{(pid=104258) inner /opt/stack/data/venv/lib/python3.12/site-packages/oslo_concurrency/lockutils.py:524}}
Jun 17 04:39:36.393058 np0000181109 devstack@n-api.service[104258]: DEBUG oslo_concurrency.lockutils [None req-cbb1d7e4-6c04-4ff7-99e2-7b5ab3a23333 demo demo] Lock "b427e1e6-2789-4afd-8d99-a1f618c64d92" "released" by "nova.context.set_target_cell..get_or_set_cached_cell_and_set_connections" :: held 0.000s {{(pid=104258) inner /opt/stack/data/venv/lib/python3.12/site-packages/oslo_concurrency/lockutils.py:543}}
Jun 17 04:39:36.471696 np0000181109 devstack@n-api.service[104258]: DEBUG oslo_concurrency.lockutils [None req-cbb1d7e4-6c04-4ff7-99e2-7b5ab3a23333 demo demo] Acquiring lock "00000000-0000-0000-0000-000000000000" by "nova.context.set_target_cell..get_or_set_cached_cell_and_set_connections" {{(pid=104258) inner /opt/stack/data/venv/lib/python3.12/site-packages/oslo_concurrency/lockutils.py:511}}
Jun 17 04:39:36.472114 np0000181109 devstack@n-api.service[104258]: DEBUG oslo_concurrency.lockutils [None req-cbb1d7e4-6c04-4ff7-99e2-7b5ab3a23333 demo demo] Lock "00000000-0000-0000-0000-000000000000" acquired by "nova.context.set_target_cell..get_or_set_cached_cell_and_set_connections" :: waited 0.001s {{(pid=104258) inner /opt/stack/data/venv/lib/python3.12/site-packages/oslo_concurrency/lockutils.py:524}}
Jun 17 04:39:36.472509 np0000181109 devstack@n-api.service[104258]: DEBUG oslo_concurrency.lockutils [None req-cbb1d7e4-6c04-4ff7-99e2-7b5ab3a23333 demo demo] Lock "00000000-0000-0000-0000-000000000000" "released" by "nova.context.set_target_cell..get_or_set_cached_cell_and_set_connections" :: held 0.000s {{(pid=104258) inner /opt/stack/data/venv/lib/python3.12/site-packages/oslo_concurrency/lockutils.py:543}}
Jun 17 04:39:36.473191 np0000181109 devstack@n-api.service[104258]: DEBUG oslo_concurrency.lockutils [None req-cbb1d7e4-6c04-4ff7-99e2-7b5ab3a23333 demo demo] Acquiring lock "b427e1e6-2789-4afd-8d99-a1f618c64d92" by "nova.context.set_target_cell..get_or_set_cached_cell_and_set_connections" {{(pid=104258) inner /opt/stack/data/venv/lib/python3.12/site-packages/oslo_concurrency/lockutils.py:511}}
Jun 17 04:39:36.473609 np0000181109 devstack@n-api.service[104258]: DEBUG oslo_concurrency.lockutils [None req-cbb1d7e4-6c04-4ff7-99e2-7b5ab3a23333 demo demo] Lock "b427e1e6-2789-4afd-8d99-a1f618c64d92" acquired by "nova.context.set_target_cell..get_or_set_cached_cell_and_set_connections" :: waited 0.000s {{(pid=104258) inner /opt/stack/data/venv/lib/python3.12/site-packages/oslo_concurrency/lockutils.py:524}}
Jun 17 04:39:36.474046 np0000181109 devstack@n-api.service[104258]: DEBUG oslo_concurrency.lockutils [None req-cbb1d7e4-6c04-4ff7-99e2-7b5ab3a23333 demo demo] Lock "b427e1e6-2789-4afd-8d99-a1f618c64d92" "released" by "nova.context.set_target_cell..get_or_set_cached_cell_and_set_connections" :: held 0.000s {{(pid=104258) inner /opt/stack/data/venv/lib/python3.12/site-packages/oslo_concurrency/lockutils.py:543}}
Jun 17 04:39:36.477128 np0000181109 devstack@n-api.service[104258]: DEBUG nova.policy [None req-cbb1d7e4-6c04-4ff7-99e2-7b5ab3a23333 demo demo] Policy check for os_compute_api:os-extended-server-attributes failed with credentials {'is_admin': False, 'user_id': 'a304ed85ba0747c9a572989961ef54c5', 'user_domain_id': 'default', 'system_scope': None, 'domain_id': None, 'project_id': '237839e090df4de997ae1599e479da19', 'project_domain_id': 'default', 'roles': ['reader', 'member', 'anotherrole', 'load-balancer_member'], 'is_admin_project': True, 'service_user_id': None, 'service_user_domain_id': None, 'service_project_id': None, 'service_project_domain_id': None, 'service_roles': []} {{(pid=104258) authorize /opt/stack/nova/nova/policy.py:192}}
Jun 17 04:39:36.481938 np0000181109 devstack@n-api.service[104258]: DEBUG nova.policy [None req-cbb1d7e4-6c04-4ff7-99e2-7b5ab3a23333 demo demo] Policy check for os_compute_api:servers:show:host_status failed with credentials {'is_admin': False, 'user_id': 'a304ed85ba0747c9a572989961ef54c5', 'user_domain_id': 'default', 'system_scope': None, 'domain_id': None, 'project_id': '237839e090df4de997ae1599e479da19', 'project_domain_id': 'default', 'roles': ['reader', 'member', 'anotherrole', 'load-balancer_member'], 'is_admin_project': True, 'service_user_id': None, 'service_user_domain_id': None, 'service_project_id': None, 'service_project_domain_id': None, 'service_roles': []} {{(pid=104258) authorize /opt/stack/nova/nova/policy.py:192}}
