2026-04-23 09:06:34.830 9 INFO neutron.wsgi [req-21a7a2bf-0b33-4610-beb6-f4600a1ca14c req-601c04a6-a664-4373-8dda-7abf6a028f9a cf64eec04e2a4132a6152c1efa922e0c 6e3e603828d74104aebcf9cc2d58b42a - - f2cf2090b4f64ebeb315ff6b43a7bfb1 f2cf2090b4f64ebeb315ff6b43a7bfb1] 199.19.213.141 "GET /v2.0/ports?network_id=7f16bb29-dffa-487c-ac0c-3e2b96292db0&device_owner=network%3Adhcp HTTP/1.1" status: 200 len: 210 time: 0.0200362
2026-04-23 09:06:34.859 9 INFO neutron.wsgi [req-21a7a2bf-0b33-4610-beb6-f4600a1ca14c req-e7012414-1ea3-4a64-8894-76dbd8255eee cf64eec04e2a4132a6152c1efa922e0c 6e3e603828d74104aebcf9cc2d58b42a - - f2cf2090b4f64ebeb315ff6b43a7bfb1 f2cf2090b4f64ebeb315ff6b43a7bfb1] 199.19.213.141 "GET /v2.0/ports?network_id=7f16bb29-dffa-487c-ac0c-3e2b96292db0&device_owner=network%3Adhcp HTTP/1.1" status: 200 len: 210 time: 0.0238965
2026-04-23 09:06:34.935 9 INFO neutron.wsgi [req-21a7a2bf-0b33-4610-beb6-f4600a1ca14c req-d9dafaac-46f9-4551-8200-a2233a2d4da0 cf64eec04e2a4132a6152c1efa922e0c 6e3e603828d74104aebcf9cc2d58b42a - - f2cf2090b4f64ebeb315ff6b43a7bfb1 f2cf2090b4f64ebeb315ff6b43a7bfb1] 199.19.213.141 "GET /v2.0/networks/7f16bb29-dffa-487c-ac0c-3e2b96292db0?fields=segments HTTP/1.1" status: 200 len: 212 time: 0.0673323
2026-04-23 09:06:34.996 9 INFO neutron.wsgi [req-21a7a2bf-0b33-4610-beb6-f4600a1ca14c req-171734a5-8ca4-4e29-b79b-c52c17d7f701 cf64eec04e2a4132a6152c1efa922e0c 6e3e603828d74104aebcf9cc2d58b42a - - f2cf2090b4f64ebeb315ff6b43a7bfb1 f2cf2090b4f64ebeb315ff6b43a7bfb1] 199.19.213.141 "GET /v2.0/networks/7f16bb29-dffa-487c-ac0c-3e2b96292db0?fields=provider%3Aphysical_network&fields=provider%3Anetwork_type HTTP/1.1" status: 200 len: 277 time: 0.0527308
2026-04-23 09:06:35.131 10 INFO neutron.wsgi [req-fa0db3b8-e4d0-4bbf-a451-01dba5935ff2 req-ee7ca124-456f-4fdc-9e43-0605edfbc273 2d874a480f6b48979b35e2224ab8df37 80904783ced34c1cab0fb022328fde3c - - default default] 10.0.0.223 "GET /v2.0/ports/c26f8318-7b66-4d7b-8fc1-67835c4ce5c1 HTTP/1.1" status: 200 len: 1639 time: 0.3025916
2026-04-23 09:06:35.192 9 INFO neutron.wsgi [None req-1d1152df-e69f-4d1b-a502-e43101106995 2d874a480f6b48979b35e2224ab8df37 80904783ced34c1cab0fb022328fde3c - - default default] 199.19.213.141 "GET /v2.0/ports/c26f8318-7b66-4d7b-8fc1-67835c4ce5c1 HTTP/1.1" status: 200 len: 1639 time: 0.0474250
2026-04-23 09:06:35.201 10 INFO neutron.db.ovn_revision_numbers_db [None req-14ffa220-e7df-4ddd-aad4-ce2377e6fedb - - - - - -] Successfully bumped revision number for resource c26f8318-7b66-4d7b-8fc1-67835c4ce5c1 (type: ports) to 4
2026-04-23 09:06:35.242 9 INFO neutron.wsgi [None req-5c74db5a-73be-42e3-9322-218847899a97 2d874a480f6b48979b35e2224ab8df37 80904783ced34c1cab0fb022328fde3c - - default default] 199.19.213.141 "GET /v2.0/ports/c26f8318-7b66-4d7b-8fc1-67835c4ce5c1 HTTP/1.1" status: 200 len: 1639 time: 0.0412285
2026-04-23 09:06:35.933 9 INFO neutron.db.ovn_revision_numbers_db [None req-643643eb-535e-4ff7-bd98-754af7c61da9 2d874a480f6b48979b35e2224ab8df37 80904783ced34c1cab0fb022328fde3c - - default default] Successfully bumped revision number for resource c26f8318-7b66-4d7b-8fc1-67835c4ce5c1 (type: ports) to 5
2026-04-23 09:06:35.947 9 INFO neutron.wsgi [None req-643643eb-535e-4ff7-bd98-754af7c61da9 2d874a480f6b48979b35e2224ab8df37 80904783ced34c1cab0fb022328fde3c - - default default] 199.19.213.141 "PUT /v2.0/ports/c26f8318-7b66-4d7b-8fc1-67835c4ce5c1 HTTP/1.1" status: 200 len: 1378 time: 0.6981254 /var/lib/openstack/lib/python3.10/site-packages/pycadf/identifier.py:71: UserWarning: Invalid uuid: neutron. To ensure interoperability, identifiers should be a valid uuid. warnings.warn(('Invalid uuid: %s. To ensure interoperability, '
2026-04-23 09:06:35.992 9 INFO neutron.notifiers.nova [-] Nova event matching ['req-4c9b71bc-d595-48ec-aa5f-79166de699be'] response: {'name': 'network-changed', 'server_uuid': '9a234057-907f-4539-a11c-f96514d98b80', 'tag': 'c26f8318-7b66-4d7b-8fc1-67835c4ce5c1', 'status': 'completed', 'code': 200}
2026-04-23 09:06:36.045 9 INFO neutron.wsgi [None req-99db4f74-a529-48d9-b10e-39e9b137b362 2d874a480f6b48979b35e2224ab8df37 80904783ced34c1cab0fb022328fde3c - - default default] 199.19.213.141 "GET /v2.0/networks/7f16bb29-dffa-487c-ac0c-3e2b96292db0 HTTP/1.1" status: 200 len: 1000 time: 0.0898936
2026-04-23 09:06:36.087 9 INFO neutron.wsgi [req-a5a87c57-d440-4ba4-b09c-67134cfe9954 req-ea00a8f3-4e77-4176-b80a-167c5284219a cf64eec04e2a4132a6152c1efa922e0c 6e3e603828d74104aebcf9cc2d58b42a - - f2cf2090b4f64ebeb315ff6b43a7bfb1 f2cf2090b4f64ebeb315ff6b43a7bfb1] 199.19.213.141 "GET /v2.0/ports?tenant_id=80904783ced34c1cab0fb022328fde3c&device_id=9a234057-907f-4539-a11c-f96514d98b80 HTTP/1.1" status: 200 len: 5124 time: 0.0775959
2026-04-23 09:06:36.124 9 INFO neutron.wsgi [None req-29395eba-b6c4-488b-b845-e7596d162852 2d874a480f6b48979b35e2224ab8df37 80904783ced34c1cab0fb022328fde3c - - default default] 199.19.213.141 "GET /v2.0/subnets/f08001ab-521f-48d3-9079-b155a7bd61a8 HTTP/1.1" status: 200 len: 848 time: 0.0651863
2026-04-23 09:06:36.170 9 INFO neutron.wsgi [req-a5a87c57-d440-4ba4-b09c-67134cfe9954 req-5c9cef06-da90-47f3-98ee-da3c9a892f15 cf64eec04e2a4132a6152c1efa922e0c 6e3e603828d74104aebcf9cc2d58b42a - - f2cf2090b4f64ebeb315ff6b43a7bfb1 f2cf2090b4f64ebeb315ff6b43a7bfb1] 199.19.213.141 "GET /v2.0/networks?id=7f16bb29-dffa-487c-ac0c-3e2b96292db0 HTTP/1.1" status: 200 len: 1003 time: 0.0744090
2026-04-23 09:06:36.203 9 INFO neutron.wsgi [req-a5a87c57-d440-4ba4-b09c-67134cfe9954 req-4cfb6ede-bf8e-4324-aed9-17cc79b7c816 cf64eec04e2a4132a6152c1efa922e0c 6e3e603828d74104aebcf9cc2d58b42a - - f2cf2090b4f64ebeb315ff6b43a7bfb1 f2cf2090b4f64ebeb315ff6b43a7bfb1] 199.19.213.141 "GET /v2.0/floatingips?fixed_ip_address=10.2.2.206&port_id=c26f8318-7b66-4d7b-8fc1-67835c4ce5c1 HTTP/1.1" status: 200 len: 217 time: 0.0249925
2026-04-23 09:06:36.247 9 INFO neutron.wsgi [req-a5a87c57-d440-4ba4-b09c-67134cfe9954 req-9a110021-9b2c-435b-aa39-a5ee513437cb cf64eec04e2a4132a6152c1efa922e0c 6e3e603828d74104aebcf9cc2d58b42a - - f2cf2090b4f64ebeb315ff6b43a7bfb1 f2cf2090b4f64ebeb315ff6b43a7bfb1] 199.19.213.141 "GET /v2.0/subnets?id=f08001ab-521f-48d3-9079-b155a7bd61a8 HTTP/1.1" status: 200 len: 851 time: 0.0363920
2026-04-23 09:06:36.255 9 INFO neutron.wsgi [None req-d27f2413-b646-4220-a647-5238e0311fdd 2d874a480f6b48979b35e2224ab8df37 80904783ced34c1cab0fb022328fde3c - - default default] 199.19.213.141 "GET /v2.0/extensions/security-group HTTP/1.1" status: 200 len: 369 time: 0.0043018
2026-04-23 09:06:36.267 9 INFO neutron.wsgi [None req-26adbf64-3505-4a8f-bb20-bbc3a49952dd 2d874a480f6b48979b35e2224ab8df37 80904783ced34c1cab0fb022328fde3c - - default default] 199.19.213.141 "GET /v2.0/extensions/dns-integration HTTP/1.1" status: 200 len: 371 time: 0.0044556
2026-04-23 09:06:36.277 9 INFO neutron.wsgi [None req-a1a169e7-cf70-411a-9343-28ad84e01ad9 2d874a480f6b48979b35e2224ab8df37 80904783ced34c1cab0fb022328fde3c - - default default] 199.19.213.141 "GET /v2.0/extensions/qos HTTP/1.1" status: 200 len: 365 time: 0.0038278
2026-04-23 09:06:36.279 9 INFO neutron.wsgi [req-a5a87c57-d440-4ba4-b09c-67134cfe9954 req-4829d28a-bf1e-414a-946f-67f86544312f cf64eec04e2a4132a6152c1efa922e0c 6e3e603828d74104aebcf9cc2d58b42a - - f2cf2090b4f64ebeb315ff6b43a7bfb1 f2cf2090b4f64ebeb315ff6b43a7bfb1] 199.19.213.141 "GET /v2.0/ports?network_id=7f16bb29-dffa-487c-ac0c-3e2b96292db0&device_owner=network%3Adhcp HTTP/1.1" status: 200 len: 210 time: 0.0276220
2026-04-23 09:06:36.286 9 INFO neutron.wsgi [None req-000290d5-c4e7-47fa-8b99-ac5dc3e396bd 2d874a480f6b48979b35e2224ab8df37 80904783ced34c1cab0fb022328fde3c - - default default] 199.19.213.141 "GET /v2.0/extensions/allowed-address-pairs HTTP/1.1" status: 200 len: 383 time: 0.0045612
2026-04-23 09:06:36.347 9 INFO neutron.wsgi [None req-a36b308f-65f8-467d-bbb4-0ee82beec5cb 2d874a480f6b48979b35e2224ab8df37 80904783ced34c1cab0fb022328fde3c - - default default] 199.19.213.141 "GET /v2.0/subnets/2bad770b-8fbd-4ef9-9a65-f8bedc728cbd HTTP/1.1" status: 200 len: 851 time: 0.0507917
2026-04-23 09:06:36.382 9 INFO neutron.wsgi [req-a5a87c57-d440-4ba4-b09c-67134cfe9954 req-d805887c-adbf-4d6f-a7d4-1d3e7f6f4600 cf64eec04e2a4132a6152c1efa922e0c 6e3e603828d74104aebcf9cc2d58b42a - - f2cf2090b4f64ebeb315ff6b43a7bfb1 f2cf2090b4f64ebeb315ff6b43a7bfb1] 199.19.213.141 "GET /v2.0/networks/7f16bb29-dffa-487c-ac0c-3e2b96292db0?fields=segments HTTP/1.1" status: 200 len: 212 time: 0.0955656
2026-04-23 09:06:36.404 9 INFO neutron.wsgi [None req-cd0172a0-79fb-428f-80dd-fd24425eab82 2d874a480f6b48979b35e2224ab8df37 80904783ced34c1cab0fb022328fde3c - - default default] 199.19.213.141 "GET /v2.0/ports/a45cc493-f995-41c1-866a-e33acc524606 HTTP/1.1" status: 200 len: 1340 time: 0.0439117
2026-04-23 09:06:36.459 9 INFO neutron.wsgi [None req-d3acc8bc-bc52-438a-baa3-5bd6cca9eb59 2d874a480f6b48979b35e2224ab8df37 80904783ced34c1cab0fb022328fde3c - - default default] 199.19.213.141 "GET /v2.0/ports/714339c3-9389-4bbe-a6ca-a3eeb220c550 HTTP/1.1" status: 200 len: 1519 time: 0.0449927
2026-04-23 09:06:36.491 9 INFO neutron.wsgi [req-a5a87c57-d440-4ba4-b09c-67134cfe9954 req-8187c0bb-a346-4d1a-8a4b-6428239bac1c cf64eec04e2a4132a6152c1efa922e0c 6e3e603828d74104aebcf9cc2d58b42a - - f2cf2090b4f64ebeb315ff6b43a7bfb1 f2cf2090b4f64ebeb315ff6b43a7bfb1] 199.19.213.141 "GET /v2.0/networks/7f16bb29-dffa-487c-ac0c-3e2b96292db0?fields=provider%3Aphysical_network&fields=provider%3Anetwork_type HTTP/1.1" status: 200 len: 277 time: 0.1016667
2026-04-23 09:06:36.503 9 INFO neutron.wsgi [None req-b6ba524f-b334-40cb-8527-f749067dbd58 2d874a480f6b48979b35e2224ab8df37 80904783ced34c1cab0fb022328fde3c - - default default] 199.19.213.141 "GET /v2.0/subnets/2bad770b-8fbd-4ef9-9a65-f8bedc728cbd HTTP/1.1" status: 200 len: 851 time: 0.0340016
2026-04-23 09:06:36.589 9 INFO neutron.wsgi [None req-74250f21-1a13-4458-b429-3bf2e6a98052 2d874a480f6b48979b35e2224ab8df37 80904783ced34c1cab0fb022328fde3c - - default default] 199.19.213.141 "GET /v2.0/networks/1c29865e-50c6-4741-a45f-53431b273060 HTTP/1.1" status: 200 len: 1002 time: 0.0772047
2026-04-23 09:06:36.648 9 INFO neutron.wsgi [None req-9ca545a4-8b9d-4424-8965-201369ac9ec9 2d874a480f6b48979b35e2224ab8df37 80904783ced34c1cab0fb022328fde3c - - default default] 199.19.213.141 "GET /v2.0/ports/a45cc493-f995-41c1-866a-e33acc524606 HTTP/1.1" status: 200 len: 1340 time: 0.0434597
2026-04-23 09:06:36.703 9 INFO neutron.wsgi [None req-77bc7ec1-980c-4f1a-b483-2b4dcc2e36e6 2d874a480f6b48979b35e2224ab8df37 80904783ced34c1cab0fb022328fde3c - - default default] 199.19.213.141 "GET /v2.0/subnets/2bad770b-8fbd-4ef9-9a65-f8bedc728cbd HTTP/1.1" status: 200 len: 851 time: 0.0448332
2026-04-23 09:06:36.808 10 INFO neutron.notifiers.nova [-] Nova event matching ['req-a67f5e5c-1643-4f94-a256-508a47db1124'] response: {'server_uuid': '9a234057-907f-4539-a11c-f96514d98b80', 'name': 'network-vif-plugged', 'status': 'completed', 'tag': 'c26f8318-7b66-4d7b-8fc1-67835c4ce5c1', 'code': 200}
2026-04-23 09:06:39.098 9 INFO neutron.wsgi [-] 10.0.0.224 "GET / HTTP/1.1" status: 200 len: 246 time: 0.0028303
2026-04-23 09:06:39.098 10 INFO neutron.wsgi [-] 10.0.0.224 "GET / HTTP/1.1" status: 200 len: 246 time: 0.0029950
2026-04-23 09:06:44.563 9 INFO neutron.wsgi [None req-f5e7577e-b9e1-47a9-840d-37677e29b2bb 2d874a480f6b48979b35e2224ab8df37 80904783ced34c1cab0fb022328fde3c - - default default] 199.19.213.141 "GET /v2.0/extensions/security-group HTTP/1.1" status: 200 len: 369 time: 0.0063574
2026-04-23 09:06:44.576 9 INFO neutron.wsgi [None req-c12d0579-43fc-40fe-a87c-5ce3c2fc870a 2d874a480f6b48979b35e2224ab8df37 80904783ced34c1cab0fb022328fde3c - - default default] 199.19.213.141 "GET /v2.0/extensions/dns-integration HTTP/1.1" status: 200 len: 371 time: 0.0069785
2026-04-23 09:06:44.588 9 INFO neutron.wsgi [None req-ae31cf3f-cb86-4818-8242-a429df5dd069 2d874a480f6b48979b35e2224ab8df37 80904783ced34c1cab0fb022328fde3c - - default default] 199.19.213.141 "GET /v2.0/extensions/qos HTTP/1.1" status: 200 len: 365 time: 0.0054271
2026-04-23 09:06:44.599 9 INFO neutron.wsgi [None req-e135a834-3c61-47b6-9b92-44bd51a28397 2d874a480f6b48979b35e2224ab8df37 80904783ced34c1cab0fb022328fde3c - - default default] 199.19.213.141 "GET /v2.0/extensions/allowed-address-pairs HTTP/1.1" status: 200 len: 383 time: 0.0058479
2026-04-23 09:06:44.652 9 INFO neutron.wsgi [None req-c4dac04a-06a8-4258-b937-b2d20d427cad 2d874a480f6b48979b35e2224ab8df37 80904783ced34c1cab0fb022328fde3c - - default default] 199.19.213.141 "GET /v2.0/subnets/c39e221f-061d-4dd0-97a8-0aa36b027c51 HTTP/1.1" status: 200 len: 848 time: 0.0455363
2026-04-23 09:06:44.708 9 INFO neutron.wsgi [None req-76113f18-7cae-473d-8120-43d365c62f24 2d874a480f6b48979b35e2224ab8df37 80904783ced34c1cab0fb022328fde3c - - default default] 199.19.213.141 "GET /v2.0/ports?device_id=9a234057-907f-4539-a11c-f96514d98b80 HTTP/1.1" status: 200 len: 5124 time: 0.0501754
2026-04-23 09:06:44.884 9 INFO neutron.wsgi [None req-f730db02-c00d-4b05-a529-cd9f606d7ee7 2d874a480f6b48979b35e2224ab8df37 80904783ced34c1cab0fb022328fde3c - - default default] 199.19.213.141 "GET /v2.0/extensions/security-group HTTP/1.1" status: 200 len: 369 time: 0.0065897
2026-04-23 09:06:44.895 9 INFO neutron.wsgi [None req-a2af5345-74db-4864-8325-4da240895242 2d874a480f6b48979b35e2224ab8df37 80904783ced34c1cab0fb022328fde3c - - default default] 199.19.213.141 "GET /v2.0/extensions/dns-integration HTTP/1.1" status: 200 len: 371 time: 0.0050273
2026-04-23 09:06:44.906 9 INFO neutron.wsgi [None req-081dde03-2777-4908-bcbe-c41a5b37a6b9 2d874a480f6b48979b35e2224ab8df37 80904783ced34c1cab0fb022328fde3c - - default default] 199.19.213.141 "GET /v2.0/extensions/qos HTTP/1.1" status: 200 len: 365 time: 0.0060019
2026-04-23 09:06:44.922 9 INFO neutron.wsgi [None req-efa16f00-9e3f-464f-999f-edd0a26bc76a 2d874a480f6b48979b35e2224ab8df37 80904783ced34c1cab0fb022328fde3c - - default default] 199.19.213.141 "GET /v2.0/extensions/allowed-address-pairs HTTP/1.1" status: 200 len: 383 time: 0.0073833
2026-04-23 09:06:44.967 9 INFO neutron.wsgi [None req-b21507cf-b1b7-4a9f-9356-b19922e9ab2e 2d874a480f6b48979b35e2224ab8df37 80904783ced34c1cab0fb022328fde3c - - default default] 199.19.213.141 "GET /v2.0/ports/c26f8318-7b66-4d7b-8fc1-67835c4ce5c1 HTTP/1.1" status: 200 len: 1406 time: 0.0369318
2026-04-23 09:06:45.506 9 INFO neutron.db.ovn_revision_numbers_db [None req-68a3ebdd-d566-4a47-befe-bb545457202b 2d874a480f6b48979b35e2224ab8df37 80904783ced34c1cab0fb022328fde3c - - default default] Successfully bumped revision number for resource c26f8318-7b66-4d7b-8fc1-67835c4ce5c1 (type: ports) to 6
2026-04-23 09:06:45.519 9 INFO neutron.wsgi [None req-68a3ebdd-d566-4a47-befe-bb545457202b 2d874a480f6b48979b35e2224ab8df37 80904783ced34c1cab0fb022328fde3c - - default default] 199.19.213.141 "PUT /v2.0/ports/c26f8318-7b66-4d7b-8fc1-67835c4ce5c1 HTTP/1.1" status: 200 len: 1203 time: 0.5377612 /var/lib/openstack/lib/python3.10/site-packages/pycadf/identifier.py:71: UserWarning: Invalid uuid: neutron. To ensure interoperability, identifiers should be a valid uuid. warnings.warn(('Invalid uuid: %s. To ensure interoperability, '
2026-04-23 09:06:45.576 9 INFO neutron.notifiers.nova [-] Nova event matching ['req-d85fab5d-1518-4b43-84e0-34b6601eaa51'] response: {'name': 'network-changed', 'server_uuid': '9a234057-907f-4539-a11c-f96514d98b80', 'tag': 'c26f8318-7b66-4d7b-8fc1-67835c4ce5c1', 'status': 'completed', 'code': 200}
2026-04-23 09:06:45.635 9 INFO neutron.wsgi [req-bc46a0d6-0e07-43a5-8d74-df50f6983212 req-bc0b6d85-f24b-424e-b859-397aa29deceb cf64eec04e2a4132a6152c1efa922e0c 6e3e603828d74104aebcf9cc2d58b42a - - f2cf2090b4f64ebeb315ff6b43a7bfb1 f2cf2090b4f64ebeb315ff6b43a7bfb1] 199.19.213.141 "GET /v2.0/ports?tenant_id=80904783ced34c1cab0fb022328fde3c&device_id=9a234057-907f-4539-a11c-f96514d98b80 HTTP/1.1" status: 200 len: 4949 time: 0.0534632
2026-04-23 09:06:45.639 9 INFO neutron.wsgi [None req-7f5b4668-f3cd-4069-aa6a-88bf1ca103c2 2d874a480f6b48979b35e2224ab8df37 80904783ced34c1cab0fb022328fde3c - - default default] 199.19.213.141 "GET /v2.0/networks/7f16bb29-dffa-487c-ac0c-3e2b96292db0 HTTP/1.1" status: 200 len: 1000 time: 0.1082890
2026-04-23 09:06:45.713 9 INFO neutron.wsgi [None req-d9f00636-c8c6-4a72-b2b1-7315c345bc8a 2d874a480f6b48979b35e2224ab8df37 80904783ced34c1cab0fb022328fde3c - - default default] 199.19.213.141 "GET /v2.0/ports?device_id=9a234057-907f-4539-a11c-f96514d98b80 HTTP/1.1" status: 200 len: 4949 time: 0.0616636
2026-04-23 09:06:45.739 9 INFO neutron.wsgi [req-bc46a0d6-0e07-43a5-8d74-df50f6983212 req-7b029504-b3de-47a7-a24f-c5d152a20f03 cf64eec04e2a4132a6152c1efa922e0c 6e3e603828d74104aebcf9cc2d58b42a - - f2cf2090b4f64ebeb315ff6b43a7bfb1 f2cf2090b4f64ebeb315ff6b43a7bfb1] 199.19.213.141 "GET /v2.0/networks?id=7f16bb29-dffa-487c-ac0c-3e2b96292db0 HTTP/1.1" status: 200 len: 1003 time: 0.0967350
2026-04-23 09:06:45.835 9 INFO neutron.wsgi [req-bc46a0d6-0e07-43a5-8d74-df50f6983212 req-509fec1f-e8ad-489a-912f-c5115d01d02d cf64eec04e2a4132a6152c1efa922e0c 6e3e603828d74104aebcf9cc2d58b42a - - f2cf2090b4f64ebeb315ff6b43a7bfb1 f2cf2090b4f64ebeb315ff6b43a7bfb1] 199.19.213.141 "GET /v2.0/networks/7f16bb29-dffa-487c-ac0c-3e2b96292db0?fields=segments HTTP/1.1" status: 200 len: 212 time: 0.0897501
2026-04-23 09:06:45.912 9 INFO neutron.wsgi [None req-9659b51e-3d70-434c-b926-b7d66aa3708a 2d874a480f6b48979b35e2224ab8df37 80904783ced34c1cab0fb022328fde3c - - default default] 199.19.213.141 "GET /v2.0/ports?device_id=9a234057-907f-4539-a11c-f96514d98b80 HTTP/1.1" status: 200 len: 4949 time: 0.1036489
2026-04-23 09:06:45.954 9 INFO neutron.wsgi [req-bc46a0d6-0e07-43a5-8d74-df50f6983212 req-9c048484-524d-4e2d-bad0-1f7ec20e33a0 cf64eec04e2a4132a6152c1efa922e0c 6e3e603828d74104aebcf9cc2d58b42a - - f2cf2090b4f64ebeb315ff6b43a7bfb1 f2cf2090b4f64ebeb315ff6b43a7bfb1] 199.19.213.141 "GET /v2.0/networks/7f16bb29-dffa-487c-ac0c-3e2b96292db0?fields=provider%3Aphysical_network&fields=provider%3Anetwork_type HTTP/1.1" status: 200 len: 277 time: 0.1065214
2026-04-23 09:06:46.129 10 INFO neutron.plugins.ml2.drivers.ovn.mech_driver.mech_driver [None req-14ffa220-e7df-4ddd-aad4-ce2377e6fedb - - - - - -] OVN reports status down for port: c26f8318-7b66-4d7b-8fc1-67835c4ce5c1
2026-04-23 09:06:46.209 9 INFO neutron.wsgi [req-de9ba3d8-dcfd-4b68-a853-ee28942d65dd req-54dea0f1-8e71-4cd0-a875-0dc076d33fc1 cf64eec04e2a4132a6152c1efa922e0c 6e3e603828d74104aebcf9cc2d58b42a - - f2cf2090b4f64ebeb315ff6b43a7bfb1 f2cf2090b4f64ebeb315ff6b43a7bfb1] 199.19.213.141 "GET /v2.0/ports/c26f8318-7b66-4d7b-8fc1-67835c4ce5c1 HTTP/1.1" status: 200 len: 1231 time: 0.0388625
2026-04-23 09:06:46.267 10 INFO neutron.notifiers.nova [-] Nova event matching ['req-3b823c5c-f259-4b32-8ad1-ec5d2f0cf147'] response: {'server_uuid': '9a234057-907f-4539-a11c-f96514d98b80', 'name': 'network-vif-unplugged', 'status': 'completed', 'tag': 'c26f8318-7b66-4d7b-8fc1-67835c4ce5c1', 'code': 200}
2026-04-23 09:06:46.433 10 INFO neutron.db.ovn_revision_numbers_db [None req-14ffa220-e7df-4ddd-aad4-ce2377e6fedb - - - - - -] Successfully bumped revision number for resource c26f8318-7b66-4d7b-8fc1-67835c4ce5c1 (type: ports) to 7
2026-04-23 09:06:46.556 9 INFO neutron.wsgi [req-de9ba3d8-dcfd-4b68-a853-ee28942d65dd req-d4010642-dfb0-4d35-a2ce-42eb54a14d5b 2d874a480f6b48979b35e2224ab8df37 80904783ced34c1cab0fb022328fde3c - - default default] 199.19.213.141 "DELETE /v2.0/ports/c26f8318-7b66-4d7b-8fc1-67835c4ce5c1 HTTP/1.1" status: 204 len: 173 time: 0.3439476
2026-04-23 09:06:46.669 9 INFO neutron.wsgi [req-de9ba3d8-dcfd-4b68-a853-ee28942d65dd req-ec07bcce-0b6d-41a6-8d1f-aa805e279934 cf64eec04e2a4132a6152c1efa922e0c 6e3e603828d74104aebcf9cc2d58b42a - - f2cf2090b4f64ebeb315ff6b43a7bfb1 f2cf2090b4f64ebeb315ff6b43a7bfb1] 199.19.213.141 "GET /v2.0/ports?tenant_id=80904783ced34c1cab0fb022328fde3c&device_id=9a234057-907f-4539-a11c-f96514d98b80 HTTP/1.1" status: 200 len: 3926 time: 0.0615423
2026-04-23 09:06:46.783 9 INFO neutron.wsgi [req-de9ba3d8-dcfd-4b68-a853-ee28942d65dd req-344ff5d9-5a31-4435-ab57-c329780b212c cf64eec04e2a4132a6152c1efa922e0c 6e3e603828d74104aebcf9cc2d58b42a - - f2cf2090b4f64ebeb315ff6b43a7bfb1 f2cf2090b4f64ebeb315ff6b43a7bfb1] 199.19.213.141 "GET /v2.0/networks?id=2352daf7-cd80-4a53-ba1a-53ee5cc7d6f3&id=1c29865e-50c6-4741-a45f-53431b273060&id=e9d6d48c-00b5-4b28-9f7f-98f0e7fdd0d1&id=7f16bb29-dffa-487c-ac0c-3e2b96292db0 HTTP/1.1" status: 200 len: 3310 time: 0.1069050
2026-04-23 09:06:46.827 9 INFO neutron.wsgi [req-de9ba3d8-dcfd-4b68-a853-ee28942d65dd req-24930067-068d-4eb3-938d-c13dbbf133fb cf64eec04e2a4132a6152c1efa922e0c 6e3e603828d74104aebcf9cc2d58b42a - - f2cf2090b4f64ebeb315ff6b43a7bfb1 f2cf2090b4f64ebeb315ff6b43a7bfb1] 199.19.213.141 "GET /v2.0/floatingips?fixed_ip_address=172.24.0.194&port_id=aee0f25f-ffdb-4d80-9f50-42e81861ed9c HTTP/1.1" status: 200 len: 217 time: 0.0341604
2026-04-23 09:06:46.873 9 INFO neutron.wsgi [req-de9ba3d8-dcfd-4b68-a853-ee28942d65dd req-b61eb0c1-7f39-4275-a899-1092849abb85 cf64eec04e2a4132a6152c1efa922e0c 6e3e603828d74104aebcf9cc2d58b42a - - f2cf2090b4f64ebeb315ff6b43a7bfb1 f2cf2090b4f64ebeb315ff6b43a7bfb1] 199.19.213.141 "GET /v2.0/subnets?id=f951e200-b807-4b5f-aeec-a68e480bde6e HTTP/1.1" status: 200 len: 829 time: 0.0373182
2026-04-23 09:06:46.901 9 INFO neutron.wsgi [req-de9ba3d8-dcfd-4b68-a853-ee28942d65dd req-cd6feb1f-0e03-405e-85e4-520757e0c1c6 cf64eec04e2a4132a6152c1efa922e0c 6e3e603828d74104aebcf9cc2d58b42a - - f2cf2090b4f64ebeb315ff6b43a7bfb1 f2cf2090b4f64ebeb315ff6b43a7bfb1] 199.19.213.141 "GET /v2.0/ports?network_id=2352daf7-cd80-4a53-ba1a-53ee5cc7d6f3&device_owner=network%3Adhcp HTTP/1.1" status: 200 len: 210 time: 0.0223744
2026-04-23 09:06:46.992 9 INFO neutron.wsgi [None req-d5b31c67-5d3d-4269-9f30-de1ab370bb9e 2d874a480f6b48979b35e2224ab8df37 80904783ced34c1cab0fb022328fde3c - - default default] 199.19.213.141 "GET /v2.0/ports?device_id=9a234057-907f-4539-a11c-f96514d98b80 HTTP/1.1" status: 200 len: 3926 time: 0.0620959
2026-04-23 09:06:47.004 9 INFO neutron.wsgi [req-de9ba3d8-dcfd-4b68-a853-ee28942d65dd req-2fc7fa48-b7b8-48b4-9078-3a1ec25e3850 cf64eec04e2a4132a6152c1efa922e0c 6e3e603828d74104aebcf9cc2d58b42a - - f2cf2090b4f64ebeb315ff6b43a7bfb1 f2cf2090b4f64ebeb315ff6b43a7bfb1] 199.19.213.141 "GET /v2.0/networks/2352daf7-cd80-4a53-ba1a-53ee5cc7d6f3?fields=segments HTTP/1.1" status: 200 len: 212 time: 0.0980096
2026-04-23 09:06:47.032 9 INFO neutron.pecan_wsgi.hooks.translation [None req-8eca7861-fbc9-438a-9d31-57e757bb6031 2d874a480f6b48979b35e2224ab8df37 80904783ced34c1cab0fb022328fde3c - - default default] DELETE failed (client error): The resource could not be found.
2026-04-23 09:06:47.035 9 INFO neutron.wsgi [None req-8eca7861-fbc9-438a-9d31-57e757bb6031 2d874a480f6b48979b35e2224ab8df37 80904783ced34c1cab0fb022328fde3c - - default default] 199.19.213.141 "DELETE /v2.0/ports/c26f8318-7b66-4d7b-8fc1-67835c4ce5c1 HTTP/1.1" status: 404 len: 338 time: 0.0285075
2026-04-23 09:06:47.094 9 INFO neutron.wsgi [req-de9ba3d8-dcfd-4b68-a853-ee28942d65dd req-ce985ab6-600f-4efd-94ce-36e29e07144a cf64eec04e2a4132a6152c1efa922e0c 6e3e603828d74104aebcf9cc2d58b42a - - f2cf2090b4f64ebeb315ff6b43a7bfb1 f2cf2090b4f64ebeb315ff6b43a7bfb1] 199.19.213.141 "GET /v2.0/networks/2352daf7-cd80-4a53-ba1a-53ee5cc7d6f3?fields=provider%3Aphysical_network&fields=provider%3Anetwork_type HTTP/1.1" status: 200 len: 277 time: 0.0803893
2026-04-23 09:06:47.126 9 INFO neutron.wsgi [req-de9ba3d8-dcfd-4b68-a853-ee28942d65dd req-2ffc9c35-fc80-43c0-ba2e-34410622b764 cf64eec04e2a4132a6152c1efa922e0c 6e3e603828d74104aebcf9cc2d58b42a - - f2cf2090b4f64ebeb315ff6b43a7bfb1 f2cf2090b4f64ebeb315ff6b43a7bfb1] 199.19.213.141 "GET /v2.0/floatingips?fixed_ip_address=10.1.1.183&port_id=714339c3-9389-4bbe-a6ca-a3eeb220c550 HTTP/1.1" status: 200 len: 217 time: 0.0232217
2026-04-23 09:06:47.175 9 INFO neutron.wsgi [req-de9ba3d8-dcfd-4b68-a853-ee28942d65dd req-957a9dcf-f11b-4af5-bf27-48ad16099d45 cf64eec04e2a4132a6152c1efa922e0c 6e3e603828d74104aebcf9cc2d58b42a - - f2cf2090b4f64ebeb315ff6b43a7bfb1 f2cf2090b4f64ebeb315ff6b43a7bfb1] 199.19.213.141 "GET /v2.0/subnets?id=2bad770b-8fbd-4ef9-9a65-f8bedc728cbd HTTP/1.1" status: 200 len: 854 time: 0.0400708
2026-04-23 09:06:47.182 9 INFO neutron.wsgi [None req-218d988a-18e8-4c5a-b8f0-9c82fcefd5af 2d874a480f6b48979b35e2224ab8df37 80904783ced34c1cab0fb022328fde3c - - default default] 199.19.213.141 "GET /v2.0/extensions/security-group HTTP/1.1" status: 200 len: 369 time: 0.0053566
2026-04-23 09:06:47.197 9 INFO neutron.wsgi [None req-388cb1bd-a8f7-45bf-ac41-0189c2ebe267 2d874a480f6b48979b35e2224ab8df37 80904783ced34c1cab0fb022328fde3c - - default default] 199.19.213.141 "GET /v2.0/extensions/dns-integration HTTP/1.1" status: 200 len: 371 time: 0.0055151
2026-04-23 09:06:47.221 9 INFO neutron.wsgi [None req-785b2da4-2309-49c0-b21d-d798745e883f 2d874a480f6b48979b35e2224ab8df37 80904783ced34c1cab0fb022328fde3c - - default default] 199.19.213.141 "GET /v2.0/extensions/qos HTTP/1.1" status: 200 len: 365 time: 0.0099924
2026-04-23 09:06:47.224 9 INFO neutron.wsgi [req-de9ba3d8-dcfd-4b68-a853-ee28942d65dd req-3196785c-2289-41d2-863a-033f0964612c cf64eec04e2a4132a6152c1efa922e0c 6e3e603828d74104aebcf9cc2d58b42a - - f2cf2090b4f64ebeb315ff6b43a7bfb1 f2cf2090b4f64ebeb315ff6b43a7bfb1] 199.19.213.141 "GET /v2.0/ports?network_id=1c29865e-50c6-4741-a45f-53431b273060&device_owner=network%3Adhcp HTTP/1.1" status: 200 len: 210 time: 0.0407999
2026-04-23 09:06:47.234 9 INFO neutron.wsgi [None req-a76dcc5c-f5c7-4120-a497-17c3c6be4909 2d874a480f6b48979b35e2224ab8df37 80904783ced34c1cab0fb022328fde3c - - default default] 199.19.213.141 "GET /v2.0/extensions/allowed-address-pairs HTTP/1.1" status: 200 len: 383 time: 0.0051410
2026-04-23 09:06:47.298 9 INFO neutron.wsgi [None req-497922e8-b073-44ff-a8a0-63847b58b5a6 2d874a480f6b48979b35e2224ab8df37 80904783ced34c1cab0fb022328fde3c - - default default] 199.19.213.141 "GET /v2.0/subnets/2bad770b-8fbd-4ef9-9a65-f8bedc728cbd HTTP/1.1" status: 200 len: 851 time: 0.0553255
2026-04-23 09:06:47.340 9 INFO neutron.wsgi [req-de9ba3d8-dcfd-4b68-a853-ee28942d65dd req-067d010a-671a-4344-a473-733296ea9ea3 cf64eec04e2a4132a6152c1efa922e0c 6e3e603828d74104aebcf9cc2d58b42a - - f2cf2090b4f64ebeb315ff6b43a7bfb1 f2cf2090b4f64ebeb315ff6b43a7bfb1] 199.19.213.141 "GET /v2.0/networks/1c29865e-50c6-4741-a45f-53431b273060?fields=segments HTTP/1.1" status: 200 len: 212 time: 0.1049490
2026-04-23 09:06:47.352 9 INFO neutron.wsgi [None req-c82382ea-b8b5-4fbe-a939-bb8660c5be1d 2d874a480f6b48979b35e2224ab8df37 80904783ced34c1cab0fb022328fde3c - - default default] 199.19.213.141 "GET /v2.0/ports/a45cc493-f995-41c1-866a-e33acc524606 HTTP/1.1" status: 200 len: 1340 time: 0.0455630
2026-04-23 09:06:47.438 9 INFO neutron.wsgi [None req-e1e422fd-000d-4d55-b8c5-d57aa758173a 2d874a480f6b48979b35e2224ab8df37 80904783ced34c1cab0fb022328fde3c - - default default] 199.19.213.141 "GET /v2.0/ports/714339c3-9389-4bbe-a6ca-a3eeb220c550 HTTP/1.1" status: 200 len: 1519 time: 0.0776494
2026-04-23 09:06:47.501 9 INFO neutron.wsgi [req-de9ba3d8-dcfd-4b68-a853-ee28942d65dd req-55ae8d9b-2796-4919-80f9-59906d824b39 cf64eec04e2a4132a6152c1efa922e0c 6e3e603828d74104aebcf9cc2d58b42a - - f2cf2090b4f64ebeb315ff6b43a7bfb1 f2cf2090b4f64ebeb315ff6b43a7bfb1] 199.19.213.141 "GET /v2.0/networks/1c29865e-50c6-4741-a45f-53431b273060?fields=provider%3Aphysical_network&fields=provider%3Anetwork_type HTTP/1.1" status: 200 len: 277 time: 0.1488662
2026-04-23 09:06:47.511 9 INFO neutron.wsgi [None req-e7ac9b27-18a2-4793-939f-388f4d0d6976 2d874a480f6b48979b35e2224ab8df37 80904783ced34c1cab0fb022328fde3c - - default default] 199.19.213.141 "GET /v2.0/subnets/2bad770b-8fbd-4ef9-9a65-f8bedc728cbd HTTP/1.1" status: 200 len: 851 time: 0.0648217
2026-04-23 09:06:47.537 9 INFO neutron.wsgi [req-de9ba3d8-dcfd-4b68-a853-ee28942d65dd req-be112a43-6c2c-4ff5-9702-6ab335bd3451 cf64eec04e2a4132a6152c1efa922e0c 6e3e603828d74104aebcf9cc2d58b42a - - f2cf2090b4f64ebeb315ff6b43a7bfb1 f2cf2090b4f64ebeb315ff6b43a7bfb1] 199.19.213.141 "GET /v2.0/floatingips?fixed_ip_address=10.2.1.118&port_id=c5b55797-3112-46a8-9d63-d9db5c2c60f1 HTTP/1.1" status: 200 len: 217 time: 0.0254271
2026-04-23 09:06:47.606 9 INFO neutron.wsgi [req-de9ba3d8-dcfd-4b68-a853-ee28942d65dd req-e7b941d3-b2cd-4813-85ca-02fb603c33e0 cf64eec04e2a4132a6152c1efa922e0c 6e3e603828d74104aebcf9cc2d58b42a - - f2cf2090b4f64ebeb315ff6b43a7bfb1 f2cf2090b4f64ebeb315ff6b43a7bfb1] 199.19.213.141 "GET /v2.0/subnets?id=c39e221f-061d-4dd0-97a8-0aa36b027c51 HTTP/1.1" status: 200 len: 851 time: 0.0631778
2026-04-23 09:06:47.619 9 INFO neutron.wsgi [None req-7f3a2f0f-ca37-42e6-9815-311d87acfd6b 2d874a480f6b48979b35e2224ab8df37 80904783ced34c1cab0fb022328fde3c - - default default] 199.19.213.141 "GET /v2.0/networks/1c29865e-50c6-4741-a45f-53431b273060 HTTP/1.1" status: 200 len: 1002 time: 0.1004579
2026-04-23 09:06:47.639 9 INFO neutron.notifiers.nova [-] Nova event matching ['req-501d3443-557e-48fa-a247-99799cfe457b'] response: {'server_uuid': '9a234057-907f-4539-a11c-f96514d98b80', 'name': 'network-vif-deleted', 'tag': 'c26f8318-7b66-4d7b-8fc1-67835c4ce5c1', 'status': 'completed', 'code': 200}
2026-04-23 09:06:47.647 9 INFO neutron.wsgi [req-de9ba3d8-dcfd-4b68-a853-ee28942d65dd req-aa40f169-2c3c-4764-9b3f-ed1d1ad95525 cf64eec04e2a4132a6152c1efa922e0c 6e3e603828d74104aebcf9cc2d58b42a - - f2cf2090b4f64ebeb315ff6b43a7bfb1 f2cf2090b4f64ebeb315ff6b43a7bfb1] 199.19.213.141 "GET /v2.0/ports?network_id=e9d6d48c-00b5-4b28-9f7f-98f0e7fdd0d1&device_owner=network%3Adhcp HTTP/1.1" status: 200 len: 210 time: 0.0269377
2026-04-23 09:06:47.684 9 INFO neutron.wsgi [None req-1d080479-378e-43b6-b8fa-49ea42044918 2d874a480f6b48979b35e2224ab8df37 80904783ced34c1cab0fb022328fde3c - - default default] 199.19.213.141 "GET /v2.0/ports/a45cc493-f995-41c1-866a-e33acc524606 HTTP/1.1" status: 200 len: 1340 time: 0.0466552
2026-04-23 09:06:47.736 9 INFO neutron.wsgi [None req-b823cd92-095f-4b86-bca6-caafcbc433fc 2d874a480f6b48979b35e2224ab8df37 80904783ced34c1cab0fb022328fde3c - - default default] 199.19.213.141 "GET /v2.0/subnets/2bad770b-8fbd-4ef9-9a65-f8bedc728cbd HTTP/1.1" status: 200 len: 851 time: 0.0410557
2026-04-23 09:06:47.749 9 INFO neutron.wsgi [req-de9ba3d8-dcfd-4b68-a853-ee28942d65dd req-d29db376-08a3-499e-a73a-4448fc960a38 cf64eec04e2a4132a6152c1efa922e0c 6e3e603828d74104aebcf9cc2d58b42a - - f2cf2090b4f64ebeb315ff6b43a7bfb1 f2cf2090b4f64ebeb315ff6b43a7bfb1] 199.19.213.141 "GET /v2.0/networks/e9d6d48c-00b5-4b28-9f7f-98f0e7fdd0d1?fields=segments HTTP/1.1" status: 200 len: 212 time: 0.0926967
2026-04-23 09:06:47.824 9 INFO neutron.wsgi [req-de9ba3d8-dcfd-4b68-a853-ee28942d65dd req-0aea8057-8022-4c3b-a1b1-e9e524e274d2 cf64eec04e2a4132a6152c1efa922e0c 6e3e603828d74104aebcf9cc2d58b42a - - f2cf2090b4f64ebeb315ff6b43a7bfb1 f2cf2090b4f64ebeb315ff6b43a7bfb1] 199.19.213.141 "GET /v2.0/networks/e9d6d48c-00b5-4b28-9f7f-98f0e7fdd0d1?fields=provider%3Aphysical_network&fields=provider%3Anetwork_type HTTP/1.1" status: 200 len: 277 time: 0.0690813
2026-04-23 09:06:48.325 10 INFO neutron.notifiers.nova [-] Nova event matching ['req-4d1b9640-bff8-4e3d-ba9a-add2e83201bf'] response: {'server_uuid': '9a234057-907f-4539-a11c-f96514d98b80', 'name': 'network-vif-plugged', 'status': 'completed', 'tag': 'c26f8318-7b66-4d7b-8fc1-67835c4ce5c1', 'code': 200}
2026-04-23 09:06:54.096 9 INFO neutron.wsgi [-] 10.0.0.224 "GET / HTTP/1.1" status: 200 len: 246 time: 0.0017316
2026-04-23 09:06:54.098 9 INFO neutron.wsgi [-] 10.0.0.224 "GET / HTTP/1.1" status: 200 len: 246 time: 0.0013263
2026-04-23 09:06:55.112 9 INFO neutron.wsgi [None req-cf3bf681-2e60-489b-af8a-9426b3bafd67 2d874a480f6b48979b35e2224ab8df37 80904783ced34c1cab0fb022328fde3c - - default default] 199.19.213.141 "GET /v2.0/extensions/security-group HTTP/1.1" status: 200 len: 369 time: 0.0095940
2026-04-23 09:06:55.121 9 INFO neutron.wsgi [None req-5ac7f759-ea76-4b72-85f2-cf412daad405 2d874a480f6b48979b35e2224ab8df37 80904783ced34c1cab0fb022328fde3c - - default default] 199.19.213.141 "GET /v2.0/extensions/dns-integration HTTP/1.1" status: 200 len: 371 time: 0.0054231
2026-04-23 09:06:55.132 9 INFO neutron.wsgi [None req-eaeec200-3486-4927-bc44-1ba8eb4a4d5a 2d874a480f6b48979b35e2224ab8df37 80904783ced34c1cab0fb022328fde3c - - default default] 199.19.213.141 "GET /v2.0/extensions/qos HTTP/1.1" status: 200 len: 365 time: 0.0065441
2026-04-23 09:06:55.146 9 INFO neutron.wsgi [None req-e7405256-60b9-4ad9-a8fe-5e0b9bf8f090 2d874a480f6b48979b35e2224ab8df37 80904783ced34c1cab0fb022328fde3c - - default default] 199.19.213.141 "GET /v2.0/extensions/allowed-address-pairs HTTP/1.1" status: 200 len: 383 time: 0.0093269
2026-04-23 09:06:55.201 9 INFO neutron.wsgi [None req-b27c5058-d170-40db-a56b-9ace21f1501f 2d874a480f6b48979b35e2224ab8df37 80904783ced34c1cab0fb022328fde3c - - default default] 199.19.213.141 "GET /v2.0/ports?device_id=9a234057-907f-4539-a11c-f96514d98b80 HTTP/1.1" status: 200 len: 3926 time: 0.0483589
2026-04-23 09:06:55.365 9 INFO neutron.wsgi [None req-bd53e8f7-eb4c-4162-90f9-fb2fcb51e5e5 2d874a480f6b48979b35e2224ab8df37 80904783ced34c1cab0fb022328fde3c - - default default] 199.19.213.141 "GET /v2.0/extensions/security-group HTTP/1.1" status: 200 len: 369 time: 0.0084565
2026-04-23 09:06:55.380 9 INFO neutron.wsgi [None req-94fc4690-434a-41e2-a0dd-0ad61fd15cbe 2d874a480f6b48979b35e2224ab8df37 80904783ced34c1cab0fb022328fde3c - - default default] 199.19.213.141 "GET /v2.0/extensions/dns-integration HTTP/1.1" status: 200 len: 371 time: 0.0078866
2026-04-23 09:06:55.390 9 INFO neutron.wsgi [None req-8eef7064-c584-43c9-8498-2e9af93e3e75 2d874a480f6b48979b35e2224ab8df37 80904783ced34c1cab0fb022328fde3c - - default default] 199.19.213.141 "GET /v2.0/extensions/qos HTTP/1.1" status: 200 len: 365 time: 0.0053289
2026-04-23 09:06:55.401 9 INFO neutron.wsgi [None req-976a9c1f-a4f1-42d4-80b6-06a352715ebc 2d874a480f6b48979b35e2224ab8df37 80904783ced34c1cab0fb022328fde3c - - default default] 199.19.213.141 "GET /v2.0/extensions/allowed-address-pairs HTTP/1.1" status: 200 len: 383 time: 0.0054772
2026-04-23 09:06:55.449 9 INFO neutron.wsgi [None req-64c73b56-c391-42bf-ae8b-1e89dba64284 2d874a480f6b48979b35e2224ab8df37 80904783ced34c1cab0fb022328fde3c - - default default] 199.19.213.141 "GET /v2.0/ports/c5b55797-3112-46a8-9d63-d9db5c2c60f1 HTTP/1.1" status: 200 len: 1406 time: 0.0412538 /var/lib/openstack/lib/python3.10/site-packages/pycadf/identifier.py:71: UserWarning: Invalid uuid: neutron. To ensure interoperability, identifiers should be a valid uuid. warnings.warn(('Invalid uuid: %s. To ensure interoperability, '
2026-04-23 09:06:56.091 10 INFO neutron.wsgi [None req-adf65814-8d11-454e-9489-ea5e8a74203b 2d874a480f6b48979b35e2224ab8df37 80904783ced34c1cab0fb022328fde3c - - default default] 10.0.0.232 "GET /v2.0/networks HTTP/1.1" status: 200 len: 4722 time: 0.1573083
2026-04-23 09:06:56.149 10 INFO neutron.wsgi [None req-a8713d6e-18eb-4d51-bf0b-5bf33c6e9cf5 2d874a480f6b48979b35e2224ab8df37 80904783ced34c1cab0fb022328fde3c - - default default] 10.0.0.232 "GET /v2.0/subnets HTTP/1.1" status: 200 len: 5496 time: 0.0536573
2026-04-23 09:06:56.231 9 INFO neutron.db.ovn_revision_numbers_db [None req-aa919ede-d8ee-45c2-ab84-0c3af5719984 2d874a480f6b48979b35e2224ab8df37 80904783ced34c1cab0fb022328fde3c - - default default] Successfully bumped revision number for resource c5b55797-3112-46a8-9d63-d9db5c2c60f1 (type: ports) to 6
2026-04-23 09:06:56.244 9 INFO neutron.wsgi [None req-aa919ede-d8ee-45c2-ab84-0c3af5719984 2d874a480f6b48979b35e2224ab8df37 80904783ced34c1cab0fb022328fde3c - - default default] 199.19.213.141 "PUT /v2.0/ports/c5b55797-3112-46a8-9d63-d9db5c2c60f1 HTTP/1.1" status: 200 len: 1203 time: 0.7860243
2026-04-23 09:06:56.250 10 INFO neutron.wsgi [None req-b315744a-ff41-43d4-bdf8-ddf1bddf58b0 2d874a480f6b48979b35e2224ab8df37 80904783ced34c1cab0fb022328fde3c - - default default] 10.0.0.232 "GET /v2.0/ports HTTP/1.1" status: 200 len: 23253 time: 0.0974741 /var/lib/openstack/lib/python3.10/site-packages/pycadf/identifier.py:71: UserWarning: Invalid uuid: neutron. To ensure interoperability, identifiers should be a valid uuid. warnings.warn(('Invalid uuid: %s. To ensure interoperability, '
2026-04-23 09:06:56.280 9 INFO neutron.notifiers.nova [-] Nova event matching ['req-4a8100d8-b9ab-4e88-ac17-45a675fdb2a7'] response: {'name': 'network-changed', 'server_uuid': '9a234057-907f-4539-a11c-f96514d98b80', 'tag': 'c5b55797-3112-46a8-9d63-d9db5c2c60f1', 'status': 'completed', 'code': 200}
2026-04-23 09:06:56.286 10 INFO neutron.wsgi [None req-a9006391-2d7d-4043-b38f-9e8d7623fc9a 2d874a480f6b48979b35e2224ab8df37 80904783ced34c1cab0fb022328fde3c - - default default] 10.0.0.232 "GET /v2.0/network-ip-availabilities HTTP/1.1" status: 200 len: 3364 time: 0.0178480
2026-04-23 09:06:56.300 10 INFO neutron.wsgi [None req-a1de1fa8-021a-4c44-b465-4aae4a3f1114 2d874a480f6b48979b35e2224ab8df37 80904783ced34c1cab0fb022328fde3c - - default default] 10.0.0.232 "GET /v2.0/agents HTTP/1.1" status: 200 len: 997 time: 0.0119922
2026-04-23 09:06:56.337 9 INFO neutron.wsgi [None req-c22814aa-2664-4641-bd00-8bcfa1735eca 2d874a480f6b48979b35e2224ab8df37 80904783ced34c1cab0fb022328fde3c - - default default] 199.19.213.141 "GET /v2.0/networks/e9d6d48c-00b5-4b28-9f7f-98f0e7fdd0d1 HTTP/1.1" status: 200 len: 1000 time: 0.0845101
2026-04-23 09:06:56.348 10 INFO neutron.wsgi [None req-d9344640-24c7-4ff8-9b2e-37370765a727 2d874a480f6b48979b35e2224ab8df37 80904783ced34c1cab0fb022328fde3c - - default default] 10.0.0.232 "GET /v2.0/subnets HTTP/1.1" status: 200 len: 5496 time: 0.0477352
2026-04-23 09:06:56.351 9 INFO neutron.wsgi [req-0b2824de-d3d7-4393-a263-1f89d5398777 req-41d79d64-6c5c-4b5c-99c9-81762ec7345b cf64eec04e2a4132a6152c1efa922e0c 6e3e603828d74104aebcf9cc2d58b42a - - f2cf2090b4f64ebeb315ff6b43a7bfb1 f2cf2090b4f64ebeb315ff6b43a7bfb1] 199.19.213.141 "GET /v2.0/ports?tenant_id=80904783ced34c1cab0fb022328fde3c&device_id=9a234057-907f-4539-a11c-f96514d98b80 HTTP/1.1" status: 200 len: 3751 time: 0.0456293
2026-04-23 09:06:56.364 10 INFO neutron.wsgi [None req-2c73dba3-0de0-4def-95f1-41f53cddebf4 2d874a480f6b48979b35e2224ab8df37 80904783ced34c1cab0fb022328fde3c - - default default] 10.0.0.232 "GET /v2.0/subnetpools HTTP/1.1" status: 200 len: 193 time: 0.0119627
2026-04-23 09:06:56.421 9 INFO neutron.wsgi [None req-2c585803-6cba-4c8d-ad5b-3fa89b98be8f 2d874a480f6b48979b35e2224ab8df37 80904783ced34c1cab0fb022328fde3c - - default default] 199.19.213.141 "GET /v2.0/ports?device_id=9a234057-907f-4539-a11c-f96514d98b80 HTTP/1.1" status: 200 len: 3751 time: 0.0691876
2026-04-23 09:06:56.452 10 INFO neutron.wsgi [None req-b04c9937-ebf7-472a-b782-72d4575ae7eb 2d874a480f6b48979b35e2224ab8df37 80904783ced34c1cab0fb022328fde3c - - default default] 10.0.0.232 "GET /v2.0/routers HTTP/1.1" status: 200 len: 850 time: 0.0875409
2026-04-23 09:06:56.460 9 INFO neutron.wsgi [req-0b2824de-d3d7-4393-a263-1f89d5398777 req-8eda94ec-32bb-4fd4-a5ae-c7539a0bde5d cf64eec04e2a4132a6152c1efa922e0c 6e3e603828d74104aebcf9cc2d58b42a - - f2cf2090b4f64ebeb315ff6b43a7bfb1 f2cf2090b4f64ebeb315ff6b43a7bfb1] 199.19.213.141 "GET /v2.0/networks?id=e9d6d48c-00b5-4b28-9f7f-98f0e7fdd0d1 HTTP/1.1" status: 200 len: 1003 time: 0.0904438
2026-04-23 09:06:56.464 10 INFO neutron.wsgi [None req-104ce264-2c96-4c8d-9b40-4fafe2f17279 2d874a480f6b48979b35e2224ab8df37 80904783ced34c1cab0fb022328fde3c - - default default] 10.0.0.232 "GET /v2.0/agents?binary=ovn-controller HTTP/1.1" status: 200 len: 591 time: 0.0109830
2026-04-23 09:06:56.509 10 INFO neutron.wsgi [None req-24e6c902-4265-4520-a79a-1730f6c2874e 2d874a480f6b48979b35e2224ab8df37 80904783ced34c1cab0fb022328fde3c - - default default] 10.0.0.232 "GET /v2.0/floatingips HTTP/1.1" status: 200 len: 2766 time: 0.0444791
2026-04-23 09:06:56.548 9 INFO neutron.wsgi [None req-af2e33fc-b129-4548-8e91-56ec97deaa1b 2d874a480f6b48979b35e2224ab8df37 80904783ced34c1cab0fb022328fde3c - - default default] 199.19.213.141 "GET /v2.0/ports?device_id=9a234057-907f-4539-a11c-f96514d98b80 HTTP/1.1" status: 200 len: 3751 time: 0.0543818
2026-04-23 09:06:56.559 9 INFO neutron.wsgi [req-0b2824de-d3d7-4393-a263-1f89d5398777 req-966f9898-340c-47cb-a7f7-b2cbc4c713a5 cf64eec04e2a4132a6152c1efa922e0c 6e3e603828d74104aebcf9cc2d58b42a - - f2cf2090b4f64ebeb315ff6b43a7bfb1 f2cf2090b4f64ebeb315ff6b43a7bfb1] 199.19.213.141 "GET /v2.0/networks/e9d6d48c-00b5-4b28-9f7f-98f0e7fdd0d1?fields=segments HTTP/1.1" status: 200 len: 212 time: 0.0884264
2026-04-23 09:06:56.571 10 INFO neutron.wsgi [None req-8dc575b9-24e3-4707-aa3b-0f5edcf1f127 2d874a480f6b48979b35e2224ab8df37 80904783ced34c1cab0fb022328fde3c - - default default] 10.0.0.232 "GET /v2.0/security-groups HTTP/1.1" status: 200 len: 30251 time: 0.0596144
2026-04-23 09:06:56.635 9 INFO neutron.wsgi [req-0b2824de-d3d7-4393-a263-1f89d5398777 req-689f47c8-db22-44d2-80ef-52e201617429 cf64eec04e2a4132a6152c1efa922e0c 6e3e603828d74104aebcf9cc2d58b42a - - f2cf2090b4f64ebeb315ff6b43a7bfb1 f2cf2090b4f64ebeb315ff6b43a7bfb1] 199.19.213.141 "GET /v2.0/networks/e9d6d48c-00b5-4b28-9f7f-98f0e7fdd0d1?fields=provider%3Aphysical_network&fields=provider%3Anetwork_type HTTP/1.1" status: 200 len: 277 time: 0.0699754
2026-04-23 09:06:56.797 9 INFO neutron.plugins.ml2.drivers.ovn.mech_driver.mech_driver [None req-783ddb92-8062-4664-9a68-f9c9037dddb4 - - - - - -] OVN reports status down for port: c5b55797-3112-46a8-9d63-d9db5c2c60f1
2026-04-23 09:06:56.890 9 INFO neutron.wsgi [req-c59d6b7e-768d-4352-ae59-10d0e33152c5 req-282aef56-5081-4e9f-910b-1fe4b24856d1 cf64eec04e2a4132a6152c1efa922e0c 6e3e603828d74104aebcf9cc2d58b42a - - f2cf2090b4f64ebeb315ff6b43a7bfb1 f2cf2090b4f64ebeb315ff6b43a7bfb1] 199.19.213.141 "GET /v2.0/ports/c5b55797-3112-46a8-9d63-d9db5c2c60f1 HTTP/1.1" status: 200 len: 1231 time: 0.0520828
2026-04-23 09:06:57.267 9 ERROR ovsdbapp.backend.ovs_idl.command [None req-783ddb92-8062-4664-9a68-f9c9037dddb4 - - - - - -] Error executing command (LspGetUpCommand): ovsdbapp.backend.ovs_idl.idlutils.RowNotFound: Cannot find Logical_Switch_Port with name=c5b55797-3112-46a8-9d63-d9db5c2c60f1
2026-04-23 09:06:57.267 9 ERROR ovsdbapp.backend.ovs_idl.command
Traceback (most recent call last):
2026-04-23 09:06:57.267 9 ERROR ovsdbapp.backend.ovs_idl.command
File "/var/lib/openstack/lib/python3.10/site-packages/ovsdbapp/backend/ovs_idl/command.py", line 47, in execute
2026-04-23 09:06:57.267 9 ERROR ovsdbapp.backend.ovs_idl.command self.run_idl(None)
2026-04-23 09:06:57.267 9 ERROR ovsdbapp.backend.ovs_idl.command
File "/var/lib/openstack/lib/python3.10/site-packages/ovsdbapp/schema/ovn_northbound/commands.py", line 672, in run_idl
2026-04-23 09:06:57.267 9 ERROR ovsdbapp.backend.ovs_idl.command lsp = self.api.lookup('Logical_Switch_Port', self.port)
2026-04-23 09:06:57.267 9 ERROR ovsdbapp.backend.ovs_idl.command
File "/var/lib/openstack/lib/python3.10/site-packages/ovsdbapp/backend/ovs_idl/__init__.py", line 184, in lookup
2026-04-23 09:06:57.267 9 ERROR ovsdbapp.backend.ovs_idl.command return self._lookup(table, record)
2026-04-23 09:06:57.267 9 ERROR ovsdbapp.backend.ovs_idl.command
File "/var/lib/openstack/lib/python3.10/site-packages/ovsdbapp/backend/ovs_idl/__init__.py", line 235, in _lookup
2026-04-23 09:06:57.267 9 ERROR ovsdbapp.backend.ovs_idl.command row = idlutils.row_by_value(self, rl.table, rl.column, record)
2026-04-23 09:06:57.267 9 ERROR ovsdbapp.backend.ovs_idl.command
File "/var/lib/openstack/lib/python3.10/site-packages/ovsdbapp/backend/ovs_idl/idlutils.py", line 114, in row_by_value
2026-04-23 09:06:57.267 9 ERROR ovsdbapp.backend.ovs_idl.command raise RowNotFound(table=table, col=column, match=match)
2026-04-23 09:06:57.267 9 ERROR ovsdbapp.backend.ovs_idl.command ovsdbapp.backend.ovs_idl.idlutils.RowNotFound: Cannot find Logical_Switch_Port with name=c5b55797-3112-46a8-9d63-d9db5c2c60f1
2026-04-23 09:06:57.267 9 ERROR ovsdbapp.backend.ovs_idl.command 
2026-04-23 09:06:57.269 9 ERROR ovsdbapp.event [None req-783ddb92-8062-4664-9a68-f9c9037dddb4 - - - - - -] Unexpected exception in notify_loop: ovsdbapp.backend.ovs_idl.idlutils.RowNotFound: Cannot find Logical_Switch_Port with name=c5b55797-3112-46a8-9d63-d9db5c2c60f1
2026-04-23 09:06:57.269 9 ERROR ovsdbapp.event
Traceback (most recent call last):
2026-04-23 09:06:57.269 9 ERROR ovsdbapp.event
File "/var/lib/openstack/lib/python3.10/site-packages/ovsdbapp/event.py", line 177, in notify_loop
2026-04-23 09:06:57.269 9 ERROR ovsdbapp.event match.run(event, row, updates)
2026-04-23 09:06:57.269 9 ERROR ovsdbapp.event
File "/var/lib/openstack/lib/python3.10/site-packages/neutron/plugins/ml2/drivers/ovn/mech_driver/ovsdb/ovsdb_monitor.py", line 543, in run
2026-04-23 09:06:57.269 9 ERROR ovsdbapp.event self.driver.set_port_status_down(row.name)
2026-04-23 09:06:57.269 9 ERROR ovsdbapp.event
File "/var/lib/openstack/lib/python3.10/site-packages/neutron/plugins/ml2/drivers/ovn/mech_driver/mech_driver.py", line 1241, in set_port_status_down
2026-04-23 09:06:57.269 9 ERROR ovsdbapp.event self._ovn_client.update_lsp_host_info(
2026-04-23 09:06:57.269 9 ERROR ovsdbapp.event
File "/var/lib/openstack/lib/python3.10/site-packages/neutron/plugins/ml2/drivers/ovn/mech_driver/ovsdb/ovn_client.py", line 297, in update_lsp_host_info
2026-04-23 09:06:57.269 9 ERROR ovsdbapp.event port_up = self._nb_idl.lsp_get_up(db_port.id).execute(
2026-04-23 09:06:57.269 9 ERROR ovsdbapp.event
File "/var/lib/openstack/lib/python3.10/site-packages/ovsdbapp/backend/ovs_idl/command.py", line 47, in execute
2026-04-23 09:06:57.269 9 ERROR ovsdbapp.event self.run_idl(None)
2026-04-23 09:06:57.269 9 ERROR ovsdbapp.event
File "/var/lib/openstack/lib/python3.10/site-packages/ovsdbapp/schema/ovn_northbound/commands.py", line 672, in run_idl
2026-04-23 09:06:57.269 9 ERROR ovsdbapp.event lsp = self.api.lookup('Logical_Switch_Port', self.port)
2026-04-23 09:06:57.269 9 ERROR ovsdbapp.event
File "/var/lib/openstack/lib/python3.10/site-packages/ovsdbapp/backend/ovs_idl/__init__.py", line 184, in lookup
2026-04-23 09:06:57.269 9 ERROR ovsdbapp.event return self._lookup(table, record)
2026-04-23 09:06:57.269 9 ERROR ovsdbapp.event
File "/var/lib/openstack/lib/python3.10/site-packages/ovsdbapp/backend/ovs_idl/__init__.py", line 235, in _lookup
2026-04-23 09:06:57.269 9 ERROR ovsdbapp.event row = idlutils.row_by_value(self, rl.table, rl.column, record)
2026-04-23 09:06:57.269 9 ERROR ovsdbapp.event
File "/var/lib/openstack/lib/python3.10/site-packages/ovsdbapp/backend/ovs_idl/idlutils.py", line 114, in row_by_value
2026-04-23 09:06:57.269 9 ERROR ovsdbapp.event raise RowNotFound(table=table, col=column, match=match)
2026-04-23 09:06:57.269 9 ERROR ovsdbapp.event ovsdbapp.backend.ovs_idl.idlutils.RowNotFound: Cannot find Logical_Switch_Port with name=c5b55797-3112-46a8-9d63-d9db5c2c60f1
2026-04-23 09:06:57.269 9 ERROR ovsdbapp.event 
2026-04-23 09:06:57.289 9 INFO neutron.wsgi [req-c59d6b7e-768d-4352-ae59-10d0e33152c5 req-cfe2c6ec-2e4e-4846-bc35-f8c1286e0ee4 2d874a480f6b48979b35e2224ab8df37 80904783ced34c1cab0fb022328fde3c - - default default] 199.19.213.141 "DELETE /v2.0/ports/c5b55797-3112-46a8-9d63-d9db5c2c60f1 HTTP/1.1" status: 204 len: 173 time: 0.3936067
2026-04-23 09:06:57.424 9 INFO neutron.wsgi [req-c59d6b7e-768d-4352-ae59-10d0e33152c5 req-462cb1f3-364a-478b-b1b0-f9eb1a1b132f cf64eec04e2a4132a6152c1efa922e0c 6e3e603828d74104aebcf9cc2d58b42a - - f2cf2090b4f64ebeb315ff6b43a7bfb1 f2cf2090b4f64ebeb315ff6b43a7bfb1] 199.19.213.141 "GET /v2.0/ports?tenant_id=80904783ced34c1cab0fb022328fde3c&device_id=9a234057-907f-4539-a11c-f96514d98b80 HTTP/1.1" status: 200 len: 2728 time: 0.0421512
2026-04-23 09:06:57.513 9 INFO neutron.wsgi [req-c59d6b7e-768d-4352-ae59-10d0e33152c5 req-7a89e149-070b-4e6b-8e34-118363d578b5 cf64eec04e2a4132a6152c1efa922e0c 6e3e603828d74104aebcf9cc2d58b42a - - f2cf2090b4f64ebeb315ff6b43a7bfb1 f2cf2090b4f64ebeb315ff6b43a7bfb1] 199.19.213.141 "GET /v2.0/networks?id=2352daf7-cd80-4a53-ba1a-53ee5cc7d6f3&id=1c29865e-50c6-4741-a45f-53431b273060&id=e9d6d48c-00b5-4b28-9f7f-98f0e7fdd0d1 HTTP/1.1" status: 200 len: 2520 time: 0.0809000
2026-04-23 09:06:57.562 9 INFO neutron.wsgi [req-c59d6b7e-768d-4352-ae59-10d0e33152c5 req-afae89d5-735e-4bbe-a612-7a15f2bc60d6 cf64eec04e2a4132a6152c1efa922e0c 6e3e603828d74104aebcf9cc2d58b42a - - f2cf2090b4f64ebeb315ff6b43a7bfb1 f2cf2090b4f64ebeb315ff6b43a7bfb1] 199.19.213.141 "GET /v2.0/floatingips?fixed_ip_address=172.24.0.194&port_id=aee0f25f-ffdb-4d80-9f50-42e81861ed9c HTTP/1.1" status: 200 len: 217 time: 0.0288079
2026-04-23 09:06:57.626 9 INFO neutron.wsgi [None req-df9374f0-4567-4d31-a219-141ab97288f4 2d874a480f6b48979b35e2224ab8df37 80904783ced34c1cab0fb022328fde3c - - default default] 199.19.213.141 "GET /v2.0/ports?device_id=9a234057-907f-4539-a11c-f96514d98b80 HTTP/1.1" status: 200 len: 2728 time: 0.0642285
2026-04-23 09:06:57.632 9 INFO neutron.wsgi [req-c59d6b7e-768d-4352-ae59-10d0e33152c5 req-05ced2ff-b72b-459a-92b6-37a4f5cc96a2 cf64eec04e2a4132a6152c1efa922e0c 6e3e603828d74104aebcf9cc2d58b42a - - f2cf2090b4f64ebeb315ff6b43a7bfb1 f2cf2090b4f64ebeb315ff6b43a7bfb1] 199.19.213.141 "GET /v2.0/subnets?id=f951e200-b807-4b5f-aeec-a68e480bde6e HTTP/1.1" status: 200 len: 829 time: 0.0613194
2026-04-23 09:06:57.661 9 INFO neutron.pecan_wsgi.hooks.translation [None req-a9452037-67ea-4897-b321-85b5341a663c 2d874a480f6b48979b35e2224ab8df37 80904783ced34c1cab0fb022328fde3c - - default default] DELETE failed (client error): The resource could not be found.
2026-04-23 09:06:57.663 9 INFO neutron.wsgi [None req-a9452037-67ea-4897-b321-85b5341a663c 2d874a480f6b48979b35e2224ab8df37 80904783ced34c1cab0fb022328fde3c - - default default] 199.19.213.141 "DELETE /v2.0/ports/c5b55797-3112-46a8-9d63-d9db5c2c60f1 HTTP/1.1" status: 404 len: 338 time: 0.0254183
