2026-04-23 09:01:08.634 9 INFO neutron.db.ovn_revision_numbers_db [None req-b931bdd0-738d-4219-a535-2c58c48219f5 2d874a480f6b48979b35e2224ab8df37 80904783ced34c1cab0fb022328fde3c - - default default] Successfully bumped revision number for resource a3b1cd74-93f4-4dbc-9328-7461fdd7ea11 (type: security_group_rules) to 0
2026-04-23 09:01:08.651 9 INFO neutron.db.ovn_revision_numbers_db [None req-b931bdd0-738d-4219-a535-2c58c48219f5 2d874a480f6b48979b35e2224ab8df37 80904783ced34c1cab0fb022328fde3c - - default default] Successfully bumped revision number for resource bc2f7da5-b57e-41ba-87e9-128dc2daa7c5 (type: security_group_rules) to 0
2026-04-23 09:01:08.668 10 INFO neutron.db.ovn_revision_numbers_db [None req-f2747246-a2b8-4c44-a3dc-acc198b25709 d555373d3ab343b487df3de94b3170fe 8453c776dea04d60869feef91b0546b8 - - default default] Successfully bumped revision number for resource 9b19419b-b329-4051-a561-86f13a8dee28 (type: floatingips) to 2
2026-04-23 09:01:08.679 9 INFO neutron.wsgi [None req-b931bdd0-738d-4219-a535-2c58c48219f5 2d874a480f6b48979b35e2224ab8df37 80904783ced34c1cab0fb022328fde3c - - default default] 10.0.0.191 "GET /v2.0/security-groups?tenant_id=b4d1c79681754c8ba24a13bb25d3bd74&name=default HTTP/1.1" status: 200 len: 2996 time: 0.3437102
2026-04-23 09:01:08.693 10 INFO neutron.wsgi [None req-f2747246-a2b8-4c44-a3dc-acc198b25709 d555373d3ab343b487df3de94b3170fe 8453c776dea04d60869feef91b0546b8 - - default default] 10.0.0.191 "PUT /v2.0/floatingips/9b19419b-b329-4051-a561-86f13a8dee28 HTTP/1.1" status: 200 len: 1050 time: 0.7688031
2026-04-23 09:01:08.742 9 INFO neutron.wsgi [None req-ad1f218d-27b2-4423-8a80-3283e85d2cb7 043e781325d341e9b89d3a0e22e3f03b 0d3e9f5eaefd4d63bd69cc562abb8f43 - - default default] 10.0.0.191 "DELETE /v2.0/ports/3882632e-ec43-4934-a91c-02530ef376dc HTTP/1.1" status: 204 len: 168 time: 0.3054714
2026-04-23 09:01:08.785 10 INFO neutron.wsgi [req-54b940b5-ba7a-4ed8-9497-695130babd05 req-a613ef4b-f8e5-4726-b0ed-4ad97d752679 d555373d3ab343b487df3de94b3170fe 8453c776dea04d60869feef91b0546b8 - - default default] 10.0.0.223 "GET /v2.0/ports?device_id=42cd76fc-664e-4438-98aa-253a376d2428 HTTP/1.1" status: 200 len: 1174 time: 0.0441258
2026-04-23 09:01:08.837 10 INFO neutron.wsgi [req-54b940b5-ba7a-4ed8-9497-695130babd05 req-546a3f0c-280c-49c3-8c4b-b034dd8e1d9a d555373d3ab343b487df3de94b3170fe 8453c776dea04d60869feef91b0546b8 - - default default] 10.0.0.223 "GET /v2.0/security-groups?id=79588bb7-37cc-40a9-b9be-c9b34e57f6a9&fields=id&fields=name HTTP/1.1" status: 200 len: 313 time: 0.0451136
2026-04-23 09:01:08.846 9 INFO neutron.wsgi [None req-eda3e3df-adc1-45d0-a04f-f3b6cd7bd2f5 043e781325d341e9b89d3a0e22e3f03b 0d3e9f5eaefd4d63bd69cc562abb8f43 - - default default] 10.0.0.191 "GET /v2.0/ports HTTP/1.1" status: 200 len: 1728 time: 0.1004534
2026-04-23 09:01:08.860 10 INFO neutron.wsgi [None req-c70677bc-bfbd-4b06-aeb9-5eb3fc52e4c6 2d874a480f6b48979b35e2224ab8df37 80904783ced34c1cab0fb022328fde3c - - default default] 10.0.0.191 "DELETE /v2.0/security-groups/b2de6d4a-8eb5-4408-b767-f16992fcd070 HTTP/1.1" status: 204 len: 168 time: 0.2762392
2026-04-23 09:01:08.869 9 INFO neutron.pecan_wsgi.hooks.translation [None req-e89f131a-e8db-45c7-842f-8385527a6094 043e781325d341e9b89d3a0e22e3f03b 0d3e9f5eaefd4d63bd69cc562abb8f43 - - default default] GET failed (client error): The resource could not be found.
2026-04-23 09:01:08.870 9 INFO neutron.wsgi [None req-e89f131a-e8db-45c7-842f-8385527a6094 043e781325d341e9b89d3a0e22e3f03b 0d3e9f5eaefd4d63bd69cc562abb8f43 - - default default] 10.0.0.191 "GET /v2.0/ports/3882632e-ec43-4934-a91c-02530ef376dc HTTP/1.1" status: 404 len: 333 time: 0.0186620
2026-04-23 09:01:08.979 9 INFO neutron.wsgi [None req-1940f357-a071-4e51-9493-1d5f0acecbe4 2d874a480f6b48979b35e2224ab8df37 80904783ced34c1cab0fb022328fde3c - - default default] 10.0.0.191 "DELETE /v2.0/security-groups/0a802099-b21b-41ea-b3fd-44e8f90f8962 HTTP/1.1" status: 204 len: 168 time: 0.2943349
2026-04-23 09:01:08.998 10 INFO neutron.wsgi [None req-90127d2d-2674-4b1f-ac2b-46cd7e8901b5 043e781325d341e9b89d3a0e22e3f03b 0d3e9f5eaefd4d63bd69cc562abb8f43 - - default default] 10.0.0.191 "GET /v2.0/ports HTTP/1.1" status: 200 len: 1728 time: 0.1203692
2026-04-23 09:01:09.049 10 INFO neutron.wsgi [None req-2323cdf5-642a-4fbe-b937-6ef959c818bd 043e781325d341e9b89d3a0e22e3f03b 0d3e9f5eaefd4d63bd69cc562abb8f43 - - default default] 10.0.0.191 "GET /v2.0/ports/42283477-9b2b-43df-b41c-5cccb985cd84 HTTP/1.1" status: 200 len: 968 time: 0.0415280
2026-04-23 09:01:09.080 10 INFO neutron.pecan_wsgi.hooks.translation [None req-68c5d751-bab9-4c82-8e06-3666b5208781 043e781325d341e9b89d3a0e22e3f03b 0d3e9f5eaefd4d63bd69cc562abb8f43 - - default default] DELETE failed (client error): The resource could not be found.
2026-04-23 09:01:09.083 10 INFO neutron.wsgi [None req-68c5d751-bab9-4c82-8e06-3666b5208781 043e781325d341e9b89d3a0e22e3f03b 0d3e9f5eaefd4d63bd69cc562abb8f43 - - default default] 10.0.0.191 "DELETE /v2.0/ports/1c006b79-3b17-4229-955f-c5ca929e7705 HTTP/1.1" status: 404 len: 333 time: 0.0228398
2026-04-23 09:01:09.096 9 INFO neutron.wsgi [-] 10.0.0.224 "GET / HTTP/1.1" status: 200 len: 246 time: 0.0018945
2026-04-23 09:01:09.098 9 INFO neutron.wsgi [-] 10.0.0.224 "GET / HTTP/1.1" status: 200 len: 246 time: 0.0013809
2026-04-23 09:01:09.123 10 INFO neutron.pecan_wsgi.hooks.translation [None req-0382bd61-a65d-409d-9e26-9ece6150b5a3 043e781325d341e9b89d3a0e22e3f03b 0d3e9f5eaefd4d63bd69cc562abb8f43 - - default default] DELETE failed (client error): The resource could not be found.
2026-04-23 09:01:09.126 10 INFO neutron.wsgi [None req-0382bd61-a65d-409d-9e26-9ece6150b5a3 043e781325d341e9b89d3a0e22e3f03b 0d3e9f5eaefd4d63bd69cc562abb8f43 - - default default] 10.0.0.191 "DELETE /v2.0/subnets/7696ede8-7122-4509-b3d5-51567b2960ca HTTP/1.1" status: 404 len: 337 time: 0.0363553
2026-04-23 09:01:09.149 10 INFO neutron.plugins.ml2.drivers.ovn.mech_driver.mech_driver [None req-14ffa220-e7df-4ddd-aad4-ce2377e6fedb - - - - - -] OVN reports status down for port: 1e53462e-aa9a-419d-a438-3e600da87568
2026-04-23 09:01:09.153 9 INFO neutron.pecan_wsgi.hooks.translation [None req-998a2b07-12e0-4324-9ddf-ec0adec42cfe 043e781325d341e9b89d3a0e22e3f03b 0d3e9f5eaefd4d63bd69cc562abb8f43 - - default default] DELETE failed (client error): The resource could not be found.
2026-04-23 09:01:09.158 9 INFO neutron.wsgi [None req-998a2b07-12e0-4324-9ddf-ec0adec42cfe 043e781325d341e9b89d3a0e22e3f03b 0d3e9f5eaefd4d63bd69cc562abb8f43 - - default default] 10.0.0.191 "DELETE /v2.0/subnets/12a87926-0a29-48c6-8a37-a7c314c5f375 HTTP/1.1" status: 404 len: 337 time: 0.0275805
2026-04-23 09:01:09.158 10 INFO neutron.wsgi [req-6ec9c4a6-e0b0-4657-aa78-315f70a965e0 req-87117981-a4de-4b9d-8e52-04df50889a6f d555373d3ab343b487df3de94b3170fe 8453c776dea04d60869feef91b0546b8 - - default default] 10.0.0.223 "GET /v2.0/ports?device_id=42cd76fc-664e-4438-98aa-253a376d2428 HTTP/1.1" status: 200 len: 1174 time: 0.0529773
2026-04-23 09:01:09.238 10 INFO neutron.wsgi [req-6ec9c4a6-e0b0-4657-aa78-315f70a965e0 req-9e85dd9e-4dd0-4956-950c-83e8a853390e d555373d3ab343b487df3de94b3170fe 8453c776dea04d60869feef91b0546b8 - - default default] 10.0.0.223 "GET /v2.0/security-groups?id=79588bb7-37cc-40a9-b9be-c9b34e57f6a9&fields=id&fields=name HTTP/1.1" status: 200 len: 313 time: 0.0716383
2026-04-23 09:01:09.497 9 INFO neutron.wsgi [None req-d908006d-693d-43da-9d07-28d53460fdef 043e781325d341e9b89d3a0e22e3f03b 0d3e9f5eaefd4d63bd69cc562abb8f43 - - default default] 10.0.0.191 "DELETE /v2.0/ports/42283477-9b2b-43df-b41c-5cccb985cd84 HTTP/1.1" status: 204 len: 168 time: 0.3314908
2026-04-23 09:01:09.501 10 INFO neutron.db.ovn_revision_numbers_db [None req-14ffa220-e7df-4ddd-aad4-ce2377e6fedb - - - - - -] Successfully bumped revision number for resource 1e53462e-aa9a-419d-a438-3e600da87568 (type: ports) to 5
2026-04-23 09:01:09.574 9 INFO neutron.wsgi [req-95042b01-d8f7-4b94-a6ef-7a69fc9e2f8b req-0446190c-7bd0-463f-9806-3773e33ddd3f d555373d3ab343b487df3de94b3170fe 8453c776dea04d60869feef91b0546b8 - - default default] 199.19.213.141 "GET /v2.0/ports?device_id=42cd76fc-664e-4438-98aa-253a376d2428 HTTP/1.1" status: 200 len: 1172 time: 0.1390810
2026-04-23 09:01:09.624 10 INFO neutron.notifiers.nova [-] Nova event matching ['req-fdecb128-06c5-4417-ada7-e259bf64cc63'] response: {'name': 'network-changed', 'server_uuid': '42cd76fc-664e-4438-98aa-253a376d2428', 'tag': '1e53462e-aa9a-419d-a438-3e600da87568', 'status': 'completed', 'code': 200}
2026-04-23 09:01:09.625 10 INFO neutron.notifiers.nova [-] Nova event matching ['req-fdecb128-06c5-4417-ada7-e259bf64cc63'] response: {'server_uuid': '42cd76fc-664e-4438-98aa-253a376d2428', 'name': 'network-vif-unplugged', 'status': 'completed', 'tag': '1e53462e-aa9a-419d-a438-3e600da87568', 'code': 200}
2026-04-23 09:01:09.625 10 INFO neutron.notifiers.nova [-] Nova event matching ['req-fdecb128-06c5-4417-ada7-e259bf64cc63'] response: {'server_uuid': '42cd76fc-664e-4438-98aa-253a376d2428', 'name': 'network-vif-plugged', 'status': 'completed', 'tag': '1e53462e-aa9a-419d-a438-3e600da87568', 'code': 200}
2026-04-23 09:01:09.713 9 INFO neutron.wsgi [req-41522229-1583-400e-b3f0-c1213787d2f1 req-3562f3ef-5623-48e0-9cfc-39c17c2ee4af cf64eec04e2a4132a6152c1efa922e0c 6e3e603828d74104aebcf9cc2d58b42a - - f2cf2090b4f64ebeb315ff6b43a7bfb1 f2cf2090b4f64ebeb315ff6b43a7bfb1] 199.19.213.141 "GET /v2.0/ports?tenant_id=8453c776dea04d60869feef91b0546b8&device_id=42cd76fc-664e-4438-98aa-253a376d2428 HTTP/1.1" status: 200 len: 1411 time: 0.0596004
2026-04-23 09:01:10.067 9 INFO neutron.wsgi [req-41522229-1583-400e-b3f0-c1213787d2f1 req-a4a978b5-6eff-40ca-9ca3-1f0729f3921e cf64eec04e2a4132a6152c1efa922e0c 6e3e603828d74104aebcf9cc2d58b42a - - f2cf2090b4f64ebeb315ff6b43a7bfb1 f2cf2090b4f64ebeb315ff6b43a7bfb1] 199.19.213.141 "GET /v2.0/networks?id=5906b0d1-e308-4dd4-8a30-986484c0c204 HTTP/1.1" status: 200 len: 972 time: 0.3448505
2026-04-23 09:01:10.208 9 INFO neutron.wsgi [req-41522229-1583-400e-b3f0-c1213787d2f1 req-79fcd4db-f225-4b11-a8e9-1fb89808f042 cf64eec04e2a4132a6152c1efa922e0c 6e3e603828d74104aebcf9cc2d58b42a - - f2cf2090b4f64ebeb315ff6b43a7bfb1 f2cf2090b4f64ebeb315ff6b43a7bfb1] 199.19.213.141 "GET /v2.0/floatingips?fixed_ip_address=10.100.0.12&port_id=1e53462e-aa9a-419d-a438-3e600da87568 HTTP/1.1" status: 200 len: 1058 time: 0.1242731
2026-04-23 09:01:10.305 9 INFO neutron.wsgi [req-41522229-1583-400e-b3f0-c1213787d2f1 req-73d002db-c8b0-40ea-bb65-794d35a565de cf64eec04e2a4132a6152c1efa922e0c 6e3e603828d74104aebcf9cc2d58b42a - - f2cf2090b4f64ebeb315ff6b43a7bfb1 f2cf2090b4f64ebeb315ff6b43a7bfb1] 199.19.213.141 "GET /v2.0/subnets?id=231e1056-ea6f-4f88-bd68-adfb22e97bc9 HTTP/1.1" status: 200 len: 867 time: 0.0904539 /var/lib/openstack/lib/python3.10/site-packages/pycadf/identifier.py:71: UserWarning: Invalid uuid: neutron. To ensure interoperability, identifiers should be a valid uuid. warnings.warn(('Invalid uuid: %s. To ensure interoperability, '
2026-04-23 09:01:10.361 9 INFO neutron.wsgi [req-41522229-1583-400e-b3f0-c1213787d2f1 req-6a7f6e4a-ef6d-4569-8081-a0a4a8bb0677 cf64eec04e2a4132a6152c1efa922e0c 6e3e603828d74104aebcf9cc2d58b42a - - f2cf2090b4f64ebeb315ff6b43a7bfb1 f2cf2090b4f64ebeb315ff6b43a7bfb1] 199.19.213.141 "GET /v2.0/ports?network_id=5906b0d1-e308-4dd4-8a30-986484c0c204&device_owner=network%3Adhcp HTTP/1.1" status: 200 len: 210 time: 0.0464902
2026-04-23 09:01:10.383 10 INFO neutron.wsgi [req-12d6b77a-4d0a-48bc-8a2a-cb1c164868be req-edae5a1b-a0c1-4e70-beb4-fd9806a9eafa d555373d3ab343b487df3de94b3170fe 8453c776dea04d60869feef91b0546b8 - - default default] 10.0.0.223 "GET /v2.0/ports?device_id=42cd76fc-664e-4438-98aa-253a376d2428 HTTP/1.1" status: 200 len: 1172 time: 0.0689340
2026-04-23 09:01:10.457 10 INFO neutron.wsgi [req-12d6b77a-4d0a-48bc-8a2a-cb1c164868be req-f1764011-c38d-4d62-8004-d582f1fdfe39 d555373d3ab343b487df3de94b3170fe 8453c776dea04d60869feef91b0546b8 - - default default] 10.0.0.223 "GET /v2.0/security-groups?id=79588bb7-37cc-40a9-b9be-c9b34e57f6a9&fields=id&fields=name HTTP/1.1" status: 200 len: 313 time: 0.0680840
2026-04-23 09:01:10.510 9 INFO neutron.services.segments.plugin [-] Segment f0fa88d2-304b-4b44-b45c-9306f404822e resource provider aggregate not found
2026-04-23 09:01:10.516 9 INFO neutron.services.segments.plugin [-] Segment f0fa88d2-304b-4b44-b45c-9306f404822e resource provider aggregate not found
2026-04-23 09:01:10.529 9 INFO neutron.wsgi [req-41522229-1583-400e-b3f0-c1213787d2f1 req-5dff7509-d05e-425b-91c0-2f71b7d7a338 cf64eec04e2a4132a6152c1efa922e0c 6e3e603828d74104aebcf9cc2d58b42a - - f2cf2090b4f64ebeb315ff6b43a7bfb1 f2cf2090b4f64ebeb315ff6b43a7bfb1] 199.19.213.141 "GET /v2.0/networks/5906b0d1-e308-4dd4-8a30-986484c0c204?fields=segments HTTP/1.1" status: 200 len: 212 time: 0.1594110
2026-04-23 09:01:10.532 9 INFO neutron.services.segments.plugin [-] Segment f0fa88d2-304b-4b44-b45c-9306f404822e resource provider not found; error: Placement Client Error (4xx): {"errors": [{"status": 404, "title": "Not Found", "detail": "The resource could not be found.\n\n No resource provider with uuid f0fa88d2-304b-4b44-b45c-9306f404822e found for delete ", "request_id": "req-d1a0229b-2bf2-42f5-ac62-16e1b7787202"}]}
2026-04-23 09:01:10.536 9 INFO neutron.services.segments.plugin [-] Segment f0fa88d2-304b-4b44-b45c-9306f404822e resource provider not found; error: Placement Client Error (4xx): {"errors": [{"status": 404, "title": "Not Found", "detail": "The resource could not be found.\n\n No resource provider with uuid f0fa88d2-304b-4b44-b45c-9306f404822e found for delete ", "request_id": "req-bf681102-c569-44ba-8206-9e8122b8b031"}]}
2026-04-23 09:01:10.586 9 INFO neutron.wsgi [None req-2b022b38-c2c9-41bf-a373-496c7d41eba5 043e781325d341e9b89d3a0e22e3f03b 0d3e9f5eaefd4d63bd69cc562abb8f43 - - default default] 10.0.0.191 "DELETE /v2.0/networks/59f808e6-d6c1-4ac3-89c7-a7422536e988 HTTP/1.1" status: 204 len: 168 time: 1.0822816
2026-04-23 09:01:10.587 9 INFO neutron.db.l3_db [req-95042b01-d8f7-4b94-a6ef-7a69fc9e2f8b req-2ddce4a5-9e95-4993-82a1-bd8f8cd2dc1a d555373d3ab343b487df3de94b3170fe 8453c776dea04d60869feef91b0546b8 - - default default] Floating IP 9b19419b-b329-4051-a561-86f13a8dee28 disassociated. External IP: 10.96.250.206, port: 1e53462e-aa9a-419d-a438-3e600da87568.
2026-04-23 09:01:10.650 9 INFO neutron.wsgi [req-41522229-1583-400e-b3f0-c1213787d2f1 req-e004f2d1-b05f-4de2-99df-0ce6e25d7fe3 cf64eec04e2a4132a6152c1efa922e0c 6e3e603828d74104aebcf9cc2d58b42a - - f2cf2090b4f64ebeb315ff6b43a7bfb1 f2cf2090b4f64ebeb315ff6b43a7bfb1] 199.19.213.141 "GET /v2.0/networks/5906b0d1-e308-4dd4-8a30-986484c0c204?fields=provider%3Aphysical_network&fields=provider%3Anetwork_type HTTP/1.1" status: 200 len: 277 time: 0.1113267
2026-04-23 09:01:10.786 9 INFO neutron.wsgi [req-95042b01-d8f7-4b94-a6ef-7a69fc9e2f8b req-2ddce4a5-9e95-4993-82a1-bd8f8cd2dc1a d555373d3ab343b487df3de94b3170fe 8453c776dea04d60869feef91b0546b8 - - default default] 199.19.213.141 "DELETE /v2.0/ports/1e53462e-aa9a-419d-a438-3e600da87568 HTTP/1.1" status: 204 len: 173 time: 1.2056394
2026-04-23 09:01:10.841 9 INFO neutron.notifiers.nova [-] Nova event matching ['req-09455969-b968-4a98-a2a0-74384d1fba5a'] response: {'server_uuid': '42cd76fc-664e-4438-98aa-253a376d2428', 'name': 'network-vif-deleted', 'tag': '1e53462e-aa9a-419d-a438-3e600da87568', 'status': 'completed', 'code': 200} /var/lib/openstack/lib/python3.10/site-packages/pycadf/identifier.py:71: UserWarning: Invalid uuid: neutron. To ensure interoperability, identifiers should be a valid uuid. warnings.warn(('Invalid uuid: %s. To ensure interoperability, '
2026-04-23 09:01:10.993 10 WARNING neutron_lib.context [None req-cc38c65c-2f90-4701-86dd-d3f494cf12ff 44df1edc8b1b45b0979bc12813e124d5 3e8bfb42d05c4480996094b2945e10bd - - default default] Method 'is_advsvc' is deprecated since 2023.2 release (neutron-lib 3.8.0) and will be removed once support for the old RBAC API policies will be removed from Neutron. Please use method 'is_service_role' instead.
2026-04-23 09:01:10.994 10 WARNING neutron_lib.context [None req-cc38c65c-2f90-4701-86dd-d3f494cf12ff 44df1edc8b1b45b0979bc12813e124d5 3e8bfb42d05c4480996094b2945e10bd - - default default] Method 'is_advsvc' is deprecated since 2023.2 release (neutron-lib 3.8.0) and will be removed once support for the old RBAC API policies will be removed from Neutron. Please use method 'is_service_role' instead.
2026-04-23 09:01:11.152 10 INFO neutron.db.ovn_revision_numbers_db [None req-cc38c65c-2f90-4701-86dd-d3f494cf12ff 44df1edc8b1b45b0979bc12813e124d5 3e8bfb42d05c4480996094b2945e10bd - - default default] Successfully bumped revision number for resource eab4d64c-629d-44d2-94bf-834f1350ecb2 (type: security_groups) to 1
2026-04-23 09:01:11.166 10 INFO neutron.db.ovn_revision_numbers_db [None req-cc38c65c-2f90-4701-86dd-d3f494cf12ff 44df1edc8b1b45b0979bc12813e124d5 3e8bfb42d05c4480996094b2945e10bd - - default default] Successfully bumped revision number for resource 7529e539-b869-403c-8035-8cfdcb043de4 (type: security_group_rules) to 0
2026-04-23 09:01:11.184 10 INFO neutron.db.ovn_revision_numbers_db [None req-cc38c65c-2f90-4701-86dd-d3f494cf12ff 44df1edc8b1b45b0979bc12813e124d5 3e8bfb42d05c4480996094b2945e10bd - - default default] Successfully bumped revision number for resource 90252612-ae92-4ee4-b0e9-625fb5967fd7 (type: security_group_rules) to 0
2026-04-23 09:01:11.200 10 INFO neutron.db.ovn_revision_numbers_db [None req-cc38c65c-2f90-4701-86dd-d3f494cf12ff 44df1edc8b1b45b0979bc12813e124d5 3e8bfb42d05c4480996094b2945e10bd - - default default] Successfully bumped revision number for resource c8fd6160-dca3-4865-a2f9-2161b3c7c632 (type: security_group_rules) to 0
2026-04-23 09:01:11.201 9 INFO neutron.wsgi [None req-5ce81aa6-a096-4eb1-9579-ed908df3c5fa 2d874a480f6b48979b35e2224ab8df37 80904783ced34c1cab0fb022328fde3c - - default default] 10.0.0.191 "GET /v2.0/security-groups?tenant_id=0d3e9f5eaefd4d63bd69cc562abb8f43&name=default HTTP/1.1" status: 200 len: 2996 time: 0.1023660
2026-04-23 09:01:11.222 10 INFO neutron.db.ovn_revision_numbers_db [None req-cc38c65c-2f90-4701-86dd-d3f494cf12ff 44df1edc8b1b45b0979bc12813e124d5 3e8bfb42d05c4480996094b2945e10bd - - default default] Successfully bumped revision number for resource f220af1b-ddc6-4173-af14-4c3d0a52a497 (type: security_group_rules) to 0
2026-04-23 09:01:11.318 10 INFO neutron.db.segments_db [None req-cc38c65c-2f90-4701-86dd-d3f494cf12ff 44df1edc8b1b45b0979bc12813e124d5 3e8bfb42d05c4480996094b2945e10bd - - default default] Added segment 4e9530fa-b82b-4848-ad9b-89aae6b17737 of type geneve for network 2c2fdc28-2704-411a-a846-39a575d9a716
2026-04-23 09:01:11.473 10 INFO neutron.db.segments_db [None req-cc38c65c-2f90-4701-86dd-d3f494cf12ff 44df1edc8b1b45b0979bc12813e124d5 3e8bfb42d05c4480996094b2945e10bd - - default default] Added segment d8dda53d-bf4f-4134-a1fc-821a14348882 of type geneve for network c444d62d-c28d-4217-9fa0-bce3e1a8977a
2026-04-23 09:01:11.501 10 INFO neutron.wsgi [None req-bd01c0ba-4187-4a87-afea-154864167cf3 2d874a480f6b48979b35e2224ab8df37 80904783ced34c1cab0fb022328fde3c - - default default] 10.0.0.191 "DELETE /v2.0/security-groups/e3dc881e-bfe6-499b-aa1f-281d595fb764 HTTP/1.1" status: 204 len: 168 time: 0.2934697
2026-04-23 09:01:11.647 10 INFO neutron.db.ovn_revision_numbers_db [None req-cc38c65c-2f90-4701-86dd-d3f494cf12ff 44df1edc8b1b45b0979bc12813e124d5 3e8bfb42d05c4480996094b2945e10bd - - default default] Successfully bumped revision number for resource 2c2fdc28-2704-411a-a846-39a575d9a716 (type: networks) to 1
2026-04-23 09:01:11.665 9 INFO neutron.wsgi [None req-2949a9d5-3902-43ef-a9fb-00f4a2f957ec d555373d3ab343b487df3de94b3170fe 8453c776dea04d60869feef91b0546b8 - - default default] 10.0.0.191 "DELETE /v2.0/security-groups/79588bb7-37cc-40a9-b9be-c9b34e57f6a9 HTTP/1.1" status: 204 len: 168 time: 0.1227551
2026-04-23 09:01:11.686 9 INFO neutron.api.v2.resource [None req-9134c3a0-aa3e-41c3-a28d-ffe9ecd3a70e d555373d3ab343b487df3de94b3170fe 8453c776dea04d60869feef91b0546b8 - - default default] show failed (client error): The resource could not be found.
2026-04-23 09:01:11.687 9 INFO neutron.wsgi [None req-9134c3a0-aa3e-41c3-a28d-ffe9ecd3a70e d555373d3ab343b487df3de94b3170fe 8453c776dea04d60869feef91b0546b8 - - default default] 10.0.0.191 "GET /v2.0/security-groups/79588bb7-37cc-40a9-b9be-c9b34e57f6a9 HTTP/1.1" status: 404 len: 347 time: 0.0129299
2026-04-23 09:01:11.868 10 WARNING neutron.scheduler.dhcp_agent_scheduler [None req-cc38c65c-2f90-4701-86dd-d3f494cf12ff 44df1edc8b1b45b0979bc12813e124d5 3e8bfb42d05c4480996094b2945e10bd - - default default] No more DHCP agents
2026-04-23 09:01:11.870 10 WARNING neutron.api.rpc.agentnotifiers.dhcp_rpc_agent_api [None req-cc38c65c-2f90-4701-86dd-d3f494cf12ff 44df1edc8b1b45b0979bc12813e124d5 3e8bfb42d05c4480996094b2945e10bd - - default default] Unable to schedule network 2c2fdc28-2704-411a-a846-39a575d9a716: no agents available; will retry on subsequent port and subnet creation events.
2026-04-23 09:01:12.088 9 INFO neutron.wsgi [None req-0b873ef6-c4fd-4d54-b58b-4c3fd0e9dbc8 d555373d3ab343b487df3de94b3170fe 8453c776dea04d60869feef91b0546b8 - - default default] 10.0.0.191 "DELETE /v2.0/floatingips/9b19419b-b329-4051-a561-86f13a8dee28 HTTP/1.1" status: 204 len: 168 time: 0.3952451
2026-04-23 09:01:12.215 10 INFO neutron.db.ovn_revision_numbers_db [None req-cc38c65c-2f90-4701-86dd-d3f494cf12ff 44df1edc8b1b45b0979bc12813e124d5 3e8bfb42d05c4480996094b2945e10bd - - default default] Successfully bumped revision number for resource 770e35c4-73d1-4228-94c5-93989084eb72 (type: ports) to 1
2026-04-23 09:01:12.303 10 INFO neutron.db.ovn_revision_numbers_db [None req-cc38c65c-2f90-4701-86dd-d3f494cf12ff 44df1edc8b1b45b0979bc12813e124d5 3e8bfb42d05c4480996094b2945e10bd - - default default] Successfully bumped revision number for resource c444d62d-c28d-4217-9fa0-bce3e1a8977a (type: networks) to 1
2026-04-23 09:01:12.473 10 WARNING neutron.scheduler.dhcp_agent_scheduler [None req-cc38c65c-2f90-4701-86dd-d3f494cf12ff 44df1edc8b1b45b0979bc12813e124d5 3e8bfb42d05c4480996094b2945e10bd - - default default] No more DHCP agents
2026-04-23 09:01:12.475 10 WARNING neutron.api.rpc.agentnotifiers.dhcp_rpc_agent_api [None req-cc38c65c-2f90-4701-86dd-d3f494cf12ff 44df1edc8b1b45b0979bc12813e124d5 3e8bfb42d05c4480996094b2945e10bd - - default default] Unable to schedule network c444d62d-c28d-4217-9fa0-bce3e1a8977a: no agents available; will retry on subsequent port and subnet creation events.
2026-04-23 09:01:12.574 10 INFO neutron.db.ovn_revision_numbers_db [None req-cc38c65c-2f90-4701-86dd-d3f494cf12ff 44df1edc8b1b45b0979bc12813e124d5 3e8bfb42d05c4480996094b2945e10bd - - default default] Successfully bumped revision number for resource 92d3b60b-e345-443f-a255-cf141b417174 (type: ports) to 1
2026-04-23 09:01:12.601 10 INFO neutron.wsgi [None req-cc38c65c-2f90-4701-86dd-d3f494cf12ff 44df1edc8b1b45b0979bc12813e124d5 3e8bfb42d05c4480996094b2945e10bd - - default default] 10.0.0.191 "POST /v2.0/networks HTTP/1.1" status: 201 len: 1445 time: 1.8315990
2026-04-23 09:01:12.911 9 INFO neutron.wsgi [None req-e92c84c4-770b-4787-8942-2e45f1bf8582 44df1edc8b1b45b0979bc12813e124d5 3e8bfb42d05c4480996094b2945e10bd - - default default] 10.0.0.191 "GET /v2.0/networks HTTP/1.1" status: 200 len: 2051 time: 0.3044629
2026-04-23 09:01:13.232 9 INFO neutron.wsgi [-] 10.0.0.191 "GET / HTTP/1.1" status: 200 len: 279 time: 0.0018513
2026-04-23 09:01:13.399 9 INFO neutron.services.segments.plugin [-] Segment 4e9530fa-b82b-4848-ad9b-89aae6b17737 resource provider aggregate not found
2026-04-23 09:01:13.404 9 INFO neutron.services.segments.plugin [-] Segment 4e9530fa-b82b-4848-ad9b-89aae6b17737 resource provider aggregate not found
2026-04-23 09:01:13.420 9 INFO neutron.services.segments.plugin [-] Segment 4e9530fa-b82b-4848-ad9b-89aae6b17737 resource provider not found; error: Placement Client Error (4xx): {"errors": [{"status": 404, "title": "Not Found", "detail": "The resource could not be found.\n\n No resource provider with uuid 4e9530fa-b82b-4848-ad9b-89aae6b17737 found for delete ", "request_id": "req-32f75229-d55e-4033-a61c-7ca67005f3dc"}]}
2026-04-23 09:01:13.423 9 INFO neutron.services.segments.plugin [-] Segment 4e9530fa-b82b-4848-ad9b-89aae6b17737 resource provider not found; error: Placement Client Error (4xx): {"errors": [{"status": 404, "title": "Not Found", "detail": "The resource could not be found.\n\n No resource provider with uuid 4e9530fa-b82b-4848-ad9b-89aae6b17737 found for delete ", "request_id": "req-ea2ac7a1-23b8-499f-b874-7271174d1154"}]}
2026-04-23 09:01:13.434 10 INFO neutron.wsgi [None req-9cc723f4-186d-476a-b7f5-13886467442a 75eb701e4f3a498c969b791ec5537c6d 8d76fdde19174d1ea06187142e72c6e4 - - default default] 10.0.0.191 "GET /v2.0/ HTTP/1.1" status: 200 len: 826 time: 0.1930890
2026-04-23 09:01:13.479 9 INFO neutron.wsgi [None req-0fb4e8cf-44b0-488b-b1d1-f7db09b6cf38 44df1edc8b1b45b0979bc12813e124d5 3e8bfb42d05c4480996094b2945e10bd - - default default] 10.0.0.191 "DELETE /v2.0/networks/2c2fdc28-2704-411a-a846-39a575d9a716 HTTP/1.1" status: 204 len: 168 time: 0.5611763
2026-04-23 09:01:13.484 9 INFO neutron.wsgi [None req-634250bf-10f7-485e-93cb-66536f7fcad3 2d874a480f6b48979b35e2224ab8df37 80904783ced34c1cab0fb022328fde3c - - default default] 10.0.0.191 "PUT /v2.0/routers/caba20c3-adf4-4449-9fa7-c880d55bdeb5/remove_router_interface HTTP/1.1" status: 200 len: 503 time: 1.3896050 /var/lib/openstack/lib/python3.10/site-packages/pycadf/identifier.py:71: UserWarning: Invalid uuid: neutron. To ensure interoperability, identifiers should be a valid uuid. warnings.warn(('Invalid uuid: %s. To ensure interoperability, '
2026-04-23 09:01:13.910 9 INFO neutron.wsgi [None req-a8f62c01-cb90-4c3b-8cdf-2815b269bfdd 44df1edc8b1b45b0979bc12813e124d5 3e8bfb42d05c4480996094b2945e10bd - - default default] 10.0.0.191 "DELETE /v2.0/networks/c444d62d-c28d-4217-9fa0-bce3e1a8977a HTTP/1.1" status: 204 len: 168 time: 0.4212697
2026-04-23 09:01:14.057 10 INFO neutron.wsgi [None req-0d1d2ec4-4db1-42c6-95e0-210ead3da9e1 44df1edc8b1b45b0979bc12813e124d5 3e8bfb42d05c4480996094b2945e10bd - - default default] 10.0.0.191 "GET /v2.0/networks HTTP/1.1" status: 200 len: 845 time: 0.1415915
2026-04-23 09:01:14.078 9 WARNING neutron_lib.context [None req-391cf5a8-9a64-4c16-a9d6-11e8cd702f75 44df1edc8b1b45b0979bc12813e124d5 3e8bfb42d05c4480996094b2945e10bd - - default default] Method 'is_advsvc' is deprecated since 2023.2 release (neutron-lib 3.8.0) and will be removed once support for the old RBAC API policies will be removed from Neutron. Please use method 'is_service_role' instead.
2026-04-23 09:01:14.175 9 INFO neutron.db.segments_db [None req-391cf5a8-9a64-4c16-a9d6-11e8cd702f75 44df1edc8b1b45b0979bc12813e124d5 3e8bfb42d05c4480996094b2945e10bd - - default default] Added segment ee8bcc90-65ee-46b2-9291-b36e9ae13b05 of type geneve for network 894bb209-bebd-45bf-8194-bec593d246ce
2026-04-23 09:01:14.312 9 INFO neutron.db.ovn_revision_numbers_db [None req-8ba4a34f-420a-4538-b572-9bc03a231f78 2d874a480f6b48979b35e2224ab8df37 80904783ced34c1cab0fb022328fde3c - - default default] Successfully bumped revision number for resource 6f662724-924d-4356-a2ce-9356cd952030 (type: security_groups) to 1
2026-04-23 09:01:14.350 9 INFO neutron.db.ovn_revision_numbers_db [None req-8ba4a34f-420a-4538-b572-9bc03a231f78 2d874a480f6b48979b35e2224ab8df37 80904783ced34c1cab0fb022328fde3c - - default default] Successfully bumped revision number for resource 3681b1d2-16e3-494e-b9da-6e7e1befd423 (type: security_group_rules) to 0
2026-04-23 09:01:14.362 9 INFO neutron.db.ovn_revision_numbers_db [None req-843b3c32-6aad-41c4-a8d4-906e31557bb1 2d874a480f6b48979b35e2224ab8df37 80904783ced34c1cab0fb022328fde3c - - default default] Successfully bumped revision number for resource 5076149a-3da1-4838-9c31-836853eb864c (type: security_groups) to 1
2026-04-23 09:01:14.384 9 INFO neutron.db.ovn_revision_numbers_db [None req-8ba4a34f-420a-4538-b572-9bc03a231f78 2d874a480f6b48979b35e2224ab8df37 80904783ced34c1cab0fb022328fde3c - - default default] Successfully bumped revision number for resource 95cfdc58-667e-4f2d-9583-4c9bfaaa1fc6 (type: security_group_rules) to 0
2026-04-23 09:01:14.393 9 INFO neutron.db.ovn_revision_numbers_db [None req-843b3c32-6aad-41c4-a8d4-906e31557bb1 2d874a480f6b48979b35e2224ab8df37 80904783ced34c1cab0fb022328fde3c - - default default] Successfully bumped revision number for resource 20e13ee3-de3d-4864-bace-7610d3977e25 (type: security_group_rules) to 0
2026-04-23 09:01:14.394 9 INFO neutron.db.ovn_revision_numbers_db [None req-391cf5a8-9a64-4c16-a9d6-11e8cd702f75 44df1edc8b1b45b0979bc12813e124d5 3e8bfb42d05c4480996094b2945e10bd - - default default] Successfully bumped revision number for resource 894bb209-bebd-45bf-8194-bec593d246ce (type: networks) to 1
2026-04-23 09:01:14.406 9 INFO neutron.db.ovn_revision_numbers_db [None req-8ba4a34f-420a-4538-b572-9bc03a231f78 2d874a480f6b48979b35e2224ab8df37 80904783ced34c1cab0fb022328fde3c - - default default] Successfully bumped revision number for resource c9562f32-1c28-49bc-87b0-a1e2cdd7566e (type: security_group_rules) to 0
2026-04-23 09:01:14.418 9 INFO neutron.db.ovn_revision_numbers_db [None req-843b3c32-6aad-41c4-a8d4-906e31557bb1 2d874a480f6b48979b35e2224ab8df37 80904783ced34c1cab0fb022328fde3c - - default default] Successfully bumped revision number for resource 91e8e644-016e-478a-830e-5ae8f9698627 (type: security_group_rules) to 0
2026-04-23 09:01:14.431 9 INFO neutron.db.ovn_revision_numbers_db [None req-8ba4a34f-420a-4538-b572-9bc03a231f78 2d874a480f6b48979b35e2224ab8df37 80904783ced34c1cab0fb022328fde3c - - default default] Successfully bumped revision number for resource da6a6de5-eea9-4465-abad-71294cf97225 (type: security_group_rules) to 0
2026-04-23 09:01:14.446 9 INFO neutron.db.ovn_revision_numbers_db [None req-843b3c32-6aad-41c4-a8d4-906e31557bb1 2d874a480f6b48979b35e2224ab8df37 80904783ced34c1cab0fb022328fde3c - - default default] Successfully bumped revision number for resource 957b0750-03ea-4528-9463-06a84891207c (type: security_group_rules) to 0
2026-04-23 09:01:14.469 9 INFO neutron.wsgi [None req-8ba4a34f-420a-4538-b572-9bc03a231f78 2d874a480f6b48979b35e2224ab8df37 80904783ced34c1cab0fb022328fde3c - - default default] 10.0.0.191 "GET /v2.0/security-groups?tenant_id=b6eef86de97749a7aec3513945088c9b&name=default HTTP/1.1" status: 200 len: 2996 time: 0.5323651
2026-04-23 09:01:14.492 9 INFO neutron.db.ovn_revision_numbers_db [None req-843b3c32-6aad-41c4-a8d4-906e31557bb1 2d874a480f6b48979b35e2224ab8df37 80904783ced34c1cab0fb022328fde3c - - default default] Successfully bumped revision number for resource c90ceda2-3610-4b24-ae76-af0c64407b7a (type: security_group_rules) to 0
2026-04-23 09:01:14.525 9 INFO neutron.wsgi [None req-843b3c32-6aad-41c4-a8d4-906e31557bb1 2d874a480f6b48979b35e2224ab8df37 80904783ced34c1cab0fb022328fde3c - - default default] 10.0.0.191 "GET /v2.0/security-groups?tenant_id=8d76fdde19174d1ea06187142e72c6e4&name=default HTTP/1.1" status: 200 len: 2996 time: 0.5243068
2026-04-23 09:01:14.531 10 INFO neutron.wsgi [None req-6537ab64-fcc3-426c-ae7a-ca9e8929dacc 2d874a480f6b48979b35e2224ab8df37 80904783ced34c1cab0fb022328fde3c - - default default] 10.0.0.191 "DELETE /v2.0/routers/caba20c3-adf4-4449-9fa7-c880d55bdeb5 HTTP/1.1" status: 204 len: 168 time: 1.0421014
2026-04-23 09:01:14.629 9 WARNING neutron.scheduler.dhcp_agent_scheduler [None req-391cf5a8-9a64-4c16-a9d6-11e8cd702f75 44df1edc8b1b45b0979bc12813e124d5 3e8bfb42d05c4480996094b2945e10bd - - default default] No more DHCP agents
2026-04-23 09:01:14.632 9 WARNING neutron.api.rpc.agentnotifiers.dhcp_rpc_agent_api [None req-391cf5a8-9a64-4c16-a9d6-11e8cd702f75 44df1edc8b1b45b0979bc12813e124d5 3e8bfb42d05c4480996094b2945e10bd - - default default] Unable to schedule network 894bb209-bebd-45bf-8194-bec593d246ce: no agents available; will retry on subsequent port and subnet creation events.
2026-04-23 09:01:14.721 9 INFO neutron.db.ovn_revision_numbers_db [None req-391cf5a8-9a64-4c16-a9d6-11e8cd702f75 44df1edc8b1b45b0979bc12813e124d5 3e8bfb42d05c4480996094b2945e10bd - - default default] Successfully bumped revision number for resource 9df10049-7c30-46a7-bfea-200045fcb566 (type: ports) to 1
2026-04-23 09:01:14.746 9 INFO neutron.wsgi [None req-391cf5a8-9a64-4c16-a9d6-11e8cd702f75 44df1edc8b1b45b0979bc12813e124d5 3e8bfb42d05c4480996094b2945e10bd - - default default] 10.0.0.191 "POST /v2.0/networks HTTP/1.1" status: 201 len: 853 time: 0.6758485
2026-04-23 09:01:14.757 9 WARNING neutron_lib.context [None req-d985a6ed-9559-4a3e-b493-783b8cc1c29d 44df1edc8b1b45b0979bc12813e124d5 3e8bfb42d05c4480996094b2945e10bd - - default default] Method 'is_advsvc' is deprecated since 2023.2 release (neutron-lib 3.8.0) and will be removed once support for the old RBAC API policies will be removed from Neutron. Please use method 'is_service_role' instead.
2026-04-23 09:01:14.819 10 INFO neutron.wsgi [None req-d15ee6c2-e99c-4e83-b533-09b5c95e6693 2d874a480f6b48979b35e2224ab8df37 80904783ced34c1cab0fb022328fde3c - - default default] 10.0.0.191 "DELETE /v2.0/security-groups/6f662724-924d-4356-a2ce-9356cd952030 HTTP/1.1" status: 204 len: 168 time: 0.3436179
2026-04-23 09:01:14.822 10 INFO neutron.wsgi [None req-d0dc73d5-621f-4b23-a5ec-a3a56b9ff8eb 2d874a480f6b48979b35e2224ab8df37 80904783ced34c1cab0fb022328fde3c - - default default] 10.0.0.191 "DELETE /v2.0/subnets/231e1056-ea6f-4f88-bd68-adfb22e97bc9 HTTP/1.1" status: 204 len: 168 time: 0.2786944
2026-04-23 09:01:14.853 9 INFO neutron.db.segments_db [None req-d985a6ed-9559-4a3e-b493-783b8cc1c29d 44df1edc8b1b45b0979bc12813e124d5 3e8bfb42d05c4480996094b2945e10bd - - default default] Added segment bb6234fd-ad7a-4499-b24b-336662fd5be7 of type geneve for network a083b826-a2ba-484d-b872-53fd70db8f58
2026-04-23 09:01:14.889 10 INFO neutron.wsgi [None req-de324df1-e8a8-47ae-bb5b-014e232cb7cb 2d874a480f6b48979b35e2224ab8df37 80904783ced34c1cab0fb022328fde3c - - default default] 10.0.0.191 "DELETE /v2.0/security-groups/5076149a-3da1-4838-9c31-836853eb864c HTTP/1.1" status: 204 len: 168 time: 0.3548231
2026-04-23 09:01:15.054 9 INFO neutron.db.ovn_revision_numbers_db [None req-d985a6ed-9559-4a3e-b493-783b8cc1c29d 44df1edc8b1b45b0979bc12813e124d5 3e8bfb42d05c4480996094b2945e10bd - - default default] Successfully bumped revision number for resource a083b826-a2ba-484d-b872-53fd70db8f58 (type: networks) to 1
2026-04-23 09:01:15.244 10 INFO neutron.services.segments.plugin [-] Segment f8355eec-c34b-491e-8660-fcf4080296d5 resource provider aggregate not found
2026-04-23 09:01:15.254 10 INFO neutron.services.segments.plugin [-] Segment f8355eec-c34b-491e-8660-fcf4080296d5 resource provider aggregate not found
2026-04-23 09:01:15.263 10 INFO neutron.services.segments.plugin [-] Segment f8355eec-c34b-491e-8660-fcf4080296d5 resource provider not found; error: Placement Client Error (4xx): {"errors": [{"status": 404, "title": "Not Found", "detail": "The resource could not be found.\n\n No resource provider with uuid f8355eec-c34b-491e-8660-fcf4080296d5 found for delete ", "request_id": "req-566b1e1f-e174-4a6a-9442-13f938274990"}]}
2026-04-23 09:01:15.264 9 WARNING neutron.scheduler.dhcp_agent_scheduler [None req-d985a6ed-9559-4a3e-b493-783b8cc1c29d 44df1edc8b1b45b0979bc12813e124d5 3e8bfb42d05c4480996094b2945e10bd - - default default] No more DHCP agents
2026-04-23 09:01:15.266 9 WARNING neutron.api.rpc.agentnotifiers.dhcp_rpc_agent_api [None req-d985a6ed-9559-4a3e-b493-783b8cc1c29d 44df1edc8b1b45b0979bc12813e124d5 3e8bfb42d05c4480996094b2945e10bd - - default default] Unable to schedule network a083b826-a2ba-484d-b872-53fd70db8f58: no agents available; will retry on subsequent port and subnet creation events.
2026-04-23 09:01:15.274 10 INFO neutron.services.segments.plugin [-] Segment f8355eec-c34b-491e-8660-fcf4080296d5 resource provider not found; error: Placement Client Error (4xx): {"errors": [{"status": 404, "title": "Not Found", "detail": "The resource could not be found.\n\n No resource provider with uuid f8355eec-c34b-491e-8660-fcf4080296d5 found for delete ", "request_id": "req-df1b0a2b-ecc5-49cb-9cdf-1cb0907c9322"}]}
2026-04-23 09:01:15.295 10 INFO neutron.wsgi [None req-f2a69cb3-1f48-4b96-bbd0-ffec3d44dc2c 2d874a480f6b48979b35e2224ab8df37 80904783ced34c1cab0fb022328fde3c - - default default] 10.0.0.191 "DELETE /v2.0/networks/5906b0d1-e308-4dd4-8a30-986484c0c204 HTTP/1.1" status: 204 len: 168 time: 0.4665327
2026-04-23 09:01:15.364 9 INFO neutron.db.ovn_revision_numbers_db [None req-d985a6ed-9559-4a3e-b493-783b8cc1c29d 44df1edc8b1b45b0979bc12813e124d5 3e8bfb42d05c4480996094b2945e10bd - - default default] Successfully bumped revision number for resource 3fe3d19c-cfec-42ea-ac73-4d6d82c66385 (type: ports) to 1
2026-04-23 09:01:15.390 9 INFO neutron.wsgi [None req-d985a6ed-9559-4a3e-b493-783b8cc1c29d 44df1edc8b1b45b0979bc12813e124d5 3e8bfb42d05c4480996094b2945e10bd - - default default] 10.0.0.191 "POST /v2.0/networks HTTP/1.1" status: 201 len: 853 time: 0.6389263
2026-04-23 09:01:15.401 9 WARNING neutron_lib.context [None req-844f4d9d-cee6-4713-af03-e866269517b7 44df1edc8b1b45b0979bc12813e124d5 3e8bfb42d05c4480996094b2945e10bd - - default default] Method 'is_advsvc' is deprecated since 2023.2 release (neutron-lib 3.8.0) and will be removed once support for the old RBAC API policies will be removed from Neutron. Please use method 'is_service_role' instead.
2026-04-23 09:01:15.447 9 INFO neutron.services.segments.plugin [-] Segment d8dda53d-bf4f-4134-a1fc-821a14348882 resource provider aggregate not found
2026-04-23 09:01:15.452 9 INFO neutron.services.segments.plugin [-] Segment d8dda53d-bf4f-4134-a1fc-821a14348882 resource provider aggregate not found
2026-04-23 09:01:15.465 9 INFO neutron.services.segments.plugin [-] Segment d8dda53d-bf4f-4134-a1fc-821a14348882 resource provider not found; error: Placement Client Error (4xx): {"errors": [{"status": 404, "title": "Not Found", "detail": "The resource could not be found.\n\n No resource provider with uuid d8dda53d-bf4f-4134-a1fc-821a14348882 found for delete ", "request_id": "req-319968e2-c322-4d93-8814-53f81913af72"}]}
2026-04-23 09:01:15.469 9 WARNING neutron_lib.context [None req-844f4d9d-cee6-4713-af03-e866269517b7 44df1edc8b1b45b0979bc12813e124d5 3e8bfb42d05c4480996094b2945e10bd - - default default] Method 'is_advsvc' is deprecated since 2023.2 release (neutron-lib 3.8.0) and will be removed once support for the old RBAC API policies will be removed from Neutron. Please use method 'is_service_role' instead.
2026-04-23 09:01:15.479 9 INFO neutron.services.segments.plugin [-] Segment d8dda53d-bf4f-4134-a1fc-821a14348882 resource provider not found; error: Placement Client Error (4xx): {"errors": [{"status": 404, "title": "Not Found", "detail": "The resource could not be found.\n\n No resource provider with uuid d8dda53d-bf4f-4134-a1fc-821a14348882 found for delete ", "request_id": "req-7cd9f0ce-a9ad-4ffb-91df-308eb2fa7de4"}]}
2026-04-23 09:01:15.599 10 INFO neutron.wsgi [None req-f136d78c-1085-4488-ae23-7f6fcfde370c 2d874a480f6b48979b35e2224ab8df37 80904783ced34c1cab0fb022328fde3c - - default default] 10.0.0.191 "GET /v2.0/security-groups?tenant_id=8453c776dea04d60869feef91b0546b8&name=default HTTP/1.1" status: 200 len: 2996 time: 0.0590961
2026-04-23 09:01:15.872 9 INFO neutron.wsgi [None req-4c12e288-cf78-4089-838a-3e4d31a5a038 2d874a480f6b48979b35e2224ab8df37 80904783ced34c1cab0fb022328fde3c - - default default] 10.0.0.191 "DELETE /v2.0/security-groups/169dc800-74e1-451b-abfa-5af9abd397bc HTTP/1.1" status: 204 len: 168 time: 0.2651463
2026-04-23 09:01:15.947 9 WARNING neutron.scheduler.dhcp_agent_scheduler [None req-844f4d9d-cee6-4713-af03-e866269517b7 44df1edc8b1b45b0979bc12813e124d5 3e8bfb42d05c4480996094b2945e10bd - - default default] No more DHCP agents
2026-04-23 09:01:15.949 9 WARNING neutron.api.rpc.agentnotifiers.dhcp_rpc_agent_api [None req-844f4d9d-cee6-4713-af03-e866269517b7 44df1edc8b1b45b0979bc12813e124d5 3e8bfb42d05c4480996094b2945e10bd - - default default] Unable to schedule network 894bb209-bebd-45bf-8194-bec593d246ce: no agents available; will retry on subsequent port and subnet creation events.
2026-04-23 09:01:16.041 9 INFO neutron.db.ovn_revision_numbers_db [None req-844f4d9d-cee6-4713-af03-e866269517b7 44df1edc8b1b45b0979bc12813e124d5 3e8bfb42d05c4480996094b2945e10bd - - default default] Successfully bumped revision number for resource 89aa48a3-dcb9-46e9-9f0e-cb66c6b8aad0 (type: ports) to 1
2026-04-23 09:01:16.073 9 WARNING neutron.scheduler.dhcp_agent_scheduler [None req-844f4d9d-cee6-4713-af03-e866269517b7 44df1edc8b1b45b0979bc12813e124d5 3e8bfb42d05c4480996094b2945e10bd - - default default] No more DHCP agents
2026-04-23 09:01:16.076 9 WARNING neutron.api.rpc.agentnotifiers.dhcp_rpc_agent_api [None req-844f4d9d-cee6-4713-af03-e866269517b7 44df1edc8b1b45b0979bc12813e124d5 3e8bfb42d05c4480996094b2945e10bd - - default default] Unable to schedule network a083b826-a2ba-484d-b872-53fd70db8f58: no agents available; will retry on subsequent port and subnet creation events.
2026-04-23 09:01:16.163 9 INFO neutron.db.ovn_revision_numbers_db [None req-844f4d9d-cee6-4713-af03-e866269517b7 44df1edc8b1b45b0979bc12813e124d5 3e8bfb42d05c4480996094b2945e10bd - - default default] Successfully bumped revision number for resource 4c7b0e7b-3bbe-4809-85b8-916d38aba989 (type: ports) to 1
2026-04-23 09:01:16.191 9 INFO neutron.wsgi [None req-844f4d9d-cee6-4713-af03-e866269517b7 44df1edc8b1b45b0979bc12813e124d5 3e8bfb42d05c4480996094b2945e10bd - - default default] 10.0.0.191 "POST /v2.0/ports HTTP/1.1" status: 201 len: 1705 time: 0.7951109 /var/lib/openstack/lib/python3.10/site-packages/pycadf/identifier.py:71: UserWarning: Invalid uuid: neutron. To ensure interoperability, identifiers should be a valid uuid. warnings.warn(('Invalid uuid: %s. To ensure interoperability, '
2026-04-23 09:01:16.346 9 INFO neutron.wsgi [None req-3369c481-082c-4c06-bf08-82d1bf65b8ed 44df1edc8b1b45b0979bc12813e124d5 3e8bfb42d05c4480996094b2945e10bd - - default default] 10.0.0.191 "GET /v2.0/ports HTTP/1.1" status: 200 len: 3212 time: 0.1486061
2026-04-23 09:01:16.669 9 INFO neutron.wsgi [None req-35b22d39-d71b-4f02-a039-0abc416e9e73 44df1edc8b1b45b0979bc12813e124d5 3e8bfb42d05c4480996094b2945e10bd - - default default] 10.0.0.191 "DELETE /v2.0/ports/89aa48a3-dcb9-46e9-9f0e-cb66c6b8aad0 HTTP/1.1" status: 204 len: 168 time: 0.3189919
2026-04-23 09:01:16.924 9 INFO neutron.wsgi [None req-9827094b-b4c3-4bc9-9aa1-9d9bdce9df6a 44df1edc8b1b45b0979bc12813e124d5 3e8bfb42d05c4480996094b2945e10bd - - default default] 10.0.0.191 "DELETE /v2.0/ports/4c7b0e7b-3bbe-4809-85b8-916d38aba989 HTTP/1.1" status: 204 len: 168 time: 0.2516024
2026-04-23 09:01:16.930 10 WARNING neutron_lib.context [None req-d66752f2-be50-4d7f-ac39-d2fce806a374 ea4d21a5da6e448a966840d6236394dd df29b90cc36a4aca98beb6b4cbd9b8e0 - - default default] Method 'is_advsvc' is deprecated since 2023.2 release (neutron-lib 3.8.0) and will be removed once support for the old RBAC API policies will be removed from Neutron. Please use method 'is_service_role' instead.
2026-04-23 09:01:16.968 9 INFO neutron.wsgi [None req-60c06c71-2737-412e-8935-703f5b4c7aec 44df1edc8b1b45b0979bc12813e124d5 3e8bfb42d05c4480996094b2945e10bd - - default default] 10.0.0.191 "GET /v2.0/ports HTTP/1.1" status: 200 len: 1718 time: 0.0394535
2026-04-23 09:01:16.978 9 WARNING neutron_lib.context [None req-a530703b-2698-48ba-98bf-509f76ce6d87 44df1edc8b1b45b0979bc12813e124d5 3e8bfb42d05c4480996094b2945e10bd - - default default] Method 'is_advsvc' is deprecated since 2023.2 release (neutron-lib 3.8.0) and will be removed once support for the old RBAC API policies will be removed from Neutron. Please use method 'is_service_role' instead.
2026-04-23 09:01:17.060 10 INFO neutron.db.ovn_revision_numbers_db [None req-d66752f2-be50-4d7f-ac39-d2fce806a374 ea4d21a5da6e448a966840d6236394dd df29b90cc36a4aca98beb6b4cbd9b8e0 - - default default] Successfully bumped revision number for resource aa5e4be1-f6ff-4178-beb7-da93f39ea046 (type: security_groups) to 1
2026-04-23 09:01:17.063 9 INFO neutron.db.segments_db [None req-a530703b-2698-48ba-98bf-509f76ce6d87 44df1edc8b1b45b0979bc12813e124d5 3e8bfb42d05c4480996094b2945e10bd - - default default] Added segment 9a4ea669-0603-4661-89b4-de3b20448bee of type geneve for network 5cbe41e5-169a-4556-8955-a4c2983ba5b7
2026-04-23 09:01:17.075 10 INFO neutron.db.ovn_revision_numbers_db [None req-d66752f2-be50-4d7f-ac39-d2fce806a374 ea4d21a5da6e448a966840d6236394dd df29b90cc36a4aca98beb6b4cbd9b8e0 - - default default] Successfully bumped revision number for resource 2009bfa0-a995-4310-a72d-f6c237d6242a (type: security_group_rules) to 0
2026-04-23 09:01:17.090 10 INFO neutron.db.ovn_revision_numbers_db [None req-d66752f2-be50-4d7f-ac39-d2fce806a374 ea4d21a5da6e448a966840d6236394dd df29b90cc36a4aca98beb6b4cbd9b8e0 - - default default] Successfully bumped revision number for resource 3646442f-a296-4c80-b260-cc7a99354c45 (type: security_group_rules) to 0
2026-04-23 09:01:17.111 10 INFO neutron.db.ovn_revision_numbers_db [None req-d66752f2-be50-4d7f-ac39-d2fce806a374 ea4d21a5da6e448a966840d6236394dd df29b90cc36a4aca98beb6b4cbd9b8e0 - - default default] Successfully bumped revision number for resource a9d97236-e6e8-4237-9c07-ad6e3eb4014f (type: security_group_rules) to 0
2026-04-23 09:01:17.128 10 INFO neutron.db.ovn_revision_numbers_db [None req-d66752f2-be50-4d7f-ac39-d2fce806a374 ea4d21a5da6e448a966840d6236394dd df29b90cc36a4aca98beb6b4cbd9b8e0 - - default default] Successfully bumped revision number for resource fa4807f3-dd7b-4de8-b7c5-543cec0efe77 (type: security_group_rules) to 0
2026-04-23 09:01:17.193 10 INFO neutron.db.segments_db [None req-d66752f2-be50-4d7f-ac39-d2fce806a374 ea4d21a5da6e448a966840d6236394dd df29b90cc36a4aca98beb6b4cbd9b8e0 - - default default] Added segment 685085f9-33d0-4fdd-ad0f-2ff12d8df42f of type geneve for network 4029239a-19f9-4284-b1a3-2013241ed5e3
2026-04-23 09:01:17.225 9 INFO neutron.db.ovn_revision_numbers_db [None req-a530703b-2698-48ba-98bf-509f76ce6d87 44df1edc8b1b45b0979bc12813e124d5 3e8bfb42d05c4480996094b2945e10bd - - default default] Successfully bumped revision number for resource 5cbe41e5-169a-4556-8955-a4c2983ba5b7 (type: networks) to 1
2026-04-23 09:01:17.372 10 INFO neutron.db.ovn_revision_numbers_db [None req-d66752f2-be50-4d7f-ac39-d2fce806a374 ea4d21a5da6e448a966840d6236394dd df29b90cc36a4aca98beb6b4cbd9b8e0 - - default default] Successfully bumped revision number for resource 4029239a-19f9-4284-b1a3-2013241ed5e3 (type: networks) to 1
2026-04-23 09:01:17.440 9 WARNING neutron.scheduler.dhcp_agent_scheduler [None req-a530703b-2698-48ba-98bf-509f76ce6d87 44df1edc8b1b45b0979bc12813e124d5 3e8bfb42d05c4480996094b2945e10bd - - default default] No more DHCP agents
2026-04-23 09:01:17.442 9 WARNING neutron.api.rpc.agentnotifiers.dhcp_rpc_agent_api [None req-a530703b-2698-48ba-98bf-509f76ce6d87 44df1edc8b1b45b0979bc12813e124d5 3e8bfb42d05c4480996094b2945e10bd - - default default] Unable to schedule network 5cbe41e5-169a-4556-8955-a4c2983ba5b7: no agents available; will retry on subsequent port and subnet creation events.
2026-04-23 09:01:17.545 9 INFO neutron.db.ovn_revision_numbers_db [None req-a530703b-2698-48ba-98bf-509f76ce6d87 44df1edc8b1b45b0979bc12813e124d5 3e8bfb42d05c4480996094b2945e10bd - - default default] Successfully bumped revision number for resource 9abb9d64-7e11-41c0-afc2-f7af52d9f915 (type: ports) to 1
2026-04-23 09:01:17.583 9 INFO neutron.wsgi [None req-a530703b-2698-48ba-98bf-509f76ce6d87 44df1edc8b1b45b0979bc12813e124d5 3e8bfb42d05c4480996094b2945e10bd - - default default] 10.0.0.191 "POST /v2.0/networks HTTP/1.1" status: 201 len: 853 time: 0.6096082
2026-04-23 09:01:17.594 9 WARNING neutron_lib.context [None req-abffe1f6-8386-4584-a1e9-eabeb870034f 44df1edc8b1b45b0979bc12813e124d5 3e8bfb42d05c4480996094b2945e10bd - - default default] Method 'is_advsvc' is deprecated since 2023.2 release (neutron-lib 3.8.0) and will be removed once support for the old RBAC API policies will be removed from Neutron. Please use method 'is_service_role' instead.
2026-04-23 09:01:17.605 10 WARNING neutron.scheduler.dhcp_agent_scheduler [None req-d66752f2-be50-4d7f-ac39-d2fce806a374 ea4d21a5da6e448a966840d6236394dd df29b90cc36a4aca98beb6b4cbd9b8e0 - - default default] No more DHCP agents
2026-04-23 09:01:17.609 10 WARNING neutron.api.rpc.agentnotifiers.dhcp_rpc_agent_api [None req-d66752f2-be50-4d7f-ac39-d2fce806a374 ea4d21a5da6e448a966840d6236394dd df29b90cc36a4aca98beb6b4cbd9b8e0 - - default default] Unable to schedule network 4029239a-19f9-4284-b1a3-2013241ed5e3: no agents available; will retry on subsequent port and subnet creation events.
2026-04-23 09:01:17.697 9 INFO neutron.db.segments_db [None req-abffe1f6-8386-4584-a1e9-eabeb870034f 44df1edc8b1b45b0979bc12813e124d5 3e8bfb42d05c4480996094b2945e10bd - - default default] Added segment 19bb8a96-23d3-4467-9e00-775a912dc38d of type geneve for network ba65626a-aa89-4998-9f9c-758164b3cb1b
2026-04-23 09:01:17.705 10 INFO neutron.db.ovn_revision_numbers_db [None req-d66752f2-be50-4d7f-ac39-d2fce806a374 ea4d21a5da6e448a966840d6236394dd df29b90cc36a4aca98beb6b4cbd9b8e0 - - default default] Successfully bumped revision number for resource 11a9b6b9-56e2-4b4b-bc2e-c90937b964ec (type: ports) to 1
2026-04-23 09:01:17.732 10 INFO neutron.wsgi [None req-d66752f2-be50-4d7f-ac39-d2fce806a374 ea4d21a5da6e448a966840d6236394dd df29b90cc36a4aca98beb6b4cbd9b8e0 - - default default] 10.0.0.191 "POST /v2.0/networks HTTP/1.1" status: 201 len: 833 time: 0.9765668
