2026-04-23 09:00:10.213 9 INFO neutron.wsgi [req-9b61b167-0c6d-4a8b-8762-45b464622e26 req-5a19a3d6-8949-40ba-bdfd-5c7fb1a7941b cf64eec04e2a4132a6152c1efa922e0c 6e3e603828d74104aebcf9cc2d58b42a - - f2cf2090b4f64ebeb315ff6b43a7bfb1 f2cf2090b4f64ebeb315ff6b43a7bfb1] 199.19.213.141 "GET /v2.0/networks/c9c496d9-0163-4d32-bb49-ecc8b4d3c2a5?fields=provider%3Aphysical_network&fields=provider%3Anetwork_type HTTP/1.1" status: 200 len: 277 time: 0.0600095
2026-04-23 09:00:10.326 9 INFO neutron.wsgi [req-3617f84e-11da-4b58-991a-e809b7bccc4d req-daf4496d-23ac-43c3-b260-95dec7565bb9 cf64eec04e2a4132a6152c1efa922e0c 6e3e603828d74104aebcf9cc2d58b42a - - f2cf2090b4f64ebeb315ff6b43a7bfb1 f2cf2090b4f64ebeb315ff6b43a7bfb1] 199.19.213.141 "GET /v2.0/ports?tenant_id=aa32a47b802546cf83cfebc8ddd86afa&device_id=ba1bee7c-e494-4b5c-8ec9-db9dcbbdf358 HTTP/1.1" status: 200 len: 1590 time: 0.0533435
2026-04-23 09:00:10.422 9 INFO neutron.wsgi [req-3617f84e-11da-4b58-991a-e809b7bccc4d req-a8fe3d16-dd07-4320-8ed2-9d7759d1d46e cf64eec04e2a4132a6152c1efa922e0c 6e3e603828d74104aebcf9cc2d58b42a - - f2cf2090b4f64ebeb315ff6b43a7bfb1 f2cf2090b4f64ebeb315ff6b43a7bfb1] 199.19.213.141 "GET /v2.0/networks?id=c9c496d9-0163-4d32-bb49-ecc8b4d3c2a5 HTTP/1.1" status: 200 len: 982 time: 0.0880411 /var/lib/openstack/lib/python3.10/site-packages/pycadf/identifier.py:71: UserWarning: Invalid uuid: neutron. To ensure interoperability, identifiers should be a valid uuid. warnings.warn(('Invalid uuid: %s. To ensure interoperability, '
2026-04-23 09:00:10.502 9 INFO neutron.wsgi [req-3617f84e-11da-4b58-991a-e809b7bccc4d req-9778b330-c24c-445c-bbc2-8a97665cd2c9 cf64eec04e2a4132a6152c1efa922e0c 6e3e603828d74104aebcf9cc2d58b42a - - f2cf2090b4f64ebeb315ff6b43a7bfb1 f2cf2090b4f64ebeb315ff6b43a7bfb1] 199.19.213.141 "GET /v2.0/floatingips?fixed_ip_address=10.100.0.13&port_id=84b4cc36-fbe9-41fa-8b46-7f33b9def915 HTTP/1.1" status: 200 len: 1060 time: 0.0723066
2026-04-23 09:00:10.523 10 INFO neutron.wsgi [req-b33e014c-bcd8-40b1-b282-534f804cc9c9 req-57d552a1-57d2-4f55-937d-32f05cd4f0cc 2cf6cda2df484650a308ea0ed6c10b9d 7574c5d0f58c4536a9dbae3733aebd1e - - default default] 10.0.0.223 "GET /v2.0/ports?device_id=0ce9f1ce-6c44-4f9b-a9b9-5e1807ca9681 HTTP/1.1" status: 200 len: 1170 time: 0.0641761
2026-04-23 09:00:10.548 9 INFO neutron.wsgi [req-3617f84e-11da-4b58-991a-e809b7bccc4d req-6335afac-86ee-4245-b21d-856b6be9fe07 cf64eec04e2a4132a6152c1efa922e0c 6e3e603828d74104aebcf9cc2d58b42a - - f2cf2090b4f64ebeb315ff6b43a7bfb1 f2cf2090b4f64ebeb315ff6b43a7bfb1] 199.19.213.141 "GET /v2.0/floatingips?fixed_ip_address=10.100.0.9&port_id=84b4cc36-fbe9-41fa-8b46-7f33b9def915 HTTP/1.1" status: 200 len: 217 time: 0.0389171
2026-04-23 09:00:10.553 10 INFO neutron.wsgi [req-ce35af05-7941-4e35-bbf8-1fdf9c021041 req-3f799365-1f73-4dd4-afc9-303e8720f30d 811662311b2b4a4890b8dc962fa1d6d8 40bad5cc3e4b4de88993baabcad6e665 - - default default] 10.0.0.223 "GET /v2.0/security-groups?name=tempest-securitygroup--1863504245&fields=id&tenant_id=40bad5cc3e4b4de88993baabcad6e665 HTTP/1.1" status: 200 len: 267 time: 0.0622256
2026-04-23 09:00:10.600 10 INFO neutron.wsgi [req-b33e014c-bcd8-40b1-b282-534f804cc9c9 req-d8bf60de-1163-44f4-b36b-9d6e8e1b3d8e 2cf6cda2df484650a308ea0ed6c10b9d 7574c5d0f58c4536a9dbae3733aebd1e - - default default] 10.0.0.223 "GET /v2.0/security-groups?id=a3706671-a21a-44b3-9b60-bd92c7da4347&fields=id&fields=name HTTP/1.1" status: 200 len: 313 time: 0.0700085
2026-04-23 09:00:10.601 9 INFO neutron.wsgi [req-3617f84e-11da-4b58-991a-e809b7bccc4d req-e3f22aba-cff3-4576-8027-168d93d4c7ec cf64eec04e2a4132a6152c1efa922e0c 6e3e603828d74104aebcf9cc2d58b42a - - f2cf2090b4f64ebeb315ff6b43a7bfb1 f2cf2090b4f64ebeb315ff6b43a7bfb1] 199.19.213.141 "GET /v2.0/subnets?id=25e1b471-8bb3-4e25-9137-12e72801f3f3 HTTP/1.1" status: 200 len: 877 time: 0.0464406
2026-04-23 09:00:10.631 9 INFO neutron.wsgi [req-3617f84e-11da-4b58-991a-e809b7bccc4d req-b60c74ca-7d0a-4e98-badf-0efc27338479 cf64eec04e2a4132a6152c1efa922e0c 6e3e603828d74104aebcf9cc2d58b42a - - f2cf2090b4f64ebeb315ff6b43a7bfb1 f2cf2090b4f64ebeb315ff6b43a7bfb1] 199.19.213.141 "GET /v2.0/ports?network_id=c9c496d9-0163-4d32-bb49-ecc8b4d3c2a5&device_owner=network%3Adhcp HTTP/1.1" status: 200 len: 210 time: 0.0245209
2026-04-23 09:00:10.650 10 INFO neutron.wsgi [req-ce35af05-7941-4e35-bbf8-1fdf9c021041 req-b8c7dafa-bab7-43fe-96c0-ac9e604846b2 811662311b2b4a4890b8dc962fa1d6d8 40bad5cc3e4b4de88993baabcad6e665 - - default default] 10.0.0.223 "GET /v2.0/networks?id=460d2323-d179-4ff1-b267-eaee2f0ef0da HTTP/1.1" status: 200 len: 878 time: 0.0888081
2026-04-23 09:00:10.671 10 INFO neutron.wsgi [req-ce35af05-7941-4e35-bbf8-1fdf9c021041 req-91b4008f-2491-4ee5-a02f-4faf454b98db 811662311b2b4a4890b8dc962fa1d6d8 40bad5cc3e4b4de88993baabcad6e665 - - default default] 10.0.0.223 "GET /v2.0/quotas/40bad5cc3e4b4de88993baabcad6e665 HTTP/1.1" status: 200 len: 386 time: 0.0130060
2026-04-23 09:00:10.705 9 INFO neutron.wsgi [req-3617f84e-11da-4b58-991a-e809b7bccc4d req-9619263c-541d-4f60-b34a-3df864dbaf98 cf64eec04e2a4132a6152c1efa922e0c 6e3e603828d74104aebcf9cc2d58b42a - - f2cf2090b4f64ebeb315ff6b43a7bfb1 f2cf2090b4f64ebeb315ff6b43a7bfb1] 199.19.213.141 "GET /v2.0/networks/c9c496d9-0163-4d32-bb49-ecc8b4d3c2a5?fields=segments HTTP/1.1" status: 200 len: 212 time: 0.0701070
2026-04-23 09:00:10.756 10 INFO neutron.wsgi [req-2823cc44-9e1e-4cd3-bba7-490890680cf9 req-4cef5201-db87-4449-9016-83f5ec96f05e 2cf6cda2df484650a308ea0ed6c10b9d 7574c5d0f58c4536a9dbae3733aebd1e - - default default] 10.0.0.223 "GET /v2.0/ports?device_id=0ce9f1ce-6c44-4f9b-a9b9-5e1807ca9681 HTTP/1.1" status: 200 len: 1170 time: 0.0509944
2026-04-23 09:00:10.834 9 INFO neutron.wsgi [req-3617f84e-11da-4b58-991a-e809b7bccc4d req-e39b4150-de43-4546-a416-93bcaa7a2400 cf64eec04e2a4132a6152c1efa922e0c 6e3e603828d74104aebcf9cc2d58b42a - - f2cf2090b4f64ebeb315ff6b43a7bfb1 f2cf2090b4f64ebeb315ff6b43a7bfb1] 199.19.213.141 "GET /v2.0/networks/c9c496d9-0163-4d32-bb49-ecc8b4d3c2a5?fields=provider%3Aphysical_network&fields=provider%3Anetwork_type HTTP/1.1" status: 200 len: 277 time: 0.1215589
2026-04-23 09:00:11.056 10 INFO neutron.wsgi [req-ce35af05-7941-4e35-bbf8-1fdf9c021041 req-5ce2a92b-2c86-47fa-aafc-37c38ffd0b88 811662311b2b4a4890b8dc962fa1d6d8 40bad5cc3e4b4de88993baabcad6e665 - - default default] 10.0.0.223 "GET /v2.0/ports?tenant_id=40bad5cc3e4b4de88993baabcad6e665&fields=id HTTP/1.1" status: 200 len: 302 time: 0.3789523
2026-04-23 09:00:11.077 10 INFO neutron.wsgi [req-8299cbf3-7c0f-4971-b059-87ab599cdd05 req-3f509a89-38df-406b-b37f-dc3ae8646e13 164b4954926f49689fae734503c7889f aa32a47b802546cf83cfebc8ddd86afa - - default default] 10.0.0.223 "GET /v2.0/ports?device_id=ba1bee7c-e494-4b5c-8ec9-db9dcbbdf358 HTTP/1.1" status: 200 len: 1352 time: 0.2780061
2026-04-23 09:00:11.135 10 INFO neutron.wsgi [req-8299cbf3-7c0f-4971-b059-87ab599cdd05 req-e235a236-4ca7-49ab-96a8-e0219abed0bf 164b4954926f49689fae734503c7889f aa32a47b802546cf83cfebc8ddd86afa - - default default] 10.0.0.223 "GET /v2.0/security-groups?id=513066d4-f516-4e75-89cd-50bafc39603c&fields=id&fields=name HTTP/1.1" status: 200 len: 312 time: 0.0495951
2026-04-23 09:00:11.137 9 INFO neutron.db.l3_db [None req-98bea408-c966-45f2-a51e-feddaae8a661 2cf6cda2df484650a308ea0ed6c10b9d 7574c5d0f58c4536a9dbae3733aebd1e - - default default] Floating IP 1052c7ac-16cc-4f8b-aa1c-036245fbf73d associated. External IP: 10.96.250.217, port: e7b06dc3-4237-4c20-8ff4-fd8c77822e75.
2026-04-23 09:00:11.155 10 INFO neutron.wsgi [req-ce35af05-7941-4e35-bbf8-1fdf9c021041 req-eca4662e-bb02-40e9-87d1-a6ab6b3a68e2 cf64eec04e2a4132a6152c1efa922e0c 6e3e603828d74104aebcf9cc2d58b42a - - f2cf2090b4f64ebeb315ff6b43a7bfb1 f2cf2090b4f64ebeb315ff6b43a7bfb1] 10.0.0.223 "GET /v2.0/networks/460d2323-d179-4ff1-b267-eaee2f0ef0da?fields=segments HTTP/1.1" status: 200 len: 212 time: 0.0768607
2026-04-23 09:00:11.246 10 INFO neutron.wsgi [req-ce35af05-7941-4e35-bbf8-1fdf9c021041 req-62c8fb0e-9dd5-4cc2-8a67-387b184908cd cf64eec04e2a4132a6152c1efa922e0c 6e3e603828d74104aebcf9cc2d58b42a - - f2cf2090b4f64ebeb315ff6b43a7bfb1 f2cf2090b4f64ebeb315ff6b43a7bfb1] 10.0.0.223 "GET /v2.0/networks/460d2323-d179-4ff1-b267-eaee2f0ef0da?fields=provider%3Aphysical_network&fields=provider%3Anetwork_type HTTP/1.1" status: 200 len: 277 time: 0.0846114
2026-04-23 09:00:11.438 9 INFO neutron.wsgi [req-63556ff1-1b15-4486-a303-5e96c5292856 req-4414bd27-713d-4aaf-a3b3-7d0a40d62644 164b4954926f49689fae734503c7889f aa32a47b802546cf83cfebc8ddd86afa - - default default] 199.19.213.141 "GET /v2.0/ports?device_id=ba1bee7c-e494-4b5c-8ec9-db9dcbbdf358&device_owner=compute%3Anova&fixed_ips=ip_address%3D10.100.0.9 HTTP/1.1" status: 200 len: 1352 time: 0.0709641
2026-04-23 09:00:11.633 10 INFO neutron.wsgi [req-2fc4032e-ca63-41a5-a309-dec959d885f4 req-74f13d6a-fba8-40a9-a148-ad911ccfe0dc 811662311b2b4a4890b8dc962fa1d6d8 40bad5cc3e4b4de88993baabcad6e665 - - default default] 10.0.0.223 "GET /v2.0/ports?device_id=73a6ea4b-120f-4736-b1db-0a61e0f8aef5 HTTP/1.1" status: 200 len: 210 time: 0.0303059
2026-04-23 09:00:11.712 10 INFO neutron.notifiers.nova [-] Nova event matching ['req-176a36ed-f96e-4b65-bfdc-acc105a6f1ec'] response: {'server_uuid': '0ce9f1ce-6c44-4f9b-a9b9-5e1807ca9681', 'name': 'network-vif-plugged', 'status': 'completed', 'tag': 'e7b06dc3-4237-4c20-8ff4-fd8c77822e75', 'code': 200}
2026-04-23 09:00:11.767 9 INFO neutron.db.ovn_revision_numbers_db [None req-98bea408-c966-45f2-a51e-feddaae8a661 2cf6cda2df484650a308ea0ed6c10b9d 7574c5d0f58c4536a9dbae3733aebd1e - - default default] Successfully bumped revision number for resource 1052c7ac-16cc-4f8b-aa1c-036245fbf73d (type: floatingips) to 1
2026-04-23 09:00:11.954 9 INFO neutron.db.ovn_revision_numbers_db [None req-98bea408-c966-45f2-a51e-feddaae8a661 2cf6cda2df484650a308ea0ed6c10b9d 7574c5d0f58c4536a9dbae3733aebd1e - - default default] Successfully bumped revision number for resource 1052c7ac-16cc-4f8b-aa1c-036245fbf73d (type: floatingips) to 2
2026-04-23 09:00:11.996 9 INFO neutron.wsgi [None req-98bea408-c966-45f2-a51e-feddaae8a661 2cf6cda2df484650a308ea0ed6c10b9d 7574c5d0f58c4536a9dbae3733aebd1e - - default default] 10.0.0.191 "PUT /v2.0/floatingips/1052c7ac-16cc-4f8b-aa1c-036245fbf73d HTTP/1.1" status: 200 len: 1049 time: 1.2270377
2026-04-23 09:00:12.046 9 INFO neutron.notifiers.nova [-] Nova event matching ['req-07023819-4b92-457e-9cb5-7f6669cfec08'] response: {'name': 'network-changed', 'server_uuid': '0ce9f1ce-6c44-4f9b-a9b9-5e1807ca9681', 'tag': 'e7b06dc3-4237-4c20-8ff4-fd8c77822e75', 'status': 'completed', 'code': 200}
2026-04-23 09:00:12.199 9 INFO neutron.db.ovn_revision_numbers_db [req-63556ff1-1b15-4486-a303-5e96c5292856 req-9880f49c-3f72-49e3-a46b-c75e9c3f27c3 164b4954926f49689fae734503c7889f aa32a47b802546cf83cfebc8ddd86afa - - default default] Successfully bumped revision number for resource 84b4cc36-fbe9-41fa-8b46-7f33b9def915 (type: ports) to 6
2026-04-23 09:00:12.212 9 INFO neutron.wsgi [req-63556ff1-1b15-4486-a303-5e96c5292856 req-9880f49c-3f72-49e3-a46b-c75e9c3f27c3 164b4954926f49689fae734503c7889f aa32a47b802546cf83cfebc8ddd86afa - - default default] 199.19.213.141 "PUT /v2.0/ports/84b4cc36-fbe9-41fa-8b46-7f33b9def915 HTTP/1.1" status: 200 len: 1171 time: 0.7670746 /var/lib/openstack/lib/python3.10/site-packages/pycadf/identifier.py:71: UserWarning: Invalid uuid: neutron. To ensure interoperability, identifiers should be a valid uuid. warnings.warn(('Invalid uuid: %s. To ensure interoperability, '
2026-04-23 09:00:12.257 10 INFO neutron.wsgi [req-0d9a8589-ff38-4210-a29c-8ef74501f198 req-c8bfe356-0ca6-4f8d-8a6b-cb6a675338bb cf64eec04e2a4132a6152c1efa922e0c 6e3e603828d74104aebcf9cc2d58b42a - - f2cf2090b4f64ebeb315ff6b43a7bfb1 f2cf2090b4f64ebeb315ff6b43a7bfb1] 199.19.213.141 "GET /v2.0/ports?tenant_id=7574c5d0f58c4536a9dbae3733aebd1e&device_id=0ce9f1ce-6c44-4f9b-a9b9-5e1807ca9681 HTTP/1.1" status: 200 len: 1409 time: 0.0691650
2026-04-23 09:00:12.282 9 INFO neutron.wsgi [req-63556ff1-1b15-4486-a303-5e96c5292856 req-cbbbb7a7-a640-4fe7-a413-21995def18a4 cf64eec04e2a4132a6152c1efa922e0c 6e3e603828d74104aebcf9cc2d58b42a - - f2cf2090b4f64ebeb315ff6b43a7bfb1 f2cf2090b4f64ebeb315ff6b43a7bfb1] 199.19.213.141 "GET /v2.0/ports?tenant_id=aa32a47b802546cf83cfebc8ddd86afa&device_id=ba1bee7c-e494-4b5c-8ec9-db9dcbbdf358 HTTP/1.1" status: 200 len: 1413 time: 0.0473547
2026-04-23 09:00:12.359 9 INFO neutron.wsgi [req-63556ff1-1b15-4486-a303-5e96c5292856 req-b1b43d2d-2b36-4d6c-8f93-d4479dc77695 cf64eec04e2a4132a6152c1efa922e0c 6e3e603828d74104aebcf9cc2d58b42a - - f2cf2090b4f64ebeb315ff6b43a7bfb1 f2cf2090b4f64ebeb315ff6b43a7bfb1] 199.19.213.141 "GET /v2.0/networks?id=c9c496d9-0163-4d32-bb49-ecc8b4d3c2a5 HTTP/1.1" status: 200 len: 982 time: 0.0656023
2026-04-23 09:00:12.364 10 INFO neutron.wsgi [req-0d9a8589-ff38-4210-a29c-8ef74501f198 req-414f3ae2-fdac-40dc-8f65-672fcd048e4e cf64eec04e2a4132a6152c1efa922e0c 6e3e603828d74104aebcf9cc2d58b42a - - f2cf2090b4f64ebeb315ff6b43a7bfb1 f2cf2090b4f64ebeb315ff6b43a7bfb1] 199.19.213.141 "GET /v2.0/networks?id=80e3e301-933d-4570-a24a-aead399fe2f1 HTTP/1.1" status: 200 len: 971 time: 0.0988564
2026-04-23 09:00:12.413 9 INFO neutron.wsgi [req-63556ff1-1b15-4486-a303-5e96c5292856 req-636d91ef-e4a7-400e-9496-17a33786750a cf64eec04e2a4132a6152c1efa922e0c 6e3e603828d74104aebcf9cc2d58b42a - - f2cf2090b4f64ebeb315ff6b43a7bfb1 f2cf2090b4f64ebeb315ff6b43a7bfb1] 199.19.213.141 "GET /v2.0/floatingips?fixed_ip_address=10.100.0.13&port_id=84b4cc36-fbe9-41fa-8b46-7f33b9def915 HTTP/1.1" status: 200 len: 1060 time: 0.0435388
2026-04-23 09:00:12.439 10 INFO neutron.wsgi [req-0d9a8589-ff38-4210-a29c-8ef74501f198 req-36c14dc9-72e1-4bce-9fc8-b9362a042b0b cf64eec04e2a4132a6152c1efa922e0c 6e3e603828d74104aebcf9cc2d58b42a - - f2cf2090b4f64ebeb315ff6b43a7bfb1 f2cf2090b4f64ebeb315ff6b43a7bfb1] 199.19.213.141 "GET /v2.0/floatingips?fixed_ip_address=10.100.0.6&port_id=e7b06dc3-4237-4c20-8ff4-fd8c77822e75 HTTP/1.1" status: 200 len: 1059 time: 0.0684652
2026-04-23 09:00:12.449 9 INFO neutron.wsgi [req-63556ff1-1b15-4486-a303-5e96c5292856 req-9d8f7b9c-7ea5-43ca-8e03-6255acb2ea40 cf64eec04e2a4132a6152c1efa922e0c 6e3e603828d74104aebcf9cc2d58b42a - - f2cf2090b4f64ebeb315ff6b43a7bfb1 f2cf2090b4f64ebeb315ff6b43a7bfb1] 199.19.213.141 "GET /v2.0/subnets?id=25e1b471-8bb3-4e25-9137-12e72801f3f3 HTTP/1.1" status: 200 len: 877 time: 0.0314574
2026-04-23 09:00:12.478 9 INFO neutron.wsgi [req-63556ff1-1b15-4486-a303-5e96c5292856 req-90f621f6-22e1-40be-b808-62b782559f78 cf64eec04e2a4132a6152c1efa922e0c 6e3e603828d74104aebcf9cc2d58b42a - - f2cf2090b4f64ebeb315ff6b43a7bfb1 f2cf2090b4f64ebeb315ff6b43a7bfb1] 199.19.213.141 "GET /v2.0/ports?network_id=c9c496d9-0163-4d32-bb49-ecc8b4d3c2a5&device_owner=network%3Adhcp HTTP/1.1" status: 200 len: 210 time: 0.0234094
2026-04-23 09:00:12.481 10 INFO neutron.wsgi [req-0d9a8589-ff38-4210-a29c-8ef74501f198 req-d117b387-0698-4602-aa57-17a1089284b9 cf64eec04e2a4132a6152c1efa922e0c 6e3e603828d74104aebcf9cc2d58b42a - - f2cf2090b4f64ebeb315ff6b43a7bfb1 f2cf2090b4f64ebeb315ff6b43a7bfb1] 199.19.213.141 "GET /v2.0/subnets?id=698d644e-1e12-490e-ae7e-e2b9032f6348 HTTP/1.1" status: 200 len: 867 time: 0.0360358
2026-04-23 09:00:12.520 10 INFO neutron.wsgi [req-0d9a8589-ff38-4210-a29c-8ef74501f198 req-8590637a-8574-402a-810e-06d1bd36588f cf64eec04e2a4132a6152c1efa922e0c 6e3e603828d74104aebcf9cc2d58b42a - - f2cf2090b4f64ebeb315ff6b43a7bfb1 f2cf2090b4f64ebeb315ff6b43a7bfb1] 199.19.213.141 "GET /v2.0/ports?network_id=80e3e301-933d-4570-a24a-aead399fe2f1&device_owner=network%3Adhcp HTTP/1.1" status: 200 len: 210 time: 0.0267444
2026-04-23 09:00:12.571 9 INFO neutron.wsgi [req-63556ff1-1b15-4486-a303-5e96c5292856 req-27e0bae6-8cf9-461f-9752-c92d8dfd426d cf64eec04e2a4132a6152c1efa922e0c 6e3e603828d74104aebcf9cc2d58b42a - - f2cf2090b4f64ebeb315ff6b43a7bfb1 f2cf2090b4f64ebeb315ff6b43a7bfb1] 199.19.213.141 "GET /v2.0/networks/c9c496d9-0163-4d32-bb49-ecc8b4d3c2a5?fields=segments HTTP/1.1" status: 200 len: 212 time: 0.0783739
2026-04-23 09:00:12.608 10 INFO neutron.wsgi [req-0d9a8589-ff38-4210-a29c-8ef74501f198 req-2acd6c55-eb27-48b6-ac26-5770bdcdbbcf cf64eec04e2a4132a6152c1efa922e0c 6e3e603828d74104aebcf9cc2d58b42a - - f2cf2090b4f64ebeb315ff6b43a7bfb1 f2cf2090b4f64ebeb315ff6b43a7bfb1] 199.19.213.141 "GET /v2.0/networks/80e3e301-933d-4570-a24a-aead399fe2f1?fields=segments HTTP/1.1" status: 200 len: 212 time: 0.0780892
2026-04-23 09:00:12.635 9 INFO neutron.wsgi [req-ce35af05-7941-4e35-bbf8-1fdf9c021041 req-e97b04bb-22ef-4b01-b9e7-9f14f698b991 811662311b2b4a4890b8dc962fa1d6d8 40bad5cc3e4b4de88993baabcad6e665 - - default default] 199.19.213.141 "GET /v2.0/networks?id=460d2323-d179-4ff1-b267-eaee2f0ef0da HTTP/1.1" status: 200 len: 878 time: 0.0977407
2026-04-23 09:00:12.657 9 INFO neutron.wsgi [req-63556ff1-1b15-4486-a303-5e96c5292856 req-c6fe3ecd-ea48-4499-b36d-4eb2f0a1cb64 cf64eec04e2a4132a6152c1efa922e0c 6e3e603828d74104aebcf9cc2d58b42a - - f2cf2090b4f64ebeb315ff6b43a7bfb1 f2cf2090b4f64ebeb315ff6b43a7bfb1] 199.19.213.141 "GET /v2.0/networks/c9c496d9-0163-4d32-bb49-ecc8b4d3c2a5?fields=provider%3Aphysical_network&fields=provider%3Anetwork_type HTTP/1.1" status: 200 len: 277 time: 0.0755064
2026-04-23 09:00:12.689 9 INFO neutron.wsgi [req-ce35af05-7941-4e35-bbf8-1fdf9c021041 req-389f6233-591d-42b1-9cd0-a288910b4349 811662311b2b4a4890b8dc962fa1d6d8 40bad5cc3e4b4de88993baabcad6e665 - - default default] 199.19.213.141 "GET /v2.0/security-groups?fields=id&fields=name&tenant_id=40bad5cc3e4b4de88993baabcad6e665 HTTP/1.1" status: 200 len: 380 time: 0.0474825
2026-04-23 09:00:12.709 10 INFO neutron.wsgi [req-0d9a8589-ff38-4210-a29c-8ef74501f198 req-206a176e-35a0-46f1-abf4-1d2d050612ed cf64eec04e2a4132a6152c1efa922e0c 6e3e603828d74104aebcf9cc2d58b42a - - f2cf2090b4f64ebeb315ff6b43a7bfb1 f2cf2090b4f64ebeb315ff6b43a7bfb1] 199.19.213.141 "GET /v2.0/networks/80e3e301-933d-4570-a24a-aead399fe2f1?fields=provider%3Aphysical_network&fields=provider%3Anetwork_type HTTP/1.1" status: 200 len: 277 time: 0.0950620
2026-04-23 09:00:12.734 9 WARNING neutron_lib.context [req-ce35af05-7941-4e35-bbf8-1fdf9c021041 req-abfbdbfa-02cc-4696-90cd-f6158fee67a0 811662311b2b4a4890b8dc962fa1d6d8 40bad5cc3e4b4de88993baabcad6e665 - - default default] Method 'is_advsvc' is deprecated since 2023.2 release (neutron-lib 3.8.0) and will be removed once support for the old RBAC API policies will be removed from Neutron. Please use method 'is_service_role' instead.
2026-04-23 09:00:12.759 10 INFO neutron.wsgi [req-6a0cf7ad-c0bd-46ee-87a3-cd8564fff36f req-aa22756a-47d3-41f6-b374-58228fd0ee4d 811662311b2b4a4890b8dc962fa1d6d8 40bad5cc3e4b4de88993baabcad6e665 - - default default] 10.0.0.223 "GET /v2.0/ports?device_id=73a6ea4b-120f-4736-b1db-0a61e0f8aef5 HTTP/1.1" status: 200 len: 210 time: 0.0305455
2026-04-23 09:00:13.100 9 WARNING neutron.scheduler.dhcp_agent_scheduler [req-ce35af05-7941-4e35-bbf8-1fdf9c021041 req-abfbdbfa-02cc-4696-90cd-f6158fee67a0 811662311b2b4a4890b8dc962fa1d6d8 40bad5cc3e4b4de88993baabcad6e665 - - default default] No more DHCP agents
2026-04-23 09:00:13.103 9 WARNING neutron.api.rpc.agentnotifiers.dhcp_rpc_agent_api [req-ce35af05-7941-4e35-bbf8-1fdf9c021041 req-abfbdbfa-02cc-4696-90cd-f6158fee67a0 811662311b2b4a4890b8dc962fa1d6d8 40bad5cc3e4b4de88993baabcad6e665 - - default default] Unable to schedule network 460d2323-d179-4ff1-b267-eaee2f0ef0da: no agents available; will retry on subsequent port and subnet creation events.
2026-04-23 09:00:13.297 9 INFO neutron.db.ovn_revision_numbers_db [req-ce35af05-7941-4e35-bbf8-1fdf9c021041 req-abfbdbfa-02cc-4696-90cd-f6158fee67a0 811662311b2b4a4890b8dc962fa1d6d8 40bad5cc3e4b4de88993baabcad6e665 - - default default] Successfully bumped revision number for resource 355c629c-6145-41af-9cd3-083f6040381f (type: ports) to 1
2026-04-23 09:00:13.325 9 INFO neutron.wsgi [req-ce35af05-7941-4e35-bbf8-1fdf9c021041 req-abfbdbfa-02cc-4696-90cd-f6158fee67a0 811662311b2b4a4890b8dc962fa1d6d8 40bad5cc3e4b4de88993baabcad6e665 - - default default] 199.19.213.141 "POST /v2.0/ports HTTP/1.1" status: 201 len: 1162 time: 0.6020527 /var/lib/openstack/lib/python3.10/site-packages/pycadf/identifier.py:71: UserWarning: Invalid uuid: neutron. To ensure interoperability, identifiers should be a valid uuid. warnings.warn(('Invalid uuid: %s. To ensure interoperability, '
2026-04-23 09:00:13.583 10 INFO neutron.plugins.ml2.drivers.ovn.mech_driver.mech_driver [None req-14ffa220-e7df-4ddd-aad4-ce2377e6fedb - - - - - -] OVN reports status down for port: 84b4cc36-fbe9-41fa-8b46-7f33b9def915
2026-04-23 09:00:13.689 10 INFO neutron.wsgi [req-e3a53956-c39a-404e-99e6-8f994432dd20 req-a8a63c8d-e214-4aa9-8980-a17d8b972824 164b4954926f49689fae734503c7889f aa32a47b802546cf83cfebc8ddd86afa - - default default] 10.0.0.223 "GET /v2.0/ports?device_id=ba1bee7c-e494-4b5c-8ec9-db9dcbbdf358 HTTP/1.1" status: 200 len: 1174 time: 0.1546142
2026-04-23 09:00:13.775 10 INFO neutron.wsgi [req-e3a53956-c39a-404e-99e6-8f994432dd20 req-d06a72e2-b68f-44a5-9752-e288bcb635d8 164b4954926f49689fae734503c7889f aa32a47b802546cf83cfebc8ddd86afa - - default default] 10.0.0.223 "GET /v2.0/security-groups?id=513066d4-f516-4e75-89cd-50bafc39603c&fields=id&fields=name HTTP/1.1" status: 200 len: 312 time: 0.0786583
2026-04-23 09:00:13.800 10 INFO neutron.notifiers.nova [-] Nova event matching ['req-bf623eee-58c9-430c-836c-8d689846082b'] response: {'server_uuid': 'ba1bee7c-e494-4b5c-8ec9-db9dcbbdf358', 'name': 'network-vif-unplugged', 'status': 'completed', 'tag': '84b4cc36-fbe9-41fa-8b46-7f33b9def915', 'code': 200}
2026-04-23 09:00:13.868 9 INFO neutron.db.ovn_revision_numbers_db [req-ce35af05-7941-4e35-bbf8-1fdf9c021041 req-cde3299a-cf35-4c6d-a085-194dcb513b22 cf64eec04e2a4132a6152c1efa922e0c 6e3e603828d74104aebcf9cc2d58b42a - - f2cf2090b4f64ebeb315ff6b43a7bfb1 f2cf2090b4f64ebeb315ff6b43a7bfb1] Successfully bumped revision number for resource 355c629c-6145-41af-9cd3-083f6040381f (type: ports) to 2
2026-04-23 09:00:13.871 10 INFO neutron.wsgi [req-7699a8f1-543f-49a7-a860-4053093e7f10 req-83c1e249-a3ba-4c03-9989-9b7afa2db2ce 811662311b2b4a4890b8dc962fa1d6d8 40bad5cc3e4b4de88993baabcad6e665 - - default default] 10.0.0.223 "GET /v2.0/ports?device_id=73a6ea4b-120f-4736-b1db-0a61e0f8aef5 HTTP/1.1" status: 200 len: 1172 time: 0.0470965
2026-04-23 09:00:13.924 10 INFO neutron.wsgi [req-3354a55d-6e65-4d84-b645-a9bc5e263a58 req-9817636d-33d5-4dc6-9898-f1068acbc32e 164b4954926f49689fae734503c7889f aa32a47b802546cf83cfebc8ddd86afa - - default default] 199.19.213.141 "GET /v2.0/ports?device_id=ba1bee7c-e494-4b5c-8ec9-db9dcbbdf358 HTTP/1.1" status: 200 len: 1172 time: 0.0515645
2026-04-23 09:00:13.952 10 INFO neutron.wsgi [req-7699a8f1-543f-49a7-a860-4053093e7f10 req-01c60bb5-3832-46a5-ada2-9713f8a90df5 811662311b2b4a4890b8dc962fa1d6d8 40bad5cc3e4b4de88993baabcad6e665 - - default default] 10.0.0.223 "GET /v2.0/security-groups?id=1814bcb8-3c6e-4bab-bbb4-59a1bbb76ea6&fields=id&fields=name HTTP/1.1" status: 200 len: 313 time: 0.0722129
2026-04-23 09:00:14.091 9 INFO neutron.notifiers.nova [-] Nova event matching ['req-5281e92e-a390-484c-8194-449049599b13'] response: {'name': 'network-changed', 'server_uuid': 'ba1bee7c-e494-4b5c-8ec9-db9dcbbdf358', 'tag': '84b4cc36-fbe9-41fa-8b46-7f33b9def915', 'status': 'completed', 'code': 200}
2026-04-23 09:00:14.094 10 INFO neutron.db.ovn_revision_numbers_db [None req-14ffa220-e7df-4ddd-aad4-ce2377e6fedb - - - - - -] Successfully bumped revision number for resource 84b4cc36-fbe9-41fa-8b46-7f33b9def915 (type: ports) to 7 /var/lib/openstack/lib/python3.10/site-packages/pycadf/identifier.py:71: UserWarning: Invalid uuid: neutron. To ensure interoperability, identifiers should be a valid uuid. warnings.warn(('Invalid uuid: %s. To ensure interoperability, '
2026-04-23 09:00:14.179 9 INFO neutron.wsgi [req-318edf0b-5ca2-4881-8e72-d89d30023b81 req-9defbe8a-ce08-418d-a948-cbb0d8950fc6 cf64eec04e2a4132a6152c1efa922e0c 6e3e603828d74104aebcf9cc2d58b42a - - f2cf2090b4f64ebeb315ff6b43a7bfb1 f2cf2090b4f64ebeb315ff6b43a7bfb1] 199.19.213.141 "GET /v2.0/ports?tenant_id=aa32a47b802546cf83cfebc8ddd86afa&device_id=ba1bee7c-e494-4b5c-8ec9-db9dcbbdf358 HTTP/1.1" status: 200 len: 1411 time: 0.0510027
2026-04-23 09:00:14.232 9 INFO neutron.db.ovn_revision_numbers_db [req-ce35af05-7941-4e35-bbf8-1fdf9c021041 req-cde3299a-cf35-4c6d-a085-194dcb513b22 cf64eec04e2a4132a6152c1efa922e0c 6e3e603828d74104aebcf9cc2d58b42a - - f2cf2090b4f64ebeb315ff6b43a7bfb1 f2cf2090b4f64ebeb315ff6b43a7bfb1] Successfully bumped revision number for resource 355c629c-6145-41af-9cd3-083f6040381f (type: ports) to 2
2026-04-23 09:00:14.274 9 INFO neutron.wsgi [req-ce35af05-7941-4e35-bbf8-1fdf9c021041 req-cde3299a-cf35-4c6d-a085-194dcb513b22 cf64eec04e2a4132a6152c1efa922e0c 6e3e603828d74104aebcf9cc2d58b42a - - f2cf2090b4f64ebeb315ff6b43a7bfb1 f2cf2090b4f64ebeb315ff6b43a7bfb1] 199.19.213.141 "PUT /v2.0/ports/355c629c-6145-41af-9cd3-083f6040381f HTTP/1.1" status: 200 len: 1380 time: 0.9447093
2026-04-23 09:00:14.303 9 INFO neutron.wsgi [req-318edf0b-5ca2-4881-8e72-d89d30023b81 req-a6e71d77-b1a6-4221-8ed4-7fc307313b6c cf64eec04e2a4132a6152c1efa922e0c 6e3e603828d74104aebcf9cc2d58b42a - - f2cf2090b4f64ebeb315ff6b43a7bfb1 f2cf2090b4f64ebeb315ff6b43a7bfb1] 199.19.213.141 "GET /v2.0/networks?id=c9c496d9-0163-4d32-bb49-ecc8b4d3c2a5 HTTP/1.1" status: 200 len: 982 time: 0.1138737
2026-04-23 09:00:14.376 9 INFO neutron.wsgi [req-ce35af05-7941-4e35-bbf8-1fdf9c021041 req-3a5c69ec-d009-4843-9f39-a20401963535 cf64eec04e2a4132a6152c1efa922e0c 6e3e603828d74104aebcf9cc2d58b42a - - f2cf2090b4f64ebeb315ff6b43a7bfb1 f2cf2090b4f64ebeb315ff6b43a7bfb1] 199.19.213.141 "GET /v2.0/ports?tenant_id=40bad5cc3e4b4de88993baabcad6e665&device_id=73a6ea4b-120f-4736-b1db-0a61e0f8aef5 HTTP/1.1" status: 200 len: 1411 time: 0.0573525
2026-04-23 09:00:14.388 9 INFO neutron.wsgi [req-318edf0b-5ca2-4881-8e72-d89d30023b81 req-1a392132-d85a-4cec-82c6-5bfbf0518684 cf64eec04e2a4132a6152c1efa922e0c 6e3e603828d74104aebcf9cc2d58b42a - - f2cf2090b4f64ebeb315ff6b43a7bfb1 f2cf2090b4f64ebeb315ff6b43a7bfb1] 199.19.213.141 "GET /v2.0/floatingips?fixed_ip_address=10.100.0.13&port_id=84b4cc36-fbe9-41fa-8b46-7f33b9def915 HTTP/1.1" status: 200 len: 1058 time: 0.0762649
2026-04-23 09:00:14.414 9 INFO neutron.wsgi [req-ce35af05-7941-4e35-bbf8-1fdf9c021041 req-4522a414-5c40-49cc-8538-c2acff8ed5ef cf64eec04e2a4132a6152c1efa922e0c 6e3e603828d74104aebcf9cc2d58b42a - - f2cf2090b4f64ebeb315ff6b43a7bfb1 f2cf2090b4f64ebeb315ff6b43a7bfb1] 199.19.213.141 "GET /v2.0/floatingips?fixed_ip_address=10.100.0.10&port_id=355c629c-6145-41af-9cd3-083f6040381f HTTP/1.1" status: 200 len: 217 time: 0.0288339
2026-04-23 09:00:14.448 10 INFO neutron.db.l3_db [req-3354a55d-6e65-4d84-b645-a9bc5e263a58 req-a9c5bc0b-7ed4-4f69-952a-bca423797c0d 164b4954926f49689fae734503c7889f aa32a47b802546cf83cfebc8ddd86afa - - default default] Floating IP ef021401-3beb-464c-bf4d-f308f7e16249 disassociated. External IP: 10.96.250.205, port: 84b4cc36-fbe9-41fa-8b46-7f33b9def915.
2026-04-23 09:00:14.452 9 INFO neutron.wsgi [req-318edf0b-5ca2-4881-8e72-d89d30023b81 req-86bed162-379e-4314-b67a-52f21eeaf966 cf64eec04e2a4132a6152c1efa922e0c 6e3e603828d74104aebcf9cc2d58b42a - - f2cf2090b4f64ebeb315ff6b43a7bfb1 f2cf2090b4f64ebeb315ff6b43a7bfb1] 199.19.213.141 "GET /v2.0/subnets?id=25e1b471-8bb3-4e25-9137-12e72801f3f3 HTTP/1.1" status: 200 len: 877 time: 0.0575514
2026-04-23 09:00:14.461 9 INFO neutron.wsgi [req-ce35af05-7941-4e35-bbf8-1fdf9c021041 req-83e64b19-19cf-4126-9354-503aa4c0502a cf64eec04e2a4132a6152c1efa922e0c 6e3e603828d74104aebcf9cc2d58b42a - - f2cf2090b4f64ebeb315ff6b43a7bfb1 f2cf2090b4f64ebeb315ff6b43a7bfb1] 199.19.213.141 "GET /v2.0/subnets?id=da073099-c3f9-4d43-b983-d583f9e02c98 HTTP/1.1" status: 200 len: 872 time: 0.0408206
2026-04-23 09:00:14.681 10 INFO neutron.wsgi [req-3354a55d-6e65-4d84-b645-a9bc5e263a58 req-a9c5bc0b-7ed4-4f69-952a-bca423797c0d 164b4954926f49689fae734503c7889f aa32a47b802546cf83cfebc8ddd86afa - - default default] 199.19.213.141 "DELETE /v2.0/ports/84b4cc36-fbe9-41fa-8b46-7f33b9def915 HTTP/1.1" status: 204 len: 173 time: 0.7528391
2026-04-23 09:00:14.690 9 INFO neutron.wsgi [req-318edf0b-5ca2-4881-8e72-d89d30023b81 req-c795655f-e8f0-4840-8435-fe3def975fc3 cf64eec04e2a4132a6152c1efa922e0c 6e3e603828d74104aebcf9cc2d58b42a - - f2cf2090b4f64ebeb315ff6b43a7bfb1 f2cf2090b4f64ebeb315ff6b43a7bfb1] 199.19.213.141 "GET /v2.0/ports?network_id=c9c496d9-0163-4d32-bb49-ecc8b4d3c2a5&device_owner=network%3Adhcp HTTP/1.1" status: 200 len: 210 time: 0.2283165
2026-04-23 09:00:14.697 9 INFO neutron.wsgi [req-ce35af05-7941-4e35-bbf8-1fdf9c021041 req-deba0e07-6a68-48ed-b2a1-505d9e7452ca cf64eec04e2a4132a6152c1efa922e0c 6e3e603828d74104aebcf9cc2d58b42a - - f2cf2090b4f64ebeb315ff6b43a7bfb1 f2cf2090b4f64ebeb315ff6b43a7bfb1] 199.19.213.141 "GET /v2.0/ports?network_id=460d2323-d179-4ff1-b267-eaee2f0ef0da&device_owner=network%3Adhcp HTTP/1.1" status: 200 len: 210 time: 0.2291625
2026-04-23 09:00:14.777 9 INFO neutron.wsgi [req-ce35af05-7941-4e35-bbf8-1fdf9c021041 req-872d96d4-1692-49cd-8d3a-3049d1741864 cf64eec04e2a4132a6152c1efa922e0c 6e3e603828d74104aebcf9cc2d58b42a - - f2cf2090b4f64ebeb315ff6b43a7bfb1 f2cf2090b4f64ebeb315ff6b43a7bfb1] 199.19.213.141 "GET /v2.0/networks/460d2323-d179-4ff1-b267-eaee2f0ef0da?fields=segments HTTP/1.1" status: 200 len: 212 time: 0.0727966
2026-04-23 09:00:14.784 9 INFO neutron.wsgi [req-318edf0b-5ca2-4881-8e72-d89d30023b81 req-4d2ad2db-17cc-42d3-9ab9-86d267ece6ea cf64eec04e2a4132a6152c1efa922e0c 6e3e603828d74104aebcf9cc2d58b42a - - f2cf2090b4f64ebeb315ff6b43a7bfb1 f2cf2090b4f64ebeb315ff6b43a7bfb1] 199.19.213.141 "GET /v2.0/networks/c9c496d9-0163-4d32-bb49-ecc8b4d3c2a5?fields=segments HTTP/1.1" status: 200 len: 212 time: 0.0870745
2026-04-23 09:00:14.860 9 INFO neutron.wsgi [req-ce35af05-7941-4e35-bbf8-1fdf9c021041 req-ad7701b5-df6c-41d6-82a0-2cb4f1503060 cf64eec04e2a4132a6152c1efa922e0c 6e3e603828d74104aebcf9cc2d58b42a - - f2cf2090b4f64ebeb315ff6b43a7bfb1 f2cf2090b4f64ebeb315ff6b43a7bfb1] 199.19.213.141 "GET /v2.0/networks/460d2323-d179-4ff1-b267-eaee2f0ef0da?fields=provider%3Aphysical_network&fields=provider%3Anetwork_type HTTP/1.1" status: 200 len: 277 time: 0.0785103
2026-04-23 09:00:14.869 9 INFO neutron.wsgi [req-318edf0b-5ca2-4881-8e72-d89d30023b81 req-30fe30cd-aaa7-4f2d-bd4f-882e96d33b33 cf64eec04e2a4132a6152c1efa922e0c 6e3e603828d74104aebcf9cc2d58b42a - - f2cf2090b4f64ebeb315ff6b43a7bfb1 f2cf2090b4f64ebeb315ff6b43a7bfb1] 199.19.213.141 "GET /v2.0/networks/c9c496d9-0163-4d32-bb49-ecc8b4d3c2a5?fields=provider%3Aphysical_network&fields=provider%3Anetwork_type HTTP/1.1" status: 200 len: 277 time: 0.0801365 /var/lib/openstack/lib/python3.10/site-packages/pycadf/identifier.py:71: UserWarning: Invalid uuid: neutron. To ensure interoperability, identifiers should be a valid uuid. warnings.warn(('Invalid uuid: %s. To ensure interoperability, '
2026-04-23 09:00:14.898 10 INFO neutron.wsgi [req-1fcbe2b1-0ec3-40b9-8ff3-256813dc8053 req-7f51dc0c-8e5f-405b-9f60-500e21a0feb7 164b4954926f49689fae734503c7889f aa32a47b802546cf83cfebc8ddd86afa - - default default] 10.0.0.223 "GET /v2.0/ports?device_id=ba1bee7c-e494-4b5c-8ec9-db9dcbbdf358 HTTP/1.1" status: 200 len: 210 time: 0.0305378
2026-04-23 09:00:15.080 10 INFO neutron.wsgi [req-402d97c9-feeb-4909-8c6b-88c3f27515a2 req-41d60bf6-4a3b-480a-865e-438e58aad09a 811662311b2b4a4890b8dc962fa1d6d8 40bad5cc3e4b4de88993baabcad6e665 - - default default] 10.0.0.223 "GET /v2.0/ports?device_id=73a6ea4b-120f-4736-b1db-0a61e0f8aef5 HTTP/1.1" status: 200 len: 1172 time: 0.0443487
2026-04-23 09:00:15.131 10 INFO neutron.wsgi [req-402d97c9-feeb-4909-8c6b-88c3f27515a2 req-a967bb79-c245-4bd5-b4a1-aade8f7f469c 811662311b2b4a4890b8dc962fa1d6d8 40bad5cc3e4b4de88993baabcad6e665 - - default default] 10.0.0.223 "GET /v2.0/security-groups?id=1814bcb8-3c6e-4bab-bbb4-59a1bbb76ea6&fields=id&fields=name HTTP/1.1" status: 200 len: 313 time: 0.0457036
2026-04-23 09:00:15.132 10 INFO neutron.db.ovn_revision_numbers_db [None req-572f8643-bddb-43d3-aa1a-f386812c70b1 2d874a480f6b48979b35e2224ab8df37 80904783ced34c1cab0fb022328fde3c - - default default] Successfully bumped revision number for resource e4b4209f-2380-4efe-8b6a-803867d25576 (type: security_groups) to 1
2026-04-23 09:00:15.148 10 INFO neutron.db.ovn_revision_numbers_db [None req-572f8643-bddb-43d3-aa1a-f386812c70b1 2d874a480f6b48979b35e2224ab8df37 80904783ced34c1cab0fb022328fde3c - - default default] Successfully bumped revision number for resource 46a9d94d-9693-462b-930b-cec764f798e7 (type: security_group_rules) to 0
2026-04-23 09:00:15.163 10 INFO neutron.db.ovn_revision_numbers_db [None req-572f8643-bddb-43d3-aa1a-f386812c70b1 2d874a480f6b48979b35e2224ab8df37 80904783ced34c1cab0fb022328fde3c - - default default] Successfully bumped revision number for resource 7f6d8b42-fbad-49f9-a008-065072a90343 (type: security_group_rules) to 0
2026-04-23 09:00:15.179 10 INFO neutron.db.ovn_revision_numbers_db [None req-572f8643-bddb-43d3-aa1a-f386812c70b1 2d874a480f6b48979b35e2224ab8df37 80904783ced34c1cab0fb022328fde3c - - default default] Successfully bumped revision number for resource ad3c5421-529a-48aa-a868-d30ed4bbb9a2 (type: security_group_rules) to 0
2026-04-23 09:00:15.195 10 INFO neutron.db.ovn_revision_numbers_db [None req-572f8643-bddb-43d3-aa1a-f386812c70b1 2d874a480f6b48979b35e2224ab8df37 80904783ced34c1cab0fb022328fde3c - - default default] Successfully bumped revision number for resource cdd8ad68-1d6e-41a5-96d5-467aab0d2407 (type: security_group_rules) to 0
2026-04-23 09:00:15.218 10 INFO neutron.wsgi [None req-572f8643-bddb-43d3-aa1a-f386812c70b1 2d874a480f6b48979b35e2224ab8df37 80904783ced34c1cab0fb022328fde3c - - default default] 10.0.0.191 "GET /v2.0/security-groups?tenant_id=047a9eb506e64baaa43fd1f9b353e344&name=default HTTP/1.1" status: 200 len: 2996 time: 0.4177551
2026-04-23 09:00:15.443 10 INFO neutron.wsgi [None req-cddcfabc-3da0-4cfd-9ed5-4070cdc7dc00 2d874a480f6b48979b35e2224ab8df37 80904783ced34c1cab0fb022328fde3c - - default default] 10.0.0.191 "DELETE /v2.0/security-groups/e4b4209f-2380-4efe-8b6a-803867d25576 HTTP/1.1" status: 204 len: 168 time: 0.2192879
2026-04-23 09:00:15.684 9 INFO neutron.db.ovn_revision_numbers_db [None req-4468a90c-2ac3-4f8e-89a3-6ec938b94168 2d874a480f6b48979b35e2224ab8df37 80904783ced34c1cab0fb022328fde3c - - default default] Successfully bumped revision number for resource 669620bf-527a-445d-ac51-ca51afe9327c (type: security_groups) to 1
2026-04-23 09:00:15.715 9 INFO neutron.db.ovn_revision_numbers_db [None req-4468a90c-2ac3-4f8e-89a3-6ec938b94168 2d874a480f6b48979b35e2224ab8df37 80904783ced34c1cab0fb022328fde3c - - default default] Successfully bumped revision number for resource 4e28a6b3-5709-4be6-b966-a4a5f9043980 (type: security_group_rules) to 0
2026-04-23 09:00:15.747 9 INFO neutron.db.ovn_revision_numbers_db [None req-4468a90c-2ac3-4f8e-89a3-6ec938b94168 2d874a480f6b48979b35e2224ab8df37 80904783ced34c1cab0fb022328fde3c - - default default] Successfully bumped revision number for resource 5c39ab02-7805-4280-9800-23c980759dcf (type: security_group_rules) to 0
2026-04-23 09:00:15.774 9 INFO neutron.db.ovn_revision_numbers_db [None req-4468a90c-2ac3-4f8e-89a3-6ec938b94168 2d874a480f6b48979b35e2224ab8df37 80904783ced34c1cab0fb022328fde3c - - default default] Successfully bumped revision number for resource 5e38b60b-fc3c-414e-890e-442fe3394ad1 (type: security_group_rules) to 0
2026-04-23 09:00:15.793 9 INFO neutron.db.ovn_revision_numbers_db [None req-4468a90c-2ac3-4f8e-89a3-6ec938b94168 2d874a480f6b48979b35e2224ab8df37 80904783ced34c1cab0fb022328fde3c - - default default] Successfully bumped revision number for resource 8fe95567-8a4c-46f7-9c86-3e4de690a37c (type: security_group_rules) to 0
2026-04-23 09:00:15.833 9 INFO neutron.wsgi [None req-4468a90c-2ac3-4f8e-89a3-6ec938b94168 2d874a480f6b48979b35e2224ab8df37 80904783ced34c1cab0fb022328fde3c - - default default] 10.0.0.191 "GET /v2.0/security-groups?tenant_id=369822781eef41a18660c2806321a27c&name=default HTTP/1.1" status: 200 len: 2996 time: 0.2837050
2026-04-23 09:00:15.850 10 INFO neutron.notifiers.nova [-] Nova event matching ['req-244ee5ee-579e-4116-93c1-1b556a1888bd'] response: {'server_uuid': 'ba1bee7c-e494-4b5c-8ec9-db9dcbbdf358', 'name': 'network-vif-plugged', 'status': 'completed', 'tag': '84b4cc36-fbe9-41fa-8b46-7f33b9def915', 'code': 200}
2026-04-23 09:00:15.852 10 INFO neutron.notifiers.nova [-] Nova event matching ['req-244ee5ee-579e-4116-93c1-1b556a1888bd'] response: {'server_uuid': 'ba1bee7c-e494-4b5c-8ec9-db9dcbbdf358', 'name': 'network-vif-deleted', 'tag': '84b4cc36-fbe9-41fa-8b46-7f33b9def915', 'status': 'completed', 'code': 200}
2026-04-23 09:00:16.102 9 INFO neutron.wsgi [None req-60037af6-1ec7-4f97-9b03-22a706d65ec5 2d874a480f6b48979b35e2224ab8df37 80904783ced34c1cab0fb022328fde3c - - default default] 10.0.0.191 "DELETE /v2.0/security-groups/669620bf-527a-445d-ac51-ca51afe9327c HTTP/1.1" status: 204 len: 168 time: 0.2640374
2026-04-23 09:00:16.156 9 INFO neutron.notifiers.nova [-] Nova event matching ['req-bd6c394c-f4e7-4a6e-8594-22ab9ffa029d'] response: {'name': 'network-changed', 'server_uuid': '73a6ea4b-120f-4736-b1db-0a61e0f8aef5', 'tag': '355c629c-6145-41af-9cd3-083f6040381f', 'status': 'completed', 'code': 200}
2026-04-23 09:00:16.162 9 INFO neutron.wsgi [None req-2d790e25-fc61-4d13-9703-010acedecf41 164b4954926f49689fae734503c7889f aa32a47b802546cf83cfebc8ddd86afa - - default default] 10.0.0.191 "DELETE /v2.0/security-groups/513066d4-f516-4e75-89cd-50bafc39603c HTTP/1.1" status: 204 len: 168 time: 0.1719990
2026-04-23 09:00:16.194 9 INFO neutron.api.v2.resource [None req-211e59cc-0a4f-4efc-80a7-43730ac258fc 164b4954926f49689fae734503c7889f aa32a47b802546cf83cfebc8ddd86afa - - default default] show failed (client error): The resource could not be found.
2026-04-23 09:00:16.196 9 INFO neutron.wsgi [None req-211e59cc-0a4f-4efc-80a7-43730ac258fc 164b4954926f49689fae734503c7889f aa32a47b802546cf83cfebc8ddd86afa - - default default] 10.0.0.191 "GET /v2.0/security-groups/513066d4-f516-4e75-89cd-50bafc39603c HTTP/1.1" status: 404 len: 347 time: 0.0251112
2026-04-23 09:00:16.199 9 INFO neutron.plugins.ml2.drivers.ovn.mech_driver.mech_driver [None req-783ddb92-8062-4664-9a68-f9c9037dddb4 - - - - - -] OVN reports status up for port: 355c629c-6145-41af-9cd3-083f6040381f
2026-04-23 09:00:16.217 9 INFO neutron.plugins.ml2.plugin [None req-783ddb92-8062-4664-9a68-f9c9037dddb4 - - - - - -] Attempt 1 to provision port 355c629c-6145-41af-9cd3-083f6040381f
2026-04-23 09:00:16.268 9 INFO neutron.wsgi [req-5bdb8a4e-214f-48e1-b366-3969448428b9 req-86b48fd5-144a-41ad-83ee-19b2258a8e2c cf64eec04e2a4132a6152c1efa922e0c 6e3e603828d74104aebcf9cc2d58b42a - - f2cf2090b4f64ebeb315ff6b43a7bfb1 f2cf2090b4f64ebeb315ff6b43a7bfb1] 199.19.213.141 "GET /v2.0/ports?tenant_id=40bad5cc3e4b4de88993baabcad6e665&device_id=73a6ea4b-120f-4736-b1db-0a61e0f8aef5 HTTP/1.1" status: 200 len: 1411 time: 0.0607841
2026-04-23 09:00:16.413 9 INFO neutron.wsgi [req-5bdb8a4e-214f-48e1-b366-3969448428b9 req-180176c3-f66e-4a39-af53-88bb3b22d2e3 cf64eec04e2a4132a6152c1efa922e0c 6e3e603828d74104aebcf9cc2d58b42a - - f2cf2090b4f64ebeb315ff6b43a7bfb1 f2cf2090b4f64ebeb315ff6b43a7bfb1] 199.19.213.141 "GET /v2.0/networks?id=460d2323-d179-4ff1-b267-eaee2f0ef0da HTTP/1.1" status: 200 len: 977 time: 0.1378822
2026-04-23 09:00:16.493 9 INFO neutron.wsgi [req-5bdb8a4e-214f-48e1-b366-3969448428b9 req-8222f7d9-e13f-4381-9b9e-d644774b5ae9 cf64eec04e2a4132a6152c1efa922e0c 6e3e603828d74104aebcf9cc2d58b42a - - f2cf2090b4f64ebeb315ff6b43a7bfb1 f2cf2090b4f64ebeb315ff6b43a7bfb1] 199.19.213.141 "GET /v2.0/floatingips?fixed_ip_address=10.100.0.10&port_id=355c629c-6145-41af-9cd3-083f6040381f HTTP/1.1" status: 200 len: 217 time: 0.0718815
2026-04-23 09:00:16.496 10 INFO neutron.wsgi [req-c67eef6a-fcec-4649-8cb9-5f7fa1043baa req-771cb13a-26ea-4b4d-b814-2b3cb92de692 811662311b2b4a4890b8dc962fa1d6d8 40bad5cc3e4b4de88993baabcad6e665 - - default default] 10.0.0.223 "GET /v2.0/ports?device_id=73a6ea4b-120f-4736-b1db-0a61e0f8aef5 HTTP/1.1" status: 200 len: 1172 time: 0.2336302
2026-04-23 09:00:16.584 9 INFO neutron.wsgi [req-5bdb8a4e-214f-48e1-b366-3969448428b9 req-b2db1154-e2d2-4f67-81f3-0022aad88430 cf64eec04e2a4132a6152c1efa922e0c 6e3e603828d74104aebcf9cc2d58b42a - - f2cf2090b4f64ebeb315ff6b43a7bfb1 f2cf2090b4f64ebeb315ff6b43a7bfb1] 199.19.213.141 "GET /v2.0/subnets?id=da073099-c3f9-4d43-b983-d583f9e02c98 HTTP/1.1" status: 200 len: 872 time: 0.0813327
2026-04-23 09:00:16.608 10 INFO neutron.wsgi [req-c67eef6a-fcec-4649-8cb9-5f7fa1043baa req-44af2b67-7eb9-4fb5-860c-d7425545fb75 811662311b2b4a4890b8dc962fa1d6d8 40bad5cc3e4b4de88993baabcad6e665 - - default default] 10.0.0.223 "GET /v2.0/security-groups?id=1814bcb8-3c6e-4bab-bbb4-59a1bbb76ea6&fields=id&fields=name HTTP/1.1" status: 200 len: 313 time: 0.1044343
2026-04-23 09:00:16.614 9 INFO neutron.wsgi [req-5bdb8a4e-214f-48e1-b366-3969448428b9 req-fb3d75b5-1955-4531-97d4-ff246022c713 cf64eec04e2a4132a6152c1efa922e0c 6e3e603828d74104aebcf9cc2d58b42a - - f2cf2090b4f64ebeb315ff6b43a7bfb1 f2cf2090b4f64ebeb315ff6b43a7bfb1] 199.19.213.141 "GET /v2.0/ports?network_id=460d2323-d179-4ff1-b267-eaee2f0ef0da&device_owner=network%3Adhcp HTTP/1.1" status: 200 len: 210 time: 0.0227082
2026-04-23 09:00:16.743 9 INFO neutron.wsgi [req-5bdb8a4e-214f-48e1-b366-3969448428b9 req-46509293-1295-42e4-b58f-3c598d0572b1 cf64eec04e2a4132a6152c1efa922e0c 6e3e603828d74104aebcf9cc2d58b42a - - f2cf2090b4f64ebeb315ff6b43a7bfb1 f2cf2090b4f64ebeb315ff6b43a7bfb1] 199.19.213.141 "GET /v2.0/networks/460d2323-d179-4ff1-b267-eaee2f0ef0da?fields=segments HTTP/1.1" status: 200 len: 212 time: 0.1068850
2026-04-23 09:00:16.859 10 INFO neutron.wsgi [None req-b6fc8147-d9e2-4225-9db8-25f71f0f5115 164b4954926f49689fae734503c7889f aa32a47b802546cf83cfebc8ddd86afa - - default default] 10.0.0.191 "DELETE /v2.0/floatingips/ef021401-3beb-464c-bf4d-f308f7e16249 HTTP/1.1" status: 204 len: 168 time: 0.6553936
2026-04-23 09:00:16.862 9 INFO neutron.wsgi [req-5bdb8a4e-214f-48e1-b366-3969448428b9 req-1aaf7487-8660-4671-a0d9-6a60a479517f cf64eec04e2a4132a6152c1efa922e0c 6e3e603828d74104aebcf9cc2d58b42a - - f2cf2090b4f64ebeb315ff6b43a7bfb1 f2cf2090b4f64ebeb315ff6b43a7bfb1] 199.19.213.141 "GET /v2.0/networks/460d2323-d179-4ff1-b267-eaee2f0ef0da?fields=provider%3Aphysical_network&fields=provider%3Anetwork_type HTTP/1.1" status: 200 len: 277 time: 0.0952458
2026-04-23 09:00:16.900 9 INFO neutron.db.ovn_revision_numbers_db [None req-783ddb92-8062-4664-9a68-f9c9037dddb4 - - - - - -] Successfully bumped revision number for resource 355c629c-6145-41af-9cd3-083f6040381f (type: ports) to 4 /var/lib/openstack/lib/python3.10/site-packages/pycadf/identifier.py:71: UserWarning: Invalid uuid: neutron. To ensure interoperability, identifiers should be a valid uuid. warnings.warn(('Invalid uuid: %s. To ensure interoperability, '
2026-04-23 09:00:17.739 10 INFO neutron.wsgi [req-c2ebe708-0965-4be1-bbef-db934888f489 req-2dc99a06-6011-408e-93c4-c009765610df 811662311b2b4a4890b8dc962fa1d6d8 40bad5cc3e4b4de88993baabcad6e665 - - default default] 10.0.0.223 "GET /v2.0/ports?device_id=73a6ea4b-120f-4736-b1db-0a61e0f8aef5 HTTP/1.1" status: 200 len: 1174 time: 0.0469587
2026-04-23 09:00:17.805 10 INFO neutron.wsgi [req-c2ebe708-0965-4be1-bbef-db934888f489 req-62171e3e-df7a-4439-90e2-735951012bab 811662311b2b4a4890b8dc962fa1d6d8 40bad5cc3e4b4de88993baabcad6e665 - - default default] 10.0.0.223 "GET /v2.0/security-groups?id=1814bcb8-3c6e-4bab-bbb4-59a1bbb76ea6&fields=id&fields=name HTTP/1.1" status: 200 len: 313 time: 0.0544662
2026-04-23 09:00:18.216 9 INFO neutron.notifiers.nova [-] Nova event matching ['req-dd41117b-568a-4a05-8b74-827fda38a05a'] response: {'server_uuid': '73a6ea4b-120f-4736-b1db-0a61e0f8aef5', 'name': 'network-vif-plugged', 'status': 'completed', 'tag': '355c629c-6145-41af-9cd3-083f6040381f', 'code': 200}
2026-04-23 09:00:18.217 9 INFO neutron.notifiers.nova [-] Nova event matching ['req-dd41117b-568a-4a05-8b74-827fda38a05a'] response: {'server_uuid': '73a6ea4b-120f-4736-b1db-0a61e0f8aef5', 'name': 'network-vif-plugged', 'status': 'completed', 'tag': '355c629c-6145-41af-9cd3-083f6040381f', 'code': 200}
2026-04-23 09:00:18.539 9 INFO neutron.wsgi [None req-28200778-de87-4876-9684-c4d09518842b 2d874a480f6b48979b35e2224ab8df37 80904783ced34c1cab0fb022328fde3c - - default default] 10.0.0.191 "PUT /v2.0/routers/b17b407f-2aba-489e-bdda-e5154ae2acb8/remove_router_interface HTTP/1.1" status: 200 len: 503 time: 1.5613096
2026-04-23 09:00:18.923 10 INFO neutron.wsgi [req-17aaad03-04f6-4044-93e9-ec25faeadd27 req-38ec8ac4-3196-4ed8-ba9f-b4d89bad6017 811662311b2b4a4890b8dc962fa1d6d8 40bad5cc3e4b4de88993baabcad6e665 - - default default] 10.0.0.223 "GET /v2.0/ports?device_id=73a6ea4b-120f-4736-b1db-0a61e0f8aef5 HTTP/1.1" status: 200 len: 1174 time: 0.0407989
2026-04-23 09:00:18.982 10 INFO neutron.wsgi [req-17aaad03-04f6-4044-93e9-ec25faeadd27 req-a3458af8-f858-4eb1-a730-7ba0e015dfb1 811662311b2b4a4890b8dc962fa1d6d8 40bad5cc3e4b4de88993baabcad6e665 - - default default] 10.0.0.223 "GET /v2.0/security-groups?id=1814bcb8-3c6e-4bab-bbb4-59a1bbb76ea6&fields=id&fields=name HTTP/1.1" status: 200 len: 313 time: 0.0507460
2026-04-23 09:00:19.319 10 INFO neutron.wsgi [req-a101e57d-5879-4e68-9105-f2d2485e7653 req-d0e1a9bd-da61-4bbe-ba7f-7c855f396086 811662311b2b4a4890b8dc962fa1d6d8 40bad5cc3e4b4de88993baabcad6e665 - - default default] 10.0.0.223 "GET /v2.0/ports?device_id=73a6ea4b-120f-4736-b1db-0a61e0f8aef5 HTTP/1.1" status: 200 len: 1174 time: 0.2609599 /var/lib/openstack/lib/python3.10/site-packages/pycadf/identifier.py:71: UserWarning: Invalid uuid: neutron. To ensure interoperability, identifiers should be a valid uuid. warnings.warn(('Invalid uuid: %s. To ensure interoperability, '
2026-04-23 09:00:19.803 9 INFO neutron.db.l3_db [None req-bd5e60ba-0f95-4265-9443-0774c8d21a17 811662311b2b4a4890b8dc962fa1d6d8 40bad5cc3e4b4de88993baabcad6e665 - - default default] Floating IP aa7ae589-61ba-422f-aa09-0ea1289afb94 associated. External IP: 10.96.250.207, port: 355c629c-6145-41af-9cd3-083f6040381f.
2026-04-23 09:00:19.818 10 INFO neutron.wsgi [None req-1060ce6c-ea12-4652-8e1f-ba73cb7850d4 2d874a480f6b48979b35e2224ab8df37 80904783ced34c1cab0fb022328fde3c - - default default] 10.0.0.191 "DELETE /v2.0/routers/b17b407f-2aba-489e-bdda-e5154ae2acb8 HTTP/1.1" status: 204 len: 168 time: 1.2691913
2026-04-23 09:00:19.960 9 INFO neutron.wsgi [req-9820c665-85cc-4d20-a56f-7481abb9a44d req-a4208ea2-4fbb-4f4c-9b4c-3ac7cf50dfd4 cf64eec04e2a4132a6152c1efa922e0c 6e3e603828d74104aebcf9cc2d58b42a - - f2cf2090b4f64ebeb315ff6b43a7bfb1 f2cf2090b4f64ebeb315ff6b43a7bfb1] 199.19.213.141 "GET /v2.0/ports?device_id=0ce9f1ce-6c44-4f9b-a9b9-5e1807ca9681&fields=binding%3Ahost_id&fields=binding%3Avif_type HTTP/1.1" status: 200 len: 265 time: 0.0615115
2026-04-23 09:00:20.038 10 INFO neutron.wsgi [None req-c75be6dc-d36d-4130-b1a4-93f3aec21f7a 2d874a480f6b48979b35e2224ab8df37 80904783ced34c1cab0fb022328fde3c - - default default] 10.0.0.191 "DELETE /v2.0/subnets/25e1b471-8bb3-4e25-9137-12e72801f3f3 HTTP/1.1" status: 204 len: 168 time: 0.2152967
2026-04-23 09:00:20.064 9 INFO neutron.wsgi [req-9820c665-85cc-4d20-a56f-7481abb9a44d req-c0ab29cd-f2b1-4af9-a053-b696ab783b69 cf64eec04e2a4132a6152c1efa922e0c 6e3e603828d74104aebcf9cc2d58b42a - - f2cf2090b4f64ebeb315ff6b43a7bfb1 f2cf2090b4f64ebeb315ff6b43a7bfb1] 199.19.213.141 "GET /v2.0/ports?tenant_id=7574c5d0f58c4536a9dbae3733aebd1e&device_id=0ce9f1ce-6c44-4f9b-a9b9-5e1807ca9681 HTTP/1.1" status: 200 len: 1409 time: 0.0599844 /var/lib/openstack/lib/python3.10/site-packages/pycadf/identifier.py:71: UserWarning: Invalid uuid: neutron. To ensure interoperability, identifiers should be a valid uuid. warnings.warn(('Invalid uuid: %s. To ensure interoperability, '
2026-04-23 09:00:20.101 9 INFO neutron.db.ovn_revision_numbers_db [None req-bd5e60ba-0f95-4265-9443-0774c8d21a17 811662311b2b4a4890b8dc962fa1d6d8 40bad5cc3e4b4de88993baabcad6e665 - - default default] Successfully bumped revision number for resource aa7ae589-61ba-422f-aa09-0ea1289afb94 (type: floatingips) to 1
2026-04-23 09:00:20.182 9 INFO neutron.wsgi [req-9820c665-85cc-4d20-a56f-7481abb9a44d req-3d06bbce-b880-49b0-b75c-bf08f441848e cf64eec04e2a4132a6152c1efa922e0c 6e3e603828d74104aebcf9cc2d58b42a - - f2cf2090b4f64ebeb315ff6b43a7bfb1 f2cf2090b4f64ebeb315ff6b43a7bfb1] 199.19.213.141 "GET /v2.0/networks?id=80e3e301-933d-4570-a24a-aead399fe2f1 HTTP/1.1" status: 200 len: 971 time: 0.0983703
2026-04-23 09:00:20.265 9 INFO neutron.wsgi [req-9820c665-85cc-4d20-a56f-7481abb9a44d req-ba38080e-fba1-474a-a0c8-0d7d91f625d7 cf64eec04e2a4132a6152c1efa922e0c 6e3e603828d74104aebcf9cc2d58b42a - - f2cf2090b4f64ebeb315ff6b43a7bfb1 f2cf2090b4f64ebeb315ff6b43a7bfb1] 199.19.213.141 "GET /v2.0/floatingips?fixed_ip_address=10.100.0.6&port_id=e7b06dc3-4237-4c20-8ff4-fd8c77822e75 HTTP/1.1" status: 200 len: 1059 time: 0.0748994
2026-04-23 09:00:20.302 9 INFO neutron.db.ovn_revision_numbers_db [None req-bd5e60ba-0f95-4265-9443-0774c8d21a17 811662311b2b4a4890b8dc962fa1d6d8 40bad5cc3e4b4de88993baabcad6e665 - - default default] Successfully bumped revision number for resource aa7ae589-61ba-422f-aa09-0ea1289afb94 (type: floatingips) to 2
2026-04-23 09:00:20.325 9 INFO neutron.wsgi [req-9820c665-85cc-4d20-a56f-7481abb9a44d req-7999a0c2-470c-4f07-bc6a-c30cef4dd1f4 cf64eec04e2a4132a6152c1efa922e0c 6e3e603828d74104aebcf9cc2d58b42a - - f2cf2090b4f64ebeb315ff6b43a7bfb1 f2cf2090b4f64ebeb315ff6b43a7bfb1] 199.19.213.141 "GET /v2.0/subnets?id=698d644e-1e12-490e-ae7e-e2b9032f6348 HTTP/1.1" status: 200 len: 867 time: 0.0535672
2026-04-23 09:00:20.338 9 INFO neutron.wsgi [None req-bd5e60ba-0f95-4265-9443-0774c8d21a17 811662311b2b4a4890b8dc962fa1d6d8 40bad5cc3e4b4de88993baabcad6e665 - - default default] 10.0.0.191 "PUT /v2.0/floatingips/aa7ae589-61ba-422f-aa09-0ea1289afb94 HTTP/1.1" status: 200 len: 1050 time: 1.0080807
