2026-04-23 09:01:17.743 10 WARNING neutron_lib.context [None req-078b819e-35f7-41ab-a97e-a72131c13dc0 ea4d21a5da6e448a966840d6236394dd df29b90cc36a4aca98beb6b4cbd9b8e0 - - default default] Method 'is_advsvc' is deprecated since 2023.2 release (neutron-lib 3.8.0) and will be removed once support for the old RBAC API policies will be removed from Neutron. Please use method 'is_service_role' instead.
2026-04-23 09:01:17.831 10 INFO neutron.db.segments_db [None req-078b819e-35f7-41ab-a97e-a72131c13dc0 ea4d21a5da6e448a966840d6236394dd df29b90cc36a4aca98beb6b4cbd9b8e0 - - default default] Added segment 457e9c55-a702-4c73-a7f2-acacb87c5f27 of type geneve for network 2578a129-e772-4d38-b99a-c64ae236e5fb
2026-04-23 09:01:18.019 10 INFO neutron.db.ovn_revision_numbers_db [None req-078b819e-35f7-41ab-a97e-a72131c13dc0 ea4d21a5da6e448a966840d6236394dd df29b90cc36a4aca98beb6b4cbd9b8e0 - - default default] Successfully bumped revision number for resource 2578a129-e772-4d38-b99a-c64ae236e5fb (type: networks) to 1
2026-04-23 09:01:18.089 9 INFO neutron.db.ovn_revision_numbers_db [None req-abffe1f6-8386-4584-a1e9-eabeb870034f 44df1edc8b1b45b0979bc12813e124d5 3e8bfb42d05c4480996094b2945e10bd - - default default] Successfully bumped revision number for resource ba65626a-aa89-4998-9f9c-758164b3cb1b (type: networks) to 1
2026-04-23 09:01:18.244 10 WARNING neutron.scheduler.dhcp_agent_scheduler [None req-078b819e-35f7-41ab-a97e-a72131c13dc0 ea4d21a5da6e448a966840d6236394dd df29b90cc36a4aca98beb6b4cbd9b8e0 - - default default] No more DHCP agents
2026-04-23 09:01:18.249 10 WARNING neutron.api.rpc.agentnotifiers.dhcp_rpc_agent_api [None req-078b819e-35f7-41ab-a97e-a72131c13dc0 ea4d21a5da6e448a966840d6236394dd df29b90cc36a4aca98beb6b4cbd9b8e0 - - default default] Unable to schedule network 2578a129-e772-4d38-b99a-c64ae236e5fb: no agents available; will retry on subsequent port and subnet creation events.
2026-04-23 09:01:18.261 9 WARNING neutron.scheduler.dhcp_agent_scheduler [None req-abffe1f6-8386-4584-a1e9-eabeb870034f 44df1edc8b1b45b0979bc12813e124d5 3e8bfb42d05c4480996094b2945e10bd - - default default] No more DHCP agents
2026-04-23 09:01:18.263 9 WARNING neutron.api.rpc.agentnotifiers.dhcp_rpc_agent_api [None req-abffe1f6-8386-4584-a1e9-eabeb870034f 44df1edc8b1b45b0979bc12813e124d5 3e8bfb42d05c4480996094b2945e10bd - - default default] Unable to schedule network ba65626a-aa89-4998-9f9c-758164b3cb1b: no agents available; will retry on subsequent port and subnet creation events.
2026-04-23 09:01:18.341 10 INFO neutron.db.ovn_revision_numbers_db [None req-078b819e-35f7-41ab-a97e-a72131c13dc0 ea4d21a5da6e448a966840d6236394dd df29b90cc36a4aca98beb6b4cbd9b8e0 - - default default] Successfully bumped revision number for resource a6cb15fc-95a0-4a12-9af7-1431dc3cca70 (type: ports) to 1
2026-04-23 09:01:18.364 9 INFO neutron.db.ovn_revision_numbers_db [None req-abffe1f6-8386-4584-a1e9-eabeb870034f 44df1edc8b1b45b0979bc12813e124d5 3e8bfb42d05c4480996094b2945e10bd - - default default] Successfully bumped revision number for resource c34d1644-9559-4bdb-b499-1aa4051c9fa6 (type: ports) to 1
2026-04-23 09:01:18.378 10 INFO neutron.wsgi [None req-078b819e-35f7-41ab-a97e-a72131c13dc0 ea4d21a5da6e448a966840d6236394dd df29b90cc36a4aca98beb6b4cbd9b8e0 - - default default] 10.0.0.191 "POST /v2.0/networks HTTP/1.1" status: 201 len: 833 time: 0.6410003
2026-04-23 09:01:18.388 9 INFO neutron.wsgi [None req-abffe1f6-8386-4584-a1e9-eabeb870034f 44df1edc8b1b45b0979bc12813e124d5 3e8bfb42d05c4480996094b2945e10bd - - default default] 10.0.0.191 "POST /v2.0/networks HTTP/1.1" status: 201 len: 853 time: 0.7997801
2026-04-23 09:01:18.391 10 WARNING neutron_lib.context [None req-7c82eb70-7ddd-4fc2-985b-0415e02bf5a1 ea4d21a5da6e448a966840d6236394dd df29b90cc36a4aca98beb6b4cbd9b8e0 - - default default] Method 'is_advsvc' is deprecated since 2023.2 release (neutron-lib 3.8.0) and will be removed once support for the old RBAC API policies will be removed from Neutron. Please use method 'is_service_role' instead.
2026-04-23 09:01:18.648 10 WARNING neutron.scheduler.dhcp_agent_scheduler [None req-7c82eb70-7ddd-4fc2-985b-0415e02bf5a1 ea4d21a5da6e448a966840d6236394dd df29b90cc36a4aca98beb6b4cbd9b8e0 - - default default] No more DHCP agents
2026-04-23 09:01:18.651 10 WARNING neutron.api.rpc.agentnotifiers.dhcp_rpc_agent_api [None req-7c82eb70-7ddd-4fc2-985b-0415e02bf5a1 ea4d21a5da6e448a966840d6236394dd df29b90cc36a4aca98beb6b4cbd9b8e0 - - default default] Unable to schedule network 4029239a-19f9-4284-b1a3-2013241ed5e3: no agents available; will retry on subsequent port and subnet creation events.
2026-04-23 09:01:18.702 10 INFO neutron.db.ovn_revision_numbers_db [None req-7c82eb70-7ddd-4fc2-985b-0415e02bf5a1 ea4d21a5da6e448a966840d6236394dd df29b90cc36a4aca98beb6b4cbd9b8e0 - - default default] Successfully bumped revision number for resource 7123e0e7-d86c-4531-9c72-7cb17f50fdf1 (type: subnets) to 0
2026-04-23 09:01:18.717 10 INFO neutron.wsgi [None req-7c82eb70-7ddd-4fc2-985b-0415e02bf5a1 ea4d21a5da6e448a966840d6236394dd df29b90cc36a4aca98beb6b4cbd9b8e0 - - default default] 10.0.0.191 "POST /v2.0/subnets HTTP/1.1" status: 201 len: 821 time: 0.3339195
2026-04-23 09:01:18.726 10 WARNING neutron_lib.context [None req-8b29fc4a-25bd-4b4f-8780-48f911256caa ea4d21a5da6e448a966840d6236394dd df29b90cc36a4aca98beb6b4cbd9b8e0 - - default default] Method 'is_advsvc' is deprecated since 2023.2 release (neutron-lib 3.8.0) and will be removed once support for the old RBAC API policies will be removed from Neutron. Please use method 'is_service_role' instead.
2026-04-23 09:01:18.837 9 WARNING neutron_lib.context [None req-bc243316-b33d-4954-91b0-9657137853bb 44df1edc8b1b45b0979bc12813e124d5 3e8bfb42d05c4480996094b2945e10bd - - default default] Method 'is_advsvc' is deprecated since 2023.2 release (neutron-lib 3.8.0) and will be removed once support for the old RBAC API policies will be removed from Neutron. Please use method 'is_service_role' instead.
2026-04-23 09:01:18.877 10 INFO neutron.db.ovn_revision_numbers_db [None req-c7eda954-90a8-49ec-b404-93a435ed1a26 2d874a480f6b48979b35e2224ab8df37 80904783ced34c1cab0fb022328fde3c - - default default] Successfully bumped revision number for resource c6c3f3c6-7c82-4b96-bed0-f04ad59f7e77 (type: security_groups) to 1
2026-04-23 09:01:18.881 9 WARNING neutron_lib.context [None req-bc243316-b33d-4954-91b0-9657137853bb 44df1edc8b1b45b0979bc12813e124d5 3e8bfb42d05c4480996094b2945e10bd - - default default] Method 'is_advsvc' is deprecated since 2023.2 release (neutron-lib 3.8.0) and will be removed once support for the old RBAC API policies will be removed from Neutron. Please use method 'is_service_role' instead.
2026-04-23 09:01:18.891 10 INFO neutron.db.ovn_revision_numbers_db [None req-c7eda954-90a8-49ec-b404-93a435ed1a26 2d874a480f6b48979b35e2224ab8df37 80904783ced34c1cab0fb022328fde3c - - default default] Successfully bumped revision number for resource 3c2b3d14-b0b3-45b2-86d3-373dbf16d6d6 (type: security_group_rules) to 0
2026-04-23 09:01:18.911 10 INFO neutron.db.ovn_revision_numbers_db [None req-c7eda954-90a8-49ec-b404-93a435ed1a26 2d874a480f6b48979b35e2224ab8df37 80904783ced34c1cab0fb022328fde3c - - default default] Successfully bumped revision number for resource 68af1876-ddcd-4576-bfed-b2a74a021f18 (type: security_group_rules) to 0
2026-04-23 09:01:18.934 10 INFO neutron.db.ovn_revision_numbers_db [None req-c7eda954-90a8-49ec-b404-93a435ed1a26 2d874a480f6b48979b35e2224ab8df37 80904783ced34c1cab0fb022328fde3c - - default default] Successfully bumped revision number for resource 75fe87ac-10f3-4088-80d9-9ad6c05c09ff (type: security_group_rules) to 0
2026-04-23 09:01:19.202 10 INFO neutron.db.ovn_revision_numbers_db [None req-c7eda954-90a8-49ec-b404-93a435ed1a26 2d874a480f6b48979b35e2224ab8df37 80904783ced34c1cab0fb022328fde3c - - default default] Successfully bumped revision number for resource e4f964bc-926d-4806-adcc-c2e7c0ff349c (type: security_group_rules) to 0
2026-04-23 09:01:19.236 10 WARNING neutron.scheduler.dhcp_agent_scheduler [None req-8b29fc4a-25bd-4b4f-8780-48f911256caa ea4d21a5da6e448a966840d6236394dd df29b90cc36a4aca98beb6b4cbd9b8e0 - - default default] No more DHCP agents
2026-04-23 09:01:19.240 10 WARNING neutron.api.rpc.agentnotifiers.dhcp_rpc_agent_api [None req-8b29fc4a-25bd-4b4f-8780-48f911256caa ea4d21a5da6e448a966840d6236394dd df29b90cc36a4aca98beb6b4cbd9b8e0 - - default default] Unable to schedule network 2578a129-e772-4d38-b99a-c64ae236e5fb: no agents available; will retry on subsequent port and subnet creation events.
2026-04-23 09:01:19.245 10 INFO neutron.wsgi [None req-c7eda954-90a8-49ec-b404-93a435ed1a26 2d874a480f6b48979b35e2224ab8df37 80904783ced34c1cab0fb022328fde3c - - default default] 10.0.0.191 "GET /v2.0/security-groups?tenant_id=162c4cd3673641bba5ce8f2e4b157d7b&name=default HTTP/1.1" status: 200 len: 2996 time: 0.7129068
2026-04-23 09:01:19.275 10 INFO neutron.db.ovn_revision_numbers_db [None req-8b29fc4a-25bd-4b4f-8780-48f911256caa ea4d21a5da6e448a966840d6236394dd df29b90cc36a4aca98beb6b4cbd9b8e0 - - default default] Successfully bumped revision number for resource 9e226c7f-68a4-483b-bb88-811fd920a78c (type: subnets) to 0
2026-04-23 09:01:19.291 10 INFO neutron.wsgi [None req-8b29fc4a-25bd-4b4f-8780-48f911256caa ea4d21a5da6e448a966840d6236394dd df29b90cc36a4aca98beb6b4cbd9b8e0 - - default default] 10.0.0.191 "POST /v2.0/subnets HTTP/1.1" status: 201 len: 830 time: 0.5697944
2026-04-23 09:01:19.301 10 WARNING neutron_lib.context [None req-75de7af0-b093-402f-a0c5-92c6cfd8d563 ea4d21a5da6e448a966840d6236394dd df29b90cc36a4aca98beb6b4cbd9b8e0 - - default default] Method 'is_advsvc' is deprecated since 2023.2 release (neutron-lib 3.8.0) and will be removed once support for the old RBAC API policies will be removed from Neutron. Please use method 'is_service_role' instead.
2026-04-23 09:01:19.306 9 WARNING neutron.scheduler.dhcp_agent_scheduler [None req-bc243316-b33d-4954-91b0-9657137853bb 44df1edc8b1b45b0979bc12813e124d5 3e8bfb42d05c4480996094b2945e10bd - - default default] No more DHCP agents
2026-04-23 09:01:19.310 9 WARNING neutron.api.rpc.agentnotifiers.dhcp_rpc_agent_api [None req-bc243316-b33d-4954-91b0-9657137853bb 44df1edc8b1b45b0979bc12813e124d5 3e8bfb42d05c4480996094b2945e10bd - - default default] Unable to schedule network 5cbe41e5-169a-4556-8955-a4c2983ba5b7: no agents available; will retry on subsequent port and subnet creation events.
2026-04-23 09:01:19.352 9 INFO neutron.db.ovn_revision_numbers_db [None req-bc243316-b33d-4954-91b0-9657137853bb 44df1edc8b1b45b0979bc12813e124d5 3e8bfb42d05c4480996094b2945e10bd - - default default] Successfully bumped revision number for resource 3dd321e8-109e-483e-9f81-ef273825cdbb (type: subnets) to 0
2026-04-23 09:01:19.384 9 WARNING neutron.scheduler.dhcp_agent_scheduler [None req-bc243316-b33d-4954-91b0-9657137853bb 44df1edc8b1b45b0979bc12813e124d5 3e8bfb42d05c4480996094b2945e10bd - - default default] No more DHCP agents
2026-04-23 09:01:19.389 9 WARNING neutron.api.rpc.agentnotifiers.dhcp_rpc_agent_api [None req-bc243316-b33d-4954-91b0-9657137853bb 44df1edc8b1b45b0979bc12813e124d5 3e8bfb42d05c4480996094b2945e10bd - - default default] Unable to schedule network ba65626a-aa89-4998-9f9c-758164b3cb1b: no agents available; will retry on subsequent port and subnet creation events.
2026-04-23 09:01:19.438 9 INFO neutron.db.ovn_revision_numbers_db [None req-bc243316-b33d-4954-91b0-9657137853bb 44df1edc8b1b45b0979bc12813e124d5 3e8bfb42d05c4480996094b2945e10bd - - default default] Successfully bumped revision number for resource ae1bb846-47d9-44e3-bd24-583448342709 (type: subnets) to 0
2026-04-23 09:01:19.457 9 INFO neutron.wsgi [None req-bc243316-b33d-4954-91b0-9657137853bb 44df1edc8b1b45b0979bc12813e124d5 3e8bfb42d05c4480996094b2945e10bd - - default default] 10.0.0.191 "POST /v2.0/subnets HTTP/1.1" status: 201 len: 1475 time: 0.6332021
2026-04-23 09:01:19.511 10 INFO neutron.db.ovn_revision_numbers_db [None req-75de7af0-b093-402f-a0c5-92c6cfd8d563 ea4d21a5da6e448a966840d6236394dd df29b90cc36a4aca98beb6b4cbd9b8e0 - - default default] Successfully bumped revision number for resource a7c08355-786a-4374-8230-45497de08db0 (type: routers) to 1
2026-04-23 09:01:19.523 9 INFO neutron.wsgi [None req-6c2e34ae-8d79-482c-bf74-875b2d9bccac 2d874a480f6b48979b35e2224ab8df37 80904783ced34c1cab0fb022328fde3c - - default default] 10.0.0.191 "DELETE /v2.0/security-groups/c6c3f3c6-7c82-4b96-bed0-f04ad59f7e77 HTTP/1.1" status: 204 len: 168 time: 0.2700324
2026-04-23 09:01:19.527 10 INFO neutron.wsgi [None req-a7a9f0b2-bcc7-4a87-be80-1e5ff59a352c 44df1edc8b1b45b0979bc12813e124d5 3e8bfb42d05c4480996094b2945e10bd - - default default] 10.0.0.191 "GET /v2.0/subnets HTTP/1.1" status: 200 len: 2083 time: 0.0622458
2026-04-23 09:01:19.534 10 INFO neutron.wsgi [None req-75de7af0-b093-402f-a0c5-92c6cfd8d563 ea4d21a5da6e448a966840d6236394dd df29b90cc36a4aca98beb6b4cbd9b8e0 - - default default] 10.0.0.191 "POST /v2.0/routers HTTP/1.1" status: 201 len: 691 time: 0.2375791
2026-04-23 09:01:19.835 10 INFO neutron.wsgi [None req-e608cbf4-2535-43b4-9409-cfed7da0824d 44df1edc8b1b45b0979bc12813e124d5 3e8bfb42d05c4480996094b2945e10bd - - default default] 10.0.0.191 "DELETE /v2.0/subnets/3dd321e8-109e-483e-9f81-ef273825cdbb HTTP/1.1" status: 204 len: 168 time: 0.2902179
2026-04-23 09:01:20.020 9 INFO neutron.wsgi [None req-5d77b2ff-43ef-4da7-a383-3af71bf48e54 44df1edc8b1b45b0979bc12813e124d5 3e8bfb42d05c4480996094b2945e10bd - - default default] 10.0.0.191 "DELETE /v2.0/subnets/ae1bb846-47d9-44e3-bd24-583448342709 HTTP/1.1" status: 204 len: 168 time: 0.1775424
2026-04-23 09:01:20.021 10 WARNING neutron.scheduler.dhcp_agent_scheduler [None req-9b80f893-dac5-47f8-b1de-886014a66809 ea4d21a5da6e448a966840d6236394dd df29b90cc36a4aca98beb6b4cbd9b8e0 - - default default] No more DHCP agents
2026-04-23 09:01:20.023 10 WARNING neutron.api.rpc.agentnotifiers.dhcp_rpc_agent_api [None req-9b80f893-dac5-47f8-b1de-886014a66809 ea4d21a5da6e448a966840d6236394dd df29b90cc36a4aca98beb6b4cbd9b8e0 - - default default] Unable to schedule network 4029239a-19f9-4284-b1a3-2013241ed5e3: no agents available; will retry on subsequent port and subnet creation events.
2026-04-23 09:01:20.062 9 INFO neutron.wsgi [None req-b461fe13-40b5-46a2-ac41-d62a402c5b37 44df1edc8b1b45b0979bc12813e124d5 3e8bfb42d05c4480996094b2945e10bd - - default default] 10.0.0.191 "GET /v2.0/subnets HTTP/1.1" status: 200 len: 820 time: 0.0370660
2026-04-23 09:01:20.132 10 INFO neutron.db.ovn_revision_numbers_db [None req-9b80f893-dac5-47f8-b1de-886014a66809 ea4d21a5da6e448a966840d6236394dd df29b90cc36a4aca98beb6b4cbd9b8e0 - - default default] Successfully bumped revision number for resource 2eb177a7-317a-4dbc-9087-d6e0ae5287ef (type: ports) to 1
2026-04-23 09:01:20.462 9 INFO neutron.services.segments.plugin [-] Segment 19bb8a96-23d3-4467-9e00-775a912dc38d resource provider aggregate not found
2026-04-23 09:01:20.470 9 INFO neutron.services.segments.plugin [-] Segment 19bb8a96-23d3-4467-9e00-775a912dc38d resource provider aggregate not found
2026-04-23 09:01:20.495 9 INFO neutron.services.segments.plugin [-] Segment 19bb8a96-23d3-4467-9e00-775a912dc38d resource provider not found; error: Placement Client Error (4xx): {"errors": [{"status": 404, "title": "Not Found", "detail": "The resource could not be found.\n\n No resource provider with uuid 19bb8a96-23d3-4467-9e00-775a912dc38d found for delete ", "request_id": "req-e6685bce-51e9-4b52-b3a0-3a7516365e79"}]}
2026-04-23 09:01:20.504 9 INFO neutron.services.segments.plugin [-] Segment 19bb8a96-23d3-4467-9e00-775a912dc38d resource provider not found; error: Placement Client Error (4xx): {"errors": [{"status": 404, "title": "Not Found", "detail": "The resource could not be found.\n\n No resource provider with uuid 19bb8a96-23d3-4467-9e00-775a912dc38d found for delete ", "request_id": "req-bbe9f75e-f2a4-404a-8a6c-cb26f1ef16b9"}]}
2026-04-23 09:01:20.536 9 INFO neutron.wsgi [None req-cf39c5b8-12d4-47a1-95af-340d90ad7786 44df1edc8b1b45b0979bc12813e124d5 3e8bfb42d05c4480996094b2945e10bd - - default default] 10.0.0.191 "DELETE /v2.0/networks/ba65626a-aa89-4998-9f9c-758164b3cb1b HTTP/1.1" status: 204 len: 168 time: 0.4670553
2026-04-23 09:01:20.593 10 INFO neutron.plugins.ml2.drivers.ovn.mech_driver.mech_driver [None req-14ffa220-e7df-4ddd-aad4-ce2377e6fedb - - - - - -] OVN reports status up for port: 2eb177a7-317a-4dbc-9087-d6e0ae5287ef
2026-04-23 09:01:20.622 10 INFO neutron.plugins.ml2.plugin [None req-14ffa220-e7df-4ddd-aad4-ce2377e6fedb - - - - - -] Attempt 1 to provision port 2eb177a7-317a-4dbc-9087-d6e0ae5287ef
2026-04-23 09:01:20.650 10 INFO neutron.db.ovn_revision_numbers_db [None req-9b80f893-dac5-47f8-b1de-886014a66809 ea4d21a5da6e448a966840d6236394dd df29b90cc36a4aca98beb6b4cbd9b8e0 - - default default] Successfully bumped revision number for resource 2eb177a7-317a-4dbc-9087-d6e0ae5287ef (type: router_ports) to 1
2026-04-23 09:01:21.072 10 INFO neutron.db.ovn_revision_numbers_db [None req-9b80f893-dac5-47f8-b1de-886014a66809 ea4d21a5da6e448a966840d6236394dd df29b90cc36a4aca98beb6b4cbd9b8e0 - - default default] Successfully bumped revision number for resource 2eb177a7-317a-4dbc-9087-d6e0ae5287ef (type: ports) to 1
2026-04-23 09:01:21.089 10 INFO neutron.db.ovn_revision_numbers_db [None req-bc67c0b0-790b-4d4e-99dd-269979157fb4 2d874a480f6b48979b35e2224ab8df37 80904783ced34c1cab0fb022328fde3c - - default default] Successfully bumped revision number for resource 5b985f0f-b811-4895-8a6b-0d0e40d3c85a (type: security_groups) to 1
2026-04-23 09:01:21.118 10 INFO neutron.db.ovn_revision_numbers_db [None req-bc67c0b0-790b-4d4e-99dd-269979157fb4 2d874a480f6b48979b35e2224ab8df37 80904783ced34c1cab0fb022328fde3c - - default default] Successfully bumped revision number for resource b55790fe-8d1c-4934-a9ae-175cf1d7ae7e (type: security_group_rules) to 0
2026-04-23 09:01:21.160 10 INFO neutron.db.ovn_revision_numbers_db [None req-bc67c0b0-790b-4d4e-99dd-269979157fb4 2d874a480f6b48979b35e2224ab8df37 80904783ced34c1cab0fb022328fde3c - - default default] Successfully bumped revision number for resource d73ba616-2f78-4810-a9ee-bc8282137c1b (type: security_group_rules) to 0
2026-04-23 09:01:21.196 10 INFO neutron.db.ovn_revision_numbers_db [None req-bc67c0b0-790b-4d4e-99dd-269979157fb4 2d874a480f6b48979b35e2224ab8df37 80904783ced34c1cab0fb022328fde3c - - default default] Successfully bumped revision number for resource d9da5787-6881-4dcf-bdef-9a0c69c914a2 (type: security_group_rules) to 0
2026-04-23 09:01:21.214 10 WARNING neutron.scheduler.dhcp_agent_scheduler [None req-9b80f893-dac5-47f8-b1de-886014a66809 ea4d21a5da6e448a966840d6236394dd df29b90cc36a4aca98beb6b4cbd9b8e0 - - default default] No more DHCP agents
2026-04-23 09:01:21.218 10 WARNING neutron.api.rpc.agentnotifiers.dhcp_rpc_agent_api [None req-9b80f893-dac5-47f8-b1de-886014a66809 ea4d21a5da6e448a966840d6236394dd df29b90cc36a4aca98beb6b4cbd9b8e0 - - default default] Unable to schedule network 4029239a-19f9-4284-b1a3-2013241ed5e3: no agents available; will retry on subsequent port and subnet creation events.
2026-04-23 09:01:21.231 10 INFO neutron.db.ovn_revision_numbers_db [None req-bc67c0b0-790b-4d4e-99dd-269979157fb4 2d874a480f6b48979b35e2224ab8df37 80904783ced34c1cab0fb022328fde3c - - default default] Successfully bumped revision number for resource e3ecd5b9-06a3-4a29-8482-332433fa029a (type: security_group_rules) to 0
2026-04-23 09:01:21.303 10 INFO neutron.wsgi [None req-bc67c0b0-790b-4d4e-99dd-269979157fb4 2d874a480f6b48979b35e2224ab8df37 80904783ced34c1cab0fb022328fde3c - - default default] 10.0.0.191 "GET /v2.0/security-groups?tenant_id=2942c672028a4ed6af14b18ee74af54e&name=default HTTP/1.1" status: 200 len: 2996 time: 0.8516634
2026-04-23 09:01:21.474 10 INFO neutron.services.segments.plugin [-] Segment 9a4ea669-0603-4661-89b4-de3b20448bee resource provider aggregate not found
2026-04-23 09:01:21.479 10 INFO neutron.services.segments.plugin [-] Segment 9a4ea669-0603-4661-89b4-de3b20448bee resource provider aggregate not found
2026-04-23 09:01:21.495 10 INFO neutron.db.ovn_revision_numbers_db [None req-14ffa220-e7df-4ddd-aad4-ce2377e6fedb - - - - - -] Successfully bumped revision number for resource 2eb177a7-317a-4dbc-9087-d6e0ae5287ef (type: ports) to 2
2026-04-23 09:01:21.500 10 INFO neutron.services.segments.plugin [-] Segment 9a4ea669-0603-4661-89b4-de3b20448bee resource provider not found; error: Placement Client Error (4xx): {"errors": [{"status": 404, "title": "Not Found", "detail": "The resource could not be found.\n\n No resource provider with uuid 9a4ea669-0603-4661-89b4-de3b20448bee found for delete ", "request_id": "req-a8fc4b3a-8651-466c-861c-519a6a12c873"}]}
2026-04-23 09:01:21.514 10 INFO neutron.services.segments.plugin [-] Segment 9a4ea669-0603-4661-89b4-de3b20448bee resource provider not found; error: Placement Client Error (4xx): {"errors": [{"status": 404, "title": "Not Found", "detail": "The resource could not be found.\n\n No resource provider with uuid 9a4ea669-0603-4661-89b4-de3b20448bee found for delete ", "request_id": "req-03aef082-761b-4965-8ef1-fee20552282a"}]}
2026-04-23 09:01:21.552 9 INFO neutron.wsgi [None req-592ecd0e-2c59-4d50-ae57-ba34e81de5de 2d874a480f6b48979b35e2224ab8df37 80904783ced34c1cab0fb022328fde3c - - default default] 10.0.0.191 "DELETE /v2.0/security-groups/5b985f0f-b811-4895-8a6b-0d0e40d3c85a HTTP/1.1" status: 204 len: 168 time: 0.2427528
2026-04-23 09:01:21.574 10 INFO neutron.db.ovn_revision_numbers_db [None req-9b80f893-dac5-47f8-b1de-886014a66809 ea4d21a5da6e448a966840d6236394dd df29b90cc36a4aca98beb6b4cbd9b8e0 - - default default] Successfully bumped revision number for resource 2eb177a7-317a-4dbc-9087-d6e0ae5287ef (type: router_ports) to 2
2026-04-23 09:01:21.576 10 INFO neutron.wsgi [None req-9b80f893-dac5-47f8-b1de-886014a66809 ea4d21a5da6e448a966840d6236394dd df29b90cc36a4aca98beb6b4cbd9b8e0 - - default default] 10.0.0.191 "PUT /v2.0/routers/a7c08355-786a-4374-8230-45497de08db0/add_router_interface HTTP/1.1" status: 200 len: 503 time: 2.0383890
2026-04-23 09:01:21.584 10 INFO neutron.wsgi [None req-589cf27a-8f80-4707-921d-7dfad788046d 44df1edc8b1b45b0979bc12813e124d5 3e8bfb42d05c4480996094b2945e10bd - - default default] 10.0.0.191 "DELETE /v2.0/networks/5cbe41e5-169a-4556-8955-a4c2983ba5b7 HTTP/1.1" status: 204 len: 168 time: 1.0402384
2026-04-23 09:01:21.712 9 INFO neutron.wsgi [None req-41cf234e-94a9-4425-b87f-715c76edf839 ea4d21a5da6e448a966840d6236394dd df29b90cc36a4aca98beb6b4cbd9b8e0 - - default default] 10.0.0.191 "GET /v2.0/ports/2eb177a7-317a-4dbc-9087-d6e0ae5287ef HTTP/1.1" status: 200 len: 1141 time: 0.1284964
2026-04-23 09:01:21.972 10 INFO neutron.db.ovn_revision_numbers_db [None req-5927dc6d-1d27-41aa-99a8-13952c8dde7d 2d874a480f6b48979b35e2224ab8df37 80904783ced34c1cab0fb022328fde3c - - default default] Successfully bumped revision number for resource 52f8a019-8ec1-4b45-81fb-1c7425ea2e9f (type: security_groups) to 1
2026-04-23 09:01:22.010 10 INFO neutron.db.ovn_revision_numbers_db [None req-5927dc6d-1d27-41aa-99a8-13952c8dde7d 2d874a480f6b48979b35e2224ab8df37 80904783ced34c1cab0fb022328fde3c - - default default] Successfully bumped revision number for resource 0a3de5ed-618b-44ce-a24d-e8e21028e211 (type: security_group_rules) to 0
2026-04-23 09:01:22.034 10 INFO neutron.db.ovn_revision_numbers_db [None req-5927dc6d-1d27-41aa-99a8-13952c8dde7d 2d874a480f6b48979b35e2224ab8df37 80904783ced34c1cab0fb022328fde3c - - default default] Successfully bumped revision number for resource 3413119f-fdd8-412a-bf77-924a7bcebff0 (type: security_group_rules) to 0
2026-04-23 09:01:22.049 10 INFO neutron.wsgi [None req-a9a027d1-99b3-4052-a8f6-7d9a3f273312 44df1edc8b1b45b0979bc12813e124d5 3e8bfb42d05c4480996094b2945e10bd - - default default] 10.0.0.191 "DELETE /v2.0/networks/a083b826-a2ba-484d-b872-53fd70db8f58 HTTP/1.1" status: 204 len: 168 time: 0.4591961
2026-04-23 09:01:22.067 10 INFO neutron.db.ovn_revision_numbers_db [None req-5927dc6d-1d27-41aa-99a8-13952c8dde7d 2d874a480f6b48979b35e2224ab8df37 80904783ced34c1cab0fb022328fde3c - - default default] Successfully bumped revision number for resource bc1ffb53-30a4-4a14-a392-d54f5a231d8d (type: security_group_rules) to 0
2026-04-23 09:01:22.096 10 INFO neutron.db.ovn_revision_numbers_db [None req-5927dc6d-1d27-41aa-99a8-13952c8dde7d 2d874a480f6b48979b35e2224ab8df37 80904783ced34c1cab0fb022328fde3c - - default default] Successfully bumped revision number for resource f13b4e2f-96ab-421b-a83e-f3f521f40d8f (type: security_group_rules) to 0
2026-04-23 09:01:22.123 10 INFO neutron.wsgi [None req-5927dc6d-1d27-41aa-99a8-13952c8dde7d 2d874a480f6b48979b35e2224ab8df37 80904783ced34c1cab0fb022328fde3c - - default default] 10.0.0.191 "GET /v2.0/security-groups?tenant_id=a988faac93024000b642ef421054ce62&name=default HTTP/1.1" status: 200 len: 2996 time: 0.3366930
2026-04-23 09:01:22.270 9 WARNING neutron.scheduler.dhcp_agent_scheduler [None req-e61e932e-25ae-49fb-8fb0-4472163ca40b ea4d21a5da6e448a966840d6236394dd df29b90cc36a4aca98beb6b4cbd9b8e0 - - default default] No more DHCP agents
2026-04-23 09:01:22.275 9 WARNING neutron.api.rpc.agentnotifiers.dhcp_rpc_agent_api [None req-e61e932e-25ae-49fb-8fb0-4472163ca40b ea4d21a5da6e448a966840d6236394dd df29b90cc36a4aca98beb6b4cbd9b8e0 - - default default] Unable to schedule network 2578a129-e772-4d38-b99a-c64ae236e5fb: no agents available; will retry on subsequent port and subnet creation events.
2026-04-23 09:01:22.400 9 INFO neutron.db.ovn_revision_numbers_db [None req-e61e932e-25ae-49fb-8fb0-4472163ca40b ea4d21a5da6e448a966840d6236394dd df29b90cc36a4aca98beb6b4cbd9b8e0 - - default default] Successfully bumped revision number for resource 41e22227-1e16-4dba-b04c-0ef9399ad1a8 (type: ports) to 1
2026-04-23 09:01:22.416 10 INFO neutron.wsgi [None req-0e307c81-6149-4c71-9703-4b9fefd522a6 2d874a480f6b48979b35e2224ab8df37 80904783ced34c1cab0fb022328fde3c - - default default] 10.0.0.191 "DELETE /v2.0/security-groups/52f8a019-8ec1-4b45-81fb-1c7425ea2e9f HTTP/1.1" status: 204 len: 168 time: 0.2889378
2026-04-23 09:01:22.510 10 INFO neutron.wsgi [None req-c7274138-dcf9-4737-89a6-abd469e79f2c 44df1edc8b1b45b0979bc12813e124d5 3e8bfb42d05c4480996094b2945e10bd - - default default] 10.0.0.191 "DELETE /v2.0/networks/894bb209-bebd-45bf-8194-bec593d246ce HTTP/1.1" status: 204 len: 168 time: 0.4520261
2026-04-23 09:01:22.901 9 INFO neutron.db.ovn_revision_numbers_db [None req-e61e932e-25ae-49fb-8fb0-4472163ca40b ea4d21a5da6e448a966840d6236394dd df29b90cc36a4aca98beb6b4cbd9b8e0 - - default default] Successfully bumped revision number for resource 41e22227-1e16-4dba-b04c-0ef9399ad1a8 (type: router_ports) to 1
2026-04-23 09:01:23.031 9 INFO neutron.db.ovn_revision_numbers_db [None req-e61e932e-25ae-49fb-8fb0-4472163ca40b ea4d21a5da6e448a966840d6236394dd df29b90cc36a4aca98beb6b4cbd9b8e0 - - default default] Successfully bumped revision number for resource 41e22227-1e16-4dba-b04c-0ef9399ad1a8 (type: ports) to 1
2026-04-23 09:01:23.103 9 WARNING neutron.scheduler.dhcp_agent_scheduler [None req-e61e932e-25ae-49fb-8fb0-4472163ca40b ea4d21a5da6e448a966840d6236394dd df29b90cc36a4aca98beb6b4cbd9b8e0 - - default default] No more DHCP agents
2026-04-23 09:01:23.104 9 WARNING neutron.api.rpc.agentnotifiers.dhcp_rpc_agent_api [None req-e61e932e-25ae-49fb-8fb0-4472163ca40b ea4d21a5da6e448a966840d6236394dd df29b90cc36a4aca98beb6b4cbd9b8e0 - - default default] Unable to schedule network 2578a129-e772-4d38-b99a-c64ae236e5fb: no agents available; will retry on subsequent port and subnet creation events.
2026-04-23 09:01:23.135 10 INFO neutron.wsgi [None req-2cf8cd87-a0b3-4c16-9d2e-6171f176ff2d 0b21de004c624cd2afc6dbadb7cc8fcc d5c524c20fcd4fff983ce9fa1f8ebec3 - - default default] 10.0.0.76 "GET /v2.0/extensions HTTP/1.1" status: 200 len: 16980 time: 0.1081147
2026-04-23 09:01:23.166 10 INFO neutron.wsgi [None req-d634afc7-2420-4f08-8084-f431f82e0300 2d874a480f6b48979b35e2224ab8df37 80904783ced34c1cab0fb022328fde3c - - default default] 10.0.0.191 "GET /v2.0/security-groups?tenant_id=3e8bfb42d05c4480996094b2945e10bd&name=default HTTP/1.1" status: 200 len: 2996 time: 0.1501160
2026-04-23 09:01:23.250 9 INFO neutron.db.ovn_revision_numbers_db [None req-e61e932e-25ae-49fb-8fb0-4472163ca40b ea4d21a5da6e448a966840d6236394dd df29b90cc36a4aca98beb6b4cbd9b8e0 - - default default] Successfully bumped revision number for resource 41e22227-1e16-4dba-b04c-0ef9399ad1a8 (type: router_ports) to 1
2026-04-23 09:01:23.253 9 INFO neutron.wsgi [None req-e61e932e-25ae-49fb-8fb0-4472163ca40b ea4d21a5da6e448a966840d6236394dd df29b90cc36a4aca98beb6b4cbd9b8e0 - - default default] 10.0.0.191 "PUT /v2.0/routers/a7c08355-786a-4374-8230-45497de08db0/add_router_interface HTTP/1.1" status: 200 len: 503 time: 1.5347428
2026-04-23 09:01:23.298 10 INFO neutron.wsgi [None req-b9cbe9a6-2430-44e1-b41f-e3ebd3ba5683 0b21de004c624cd2afc6dbadb7cc8fcc d5c524c20fcd4fff983ce9fa1f8ebec3 - - default default] 10.0.0.76 "GET /v2.0/quotas/d5c524c20fcd4fff983ce9fa1f8ebec3/details HTTP/1.1" status: 200 len: 756 time: 0.1482069
2026-04-23 09:01:23.372 9 INFO neutron.wsgi [None req-09a91fd7-8ccb-4e0b-9caa-c3c7b3465aa8 ea4d21a5da6e448a966840d6236394dd df29b90cc36a4aca98beb6b4cbd9b8e0 - - default default] 10.0.0.191 "GET /v2.0/ports/41e22227-1e16-4dba-b04c-0ef9399ad1a8 HTTP/1.1" status: 200 len: 1147 time: 0.1145542
2026-04-23 09:01:23.416 10 INFO neutron.wsgi [None req-1a8cbc49-7967-46c6-8561-01e8c1508c72 2d874a480f6b48979b35e2224ab8df37 80904783ced34c1cab0fb022328fde3c - - default default] 10.0.0.191 "DELETE /v2.0/security-groups/eab4d64c-629d-44d2-94bf-834f1350ecb2 HTTP/1.1" status: 204 len: 168 time: 0.2407305
2026-04-23 09:01:23.420 9 INFO neutron.wsgi [None req-7c7dc116-cb19-46f2-989c-efa10dc867bd ea4d21a5da6e448a966840d6236394dd df29b90cc36a4aca98beb6b4cbd9b8e0 - - default default] 10.0.0.191 "GET /v2.0/ports/41e22227-1e16-4dba-b04c-0ef9399ad1a8 HTTP/1.1" status: 200 len: 1147 time: 0.0434151
2026-04-23 09:01:23.521 10 INFO neutron.services.segments.plugin [-] Segment bb6234fd-ad7a-4499-b24b-336662fd5be7 resource provider aggregate not found
2026-04-23 09:01:23.537 10 INFO neutron.services.segments.plugin [-] Segment bb6234fd-ad7a-4499-b24b-336662fd5be7 resource provider not found; error: Placement Client Error (4xx): {"errors": [{"status": 404, "title": "Not Found", "detail": "The resource could not be found.\n\n No resource provider with uuid bb6234fd-ad7a-4499-b24b-336662fd5be7 found for delete ", "request_id": "req-00f1cbb6-0783-43a9-8063-47e8a0694d4d"}]}
2026-04-23 09:01:23.543 10 INFO neutron.services.segments.plugin [-] Segment bb6234fd-ad7a-4499-b24b-336662fd5be7 resource provider aggregate not found
2026-04-23 09:01:23.561 10 INFO neutron.services.segments.plugin [-] Segment bb6234fd-ad7a-4499-b24b-336662fd5be7 resource provider not found; error: Placement Client Error (4xx): {"errors": [{"status": 404, "title": "Not Found", "detail": "The resource could not be found.\n\n No resource provider with uuid bb6234fd-ad7a-4499-b24b-336662fd5be7 found for delete ", "request_id": "req-4142a4c3-54dc-4541-b08d-296c511da488"}]}
2026-04-23 09:01:23.573 10 INFO neutron.services.segments.plugin [-] Segment ee8bcc90-65ee-46b2-9291-b36e9ae13b05 resource provider aggregate not found
2026-04-23 09:01:23.590 10 INFO neutron.services.segments.plugin [-] Segment ee8bcc90-65ee-46b2-9291-b36e9ae13b05 resource provider not found; error: Placement Client Error (4xx): {"errors": [{"status": 404, "title": "Not Found", "detail": "The resource could not be found.\n\n No resource provider with uuid ee8bcc90-65ee-46b2-9291-b36e9ae13b05 found for delete ", "request_id": "req-cbed9896-f274-46ea-894b-25d22be98816"}]}
2026-04-23 09:01:23.592 10 INFO neutron.services.segments.plugin [-] Segment ee8bcc90-65ee-46b2-9291-b36e9ae13b05 resource provider aggregate not found
2026-04-23 09:01:23.613 10 INFO neutron.services.segments.plugin [-] Segment ee8bcc90-65ee-46b2-9291-b36e9ae13b05 resource provider not found; error: Placement Client Error (4xx): {"errors": [{"status": 404, "title": "Not Found", "detail": "The resource could not be found.\n\n No resource provider with uuid ee8bcc90-65ee-46b2-9291-b36e9ae13b05 found for delete ", "request_id": "req-99e7eb4f-15d6-43c4-8efd-dd818bcb8d3d"}]}
2026-04-23 09:01:24.097 10 INFO neutron.wsgi [-] 10.0.0.224 "GET / HTTP/1.1" status: 200 len: 246 time: 0.0019493
2026-04-23 09:01:24.097 9 INFO neutron.wsgi [-] 10.0.0.224 "GET / HTTP/1.1" status: 200 len: 246 time: 0.0022683
2026-04-23 09:01:24.582 10 INFO neutron.wsgi [None req-6f579b36-a918-49f0-9cb6-47817e02060c ea4d21a5da6e448a966840d6236394dd df29b90cc36a4aca98beb6b4cbd9b8e0 - - default default] 10.0.0.191 "GET /v2.0/ports/41e22227-1e16-4dba-b04c-0ef9399ad1a8 HTTP/1.1" status: 200 len: 1147 time: 0.1565726
2026-04-23 09:01:25.525 10 WARNING neutron_lib.context [None req-050c124c-c184-4f18-b80e-ea16f88153b2 7d1b36a251fc4cbda39681a350428408 172d37ae31f748fab1b71be819b267a2 - - default default] Method 'is_advsvc' is deprecated since 2023.2 release (neutron-lib 3.8.0) and will be removed once support for the old RBAC API policies will be removed from Neutron. Please use method 'is_service_role' instead.
2026-04-23 09:01:25.526 10 WARNING neutron_lib.context [None req-050c124c-c184-4f18-b80e-ea16f88153b2 7d1b36a251fc4cbda39681a350428408 172d37ae31f748fab1b71be819b267a2 - - default default] Method 'is_advsvc' is deprecated since 2023.2 release (neutron-lib 3.8.0) and will be removed once support for the old RBAC API policies will be removed from Neutron. Please use method 'is_service_role' instead.
2026-04-23 09:01:25.634 9 INFO neutron.wsgi [None req-0d5641c3-192d-45db-9e97-a811ef4c26cf ea4d21a5da6e448a966840d6236394dd df29b90cc36a4aca98beb6b4cbd9b8e0 - - default default] 10.0.0.191 "GET /v2.0/ports/41e22227-1e16-4dba-b04c-0ef9399ad1a8 HTTP/1.1" status: 200 len: 1147 time: 0.0460916
2026-04-23 09:01:25.683 10 INFO neutron.db.ovn_revision_numbers_db [None req-050c124c-c184-4f18-b80e-ea16f88153b2 7d1b36a251fc4cbda39681a350428408 172d37ae31f748fab1b71be819b267a2 - - default default] Successfully bumped revision number for resource 18775e47-8f9f-49e3-9b4f-e3106b620d74 (type: security_groups) to 1
2026-04-23 09:01:25.699 10 INFO neutron.db.ovn_revision_numbers_db [None req-050c124c-c184-4f18-b80e-ea16f88153b2 7d1b36a251fc4cbda39681a350428408 172d37ae31f748fab1b71be819b267a2 - - default default] Successfully bumped revision number for resource 1ca4ace7-be09-4a9f-984c-11f7270244ed (type: security_group_rules) to 0
2026-04-23 09:01:25.710 10 INFO neutron.db.ovn_revision_numbers_db [None req-050c124c-c184-4f18-b80e-ea16f88153b2 7d1b36a251fc4cbda39681a350428408 172d37ae31f748fab1b71be819b267a2 - - default default] Successfully bumped revision number for resource 8c86eb32-66e6-4d90-8cb0-93ea37921a35 (type: security_group_rules) to 0
2026-04-23 09:01:25.725 10 INFO neutron.db.ovn_revision_numbers_db [None req-050c124c-c184-4f18-b80e-ea16f88153b2 7d1b36a251fc4cbda39681a350428408 172d37ae31f748fab1b71be819b267a2 - - default default] Successfully bumped revision number for resource 9f4efde7-da91-42a2-95ba-9b21fb5088a4 (type: security_group_rules) to 0
2026-04-23 09:01:25.742 10 INFO neutron.db.ovn_revision_numbers_db [None req-050c124c-c184-4f18-b80e-ea16f88153b2 7d1b36a251fc4cbda39681a350428408 172d37ae31f748fab1b71be819b267a2 - - default default] Successfully bumped revision number for resource bcebf19b-5e76-4abd-9032-976f05d240f4 (type: security_group_rules) to 0
2026-04-23 09:01:25.810 10 INFO neutron.db.segments_db [None req-050c124c-c184-4f18-b80e-ea16f88153b2 7d1b36a251fc4cbda39681a350428408 172d37ae31f748fab1b71be819b267a2 - - default default] Added segment 049df094-d119-4b17-9a25-93ca80e05650 of type geneve for network 8fe1b870-fde0-4ff2-8121-eeb2ad9aeb76
2026-04-23 09:01:25.846 9 INFO neutron.wsgi [None req-7ab62460-b7e3-4b0a-bac8-b1e23785b253 0b21de004c624cd2afc6dbadb7cc8fcc d5c524c20fcd4fff983ce9fa1f8ebec3 - - default default] 10.0.0.76 "GET /v2.0/extensions HTTP/1.1" status: 200 len: 16980 time: 0.0084887
2026-04-23 09:01:25.930 10 INFO neutron.db.segments_db [None req-050c124c-c184-4f18-b80e-ea16f88153b2 7d1b36a251fc4cbda39681a350428408 172d37ae31f748fab1b71be819b267a2 - - default default] Added segment 9c6890e6-5c69-40e4-9d25-ccbe01d16cdd of type geneve for network e250804b-379d-4670-b552-d56ec2b8f00b
2026-04-23 09:01:25.934 9 INFO neutron.wsgi [None req-b7271297-10ee-4a25-be0e-c8a4e36ebc71 0b21de004c624cd2afc6dbadb7cc8fcc d5c524c20fcd4fff983ce9fa1f8ebec3 - - default default] 10.0.0.76 "GET /v2.0/quotas/d5c524c20fcd4fff983ce9fa1f8ebec3/details HTTP/1.1" status: 200 len: 756 time: 0.0759456
2026-04-23 09:01:26.080 10 INFO neutron.db.ovn_revision_numbers_db [None req-050c124c-c184-4f18-b80e-ea16f88153b2 7d1b36a251fc4cbda39681a350428408 172d37ae31f748fab1b71be819b267a2 - - default default] Successfully bumped revision number for resource 8fe1b870-fde0-4ff2-8121-eeb2ad9aeb76 (type: networks) to 1
2026-04-23 09:01:26.251 10 WARNING neutron.plugins.ml2.drivers.ovn.mech_driver.ovsdb.ovn_client [None req-14ffa220-e7df-4ddd-aad4-ce2377e6fedb - - - - - -] No hosting information found for port 2eb177a7-317a-4dbc-9087-d6e0ae5287ef: RuntimeError: No hosting information found for port 2eb177a7-317a-4dbc-9087-d6e0ae5287ef
2026-04-23 09:01:26.252 10 INFO neutron.plugins.ml2.drivers.ovn.mech_driver.mech_driver [None req-14ffa220-e7df-4ddd-aad4-ce2377e6fedb - - - - - -] OVN reports status up for port: 41e22227-1e16-4dba-b04c-0ef9399ad1a8
2026-04-23 09:01:26.259 10 INFO neutron.plugins.ml2.plugin [None req-14ffa220-e7df-4ddd-aad4-ce2377e6fedb - - - - - -] Attempt 1 to provision port 41e22227-1e16-4dba-b04c-0ef9399ad1a8
2026-04-23 09:01:26.307 10 WARNING neutron.scheduler.dhcp_agent_scheduler [None req-050c124c-c184-4f18-b80e-ea16f88153b2 7d1b36a251fc4cbda39681a350428408 172d37ae31f748fab1b71be819b267a2 - - default default] No more DHCP agents
2026-04-23 09:01:26.310 10 WARNING neutron.api.rpc.agentnotifiers.dhcp_rpc_agent_api [None req-050c124c-c184-4f18-b80e-ea16f88153b2 7d1b36a251fc4cbda39681a350428408 172d37ae31f748fab1b71be819b267a2 - - default default] Unable to schedule network 8fe1b870-fde0-4ff2-8121-eeb2ad9aeb76: no agents available; will retry on subsequent port and subnet creation events.
2026-04-23 09:01:26.420 10 INFO neutron.db.ovn_revision_numbers_db [None req-050c124c-c184-4f18-b80e-ea16f88153b2 7d1b36a251fc4cbda39681a350428408 172d37ae31f748fab1b71be819b267a2 - - default default] Successfully bumped revision number for resource 0ae589b2-8e83-41f4-89c9-1ae77d9be688 (type: ports) to 1
2026-04-23 09:01:26.540 10 INFO neutron.db.ovn_revision_numbers_db [None req-050c124c-c184-4f18-b80e-ea16f88153b2 7d1b36a251fc4cbda39681a350428408 172d37ae31f748fab1b71be819b267a2 - - default default] Successfully bumped revision number for resource e250804b-379d-4670-b552-d56ec2b8f00b (type: networks) to 1
2026-04-23 09:01:26.680 9 INFO neutron.wsgi [None req-ab2699c2-afc7-418d-86a7-796366245230 ea4d21a5da6e448a966840d6236394dd df29b90cc36a4aca98beb6b4cbd9b8e0 - - default default] 10.0.0.191 "GET /v2.0/ports/41e22227-1e16-4dba-b04c-0ef9399ad1a8 HTTP/1.1" status: 200 len: 1149 time: 0.0391605
2026-04-23 09:01:26.908 10 INFO neutron.db.ovn_revision_numbers_db [None req-14ffa220-e7df-4ddd-aad4-ce2377e6fedb - - - - - -] Successfully bumped revision number for resource 41e22227-1e16-4dba-b04c-0ef9399ad1a8 (type: ports) to 2
2026-04-23 09:01:26.953 10 WARNING neutron.scheduler.dhcp_agent_scheduler [None req-050c124c-c184-4f18-b80e-ea16f88153b2 7d1b36a251fc4cbda39681a350428408 172d37ae31f748fab1b71be819b267a2 - - default default] No more DHCP agents
2026-04-23 09:01:26.957 10 WARNING neutron.api.rpc.agentnotifiers.dhcp_rpc_agent_api [None req-050c124c-c184-4f18-b80e-ea16f88153b2 7d1b36a251fc4cbda39681a350428408 172d37ae31f748fab1b71be819b267a2 - - default default] Unable to schedule network e250804b-379d-4670-b552-d56ec2b8f00b: no agents available; will retry on subsequent port and subnet creation events.
2026-04-23 09:01:27.017 10 INFO neutron.db.ovn_revision_numbers_db [None req-14ffa220-e7df-4ddd-aad4-ce2377e6fedb - - - - - -] Successfully bumped revision number for resource 41e22227-1e16-4dba-b04c-0ef9399ad1a8 (type: router_ports) to 2
2026-04-23 09:01:27.058 10 INFO neutron.db.ovn_revision_numbers_db [None req-050c124c-c184-4f18-b80e-ea16f88153b2 7d1b36a251fc4cbda39681a350428408 172d37ae31f748fab1b71be819b267a2 - - default default] Successfully bumped revision number for resource 69c5091d-88b9-4126-9988-7e4b89b62a9c (type: ports) to 1
2026-04-23 09:01:27.083 10 INFO neutron.wsgi [None req-050c124c-c184-4f18-b80e-ea16f88153b2 7d1b36a251fc4cbda39681a350428408 172d37ae31f748fab1b71be819b267a2 - - default default] 10.0.0.191 "POST /v2.0/networks HTTP/1.1" status: 201 len: 1445 time: 1.8348627
2026-04-23 09:01:27.171 10 INFO neutron.wsgi [None req-72ffd8dc-e021-455e-9c9d-2a9e2ff83c43 7d1b36a251fc4cbda39681a350428408 172d37ae31f748fab1b71be819b267a2 - - default default] 10.0.0.191 "GET /v2.0/networks HTTP/1.1" status: 200 len: 2051 time: 0.0828667
2026-04-23 09:01:27.271 9 INFO neutron.db.ovn_revision_numbers_db [None req-26d6db0a-1806-44e1-8dcc-20c420e2c709 2d874a480f6b48979b35e2224ab8df37 80904783ced34c1cab0fb022328fde3c - - default default] Successfully bumped revision number for resource 9a9ae248-6911-4bbe-bca8-8f7fe59dd09c (type: security_groups) to 1
2026-04-23 09:01:27.285 9 INFO neutron.db.ovn_revision_numbers_db [None req-26d6db0a-1806-44e1-8dcc-20c420e2c709 2d874a480f6b48979b35e2224ab8df37 80904783ced34c1cab0fb022328fde3c - - default default] Successfully bumped revision number for resource 07174d1b-3fb1-464d-a699-42af32bb456c (type: security_group_rules) to 0
2026-04-23 09:01:27.320 9 INFO neutron.db.ovn_revision_numbers_db [None req-26d6db0a-1806-44e1-8dcc-20c420e2c709 2d874a480f6b48979b35e2224ab8df37 80904783ced34c1cab0fb022328fde3c - - default default] Successfully bumped revision number for resource 5590f65d-0713-45ea-980c-524f9c241a0b (type: security_group_rules) to 0
2026-04-23 09:01:27.347 9 INFO neutron.db.ovn_revision_numbers_db [None req-26d6db0a-1806-44e1-8dcc-20c420e2c709 2d874a480f6b48979b35e2224ab8df37 80904783ced34c1cab0fb022328fde3c - - default default] Successfully bumped revision number for resource 99c0c6c8-f282-4c8b-9bfb-e075ddf0027c (type: security_group_rules) to 0
2026-04-23 09:01:27.367 9 INFO neutron.db.ovn_revision_numbers_db [None req-26d6db0a-1806-44e1-8dcc-20c420e2c709 2d874a480f6b48979b35e2224ab8df37 80904783ced34c1cab0fb022328fde3c - - default default] Successfully bumped revision number for resource d226f97a-2384-4abe-b936-bfbbc0beb770 (type: security_group_rules) to 0
2026-04-23 09:01:27.407 9 INFO neutron.wsgi [None req-26d6db0a-1806-44e1-8dcc-20c420e2c709 2d874a480f6b48979b35e2224ab8df37 80904783ced34c1cab0fb022328fde3c - - default default] 10.0.0.191 "GET /v2.0/security-groups?tenant_id=5d6e08e2eb4348f99d9fce50279c47f5&name=default HTTP/1.1" status: 200 len: 2996 time: 0.6831026
2026-04-23 09:01:27.506 10 INFO neutron.services.segments.plugin [-] Segment 049df094-d119-4b17-9a25-93ca80e05650 resource provider aggregate not found
2026-04-23 09:01:27.510 10 INFO neutron.services.segments.plugin [-] Segment 049df094-d119-4b17-9a25-93ca80e05650 resource provider aggregate not found
2026-04-23 09:01:27.542 10 INFO neutron.services.segments.plugin [-] Segment 049df094-d119-4b17-9a25-93ca80e05650 resource provider not found; error: Placement Client Error (4xx): {"errors": [{"status": 404, "title": "Not Found", "detail": "The resource could not be found.\n\n No resource provider with uuid 049df094-d119-4b17-9a25-93ca80e05650 found for delete ", "request_id": "req-7c244306-9b16-40ec-852e-2593b04ebb8c"}]}
2026-04-23 09:01:27.548 10 INFO neutron.services.segments.plugin [-] Segment 049df094-d119-4b17-9a25-93ca80e05650 resource provider not found; error: Placement Client Error (4xx): {"errors": [{"status": 404, "title": "Not Found", "detail": "The resource could not be found.\n\n No resource provider with uuid 049df094-d119-4b17-9a25-93ca80e05650 found for delete ", "request_id": "req-e53ed8ba-10cc-4cc6-9fba-dbca9f1fd7a6"}]}
2026-04-23 09:01:27.557 10 INFO neutron.wsgi [None req-1e43317c-863c-4e21-bc64-a2cd3ede33a1 7d1b36a251fc4cbda39681a350428408 172d37ae31f748fab1b71be819b267a2 - - default default] 10.0.0.191 "DELETE /v2.0/networks/8fe1b870-fde0-4ff2-8121-eeb2ad9aeb76 HTTP/1.1" status: 204 len: 168 time: 0.3797321
2026-04-23 09:01:27.658 9 INFO neutron.wsgi [None req-d9b66f5a-f444-4128-b1ea-68a8ae1ee137 ea4d21a5da6e448a966840d6236394dd df29b90cc36a4aca98beb6b4cbd9b8e0 - - default default] 10.0.0.191 "PUT /v2.0/routers/a7c08355-786a-4374-8230-45497de08db0/remove_router_interface HTTP/1.1" status: 200 len: 503 time: 0.9723897 /var/lib/openstack/lib/python3.10/site-packages/pycadf/identifier.py:71: UserWarning: Invalid uuid: neutron. To ensure interoperability, identifiers should be a valid uuid. warnings.warn(('Invalid uuid: %s. To ensure interoperability, '
2026-04-23 09:01:27.748 9 INFO neutron.wsgi [None req-65a3e120-8fe6-4f01-b921-5e0d9e99ab4b ea4d21a5da6e448a966840d6236394dd df29b90cc36a4aca98beb6b4cbd9b8e0 - - default default] 10.0.0.191 "GET /v2.0/ports/2eb177a7-317a-4dbc-9087-d6e0ae5287ef HTTP/1.1" status: 200 len: 1141 time: 0.0857682
2026-04-23 09:01:27.763 9 INFO neutron.wsgi [None req-1b64ac16-56d1-45e5-8991-32d086965bec 2d874a480f6b48979b35e2224ab8df37 80904783ced34c1cab0fb022328fde3c - - default default] 10.0.0.191 "DELETE /v2.0/security-groups/9a9ae248-6911-4bbe-bca8-8f7fe59dd09c HTTP/1.1" status: 204 len: 168 time: 0.3506277
2026-04-23 09:01:28.006 9 INFO neutron.db.ovn_revision_numbers_db [None req-1e416303-5a13-47fe-9cfa-dd6b4dbb4f6b 2d874a480f6b48979b35e2224ab8df37 80904783ced34c1cab0fb022328fde3c - - default default] Successfully bumped revision number for resource 857f6d8c-9bf0-4869-8334-9c0a332e6c17 (type: security_groups) to 1
2026-04-23 09:01:28.026 9 INFO neutron.db.ovn_revision_numbers_db [None req-1e416303-5a13-47fe-9cfa-dd6b4dbb4f6b 2d874a480f6b48979b35e2224ab8df37 80904783ced34c1cab0fb022328fde3c - - default default] Successfully bumped revision number for resource 0315fe67-d80e-42a5-a39d-92b5265bb64f (type: security_group_rules) to 0
2026-04-23 09:01:28.044 9 INFO neutron.db.ovn_revision_numbers_db [None req-1e416303-5a13-47fe-9cfa-dd6b4dbb4f6b 2d874a480f6b48979b35e2224ab8df37 80904783ced34c1cab0fb022328fde3c - - default default] Successfully bumped revision number for resource 44942dfb-77bc-4245-9d3e-37f727615afa (type: security_group_rules) to 0
2026-04-23 09:01:28.057 10 INFO neutron.wsgi [None req-80ca7334-0804-49c6-b0ff-c353a579bc18 7d1b36a251fc4cbda39681a350428408 172d37ae31f748fab1b71be819b267a2 - - default default] 10.0.0.191 "DELETE /v2.0/networks/e250804b-379d-4670-b552-d56ec2b8f00b HTTP/1.1" status: 204 len: 168 time: 0.4949615
2026-04-23 09:01:28.064 9 INFO neutron.db.ovn_revision_numbers_db [None req-1e416303-5a13-47fe-9cfa-dd6b4dbb4f6b 2d874a480f6b48979b35e2224ab8df37 80904783ced34c1cab0fb022328fde3c - - default default] Successfully bumped revision number for resource 7f228313-0ba9-466a-b5b6-b48d4f64baf6 (type: security_group_rules) to 0
2026-04-23 09:01:28.081 9 INFO neutron.db.ovn_revision_numbers_db [None req-1e416303-5a13-47fe-9cfa-dd6b4dbb4f6b 2d874a480f6b48979b35e2224ab8df37 80904783ced34c1cab0fb022328fde3c - - default default] Successfully bumped revision number for resource e736c220-980c-4a76-b946-0674dc7b5938 (type: security_group_rules) to 0
2026-04-23 09:01:28.108 9 INFO neutron.wsgi [None req-1e416303-5a13-47fe-9cfa-dd6b4dbb4f6b 2d874a480f6b48979b35e2224ab8df37 80904783ced34c1cab0fb022328fde3c - - default default] 10.0.0.191 "GET /v2.0/security-groups?tenant_id=c5026065c6da476f9005f81e505a6f83&name=default HTTP/1.1" status: 200 len: 2996 time: 0.2229958
2026-04-23 09:01:28.169 10 INFO neutron.wsgi [None req-7a6510b5-c301-4147-b8c7-c82bc525eddf 7d1b36a251fc4cbda39681a350428408 172d37ae31f748fab1b71be819b267a2 - - default default] 10.0.0.191 "GET /v2.0/networks HTTP/1.1" status: 200 len: 845 time: 0.1037486
2026-04-23 09:01:28.182 10 WARNING neutron_lib.context [None req-097d432b-71bd-4463-9953-d905651f4eb4 7d1b36a251fc4cbda39681a350428408 172d37ae31f748fab1b71be819b267a2 - - default default] Method 'is_advsvc' is deprecated since 2023.2 release (neutron-lib 3.8.0) and will be removed once support for the old RBAC API policies will be removed from Neutron. Please use method 'is_service_role' instead.
2026-04-23 09:01:28.303 10 INFO neutron.db.segments_db [None req-097d432b-71bd-4463-9953-d905651f4eb4 7d1b36a251fc4cbda39681a350428408 172d37ae31f748fab1b71be819b267a2 - - default default] Added segment 03f8828a-c656-4608-a196-8c845473f72d of type geneve for network 9dfe85c0-705a-4838-98c6-7b75ba881c44
2026-04-23 09:01:28.330 9 INFO neutron.wsgi [None req-93777297-022b-498a-9ebe-9d4fafa390ef 2d874a480f6b48979b35e2224ab8df37 80904783ced34c1cab0fb022328fde3c - - default default] 10.0.0.191 "DELETE /v2.0/security-groups/857f6d8c-9bf0-4869-8334-9c0a332e6c17 HTTP/1.1" status: 204 len: 168 time: 0.2148936
2026-04-23 09:01:28.509 10 INFO neutron.db.ovn_revision_numbers_db [None req-097d432b-71bd-4463-9953-d905651f4eb4 7d1b36a251fc4cbda39681a350428408 172d37ae31f748fab1b71be819b267a2 - - default default] Successfully bumped revision number for resource 9dfe85c0-705a-4838-98c6-7b75ba881c44 (type: networks) to 1
2026-04-23 09:01:28.585 10 INFO neutron.wsgi [None req-fd9056a4-1126-4888-aab8-29ae48f5ddd3 ea4d21a5da6e448a966840d6236394dd df29b90cc36a4aca98beb6b4cbd9b8e0 - - default default] 10.0.0.191 "PUT /v2.0/routers/a7c08355-786a-4374-8230-45497de08db0/remove_router_interface HTTP/1.1" status: 200 len: 503 time: 0.8301313
2026-04-23 09:01:28.619 9 INFO neutron.wsgi [None req-861af333-4ceb-49c3-a9de-cb7bdb6e328c ea4d21a5da6e448a966840d6236394dd df29b90cc36a4aca98beb6b4cbd9b8e0 - - default default] 10.0.0.191 "GET /v2.0/ports?device_id=a7c08355-786a-4374-8230-45497de08db0 HTTP/1.1" status: 200 len: 205 time: 0.0244956
