2026-04-23 09:04:27.155 9 INFO neutron.wsgi [req-20cb1f06-c65a-464e-aca0-ee6d899a9238 req-648b5e49-21a8-4844-b638-6d2846b0e7c3 cf64eec04e2a4132a6152c1efa922e0c 6e3e603828d74104aebcf9cc2d58b42a - - f2cf2090b4f64ebeb315ff6b43a7bfb1 f2cf2090b4f64ebeb315ff6b43a7bfb1] 199.19.213.141 "GET /v2.0/networks?id=e9d6d48c-00b5-4b28-9f7f-98f0e7fdd0d1 HTTP/1.1" status: 200 len: 1003 time: 0.0858862
2026-04-23 09:04:27.199 9 INFO neutron.wsgi [req-20cb1f06-c65a-464e-aca0-ee6d899a9238 req-816d148f-d618-4c79-8be7-87edbd482194 cf64eec04e2a4132a6152c1efa922e0c 6e3e603828d74104aebcf9cc2d58b42a - - f2cf2090b4f64ebeb315ff6b43a7bfb1 f2cf2090b4f64ebeb315ff6b43a7bfb1] 199.19.213.141 "GET /v2.0/floatingips?fixed_ip_address=10.2.1.217&port_id=461a01a0-c3aa-4e2d-be8f-1c5cd19be425 HTTP/1.1" status: 200 len: 217 time: 0.0357299
2026-04-23 09:04:27.235 9 INFO neutron.wsgi [req-20cb1f06-c65a-464e-aca0-ee6d899a9238 req-979118aa-1ee3-4a77-8c73-a3d8f2f0293a cf64eec04e2a4132a6152c1efa922e0c 6e3e603828d74104aebcf9cc2d58b42a - - f2cf2090b4f64ebeb315ff6b43a7bfb1 f2cf2090b4f64ebeb315ff6b43a7bfb1] 199.19.213.141 "GET /v2.0/floatingips?fixed_ip_address=fd7b%3Af9f7%3Afff%3A4eca%3A%3A34a&port_id=461a01a0-c3aa-4e2d-be8f-1c5cd19be425 HTTP/1.1" status: 200 len: 217 time: 0.0297966
2026-04-23 09:04:27.300 9 INFO neutron.wsgi [req-20cb1f06-c65a-464e-aca0-ee6d899a9238 req-45bde376-05dc-4d47-8630-7d2a34233fe5 cf64eec04e2a4132a6152c1efa922e0c 6e3e603828d74104aebcf9cc2d58b42a - - f2cf2090b4f64ebeb315ff6b43a7bfb1 f2cf2090b4f64ebeb315ff6b43a7bfb1] 199.19.213.141 "GET /v2.0/subnets?id=c39e221f-061d-4dd0-97a8-0aa36b027c51&id=ceeefe7d-ce3b-47aa-b224-cac0c15d12ab HTTP/1.1" status: 200 len: 1561 time: 0.0590024
2026-04-23 09:04:27.336 9 INFO neutron.wsgi [req-20cb1f06-c65a-464e-aca0-ee6d899a9238 req-cacd55d6-0100-4578-a8b4-62a205e5eb21 cf64eec04e2a4132a6152c1efa922e0c 6e3e603828d74104aebcf9cc2d58b42a - - f2cf2090b4f64ebeb315ff6b43a7bfb1 f2cf2090b4f64ebeb315ff6b43a7bfb1] 199.19.213.141 "GET /v2.0/ports?network_id=e9d6d48c-00b5-4b28-9f7f-98f0e7fdd0d1&device_owner=network%3Adhcp HTTP/1.1" status: 200 len: 210 time: 0.0301552
2026-04-23 09:04:27.371 9 INFO neutron.wsgi [req-20cb1f06-c65a-464e-aca0-ee6d899a9238 req-bf3e67ec-2c0f-41cd-b314-dcb469c88874 cf64eec04e2a4132a6152c1efa922e0c 6e3e603828d74104aebcf9cc2d58b42a - - f2cf2090b4f64ebeb315ff6b43a7bfb1 f2cf2090b4f64ebeb315ff6b43a7bfb1] 199.19.213.141 "GET /v2.0/ports?network_id=e9d6d48c-00b5-4b28-9f7f-98f0e7fdd0d1&device_owner=network%3Adhcp HTTP/1.1" status: 200 len: 210 time: 0.0258791
2026-04-23 09:04:27.451 9 INFO neutron.wsgi [req-20cb1f06-c65a-464e-aca0-ee6d899a9238 req-38b1c737-c201-4114-9eab-32b0f1ff6aad cf64eec04e2a4132a6152c1efa922e0c 6e3e603828d74104aebcf9cc2d58b42a - - f2cf2090b4f64ebeb315ff6b43a7bfb1 f2cf2090b4f64ebeb315ff6b43a7bfb1] 199.19.213.141 "GET /v2.0/networks/e9d6d48c-00b5-4b28-9f7f-98f0e7fdd0d1?fields=segments HTTP/1.1" status: 200 len: 212 time: 0.0729511
2026-04-23 09:04:27.524 9 INFO neutron.wsgi [req-20cb1f06-c65a-464e-aca0-ee6d899a9238 req-dddb7b15-fb2b-43f2-9ed8-7bdfad6de052 cf64eec04e2a4132a6152c1efa922e0c 6e3e603828d74104aebcf9cc2d58b42a - - f2cf2090b4f64ebeb315ff6b43a7bfb1 f2cf2090b4f64ebeb315ff6b43a7bfb1] 199.19.213.141 "GET /v2.0/networks/e9d6d48c-00b5-4b28-9f7f-98f0e7fdd0d1?fields=provider%3Aphysical_network&fields=provider%3Anetwork_type HTTP/1.1" status: 200 len: 277 time: 0.0617340 /var/lib/openstack/lib/python3.10/site-packages/pycadf/identifier.py:71: UserWarning: Invalid uuid: neutron. To ensure interoperability, identifiers should be a valid uuid. warnings.warn(('Invalid uuid: %s. To ensure interoperability, '
2026-04-23 09:04:27.584 10 WARNING neutron_lib.context [None req-8919c811-15ad-473f-9ca3-bccc8d8d55bd 015274e16b40497abb1d9a3b7b9df446 aba7e51745fc4c5abf40af1c5a6334a2 - - default default] Method 'is_advsvc' is deprecated since 2023.2 release (neutron-lib 3.8.0) and will be removed once support for the old RBAC API policies will be removed from Neutron. Please use method 'is_service_role' instead.
2026-04-23 09:04:27.737 10 INFO neutron.db.ovn_revision_numbers_db [None req-8919c811-15ad-473f-9ca3-bccc8d8d55bd 015274e16b40497abb1d9a3b7b9df446 aba7e51745fc4c5abf40af1c5a6334a2 - - default default] Successfully bumped revision number for resource 4f3113cc-46e2-43fb-981a-a9e7b6927667 (type: security_groups) to 1
2026-04-23 09:04:27.752 10 INFO neutron.db.ovn_revision_numbers_db [None req-8919c811-15ad-473f-9ca3-bccc8d8d55bd 015274e16b40497abb1d9a3b7b9df446 aba7e51745fc4c5abf40af1c5a6334a2 - - default default] Successfully bumped revision number for resource 23756670-a04b-41fd-af4b-eb6d50e87113 (type: security_group_rules) to 0
2026-04-23 09:04:27.767 10 INFO neutron.db.ovn_revision_numbers_db [None req-8919c811-15ad-473f-9ca3-bccc8d8d55bd 015274e16b40497abb1d9a3b7b9df446 aba7e51745fc4c5abf40af1c5a6334a2 - - default default] Successfully bumped revision number for resource 328522fb-88b4-4ac7-a985-aeb986ff4627 (type: security_group_rules) to 0
2026-04-23 09:04:27.781 10 INFO neutron.db.ovn_revision_numbers_db [None req-8919c811-15ad-473f-9ca3-bccc8d8d55bd 015274e16b40497abb1d9a3b7b9df446 aba7e51745fc4c5abf40af1c5a6334a2 - - default default] Successfully bumped revision number for resource 452e6994-0e17-4ef2-92a7-c6668c82a8c2 (type: security_group_rules) to 0
2026-04-23 09:04:27.794 10 INFO neutron.db.ovn_revision_numbers_db [None req-8919c811-15ad-473f-9ca3-bccc8d8d55bd 015274e16b40497abb1d9a3b7b9df446 aba7e51745fc4c5abf40af1c5a6334a2 - - default default] Successfully bumped revision number for resource d522b710-3037-4599-9106-81502549bfdf (type: security_group_rules) to 0
2026-04-23 09:04:27.848 10 INFO neutron.db.segments_db [None req-8919c811-15ad-473f-9ca3-bccc8d8d55bd 015274e16b40497abb1d9a3b7b9df446 aba7e51745fc4c5abf40af1c5a6334a2 - - default default] Added segment 8cd5809d-3dae-408c-a508-043c8b3ad6e0 of type geneve for network efc3cf0f-247b-4441-a8b7-a1c675fcacde
2026-04-23 09:04:28.008 10 INFO neutron.db.ovn_revision_numbers_db [None req-8919c811-15ad-473f-9ca3-bccc8d8d55bd 015274e16b40497abb1d9a3b7b9df446 aba7e51745fc4c5abf40af1c5a6334a2 - - default default] Successfully bumped revision number for resource efc3cf0f-247b-4441-a8b7-a1c675fcacde (type: networks) to 1
2026-04-23 09:04:28.056 10 INFO neutron.notifiers.nova [-] Nova event matching ['req-f83356da-f7d1-4b1e-a08c-6dda0fde6756'] response: {'server_uuid': '433994f4-7d3e-4848-8061-90ce6aed8259', 'name': 'network-vif-plugged', 'status': 'completed', 'tag': '461a01a0-c3aa-4e2d-be8f-1c5cd19be425', 'code': 200}
2026-04-23 09:04:28.287 10 WARNING neutron.scheduler.dhcp_agent_scheduler [None req-8919c811-15ad-473f-9ca3-bccc8d8d55bd 015274e16b40497abb1d9a3b7b9df446 aba7e51745fc4c5abf40af1c5a6334a2 - - default default] No more DHCP agents
2026-04-23 09:04:28.291 10 WARNING neutron.api.rpc.agentnotifiers.dhcp_rpc_agent_api [None req-8919c811-15ad-473f-9ca3-bccc8d8d55bd 015274e16b40497abb1d9a3b7b9df446 aba7e51745fc4c5abf40af1c5a6334a2 - - default default] Unable to schedule network efc3cf0f-247b-4441-a8b7-a1c675fcacde: no agents available; will retry on subsequent port and subnet creation events.
2026-04-23 09:04:28.341 10 INFO neutron.wsgi [req-d12996b7-fdfa-43cb-976f-72acf532f972 req-72c30961-86b6-4440-a37a-742279bb9fd4 c8d86b24dcdd4918bcc18b9f66c14e5a d2852002db384780870bc4b862fa91d4 - - default default] 10.0.0.223 "GET /v2.0/ports?device_id=433994f4-7d3e-4848-8061-90ce6aed8259 HTTP/1.1" status: 200 len: 1400 time: 0.1434200
2026-04-23 09:04:28.421 10 INFO neutron.wsgi [req-d12996b7-fdfa-43cb-976f-72acf532f972 req-4e5c1cf1-5f58-4945-94e6-c5f72d64e2ad c8d86b24dcdd4918bcc18b9f66c14e5a d2852002db384780870bc4b862fa91d4 - - default default] 10.0.0.223 "GET /v2.0/security-groups?id=f9608d15-675b-4624-9643-40f949d81225&fields=id&fields=name HTTP/1.1" status: 200 len: 310 time: 0.0737853
2026-04-23 09:04:28.429 10 INFO neutron.db.ovn_revision_numbers_db [None req-8919c811-15ad-473f-9ca3-bccc8d8d55bd 015274e16b40497abb1d9a3b7b9df446 aba7e51745fc4c5abf40af1c5a6334a2 - - default default] Successfully bumped revision number for resource 7437cd22-1ed7-4e71-9802-367167003620 (type: ports) to 1
2026-04-23 09:04:28.451 10 INFO neutron.wsgi [None req-8919c811-15ad-473f-9ca3-bccc8d8d55bd 015274e16b40497abb1d9a3b7b9df446 aba7e51745fc4c5abf40af1c5a6334a2 - - default default] 10.0.0.191 "POST /v2.0/networks HTTP/1.1" status: 201 len: 830 time: 1.1175835
2026-04-23 09:04:28.468 9 WARNING neutron_lib.context [None req-241d47d0-29db-4539-af0e-0f9fcf369286 015274e16b40497abb1d9a3b7b9df446 aba7e51745fc4c5abf40af1c5a6334a2 - - default default] Method 'is_advsvc' is deprecated since 2023.2 release (neutron-lib 3.8.0) and will be removed once support for the old RBAC API policies will be removed from Neutron. Please use method 'is_service_role' instead.
2026-04-23 09:04:28.516 10 INFO neutron.wsgi [None req-72246dcb-d29e-411d-99e9-a3191545c6a5 c8d86b24dcdd4918bcc18b9f66c14e5a d2852002db384780870bc4b862fa91d4 - - default default] 10.0.0.191 "GET /v2.0/ports?network_id=e9d6d48c-00b5-4b28-9f7f-98f0e7fdd0d1&mac_address=fa%3A16%3A3e%3A55%3Af8%3A1e HTTP/1.1" status: 200 len: 1395 time: 0.0557518
2026-04-23 09:04:28.527 10 WARNING neutron_lib.context [None req-59c7457b-00e9-4740-9c13-e124746c6bb8 c8d86b24dcdd4918bcc18b9f66c14e5a d2852002db384780870bc4b862fa91d4 - - default default] Method 'is_advsvc' is deprecated since 2023.2 release (neutron-lib 3.8.0) and will be removed once support for the old RBAC API policies will be removed from Neutron. Please use method 'is_service_role' instead.
2026-04-23 09:04:28.718 9 WARNING neutron.scheduler.dhcp_agent_scheduler [None req-241d47d0-29db-4539-af0e-0f9fcf369286 015274e16b40497abb1d9a3b7b9df446 aba7e51745fc4c5abf40af1c5a6334a2 - - default default] No more DHCP agents
2026-04-23 09:04:28.720 9 WARNING neutron.api.rpc.agentnotifiers.dhcp_rpc_agent_api [None req-241d47d0-29db-4539-af0e-0f9fcf369286 015274e16b40497abb1d9a3b7b9df446 aba7e51745fc4c5abf40af1c5a6334a2 - - default default] Unable to schedule network efc3cf0f-247b-4441-a8b7-a1c675fcacde: no agents available; will retry on subsequent port and subnet creation events.
2026-04-23 09:04:28.806 10 WARNING neutron.scheduler.dhcp_agent_scheduler [None req-59c7457b-00e9-4740-9c13-e124746c6bb8 c8d86b24dcdd4918bcc18b9f66c14e5a d2852002db384780870bc4b862fa91d4 - - default default] No more DHCP agents
2026-04-23 09:04:28.808 10 WARNING neutron.api.rpc.agentnotifiers.dhcp_rpc_agent_api [None req-59c7457b-00e9-4740-9c13-e124746c6bb8 c8d86b24dcdd4918bcc18b9f66c14e5a d2852002db384780870bc4b862fa91d4 - - default default] Unable to schedule network 394cfd03-b05d-4452-afc3-f0331c1b50be: no agents available; will retry on subsequent port and subnet creation events.
2026-04-23 09:04:28.819 9 INFO neutron.db.ovn_revision_numbers_db [None req-241d47d0-29db-4539-af0e-0f9fcf369286 015274e16b40497abb1d9a3b7b9df446 aba7e51745fc4c5abf40af1c5a6334a2 - - default default] Successfully bumped revision number for resource c36d8a77-8ef1-4389-a0ac-b314ce8b86ae (type: ports) to 1
2026-04-23 09:04:28.840 9 INFO neutron.wsgi [None req-241d47d0-29db-4539-af0e-0f9fcf369286 015274e16b40497abb1d9a3b7b9df446 aba7e51745fc4c5abf40af1c5a6334a2 - - default default] 10.0.0.191 "POST /v2.0/ports HTTP/1.1" status: 201 len: 942 time: 0.3783202
2026-04-23 09:04:28.851 10 WARNING neutron_lib.context [None req-8e8a7d5d-0786-4960-948f-f9fdc4c936c8 015274e16b40497abb1d9a3b7b9df446 aba7e51745fc4c5abf40af1c5a6334a2 - - default default] Method 'is_advsvc' is deprecated since 2023.2 release (neutron-lib 3.8.0) and will be removed once support for the old RBAC API policies will be removed from Neutron. Please use method 'is_service_role' instead.
2026-04-23 09:04:29.217 10 INFO neutron.wsgi [None req-8e8a7d5d-0786-4960-948f-f9fdc4c936c8 015274e16b40497abb1d9a3b7b9df446 aba7e51745fc4c5abf40af1c5a6334a2 - - default default] 10.0.0.191 "POST /v2.0/trunks HTTP/1.1" status: 201 len: 608 time: 0.3713233 /var/lib/openstack/lib/python3.10/site-packages/pycadf/identifier.py:71: UserWarning: Invalid uuid: neutron. To ensure interoperability, identifiers should be a valid uuid. warnings.warn(('Invalid uuid: %s. To ensure interoperability, '
2026-04-23 09:04:29.230 9 WARNING neutron_lib.context [None req-b71dec9e-f0ca-4cfa-b32d-58c1f954cb36 015274e16b40497abb1d9a3b7b9df446 aba7e51745fc4c5abf40af1c5a6334a2 - - default default] Method 'is_advsvc' is deprecated since 2023.2 release (neutron-lib 3.8.0) and will be removed once support for the old RBAC API policies will be removed from Neutron. Please use method 'is_service_role' instead.
2026-04-23 09:04:29.316 9 INFO neutron.db.segments_db [None req-b71dec9e-f0ca-4cfa-b32d-58c1f954cb36 015274e16b40497abb1d9a3b7b9df446 aba7e51745fc4c5abf40af1c5a6334a2 - - default default] Added segment 6f4be3a0-ed23-42cc-a453-279b48312ffa of type geneve for network 637ea56a-ffae-4136-9248-ccaa032d202a
2026-04-23 09:04:29.398 10 INFO neutron.db.l3_db [None req-59c7457b-00e9-4740-9c13-e124746c6bb8 c8d86b24dcdd4918bcc18b9f66c14e5a d2852002db384780870bc4b862fa91d4 - - default default] Floating IP db6d55cd-910c-466c-b533-d0ee7eea631a associated. External IP: 10.96.250.207, port: 461a01a0-c3aa-4e2d-be8f-1c5cd19be425.
2026-04-23 09:04:29.520 9 INFO neutron.db.ovn_revision_numbers_db [None req-b71dec9e-f0ca-4cfa-b32d-58c1f954cb36 015274e16b40497abb1d9a3b7b9df446 aba7e51745fc4c5abf40af1c5a6334a2 - - default default] Successfully bumped revision number for resource 637ea56a-ffae-4136-9248-ccaa032d202a (type: networks) to 1
2026-04-23 09:04:29.710 9 WARNING neutron.scheduler.dhcp_agent_scheduler [None req-b71dec9e-f0ca-4cfa-b32d-58c1f954cb36 015274e16b40497abb1d9a3b7b9df446 aba7e51745fc4c5abf40af1c5a6334a2 - - default default] No more DHCP agents
2026-04-23 09:04:29.713 9 WARNING neutron.api.rpc.agentnotifiers.dhcp_rpc_agent_api [None req-b71dec9e-f0ca-4cfa-b32d-58c1f954cb36 015274e16b40497abb1d9a3b7b9df446 aba7e51745fc4c5abf40af1c5a6334a2 - - default default] Unable to schedule network 637ea56a-ffae-4136-9248-ccaa032d202a: no agents available; will retry on subsequent port and subnet creation events.
2026-04-23 09:04:29.801 9 INFO neutron.db.ovn_revision_numbers_db [None req-b71dec9e-f0ca-4cfa-b32d-58c1f954cb36 015274e16b40497abb1d9a3b7b9df446 aba7e51745fc4c5abf40af1c5a6334a2 - - default default] Successfully bumped revision number for resource e07ba847-ec3d-49e2-b65f-253df6eb47a3 (type: ports) to 1
2026-04-23 09:04:29.825 9 INFO neutron.wsgi [None req-b71dec9e-f0ca-4cfa-b32d-58c1f954cb36 015274e16b40497abb1d9a3b7b9df446 aba7e51745fc4c5abf40af1c5a6334a2 - - default default] 10.0.0.191 "POST /v2.0/networks HTTP/1.1" status: 201 len: 829 time: 0.6014111
2026-04-23 09:04:29.839 9 WARNING neutron_lib.context [None req-c8b9f97d-0a44-47f5-aec1-3980a942b23a 015274e16b40497abb1d9a3b7b9df446 aba7e51745fc4c5abf40af1c5a6334a2 - - default default] Method 'is_advsvc' is deprecated since 2023.2 release (neutron-lib 3.8.0) and will be removed once support for the old RBAC API policies will be removed from Neutron. Please use method 'is_service_role' instead.
2026-04-23 09:04:29.955 10 INFO neutron.db.ovn_revision_numbers_db [None req-59c7457b-00e9-4740-9c13-e124746c6bb8 c8d86b24dcdd4918bcc18b9f66c14e5a d2852002db384780870bc4b862fa91d4 - - default default] Successfully bumped revision number for resource db6d55cd-910c-466c-b533-d0ee7eea631a (type: floatingips) to 0
2026-04-23 09:04:30.070 10 INFO neutron.db.ovn_revision_numbers_db [None req-59c7457b-00e9-4740-9c13-e124746c6bb8 c8d86b24dcdd4918bcc18b9f66c14e5a d2852002db384780870bc4b862fa91d4 - - default default] Successfully bumped revision number for resource db6d55cd-910c-466c-b533-d0ee7eea631a (type: floatingips) to 1
2026-04-23 09:04:30.089 9 WARNING neutron.scheduler.dhcp_agent_scheduler [None req-c8b9f97d-0a44-47f5-aec1-3980a942b23a 015274e16b40497abb1d9a3b7b9df446 aba7e51745fc4c5abf40af1c5a6334a2 - - default default] No more DHCP agents
2026-04-23 09:04:30.094 9 WARNING neutron.api.rpc.agentnotifiers.dhcp_rpc_agent_api [None req-c8b9f97d-0a44-47f5-aec1-3980a942b23a 015274e16b40497abb1d9a3b7b9df446 aba7e51745fc4c5abf40af1c5a6334a2 - - default default] Unable to schedule network 637ea56a-ffae-4136-9248-ccaa032d202a: no agents available; will retry on subsequent port and subnet creation events.
2026-04-23 09:04:30.119 10 INFO neutron.wsgi [None req-59c7457b-00e9-4740-9c13-e124746c6bb8 c8d86b24dcdd4918bcc18b9f66c14e5a d2852002db384780870bc4b862fa91d4 - - default default] 10.0.0.191 "POST /v2.0/floatingips HTTP/1.1" status: 201 len: 1054 time: 1.5968273
2026-04-23 09:04:30.156 10 INFO neutron.notifiers.nova [-] Nova event matching ['req-7e0f9d01-838f-4df7-8d8f-66816a37cf2e'] response: {'name': 'network-changed', 'server_uuid': '433994f4-7d3e-4848-8061-90ce6aed8259', 'tag': '461a01a0-c3aa-4e2d-be8f-1c5cd19be425', 'status': 'completed', 'code': 200} /var/lib/openstack/lib/python3.10/site-packages/pycadf/identifier.py:71: UserWarning: Invalid uuid: neutron. To ensure interoperability, identifiers should be a valid uuid. warnings.warn(('Invalid uuid: %s. To ensure interoperability, '
2026-04-23 09:04:30.241 9 INFO neutron.wsgi [req-b4325836-839f-4753-9dff-b17dcd7e547a req-f9ab7753-003a-44f9-bc3a-4b4565b35a52 cf64eec04e2a4132a6152c1efa922e0c 6e3e603828d74104aebcf9cc2d58b42a - - f2cf2090b4f64ebeb315ff6b43a7bfb1 f2cf2090b4f64ebeb315ff6b43a7bfb1] 199.19.213.141 "GET /v2.0/ports?tenant_id=d2852002db384780870bc4b862fa91d4&device_id=433994f4-7d3e-4848-8061-90ce6aed8259 HTTP/1.1" status: 200 len: 1638 time: 0.0629747
2026-04-23 09:04:30.252 10 INFO neutron.wsgi [req-49b8513a-3be7-4446-8331-b507dce6bd39 req-a5aa5272-eb5a-4fd9-bcae-e554ce317cb1 c8d86b24dcdd4918bcc18b9f66c14e5a d2852002db384780870bc4b862fa91d4 - - default default] 10.0.0.223 "GET /v2.0/security-groups?name=tempest-lb_member_SG-372816965&fields=id&tenant_id=d2852002db384780870bc4b862fa91d4 HTTP/1.1" status: 200 len: 267 time: 0.0474679
2026-04-23 09:04:30.258 9 INFO neutron.db.ovn_revision_numbers_db [None req-c8b9f97d-0a44-47f5-aec1-3980a942b23a 015274e16b40497abb1d9a3b7b9df446 aba7e51745fc4c5abf40af1c5a6334a2 - - default default] Successfully bumped revision number for resource 67643c97-d12b-437a-b0a6-e0371982be92 (type: ports) to 1
2026-04-23 09:04:30.295 9 INFO neutron.wsgi [None req-c8b9f97d-0a44-47f5-aec1-3980a942b23a 015274e16b40497abb1d9a3b7b9df446 aba7e51745fc4c5abf40af1c5a6334a2 - - default default] 10.0.0.191 "POST /v2.0/ports HTTP/1.1" status: 201 len: 942 time: 0.4616470
2026-04-23 09:04:30.306 9 WARNING neutron_lib.context [None req-abcb6998-cb82-4d8c-9399-810da73d5cc0 015274e16b40497abb1d9a3b7b9df446 aba7e51745fc4c5abf40af1c5a6334a2 - - default default] Method 'is_advsvc' is deprecated since 2023.2 release (neutron-lib 3.8.0) and will be removed once support for the old RBAC API policies will be removed from Neutron. Please use method 'is_service_role' instead.
2026-04-23 09:04:30.325 9 INFO neutron.wsgi [req-b4325836-839f-4753-9dff-b17dcd7e547a req-36575ada-e904-4cc9-b9a3-64c8ff6faa64 cf64eec04e2a4132a6152c1efa922e0c 6e3e603828d74104aebcf9cc2d58b42a - - f2cf2090b4f64ebeb315ff6b43a7bfb1 f2cf2090b4f64ebeb315ff6b43a7bfb1] 199.19.213.141 "GET /v2.0/networks?id=e9d6d48c-00b5-4b28-9f7f-98f0e7fdd0d1 HTTP/1.1" status: 200 len: 1003 time: 0.0754158
2026-04-23 09:04:30.341 10 INFO neutron.wsgi [req-49b8513a-3be7-4446-8331-b507dce6bd39 req-a3734a73-1b45-4162-9273-3d95859111aa c8d86b24dcdd4918bcc18b9f66c14e5a d2852002db384780870bc4b862fa91d4 - - default default] 10.0.0.223 "GET /v2.0/networks?id=7f16bb29-dffa-487c-ac0c-3e2b96292db0 HTTP/1.1" status: 200 len: 904 time: 0.0821269
2026-04-23 09:04:30.362 10 INFO neutron.wsgi [req-49b8513a-3be7-4446-8331-b507dce6bd39 req-dfe9b1c1-656e-493d-a49f-cc5e641dace4 c8d86b24dcdd4918bcc18b9f66c14e5a d2852002db384780870bc4b862fa91d4 - - default default] 10.0.0.223 "GET /v2.0/quotas/d2852002db384780870bc4b862fa91d4 HTTP/1.1" status: 200 len: 386 time: 0.0136070
2026-04-23 09:04:30.387 9 INFO neutron.wsgi [req-b4325836-839f-4753-9dff-b17dcd7e547a req-2c88e4b0-6f11-4d24-bd66-94a4e6b6f29f cf64eec04e2a4132a6152c1efa922e0c 6e3e603828d74104aebcf9cc2d58b42a - - f2cf2090b4f64ebeb315ff6b43a7bfb1 f2cf2090b4f64ebeb315ff6b43a7bfb1] 199.19.213.141 "GET /v2.0/floatingips?fixed_ip_address=10.2.1.217&port_id=461a01a0-c3aa-4e2d-be8f-1c5cd19be425 HTTP/1.1" status: 200 len: 1059 time: 0.0547674
2026-04-23 09:04:30.417 9 INFO neutron.wsgi [req-b4325836-839f-4753-9dff-b17dcd7e547a req-7af5b28c-c102-4d17-be82-7b30b4e12d97 cf64eec04e2a4132a6152c1efa922e0c 6e3e603828d74104aebcf9cc2d58b42a - - f2cf2090b4f64ebeb315ff6b43a7bfb1 f2cf2090b4f64ebeb315ff6b43a7bfb1] 199.19.213.141 "GET /v2.0/floatingips?fixed_ip_address=fd7b%3Af9f7%3Afff%3A4eca%3A%3A34a&port_id=461a01a0-c3aa-4e2d-be8f-1c5cd19be425 HTTP/1.1" status: 200 len: 217 time: 0.0242376
2026-04-23 09:04:30.481 9 INFO neutron.wsgi [req-b4325836-839f-4753-9dff-b17dcd7e547a req-cac8a534-bf57-47e5-8473-b57bc3e0f735 cf64eec04e2a4132a6152c1efa922e0c 6e3e603828d74104aebcf9cc2d58b42a - - f2cf2090b4f64ebeb315ff6b43a7bfb1 f2cf2090b4f64ebeb315ff6b43a7bfb1] 199.19.213.141 "GET /v2.0/subnets?id=c39e221f-061d-4dd0-97a8-0aa36b027c51&id=ceeefe7d-ce3b-47aa-b224-cac0c15d12ab HTTP/1.1" status: 200 len: 1561 time: 0.0484576
2026-04-23 09:04:30.513 9 INFO neutron.wsgi [req-b4325836-839f-4753-9dff-b17dcd7e547a req-85376b1b-7f75-4336-9b63-cda74ddea98a cf64eec04e2a4132a6152c1efa922e0c 6e3e603828d74104aebcf9cc2d58b42a - - f2cf2090b4f64ebeb315ff6b43a7bfb1 f2cf2090b4f64ebeb315ff6b43a7bfb1] 199.19.213.141 "GET /v2.0/ports?network_id=e9d6d48c-00b5-4b28-9f7f-98f0e7fdd0d1&device_owner=network%3Adhcp HTTP/1.1" status: 200 len: 210 time: 0.0225482
2026-04-23 09:04:30.556 10 INFO neutron.wsgi [req-49b8513a-3be7-4446-8331-b507dce6bd39 req-8edd4d7c-61e4-40e2-b9a4-bbdea7e3444f c8d86b24dcdd4918bcc18b9f66c14e5a d2852002db384780870bc4b862fa91d4 - - default default] 10.0.0.223 "GET /v2.0/ports?tenant_id=d2852002db384780870bc4b862fa91d4&fields=id HTTP/1.1" status: 200 len: 532 time: 0.1853924
2026-04-23 09:04:30.561 9 INFO neutron.wsgi [req-b4325836-839f-4753-9dff-b17dcd7e547a req-b7702a18-611c-47e0-834e-c2b7384b06f5 cf64eec04e2a4132a6152c1efa922e0c 6e3e603828d74104aebcf9cc2d58b42a - - f2cf2090b4f64ebeb315ff6b43a7bfb1 f2cf2090b4f64ebeb315ff6b43a7bfb1] 199.19.213.141 "GET /v2.0/ports?network_id=e9d6d48c-00b5-4b28-9f7f-98f0e7fdd0d1&device_owner=network%3Adhcp HTTP/1.1" status: 200 len: 210 time: 0.0391345
2026-04-23 09:04:30.651 10 INFO neutron.wsgi [req-49b8513a-3be7-4446-8331-b507dce6bd39 req-5afb68a7-8881-4b1d-ac85-5e3766b51c51 cf64eec04e2a4132a6152c1efa922e0c 6e3e603828d74104aebcf9cc2d58b42a - - f2cf2090b4f64ebeb315ff6b43a7bfb1 f2cf2090b4f64ebeb315ff6b43a7bfb1] 10.0.0.223 "GET /v2.0/networks/7f16bb29-dffa-487c-ac0c-3e2b96292db0?fields=segments HTTP/1.1" status: 200 len: 212 time: 0.0791042
2026-04-23 09:04:30.669 9 INFO neutron.wsgi [req-b4325836-839f-4753-9dff-b17dcd7e547a req-b8c31bf9-0ea6-4ab9-a769-6c3a39b3f514 cf64eec04e2a4132a6152c1efa922e0c 6e3e603828d74104aebcf9cc2d58b42a - - f2cf2090b4f64ebeb315ff6b43a7bfb1 f2cf2090b4f64ebeb315ff6b43a7bfb1] 199.19.213.141 "GET /v2.0/networks/e9d6d48c-00b5-4b28-9f7f-98f0e7fdd0d1?fields=segments HTTP/1.1" status: 200 len: 212 time: 0.1008589
2026-04-23 09:04:30.712 9 INFO neutron.wsgi [None req-abcb6998-cb82-4d8c-9399-810da73d5cc0 015274e16b40497abb1d9a3b7b9df446 aba7e51745fc4c5abf40af1c5a6334a2 - - default default] 10.0.0.191 "POST /v2.0/trunks HTTP/1.1" status: 201 len: 608 time: 0.4114666
2026-04-23 09:04:30.727 10 WARNING neutron_lib.context [None req-d056431e-48e8-4eec-a806-c94e90400803 015274e16b40497abb1d9a3b7b9df446 aba7e51745fc4c5abf40af1c5a6334a2 - - default default] Method 'is_advsvc' is deprecated since 2023.2 release (neutron-lib 3.8.0) and will be removed once support for the old RBAC API policies will be removed from Neutron. Please use method 'is_service_role' instead.
2026-04-23 09:04:30.743 10 INFO neutron.wsgi [req-49b8513a-3be7-4446-8331-b507dce6bd39 req-97c81e0a-cbae-4671-a45c-c5ac2de1cf27 cf64eec04e2a4132a6152c1efa922e0c 6e3e603828d74104aebcf9cc2d58b42a - - f2cf2090b4f64ebeb315ff6b43a7bfb1 f2cf2090b4f64ebeb315ff6b43a7bfb1] 10.0.0.223 "GET /v2.0/networks/7f16bb29-dffa-487c-ac0c-3e2b96292db0?fields=provider%3Aphysical_network&fields=provider%3Anetwork_type HTTP/1.1" status: 200 len: 277 time: 0.0840931
2026-04-23 09:04:30.747 9 INFO neutron.wsgi [req-b4325836-839f-4753-9dff-b17dcd7e547a req-95f43a93-8315-4b8b-8b10-20d2c773020a cf64eec04e2a4132a6152c1efa922e0c 6e3e603828d74104aebcf9cc2d58b42a - - f2cf2090b4f64ebeb315ff6b43a7bfb1 f2cf2090b4f64ebeb315ff6b43a7bfb1] 199.19.213.141 "GET /v2.0/networks/e9d6d48c-00b5-4b28-9f7f-98f0e7fdd0d1?fields=provider%3Aphysical_network&fields=provider%3Anetwork_type HTTP/1.1" status: 200 len: 277 time: 0.0715361
2026-04-23 09:04:30.817 10 INFO neutron.db.segments_db [None req-d056431e-48e8-4eec-a806-c94e90400803 015274e16b40497abb1d9a3b7b9df446 aba7e51745fc4c5abf40af1c5a6334a2 - - default default] Added segment 72f80516-3831-4ccc-9bcd-e46913dcc48c of type geneve for network 1d8e0812-5312-4407-8f58-6a616057ef19
2026-04-23 09:04:30.904 10 INFO neutron.wsgi [req-9dee1c70-6fbb-4c85-b1e1-4764151c8b4f req-29e457b5-2fc9-4bf4-b5b4-a74c58e1a306 c8d86b24dcdd4918bcc18b9f66c14e5a d2852002db384780870bc4b862fa91d4 - - default default] 10.0.0.223 "GET /v2.0/ports?device_id=e09619fa-28df-4014-9902-cc5e76d88781 HTTP/1.1" status: 200 len: 210 time: 0.0392554
2026-04-23 09:04:31.005 10 INFO neutron.db.ovn_revision_numbers_db [None req-d056431e-48e8-4eec-a806-c94e90400803 015274e16b40497abb1d9a3b7b9df446 aba7e51745fc4c5abf40af1c5a6334a2 - - default default] Successfully bumped revision number for resource 1d8e0812-5312-4407-8f58-6a616057ef19 (type: networks) to 1
2026-04-23 09:04:31.228 10 WARNING neutron.scheduler.dhcp_agent_scheduler [None req-d056431e-48e8-4eec-a806-c94e90400803 015274e16b40497abb1d9a3b7b9df446 aba7e51745fc4c5abf40af1c5a6334a2 - - default default] No more DHCP agents
2026-04-23 09:04:31.230 10 WARNING neutron.api.rpc.agentnotifiers.dhcp_rpc_agent_api [None req-d056431e-48e8-4eec-a806-c94e90400803 015274e16b40497abb1d9a3b7b9df446 aba7e51745fc4c5abf40af1c5a6334a2 - - default default] Unable to schedule network 1d8e0812-5312-4407-8f58-6a616057ef19: no agents available; will retry on subsequent port and subnet creation events.
2026-04-23 09:04:31.328 10 INFO neutron.db.ovn_revision_numbers_db [None req-d056431e-48e8-4eec-a806-c94e90400803 015274e16b40497abb1d9a3b7b9df446 aba7e51745fc4c5abf40af1c5a6334a2 - - default default] Successfully bumped revision number for resource 6a31f510-3876-4ea6-8438-e1610dbb7d0a (type: ports) to 1
2026-04-23 09:04:31.352 10 INFO neutron.wsgi [None req-d056431e-48e8-4eec-a806-c94e90400803 015274e16b40497abb1d9a3b7b9df446 aba7e51745fc4c5abf40af1c5a6334a2 - - default default] 10.0.0.191 "POST /v2.0/networks HTTP/1.1" status: 201 len: 831 time: 0.6321280
2026-04-23 09:04:31.362 10 WARNING neutron_lib.context [None req-ee8a9817-de55-4129-a018-dc448ec50bf9 015274e16b40497abb1d9a3b7b9df446 aba7e51745fc4c5abf40af1c5a6334a2 - - default default] Method 'is_advsvc' is deprecated since 2023.2 release (neutron-lib 3.8.0) and will be removed once support for the old RBAC API policies will be removed from Neutron. Please use method 'is_service_role' instead.
2026-04-23 09:04:31.652 10 WARNING neutron.scheduler.dhcp_agent_scheduler [None req-ee8a9817-de55-4129-a018-dc448ec50bf9 015274e16b40497abb1d9a3b7b9df446 aba7e51745fc4c5abf40af1c5a6334a2 - - default default] No more DHCP agents
2026-04-23 09:04:31.655 9 WARNING neutron.plugins.ml2.drivers.ovn.mech_driver.ovsdb.ovn_client [None req-783ddb92-8062-4664-9a68-f9c9037dddb4 - - - - - -] No hosting information found for port 9abcc3d7-3b82-451f-9835-7810ce6dc17f: RuntimeError: No hosting information found for port 9abcc3d7-3b82-451f-9835-7810ce6dc17f
2026-04-23 09:04:31.655 10 WARNING neutron.api.rpc.agentnotifiers.dhcp_rpc_agent_api [None req-ee8a9817-de55-4129-a018-dc448ec50bf9 015274e16b40497abb1d9a3b7b9df446 aba7e51745fc4c5abf40af1c5a6334a2 - - default default] Unable to schedule network 1d8e0812-5312-4407-8f58-6a616057ef19: no agents available; will retry on subsequent port and subnet creation events.
2026-04-23 09:04:31.697 9 INFO neutron.wsgi [req-49b8513a-3be7-4446-8331-b507dce6bd39 req-d75ade90-7de3-4ca4-b433-32f226a6b301 c8d86b24dcdd4918bcc18b9f66c14e5a d2852002db384780870bc4b862fa91d4 - - default default] 199.19.213.141 "GET /v2.0/networks?id=7f16bb29-dffa-487c-ac0c-3e2b96292db0 HTTP/1.1" status: 200 len: 904 time: 0.1131203 /var/lib/openstack/lib/python3.10/site-packages/pycadf/identifier.py:71: UserWarning: Invalid uuid: neutron. To ensure interoperability, identifiers should be a valid uuid. warnings.warn(('Invalid uuid: %s. To ensure interoperability, '
2026-04-23 09:04:31.759 10 INFO neutron.db.ovn_revision_numbers_db [None req-ee8a9817-de55-4129-a018-dc448ec50bf9 015274e16b40497abb1d9a3b7b9df446 aba7e51745fc4c5abf40af1c5a6334a2 - - default default] Successfully bumped revision number for resource 7eef7127-d582-49d6-8497-cbfd262c20fe (type: ports) to 1
2026-04-23 09:04:31.779 9 INFO neutron.wsgi [req-49b8513a-3be7-4446-8331-b507dce6bd39 req-ec34b20a-6be6-4196-b65e-36fe52c5e560 c8d86b24dcdd4918bcc18b9f66c14e5a d2852002db384780870bc4b862fa91d4 - - default default] 199.19.213.141 "GET /v2.0/security-groups?fields=id&fields=name&tenant_id=d2852002db384780870bc4b862fa91d4 HTTP/1.1" status: 200 len: 377 time: 0.0753531
2026-04-23 09:04:31.782 10 INFO neutron.wsgi [None req-ee8a9817-de55-4129-a018-dc448ec50bf9 015274e16b40497abb1d9a3b7b9df446 aba7e51745fc4c5abf40af1c5a6334a2 - - default default] 10.0.0.191 "POST /v2.0/ports HTTP/1.1" status: 201 len: 942 time: 0.4244509 /var/lib/openstack/lib/python3.10/site-packages/pycadf/identifier.py:71: UserWarning: Invalid uuid: neutron. To ensure interoperability, identifiers should be a valid uuid. warnings.warn(('Invalid uuid: %s. To ensure interoperability, '
2026-04-23 09:04:31.795 10 WARNING neutron_lib.context [None req-0354daba-0049-4cb7-ad6e-5a3311a8c818 015274e16b40497abb1d9a3b7b9df446 aba7e51745fc4c5abf40af1c5a6334a2 - - default default] Method 'is_advsvc' is deprecated since 2023.2 release (neutron-lib 3.8.0) and will be removed once support for the old RBAC API policies will be removed from Neutron. Please use method 'is_service_role' instead.
2026-04-23 09:04:31.798 9 WARNING neutron_lib.context [req-49b8513a-3be7-4446-8331-b507dce6bd39 req-38996430-795a-43dc-b350-bf443cb81fb9 c8d86b24dcdd4918bcc18b9f66c14e5a d2852002db384780870bc4b862fa91d4 - - default default] Method 'is_advsvc' is deprecated since 2023.2 release (neutron-lib 3.8.0) and will be removed once support for the old RBAC API policies will be removed from Neutron. Please use method 'is_service_role' instead.
2026-04-23 09:04:32.007 10 INFO neutron.wsgi [None req-0354daba-0049-4cb7-ad6e-5a3311a8c818 015274e16b40497abb1d9a3b7b9df446 aba7e51745fc4c5abf40af1c5a6334a2 - - default default] 10.0.0.191 "POST /v2.0/trunks HTTP/1.1" status: 201 len: 608 time: 0.2199798
2026-04-23 09:04:32.017 10 WARNING neutron_lib.context [None req-a068fa09-1866-4d94-84d5-9c6304544017 015274e16b40497abb1d9a3b7b9df446 aba7e51745fc4c5abf40af1c5a6334a2 - - default default] Method 'is_advsvc' is deprecated since 2023.2 release (neutron-lib 3.8.0) and will be removed once support for the old RBAC API policies will be removed from Neutron. Please use method 'is_service_role' instead.
2026-04-23 09:04:32.099 10 INFO neutron.db.segments_db [None req-a068fa09-1866-4d94-84d5-9c6304544017 015274e16b40497abb1d9a3b7b9df446 aba7e51745fc4c5abf40af1c5a6334a2 - - default default] Added segment 69917243-7e52-4bd0-8905-ee0065adcdda of type geneve for network 7541ba68-7ef9-4646-9b1d-4e7f32e4aef0
2026-04-23 09:04:32.205 9 WARNING neutron.scheduler.dhcp_agent_scheduler [req-49b8513a-3be7-4446-8331-b507dce6bd39 req-38996430-795a-43dc-b350-bf443cb81fb9 c8d86b24dcdd4918bcc18b9f66c14e5a d2852002db384780870bc4b862fa91d4 - - default default] No more DHCP agents
2026-04-23 09:04:32.209 9 WARNING neutron.api.rpc.agentnotifiers.dhcp_rpc_agent_api [req-49b8513a-3be7-4446-8331-b507dce6bd39 req-38996430-795a-43dc-b350-bf443cb81fb9 c8d86b24dcdd4918bcc18b9f66c14e5a d2852002db384780870bc4b862fa91d4 - - default default] Unable to schedule network 7f16bb29-dffa-487c-ac0c-3e2b96292db0: no agents available; will retry on subsequent port and subnet creation events.
2026-04-23 09:04:32.267 10 INFO neutron.db.ovn_revision_numbers_db [None req-a068fa09-1866-4d94-84d5-9c6304544017 015274e16b40497abb1d9a3b7b9df446 aba7e51745fc4c5abf40af1c5a6334a2 - - default default] Successfully bumped revision number for resource 7541ba68-7ef9-4646-9b1d-4e7f32e4aef0 (type: networks) to 1
2026-04-23 09:04:32.389 9 INFO neutron.db.ovn_revision_numbers_db [req-49b8513a-3be7-4446-8331-b507dce6bd39 req-38996430-795a-43dc-b350-bf443cb81fb9 c8d86b24dcdd4918bcc18b9f66c14e5a d2852002db384780870bc4b862fa91d4 - - default default] Successfully bumped revision number for resource 3c52bb76-b0b3-4eff-857a-94d86494f3ed (type: ports) to 1
2026-04-23 09:04:32.412 9 INFO neutron.wsgi [req-49b8513a-3be7-4446-8331-b507dce6bd39 req-38996430-795a-43dc-b350-bf443cb81fb9 c8d86b24dcdd4918bcc18b9f66c14e5a d2852002db384780870bc4b862fa91d4 - - default default] 199.19.213.141 "POST /v2.0/ports HTTP/1.1" status: 201 len: 1392 time: 0.6221223 /var/lib/openstack/lib/python3.10/site-packages/pycadf/identifier.py:71: UserWarning: Invalid uuid: neutron. To ensure interoperability, identifiers should be a valid uuid. warnings.warn(('Invalid uuid: %s. To ensure interoperability, '
2026-04-23 09:04:32.476 10 WARNING neutron.scheduler.dhcp_agent_scheduler [None req-a068fa09-1866-4d94-84d5-9c6304544017 015274e16b40497abb1d9a3b7b9df446 aba7e51745fc4c5abf40af1c5a6334a2 - - default default] No more DHCP agents
2026-04-23 09:04:32.478 10 WARNING neutron.api.rpc.agentnotifiers.dhcp_rpc_agent_api [None req-a068fa09-1866-4d94-84d5-9c6304544017 015274e16b40497abb1d9a3b7b9df446 aba7e51745fc4c5abf40af1c5a6334a2 - - default default] Unable to schedule network 7541ba68-7ef9-4646-9b1d-4e7f32e4aef0: no agents available; will retry on subsequent port and subnet creation events.
2026-04-23 09:04:32.573 10 INFO neutron.db.ovn_revision_numbers_db [None req-a068fa09-1866-4d94-84d5-9c6304544017 015274e16b40497abb1d9a3b7b9df446 aba7e51745fc4c5abf40af1c5a6334a2 - - default default] Successfully bumped revision number for resource ff8ff27b-d353-4cfd-bf51-7e3cba17345a (type: ports) to 1
2026-04-23 09:04:32.598 10 INFO neutron.wsgi [None req-a068fa09-1866-4d94-84d5-9c6304544017 015274e16b40497abb1d9a3b7b9df446 aba7e51745fc4c5abf40af1c5a6334a2 - - default default] 10.0.0.191 "POST /v2.0/networks HTTP/1.1" status: 201 len: 831 time: 0.5854223
2026-04-23 09:04:32.610 10 WARNING neutron_lib.context [None req-9ac20c68-20ba-43ff-a6db-0fbb7ec6e806 015274e16b40497abb1d9a3b7b9df446 aba7e51745fc4c5abf40af1c5a6334a2 - - default default] Method 'is_advsvc' is deprecated since 2023.2 release (neutron-lib 3.8.0) and will be removed once support for the old RBAC API policies will be removed from Neutron. Please use method 'is_service_role' instead.
2026-04-23 09:04:32.895 9 INFO neutron.db.ovn_revision_numbers_db [req-49b8513a-3be7-4446-8331-b507dce6bd39 req-7d211514-1632-4876-b450-f272d0c969f7 cf64eec04e2a4132a6152c1efa922e0c 6e3e603828d74104aebcf9cc2d58b42a - - f2cf2090b4f64ebeb315ff6b43a7bfb1 f2cf2090b4f64ebeb315ff6b43a7bfb1] Successfully bumped revision number for resource 3c52bb76-b0b3-4eff-857a-94d86494f3ed (type: ports) to 2
2026-04-23 09:04:32.903 10 WARNING neutron.scheduler.dhcp_agent_scheduler [None req-9ac20c68-20ba-43ff-a6db-0fbb7ec6e806 015274e16b40497abb1d9a3b7b9df446 aba7e51745fc4c5abf40af1c5a6334a2 - - default default] No more DHCP agents
2026-04-23 09:04:32.906 10 WARNING neutron.api.rpc.agentnotifiers.dhcp_rpc_agent_api [None req-9ac20c68-20ba-43ff-a6db-0fbb7ec6e806 015274e16b40497abb1d9a3b7b9df446 aba7e51745fc4c5abf40af1c5a6334a2 - - default default] Unable to schedule network 7541ba68-7ef9-4646-9b1d-4e7f32e4aef0: no agents available; will retry on subsequent port and subnet creation events.
2026-04-23 09:04:33.012 10 INFO neutron.db.ovn_revision_numbers_db [None req-9ac20c68-20ba-43ff-a6db-0fbb7ec6e806 015274e16b40497abb1d9a3b7b9df446 aba7e51745fc4c5abf40af1c5a6334a2 - - default default] Successfully bumped revision number for resource 2d5c2203-9eb8-4a60-bb7f-9d02619026b4 (type: ports) to 1
2026-04-23 09:04:33.045 10 INFO neutron.wsgi [None req-9ac20c68-20ba-43ff-a6db-0fbb7ec6e806 015274e16b40497abb1d9a3b7b9df446 aba7e51745fc4c5abf40af1c5a6334a2 - - default default] 10.0.0.191 "POST /v2.0/ports HTTP/1.1" status: 201 len: 942 time: 0.4399705 /var/lib/openstack/lib/python3.10/site-packages/pycadf/identifier.py:71: UserWarning: Invalid uuid: neutron. To ensure interoperability, identifiers should be a valid uuid. warnings.warn(('Invalid uuid: %s. To ensure interoperability, '
2026-04-23 09:04:33.059 10 WARNING neutron_lib.context [None req-424eb02a-4b38-4a0d-a0a8-90adf39e6204 015274e16b40497abb1d9a3b7b9df446 aba7e51745fc4c5abf40af1c5a6334a2 - - default default] Method 'is_advsvc' is deprecated since 2023.2 release (neutron-lib 3.8.0) and will be removed once support for the old RBAC API policies will be removed from Neutron. Please use method 'is_service_role' instead.
2026-04-23 09:04:33.141 9 INFO neutron.db.ovn_revision_numbers_db [req-49b8513a-3be7-4446-8331-b507dce6bd39 req-7d211514-1632-4876-b450-f272d0c969f7 cf64eec04e2a4132a6152c1efa922e0c 6e3e603828d74104aebcf9cc2d58b42a - - f2cf2090b4f64ebeb315ff6b43a7bfb1 f2cf2090b4f64ebeb315ff6b43a7bfb1] Successfully bumped revision number for resource 3c52bb76-b0b3-4eff-857a-94d86494f3ed (type: ports) to 2
2026-04-23 09:04:33.162 9 INFO neutron.wsgi [req-49b8513a-3be7-4446-8331-b507dce6bd39 req-7d211514-1632-4876-b450-f272d0c969f7 cf64eec04e2a4132a6152c1efa922e0c 6e3e603828d74104aebcf9cc2d58b42a - - f2cf2090b4f64ebeb315ff6b43a7bfb1 f2cf2090b4f64ebeb315ff6b43a7bfb1] 199.19.213.141 "PUT /v2.0/ports/3c52bb76-b0b3-4eff-857a-94d86494f3ed HTTP/1.1" status: 200 len: 1609 time: 0.7411883 /var/lib/openstack/lib/python3.10/site-packages/pycadf/identifier.py:71: UserWarning: Invalid uuid: neutron. To ensure interoperability, identifiers should be a valid uuid. warnings.warn(('Invalid uuid: %s. To ensure interoperability, '
2026-04-23 09:04:33.213 9 INFO neutron.notifiers.nova [-] Nova event matching ['req-cbb95406-f6a9-46c3-b95f-159a2de5c8a4'] response: {'name': 'network-changed', 'server_uuid': 'e09619fa-28df-4014-9902-cc5e76d88781', 'tag': '3c52bb76-b0b3-4eff-857a-94d86494f3ed', 'status': 'completed', 'code': 200}
2026-04-23 09:04:33.250 10 INFO neutron.wsgi [None req-424eb02a-4b38-4a0d-a0a8-90adf39e6204 015274e16b40497abb1d9a3b7b9df446 aba7e51745fc4c5abf40af1c5a6334a2 - - default default] 10.0.0.191 "POST /v2.0/trunks HTTP/1.1" status: 201 len: 608 time: 0.1971045
2026-04-23 09:04:33.251 9 INFO neutron.wsgi [req-49b8513a-3be7-4446-8331-b507dce6bd39 req-65fa994e-0445-4509-b821-31f395733b9c cf64eec04e2a4132a6152c1efa922e0c 6e3e603828d74104aebcf9cc2d58b42a - - f2cf2090b4f64ebeb315ff6b43a7bfb1 f2cf2090b4f64ebeb315ff6b43a7bfb1] 199.19.213.141 "GET /v2.0/ports?tenant_id=d2852002db384780870bc4b862fa91d4&device_id=e09619fa-28df-4014-9902-cc5e76d88781 HTTP/1.1" status: 200 len: 1640 time: 0.0500908
2026-04-23 09:04:33.261 10 WARNING neutron_lib.context [None req-e1bc835b-9197-45c0-8d23-27087f075c01 015274e16b40497abb1d9a3b7b9df446 aba7e51745fc4c5abf40af1c5a6334a2 - - default default] Method 'is_advsvc' is deprecated since 2023.2 release (neutron-lib 3.8.0) and will be removed once support for the old RBAC API policies will be removed from Neutron. Please use method 'is_service_role' instead.
2026-04-23 09:04:33.282 9 INFO neutron.wsgi [req-49b8513a-3be7-4446-8331-b507dce6bd39 req-3eacffc5-785b-4b66-8070-286ffb3a3e2d cf64eec04e2a4132a6152c1efa922e0c 6e3e603828d74104aebcf9cc2d58b42a - - f2cf2090b4f64ebeb315ff6b43a7bfb1 f2cf2090b4f64ebeb315ff6b43a7bfb1] 199.19.213.141 "GET /v2.0/floatingips?fixed_ip_address=10.2.2.118&port_id=3c52bb76-b0b3-4eff-857a-94d86494f3ed HTTP/1.1" status: 200 len: 217 time: 0.0266321
2026-04-23 09:04:33.311 9 INFO neutron.wsgi [req-49b8513a-3be7-4446-8331-b507dce6bd39 req-5b08e620-0fe7-4622-9bf3-02f629b63850 cf64eec04e2a4132a6152c1efa922e0c 6e3e603828d74104aebcf9cc2d58b42a - - f2cf2090b4f64ebeb315ff6b43a7bfb1 f2cf2090b4f64ebeb315ff6b43a7bfb1] 199.19.213.141 "GET /v2.0/floatingips?fixed_ip_address=fd77%3A1457%3A4cf0%3A26a8%3A%3A221&port_id=3c52bb76-b0b3-4eff-857a-94d86494f3ed HTTP/1.1" status: 200 len: 217 time: 0.0215909
2026-04-23 09:04:33.339 10 INFO neutron.db.segments_db [None req-e1bc835b-9197-45c0-8d23-27087f075c01 015274e16b40497abb1d9a3b7b9df446 aba7e51745fc4c5abf40af1c5a6334a2 - - default default] Added segment 1c7bcdd9-99f2-4366-aa3a-3eadaaaac43e of type geneve for network 4283c0f7-237c-40b2-a5f4-cbc7aaf574fe
2026-04-23 09:04:33.363 9 INFO neutron.wsgi [req-49b8513a-3be7-4446-8331-b507dce6bd39 req-80b3408f-1ae5-4b59-932f-373f08749f7f cf64eec04e2a4132a6152c1efa922e0c 6e3e603828d74104aebcf9cc2d58b42a - - f2cf2090b4f64ebeb315ff6b43a7bfb1 f2cf2090b4f64ebeb315ff6b43a7bfb1] 199.19.213.141 "GET /v2.0/subnets?id=f08001ab-521f-48d3-9079-b155a7bd61a8&id=4854da4b-b6d4-4cf3-be12-cb4c61707aee HTTP/1.1" status: 200 len: 1566 time: 0.0454743
2026-04-23 09:04:33.394 9 INFO neutron.wsgi [req-49b8513a-3be7-4446-8331-b507dce6bd39 req-0b393fb6-4644-4347-8685-d4f04617484f cf64eec04e2a4132a6152c1efa922e0c 6e3e603828d74104aebcf9cc2d58b42a - - f2cf2090b4f64ebeb315ff6b43a7bfb1 f2cf2090b4f64ebeb315ff6b43a7bfb1] 199.19.213.141 "GET /v2.0/ports?network_id=7f16bb29-dffa-487c-ac0c-3e2b96292db0&device_owner=network%3Adhcp HTTP/1.1" status: 200 len: 210 time: 0.0230727
2026-04-23 09:04:33.430 9 INFO neutron.wsgi [req-49b8513a-3be7-4446-8331-b507dce6bd39 req-93248682-5a69-4b62-97a3-b598d19c4129 cf64eec04e2a4132a6152c1efa922e0c 6e3e603828d74104aebcf9cc2d58b42a - - f2cf2090b4f64ebeb315ff6b43a7bfb1 f2cf2090b4f64ebeb315ff6b43a7bfb1] 199.19.213.141 "GET /v2.0/ports?network_id=7f16bb29-dffa-487c-ac0c-3e2b96292db0&device_owner=network%3Adhcp HTTP/1.1" status: 200 len: 210 time: 0.0266140
2026-04-23 09:04:33.508 9 INFO neutron.wsgi [req-49b8513a-3be7-4446-8331-b507dce6bd39 req-b902b999-1210-4775-a1ac-daeb1efe1ed3 cf64eec04e2a4132a6152c1efa922e0c 6e3e603828d74104aebcf9cc2d58b42a - - f2cf2090b4f64ebeb315ff6b43a7bfb1 f2cf2090b4f64ebeb315ff6b43a7bfb1] 199.19.213.141 "GET /v2.0/networks/7f16bb29-dffa-487c-ac0c-3e2b96292db0?fields=segments HTTP/1.1" status: 200 len: 212 time: 0.0692127
2026-04-23 09:04:33.514 10 INFO neutron.db.ovn_revision_numbers_db [None req-e1bc835b-9197-45c0-8d23-27087f075c01 015274e16b40497abb1d9a3b7b9df446 aba7e51745fc4c5abf40af1c5a6334a2 - - default default] Successfully bumped revision number for resource 4283c0f7-237c-40b2-a5f4-cbc7aaf574fe (type: networks) to 1
2026-04-23 09:04:33.591 9 INFO neutron.wsgi [req-49b8513a-3be7-4446-8331-b507dce6bd39 req-6f4fe019-a9e0-432e-8e96-0c30c208e406 cf64eec04e2a4132a6152c1efa922e0c 6e3e603828d74104aebcf9cc2d58b42a - - f2cf2090b4f64ebeb315ff6b43a7bfb1 f2cf2090b4f64ebeb315ff6b43a7bfb1] 199.19.213.141 "GET /v2.0/networks/7f16bb29-dffa-487c-ac0c-3e2b96292db0?fields=provider%3Aphysical_network&fields=provider%3Anetwork_type HTTP/1.1" status: 200 len: 277 time: 0.0779922
2026-04-23 09:04:33.688 9 INFO neutron.wsgi [req-8281df9b-90b1-450f-810c-d217b9f822ff req-e77ee3fe-afa0-4104-ac23-d8c261129a3f cf64eec04e2a4132a6152c1efa922e0c 6e3e603828d74104aebcf9cc2d58b42a - - f2cf2090b4f64ebeb315ff6b43a7bfb1 f2cf2090b4f64ebeb315ff6b43a7bfb1] 199.19.213.141 "GET /v2.0/ports?tenant_id=d2852002db384780870bc4b862fa91d4&device_id=e09619fa-28df-4014-9902-cc5e76d88781 HTTP/1.1" status: 200 len: 1640 time: 0.0495582
2026-04-23 09:04:33.748 10 WARNING neutron.scheduler.dhcp_agent_scheduler [None req-e1bc835b-9197-45c0-8d23-27087f075c01 015274e16b40497abb1d9a3b7b9df446 aba7e51745fc4c5abf40af1c5a6334a2 - - default default] No more DHCP agents
2026-04-23 09:04:33.752 10 WARNING neutron.api.rpc.agentnotifiers.dhcp_rpc_agent_api [None req-e1bc835b-9197-45c0-8d23-27087f075c01 015274e16b40497abb1d9a3b7b9df446 aba7e51745fc4c5abf40af1c5a6334a2 - - default default] Unable to schedule network 4283c0f7-237c-40b2-a5f4-cbc7aaf574fe: no agents available; will retry on subsequent port and subnet creation events.
2026-04-23 09:04:33.760 9 INFO neutron.wsgi [req-8281df9b-90b1-450f-810c-d217b9f822ff req-9910054c-9a13-4b78-a736-0aced4665f61 cf64eec04e2a4132a6152c1efa922e0c 6e3e603828d74104aebcf9cc2d58b42a - - f2cf2090b4f64ebeb315ff6b43a7bfb1 f2cf2090b4f64ebeb315ff6b43a7bfb1] 199.19.213.141 "GET /v2.0/networks?id=7f16bb29-dffa-487c-ac0c-3e2b96292db0 HTTP/1.1" status: 200 len: 1003 time: 0.0644681
2026-04-23 09:04:33.796 9 INFO neutron.wsgi [req-8281df9b-90b1-450f-810c-d217b9f822ff req-996967ac-b4f5-4d06-b0fd-944ef9de7376 cf64eec04e2a4132a6152c1efa922e0c 6e3e603828d74104aebcf9cc2d58b42a - - f2cf2090b4f64ebeb315ff6b43a7bfb1 f2cf2090b4f64ebeb315ff6b43a7bfb1] 199.19.213.141 "GET /v2.0/floatingips?fixed_ip_address=10.2.2.118&port_id=3c52bb76-b0b3-4eff-857a-94d86494f3ed HTTP/1.1" status: 200 len: 217 time: 0.0299611
2026-04-23 09:04:33.832 9 INFO neutron.wsgi [req-8281df9b-90b1-450f-810c-d217b9f822ff req-7eb62728-0479-4e42-92d1-237469d41693 cf64eec04e2a4132a6152c1efa922e0c 6e3e603828d74104aebcf9cc2d58b42a - - f2cf2090b4f64ebeb315ff6b43a7bfb1 f2cf2090b4f64ebeb315ff6b43a7bfb1] 199.19.213.141 "GET /v2.0/floatingips?fixed_ip_address=fd77%3A1457%3A4cf0%3A26a8%3A%3A221&port_id=3c52bb76-b0b3-4eff-857a-94d86494f3ed HTTP/1.1" status: 200 len: 217 time: 0.0272911
2026-04-23 09:04:33.837 10 INFO neutron.plugins.ml2.drivers.ovn.mech_driver.mech_driver [None req-14ffa220-e7df-4ddd-aad4-ce2377e6fedb - - - - - -] OVN reports status up for port: 3c52bb76-b0b3-4eff-857a-94d86494f3ed
2026-04-23 09:04:33.879 10 INFO neutron.plugins.ml2.plugin [None req-14ffa220-e7df-4ddd-aad4-ce2377e6fedb - - - - - -] Attempt 1 to provision port 3c52bb76-b0b3-4eff-857a-94d86494f3ed
2026-04-23 09:04:33.899 9 INFO neutron.wsgi [req-8281df9b-90b1-450f-810c-d217b9f822ff req-cb7e4eb7-47cb-4ead-88b3-4b82ac927f20 cf64eec04e2a4132a6152c1efa922e0c 6e3e603828d74104aebcf9cc2d58b42a - - f2cf2090b4f64ebeb315ff6b43a7bfb1 f2cf2090b4f64ebeb315ff6b43a7bfb1] 199.19.213.141 "GET /v2.0/subnets?id=f08001ab-521f-48d3-9079-b155a7bd61a8&id=4854da4b-b6d4-4cf3-be12-cb4c61707aee HTTP/1.1" status: 200 len: 1566 time: 0.0626583
2026-04-23 09:04:33.901 10 INFO neutron.db.ovn_revision_numbers_db [None req-e1bc835b-9197-45c0-8d23-27087f075c01 015274e16b40497abb1d9a3b7b9df446 aba7e51745fc4c5abf40af1c5a6334a2 - - default default] Successfully bumped revision number for resource fef9d55e-e883-4f91-813b-083b924788db (type: ports) to 1
2026-04-23 09:04:33.930 9 INFO neutron.wsgi [req-8281df9b-90b1-450f-810c-d217b9f822ff req-a90e3cfa-19db-4017-abca-d58ea8bd83d6 cf64eec04e2a4132a6152c1efa922e0c 6e3e603828d74104aebcf9cc2d58b42a - - f2cf2090b4f64ebeb315ff6b43a7bfb1 f2cf2090b4f64ebeb315ff6b43a7bfb1] 199.19.213.141 "GET /v2.0/ports?network_id=7f16bb29-dffa-487c-ac0c-3e2b96292db0&device_owner=network%3Adhcp HTTP/1.1" status: 200 len: 210 time: 0.0244732
2026-04-23 09:04:33.937 10 INFO neutron.wsgi [None req-e1bc835b-9197-45c0-8d23-27087f075c01 015274e16b40497abb1d9a3b7b9df446 aba7e51745fc4c5abf40af1c5a6334a2 - - default default] 10.0.0.191 "POST /v2.0/networks HTTP/1.1" status: 201 len: 830 time: 0.6811833
2026-04-23 09:04:33.951 10 WARNING neutron_lib.context [None req-84b2b9ff-f13b-43f6-8366-a1941a2d6130 015274e16b40497abb1d9a3b7b9df446 aba7e51745fc4c5abf40af1c5a6334a2 - - default default] Method 'is_advsvc' is deprecated since 2023.2 release (neutron-lib 3.8.0) and will be removed once support for the old RBAC API policies will be removed from Neutron. Please use method 'is_service_role' instead.
2026-04-23 09:04:33.963 9 INFO neutron.wsgi [req-8281df9b-90b1-450f-810c-d217b9f822ff req-0050547b-0812-4345-92e5-30f88d7a36d5 cf64eec04e2a4132a6152c1efa922e0c 6e3e603828d74104aebcf9cc2d58b42a - - f2cf2090b4f64ebeb315ff6b43a7bfb1 f2cf2090b4f64ebeb315ff6b43a7bfb1] 199.19.213.141 "GET /v2.0/ports?network_id=7f16bb29-dffa-487c-ac0c-3e2b96292db0&device_owner=network%3Adhcp HTTP/1.1" status: 200 len: 210 time: 0.0261316
2026-04-23 09:04:34.073 9 INFO neutron.wsgi [req-8281df9b-90b1-450f-810c-d217b9f822ff req-1fa02a5d-c2ea-475d-8334-affb0f447b8c cf64eec04e2a4132a6152c1efa922e0c 6e3e603828d74104aebcf9cc2d58b42a - - f2cf2090b4f64ebeb315ff6b43a7bfb1 f2cf2090b4f64ebeb315ff6b43a7bfb1] 199.19.213.141 "GET /v2.0/networks/7f16bb29-dffa-487c-ac0c-3e2b96292db0?fields=segments HTTP/1.1" status: 200 len: 212 time: 0.0958862
2026-04-23 09:04:34.080 10 INFO neutron.notifiers.nova [-] Nova event matching ['req-72a55b0c-d7e5-41f3-84d5-51d8c1475565'] response: {'server_uuid': 'e09619fa-28df-4014-9902-cc5e76d88781', 'name': 'network-vif-plugged', 'status': 'completed', 'tag': '3c52bb76-b0b3-4eff-857a-94d86494f3ed', 'code': 200}
2026-04-23 09:04:34.166 9 INFO neutron.wsgi [req-8281df9b-90b1-450f-810c-d217b9f822ff req-fd5436bc-aaab-4a68-a8eb-69e05e196869 cf64eec04e2a4132a6152c1efa922e0c 6e3e603828d74104aebcf9cc2d58b42a - - f2cf2090b4f64ebeb315ff6b43a7bfb1 f2cf2090b4f64ebeb315ff6b43a7bfb1] 199.19.213.141 "GET /v2.0/networks/7f16bb29-dffa-487c-ac0c-3e2b96292db0?fields=provider%3Aphysical_network&fields=provider%3Anetwork_type HTTP/1.1" status: 200 len: 277 time: 0.0832748
2026-04-23 09:04:34.301 10 INFO neutron.db.ovn_revision_numbers_db [None req-14ffa220-e7df-4ddd-aad4-ce2377e6fedb - - - - - -] Successfully bumped revision number for resource 3c52bb76-b0b3-4eff-857a-94d86494f3ed (type: ports) to 4
2026-04-23 09:04:34.305 10 WARNING neutron.scheduler.dhcp_agent_scheduler [None req-84b2b9ff-f13b-43f6-8366-a1941a2d6130 015274e16b40497abb1d9a3b7b9df446 aba7e51745fc4c5abf40af1c5a6334a2 - - default default] No more DHCP agents
