2026-04-23 09:02:28.417 10 INFO neutron.api.v2.resource [None req-358661c4-906e-4b4a-9ff0-be976b06eb52 38b684dda726463e89bf7a7836199af1 01fbf315756e4522bab03dae7c49fdcb - - default default] delete failed (client error): The resource could not be found.
2026-04-23 09:02:28.420 10 INFO neutron.wsgi [None req-358661c4-906e-4b4a-9ff0-be976b06eb52 38b684dda726463e89bf7a7836199af1 01fbf315756e4522bab03dae7c49fdcb - - default default] 10.0.0.191 "DELETE /v2.0/routers/733528f3-f1c1-4723-bc9c-21c282552e94 HTTP/1.1" status: 404 len: 336 time: 0.0296819
2026-04-23 09:02:28.451 10 INFO neutron.wsgi [None req-25ab55ff-891b-49e4-b1eb-109a9c23680a 38b684dda726463e89bf7a7836199af1 01fbf315756e4522bab03dae7c49fdcb - - default default] 10.0.0.191 "GET /v2.0/ports?device_id=6ef65ba0-f71b-4644-8d37-87b1249cb0d4 HTTP/1.1" status: 200 len: 205 time: 0.0271974
2026-04-23 09:02:28.485 9 INFO neutron.api.v2.resource [None req-f64a8e46-155f-41e1-bb7f-abb694475981 38b684dda726463e89bf7a7836199af1 01fbf315756e4522bab03dae7c49fdcb - - default default] delete failed (client error): The resource could not be found.
2026-04-23 09:02:28.486 9 INFO neutron.wsgi [None req-f64a8e46-155f-41e1-bb7f-abb694475981 38b684dda726463e89bf7a7836199af1 01fbf315756e4522bab03dae7c49fdcb - - default default] 10.0.0.191 "DELETE /v2.0/routers/6ef65ba0-f71b-4644-8d37-87b1249cb0d4 HTTP/1.1" status: 404 len: 336 time: 0.0263400
2026-04-23 09:02:28.513 10 INFO neutron.pecan_wsgi.hooks.translation [None req-177e9e59-9c9c-4cfb-9971-a1d473336c53 38b684dda726463e89bf7a7836199af1 01fbf315756e4522bab03dae7c49fdcb - - default default] DELETE failed (client error): The resource could not be found.
2026-04-23 09:02:28.516 10 INFO neutron.wsgi [None req-177e9e59-9c9c-4cfb-9971-a1d473336c53 38b684dda726463e89bf7a7836199af1 01fbf315756e4522bab03dae7c49fdcb - - default default] 10.0.0.191 "DELETE /v2.0/subnets/042ce6d3-1f76-4c44-bf7f-95d8c3691c2d HTTP/1.1" status: 404 len: 337 time: 0.0230083
2026-04-23 09:02:28.548 10 INFO neutron.wsgi [None req-700e13f0-d307-49eb-9396-b5c7ff767bb6 38b684dda726463e89bf7a7836199af1 01fbf315756e4522bab03dae7c49fdcb - - default default] 10.0.0.191 "GET /v2.0/ports?device_id=0ca42632-d867-44c4-bd7a-dcf76840c855 HTTP/1.1" status: 200 len: 205 time: 0.0229521
2026-04-23 09:02:28.581 10 INFO neutron.api.v2.resource [None req-2d2ae23d-8fd2-402b-a30d-2c983442939b 38b684dda726463e89bf7a7836199af1 01fbf315756e4522bab03dae7c49fdcb - - default default] delete failed (client error): The resource could not be found.
2026-04-23 09:02:28.582 10 INFO neutron.wsgi [None req-2d2ae23d-8fd2-402b-a30d-2c983442939b 38b684dda726463e89bf7a7836199af1 01fbf315756e4522bab03dae7c49fdcb - - default default] 10.0.0.191 "DELETE /v2.0/routers/0ca42632-d867-44c4-bd7a-dcf76840c855 HTTP/1.1" status: 404 len: 336 time: 0.0300844
2026-04-23 09:02:28.638 10 INFO neutron.pecan_wsgi.hooks.translation [None req-245671ca-5f23-42c6-8ae8-6cd5b450375a 38b684dda726463e89bf7a7836199af1 01fbf315756e4522bab03dae7c49fdcb - - default default] DELETE failed (client error): The resource could not be found.
2026-04-23 09:02:28.640 10 INFO neutron.wsgi [None req-245671ca-5f23-42c6-8ae8-6cd5b450375a 38b684dda726463e89bf7a7836199af1 01fbf315756e4522bab03dae7c49fdcb - - default default] 10.0.0.191 "DELETE /v2.0/subnets/66f08904-d898-40c3-8a2d-6f55d225aefa HTTP/1.1" status: 404 len: 337 time: 0.0292809
2026-04-23 09:02:28.670 10 INFO neutron.wsgi [req-48589ac1-ef37-4599-8b77-4e1bdc6697eb req-d8f8b7e4-3060-4469-84ae-5c507cee1e52 f40e6133d47346e5956efddfeb33dd7d 50e64a14d3fe49f8899ef027611af82d - - default default] 10.0.0.223 "GET /v2.0/ports?device_id=9d899507-1538-4717-a59e-98ccc4436c6e HTTP/1.1" status: 200 len: 1174 time: 0.0389576
2026-04-23 09:02:28.682 9 INFO neutron.wsgi [None req-df460493-578d-44f5-977d-5b50acf3f080 38b684dda726463e89bf7a7836199af1 01fbf315756e4522bab03dae7c49fdcb - - default default] 10.0.0.191 "GET /v2.0/ports?device_id=c64e6603-ca4c-4ea4-9086-b013c5707703 HTTP/1.1" status: 200 len: 205 time: 0.0326254
2026-04-23 09:02:28.712 9 INFO neutron.api.v2.resource [None req-d1d56c1a-7ebe-46d8-a41f-a03bf3d9038f 38b684dda726463e89bf7a7836199af1 01fbf315756e4522bab03dae7c49fdcb - - default default] delete failed (client error): The resource could not be found.
2026-04-23 09:02:28.714 9 INFO neutron.wsgi [None req-d1d56c1a-7ebe-46d8-a41f-a03bf3d9038f 38b684dda726463e89bf7a7836199af1 01fbf315756e4522bab03dae7c49fdcb - - default default] 10.0.0.191 "DELETE /v2.0/routers/c64e6603-ca4c-4ea4-9086-b013c5707703 HTTP/1.1" status: 404 len: 336 time: 0.0281763
2026-04-23 09:02:28.726 10 INFO neutron.wsgi [req-48589ac1-ef37-4599-8b77-4e1bdc6697eb req-426ef0c5-258b-47d5-9044-71eb97711d5c f40e6133d47346e5956efddfeb33dd7d 50e64a14d3fe49f8899ef027611af82d - - default default] 10.0.0.223 "GET /v2.0/security-groups?id=9bb75a69-5a86-4220-97aa-19514f93c381&fields=id&fields=name HTTP/1.1" status: 200 len: 286 time: 0.0494602
2026-04-23 09:02:28.744 9 INFO neutron.pecan_wsgi.hooks.translation [None req-31dd7de0-c9e4-4c5e-8c8f-6cfec3b14c1f 38b684dda726463e89bf7a7836199af1 01fbf315756e4522bab03dae7c49fdcb - - default default] DELETE failed (client error): The resource could not be found.
2026-04-23 09:02:28.746 9 INFO neutron.wsgi [None req-31dd7de0-c9e4-4c5e-8c8f-6cfec3b14c1f 38b684dda726463e89bf7a7836199af1 01fbf315756e4522bab03dae7c49fdcb - - default default] 10.0.0.191 "DELETE /v2.0/subnets/2bfd7c27-bfe6-47e8-afb9-4f9f410ac925 HTTP/1.1" status: 404 len: 337 time: 0.0273819
2026-04-23 09:02:28.772 10 INFO neutron.pecan_wsgi.hooks.translation [None req-5064ace8-50de-4d9d-a945-5ebf2601d2f2 38b684dda726463e89bf7a7836199af1 01fbf315756e4522bab03dae7c49fdcb - - default default] DELETE failed (client error): The resource could not be found.
2026-04-23 09:02:28.774 10 INFO neutron.wsgi [None req-5064ace8-50de-4d9d-a945-5ebf2601d2f2 38b684dda726463e89bf7a7836199af1 01fbf315756e4522bab03dae7c49fdcb - - default default] 10.0.0.191 "DELETE /v2.0/subnets/c2d11f9b-d118-4cde-9200-d9726cca9611 HTTP/1.1" status: 404 len: 337 time: 0.0217295
2026-04-23 09:02:28.866 9 INFO neutron.services.segments.plugin [-] Segment 10f630c5-c4d8-4473-8910-a5bbed9b1af6 resource provider aggregate not found
2026-04-23 09:02:28.871 9 INFO neutron.services.segments.plugin [-] Segment 10f630c5-c4d8-4473-8910-a5bbed9b1af6 resource provider aggregate not found
2026-04-23 09:02:28.887 9 INFO neutron.services.segments.plugin [-] Segment 10f630c5-c4d8-4473-8910-a5bbed9b1af6 resource provider not found; error: Placement Client Error (4xx): {"errors": [{"status": 404, "title": "Not Found", "detail": "The resource could not be found.\n\n No resource provider with uuid 10f630c5-c4d8-4473-8910-a5bbed9b1af6 found for delete ", "request_id": "req-f6d8a6c5-4f53-4e63-bb62-ea16dcd45762"}]}
2026-04-23 09:02:28.889 9 INFO neutron.services.segments.plugin [-] Segment 10f630c5-c4d8-4473-8910-a5bbed9b1af6 resource provider not found; error: Placement Client Error (4xx): {"errors": [{"status": 404, "title": "Not Found", "detail": "The resource could not be found.\n\n No resource provider with uuid 10f630c5-c4d8-4473-8910-a5bbed9b1af6 found for delete ", "request_id": "req-9cd09f4d-e363-4946-aa3b-56762b25f449"}]}
2026-04-23 09:02:28.920 9 INFO neutron.wsgi [None req-29d4b58d-4c2f-4cda-9d69-86517a14088d 2d874a480f6b48979b35e2224ab8df37 80904783ced34c1cab0fb022328fde3c - - default default] 10.0.0.191 "DELETE /v2.0/networks/351b3a23-cef1-4276-84dc-920ed159eaab HTTP/1.1" status: 204 len: 168 time: 0.5772300
2026-04-23 09:02:29.273 10 INFO neutron.wsgi [req-f9ea579f-afe0-4555-bb6e-67d3aa2dcd9c req-2d6ea15c-477f-45d0-bf17-2721ab0b1951 f40e6133d47346e5956efddfeb33dd7d 50e64a14d3fe49f8899ef027611af82d - - default default] 10.0.0.223 "GET /v2.0/ports?device_id=9d899507-1538-4717-a59e-98ccc4436c6e HTTP/1.1" status: 200 len: 1174 time: 0.0474255
2026-04-23 09:02:29.306 9 INFO neutron.wsgi [None req-0899c6e2-7b6c-49cc-98e2-2e72bb59546a 9d5bab94834d495682f8797a77cd990a 97b9c9c283934351a1db092943bbe7c3 - - default default] 10.0.0.191 "POST /v2.0/qos/policies HTTP/1.1" status: 201 len: 558 time: 0.2473240
2026-04-23 09:02:29.346 10 INFO neutron.wsgi [req-f9ea579f-afe0-4555-bb6e-67d3aa2dcd9c req-102e294d-a085-495d-b29f-2d0498242075 f40e6133d47346e5956efddfeb33dd7d 50e64a14d3fe49f8899ef027611af82d - - default default] 10.0.0.223 "GET /v2.0/security-groups?id=9bb75a69-5a86-4220-97aa-19514f93c381&fields=id&fields=name HTTP/1.1" status: 200 len: 286 time: 0.0618622
2026-04-23 09:02:29.675 9 INFO neutron.wsgi [None req-38452335-06b0-42d8-97cd-9f9fb09bc76a 9d5bab94834d495682f8797a77cd990a 97b9c9c283934351a1db092943bbe7c3 - - default default] 10.0.0.191 "POST /v2.0/qos/policies HTTP/1.1" status: 201 len: 558 time: 0.3626728
2026-04-23 09:02:29.686 9 INFO neutron.wsgi [None req-d8c045bd-030b-4e10-b8aa-ece8eb829aaa 2d874a480f6b48979b35e2224ab8df37 80904783ced34c1cab0fb022328fde3c - - default default] 10.0.0.191 "GET /v2.0/security-groups?tenant_id=01fbf315756e4522bab03dae7c49fdcb&name=default HTTP/1.1" status: 200 len: 2996 time: 0.3974121
2026-04-23 09:02:29.752 9 INFO neutron.wsgi [None req-d0eeeb00-fb90-4d47-a4fe-1bb4d3d99071 9d5bab94834d495682f8797a77cd990a 97b9c9c283934351a1db092943bbe7c3 - - default default] 10.0.0.191 "POST /v2.0/qos/policies HTTP/1.1" status: 201 len: 558 time: 0.0712032
2026-04-23 09:02:29.771 9 INFO neutron.wsgi [req-de62bd51-52e8-493f-b98f-59f9973eb543 req-ab0038c5-3570-4d1d-bb55-f1dff5d379f7 f40e6133d47346e5956efddfeb33dd7d 50e64a14d3fe49f8899ef027611af82d - - default default] 199.19.213.141 "GET /v2.0/ports?device_id=9d899507-1538-4717-a59e-98ccc4436c6e HTTP/1.1" status: 200 len: 1174 time: 0.1534567
2026-04-23 09:02:29.822 9 INFO neutron.wsgi [None req-b46a29b1-ff80-45b0-8f9e-24bb3c230810 9d5bab94834d495682f8797a77cd990a 97b9c9c283934351a1db092943bbe7c3 - - default default] 10.0.0.191 "POST /v2.0/qos/policies HTTP/1.1" status: 201 len: 558 time: 0.0641673
2026-04-23 09:02:29.887 9 INFO neutron.wsgi [None req-1ab5fdc3-11fd-4459-84fd-6c5fdc9091aa 9d5bab94834d495682f8797a77cd990a 97b9c9c283934351a1db092943bbe7c3 - - default default] 10.0.0.191 "POST /v2.0/qos/policies HTTP/1.1" status: 201 len: 558 time: 0.0589705
2026-04-23 09:02:29.955 10 INFO neutron.wsgi [None req-36f11f28-b492-45b6-9dd3-58cb7f9d616e 9d5bab94834d495682f8797a77cd990a 97b9c9c283934351a1db092943bbe7c3 - - default default] 10.0.0.191 "PUT /v2.0/policies/7449d1f4-f7a1-47d8-b1c0-8b4a602d1f44/tags HTTP/1.1" status: 200 len: 210 time: 0.0600049
2026-04-23 09:02:30.015 10 INFO neutron.wsgi [None req-2ff9a911-e34e-4d9a-a884-9f018bace55f 9d5bab94834d495682f8797a77cd990a 97b9c9c283934351a1db092943bbe7c3 - - default default] 10.0.0.191 "PUT /v2.0/policies/e6d0d4c7-1a29-47ea-ab9a-e58bc8c7f9ba/tags HTTP/1.1" status: 200 len: 218 time: 0.0524299
2026-04-23 09:02:30.054 9 INFO neutron.wsgi [None req-55d94ac1-70dd-4030-9c01-afbcf77da97a 9d5bab94834d495682f8797a77cd990a 97b9c9c283934351a1db092943bbe7c3 - - default default] 10.0.0.191 "PUT /v2.0/policies/5e905a68-b7af-42ff-9c9c-d11b167396e5/tags HTTP/1.1" status: 200 len: 227 time: 0.0341032
2026-04-23 09:02:30.071 10 INFO neutron.wsgi [None req-e6a28e29-fc4d-46d1-970f-0221ee80ecd6 2d874a480f6b48979b35e2224ab8df37 80904783ced34c1cab0fb022328fde3c - - default default] 10.0.0.191 "DELETE /v2.0/security-groups/2980165c-6bee-449b-bee8-7af707aca32f HTTP/1.1" status: 204 len: 168 time: 0.3788793
2026-04-23 09:02:30.094 9 INFO neutron.wsgi [req-de62bd51-52e8-493f-b98f-59f9973eb543 req-58795082-25cf-4799-b445-d0b3348fde1f f40e6133d47346e5956efddfeb33dd7d 50e64a14d3fe49f8899ef027611af82d - - default default] 199.19.213.141 "DELETE /v2.0/ports/fae38070-7406-4890-b0f0-2eea983821c3 HTTP/1.1" status: 204 len: 173 time: 0.3171477
2026-04-23 09:02:30.110 10 INFO neutron.wsgi [None req-bc30caf5-ba3b-4285-9762-4777619ac709 9d5bab94834d495682f8797a77cd990a 97b9c9c283934351a1db092943bbe7c3 - - default default] 10.0.0.191 "PUT /v2.0/policies/ce97d8c3-5a7f-47c0-a075-7d5979e0a505/tags HTTP/1.1" status: 200 len: 212 time: 0.0423605
2026-04-23 09:02:30.137 9 INFO neutron.notifiers.nova [-] Nova event matching ['req-a90dbe53-1421-4848-8ce6-997d7c9dfcbb'] response: {'server_uuid': '9d899507-1538-4717-a59e-98ccc4436c6e', 'name': 'network-vif-deleted', 'tag': 'fae38070-7406-4890-b0f0-2eea983821c3', 'status': 'completed', 'code': 200}
2026-04-23 09:02:30.274 10 INFO neutron.wsgi [None req-8e2749be-7644-4a4b-962b-d939d0d2b4f6 2d874a480f6b48979b35e2224ab8df37 80904783ced34c1cab0fb022328fde3c - - default default] 10.0.0.191 "PUT /v2.0/routers/c6cf9ffa-9f8e-4a00-8694-55a5eae6afe4/remove_router_interface HTTP/1.1" status: 200 len: 503 time: 1.3463283 /var/lib/openstack/lib/python3.10/site-packages/pycadf/identifier.py:71: UserWarning: Invalid uuid: neutron. To ensure interoperability, identifiers should be a valid uuid. warnings.warn(('Invalid uuid: %s. To ensure interoperability, '
2026-04-23 09:02:30.730 9 INFO neutron.wsgi [None req-1f45a6af-0949-40a7-9e77-fcda3cf20287 c640a1afd7e24886a76cbd2d47803bc6 098193f407f5442c9ef9c06964c554b8 - - default default] 10.0.0.191 "GET /v2.0/qos/policies?tags=red HTTP/1.1" status: 200 len: 1296 time: 0.2013285
2026-04-23 09:02:30.804 9 INFO neutron.wsgi [None req-eec190fe-faa9-43b0-8f82-24c4f7596a6d c640a1afd7e24886a76cbd2d47803bc6 098193f407f5442c9ef9c06964c554b8 - - default default] 10.0.0.191 "GET /v2.0/qos/policies?tags=red%2Cblue HTTP/1.1" status: 200 len: 941 time: 0.0664201
2026-04-23 09:02:30.874 9 INFO neutron.wsgi [None req-3666dbaa-d187-40a4-9378-f87d9154e196 c640a1afd7e24886a76cbd2d47803bc6 098193f407f5442c9ef9c06964c554b8 - - default default] 10.0.0.191 "GET /v2.0/qos/policies?tags-any=blue HTTP/1.1" status: 200 len: 941 time: 0.0606334
2026-04-23 09:02:30.950 9 INFO neutron.wsgi [None req-66031fb7-21ee-4177-9018-490363819605 c640a1afd7e24886a76cbd2d47803bc6 098193f407f5442c9ef9c06964c554b8 - - default default] 10.0.0.191 "GET /v2.0/qos/policies?tags-any=red%2Cblue HTTP/1.1" status: 200 len: 1296 time: 0.0717683
2026-04-23 09:02:31.030 9 INFO neutron.wsgi [None req-dc07cdfd-76e6-4038-9729-6485403881f9 c640a1afd7e24886a76cbd2d47803bc6 098193f407f5442c9ef9c06964c554b8 - - default default] 10.0.0.191 "GET /v2.0/qos/policies?not-tags=red HTTP/1.1" status: 200 len: 913 time: 0.0751631
2026-04-23 09:02:31.138 9 INFO neutron.wsgi [None req-b1623f6f-6e68-40ad-b870-6cf837257caf c640a1afd7e24886a76cbd2d47803bc6 098193f407f5442c9ef9c06964c554b8 - - default default] 10.0.0.191 "GET /v2.0/qos/policies?not-tags=red%2Cblue HTTP/1.1" status: 200 len: 1268 time: 0.1013887
2026-04-23 09:02:31.242 9 INFO neutron.wsgi [None req-b41f4f5e-a599-4ac5-ad00-5c07e98af90f c640a1afd7e24886a76cbd2d47803bc6 098193f407f5442c9ef9c06964c554b8 - - default default] 10.0.0.191 "GET /v2.0/qos/policies?not-tags-any=blue HTTP/1.1" status: 200 len: 1268 time: 0.0982196
2026-04-23 09:02:31.306 9 INFO neutron.wsgi [None req-226dfe2e-3c7f-4cff-a0dd-ff5815fc55f5 c640a1afd7e24886a76cbd2d47803bc6 098193f407f5442c9ef9c06964c554b8 - - default default] 10.0.0.191 "GET /v2.0/qos/policies?not-tags-any=red%2Cblue HTTP/1.1" status: 200 len: 913 time: 0.0548859
2026-04-23 09:02:31.405 9 INFO neutron.wsgi [None req-f1bed60c-eedf-4310-aae7-9305edcac88e 9d5bab94834d495682f8797a77cd990a 97b9c9c283934351a1db092943bbe7c3 - - default default] 10.0.0.191 "DELETE /v2.0/qos/policies/7449d1f4-f7a1-47d8-b1c0-8b4a602d1f44 HTTP/1.1" status: 204 len: 168 time: 0.0859613
2026-04-23 09:02:31.487 9 INFO neutron.wsgi [None req-59bcdbd9-b318-4c97-8c0e-f986e10c17e9 9d5bab94834d495682f8797a77cd990a 97b9c9c283934351a1db092943bbe7c3 - - default default] 10.0.0.191 "DELETE /v2.0/qos/policies/e6d0d4c7-1a29-47ea-ab9a-e58bc8c7f9ba HTTP/1.1" status: 204 len: 168 time: 0.0769331
2026-04-23 09:02:31.565 9 INFO neutron.wsgi [None req-2b7bf8ab-3b9e-4101-9322-d5922f1711bb 9d5bab94834d495682f8797a77cd990a 97b9c9c283934351a1db092943bbe7c3 - - default default] 10.0.0.191 "DELETE /v2.0/qos/policies/5e905a68-b7af-42ff-9c9c-d11b167396e5 HTTP/1.1" status: 204 len: 168 time: 0.0723169
2026-04-23 09:02:31.614 10 INFO neutron.wsgi [None req-400a7b14-96e0-41b9-924e-9934d7ca3866 2d874a480f6b48979b35e2224ab8df37 80904783ced34c1cab0fb022328fde3c - - default default] 10.0.0.191 "DELETE /v2.0/routers/c6cf9ffa-9f8e-4a00-8694-55a5eae6afe4 HTTP/1.1" status: 204 len: 168 time: 1.3340638
2026-04-23 09:02:31.669 9 INFO neutron.wsgi [None req-30943114-b78e-4f4e-874e-e43ed56b3160 9d5bab94834d495682f8797a77cd990a 97b9c9c283934351a1db092943bbe7c3 - - default default] 10.0.0.191 "DELETE /v2.0/qos/policies/ce97d8c3-5a7f-47c0-a075-7d5979e0a505 HTTP/1.1" status: 204 len: 168 time: 0.0989358
2026-04-23 09:02:31.721 9 WARNING neutron.plugins.ml2.drivers.ovn.mech_driver.ovsdb.ovn_client [None req-783ddb92-8062-4664-9a68-f9c9037dddb4 - - - - - -] No port found with ID 9ac4f32d-b6e4-4dc5-b797-4cc55022fd68: RuntimeError: No port found with ID 9ac4f32d-b6e4-4dc5-b797-4cc55022fd68
2026-04-23 09:02:31.722 9 INFO neutron.plugins.ml2.drivers.ovn.mech_driver.mech_driver [None req-783ddb92-8062-4664-9a68-f9c9037dddb4 - - - - - -] OVN reports status down for port: fae38070-7406-4890-b0f0-2eea983821c3
2026-04-23 09:02:31.788 9 INFO neutron.wsgi [None req-40f10f06-6bb2-4b6c-96db-fbf2209b5fee 9d5bab94834d495682f8797a77cd990a 97b9c9c283934351a1db092943bbe7c3 - - default default] 10.0.0.191 "DELETE /v2.0/qos/policies/0c42572f-9682-49ee-9a98-acdefcb2e64a HTTP/1.1" status: 204 len: 168 time: 0.1135790
2026-04-23 09:02:31.927 9 INFO neutron.wsgi [None req-21718a0f-f399-42f3-ab40-3df598b10a56 2d874a480f6b48979b35e2224ab8df37 80904783ced34c1cab0fb022328fde3c - - default default] 10.0.0.191 "DELETE /v2.0/subnets/3c77a722-4ae2-4d3b-b0e6-9b9b4949c3b9 HTTP/1.1" status: 204 len: 168 time: 0.2900207
2026-04-23 09:02:32.177 9 WARNING neutron_lib.context [None req-c19e5c39-81ca-4ef8-97d1-1d00449c1f2c 6bb84955f832447bbf536765b421cf94 0d81c3c3d15d43a48a872659579b94f9 - - default default] Method 'is_advsvc' is deprecated since 2023.2 release (neutron-lib 3.8.0) and will be removed once support for the old RBAC API policies will be removed from Neutron. Please use method 'is_service_role' instead.
2026-04-23 09:02:32.286 9 INFO neutron.wsgi [None req-c19e5c39-81ca-4ef8-97d1-1d00449c1f2c 6bb84955f832447bbf536765b421cf94 0d81c3c3d15d43a48a872659579b94f9 - - default default] 10.0.0.191 "POST /v2.0/subnetpools HTTP/1.1" status: 201 len: 747 time: 0.3824937
2026-04-23 09:02:32.322 10 INFO neutron.wsgi [None req-c73f9ed4-5d95-49b6-ac6b-9d236e8fb5f3 6bb84955f832447bbf536765b421cf94 0d81c3c3d15d43a48a872659579b94f9 - - default default] 10.0.0.191 "GET /v2.0/subnetpools/d9cd22a0-bd18-46b4-9bc9-7136ef4c6c27 HTTP/1.1" status: 200 len: 742 time: 0.0310867
2026-04-23 09:02:32.360 9 INFO neutron.services.segments.plugin [-] Segment 6e03ae45-3b81-4a38-97d4-a3ad7270c1d5 resource provider aggregate not found
2026-04-23 09:02:32.366 9 INFO neutron.services.segments.plugin [-] Segment 6e03ae45-3b81-4a38-97d4-a3ad7270c1d5 resource provider aggregate not found
2026-04-23 09:02:32.384 9 INFO neutron.services.segments.plugin [-] Segment 6e03ae45-3b81-4a38-97d4-a3ad7270c1d5 resource provider not found; error: Placement Client Error (4xx): {"errors": [{"status": 404, "title": "Not Found", "detail": "The resource could not be found.\n\n No resource provider with uuid 6e03ae45-3b81-4a38-97d4-a3ad7270c1d5 found for delete ", "request_id": "req-6f5c4f2e-deea-4bde-b723-a8ad5bc05452"}]}
2026-04-23 09:02:32.385 9 INFO neutron.services.segments.plugin [-] Segment 6e03ae45-3b81-4a38-97d4-a3ad7270c1d5 resource provider not found; error: Placement Client Error (4xx): {"errors": [{"status": 404, "title": "Not Found", "detail": "The resource could not be found.\n\n No resource provider with uuid 6e03ae45-3b81-4a38-97d4-a3ad7270c1d5 found for delete ", "request_id": "req-88abfff9-f9c6-4eab-815a-f9b117ced2be"}]}
2026-04-23 09:02:32.414 9 INFO neutron.wsgi [None req-7065c1d8-5ea3-4643-a24c-63600d6a0aca 2d874a480f6b48979b35e2224ab8df37 80904783ced34c1cab0fb022328fde3c - - default default] 10.0.0.191 "DELETE /v2.0/networks/8fc02168-d75d-4f81-ba9b-09dd6d45b830 HTTP/1.1" status: 204 len: 168 time: 0.4810815
2026-04-23 09:02:32.460 10 INFO neutron.wsgi [None req-2ed1d07d-8d89-4c39-aa97-fbf136202f6c 6bb84955f832447bbf536765b421cf94 0d81c3c3d15d43a48a872659579b94f9 - - default default] 10.0.0.191 "PUT /v2.0/subnetpools/d9cd22a0-bd18-46b4-9bc9-7136ef4c6c27 HTTP/1.1" status: 200 len: 694 time: 0.1338527
2026-04-23 09:02:32.540 9 INFO neutron.wsgi [None req-8a6eb117-654f-4503-abb5-16f093103ccb 6bb84955f832447bbf536765b421cf94 0d81c3c3d15d43a48a872659579b94f9 - - default default] 10.0.0.191 "DELETE /v2.0/subnetpools/d9cd22a0-bd18-46b4-9bc9-7136ef4c6c27 HTTP/1.1" status: 204 len: 168 time: 0.0762732
2026-04-23 09:02:32.557 10 INFO neutron.api.v2.resource [None req-817987e4-a4fb-4029-b0dc-1fc50214c1b9 6bb84955f832447bbf536765b421cf94 0d81c3c3d15d43a48a872659579b94f9 - - default default] show failed (client error): The resource could not be found.
2026-04-23 09:02:32.558 10 INFO neutron.wsgi [None req-817987e4-a4fb-4029-b0dc-1fc50214c1b9 6bb84955f832447bbf536765b421cf94 0d81c3c3d15d43a48a872659579b94f9 - - default default] 10.0.0.191 "GET /v2.0/subnetpools/d9cd22a0-bd18-46b4-9bc9-7136ef4c6c27 HTTP/1.1" status: 404 len: 346 time: 0.0129824
2026-04-23 09:02:32.575 9 INFO neutron.api.v2.resource [None req-1900c825-2903-4f6e-b9a9-016bcdbf5ecb 6bb84955f832447bbf536765b421cf94 0d81c3c3d15d43a48a872659579b94f9 - - default default] delete failed (client error): The resource could not be found.
2026-04-23 09:02:32.577 9 INFO neutron.wsgi [None req-1900c825-2903-4f6e-b9a9-016bcdbf5ecb 6bb84955f832447bbf536765b421cf94 0d81c3c3d15d43a48a872659579b94f9 - - default default] 10.0.0.191 "DELETE /v2.0/subnetpools/d9cd22a0-bd18-46b4-9bc9-7136ef4c6c27 HTTP/1.1" status: 404 len: 346 time: 0.0121093
2026-04-23 09:02:32.713 10 INFO neutron.wsgi [None req-cd492180-ae2b-499c-8e9f-40ebd726f035 2d874a480f6b48979b35e2224ab8df37 80904783ced34c1cab0fb022328fde3c - - default default] 10.0.0.191 "PUT /v2.0/routers/987918b8-d03b-4f36-82d8-332a428d51f7/remove_router_interface HTTP/1.1" status: 200 len: 503 time: 1.0931740 /var/lib/openstack/lib/python3.10/site-packages/pycadf/identifier.py:71: UserWarning: Invalid uuid: neutron. To ensure interoperability, identifiers should be a valid uuid. warnings.warn(('Invalid uuid: %s. To ensure interoperability, '
2026-04-23 09:02:32.807 10 INFO neutron.wsgi [None req-660b0f12-056d-4e4b-95d5-8c112726fa85 2d874a480f6b48979b35e2224ab8df37 80904783ced34c1cab0fb022328fde3c - - default default] 10.0.0.191 "GET /v2.0/security-groups?tenant_id=171174a2415d48fbb19efffc1c247d35&name=default HTTP/1.1" status: 200 len: 2996 time: 0.0392134
2026-04-23 09:02:33.086 9 INFO neutron.wsgi [None req-ba40f5f5-f75b-4c02-907a-e54627ec5e20 2d874a480f6b48979b35e2224ab8df37 80904783ced34c1cab0fb022328fde3c - - default default] 10.0.0.191 "DELETE /v2.0/security-groups/dd8536e4-d4ed-4cc7-8056-c053fa94f359 HTTP/1.1" status: 204 len: 168 time: 0.2742879
2026-04-23 09:02:33.112 9 INFO neutron.db.ovn_revision_numbers_db [None req-b4152af8-3bf2-4902-aad9-82ee9ddde998 2d874a480f6b48979b35e2224ab8df37 80904783ced34c1cab0fb022328fde3c - - default default] Successfully bumped revision number for resource 02c1c02b-39fe-4ccd-b3ee-688a57d72c02 (type: security_groups) to 1
2026-04-23 09:02:33.128 9 INFO neutron.db.ovn_revision_numbers_db [None req-b4152af8-3bf2-4902-aad9-82ee9ddde998 2d874a480f6b48979b35e2224ab8df37 80904783ced34c1cab0fb022328fde3c - - default default] Successfully bumped revision number for resource 994843d2-6c3b-4ec9-9382-dce06451b931 (type: security_group_rules) to 0
2026-04-23 09:02:33.145 9 INFO neutron.db.ovn_revision_numbers_db [None req-b4152af8-3bf2-4902-aad9-82ee9ddde998 2d874a480f6b48979b35e2224ab8df37 80904783ced34c1cab0fb022328fde3c - - default default] Successfully bumped revision number for resource ac71b70b-5472-4196-8f40-c29f7e1f0a61 (type: security_group_rules) to 0
2026-04-23 09:02:33.170 9 INFO neutron.db.ovn_revision_numbers_db [None req-b4152af8-3bf2-4902-aad9-82ee9ddde998 2d874a480f6b48979b35e2224ab8df37 80904783ced34c1cab0fb022328fde3c - - default default] Successfully bumped revision number for resource c48996de-ed4d-434b-b4a1-93a65332499e (type: security_group_rules) to 0
2026-04-23 09:02:33.189 9 INFO neutron.db.ovn_revision_numbers_db [None req-b4152af8-3bf2-4902-aad9-82ee9ddde998 2d874a480f6b48979b35e2224ab8df37 80904783ced34c1cab0fb022328fde3c - - default default] Successfully bumped revision number for resource cbd7ba0c-6306-4782-99f5-c7802337fb80 (type: security_group_rules) to 0
2026-04-23 09:02:33.225 9 INFO neutron.wsgi [None req-b4152af8-3bf2-4902-aad9-82ee9ddde998 2d874a480f6b48979b35e2224ab8df37 80904783ced34c1cab0fb022328fde3c - - default default] 10.0.0.191 "GET /v2.0/security-groups?tenant_id=098193f407f5442c9ef9c06964c554b8&name=default HTTP/1.1" status: 200 len: 2996 time: 0.5069838
2026-04-23 09:02:33.242 10 INFO neutron.wsgi [None req-67410d4c-10ff-4f33-b715-2475c53ce553 2d874a480f6b48979b35e2224ab8df37 80904783ced34c1cab0fb022328fde3c - - default default] 10.0.0.191 "GET /v2.0/security-groups?tenant_id=3881762691c74e9b86a6d01a02285837&name=default HTTP/1.1" status: 200 len: 2996 time: 0.0464118
2026-04-23 09:02:33.322 9 INFO neutron.db.ovn_revision_numbers_db [None req-f2024b66-0263-43fb-88cd-9abdcd445b0e 2d874a480f6b48979b35e2224ab8df37 80904783ced34c1cab0fb022328fde3c - - default default] Successfully bumped revision number for resource 344e71dd-220b-438f-91de-a3869dee49ec (type: security_groups) to 1
2026-04-23 09:02:33.351 9 INFO neutron.db.ovn_revision_numbers_db [None req-f2024b66-0263-43fb-88cd-9abdcd445b0e 2d874a480f6b48979b35e2224ab8df37 80904783ced34c1cab0fb022328fde3c - - default default] Successfully bumped revision number for resource 483f8890-5c7b-495b-9b4e-68b9db292a67 (type: security_group_rules) to 0
2026-04-23 09:02:33.379 9 INFO neutron.db.ovn_revision_numbers_db [None req-f2024b66-0263-43fb-88cd-9abdcd445b0e 2d874a480f6b48979b35e2224ab8df37 80904783ced34c1cab0fb022328fde3c - - default default] Successfully bumped revision number for resource 51330f93-ab8a-4c3a-9c9d-17d1119b0922 (type: security_group_rules) to 0
2026-04-23 09:02:33.402 9 INFO neutron.db.ovn_revision_numbers_db [None req-f2024b66-0263-43fb-88cd-9abdcd445b0e 2d874a480f6b48979b35e2224ab8df37 80904783ced34c1cab0fb022328fde3c - - default default] Successfully bumped revision number for resource 7597207f-b174-420f-ae4f-df9ba9a94deb (type: security_group_rules) to 0
2026-04-23 09:02:33.419 9 INFO neutron.db.ovn_revision_numbers_db [None req-f2024b66-0263-43fb-88cd-9abdcd445b0e 2d874a480f6b48979b35e2224ab8df37 80904783ced34c1cab0fb022328fde3c - - default default] Successfully bumped revision number for resource c10a1a71-9384-4b69-bf2d-4836e153dea6 (type: security_group_rules) to 0
2026-04-23 09:02:33.452 9 INFO neutron.wsgi [None req-f2024b66-0263-43fb-88cd-9abdcd445b0e 2d874a480f6b48979b35e2224ab8df37 80904783ced34c1cab0fb022328fde3c - - default default] 10.0.0.191 "GET /v2.0/security-groups?tenant_id=0d81c3c3d15d43a48a872659579b94f9&name=default HTTP/1.1" status: 200 len: 2996 time: 0.4209137
2026-04-23 09:02:33.538 9 INFO neutron.wsgi [None req-d436ff83-b268-4ab6-ba22-09ca28a478e8 2d874a480f6b48979b35e2224ab8df37 80904783ced34c1cab0fb022328fde3c - - default default] 10.0.0.191 "DELETE /v2.0/security-groups/02c1c02b-39fe-4ccd-b3ee-688a57d72c02 HTTP/1.1" status: 204 len: 168 time: 0.3059664
2026-04-23 09:02:33.594 10 INFO neutron.wsgi [None req-e36efecb-d68b-44ca-b85c-48c3dc7cd9d5 2d874a480f6b48979b35e2224ab8df37 80904783ced34c1cab0fb022328fde3c - - default default] 10.0.0.191 "DELETE /v2.0/security-groups/3370a3c1-ae07-4025-88d1-f74ff7687f4e HTTP/1.1" status: 204 len: 168 time: 0.3472478
2026-04-23 09:02:33.702 9 INFO neutron.wsgi [None req-9db5c0d7-5adf-4df6-a26c-4f4b301d9159 2d874a480f6b48979b35e2224ab8df37 80904783ced34c1cab0fb022328fde3c - - default default] 10.0.0.191 "DELETE /v2.0/security-groups/344e71dd-220b-438f-91de-a3869dee49ec HTTP/1.1" status: 204 len: 168 time: 0.2444255
2026-04-23 09:02:33.762 10 INFO neutron.wsgi [None req-f3418c8d-ff9d-4ed5-be7f-d1a2ecb25ed7 2d874a480f6b48979b35e2224ab8df37 80904783ced34c1cab0fb022328fde3c - - default default] 10.0.0.191 "DELETE /v2.0/routers/987918b8-d03b-4f36-82d8-332a428d51f7 HTTP/1.1" status: 204 len: 168 time: 1.0449514
2026-04-23 09:02:33.825 9 INFO neutron.db.ovn_revision_numbers_db [None req-0d1a9b33-caa4-4bae-8f33-00d9cfb2920f 2d874a480f6b48979b35e2224ab8df37 80904783ced34c1cab0fb022328fde3c - - default default] Successfully bumped revision number for resource 5c4bfab5-4b94-4280-8d13-ac1fe3a17650 (type: security_groups) to 1
2026-04-23 09:02:33.840 9 INFO neutron.db.ovn_revision_numbers_db [None req-0d1a9b33-caa4-4bae-8f33-00d9cfb2920f 2d874a480f6b48979b35e2224ab8df37 80904783ced34c1cab0fb022328fde3c - - default default] Successfully bumped revision number for resource 0a33583d-2403-43f5-aa53-177777665988 (type: security_group_rules) to 0
2026-04-23 09:02:33.855 9 INFO neutron.db.ovn_revision_numbers_db [None req-0d1a9b33-caa4-4bae-8f33-00d9cfb2920f 2d874a480f6b48979b35e2224ab8df37 80904783ced34c1cab0fb022328fde3c - - default default] Successfully bumped revision number for resource 78ba679b-b162-413e-88c5-69cc18a7f754 (type: security_group_rules) to 0
2026-04-23 09:02:33.873 9 INFO neutron.db.ovn_revision_numbers_db [None req-0d1a9b33-caa4-4bae-8f33-00d9cfb2920f 2d874a480f6b48979b35e2224ab8df37 80904783ced34c1cab0fb022328fde3c - - default default] Successfully bumped revision number for resource eb1e7ef0-aa2d-4010-8b10-bd962b639236 (type: security_group_rules) to 0
2026-04-23 09:02:33.889 9 INFO neutron.db.ovn_revision_numbers_db [None req-0d1a9b33-caa4-4bae-8f33-00d9cfb2920f 2d874a480f6b48979b35e2224ab8df37 80904783ced34c1cab0fb022328fde3c - - default default] Successfully bumped revision number for resource f9f86bf5-f8f2-403a-b59e-e64d8189984e (type: security_group_rules) to 0
2026-04-23 09:02:33.917 9 INFO neutron.wsgi [None req-0d1a9b33-caa4-4bae-8f33-00d9cfb2920f 2d874a480f6b48979b35e2224ab8df37 80904783ced34c1cab0fb022328fde3c - - default default] 10.0.0.191 "GET /v2.0/security-groups?tenant_id=74817c738d0e42b19867743321539ef3&name=default HTTP/1.1" status: 200 len: 2996 time: 0.2053285
2026-04-23 09:02:34.001 10 INFO neutron.wsgi [None req-2e7b207f-2174-43bc-943d-7b6bc4a7065c 2d874a480f6b48979b35e2224ab8df37 80904783ced34c1cab0fb022328fde3c - - default default] 10.0.0.191 "DELETE /v2.0/subnets/07bb16bf-d6ef-43f2-b679-79b142ce0a68 HTTP/1.1" status: 204 len: 168 time: 0.2348809
2026-04-23 09:02:34.249 9 INFO neutron.wsgi [None req-fc87673c-8b25-4d61-a997-42bfc4dd7495 2d874a480f6b48979b35e2224ab8df37 80904783ced34c1cab0fb022328fde3c - - default default] 10.0.0.191 "DELETE /v2.0/security-groups/5c4bfab5-4b94-4280-8d13-ac1fe3a17650 HTTP/1.1" status: 204 len: 168 time: 0.3220346
2026-04-23 09:02:34.422 9 INFO neutron.services.segments.plugin [-] Segment 861feedd-7bf5-4846-a470-9f5d7e146f54 resource provider aggregate not found
2026-04-23 09:02:34.441 9 INFO neutron.services.segments.plugin [-] Segment 861feedd-7bf5-4846-a470-9f5d7e146f54 resource provider aggregate not found
2026-04-23 09:02:34.447 9 INFO neutron.services.segments.plugin [-] Segment 861feedd-7bf5-4846-a470-9f5d7e146f54 resource provider not found; error: Placement Client Error (4xx): {"errors": [{"status": 404, "title": "Not Found", "detail": "The resource could not be found.\n\n No resource provider with uuid 861feedd-7bf5-4846-a470-9f5d7e146f54 found for delete ", "request_id": "req-420351b6-d937-4249-ae62-df08ef2fbda5"}]}
2026-04-23 09:02:34.461 9 INFO neutron.services.segments.plugin [-] Segment 861feedd-7bf5-4846-a470-9f5d7e146f54 resource provider not found; error: Placement Client Error (4xx): {"errors": [{"status": 404, "title": "Not Found", "detail": "The resource could not be found.\n\n No resource provider with uuid 861feedd-7bf5-4846-a470-9f5d7e146f54 found for delete ", "request_id": "req-dc0a7081-2a6e-42fe-a916-197c9374bba0"}]}
2026-04-23 09:02:34.489 9 INFO neutron.wsgi [None req-3e940e13-6426-420f-9a14-e7e4dc92d318 2d874a480f6b48979b35e2224ab8df37 80904783ced34c1cab0fb022328fde3c - - default default] 10.0.0.191 "DELETE /v2.0/networks/6e0d76f5-0d0c-43a2-ab10-0285a20f9295 HTTP/1.1" status: 204 len: 168 time: 0.4794817
2026-04-23 09:02:34.492 10 INFO neutron.db.ovn_revision_numbers_db [None req-b6e4e841-88c5-4cd1-bbc1-2aad26bca11d 2d874a480f6b48979b35e2224ab8df37 80904783ced34c1cab0fb022328fde3c - - default default] Successfully bumped revision number for resource f0e6d2f4-fdde-4a0a-b71c-8fd2ecb537df (type: security_groups) to 1
2026-04-23 09:02:34.507 10 INFO neutron.db.ovn_revision_numbers_db [None req-b6e4e841-88c5-4cd1-bbc1-2aad26bca11d 2d874a480f6b48979b35e2224ab8df37 80904783ced34c1cab0fb022328fde3c - - default default] Successfully bumped revision number for resource 52a3eaaf-3e6c-43af-b889-15299d3c8360 (type: security_group_rules) to 0
2026-04-23 09:02:34.526 10 INFO neutron.db.ovn_revision_numbers_db [None req-b6e4e841-88c5-4cd1-bbc1-2aad26bca11d 2d874a480f6b48979b35e2224ab8df37 80904783ced34c1cab0fb022328fde3c - - default default] Successfully bumped revision number for resource 60163e2b-eb89-4fc7-aaaf-4c44b883c523 (type: security_group_rules) to 0
2026-04-23 09:02:34.544 10 INFO neutron.db.ovn_revision_numbers_db [None req-b6e4e841-88c5-4cd1-bbc1-2aad26bca11d 2d874a480f6b48979b35e2224ab8df37 80904783ced34c1cab0fb022328fde3c - - default default] Successfully bumped revision number for resource 66f02401-322c-4765-ab0c-81b888595827 (type: security_group_rules) to 0
2026-04-23 09:02:34.562 10 INFO neutron.db.ovn_revision_numbers_db [None req-b6e4e841-88c5-4cd1-bbc1-2aad26bca11d 2d874a480f6b48979b35e2224ab8df37 80904783ced34c1cab0fb022328fde3c - - default default] Successfully bumped revision number for resource f36c03e6-d69f-4bc8-805d-b5e6b4c12f56 (type: security_group_rules) to 0
2026-04-23 09:02:34.585 10 INFO neutron.wsgi [None req-b6e4e841-88c5-4cd1-bbc1-2aad26bca11d 2d874a480f6b48979b35e2224ab8df37 80904783ced34c1cab0fb022328fde3c - - default default] 10.0.0.191 "GET /v2.0/security-groups?tenant_id=97b9c9c283934351a1db092943bbe7c3&name=default HTTP/1.1" status: 200 len: 2996 time: 0.2363033
2026-04-23 09:02:34.637 9 INFO neutron.wsgi [None req-615c6e53-f696-4629-b9fb-a8c3bde45978 2d874a480f6b48979b35e2224ab8df37 80904783ced34c1cab0fb022328fde3c - - default default] 10.0.0.191 "GET /v2.0/security-groups?tenant_id=50e64a14d3fe49f8899ef027611af82d&name=default HTTP/1.1" status: 200 len: 2996 time: 0.0387514
2026-04-23 09:02:34.793 10 INFO neutron.wsgi [None req-34f1545e-be8e-4e85-8b3a-b5c6517a72b0 2d874a480f6b48979b35e2224ab8df37 80904783ced34c1cab0fb022328fde3c - - default default] 10.0.0.191 "DELETE /v2.0/security-groups/f0e6d2f4-fdde-4a0a-b71c-8fd2ecb537df HTTP/1.1" status: 204 len: 168 time: 0.2033644
2026-04-23 09:02:34.855 9 INFO neutron.wsgi [None req-53e153eb-183c-4a1c-8f7d-c6e45d5686a7 2d874a480f6b48979b35e2224ab8df37 80904783ced34c1cab0fb022328fde3c - - default default] 10.0.0.191 "DELETE /v2.0/security-groups/9bb75a69-5a86-4220-97aa-19514f93c381 HTTP/1.1" status: 204 len: 168 time: 0.2132139
2026-04-23 09:02:38.336 9 WARNING neutron_lib.context [None req-de2041e3-477b-4de9-aced-e36b1e1971a9 cf2849ab14b7462f984f75a64c0041b9 954d0c73d3d240f1b8608efc46c55d32 - - default default] Method 'is_advsvc' is deprecated since 2023.2 release (neutron-lib 3.8.0) and will be removed once support for the old RBAC API policies will be removed from Neutron. Please use method 'is_service_role' instead.
2026-04-23 09:02:38.705 9 WARNING neutron.scheduler.dhcp_agent_scheduler [None req-de2041e3-477b-4de9-aced-e36b1e1971a9 cf2849ab14b7462f984f75a64c0041b9 954d0c73d3d240f1b8608efc46c55d32 - - default default] No more DHCP agents
2026-04-23 09:02:38.707 9 WARNING neutron.api.rpc.agentnotifiers.dhcp_rpc_agent_api [None req-de2041e3-477b-4de9-aced-e36b1e1971a9 cf2849ab14b7462f984f75a64c0041b9 954d0c73d3d240f1b8608efc46c55d32 - - default default] Unable to schedule network 394cfd03-b05d-4452-afc3-f0331c1b50be: no agents available; will retry on subsequent port and subnet creation events.
2026-04-23 09:02:39.097 10 INFO neutron.wsgi [-] 10.0.0.224 "GET / HTTP/1.1" status: 200 len: 246 time: 0.0026221
2026-04-23 09:02:39.101 10 INFO neutron.wsgi [-] 10.0.0.224 "GET / HTTP/1.1" status: 200 len: 246 time: 0.0024080
2026-04-23 09:02:39.119 9 INFO neutron.db.ovn_revision_numbers_db [None req-de2041e3-477b-4de9-aced-e36b1e1971a9 cf2849ab14b7462f984f75a64c0041b9 954d0c73d3d240f1b8608efc46c55d32 - - default default] Successfully bumped revision number for resource ddc6b4a0-9e1e-48ca-93ac-95743d53d17c (type: floatingips) to 0
2026-04-23 09:02:39.137 9 INFO neutron.wsgi [None req-de2041e3-477b-4de9-aced-e36b1e1971a9 cf2849ab14b7462f984f75a64c0041b9 954d0c73d3d240f1b8608efc46c55d32 - - default default] 10.0.0.191 "POST /v2.0/floatingips HTTP/1.1" status: 201 len: 751 time: 0.9827421
2026-04-23 09:02:39.148 9 WARNING neutron_lib.context [None req-81c7af50-3848-4a2f-8caa-cf491ef1ce11 cf2849ab14b7462f984f75a64c0041b9 954d0c73d3d240f1b8608efc46c55d32 - - default default] Method 'is_advsvc' is deprecated since 2023.2 release (neutron-lib 3.8.0) and will be removed once support for the old RBAC API policies will be removed from Neutron. Please use method 'is_service_role' instead.
2026-04-23 09:02:39.509 9 WARNING neutron.scheduler.dhcp_agent_scheduler [None req-81c7af50-3848-4a2f-8caa-cf491ef1ce11 cf2849ab14b7462f984f75a64c0041b9 954d0c73d3d240f1b8608efc46c55d32 - - default default] No more DHCP agents
2026-04-23 09:02:39.513 9 WARNING neutron.api.rpc.agentnotifiers.dhcp_rpc_agent_api [None req-81c7af50-3848-4a2f-8caa-cf491ef1ce11 cf2849ab14b7462f984f75a64c0041b9 954d0c73d3d240f1b8608efc46c55d32 - - default default] Unable to schedule network 394cfd03-b05d-4452-afc3-f0331c1b50be: no agents available; will retry on subsequent port and subnet creation events.
2026-04-23 09:02:39.727 10 WARNING neutron_lib.context [None req-271bc65f-2e38-4270-aa35-f9395bc7a356 f58b9e484f05469d96cbdea6aa19c357 3c79a79e54e9452a8ac2ae8d610ebe0d - - default default] Method 'is_advsvc' is deprecated since 2023.2 release (neutron-lib 3.8.0) and will be removed once support for the old RBAC API policies will be removed from Neutron. Please use method 'is_service_role' instead.
2026-04-23 09:02:39.779 10 INFO neutron.db.ovn_revision_numbers_db [None req-d162d6ea-53fb-4970-8169-f61082adc333 06cd0011e15f4dacb7f8fe211e681f85 6d414f2f4fca4c8bb87d7ace6d2bab6c - - default default] Successfully bumped revision number for resource 8b7ca60b-2963-442a-9727-3b2eb9d40cef (type: security_groups) to 1
2026-04-23 09:02:39.809 10 INFO neutron.db.ovn_revision_numbers_db [None req-d162d6ea-53fb-4970-8169-f61082adc333 06cd0011e15f4dacb7f8fe211e681f85 6d414f2f4fca4c8bb87d7ace6d2bab6c - - default default] Successfully bumped revision number for resource 8abbbe20-4a2a-4579-bebe-f4725df8c623 (type: security_group_rules) to 0
2026-04-23 09:02:39.811 10 INFO neutron.db.ovn_revision_numbers_db [None req-d6cc6d27-1462-440a-8000-e731a035027e 2d874a480f6b48979b35e2224ab8df37 80904783ced34c1cab0fb022328fde3c - - default default] Successfully bumped revision number for resource 26cca892-c3d5-4ce0-8f0c-e589db9befc9 (type: security_groups) to 1
2026-04-23 09:02:39.817 10 INFO neutron.wsgi [None req-271bc65f-2e38-4270-aa35-f9395bc7a356 f58b9e484f05469d96cbdea6aa19c357 3c79a79e54e9452a8ac2ae8d610ebe0d - - default default] 10.0.0.191 "POST /v2.0/subnetpools HTTP/1.1" status: 201 len: 715 time: 0.1395965
2026-04-23 09:02:39.829 9 WARNING neutron_lib.context [None req-8276b3da-bb7a-40ef-ad89-c49f3f61d647 f58b9e484f05469d96cbdea6aa19c357 3c79a79e54e9452a8ac2ae8d610ebe0d - - default default] Method 'is_advsvc' is deprecated since 2023.2 release (neutron-lib 3.8.0) and will be removed once support for the old RBAC API policies will be removed from Neutron. Please use method 'is_service_role' instead.
2026-04-23 09:02:39.830 10 INFO neutron.db.ovn_revision_numbers_db [None req-d162d6ea-53fb-4970-8169-f61082adc333 06cd0011e15f4dacb7f8fe211e681f85 6d414f2f4fca4c8bb87d7ace6d2bab6c - - default default] Successfully bumped revision number for resource 8e976bbe-a816-437a-b621-feda9d6ad5cb (type: security_group_rules) to 0
2026-04-23 09:02:39.837 10 INFO neutron.db.ovn_revision_numbers_db [None req-d6cc6d27-1462-440a-8000-e731a035027e 2d874a480f6b48979b35e2224ab8df37 80904783ced34c1cab0fb022328fde3c - - default default] Successfully bumped revision number for resource 45b257ef-454a-4ca2-aecb-e195eae794f5 (type: security_group_rules) to 0
2026-04-23 09:02:39.850 10 INFO neutron.db.ovn_revision_numbers_db [None req-d162d6ea-53fb-4970-8169-f61082adc333 06cd0011e15f4dacb7f8fe211e681f85 6d414f2f4fca4c8bb87d7ace6d2bab6c - - default default] Successfully bumped revision number for resource aab395f8-1174-48e7-9e2f-ee1710986ac0 (type: security_group_rules) to 0
2026-04-23 09:02:39.856 10 INFO neutron.db.ovn_revision_numbers_db [None req-d6cc6d27-1462-440a-8000-e731a035027e 2d874a480f6b48979b35e2224ab8df37 80904783ced34c1cab0fb022328fde3c - - default default] Successfully bumped revision number for resource a86719b3-7b7b-42d3-923e-d0c2e2e38722 (type: security_group_rules) to 0
2026-04-23 09:02:39.867 10 INFO neutron.db.ovn_revision_numbers_db [None req-d162d6ea-53fb-4970-8169-f61082adc333 06cd0011e15f4dacb7f8fe211e681f85 6d414f2f4fca4c8bb87d7ace6d2bab6c - - default default] Successfully bumped revision number for resource aeef68e9-187e-40b3-8fe8-7e3f73237014 (type: security_group_rules) to 0
2026-04-23 09:02:39.876 9 INFO neutron.db.ovn_revision_numbers_db [None req-81c7af50-3848-4a2f-8caa-cf491ef1ce11 cf2849ab14b7462f984f75a64c0041b9 954d0c73d3d240f1b8608efc46c55d32 - - default default] Successfully bumped revision number for resource 8817a2cc-2dc5-48c6-97c6-0a67326dd4e8 (type: floatingips) to 0
2026-04-23 09:02:39.881 10 INFO neutron.db.ovn_revision_numbers_db [None req-d6cc6d27-1462-440a-8000-e731a035027e 2d874a480f6b48979b35e2224ab8df37 80904783ced34c1cab0fb022328fde3c - - default default] Successfully bumped revision number for resource ce7f653c-3138-40cd-8ec5-422b494d31d9 (type: security_group_rules) to 0
2026-04-23 09:02:39.892 9 INFO neutron.wsgi [None req-81c7af50-3848-4a2f-8caa-cf491ef1ce11 cf2849ab14b7462f984f75a64c0041b9 954d0c73d3d240f1b8608efc46c55d32 - - default default] 10.0.0.191 "POST /v2.0/floatingips HTTP/1.1" status: 201 len: 751 time: 0.7491946
2026-04-23 09:02:39.896 9 INFO neutron.wsgi [None req-8276b3da-bb7a-40ef-ad89-c49f3f61d647 f58b9e484f05469d96cbdea6aa19c357 3c79a79e54e9452a8ac2ae8d610ebe0d - - default default] 10.0.0.191 "POST /v2.0/subnetpools HTTP/1.1" status: 201 len: 715 time: 0.0720108
2026-04-23 09:02:39.903 9 WARNING neutron_lib.context [None req-90be64ac-8b99-4e9f-8c35-bd07619ef43e cf2849ab14b7462f984f75a64c0041b9 954d0c73d3d240f1b8608efc46c55d32 - - default default] Method 'is_advsvc' is deprecated since 2023.2 release (neutron-lib 3.8.0) and will be removed once support for the old RBAC API policies will be removed from Neutron. Please use method 'is_service_role' instead.
2026-04-23 09:02:39.906 10 INFO neutron.db.ovn_revision_numbers_db [None req-d6cc6d27-1462-440a-8000-e731a035027e 2d874a480f6b48979b35e2224ab8df37 80904783ced34c1cab0fb022328fde3c - - default default] Successfully bumped revision number for resource de7ce7d2-094e-4f27-9690-aa16ac493723 (type: security_group_rules) to 0
2026-04-23 09:02:39.911 10 WARNING neutron_lib.context [None req-e1d4dc97-0743-4ad7-8a75-62e05c79d46f f58b9e484f05469d96cbdea6aa19c357 3c79a79e54e9452a8ac2ae8d610ebe0d - - default default] Method 'is_advsvc' is deprecated since 2023.2 release (neutron-lib 3.8.0) and will be removed once support for the old RBAC API policies will be removed from Neutron. Please use method 'is_service_role' instead.
2026-04-23 09:02:39.951 10 INFO neutron.db.segments_db [None req-d162d6ea-53fb-4970-8169-f61082adc333 06cd0011e15f4dacb7f8fe211e681f85 6d414f2f4fca4c8bb87d7ace6d2bab6c - - default default] Added segment 573ba25f-0da9-442d-bf83-fd359aa48bfc of type geneve for network 86addb14-7492-4ca4-81ec-cd7e7ffeb824
2026-04-23 09:02:39.954 10 INFO neutron.wsgi [None req-d6cc6d27-1462-440a-8000-e731a035027e 2d874a480f6b48979b35e2224ab8df37 80904783ced34c1cab0fb022328fde3c - - default default] 10.0.0.191 "GET /v2.0/security-groups?tenant_id=2a7257d88baf42f3ba8daf7b6dee78fa&name=default HTTP/1.1" status: 200 len: 2996 time: 0.3821378
2026-04-23 09:02:40.044 10 INFO neutron.wsgi [None req-e1d4dc97-0743-4ad7-8a75-62e05c79d46f f58b9e484f05469d96cbdea6aa19c357 3c79a79e54e9452a8ac2ae8d610ebe0d - - default default] 10.0.0.191 "POST /v2.0/subnetpools HTTP/1.1" status: 201 len: 715 time: 0.1391740
2026-04-23 09:02:40.061 9 WARNING neutron_lib.context [None req-3dd6f1cd-27fc-4047-896c-d2e27c4495c1 f58b9e484f05469d96cbdea6aa19c357 3c79a79e54e9452a8ac2ae8d610ebe0d - - default default] Method 'is_advsvc' is deprecated since 2023.2 release (neutron-lib 3.8.0) and will be removed once support for the old RBAC API policies will be removed from Neutron. Please use method 'is_service_role' instead.
2026-04-23 09:02:40.137 10 INFO neutron.db.ovn_revision_numbers_db [None req-d162d6ea-53fb-4970-8169-f61082adc333 06cd0011e15f4dacb7f8fe211e681f85 6d414f2f4fca4c8bb87d7ace6d2bab6c - - default default] Successfully bumped revision number for resource 86addb14-7492-4ca4-81ec-cd7e7ffeb824 (type: networks) to 1
2026-04-23 09:02:40.155 9 INFO neutron.wsgi [None req-3dd6f1cd-27fc-4047-896c-d2e27c4495c1 f58b9e484f05469d96cbdea6aa19c357 3c79a79e54e9452a8ac2ae8d610ebe0d - - default default] 10.0.0.191 "POST /v2.0/subnetpools HTTP/1.1" status: 201 len: 715 time: 0.1044586
2026-04-23 09:02:40.164 10 WARNING neutron_lib.context [None req-d255de20-9452-4441-9da7-ef65ad128641 f58b9e484f05469d96cbdea6aa19c357 3c79a79e54e9452a8ac2ae8d610ebe0d - - default default] Method 'is_advsvc' is deprecated since 2023.2 release (neutron-lib 3.8.0) and will be removed once support for the old RBAC API policies will be removed from Neutron. Please use method 'is_service_role' instead.
2026-04-23 09:02:40.234 9 WARNING neutron.scheduler.dhcp_agent_scheduler [None req-90be64ac-8b99-4e9f-8c35-bd07619ef43e cf2849ab14b7462f984f75a64c0041b9 954d0c73d3d240f1b8608efc46c55d32 - - default default] No more DHCP agents
2026-04-23 09:02:40.238 9 WARNING neutron.api.rpc.agentnotifiers.dhcp_rpc_agent_api [None req-90be64ac-8b99-4e9f-8c35-bd07619ef43e cf2849ab14b7462f984f75a64c0041b9 954d0c73d3d240f1b8608efc46c55d32 - - default default] Unable to schedule network 394cfd03-b05d-4452-afc3-f0331c1b50be: no agents available; will retry on subsequent port and subnet creation events.
2026-04-23 09:02:40.245 10 INFO neutron.wsgi [None req-d255de20-9452-4441-9da7-ef65ad128641 f58b9e484f05469d96cbdea6aa19c357 3c79a79e54e9452a8ac2ae8d610ebe0d - - default default] 10.0.0.191 "POST /v2.0/subnetpools HTTP/1.1" status: 201 len: 715 time: 0.0842063
2026-04-23 09:02:40.294 9 INFO neutron.wsgi [None req-02699fd6-712b-4715-a6d4-baf642cc124d f58b9e484f05469d96cbdea6aa19c357 3c79a79e54e9452a8ac2ae8d610ebe0d - - default default] 10.0.0.191 "PUT /v2.0/subnetpools/043efedf-c6c8-49a9-beed-698169a13624/tags HTTP/1.1" status: 200 len: 210 time: 0.0442917
2026-04-23 09:02:40.311 9 INFO neutron.wsgi [None req-87722a52-7ded-475e-b86d-c4d89539f361 2d874a480f6b48979b35e2224ab8df37 80904783ced34c1cab0fb022328fde3c - - default default] 10.0.0.191 "DELETE /v2.0/security-groups/26cca892-c3d5-4ce0-8f0c-e589db9befc9 HTTP/1.1" status: 204 len: 168 time: 0.3528833
2026-04-23 09:02:40.350 10 WARNING neutron.scheduler.dhcp_agent_scheduler [None req-d162d6ea-53fb-4970-8169-f61082adc333 06cd0011e15f4dacb7f8fe211e681f85 6d414f2f4fca4c8bb87d7ace6d2bab6c - - default default] No more DHCP agents
2026-04-23 09:02:40.353 10 WARNING neutron.api.rpc.agentnotifiers.dhcp_rpc_agent_api [None req-d162d6ea-53fb-4970-8169-f61082adc333 06cd0011e15f4dacb7f8fe211e681f85 6d414f2f4fca4c8bb87d7ace6d2bab6c - - default default] Unable to schedule network 86addb14-7492-4ca4-81ec-cd7e7ffeb824: no agents available; will retry on subsequent port and subnet creation events.
2026-04-23 09:02:40.356 9 INFO neutron.wsgi [None req-319a3e04-9abd-48dd-9b88-9293d536e7d6 f58b9e484f05469d96cbdea6aa19c357 3c79a79e54e9452a8ac2ae8d610ebe0d - - default default] 10.0.0.191 "PUT /v2.0/subnetpools/efecac1b-8853-4812-ae96-a30b6bf5720a/tags HTTP/1.1" status: 200 len: 218 time: 0.0557353
2026-04-23 09:02:40.426 10 INFO neutron.wsgi [None req-8620fcec-cf15-40d8-afdb-7811159d415d f58b9e484f05469d96cbdea6aa19c357 3c79a79e54e9452a8ac2ae8d610ebe0d - - default default] 10.0.0.191 "PUT /v2.0/subnetpools/52ae03f5-e6ae-4695-abd0-373d2096787e/tags HTTP/1.1" status: 200 len: 227 time: 0.0643573
2026-04-23 09:02:40.487 10 INFO neutron.wsgi [None req-5b3d6377-735a-466c-865a-1233dcc8eb0e f58b9e484f05469d96cbdea6aa19c357 3c79a79e54e9452a8ac2ae8d610ebe0d - - default default] 10.0.0.191 "PUT /v2.0/subnetpools/15f48f2c-fa10-4524-b777-1e98b877ef76/tags HTTP/1.1" status: 200 len: 212 time: 0.0538740
2026-04-23 09:02:40.497 10 INFO neutron.db.ovn_revision_numbers_db [None req-d162d6ea-53fb-4970-8169-f61082adc333 06cd0011e15f4dacb7f8fe211e681f85 6d414f2f4fca4c8bb87d7ace6d2bab6c - - default default] Successfully bumped revision number for resource 04d06f2b-6834-4c28-b46c-c18677f9ede0 (type: ports) to 1
2026-04-23 09:02:40.532 10 INFO neutron.wsgi [None req-368d989e-f11f-4a81-858e-8d9548dc881a f58b9e484f05469d96cbdea6aa19c357 3c79a79e54e9452a8ac2ae8d610ebe0d - - default default] 10.0.0.191 "GET /v2.0/subnetpools?tags=red HTTP/1.1" status: 200 len: 1758 time: 0.0363913
2026-04-23 09:02:40.554 10 INFO neutron.wsgi [None req-d162d6ea-53fb-4970-8169-f61082adc333 06cd0011e15f4dacb7f8fe211e681f85 6d414f2f4fca4c8bb87d7ace6d2bab6c - - default default] 10.0.0.191 "POST /v2.0/networks HTTP/1.1" status: 201 len: 928 time: 1.1074598
