2026-04-23 09:03:41.288 9 INFO neutron.wsgi [req-dc8d45af-efaf-4ee4-8746-94ca1d0fe4d6 req-3fd8cec7-e231-4fa2-a119-27feb4d3d784 cf64eec04e2a4132a6152c1efa922e0c 6e3e603828d74104aebcf9cc2d58b42a - - f2cf2090b4f64ebeb315ff6b43a7bfb1 f2cf2090b4f64ebeb315ff6b43a7bfb1] 199.19.213.141 "GET /v2.0/networks/c2ad0585-8740-4290-8d47-a55691c8c7f1?fields=provider%3Aphysical_network&fields=provider%3Anetwork_type HTTP/1.1" status: 200 len: 277 time: 0.0705755
2026-04-23 09:03:41.932 10 WARNING neutron_lib.context [None req-68a20104-7c6f-4ae1-a2b7-bbee3cc961b7 4c27228305644455b7ae926ee4cd1298 01d175a65c4344d59a226aa3b0048c5c - - default default] Method 'is_advsvc' is deprecated since 2023.2 release (neutron-lib 3.8.0) and will be removed once support for the old RBAC API policies will be removed from Neutron. Please use method 'is_service_role' instead.
2026-04-23 09:03:42.051 10 INFO neutron.db.ovn_revision_numbers_db [None req-68a20104-7c6f-4ae1-a2b7-bbee3cc961b7 4c27228305644455b7ae926ee4cd1298 01d175a65c4344d59a226aa3b0048c5c - - default default] Successfully bumped revision number for resource 82d54512-ac1b-415b-9d1b-b7138b86613f (type: security_groups) to 1
2026-04-23 09:03:42.066 10 INFO neutron.db.ovn_revision_numbers_db [None req-68a20104-7c6f-4ae1-a2b7-bbee3cc961b7 4c27228305644455b7ae926ee4cd1298 01d175a65c4344d59a226aa3b0048c5c - - default default] Successfully bumped revision number for resource 2f7373eb-f9c3-413c-8db7-7733f65f22c7 (type: security_group_rules) to 0
2026-04-23 09:03:42.081 10 INFO neutron.db.ovn_revision_numbers_db [None req-68a20104-7c6f-4ae1-a2b7-bbee3cc961b7 4c27228305644455b7ae926ee4cd1298 01d175a65c4344d59a226aa3b0048c5c - - default default] Successfully bumped revision number for resource cb5f008f-b056-4023-977c-4d70bd1eb67a (type: security_group_rules) to 0
2026-04-23 09:03:42.102 10 INFO neutron.wsgi [None req-68a20104-7c6f-4ae1-a2b7-bbee3cc961b7 4c27228305644455b7ae926ee4cd1298 01d175a65c4344d59a226aa3b0048c5c - - default default] 10.0.0.191 "POST /v2.0/security-groups HTTP/1.1" status: 201 len: 1809 time: 0.1777494
2026-04-23 09:03:42.115 9 WARNING neutron_lib.context [None req-1f370c17-7721-45f7-9a7c-96983936cc7e 4c27228305644455b7ae926ee4cd1298 01d175a65c4344d59a226aa3b0048c5c - - default default] Method 'is_advsvc' is deprecated since 2023.2 release (neutron-lib 3.8.0) and will be removed once support for the old RBAC API policies will be removed from Neutron. Please use method 'is_service_role' instead.
2026-04-23 09:03:42.240 9 INFO neutron.db.ovn_revision_numbers_db [None req-1f370c17-7721-45f7-9a7c-96983936cc7e 4c27228305644455b7ae926ee4cd1298 01d175a65c4344d59a226aa3b0048c5c - - default default] Successfully bumped revision number for resource b3f338e6-1c25-4a36-a3bb-67b2a2bd236c (type: security_group_rules) to 0
2026-04-23 09:03:42.271 9 INFO neutron.wsgi [None req-1f370c17-7721-45f7-9a7c-96983936cc7e 4c27228305644455b7ae926ee4cd1298 01d175a65c4344d59a226aa3b0048c5c - - default default] 10.0.0.191 "POST /v2.0/security-group-rules HTTP/1.1" status: 201 len: 764 time: 0.1635549
2026-04-23 09:03:42.282 9 WARNING neutron_lib.context [None req-44786b2c-dbf6-42b8-a8bd-f60f66c0846d 4c27228305644455b7ae926ee4cd1298 01d175a65c4344d59a226aa3b0048c5c - - default default] Method 'is_advsvc' is deprecated since 2023.2 release (neutron-lib 3.8.0) and will be removed once support for the old RBAC API policies will be removed from Neutron. Please use method 'is_service_role' instead.
2026-04-23 09:03:42.440 9 INFO neutron.db.ovn_revision_numbers_db [None req-44786b2c-dbf6-42b8-a8bd-f60f66c0846d 4c27228305644455b7ae926ee4cd1298 01d175a65c4344d59a226aa3b0048c5c - - default default] Successfully bumped revision number for resource dd654398-1714-4747-bfc0-885bc45c0efc (type: security_group_rules) to 0
2026-04-23 09:03:42.473 9 INFO neutron.wsgi [None req-44786b2c-dbf6-42b8-a8bd-f60f66c0846d 4c27228305644455b7ae926ee4cd1298 01d175a65c4344d59a226aa3b0048c5c - - default default] 10.0.0.191 "POST /v2.0/security-group-rules HTTP/1.1" status: 201 len: 763 time: 0.1974277
2026-04-23 09:03:42.484 9 WARNING neutron_lib.context [None req-5bb8153e-1745-4ee6-a8cc-be4d61b25497 4c27228305644455b7ae926ee4cd1298 01d175a65c4344d59a226aa3b0048c5c - - default default] Method 'is_advsvc' is deprecated since 2023.2 release (neutron-lib 3.8.0) and will be removed once support for the old RBAC API policies will be removed from Neutron. Please use method 'is_service_role' instead.
2026-04-23 09:03:42.599 9 INFO neutron.db.ovn_revision_numbers_db [None req-5bb8153e-1745-4ee6-a8cc-be4d61b25497 4c27228305644455b7ae926ee4cd1298 01d175a65c4344d59a226aa3b0048c5c - - default default] Successfully bumped revision number for resource b8949f52-1e70-4214-a31a-df95a4774d99 (type: security_group_rules) to 0
2026-04-23 09:03:42.625 9 INFO neutron.wsgi [None req-5bb8153e-1745-4ee6-a8cc-be4d61b25497 4c27228305644455b7ae926ee4cd1298 01d175a65c4344d59a226aa3b0048c5c - - default default] 10.0.0.191 "POST /v2.0/security-group-rules HTTP/1.1" status: 201 len: 769 time: 0.1462779
2026-04-23 09:03:42.637 9 WARNING neutron_lib.context [None req-76eeb98f-c2b8-46d9-acf5-14bb11656892 4c27228305644455b7ae926ee4cd1298 01d175a65c4344d59a226aa3b0048c5c - - default default] Method 'is_advsvc' is deprecated since 2023.2 release (neutron-lib 3.8.0) and will be removed once support for the old RBAC API policies will be removed from Neutron. Please use method 'is_service_role' instead.
2026-04-23 09:03:42.765 9 INFO neutron.db.ovn_revision_numbers_db [None req-76eeb98f-c2b8-46d9-acf5-14bb11656892 4c27228305644455b7ae926ee4cd1298 01d175a65c4344d59a226aa3b0048c5c - - default default] Successfully bumped revision number for resource 82c60bc5-20bc-48af-bb3c-0b6378d1f369 (type: security_group_rules) to 0
2026-04-23 09:03:42.796 9 INFO neutron.wsgi [None req-76eeb98f-c2b8-46d9-acf5-14bb11656892 4c27228305644455b7ae926ee4cd1298 01d175a65c4344d59a226aa3b0048c5c - - default default] 10.0.0.191 "POST /v2.0/security-group-rules HTTP/1.1" status: 201 len: 768 time: 0.1638765
2026-04-23 09:03:42.808 9 WARNING neutron_lib.context [None req-1205d4fb-8dcd-4a94-bb41-c01dfae7718a 4c27228305644455b7ae926ee4cd1298 01d175a65c4344d59a226aa3b0048c5c - - default default] Method 'is_advsvc' is deprecated since 2023.2 release (neutron-lib 3.8.0) and will be removed once support for the old RBAC API policies will be removed from Neutron. Please use method 'is_service_role' instead.
2026-04-23 09:03:42.831 9 INFO neutron.db.securitygroups_db [None req-1205d4fb-8dcd-4a94-bb41-c01dfae7718a 4c27228305644455b7ae926ee4cd1298 01d175a65c4344d59a226aa3b0048c5c - - default default] Project 01d175a65c4344d59a226aa3b0048c5c added a security group rule with legacy IPv6 ICMP protocol name icmp, ipv6-icmp should be used instead. It was automatically converted.
2026-04-23 09:03:42.939 9 INFO neutron.db.ovn_revision_numbers_db [None req-1205d4fb-8dcd-4a94-bb41-c01dfae7718a 4c27228305644455b7ae926ee4cd1298 01d175a65c4344d59a226aa3b0048c5c - - default default] Successfully bumped revision number for resource 5be63307-97d4-493d-abf0-c3217f722a8e (type: security_group_rules) to 0
2026-04-23 09:03:42.963 9 INFO neutron.wsgi [None req-1205d4fb-8dcd-4a94-bb41-c01dfae7718a 4c27228305644455b7ae926ee4cd1298 01d175a65c4344d59a226aa3b0048c5c - - default default] 10.0.0.191 "POST /v2.0/security-group-rules HTTP/1.1" status: 201 len: 774 time: 0.1606369
2026-04-23 09:03:42.974 9 WARNING neutron_lib.context [None req-c63977e2-4ebe-4c31-ba4c-c70e1e7f298f 4c27228305644455b7ae926ee4cd1298 01d175a65c4344d59a226aa3b0048c5c - - default default] Method 'is_advsvc' is deprecated since 2023.2 release (neutron-lib 3.8.0) and will be removed once support for the old RBAC API policies will be removed from Neutron. Please use method 'is_service_role' instead.
2026-04-23 09:03:42.992 9 INFO neutron.db.securitygroups_db [None req-c63977e2-4ebe-4c31-ba4c-c70e1e7f298f 4c27228305644455b7ae926ee4cd1298 01d175a65c4344d59a226aa3b0048c5c - - default default] Project 01d175a65c4344d59a226aa3b0048c5c added a security group rule with legacy IPv6 ICMP protocol name icmp, ipv6-icmp should be used instead. It was automatically converted.
2026-04-23 09:03:43.101 9 INFO neutron.db.ovn_revision_numbers_db [None req-c63977e2-4ebe-4c31-ba4c-c70e1e7f298f 4c27228305644455b7ae926ee4cd1298 01d175a65c4344d59a226aa3b0048c5c - - default default] Successfully bumped revision number for resource 0b05df6a-6dbd-44eb-90cc-cd504c6a77f5 (type: security_group_rules) to 0
2026-04-23 09:03:43.128 9 INFO neutron.wsgi [None req-c63977e2-4ebe-4c31-ba4c-c70e1e7f298f 4c27228305644455b7ae926ee4cd1298 01d175a65c4344d59a226aa3b0048c5c - - default default] 10.0.0.191 "POST /v2.0/security-group-rules HTTP/1.1" status: 201 len: 773 time: 0.1593170
2026-04-23 09:03:43.829 10 INFO neutron.wsgi [None req-5881b6d6-0bf5-44c4-a651-46deee7a3c78 4c27228305644455b7ae926ee4cd1298 01d175a65c4344d59a226aa3b0048c5c - - default default] 10.0.0.191 "GET /v2.0/networks HTTP/1.1" status: 200 len: 1492 time: 0.3425727
2026-04-23 09:03:43.944 10 INFO neutron.wsgi [req-06541409-04c1-47be-aace-94413403bb3b req-b7919e72-2f57-4e16-bd10-f9e6193c801b 4c27228305644455b7ae926ee4cd1298 01d175a65c4344d59a226aa3b0048c5c - - default default] 10.0.0.223 "GET /v2.0/security-groups?name=tempest-secgroup-smoke-141963965&fields=id&tenant_id=01d175a65c4344d59a226aa3b0048c5c HTTP/1.1" status: 200 len: 267 time: 0.0438020
2026-04-23 09:03:44.030 10 INFO neutron.wsgi [req-06541409-04c1-47be-aace-94413403bb3b req-7b10498d-c1c6-456f-8846-391fa88b08e0 4c27228305644455b7ae926ee4cd1298 01d175a65c4344d59a226aa3b0048c5c - - default default] 10.0.0.223 "GET /v2.0/networks?id=c2ad0585-8740-4290-8d47-a55691c8c7f1 HTTP/1.1" status: 200 len: 859 time: 0.0800257
2026-04-23 09:03:44.055 10 INFO neutron.wsgi [req-06541409-04c1-47be-aace-94413403bb3b req-6c1f7a8c-9f88-4f16-a1ed-a03a091dfe77 4c27228305644455b7ae926ee4cd1298 01d175a65c4344d59a226aa3b0048c5c - - default default] 10.0.0.223 "GET /v2.0/quotas/01d175a65c4344d59a226aa3b0048c5c HTTP/1.1" status: 200 len: 386 time: 0.0161691
2026-04-23 09:03:44.189 10 INFO neutron.wsgi [req-06541409-04c1-47be-aace-94413403bb3b req-8bd0c235-5ab5-42a1-875b-00b07ec2ea8f 4c27228305644455b7ae926ee4cd1298 01d175a65c4344d59a226aa3b0048c5c - - default default] 10.0.0.223 "GET /v2.0/ports?tenant_id=01d175a65c4344d59a226aa3b0048c5c&fields=id HTTP/1.1" status: 200 len: 348 time: 0.1268222
2026-04-23 09:03:44.291 10 INFO neutron.wsgi [req-06541409-04c1-47be-aace-94413403bb3b req-cff43c80-f47b-46cb-9ca8-66ae288b4f19 cf64eec04e2a4132a6152c1efa922e0c 6e3e603828d74104aebcf9cc2d58b42a - - f2cf2090b4f64ebeb315ff6b43a7bfb1 f2cf2090b4f64ebeb315ff6b43a7bfb1] 10.0.0.223 "GET /v2.0/networks/c2ad0585-8740-4290-8d47-a55691c8c7f1?fields=segments HTTP/1.1" status: 200 len: 212 time: 0.0865524
2026-04-23 09:03:44.373 10 INFO neutron.wsgi [req-06541409-04c1-47be-aace-94413403bb3b req-00cb9510-df9b-4f69-9d70-fab9d2f366df cf64eec04e2a4132a6152c1efa922e0c 6e3e603828d74104aebcf9cc2d58b42a - - f2cf2090b4f64ebeb315ff6b43a7bfb1 f2cf2090b4f64ebeb315ff6b43a7bfb1] 10.0.0.223 "GET /v2.0/networks/c2ad0585-8740-4290-8d47-a55691c8c7f1?fields=provider%3Aphysical_network&fields=provider%3Anetwork_type HTTP/1.1" status: 200 len: 277 time: 0.0761261
2026-04-23 09:03:44.518 10 INFO neutron.wsgi [req-d2421b35-dfd9-4f8c-bdf9-3b21545115b9 req-6d442913-7dc9-4799-b247-c87024fbb233 4c27228305644455b7ae926ee4cd1298 01d175a65c4344d59a226aa3b0048c5c - - default default] 10.0.0.223 "GET /v2.0/ports?device_id=b9db773b-7dfb-4f58-aba9-64b85cc8039c HTTP/1.1" status: 200 len: 210 time: 0.0233545
2026-04-23 09:03:44.527 10 WARNING neutron_lib.context [None req-80097cc8-21ae-47fd-8cf9-95db391d9e93 28a06f0189614857a0d7212dc4f60723 da99df35819c4e36b8649cf876a7ee37 - - default default] Method 'is_advsvc' is deprecated since 2023.2 release (neutron-lib 3.8.0) and will be removed once support for the old RBAC API policies will be removed from Neutron. Please use method 'is_service_role' instead.
2026-04-23 09:03:44.673 10 INFO neutron.db.ovn_revision_numbers_db [None req-80097cc8-21ae-47fd-8cf9-95db391d9e93 28a06f0189614857a0d7212dc4f60723 da99df35819c4e36b8649cf876a7ee37 - - default default] Successfully bumped revision number for resource b86b0b59-484e-4b16-be3b-f6d640097319 (type: security_groups) to 1
2026-04-23 09:03:44.688 10 INFO neutron.db.ovn_revision_numbers_db [None req-80097cc8-21ae-47fd-8cf9-95db391d9e93 28a06f0189614857a0d7212dc4f60723 da99df35819c4e36b8649cf876a7ee37 - - default default] Successfully bumped revision number for resource 8f72883d-b395-4e71-90f7-a060c67c8326 (type: security_group_rules) to 0
2026-04-23 09:03:44.702 10 INFO neutron.db.ovn_revision_numbers_db [None req-80097cc8-21ae-47fd-8cf9-95db391d9e93 28a06f0189614857a0d7212dc4f60723 da99df35819c4e36b8649cf876a7ee37 - - default default] Successfully bumped revision number for resource c61e6ca6-2934-417c-9824-b945e589386d (type: security_group_rules) to 0
2026-04-23 09:03:44.718 10 INFO neutron.db.ovn_revision_numbers_db [None req-80097cc8-21ae-47fd-8cf9-95db391d9e93 28a06f0189614857a0d7212dc4f60723 da99df35819c4e36b8649cf876a7ee37 - - default default] Successfully bumped revision number for resource da5cf8be-2f89-46f3-8504-371a85576236 (type: security_group_rules) to 0
2026-04-23 09:03:44.732 10 INFO neutron.db.ovn_revision_numbers_db [None req-80097cc8-21ae-47fd-8cf9-95db391d9e93 28a06f0189614857a0d7212dc4f60723 da99df35819c4e36b8649cf876a7ee37 - - default default] Successfully bumped revision number for resource de5d2220-05d4-445b-a3e0-26247682edb6 (type: security_group_rules) to 0
2026-04-23 09:03:44.793 10 INFO neutron.db.segments_db [None req-80097cc8-21ae-47fd-8cf9-95db391d9e93 28a06f0189614857a0d7212dc4f60723 da99df35819c4e36b8649cf876a7ee37 - - default default] Added segment 115d2b96-a469-4942-b7f5-517e69901b96 of type geneve for network 0dadbc38-a22d-4f52-b9b6-14cbe4d39163
2026-04-23 09:03:44.947 10 INFO neutron.db.ovn_revision_numbers_db [None req-80097cc8-21ae-47fd-8cf9-95db391d9e93 28a06f0189614857a0d7212dc4f60723 da99df35819c4e36b8649cf876a7ee37 - - default default] Successfully bumped revision number for resource 0dadbc38-a22d-4f52-b9b6-14cbe4d39163 (type: networks) to 1
2026-04-23 09:03:45.150 10 WARNING neutron.scheduler.dhcp_agent_scheduler [None req-80097cc8-21ae-47fd-8cf9-95db391d9e93 28a06f0189614857a0d7212dc4f60723 da99df35819c4e36b8649cf876a7ee37 - - default default] No more DHCP agents
2026-04-23 09:03:45.154 10 WARNING neutron.api.rpc.agentnotifiers.dhcp_rpc_agent_api [None req-80097cc8-21ae-47fd-8cf9-95db391d9e93 28a06f0189614857a0d7212dc4f60723 da99df35819c4e36b8649cf876a7ee37 - - default default] Unable to schedule network 0dadbc38-a22d-4f52-b9b6-14cbe4d39163: no agents available; will retry on subsequent port and subnet creation events.
2026-04-23 09:03:45.245 9 INFO neutron.wsgi [req-06541409-04c1-47be-aace-94413403bb3b req-86c92fae-104b-471e-948c-3e699caa5938 4c27228305644455b7ae926ee4cd1298 01d175a65c4344d59a226aa3b0048c5c - - default default] 199.19.213.141 "GET /v2.0/networks?id=c2ad0585-8740-4290-8d47-a55691c8c7f1 HTTP/1.1" status: 200 len: 859 time: 0.0736852
2026-04-23 09:03:45.255 10 INFO neutron.db.ovn_revision_numbers_db [None req-80097cc8-21ae-47fd-8cf9-95db391d9e93 28a06f0189614857a0d7212dc4f60723 da99df35819c4e36b8649cf876a7ee37 - - default default] Successfully bumped revision number for resource d81e8df1-a700-46c9-b9ae-a00b521cfbfb (type: ports) to 1
2026-04-23 09:03:45.277 10 INFO neutron.wsgi [None req-80097cc8-21ae-47fd-8cf9-95db391d9e93 28a06f0189614857a0d7212dc4f60723 da99df35819c4e36b8649cf876a7ee37 - - default default] 10.0.0.191 "POST /v2.0/networks HTTP/1.1" status: 201 len: 829 time: 0.8742917
2026-04-23 09:03:45.289 9 WARNING neutron_lib.context [None req-8d08c823-0282-40f3-b8b9-3a291a9121cf 28a06f0189614857a0d7212dc4f60723 da99df35819c4e36b8649cf876a7ee37 - - default default] Method 'is_advsvc' is deprecated since 2023.2 release (neutron-lib 3.8.0) and will be removed once support for the old RBAC API policies will be removed from Neutron. Please use method 'is_service_role' instead.
2026-04-23 09:03:45.307 9 INFO neutron.wsgi [req-06541409-04c1-47be-aace-94413403bb3b req-9dcd3fb3-a0bd-451c-8b96-26c1a539e803 4c27228305644455b7ae926ee4cd1298 01d175a65c4344d59a226aa3b0048c5c - - default default] 199.19.213.141 "GET /v2.0/security-groups?fields=id&fields=name&tenant_id=01d175a65c4344d59a226aa3b0048c5c HTTP/1.1" status: 200 len: 471 time: 0.0563695
2026-04-23 09:03:45.325 9 WARNING neutron_lib.context [req-06541409-04c1-47be-aace-94413403bb3b req-327c6288-dcb3-4978-869c-37e0004d71c9 4c27228305644455b7ae926ee4cd1298 01d175a65c4344d59a226aa3b0048c5c - - default default] Method 'is_advsvc' is deprecated since 2023.2 release (neutron-lib 3.8.0) and will be removed once support for the old RBAC API policies will be removed from Neutron. Please use method 'is_service_role' instead.
2026-04-23 09:03:45.393 9 INFO neutron.db.segments_db [None req-8d08c823-0282-40f3-b8b9-3a291a9121cf 28a06f0189614857a0d7212dc4f60723 da99df35819c4e36b8649cf876a7ee37 - - default default] Added segment dde5e9db-7a7e-4bbd-8db6-cce49a157e04 of type geneve for network a36c8371-236f-48a0-b535-3987b57923ac
2026-04-23 09:03:45.613 9 INFO neutron.db.ovn_revision_numbers_db [None req-8d08c823-0282-40f3-b8b9-3a291a9121cf 28a06f0189614857a0d7212dc4f60723 da99df35819c4e36b8649cf876a7ee37 - - default default] Successfully bumped revision number for resource a36c8371-236f-48a0-b535-3987b57923ac (type: networks) to 1
2026-04-23 09:03:45.652 10 INFO neutron.wsgi [req-04ebf610-7d39-40a8-a619-d6b62d2a4857 req-e1d72ca1-331c-4595-b3ce-bcc83de479c8 4c27228305644455b7ae926ee4cd1298 01d175a65c4344d59a226aa3b0048c5c - - default default] 10.0.0.223 "GET /v2.0/ports?device_id=b9db773b-7dfb-4f58-aba9-64b85cc8039c HTTP/1.1" status: 200 len: 210 time: 0.0213444
2026-04-23 09:03:46.040 9 WARNING neutron.scheduler.dhcp_agent_scheduler [req-06541409-04c1-47be-aace-94413403bb3b req-327c6288-dcb3-4978-869c-37e0004d71c9 4c27228305644455b7ae926ee4cd1298 01d175a65c4344d59a226aa3b0048c5c - - default default] No more DHCP agents
2026-04-23 09:03:46.044 9 WARNING neutron.api.rpc.agentnotifiers.dhcp_rpc_agent_api [req-06541409-04c1-47be-aace-94413403bb3b req-327c6288-dcb3-4978-869c-37e0004d71c9 4c27228305644455b7ae926ee4cd1298 01d175a65c4344d59a226aa3b0048c5c - - default default] Unable to schedule network c2ad0585-8740-4290-8d47-a55691c8c7f1: no agents available; will retry on subsequent port and subnet creation events.
2026-04-23 09:03:46.084 9 WARNING neutron.scheduler.dhcp_agent_scheduler [None req-8d08c823-0282-40f3-b8b9-3a291a9121cf 28a06f0189614857a0d7212dc4f60723 da99df35819c4e36b8649cf876a7ee37 - - default default] No more DHCP agents
2026-04-23 09:03:46.088 9 WARNING neutron.api.rpc.agentnotifiers.dhcp_rpc_agent_api [None req-8d08c823-0282-40f3-b8b9-3a291a9121cf 28a06f0189614857a0d7212dc4f60723 da99df35819c4e36b8649cf876a7ee37 - - default default] Unable to schedule network a36c8371-236f-48a0-b535-3987b57923ac: no agents available; will retry on subsequent port and subnet creation events.
2026-04-23 09:03:46.205 9 INFO neutron.db.ovn_revision_numbers_db [None req-8d08c823-0282-40f3-b8b9-3a291a9121cf 28a06f0189614857a0d7212dc4f60723 da99df35819c4e36b8649cf876a7ee37 - - default default] Successfully bumped revision number for resource 6d0bc64c-520d-4100-8c89-f1af0d28e6ca (type: ports) to 1
2026-04-23 09:03:46.240 9 INFO neutron.wsgi [None req-8d08c823-0282-40f3-b8b9-3a291a9121cf 28a06f0189614857a0d7212dc4f60723 da99df35819c4e36b8649cf876a7ee37 - - default default] 10.0.0.191 "POST /v2.0/networks HTTP/1.1" status: 201 len: 830 time: 0.9566507
2026-04-23 09:03:46.258 9 INFO neutron.db.ovn_revision_numbers_db [req-06541409-04c1-47be-aace-94413403bb3b req-327c6288-dcb3-4978-869c-37e0004d71c9 4c27228305644455b7ae926ee4cd1298 01d175a65c4344d59a226aa3b0048c5c - - default default] Successfully bumped revision number for resource a1688e44-e284-46b2-9832-1bc5a8101d33 (type: ports) to 1
2026-04-23 09:03:46.286 9 INFO neutron.wsgi [req-06541409-04c1-47be-aace-94413403bb3b req-327c6288-dcb3-4978-869c-37e0004d71c9 4c27228305644455b7ae926ee4cd1298 01d175a65c4344d59a226aa3b0048c5c - - default default] 199.19.213.141 "POST /v2.0/ports HTTP/1.1" status: 201 len: 1158 time: 0.9695971 /var/lib/openstack/lib/python3.10/site-packages/pycadf/identifier.py:71: UserWarning: Invalid uuid: neutron. To ensure interoperability, identifiers should be a valid uuid. warnings.warn(('Invalid uuid: %s. To ensure interoperability, '
2026-04-23 09:03:46.308 10 INFO neutron.wsgi [None req-a6648960-6df7-465a-9f03-614047c4d9f3 28a06f0189614857a0d7212dc4f60723 da99df35819c4e36b8649cf876a7ee37 - - default default] 10.0.0.191 "PUT /v2.0/networks/0dadbc38-a22d-4f52-b9b6-14cbe4d39163/tags HTTP/1.1" status: 200 len: 218 time: 0.0626767
2026-04-23 09:03:46.374 10 INFO neutron.wsgi [None req-0d856bae-e947-489a-8d46-b6320e6e20e3 28a06f0189614857a0d7212dc4f60723 da99df35819c4e36b8649cf876a7ee37 - - default default] 10.0.0.191 "GET /v2.0/networks/0dadbc38-a22d-4f52-b9b6-14cbe4d39163/tags HTTP/1.1" status: 200 len: 218 time: 0.0605900
2026-04-23 09:03:46.437 10 INFO neutron.wsgi [None req-a98e2945-00a4-4c76-94d7-a6cfe3a486dc 28a06f0189614857a0d7212dc4f60723 da99df35819c4e36b8649cf876a7ee37 - - default default] 10.0.0.191 "PUT /v2.0/networks/a36c8371-236f-48a0-b535-3987b57923ac/tags HTTP/1.1" status: 200 len: 210 time: 0.0578079
2026-04-23 09:03:46.506 10 INFO neutron.wsgi [None req-3db901c3-0f01-4e35-bbf8-29149a940d5b 28a06f0189614857a0d7212dc4f60723 da99df35819c4e36b8649cf876a7ee37 - - default default] 10.0.0.191 "GET /v2.0/networks/a36c8371-236f-48a0-b535-3987b57923ac/tags HTTP/1.1" status: 200 len: 210 time: 0.0598638
2026-04-23 09:03:46.565 10 INFO neutron.wsgi [None req-da32ca0b-cbd1-4fb2-9c14-30baa79e49f1 28a06f0189614857a0d7212dc4f60723 da99df35819c4e36b8649cf876a7ee37 - - default default] 10.0.0.191 "PUT /v2.0/networks/a36c8371-236f-48a0-b535-3987b57923ac/tags HTTP/1.1" status: 200 len: 205 time: 0.0528989
2026-04-23 09:03:46.617 10 INFO neutron.wsgi [None req-2fa8fdbc-d5e1-4fab-a6be-eef05f82461c 28a06f0189614857a0d7212dc4f60723 da99df35819c4e36b8649cf876a7ee37 - - default default] 10.0.0.191 "GET /v2.0/networks/a36c8371-236f-48a0-b535-3987b57923ac/tags HTTP/1.1" status: 200 len: 205 time: 0.0461640
2026-04-23 09:03:46.668 10 INFO neutron.wsgi [None req-e4e4153a-2e40-4f02-a733-8df4ce47c00f 28a06f0189614857a0d7212dc4f60723 da99df35819c4e36b8649cf876a7ee37 - - default default] 10.0.0.191 "GET /v2.0/networks/0dadbc38-a22d-4f52-b9b6-14cbe4d39163/tags HTTP/1.1" status: 200 len: 218 time: 0.0466385
2026-04-23 09:03:46.772 10 INFO neutron.wsgi [req-7307c588-be73-4fe3-ac06-88fdc1496fee req-7ceaad93-5aec-4dd7-b826-1506c7b3a913 4c27228305644455b7ae926ee4cd1298 01d175a65c4344d59a226aa3b0048c5c - - default default] 10.0.0.223 "GET /v2.0/ports?device_id=b9db773b-7dfb-4f58-aba9-64b85cc8039c HTTP/1.1" status: 200 len: 1168 time: 0.0533447
2026-04-23 09:03:46.775 9 INFO neutron.db.ovn_revision_numbers_db [req-06541409-04c1-47be-aace-94413403bb3b req-0b95334a-0dcf-4fb0-9b73-bbeeaa32515c cf64eec04e2a4132a6152c1efa922e0c 6e3e603828d74104aebcf9cc2d58b42a - - f2cf2090b4f64ebeb315ff6b43a7bfb1 f2cf2090b4f64ebeb315ff6b43a7bfb1] Successfully bumped revision number for resource a1688e44-e284-46b2-9832-1bc5a8101d33 (type: ports) to 2
2026-04-23 09:03:46.831 10 INFO neutron.wsgi [req-7307c588-be73-4fe3-ac06-88fdc1496fee req-c6cc657e-abb6-4f4c-8dba-9f2a0b86d86c 4c27228305644455b7ae926ee4cd1298 01d175a65c4344d59a226aa3b0048c5c - - default default] 10.0.0.223 "GET /v2.0/security-groups?id=82d54512-ac1b-415b-9d1b-b7138b86613f&fields=id&fields=name HTTP/1.1" status: 200 len: 312 time: 0.0439751
2026-04-23 09:03:46.980 9 INFO neutron.db.ovn_revision_numbers_db [req-06541409-04c1-47be-aace-94413403bb3b req-0b95334a-0dcf-4fb0-9b73-bbeeaa32515c cf64eec04e2a4132a6152c1efa922e0c 6e3e603828d74104aebcf9cc2d58b42a - - f2cf2090b4f64ebeb315ff6b43a7bfb1 f2cf2090b4f64ebeb315ff6b43a7bfb1] Successfully bumped revision number for resource a1688e44-e284-46b2-9832-1bc5a8101d33 (type: ports) to 2
2026-04-23 09:03:47.000 9 INFO neutron.wsgi [req-06541409-04c1-47be-aace-94413403bb3b req-0b95334a-0dcf-4fb0-9b73-bbeeaa32515c cf64eec04e2a4132a6152c1efa922e0c 6e3e603828d74104aebcf9cc2d58b42a - - f2cf2090b4f64ebeb315ff6b43a7bfb1 f2cf2090b4f64ebeb315ff6b43a7bfb1] 199.19.213.141 "PUT /v2.0/ports/a1688e44-e284-46b2-9832-1bc5a8101d33 HTTP/1.1" status: 200 len: 1376 time: 0.7056231
2026-04-23 09:03:47.037 9 INFO neutron.notifiers.nova [-] Nova event matching ['req-4ea347a9-1690-49ac-9203-113550751d1e'] response: {'name': 'network-changed', 'server_uuid': 'b9db773b-7dfb-4f58-aba9-64b85cc8039c', 'tag': 'a1688e44-e284-46b2-9832-1bc5a8101d33', 'status': 'completed', 'code': 200} /var/lib/openstack/lib/python3.10/site-packages/pycadf/identifier.py:71: UserWarning: Invalid uuid: neutron. To ensure interoperability, identifiers should be a valid uuid. warnings.warn(('Invalid uuid: %s. To ensure interoperability, '
2026-04-23 09:03:47.080 9 INFO neutron.wsgi [req-06541409-04c1-47be-aace-94413403bb3b req-3b03e794-3153-42c3-9751-fd3fe2f3f9f1 cf64eec04e2a4132a6152c1efa922e0c 6e3e603828d74104aebcf9cc2d58b42a - - f2cf2090b4f64ebeb315ff6b43a7bfb1 f2cf2090b4f64ebeb315ff6b43a7bfb1] 199.19.213.141 "GET /v2.0/ports?tenant_id=01d175a65c4344d59a226aa3b0048c5c&device_id=b9db773b-7dfb-4f58-aba9-64b85cc8039c HTTP/1.1" status: 200 len: 1407 time: 0.0415063
2026-04-23 09:03:47.093 10 INFO neutron.services.segments.plugin [-] Segment 115d2b96-a469-4942-b7f5-517e69901b96 resource provider aggregate not found
2026-04-23 09:03:47.118 9 INFO neutron.wsgi [req-06541409-04c1-47be-aace-94413403bb3b req-46c1afa9-06fd-4b35-af18-e074a198dd9e cf64eec04e2a4132a6152c1efa922e0c 6e3e603828d74104aebcf9cc2d58b42a - - f2cf2090b4f64ebeb315ff6b43a7bfb1 f2cf2090b4f64ebeb315ff6b43a7bfb1] 199.19.213.141 "GET /v2.0/floatingips?fixed_ip_address=10.100.0.4&port_id=a1688e44-e284-46b2-9832-1bc5a8101d33 HTTP/1.1" status: 200 len: 217 time: 0.0306275
2026-04-23 09:03:47.119 10 INFO neutron.services.segments.plugin [-] Segment 115d2b96-a469-4942-b7f5-517e69901b96 resource provider aggregate not found
2026-04-23 09:03:47.129 10 INFO neutron.services.segments.plugin [-] Segment 115d2b96-a469-4942-b7f5-517e69901b96 resource provider not found; error: Placement Client Error (4xx): {"errors": [{"status": 404, "title": "Not Found", "detail": "The resource could not be found.\n\n No resource provider with uuid 115d2b96-a469-4942-b7f5-517e69901b96 found for delete ", "request_id": "req-f5e3d7ea-1d87-48d2-9099-6d8b7b2e5d09"}]}
2026-04-23 09:03:47.137 10 INFO neutron.services.segments.plugin [-] Segment 115d2b96-a469-4942-b7f5-517e69901b96 resource provider not found; error: Placement Client Error (4xx): {"errors": [{"status": 404, "title": "Not Found", "detail": "The resource could not be found.\n\n No resource provider with uuid 115d2b96-a469-4942-b7f5-517e69901b96 found for delete ", "request_id": "req-57ec9ff9-e584-454c-9543-9df7332d789c"}]}
2026-04-23 09:03:47.161 10 INFO neutron.wsgi [None req-b3603191-eaea-4d28-be2c-fcd932cad8cd 28a06f0189614857a0d7212dc4f60723 da99df35819c4e36b8649cf876a7ee37 - - default default] 10.0.0.191 "DELETE /v2.0/networks/0dadbc38-a22d-4f52-b9b6-14cbe4d39163 HTTP/1.1" status: 204 len: 168 time: 0.4816384
2026-04-23 09:03:47.163 9 INFO neutron.wsgi [req-06541409-04c1-47be-aace-94413403bb3b req-f5b026a0-81b4-4a1d-99a3-3ed2849a342a cf64eec04e2a4132a6152c1efa922e0c 6e3e603828d74104aebcf9cc2d58b42a - - f2cf2090b4f64ebeb315ff6b43a7bfb1 f2cf2090b4f64ebeb315ff6b43a7bfb1] 199.19.213.141 "GET /v2.0/subnets?id=5624fd82-be07-4056-bd51-48b528c16297 HTTP/1.1" status: 200 len: 853 time: 0.0384858
2026-04-23 09:03:47.223 9 INFO neutron.wsgi [req-06541409-04c1-47be-aace-94413403bb3b req-1347d29f-44b5-4982-b6d5-eb7a00fd4e51 cf64eec04e2a4132a6152c1efa922e0c 6e3e603828d74104aebcf9cc2d58b42a - - f2cf2090b4f64ebeb315ff6b43a7bfb1 f2cf2090b4f64ebeb315ff6b43a7bfb1] 199.19.213.141 "GET /v2.0/ports?network_id=c2ad0585-8740-4290-8d47-a55691c8c7f1&device_owner=network%3Adhcp HTTP/1.1" status: 200 len: 210 time: 0.0385969
2026-04-23 09:03:47.323 9 INFO neutron.wsgi [req-06541409-04c1-47be-aace-94413403bb3b req-cb6f360b-f0d0-431e-95ed-92c36d4cd9a9 cf64eec04e2a4132a6152c1efa922e0c 6e3e603828d74104aebcf9cc2d58b42a - - f2cf2090b4f64ebeb315ff6b43a7bfb1 f2cf2090b4f64ebeb315ff6b43a7bfb1] 199.19.213.141 "GET /v2.0/networks/c2ad0585-8740-4290-8d47-a55691c8c7f1?fields=segments HTTP/1.1" status: 200 len: 212 time: 0.0933549
2026-04-23 09:03:47.431 9 INFO neutron.wsgi [req-06541409-04c1-47be-aace-94413403bb3b req-bdb1df28-df95-49c2-94a7-22a7c4455a1d cf64eec04e2a4132a6152c1efa922e0c 6e3e603828d74104aebcf9cc2d58b42a - - f2cf2090b4f64ebeb315ff6b43a7bfb1 f2cf2090b4f64ebeb315ff6b43a7bfb1] 199.19.213.141 "GET /v2.0/networks/c2ad0585-8740-4290-8d47-a55691c8c7f1?fields=provider%3Aphysical_network&fields=provider%3Anetwork_type HTTP/1.1" status: 200 len: 277 time: 0.1021981
2026-04-23 09:03:47.514 9 INFO neutron.wsgi [req-946e27c0-d1b3-4920-81b9-05095d8e3887 req-a1695a60-170c-4ffe-af25-49db72a0ae74 cf64eec04e2a4132a6152c1efa922e0c 6e3e603828d74104aebcf9cc2d58b42a - - f2cf2090b4f64ebeb315ff6b43a7bfb1 f2cf2090b4f64ebeb315ff6b43a7bfb1] 199.19.213.141 "GET /v2.0/ports?tenant_id=01d175a65c4344d59a226aa3b0048c5c&device_id=b9db773b-7dfb-4f58-aba9-64b85cc8039c HTTP/1.1" status: 200 len: 1407 time: 0.0401461
2026-04-23 09:03:47.650 10 INFO neutron.plugins.ml2.drivers.ovn.mech_driver.mech_driver [None req-14ffa220-e7df-4ddd-aad4-ce2377e6fedb - - - - - -] OVN reports status up for port: a1688e44-e284-46b2-9832-1bc5a8101d33
2026-04-23 09:03:47.653 9 INFO neutron.wsgi [req-946e27c0-d1b3-4920-81b9-05095d8e3887 req-af5931ae-695d-49c2-a515-824413bae5ba cf64eec04e2a4132a6152c1efa922e0c 6e3e603828d74104aebcf9cc2d58b42a - - f2cf2090b4f64ebeb315ff6b43a7bfb1 f2cf2090b4f64ebeb315ff6b43a7bfb1] 199.19.213.141 "GET /v2.0/networks?id=c2ad0585-8740-4290-8d47-a55691c8c7f1 HTTP/1.1" status: 200 len: 958 time: 0.1319270
2026-04-23 09:03:47.663 10 INFO neutron.plugins.ml2.plugin [None req-14ffa220-e7df-4ddd-aad4-ce2377e6fedb - - - - - -] Attempt 1 to provision port a1688e44-e284-46b2-9832-1bc5a8101d33
2026-04-23 09:03:47.692 9 INFO neutron.wsgi [req-946e27c0-d1b3-4920-81b9-05095d8e3887 req-3e237b14-c4e8-4a04-ba7b-14140732662c cf64eec04e2a4132a6152c1efa922e0c 6e3e603828d74104aebcf9cc2d58b42a - - f2cf2090b4f64ebeb315ff6b43a7bfb1 f2cf2090b4f64ebeb315ff6b43a7bfb1] 199.19.213.141 "GET /v2.0/floatingips?fixed_ip_address=10.100.0.4&port_id=a1688e44-e284-46b2-9832-1bc5a8101d33 HTTP/1.1" status: 200 len: 217 time: 0.0313480
2026-04-23 09:03:47.759 9 INFO neutron.services.segments.plugin [-] Segment dde5e9db-7a7e-4bbd-8db6-cce49a157e04 resource provider aggregate not found
2026-04-23 09:03:47.764 9 INFO neutron.services.segments.plugin [-] Segment dde5e9db-7a7e-4bbd-8db6-cce49a157e04 resource provider aggregate not found
2026-04-23 09:03:47.777 9 INFO neutron.wsgi [req-946e27c0-d1b3-4920-81b9-05095d8e3887 req-ff9af429-1ba6-4160-90a2-71dce1a210eb cf64eec04e2a4132a6152c1efa922e0c 6e3e603828d74104aebcf9cc2d58b42a - - f2cf2090b4f64ebeb315ff6b43a7bfb1 f2cf2090b4f64ebeb315ff6b43a7bfb1] 199.19.213.141 "GET /v2.0/subnets?id=5624fd82-be07-4056-bd51-48b528c16297 HTTP/1.1" status: 200 len: 853 time: 0.0753481
2026-04-23 09:03:47.778 9 INFO neutron.services.segments.plugin [-] Segment dde5e9db-7a7e-4bbd-8db6-cce49a157e04 resource provider not found; error: Placement Client Error (4xx): {"errors": [{"status": 404, "title": "Not Found", "detail": "The resource could not be found.\n\n No resource provider with uuid dde5e9db-7a7e-4bbd-8db6-cce49a157e04 found for delete ", "request_id": "req-9acb4d81-8add-4cdb-be40-b53f94f7396b"}]}
2026-04-23 09:03:47.788 9 INFO neutron.services.segments.plugin [-] Segment dde5e9db-7a7e-4bbd-8db6-cce49a157e04 resource provider not found; error: Placement Client Error (4xx): {"errors": [{"status": 404, "title": "Not Found", "detail": "The resource could not be found.\n\n No resource provider with uuid dde5e9db-7a7e-4bbd-8db6-cce49a157e04 found for delete ", "request_id": "req-438054bc-7e85-4a62-b731-36e6546cc476"}]}
2026-04-23 09:03:47.811 9 INFO neutron.wsgi [req-946e27c0-d1b3-4920-81b9-05095d8e3887 req-2154d07c-d13c-45c5-b1db-9f939ecd2daf cf64eec04e2a4132a6152c1efa922e0c 6e3e603828d74104aebcf9cc2d58b42a - - f2cf2090b4f64ebeb315ff6b43a7bfb1 f2cf2090b4f64ebeb315ff6b43a7bfb1] 199.19.213.141 "GET /v2.0/ports?network_id=c2ad0585-8740-4290-8d47-a55691c8c7f1&device_owner=network%3Adhcp HTTP/1.1" status: 200 len: 210 time: 0.0262654
2026-04-23 09:03:47.811 10 INFO neutron.notifiers.nova [-] Nova event matching ['req-c5276ad5-8103-4e18-9266-1f4f5bdf1659'] response: {'server_uuid': 'b9db773b-7dfb-4f58-aba9-64b85cc8039c', 'name': 'network-vif-plugged', 'status': 'completed', 'tag': 'a1688e44-e284-46b2-9832-1bc5a8101d33', 'code': 200}
2026-04-23 09:03:47.827 9 INFO neutron.wsgi [None req-5ec12a7c-eb9e-4bb4-a322-5f2806946b6a 28a06f0189614857a0d7212dc4f60723 da99df35819c4e36b8649cf876a7ee37 - - default default] 10.0.0.191 "DELETE /v2.0/networks/a36c8371-236f-48a0-b535-3987b57923ac HTTP/1.1" status: 204 len: 168 time: 0.6602089
2026-04-23 09:03:47.891 9 INFO neutron.wsgi [req-946e27c0-d1b3-4920-81b9-05095d8e3887 req-8edff7a1-ac31-498f-92d1-b75a411748ff cf64eec04e2a4132a6152c1efa922e0c 6e3e603828d74104aebcf9cc2d58b42a - - f2cf2090b4f64ebeb315ff6b43a7bfb1 f2cf2090b4f64ebeb315ff6b43a7bfb1] 199.19.213.141 "GET /v2.0/networks/c2ad0585-8740-4290-8d47-a55691c8c7f1?fields=segments HTTP/1.1" status: 200 len: 212 time: 0.0730588
2026-04-23 09:03:47.969 10 INFO neutron.wsgi [req-dce35f65-3044-4062-a432-2c873f1a84b3 req-e457ddaf-5b60-43d6-8b69-c333f08cef2d 4c27228305644455b7ae926ee4cd1298 01d175a65c4344d59a226aa3b0048c5c - - default default] 10.0.0.223 "GET /v2.0/ports?device_id=b9db773b-7dfb-4f58-aba9-64b85cc8039c HTTP/1.1" status: 200 len: 1170 time: 0.0627456
2026-04-23 09:03:47.986 9 INFO neutron.wsgi [req-946e27c0-d1b3-4920-81b9-05095d8e3887 req-ef3f5dbf-1731-48a5-ab84-444bdea22f7e cf64eec04e2a4132a6152c1efa922e0c 6e3e603828d74104aebcf9cc2d58b42a - - f2cf2090b4f64ebeb315ff6b43a7bfb1 f2cf2090b4f64ebeb315ff6b43a7bfb1] 199.19.213.141 "GET /v2.0/networks/c2ad0585-8740-4290-8d47-a55691c8c7f1?fields=provider%3Aphysical_network&fields=provider%3Anetwork_type HTTP/1.1" status: 200 len: 277 time: 0.0898130
2026-04-23 09:03:48.292 10 INFO neutron.db.ovn_revision_numbers_db [None req-14ffa220-e7df-4ddd-aad4-ce2377e6fedb - - - - - -] Successfully bumped revision number for resource a1688e44-e284-46b2-9832-1bc5a8101d33 (type: ports) to 4
2026-04-23 09:03:48.333 10 INFO neutron.wsgi [req-dce35f65-3044-4062-a432-2c873f1a84b3 req-51aacd47-96a0-404f-b7d5-5b7b3f038862 4c27228305644455b7ae926ee4cd1298 01d175a65c4344d59a226aa3b0048c5c - - default default] 10.0.0.223 "GET /v2.0/security-groups?id=82d54512-ac1b-415b-9d1b-b7138b86613f&fields=id&fields=name HTTP/1.1" status: 200 len: 312 time: 0.3575017 /var/lib/openstack/lib/python3.10/site-packages/pycadf/identifier.py:71: UserWarning: Invalid uuid: neutron. To ensure interoperability, identifiers should be a valid uuid. warnings.warn(('Invalid uuid: %s. To ensure interoperability, '
2026-04-23 09:03:48.853 10 INFO neutron.wsgi [None req-eb07439d-6089-444f-a921-a0f92a1cc4de 2d874a480f6b48979b35e2224ab8df37 80904783ced34c1cab0fb022328fde3c - - default default] 10.0.0.191 "GET /v2.0/security-groups?tenant_id=da99df35819c4e36b8649cf876a7ee37&name=default HTTP/1.1" status: 200 len: 3000 time: 0.1869669
2026-04-23 09:03:49.087 10 INFO neutron.wsgi [None req-af34f735-51ff-4fca-9993-a24545c61cb7 2d874a480f6b48979b35e2224ab8df37 80904783ced34c1cab0fb022328fde3c - - default default] 10.0.0.191 "DELETE /v2.0/security-groups/b86b0b59-484e-4b16-be3b-f6d640097319 HTTP/1.1" status: 204 len: 168 time: 0.2297604
2026-04-23 09:03:49.316 9 INFO neutron.db.ovn_revision_numbers_db [None req-8c82f1ef-2700-4b44-834c-e1989eb37fb7 2d874a480f6b48979b35e2224ab8df37 80904783ced34c1cab0fb022328fde3c - - default default] Successfully bumped revision number for resource 86b8f663-4488-4f4d-9e60-aa652b972e3c (type: security_groups) to 1
2026-04-23 09:03:49.333 9 INFO neutron.db.ovn_revision_numbers_db [None req-8c82f1ef-2700-4b44-834c-e1989eb37fb7 2d874a480f6b48979b35e2224ab8df37 80904783ced34c1cab0fb022328fde3c - - default default] Successfully bumped revision number for resource 02c38af0-4ea6-487d-87d2-dc482390fc76 (type: security_group_rules) to 0
2026-04-23 09:03:49.348 9 INFO neutron.db.ovn_revision_numbers_db [None req-8c82f1ef-2700-4b44-834c-e1989eb37fb7 2d874a480f6b48979b35e2224ab8df37 80904783ced34c1cab0fb022328fde3c - - default default] Successfully bumped revision number for resource 1e737b8b-3489-4ce6-92e2-779bf76cf73d (type: security_group_rules) to 0
2026-04-23 09:03:49.365 9 INFO neutron.db.ovn_revision_numbers_db [None req-8c82f1ef-2700-4b44-834c-e1989eb37fb7 2d874a480f6b48979b35e2224ab8df37 80904783ced34c1cab0fb022328fde3c - - default default] Successfully bumped revision number for resource 384e83c9-acbf-41ff-b8be-03cfb066ab70 (type: security_group_rules) to 0
2026-04-23 09:03:49.391 9 INFO neutron.db.ovn_revision_numbers_db [None req-8c82f1ef-2700-4b44-834c-e1989eb37fb7 2d874a480f6b48979b35e2224ab8df37 80904783ced34c1cab0fb022328fde3c - - default default] Successfully bumped revision number for resource d7adce5b-1c55-4a9d-9bbe-aa09a86e9559 (type: security_group_rules) to 0
2026-04-23 09:03:49.417 9 INFO neutron.wsgi [None req-8c82f1ef-2700-4b44-834c-e1989eb37fb7 2d874a480f6b48979b35e2224ab8df37 80904783ced34c1cab0fb022328fde3c - - default default] 10.0.0.191 "GET /v2.0/security-groups?tenant_id=ad62142aef6540afa801b99757b54658&name=default HTTP/1.1" status: 200 len: 3000 time: 0.2209408
2026-04-23 09:03:49.510 10 INFO neutron.wsgi [req-72c9d4a2-1960-4a80-b4d9-ec90d357acea req-e80ecc63-6de2-4696-a422-b72409705b39 4c27228305644455b7ae926ee4cd1298 01d175a65c4344d59a226aa3b0048c5c - - default default] 10.0.0.223 "GET /v2.0/ports?device_id=b9db773b-7dfb-4f58-aba9-64b85cc8039c HTTP/1.1" status: 200 len: 1170 time: 0.0931079
2026-04-23 09:03:49.565 10 INFO neutron.wsgi [req-72c9d4a2-1960-4a80-b4d9-ec90d357acea req-b84b0d93-9713-4057-98de-341a6180bc54 4c27228305644455b7ae926ee4cd1298 01d175a65c4344d59a226aa3b0048c5c - - default default] 10.0.0.223 "GET /v2.0/security-groups?id=82d54512-ac1b-415b-9d1b-b7138b86613f&fields=id&fields=name HTTP/1.1" status: 200 len: 312 time: 0.0458531
2026-04-23 09:03:49.640 9 INFO neutron.wsgi [None req-96501b5e-bfa0-4b8c-9be5-382e736c74dd 2d874a480f6b48979b35e2224ab8df37 80904783ced34c1cab0fb022328fde3c - - default default] 10.0.0.191 "DELETE /v2.0/security-groups/86b8f663-4488-4f4d-9e60-aa652b972e3c HTTP/1.1" status: 204 len: 168 time: 0.2135949
2026-04-23 09:03:49.673 10 INFO neutron.wsgi [req-1a294748-c4d3-4e98-94ef-b510431bb3e4 req-0df9a8a5-c9a0-4dc2-846d-a0c7541eb420 4c27228305644455b7ae926ee4cd1298 01d175a65c4344d59a226aa3b0048c5c - - default default] 10.0.0.223 "GET /v2.0/ports?device_id=b9db773b-7dfb-4f58-aba9-64b85cc8039c HTTP/1.1" status: 200 len: 1170 time: 0.0413895
2026-04-23 09:03:49.725 10 INFO neutron.wsgi [req-1a294748-c4d3-4e98-94ef-b510431bb3e4 req-82c33634-359f-4d4d-aa9e-b43404fa64ce 4c27228305644455b7ae926ee4cd1298 01d175a65c4344d59a226aa3b0048c5c - - default default] 10.0.0.223 "GET /v2.0/security-groups?id=82d54512-ac1b-415b-9d1b-b7138b86613f&fields=id&fields=name HTTP/1.1" status: 200 len: 312 time: 0.0448668
2026-04-23 09:03:49.800 10 INFO neutron.wsgi [None req-17dd24d3-3748-4b5f-ad90-c4d3d8ca13ea ca9a366860884b4c8dd1e4efd703c099 e551adfd46de4240bc1b597d20209025 - - default default] 10.0.0.191 "GET /v2.0/ports?device_id=b9db773b-7dfb-4f58-aba9-64b85cc8039c HTTP/1.1" status: 200 len: 1404 time: 0.0477033
2026-04-23 09:03:49.851 10 INFO neutron.notifiers.nova [-] Nova event matching ['req-6dca876b-c1de-45e4-af11-0696670d5f1b'] response: {'server_uuid': 'b9db773b-7dfb-4f58-aba9-64b85cc8039c', 'name': 'network-vif-plugged', 'status': 'completed', 'tag': 'a1688e44-e284-46b2-9832-1bc5a8101d33', 'code': 200}
2026-04-23 09:03:50.065 10 INFO neutron.db.l3_db [None req-93ef4e0b-309f-485a-8fc8-fda270f26924 4c27228305644455b7ae926ee4cd1298 01d175a65c4344d59a226aa3b0048c5c - - default default] Floating IP 49062998-4acd-4dd6-bbb4-35c07213aefa associated. External IP: 10.96.250.202, port: a1688e44-e284-46b2-9832-1bc5a8101d33.
2026-04-23 09:03:50.308 10 INFO neutron.db.ovn_revision_numbers_db [None req-93ef4e0b-309f-485a-8fc8-fda270f26924 4c27228305644455b7ae926ee4cd1298 01d175a65c4344d59a226aa3b0048c5c - - default default] Successfully bumped revision number for resource 49062998-4acd-4dd6-bbb4-35c07213aefa (type: floatingips) to 4
2026-04-23 09:03:50.432 10 INFO neutron.db.ovn_revision_numbers_db [None req-93ef4e0b-309f-485a-8fc8-fda270f26924 4c27228305644455b7ae926ee4cd1298 01d175a65c4344d59a226aa3b0048c5c - - default default] Successfully bumped revision number for resource 49062998-4acd-4dd6-bbb4-35c07213aefa (type: floatingips) to 5
2026-04-23 09:03:50.477 10 INFO neutron.wsgi [None req-93ef4e0b-309f-485a-8fc8-fda270f26924 4c27228305644455b7ae926ee4cd1298 01d175a65c4344d59a226aa3b0048c5c - - default default] 10.0.0.191 "PUT /v2.0/floatingips/49062998-4acd-4dd6-bbb4-35c07213aefa HTTP/1.1" status: 200 len: 1049 time: 0.6722577 /var/lib/openstack/lib/python3.10/site-packages/pycadf/identifier.py:71: UserWarning: Invalid uuid: neutron. To ensure interoperability, identifiers should be a valid uuid. warnings.warn(('Invalid uuid: %s. To ensure interoperability, '
2026-04-23 09:03:50.545 9 INFO neutron.wsgi [None req-c9e7ac15-8f6e-4261-a9e4-dc757cf63d6c 4c27228305644455b7ae926ee4cd1298 01d175a65c4344d59a226aa3b0048c5c - - default default] 10.0.0.191 "GET /v2.0/floatingips/49062998-4acd-4dd6-bbb4-35c07213aefa HTTP/1.1" status: 200 len: 1051 time: 0.0640166
2026-04-23 09:03:51.891 10 INFO neutron.notifiers.nova [-] Nova event matching ['req-65e945a7-44b3-4638-a511-a7c006a1ece3'] response: {'name': 'network-changed', 'server_uuid': 'b9db773b-7dfb-4f58-aba9-64b85cc8039c', 'tag': 'a1688e44-e284-46b2-9832-1bc5a8101d33', 'status': 'completed', 'code': 200}
2026-04-23 09:03:51.977 9 INFO neutron.wsgi [req-ab2a059e-24c7-4252-b190-bf7497110d6e req-6b354d52-7d68-456d-a1a9-a58513c0e572 cf64eec04e2a4132a6152c1efa922e0c 6e3e603828d74104aebcf9cc2d58b42a - - f2cf2090b4f64ebeb315ff6b43a7bfb1 f2cf2090b4f64ebeb315ff6b43a7bfb1] 199.19.213.141 "GET /v2.0/ports?tenant_id=01d175a65c4344d59a226aa3b0048c5c&device_id=b9db773b-7dfb-4f58-aba9-64b85cc8039c HTTP/1.1" status: 200 len: 1409 time: 0.0543673
2026-04-23 09:03:52.047 9 INFO neutron.wsgi [req-ab2a059e-24c7-4252-b190-bf7497110d6e req-ae4df3ac-efd5-4941-9048-d6b72c188971 cf64eec04e2a4132a6152c1efa922e0c 6e3e603828d74104aebcf9cc2d58b42a - - f2cf2090b4f64ebeb315ff6b43a7bfb1 f2cf2090b4f64ebeb315ff6b43a7bfb1] 199.19.213.141 "GET /v2.0/networks?id=c2ad0585-8740-4290-8d47-a55691c8c7f1 HTTP/1.1" status: 200 len: 958 time: 0.0646589
2026-04-23 09:03:52.114 9 INFO neutron.wsgi [req-ab2a059e-24c7-4252-b190-bf7497110d6e req-0b236094-641d-4e1e-8ece-45ef77091052 cf64eec04e2a4132a6152c1efa922e0c 6e3e603828d74104aebcf9cc2d58b42a - - f2cf2090b4f64ebeb315ff6b43a7bfb1 f2cf2090b4f64ebeb315ff6b43a7bfb1] 199.19.213.141 "GET /v2.0/floatingips?fixed_ip_address=10.100.0.4&port_id=a1688e44-e284-46b2-9832-1bc5a8101d33 HTTP/1.1" status: 200 len: 1059 time: 0.0606081
2026-04-23 09:03:52.158 9 INFO neutron.wsgi [req-ab2a059e-24c7-4252-b190-bf7497110d6e req-2d13c4fa-c4de-4f34-b022-9aab21fd4057 cf64eec04e2a4132a6152c1efa922e0c 6e3e603828d74104aebcf9cc2d58b42a - - f2cf2090b4f64ebeb315ff6b43a7bfb1 f2cf2090b4f64ebeb315ff6b43a7bfb1] 199.19.213.141 "GET /v2.0/subnets?id=5624fd82-be07-4056-bd51-48b528c16297 HTTP/1.1" status: 200 len: 853 time: 0.0361784
2026-04-23 09:03:52.194 9 INFO neutron.wsgi [req-ab2a059e-24c7-4252-b190-bf7497110d6e req-a1781932-435e-4e41-8411-df8a7be04264 cf64eec04e2a4132a6152c1efa922e0c 6e3e603828d74104aebcf9cc2d58b42a - - f2cf2090b4f64ebeb315ff6b43a7bfb1 f2cf2090b4f64ebeb315ff6b43a7bfb1] 199.19.213.141 "GET /v2.0/ports?network_id=c2ad0585-8740-4290-8d47-a55691c8c7f1&device_owner=network%3Adhcp HTTP/1.1" status: 200 len: 210 time: 0.0285709
2026-04-23 09:03:52.272 9 INFO neutron.wsgi [req-ab2a059e-24c7-4252-b190-bf7497110d6e req-9747c46c-43d3-47c9-8242-85456bd39b16 cf64eec04e2a4132a6152c1efa922e0c 6e3e603828d74104aebcf9cc2d58b42a - - f2cf2090b4f64ebeb315ff6b43a7bfb1 f2cf2090b4f64ebeb315ff6b43a7bfb1] 199.19.213.141 "GET /v2.0/networks/c2ad0585-8740-4290-8d47-a55691c8c7f1?fields=segments HTTP/1.1" status: 200 len: 212 time: 0.0712156
2026-04-23 09:03:52.356 9 INFO neutron.wsgi [req-ab2a059e-24c7-4252-b190-bf7497110d6e req-5a3921b5-5cdf-4281-aced-86cfd61fd30c cf64eec04e2a4132a6152c1efa922e0c 6e3e603828d74104aebcf9cc2d58b42a - - f2cf2090b4f64ebeb315ff6b43a7bfb1 f2cf2090b4f64ebeb315ff6b43a7bfb1] 199.19.213.141 "GET /v2.0/networks/c2ad0585-8740-4290-8d47-a55691c8c7f1?fields=provider%3Aphysical_network&fields=provider%3Anetwork_type HTTP/1.1" status: 200 len: 277 time: 0.0765395
2026-04-23 09:03:53.687 10 INFO neutron.db.ovn_revision_numbers_db [None req-846af7b8-a664-49bf-bd40-df24d04925a0 2d874a480f6b48979b35e2224ab8df37 80904783ced34c1cab0fb022328fde3c - - default default] Successfully bumped revision number for resource 62a8bdfb-c428-4959-8ae7-80fd75e5b1e4 (type: security_groups) to 1
2026-04-23 09:03:53.702 10 INFO neutron.db.ovn_revision_numbers_db [None req-846af7b8-a664-49bf-bd40-df24d04925a0 2d874a480f6b48979b35e2224ab8df37 80904783ced34c1cab0fb022328fde3c - - default default] Successfully bumped revision number for resource 18688681-4889-4560-99e8-4591e34cfa2d (type: security_group_rules) to 0
2026-04-23 09:03:53.718 10 INFO neutron.db.ovn_revision_numbers_db [None req-846af7b8-a664-49bf-bd40-df24d04925a0 2d874a480f6b48979b35e2224ab8df37 80904783ced34c1cab0fb022328fde3c - - default default] Successfully bumped revision number for resource 85486a0d-e13e-48e0-ab5b-4c142c9314c0 (type: security_group_rules) to 0
2026-04-23 09:03:53.745 10 INFO neutron.db.ovn_revision_numbers_db [None req-846af7b8-a664-49bf-bd40-df24d04925a0 2d874a480f6b48979b35e2224ab8df37 80904783ced34c1cab0fb022328fde3c - - default default] Successfully bumped revision number for resource 9276ba57-2aeb-417e-afa1-69f3ec7016cd (type: security_group_rules) to 0
2026-04-23 09:03:53.762 10 INFO neutron.db.ovn_revision_numbers_db [None req-846af7b8-a664-49bf-bd40-df24d04925a0 2d874a480f6b48979b35e2224ab8df37 80904783ced34c1cab0fb022328fde3c - - default default] Successfully bumped revision number for resource d47a5e81-3f66-451f-93d1-aa7e4953b35c (type: security_group_rules) to 0
2026-04-23 09:03:53.788 10 INFO neutron.wsgi [None req-846af7b8-a664-49bf-bd40-df24d04925a0 2d874a480f6b48979b35e2224ab8df37 80904783ced34c1cab0fb022328fde3c - - default default] 10.0.0.191 "GET /v2.0/security-groups?tenant_id=5ac2a15033314c4b91b772ba01c4cd15&name=default HTTP/1.1" status: 200 len: 3000 time: 0.4144516
2026-04-23 09:03:54.001 10 INFO neutron.wsgi [None req-4d01b2df-bf43-4ad2-9ca0-2d7f1d310e61 2d874a480f6b48979b35e2224ab8df37 80904783ced34c1cab0fb022328fde3c - - default default] 10.0.0.191 "DELETE /v2.0/security-groups/62a8bdfb-c428-4959-8ae7-80fd75e5b1e4 HTTP/1.1" status: 204 len: 168 time: 0.2073321
2026-04-23 09:03:54.096 9 INFO neutron.wsgi [-] 10.0.0.224 "GET / HTTP/1.1" status: 200 len: 246 time: 0.0020134
2026-04-23 09:03:54.096 10 INFO neutron.wsgi [-] 10.0.0.224 "GET / HTTP/1.1" status: 200 len: 246 time: 0.0020857
2026-04-23 09:03:54.226 10 INFO neutron.db.ovn_revision_numbers_db [None req-a8f1bd6b-fb44-455e-8a85-eb2823d49d48 2d874a480f6b48979b35e2224ab8df37 80904783ced34c1cab0fb022328fde3c - - default default] Successfully bumped revision number for resource 12b62b8a-9865-404f-8871-0f98ea3dd058 (type: security_groups) to 1
2026-04-23 09:03:54.241 10 INFO neutron.db.ovn_revision_numbers_db [None req-a8f1bd6b-fb44-455e-8a85-eb2823d49d48 2d874a480f6b48979b35e2224ab8df37 80904783ced34c1cab0fb022328fde3c - - default default] Successfully bumped revision number for resource 893ee624-dbcc-456d-87e7-2daab996c575 (type: security_group_rules) to 0
2026-04-23 09:03:54.255 10 INFO neutron.db.ovn_revision_numbers_db [None req-a8f1bd6b-fb44-455e-8a85-eb2823d49d48 2d874a480f6b48979b35e2224ab8df37 80904783ced34c1cab0fb022328fde3c - - default default] Successfully bumped revision number for resource 90de2035-d051-4fde-a290-f50ca23306dd (type: security_group_rules) to 0
2026-04-23 09:03:54.269 10 INFO neutron.db.ovn_revision_numbers_db [None req-a8f1bd6b-fb44-455e-8a85-eb2823d49d48 2d874a480f6b48979b35e2224ab8df37 80904783ced34c1cab0fb022328fde3c - - default default] Successfully bumped revision number for resource 94768d13-86df-4ea4-93f4-8bf3173440d1 (type: security_group_rules) to 0
2026-04-23 09:03:54.284 10 INFO neutron.db.ovn_revision_numbers_db [None req-a8f1bd6b-fb44-455e-8a85-eb2823d49d48 2d874a480f6b48979b35e2224ab8df37 80904783ced34c1cab0fb022328fde3c - - default default] Successfully bumped revision number for resource aae4c59f-44f4-48b4-b5fd-60787ff38097 (type: security_group_rules) to 0
2026-04-23 09:03:54.311 10 INFO neutron.wsgi [None req-a8f1bd6b-fb44-455e-8a85-eb2823d49d48 2d874a480f6b48979b35e2224ab8df37 80904783ced34c1cab0fb022328fde3c - - default default] 10.0.0.191 "GET /v2.0/security-groups?tenant_id=79815b2f53b54f9e805a5e1f585b3ef8&name=default HTTP/1.1" status: 200 len: 3000 time: 0.2101915
2026-04-23 09:03:54.512 10 INFO neutron.wsgi [None req-f9172e3e-c882-4688-9e12-3f90a7443f62 2d874a480f6b48979b35e2224ab8df37 80904783ced34c1cab0fb022328fde3c - - default default] 10.0.0.191 "DELETE /v2.0/security-groups/12b62b8a-9865-404f-8871-0f98ea3dd058 HTTP/1.1" status: 204 len: 168 time: 0.1971798
2026-04-23 09:03:56.154 10 INFO neutron.wsgi [None req-77277f46-2024-43cc-929c-efe4e01c662e 2d874a480f6b48979b35e2224ab8df37 80904783ced34c1cab0fb022328fde3c - - default default] 10.0.0.232 "GET /v2.0/agents HTTP/1.1" status: 200 len: 997 time: 0.2180717
