2026-04-23 08:59:50.364 10 INFO neutron.wsgi [req-132c8a35-6239-405e-9184-5c92e16cef03 req-a94b934c-55ae-4fb3-877c-3fc695dbf79a 8990764742e14c079696f713175a946c 66b8b413dc1c4053bb2c27856cfbabec - - default default] 10.0.0.223 "GET /v2.0/ports?device_id=cf9412c5-35b8-4b17-8adc-d61852f388c4 HTTP/1.1" status: 200 len: 1168 time: 0.0844729
2026-04-23 08:59:50.394 10 INFO neutron.db.ovn_revision_numbers_db [req-91f85a6d-7218-4eda-8453-8df56e1fcc22 req-61a4930e-0771-4074-89c8-789989ed3220 cf64eec04e2a4132a6152c1efa922e0c 6e3e603828d74104aebcf9cc2d58b42a - - f2cf2090b4f64ebeb315ff6b43a7bfb1 f2cf2090b4f64ebeb315ff6b43a7bfb1] Successfully bumped revision number for resource 84b4cc36-fbe9-41fa-8b46-7f33b9def915 (type: ports) to 2
2026-04-23 08:59:50.420 9 INFO neutron.services.segments.plugin [-] Segment 30fa30a6-64e2-41c7-80f9-46736072cbb1 resource provider aggregate not found
2026-04-23 08:59:50.429 10 INFO neutron.wsgi [req-91f85a6d-7218-4eda-8453-8df56e1fcc22 req-61a4930e-0771-4074-89c8-789989ed3220 cf64eec04e2a4132a6152c1efa922e0c 6e3e603828d74104aebcf9cc2d58b42a - - f2cf2090b4f64ebeb315ff6b43a7bfb1 f2cf2090b4f64ebeb315ff6b43a7bfb1] 199.19.213.141 "PUT /v2.0/ports/84b4cc36-fbe9-41fa-8b46-7f33b9def915 HTTP/1.1" status: 200 len: 1380 time: 1.3273587
2026-04-23 08:59:50.454 9 INFO neutron.services.segments.plugin [-] Segment 30fa30a6-64e2-41c7-80f9-46736072cbb1 resource provider not found; error: Placement Client Error (4xx): {"errors": [{"status": 404, "title": "Not Found", "detail": "The resource could not be found.\n\n No resource provider with uuid 30fa30a6-64e2-41c7-80f9-46736072cbb1 found for delete ", "request_id": "req-f31ada1f-46a2-4a13-943e-3507ab9d4d77"}]}
2026-04-23 08:59:50.461 10 INFO neutron.wsgi [req-132c8a35-6239-405e-9184-5c92e16cef03 req-c989f54c-4a44-4e0e-8846-bfbdd435ba9b 8990764742e14c079696f713175a946c 66b8b413dc1c4053bb2c27856cfbabec - - default default] 10.0.0.223 "GET /v2.0/security-groups?id=bfd6fbe6-acf5-4aef-b8b2-0d723f8c602d&fields=id&fields=name HTTP/1.1" status: 200 len: 286 time: 0.0902739
2026-04-23 08:59:50.466 9 INFO neutron.wsgi [req-45faa4f1-fffb-4ed0-b350-c71ef7187baa req-fd7510d3-5fe8-4cc3-93ce-bc90728f4423 cf64eec04e2a4132a6152c1efa922e0c 6e3e603828d74104aebcf9cc2d58b42a - - f2cf2090b4f64ebeb315ff6b43a7bfb1 f2cf2090b4f64ebeb315ff6b43a7bfb1] 199.19.213.141 "GET /v2.0/networks/37b266cb-852e-4b16-9355-ca94497d9740?fields=segments HTTP/1.1" status: 200 len: 212 time: 0.1057858
2026-04-23 08:59:50.521 9 INFO neutron.wsgi [None req-f88c7541-bfc0-4f17-a69e-d833229fb21b 2d874a480f6b48979b35e2224ab8df37 80904783ced34c1cab0fb022328fde3c - - default default] 10.0.0.191 "DELETE /v2.0/security-groups/8e5297b9-cd85-4ca2-b037-f9d28c5ede6f HTTP/1.1" status: 204 len: 168 time: 0.4407837
2026-04-23 08:59:50.566 10 INFO neutron.wsgi [req-91f85a6d-7218-4eda-8453-8df56e1fcc22 req-aa50a82f-2504-4ca5-a0a3-5d9c2ca31b0d cf64eec04e2a4132a6152c1efa922e0c 6e3e603828d74104aebcf9cc2d58b42a - - f2cf2090b4f64ebeb315ff6b43a7bfb1 f2cf2090b4f64ebeb315ff6b43a7bfb1] 199.19.213.141 "GET /v2.0/ports?tenant_id=aa32a47b802546cf83cfebc8ddd86afa&device_id=ba1bee7c-e494-4b5c-8ec9-db9dcbbdf358 HTTP/1.1" status: 200 len: 1411 time: 0.0642414
2026-04-23 08:59:50.587 9 INFO neutron.wsgi [req-45faa4f1-fffb-4ed0-b350-c71ef7187baa req-f04cbd9c-9366-4a03-9a5d-9d0e92a3c448 cf64eec04e2a4132a6152c1efa922e0c 6e3e603828d74104aebcf9cc2d58b42a - - f2cf2090b4f64ebeb315ff6b43a7bfb1 f2cf2090b4f64ebeb315ff6b43a7bfb1] 199.19.213.141 "GET /v2.0/networks/37b266cb-852e-4b16-9355-ca94497d9740?fields=provider%3Aphysical_network&fields=provider%3Anetwork_type HTTP/1.1" status: 200 len: 277 time: 0.0853822
2026-04-23 08:59:50.633 10 INFO neutron.wsgi [req-91f85a6d-7218-4eda-8453-8df56e1fcc22 req-e62cefe6-92fc-4409-90b1-fd623300066f cf64eec04e2a4132a6152c1efa922e0c 6e3e603828d74104aebcf9cc2d58b42a - - f2cf2090b4f64ebeb315ff6b43a7bfb1 f2cf2090b4f64ebeb315ff6b43a7bfb1] 199.19.213.141 "GET /v2.0/floatingips?fixed_ip_address=10.100.0.13&port_id=84b4cc36-fbe9-41fa-8b46-7f33b9def915 HTTP/1.1" status: 200 len: 217 time: 0.0480318
2026-04-23 08:59:50.658 9 INFO neutron.services.segments.plugin [-] Segment 30fa30a6-64e2-41c7-80f9-46736072cbb1 resource provider aggregate not found
2026-04-23 08:59:50.681 9 INFO neutron.services.segments.plugin [-] Segment 30fa30a6-64e2-41c7-80f9-46736072cbb1 resource provider not found; error: Placement Client Error (4xx): {"errors": [{"status": 404, "title": "Not Found", "detail": "The resource could not be found.\n\n No resource provider with uuid 30fa30a6-64e2-41c7-80f9-46736072cbb1 found for delete ", "request_id": "req-08663e81-6677-4313-afed-aa26748e5698"}]}
2026-04-23 08:59:50.705 10 INFO neutron.wsgi [req-91f85a6d-7218-4eda-8453-8df56e1fcc22 req-f97107e7-84a7-4ef3-af67-db2d400d4fe7 cf64eec04e2a4132a6152c1efa922e0c 6e3e603828d74104aebcf9cc2d58b42a - - f2cf2090b4f64ebeb315ff6b43a7bfb1 f2cf2090b4f64ebeb315ff6b43a7bfb1] 199.19.213.141 "GET /v2.0/subnets?id=25e1b471-8bb3-4e25-9137-12e72801f3f3 HTTP/1.1" status: 200 len: 877 time: 0.0609450
2026-04-23 08:59:50.753 10 INFO neutron.wsgi [req-91f85a6d-7218-4eda-8453-8df56e1fcc22 req-bab21287-d178-4a0e-86d9-8d738666c0d1 cf64eec04e2a4132a6152c1efa922e0c 6e3e603828d74104aebcf9cc2d58b42a - - f2cf2090b4f64ebeb315ff6b43a7bfb1 f2cf2090b4f64ebeb315ff6b43a7bfb1] 199.19.213.141 "GET /v2.0/ports?network_id=c9c496d9-0163-4d32-bb49-ecc8b4d3c2a5&device_owner=network%3Adhcp HTTP/1.1" status: 200 len: 210 time: 0.0315015
2026-04-23 08:59:50.768 9 INFO neutron.notifiers.nova [-] Nova event matching ['req-baf96770-8d6d-414f-8c3e-289e2e99be5a'] response: {'name': 'network-changed', 'server_uuid': 'cf9412c5-35b8-4b17-8adc-d61852f388c4', 'tag': 'db4e2049-dcf4-40b7-b758-8d3ada386918', 'status': 'completed', 'code': 200}
2026-04-23 08:59:50.787 10 INFO neutron.wsgi [req-c7481739-b37b-4a75-85a9-4e19c871c1c7 req-c0a85a9b-7343-4d93-b2a9-eae922f93f46 164b4954926f49689fae734503c7889f aa32a47b802546cf83cfebc8ddd86afa - - default default] 10.0.0.223 "GET /v2.0/ports?device_id=ba1bee7c-e494-4b5c-8ec9-db9dcbbdf358 HTTP/1.1" status: 200 len: 1172 time: 0.1854882
2026-04-23 08:59:50.852 10 INFO neutron.wsgi [req-c7481739-b37b-4a75-85a9-4e19c871c1c7 req-03752248-d65f-4782-abc0-54c2bce634ed 164b4954926f49689fae734503c7889f aa32a47b802546cf83cfebc8ddd86afa - - default default] 10.0.0.223 "GET /v2.0/security-groups?id=513066d4-f516-4e75-89cd-50bafc39603c&fields=id&fields=name HTTP/1.1" status: 200 len: 312 time: 0.0568554
2026-04-23 08:59:50.861 10 INFO neutron.wsgi [req-91f85a6d-7218-4eda-8453-8df56e1fcc22 req-b4af551d-7e98-420e-9840-4d6d81d14d83 cf64eec04e2a4132a6152c1efa922e0c 6e3e603828d74104aebcf9cc2d58b42a - - f2cf2090b4f64ebeb315ff6b43a7bfb1 f2cf2090b4f64ebeb315ff6b43a7bfb1] 199.19.213.141 "GET /v2.0/networks/c9c496d9-0163-4d32-bb49-ecc8b4d3c2a5?fields=segments HTTP/1.1" status: 200 len: 212 time: 0.0971835
2026-04-23 08:59:50.949 9 INFO neutron.wsgi [req-c90fd9c1-66f3-4ded-944f-60c81217ef6e req-8010e33f-8ef5-46b6-aa2e-aebedae4079b cf64eec04e2a4132a6152c1efa922e0c 6e3e603828d74104aebcf9cc2d58b42a - - f2cf2090b4f64ebeb315ff6b43a7bfb1 f2cf2090b4f64ebeb315ff6b43a7bfb1] 199.19.213.141 "GET /v2.0/ports?tenant_id=66b8b413dc1c4053bb2c27856cfbabec&device_id=cf9412c5-35b8-4b17-8adc-d61852f388c4 HTTP/1.1" status: 200 len: 1407 time: 0.0518816
2026-04-23 08:59:50.988 10 INFO neutron.wsgi [req-91f85a6d-7218-4eda-8453-8df56e1fcc22 req-0b921d8c-d960-4368-b1fe-1ab4add6894c cf64eec04e2a4132a6152c1efa922e0c 6e3e603828d74104aebcf9cc2d58b42a - - f2cf2090b4f64ebeb315ff6b43a7bfb1 f2cf2090b4f64ebeb315ff6b43a7bfb1] 199.19.213.141 "GET /v2.0/networks/c9c496d9-0163-4d32-bb49-ecc8b4d3c2a5?fields=provider%3Aphysical_network&fields=provider%3Anetwork_type HTTP/1.1" status: 200 len: 277 time: 0.0914598
2026-04-23 08:59:51.066 10 INFO neutron.notifiers.nova [-] Nova event matching ['req-b69ca471-24c0-4354-9c4a-cbce799b3bad'] response: {'name': 'network-changed', 'server_uuid': 'ba1bee7c-e494-4b5c-8ec9-db9dcbbdf358', 'tag': '84b4cc36-fbe9-41fa-8b46-7f33b9def915', 'status': 'completed', 'code': 200}
2026-04-23 08:59:51.085 9 INFO neutron.wsgi [req-c90fd9c1-66f3-4ded-944f-60c81217ef6e req-bc81a3db-3e8d-406c-a0f3-71d9f3d51574 cf64eec04e2a4132a6152c1efa922e0c 6e3e603828d74104aebcf9cc2d58b42a - - f2cf2090b4f64ebeb315ff6b43a7bfb1 f2cf2090b4f64ebeb315ff6b43a7bfb1] 199.19.213.141 "GET /v2.0/networks?id=37b266cb-852e-4b16-9355-ca94497d9740 HTTP/1.1" status: 200 len: 975 time: 0.1200104
2026-04-23 08:59:51.138 10 INFO neutron.wsgi [req-d03794d5-0118-4478-bf12-3c7649ac9dee req-aff2cb6b-ff53-4bb7-91f7-0d2ed4335877 cf64eec04e2a4132a6152c1efa922e0c 6e3e603828d74104aebcf9cc2d58b42a - - f2cf2090b4f64ebeb315ff6b43a7bfb1 f2cf2090b4f64ebeb315ff6b43a7bfb1] 199.19.213.141 "GET /v2.0/ports?tenant_id=aa32a47b802546cf83cfebc8ddd86afa&device_id=ba1bee7c-e494-4b5c-8ec9-db9dcbbdf358 HTTP/1.1" status: 200 len: 1411 time: 0.0430913
2026-04-23 08:59:51.209 10 INFO neutron.wsgi [req-d03794d5-0118-4478-bf12-3c7649ac9dee req-f5feef09-83f1-4571-bbde-ec0e566d9047 cf64eec04e2a4132a6152c1efa922e0c 6e3e603828d74104aebcf9cc2d58b42a - - f2cf2090b4f64ebeb315ff6b43a7bfb1 f2cf2090b4f64ebeb315ff6b43a7bfb1] 199.19.213.141 "GET /v2.0/networks?id=c9c496d9-0163-4d32-bb49-ecc8b4d3c2a5 HTTP/1.1" status: 200 len: 982 time: 0.0645347
2026-04-23 08:59:51.240 10 INFO neutron.wsgi [req-d03794d5-0118-4478-bf12-3c7649ac9dee req-95e20fbb-ded0-4433-8e7b-b2d087d45c8e cf64eec04e2a4132a6152c1efa922e0c 6e3e603828d74104aebcf9cc2d58b42a - - f2cf2090b4f64ebeb315ff6b43a7bfb1 f2cf2090b4f64ebeb315ff6b43a7bfb1] 199.19.213.141 "GET /v2.0/floatingips?fixed_ip_address=10.100.0.13&port_id=84b4cc36-fbe9-41fa-8b46-7f33b9def915 HTTP/1.1" status: 200 len: 217 time: 0.0249534
2026-04-23 08:59:51.290 10 INFO neutron.wsgi [req-d03794d5-0118-4478-bf12-3c7649ac9dee req-1ed3bafe-ca4e-4f13-9746-f1be78f580c5 cf64eec04e2a4132a6152c1efa922e0c 6e3e603828d74104aebcf9cc2d58b42a - - f2cf2090b4f64ebeb315ff6b43a7bfb1 f2cf2090b4f64ebeb315ff6b43a7bfb1] 199.19.213.141 "GET /v2.0/subnets?id=25e1b471-8bb3-4e25-9137-12e72801f3f3 HTTP/1.1" status: 200 len: 877 time: 0.0395982
2026-04-23 08:59:51.297 9 INFO neutron.wsgi [req-c90fd9c1-66f3-4ded-944f-60c81217ef6e req-22c94e1a-77c0-4a43-a66f-2e4cf6310c55 cf64eec04e2a4132a6152c1efa922e0c 6e3e603828d74104aebcf9cc2d58b42a - - f2cf2090b4f64ebeb315ff6b43a7bfb1 f2cf2090b4f64ebeb315ff6b43a7bfb1] 199.19.213.141 "GET /v2.0/floatingips?fixed_ip_address=10.100.0.9&port_id=db4e2049-dcf4-40b7-b758-8d3ada386918 HTTP/1.1" status: 200 len: 217 time: 0.2000184
2026-04-23 08:59:51.315 10 INFO neutron.wsgi [req-d03794d5-0118-4478-bf12-3c7649ac9dee req-38540bba-d8b6-4153-9489-1d6816c8b060 cf64eec04e2a4132a6152c1efa922e0c 6e3e603828d74104aebcf9cc2d58b42a - - f2cf2090b4f64ebeb315ff6b43a7bfb1 f2cf2090b4f64ebeb315ff6b43a7bfb1] 199.19.213.141 "GET /v2.0/ports?network_id=c9c496d9-0163-4d32-bb49-ecc8b4d3c2a5&device_owner=network%3Adhcp HTTP/1.1" status: 200 len: 210 time: 0.0210302
2026-04-23 08:59:51.322 9 INFO neutron.db.ovn_revision_numbers_db [None req-ca947b63-048b-4d6c-ab8e-2d9658576b41 2d874a480f6b48979b35e2224ab8df37 80904783ced34c1cab0fb022328fde3c - - default default] Successfully bumped revision number for resource ad126054-a233-40f7-bf62-7974f786cf5c (type: security_groups) to 1
2026-04-23 08:59:51.334 9 INFO neutron.wsgi [req-c90fd9c1-66f3-4ded-944f-60c81217ef6e req-41f35f6a-d347-4de6-840e-5e153238eb9f cf64eec04e2a4132a6152c1efa922e0c 6e3e603828d74104aebcf9cc2d58b42a - - f2cf2090b4f64ebeb315ff6b43a7bfb1 f2cf2090b4f64ebeb315ff6b43a7bfb1] 199.19.213.141 "GET /v2.0/subnets?id=004431f8-2a73-4ab6-afa5-e96ae4d6221e HTTP/1.1" status: 200 len: 870 time: 0.0304506
2026-04-23 08:59:51.352 9 INFO neutron.db.ovn_revision_numbers_db [None req-ca947b63-048b-4d6c-ab8e-2d9658576b41 2d874a480f6b48979b35e2224ab8df37 80904783ced34c1cab0fb022328fde3c - - default default] Successfully bumped revision number for resource 175db048-7380-4e68-bbed-f7a4baae0e36 (type: security_group_rules) to 0
2026-04-23 08:59:51.364 9 INFO neutron.wsgi [req-c90fd9c1-66f3-4ded-944f-60c81217ef6e req-50bbce08-4bd6-478e-8801-a1e5cdb86b4d cf64eec04e2a4132a6152c1efa922e0c 6e3e603828d74104aebcf9cc2d58b42a - - f2cf2090b4f64ebeb315ff6b43a7bfb1 f2cf2090b4f64ebeb315ff6b43a7bfb1] 199.19.213.141 "GET /v2.0/ports?network_id=37b266cb-852e-4b16-9355-ca94497d9740&device_owner=network%3Adhcp HTTP/1.1" status: 200 len: 210 time: 0.0237041
2026-04-23 08:59:51.381 9 INFO neutron.db.ovn_revision_numbers_db [None req-ca947b63-048b-4d6c-ab8e-2d9658576b41 2d874a480f6b48979b35e2224ab8df37 80904783ced34c1cab0fb022328fde3c - - default default] Successfully bumped revision number for resource 2fb0580a-8011-48c7-98a4-5a5e0811aae8 (type: security_group_rules) to 0
2026-04-23 08:59:51.393 10 INFO neutron.wsgi [req-d03794d5-0118-4478-bf12-3c7649ac9dee req-84e0326d-b66d-4c0c-9b46-793adf8648fd cf64eec04e2a4132a6152c1efa922e0c 6e3e603828d74104aebcf9cc2d58b42a - - f2cf2090b4f64ebeb315ff6b43a7bfb1 f2cf2090b4f64ebeb315ff6b43a7bfb1] 199.19.213.141 "GET /v2.0/networks/c9c496d9-0163-4d32-bb49-ecc8b4d3c2a5?fields=segments HTTP/1.1" status: 200 len: 212 time: 0.0697467
2026-04-23 08:59:51.414 9 INFO neutron.db.ovn_revision_numbers_db [None req-ca947b63-048b-4d6c-ab8e-2d9658576b41 2d874a480f6b48979b35e2224ab8df37 80904783ced34c1cab0fb022328fde3c - - default default] Successfully bumped revision number for resource 760670d5-6862-4328-9cca-5f678d37e3f7 (type: security_group_rules) to 0
2026-04-23 08:59:51.432 9 INFO neutron.db.ovn_revision_numbers_db [None req-ca947b63-048b-4d6c-ab8e-2d9658576b41 2d874a480f6b48979b35e2224ab8df37 80904783ced34c1cab0fb022328fde3c - - default default] Successfully bumped revision number for resource c9b23c1c-1c4b-4291-b9fc-06b249bff798 (type: security_group_rules) to 0
2026-04-23 08:59:51.443 9 INFO neutron.wsgi [req-c90fd9c1-66f3-4ded-944f-60c81217ef6e req-f5a31242-4f6d-456b-b743-be86e8e5c237 cf64eec04e2a4132a6152c1efa922e0c 6e3e603828d74104aebcf9cc2d58b42a - - f2cf2090b4f64ebeb315ff6b43a7bfb1 f2cf2090b4f64ebeb315ff6b43a7bfb1] 199.19.213.141 "GET /v2.0/networks/37b266cb-852e-4b16-9355-ca94497d9740?fields=segments HTTP/1.1" status: 200 len: 212 time: 0.0700860
2026-04-23 08:59:51.476 10 INFO neutron.wsgi [req-d03794d5-0118-4478-bf12-3c7649ac9dee req-3b646499-a042-4f60-9d54-175c26275126 cf64eec04e2a4132a6152c1efa922e0c 6e3e603828d74104aebcf9cc2d58b42a - - f2cf2090b4f64ebeb315ff6b43a7bfb1 f2cf2090b4f64ebeb315ff6b43a7bfb1] 199.19.213.141 "GET /v2.0/networks/c9c496d9-0163-4d32-bb49-ecc8b4d3c2a5?fields=provider%3Aphysical_network&fields=provider%3Anetwork_type HTTP/1.1" status: 200 len: 277 time: 0.0779529
2026-04-23 08:59:51.504 9 INFO neutron.db.segments_db [None req-ca947b63-048b-4d6c-ab8e-2d9658576b41 2d874a480f6b48979b35e2224ab8df37 80904783ced34c1cab0fb022328fde3c - - default default] Added segment 2e43c24e-09ba-48c9-864b-850bbaa89898 of type geneve for network 80e3e301-933d-4570-a24a-aead399fe2f1
2026-04-23 08:59:51.536 9 INFO neutron.wsgi [req-c90fd9c1-66f3-4ded-944f-60c81217ef6e req-7021171e-9068-49e8-ad67-f3d0a246167d cf64eec04e2a4132a6152c1efa922e0c 6e3e603828d74104aebcf9cc2d58b42a - - f2cf2090b4f64ebeb315ff6b43a7bfb1 f2cf2090b4f64ebeb315ff6b43a7bfb1] 199.19.213.141 "GET /v2.0/networks/37b266cb-852e-4b16-9355-ca94497d9740?fields=provider%3Aphysical_network&fields=provider%3Anetwork_type HTTP/1.1" status: 200 len: 277 time: 0.0867343
2026-04-23 08:59:51.666 10 INFO neutron.wsgi [req-9a7c63b3-9e86-4a38-a30d-36f8af402cfd req-abd728f6-9f63-4c90-89b8-c9482c01591b 8990764742e14c079696f713175a946c 66b8b413dc1c4053bb2c27856cfbabec - - default default] 10.0.0.223 "GET /v2.0/ports?device_id=cf9412c5-35b8-4b17-8adc-d61852f388c4 HTTP/1.1" status: 200 len: 1168 time: 0.1273503
2026-04-23 08:59:51.686 9 INFO neutron.db.ovn_revision_numbers_db [None req-ca947b63-048b-4d6c-ab8e-2d9658576b41 2d874a480f6b48979b35e2224ab8df37 80904783ced34c1cab0fb022328fde3c - - default default] Successfully bumped revision number for resource 80e3e301-933d-4570-a24a-aead399fe2f1 (type: networks) to 1
2026-04-23 08:59:51.709 10 INFO neutron.wsgi [req-9a7c63b3-9e86-4a38-a30d-36f8af402cfd req-56ea2e53-78dc-4275-9f38-cd98af4d8602 8990764742e14c079696f713175a946c 66b8b413dc1c4053bb2c27856cfbabec - - default default] 10.0.0.223 "GET /v2.0/security-groups?id=bfd6fbe6-acf5-4aef-b8b2-0d723f8c602d&fields=id&fields=name HTTP/1.1" status: 200 len: 286 time: 0.0377290
2026-04-23 08:59:51.853 9 WARNING neutron.scheduler.dhcp_agent_scheduler [None req-ca947b63-048b-4d6c-ab8e-2d9658576b41 2d874a480f6b48979b35e2224ab8df37 80904783ced34c1cab0fb022328fde3c - - default default] No more DHCP agents
2026-04-23 08:59:51.855 9 WARNING neutron.api.rpc.agentnotifiers.dhcp_rpc_agent_api [None req-ca947b63-048b-4d6c-ab8e-2d9658576b41 2d874a480f6b48979b35e2224ab8df37 80904783ced34c1cab0fb022328fde3c - - default default] Unable to schedule network 80e3e301-933d-4570-a24a-aead399fe2f1: no agents available; will retry on subsequent port and subnet creation events.
2026-04-23 08:59:51.884 10 WARNING neutron.plugins.ml2.drivers.ovn.mech_driver.ovsdb.ovn_client [None req-14ffa220-e7df-4ddd-aad4-ce2377e6fedb - - - - - -] No hosting information found for port 055992ab-efb1-4fdf-9052-5fe381759bb3: RuntimeError: No hosting information found for port 055992ab-efb1-4fdf-9052-5fe381759bb3
2026-04-23 08:59:51.885 10 INFO neutron.plugins.ml2.drivers.ovn.mech_driver.mech_driver [None req-14ffa220-e7df-4ddd-aad4-ce2377e6fedb - - - - - -] OVN reports status up for port: 900f5c15-440c-465f-89fd-0075c8fc12b7
2026-04-23 08:59:51.908 10 INFO neutron.plugins.ml2.drivers.ovn.mech_driver.mech_driver [None req-14ffa220-e7df-4ddd-aad4-ce2377e6fedb - - - - - -] OVN reports status up for port: 0de3c35e-d5a6-442f-91dd-e8a895d58e45
2026-04-23 08:59:51.926 10 INFO neutron.plugins.ml2.plugin [None req-14ffa220-e7df-4ddd-aad4-ce2377e6fedb - - - - - -] Attempt 1 to provision port 0de3c35e-d5a6-442f-91dd-e8a895d58e45
2026-04-23 08:59:51.942 9 INFO neutron.db.ovn_revision_numbers_db [None req-ca947b63-048b-4d6c-ab8e-2d9658576b41 2d874a480f6b48979b35e2224ab8df37 80904783ced34c1cab0fb022328fde3c - - default default] Successfully bumped revision number for resource 257488c1-d12d-472b-97b3-88980df3011a (type: ports) to 1
2026-04-23 08:59:51.971 10 INFO neutron.wsgi [req-051cd34d-fa6e-47e6-9f42-afd65a1f17e8 req-31f42196-58f1-4b92-b935-a913a050e17c 164b4954926f49689fae734503c7889f aa32a47b802546cf83cfebc8ddd86afa - - default default] 10.0.0.223 "GET /v2.0/ports?device_id=ba1bee7c-e494-4b5c-8ec9-db9dcbbdf358 HTTP/1.1" status: 200 len: 1172 time: 0.0458601
2026-04-23 08:59:51.974 9 INFO neutron.wsgi [None req-ca947b63-048b-4d6c-ab8e-2d9658576b41 2d874a480f6b48979b35e2224ab8df37 80904783ced34c1cab0fb022328fde3c - - default default] 10.0.0.191 "POST /v2.0/networks HTTP/1.1" status: 201 len: 943 time: 1.2868221
2026-04-23 08:59:52.069 10 INFO neutron.wsgi [req-051cd34d-fa6e-47e6-9f42-afd65a1f17e8 req-b3eb6d04-6ff8-4320-abc6-3a073354f2db 164b4954926f49689fae734503c7889f aa32a47b802546cf83cfebc8ddd86afa - - default default] 10.0.0.223 "GET /v2.0/security-groups?id=513066d4-f516-4e75-89cd-50bafc39603c&fields=id&fields=name HTTP/1.1" status: 200 len: 312 time: 0.0924633
2026-04-23 08:59:52.184 9 WARNING neutron.scheduler.dhcp_agent_scheduler [None req-64889f0b-40f4-4f8b-8a76-4a1818371c6e 2d874a480f6b48979b35e2224ab8df37 80904783ced34c1cab0fb022328fde3c - - default default] No more DHCP agents
2026-04-23 08:59:52.186 9 WARNING neutron.api.rpc.agentnotifiers.dhcp_rpc_agent_api [None req-64889f0b-40f4-4f8b-8a76-4a1818371c6e 2d874a480f6b48979b35e2224ab8df37 80904783ced34c1cab0fb022328fde3c - - default default] Unable to schedule network 80e3e301-933d-4570-a24a-aead399fe2f1: no agents available; will retry on subsequent port and subnet creation events.
2026-04-23 08:59:52.700 9 INFO neutron.db.ovn_revision_numbers_db [None req-64889f0b-40f4-4f8b-8a76-4a1818371c6e 2d874a480f6b48979b35e2224ab8df37 80904783ced34c1cab0fb022328fde3c - - default default] Successfully bumped revision number for resource 257488c1-d12d-472b-97b3-88980df3011a (type: ports) to 2
2026-04-23 08:59:52.752 9 INFO neutron.db.ovn_revision_numbers_db [None req-64889f0b-40f4-4f8b-8a76-4a1818371c6e 2d874a480f6b48979b35e2224ab8df37 80904783ced34c1cab0fb022328fde3c - - default default] Successfully bumped revision number for resource 698d644e-1e12-490e-ae7e-e2b9032f6348 (type: subnets) to 0
2026-04-23 08:59:52.781 9 INFO neutron.wsgi [None req-64889f0b-40f4-4f8b-8a76-4a1818371c6e 2d874a480f6b48979b35e2224ab8df37 80904783ced34c1cab0fb022328fde3c - - default default] 10.0.0.191 "POST /v2.0/subnets HTTP/1.1" status: 201 len: 864 time: 0.7957251
2026-04-23 08:59:52.797 10 INFO neutron.db.ovn_revision_numbers_db [None req-8b28ed65-d800-4d35-94f8-8744155f3742 2d874a480f6b48979b35e2224ab8df37 80904783ced34c1cab0fb022328fde3c - - default default] Successfully bumped revision number for resource 8cac716a-1acc-428e-b39c-d77fb08ddeef (type: security_groups) to 1
2026-04-23 08:59:52.813 10 INFO neutron.db.ovn_revision_numbers_db [None req-8b28ed65-d800-4d35-94f8-8744155f3742 2d874a480f6b48979b35e2224ab8df37 80904783ced34c1cab0fb022328fde3c - - default default] Successfully bumped revision number for resource 0a9163ac-a5b9-4994-b8d5-910712da7680 (type: security_group_rules) to 0
2026-04-23 08:59:52.863 10 INFO neutron.wsgi [req-889e7ee7-e544-4ee2-9570-70aa32a93836 req-9ea548cc-d522-41e3-b3f4-5a8ad28470eb 8990764742e14c079696f713175a946c 66b8b413dc1c4053bb2c27856cfbabec - - default default] 10.0.0.223 "GET /v2.0/ports?device_id=cf9412c5-35b8-4b17-8adc-d61852f388c4 HTTP/1.1" status: 200 len: 1168 time: 0.0504751
2026-04-23 08:59:52.931 10 INFO neutron.wsgi [req-889e7ee7-e544-4ee2-9570-70aa32a93836 req-1bd1c0d2-9558-421e-b7b8-af7d642490cc 8990764742e14c079696f713175a946c 66b8b413dc1c4053bb2c27856cfbabec - - default default] 10.0.0.223 "GET /v2.0/security-groups?id=bfd6fbe6-acf5-4aef-b8b2-0d723f8c602d&fields=id&fields=name HTTP/1.1" status: 200 len: 286 time: 0.0582047
2026-04-23 08:59:53.053 10 INFO neutron.db.ovn_revision_numbers_db [None req-8b28ed65-d800-4d35-94f8-8744155f3742 2d874a480f6b48979b35e2224ab8df37 80904783ced34c1cab0fb022328fde3c - - default default] Successfully bumped revision number for resource 354f59bc-d286-4c22-82f8-a5b7d7c491ef (type: security_group_rules) to 0
2026-04-23 08:59:53.071 10 INFO neutron.db.ovn_revision_numbers_db [None req-8b28ed65-d800-4d35-94f8-8744155f3742 2d874a480f6b48979b35e2224ab8df37 80904783ced34c1cab0fb022328fde3c - - default default] Successfully bumped revision number for resource c09060df-1b0d-4806-8c5e-110dbd89a83d (type: security_group_rules) to 0
2026-04-23 08:59:53.090 10 INFO neutron.db.ovn_revision_numbers_db [None req-8b28ed65-d800-4d35-94f8-8744155f3742 2d874a480f6b48979b35e2224ab8df37 80904783ced34c1cab0fb022328fde3c - - default default] Successfully bumped revision number for resource fd179401-8651-4b3c-95f9-0b6140f9855a (type: security_group_rules) to 0
2026-04-23 08:59:53.139 10 INFO neutron.db.segments_db [None req-8b28ed65-d800-4d35-94f8-8744155f3742 2d874a480f6b48979b35e2224ab8df37 80904783ced34c1cab0fb022328fde3c - - default default] Added segment b980d053-4c24-4d5d-854a-f5e8a531e5b0 of type geneve for network 460d2323-d179-4ff1-b267-eaee2f0ef0da
2026-04-23 08:59:53.212 10 INFO neutron.wsgi [req-3e1d840c-e8a2-4937-ab64-8ab6774f6cfd req-8efbf5d6-0f18-4b3b-b8d4-c2164bc9ba53 164b4954926f49689fae734503c7889f aa32a47b802546cf83cfebc8ddd86afa - - default default] 10.0.0.223 "GET /v2.0/ports?device_id=ba1bee7c-e494-4b5c-8ec9-db9dcbbdf358 HTTP/1.1" status: 200 len: 1172 time: 0.0579584
2026-04-23 08:59:53.325 10 INFO neutron.wsgi [req-3e1d840c-e8a2-4937-ab64-8ab6774f6cfd req-f02a573b-d3a3-40ec-a494-9bd5b16619eb 164b4954926f49689fae734503c7889f aa32a47b802546cf83cfebc8ddd86afa - - default default] 10.0.0.223 "GET /v2.0/security-groups?id=513066d4-f516-4e75-89cd-50bafc39603c&fields=id&fields=name HTTP/1.1" status: 200 len: 312 time: 0.0992708
2026-04-23 08:59:53.363 10 INFO neutron.db.ovn_revision_numbers_db [None req-8b28ed65-d800-4d35-94f8-8744155f3742 2d874a480f6b48979b35e2224ab8df37 80904783ced34c1cab0fb022328fde3c - - default default] Successfully bumped revision number for resource 460d2323-d179-4ff1-b267-eaee2f0ef0da (type: networks) to 1
2026-04-23 08:59:53.535 9 WARNING neutron.scheduler.dhcp_agent_scheduler [None req-04260289-eed0-4d7c-8733-bd7f87ab9818 2d874a480f6b48979b35e2224ab8df37 80904783ced34c1cab0fb022328fde3c - - default default] No more DHCP agents
2026-04-23 08:59:53.538 9 WARNING neutron.api.rpc.agentnotifiers.dhcp_rpc_agent_api [None req-04260289-eed0-4d7c-8733-bd7f87ab9818 2d874a480f6b48979b35e2224ab8df37 80904783ced34c1cab0fb022328fde3c - - default default] Unable to schedule network 394cfd03-b05d-4452-afc3-f0331c1b50be: no agents available; will retry on subsequent port and subnet creation events.
2026-04-23 08:59:53.579 10 WARNING neutron.scheduler.dhcp_agent_scheduler [None req-8b28ed65-d800-4d35-94f8-8744155f3742 2d874a480f6b48979b35e2224ab8df37 80904783ced34c1cab0fb022328fde3c - - default default] No more DHCP agents
2026-04-23 08:59:53.583 10 WARNING neutron.api.rpc.agentnotifiers.dhcp_rpc_agent_api [None req-8b28ed65-d800-4d35-94f8-8744155f3742 2d874a480f6b48979b35e2224ab8df37 80904783ced34c1cab0fb022328fde3c - - default default] Unable to schedule network 460d2323-d179-4ff1-b267-eaee2f0ef0da: no agents available; will retry on subsequent port and subnet creation events.
2026-04-23 08:59:53.679 10 INFO neutron.db.ovn_revision_numbers_db [None req-8b28ed65-d800-4d35-94f8-8744155f3742 2d874a480f6b48979b35e2224ab8df37 80904783ced34c1cab0fb022328fde3c - - default default] Successfully bumped revision number for resource e78ffff8-d518-43ac-8978-cf8435ee59f6 (type: ports) to 1
2026-04-23 08:59:53.731 10 INFO neutron.wsgi [None req-8b28ed65-d800-4d35-94f8-8744155f3742 2d874a480f6b48979b35e2224ab8df37 80904783ced34c1cab0fb022328fde3c - - default default] 10.0.0.191 "POST /v2.0/networks HTTP/1.1" status: 201 len: 949 time: 1.3033552
2026-04-23 08:59:53.736 9 INFO neutron.db.ovn_revision_numbers_db [None req-04260289-eed0-4d7c-8733-bd7f87ab9818 2d874a480f6b48979b35e2224ab8df37 80904783ced34c1cab0fb022328fde3c - - default default] Successfully bumped revision number for resource b957d38a-b22c-4010-8d74-89fd1fbbf98f (type: ports) to 1
2026-04-23 08:59:53.742 9 INFO neutron.plugins.ml2.drivers.ovn.mech_driver.mech_driver [None req-783ddb92-8062-4664-9a68-f9c9037dddb4 - - - - - -] OVN reports status up for port: db4e2049-dcf4-40b7-b758-8d3ada386918
2026-04-23 08:59:53.771 10 INFO neutron.plugins.ml2.drivers.ovn.mech_driver.mech_driver [None req-14ffa220-e7df-4ddd-aad4-ce2377e6fedb - - - - - -] OVN reports status up for port: 84b4cc36-fbe9-41fa-8b46-7f33b9def915
2026-04-23 08:59:53.786 10 INFO neutron.plugins.ml2.plugin [None req-14ffa220-e7df-4ddd-aad4-ce2377e6fedb - - - - - -] Attempt 1 to provision port 84b4cc36-fbe9-41fa-8b46-7f33b9def915
2026-04-23 08:59:53.799 9 INFO neutron.plugins.ml2.plugin [None req-783ddb92-8062-4664-9a68-f9c9037dddb4 - - - - - -] Attempt 1 to provision port db4e2049-dcf4-40b7-b758-8d3ada386918
2026-04-23 08:59:53.985 10 INFO neutron.notifiers.nova [-] Nova event matching ['req-dd3c3d4b-a38a-4a02-bdd7-f719821dde18'] response: {'server_uuid': 'ba1bee7c-e494-4b5c-8ec9-db9dcbbdf358', 'name': 'network-vif-plugged', 'status': 'completed', 'tag': '84b4cc36-fbe9-41fa-8b46-7f33b9def915', 'code': 200}
2026-04-23 08:59:54.077 9 INFO neutron.notifiers.nova [-] Nova event matching ['req-5dd70e97-0cdd-40e5-8744-808fd7e5cd7c'] response: {'server_uuid': 'cf9412c5-35b8-4b17-8adc-d61852f388c4', 'name': 'network-vif-plugged', 'status': 'completed', 'tag': 'db4e2049-dcf4-40b7-b758-8d3ada386918', 'code': 200}
2026-04-23 08:59:54.095 10 INFO neutron.wsgi [req-ebf46515-9c11-4967-8fe5-7363f73265dd req-8efeb059-4c6c-4f47-ab30-5a80e214844e 8990764742e14c079696f713175a946c 66b8b413dc1c4053bb2c27856cfbabec - - default default] 10.0.0.223 "GET /v2.0/ports?device_id=cf9412c5-35b8-4b17-8adc-d61852f388c4 HTTP/1.1" status: 200 len: 1170 time: 0.0535977
2026-04-23 08:59:54.098 10 INFO neutron.wsgi [-] 10.0.0.224 "GET / HTTP/1.1" status: 200 len: 246 time: 0.0017846
2026-04-23 08:59:54.102 9 INFO neutron.wsgi [-] 10.0.0.224 "GET / HTTP/1.1" status: 200 len: 246 time: 0.0021615
2026-04-23 08:59:54.159 10 INFO neutron.wsgi [req-ebf46515-9c11-4967-8fe5-7363f73265dd req-2d62e311-cb10-4541-a166-0d7a0ab6b59c 8990764742e14c079696f713175a946c 66b8b413dc1c4053bb2c27856cfbabec - - default default] 10.0.0.223 "GET /v2.0/security-groups?id=bfd6fbe6-acf5-4aef-b8b2-0d723f8c602d&fields=id&fields=name HTTP/1.1" status: 200 len: 286 time: 0.0551977
2026-04-23 08:59:54.222 10 INFO neutron.db.ovn_revision_numbers_db [None req-14ffa220-e7df-4ddd-aad4-ce2377e6fedb - - - - - -] Successfully bumped revision number for resource 84b4cc36-fbe9-41fa-8b46-7f33b9def915 (type: ports) to 4
2026-04-23 08:59:54.408 9 WARNING neutron.scheduler.dhcp_agent_scheduler [None req-215a81f4-bbec-4183-9932-3e7b28486fef 2d874a480f6b48979b35e2224ab8df37 80904783ced34c1cab0fb022328fde3c - - default default] No more DHCP agents /var/lib/openstack/lib/python3.10/site-packages/pycadf/identifier.py:71: UserWarning: Invalid uuid: neutron. To ensure interoperability, identifiers should be a valid uuid. warnings.warn(('Invalid uuid: %s. To ensure interoperability, '
2026-04-23 08:59:54.417 9 WARNING neutron.api.rpc.agentnotifiers.dhcp_rpc_agent_api [None req-215a81f4-bbec-4183-9932-3e7b28486fef 2d874a480f6b48979b35e2224ab8df37 80904783ced34c1cab0fb022328fde3c - - default default] Unable to schedule network 460d2323-d179-4ff1-b267-eaee2f0ef0da: no agents available; will retry on subsequent port and subnet creation events.
2026-04-23 08:59:54.458 10 INFO neutron.wsgi [req-bae08ff9-34de-42a1-9d75-01d200c77b8d req-d99a756e-840c-4bcd-99ed-6c96dc792aeb 164b4954926f49689fae734503c7889f aa32a47b802546cf83cfebc8ddd86afa - - default default] 10.0.0.223 "GET /v2.0/ports?device_id=ba1bee7c-e494-4b5c-8ec9-db9dcbbdf358 HTTP/1.1" status: 200 len: 1174 time: 0.0497832
2026-04-23 08:59:54.512 10 INFO neutron.wsgi [req-bae08ff9-34de-42a1-9d75-01d200c77b8d req-691d63ab-ac12-4eb0-8992-871513d312d4 164b4954926f49689fae734503c7889f aa32a47b802546cf83cfebc8ddd86afa - - default default] 10.0.0.223 "GET /v2.0/security-groups?id=513066d4-f516-4e75-89cd-50bafc39603c&fields=id&fields=name HTTP/1.1" status: 200 len: 312 time: 0.0461054
2026-04-23 08:59:54.776 9 INFO neutron.db.ovn_revision_numbers_db [None req-783ddb92-8062-4664-9a68-f9c9037dddb4 - - - - - -] Successfully bumped revision number for resource db4e2049-dcf4-40b7-b758-8d3ada386918 (type: ports) to 4
2026-04-23 08:59:55.089 9 INFO neutron.plugins.ml2.drivers.ovn.mech_driver.mech_driver [None req-783ddb92-8062-4664-9a68-f9c9037dddb4 - - - - - -] OVN reports status up for port: b957d38a-b22c-4010-8d74-89fd1fbbf98f
2026-04-23 08:59:55.105 10 INFO neutron.plugins.ml2.drivers.ovn.mech_driver.ovsdb.ovsdb_monitor [None req-e38fb94c-f976-4949-a23b-10a185b577d8 - - - - - -] Router 05964d1e-5d2f-4fb6-b62c-f22d7a95f09a is bound to host instance
2026-04-23 08:59:55.113 9 INFO neutron.plugins.ml2.plugin [None req-783ddb92-8062-4664-9a68-f9c9037dddb4 - - - - - -] Attempt 1 to provision port b957d38a-b22c-4010-8d74-89fd1fbbf98f
2026-04-23 08:59:55.160 9 INFO neutron.db.ovn_revision_numbers_db [None req-04260289-eed0-4d7c-8733-bd7f87ab9818 2d874a480f6b48979b35e2224ab8df37 80904783ced34c1cab0fb022328fde3c - - default default] Successfully bumped revision number for resource b957d38a-b22c-4010-8d74-89fd1fbbf98f (type: router_ports) to 1
2026-04-23 08:59:55.269 9 INFO neutron.db.ovn_revision_numbers_db [None req-04260289-eed0-4d7c-8733-bd7f87ab9818 2d874a480f6b48979b35e2224ab8df37 80904783ced34c1cab0fb022328fde3c - - default default] Successfully bumped revision number for resource 05964d1e-5d2f-4fb6-b62c-f22d7a95f09a (type: routers) to 2
2026-04-23 08:59:55.276 10 INFO neutron.wsgi [req-80bff7f4-0c3a-46ef-ae9e-9f5a94be1acb req-a515d75c-2c71-4696-b559-f0a31273d017 8990764742e14c079696f713175a946c 66b8b413dc1c4053bb2c27856cfbabec - - default default] 10.0.0.223 "GET /v2.0/ports?device_id=cf9412c5-35b8-4b17-8adc-d61852f388c4 HTTP/1.1" status: 200 len: 1170 time: 0.0428290
2026-04-23 08:59:55.301 9 INFO neutron.wsgi [None req-04260289-eed0-4d7c-8733-bd7f87ab9818 2d874a480f6b48979b35e2224ab8df37 80904783ced34c1cab0fb022328fde3c - - default default] 10.0.0.191 "POST /v2.0/routers HTTP/1.1" status: 201 len: 875 time: 2.5102468 /var/lib/openstack/lib/python3.10/site-packages/pycadf/identifier.py:71: UserWarning: Invalid uuid: neutron. To ensure interoperability, identifiers should be a valid uuid. warnings.warn(('Invalid uuid: %s. To ensure interoperability, '
2026-04-23 08:59:55.339 10 INFO neutron.wsgi [req-80bff7f4-0c3a-46ef-ae9e-9f5a94be1acb req-cd1e3021-9a73-4c1b-8a97-5a12839a9213 8990764742e14c079696f713175a946c 66b8b413dc1c4053bb2c27856cfbabec - - default default] 10.0.0.223 "GET /v2.0/security-groups?id=bfd6fbe6-acf5-4aef-b8b2-0d723f8c602d&fields=id&fields=name HTTP/1.1" status: 200 len: 286 time: 0.0538971
2026-04-23 08:59:55.346 9 INFO neutron.db.ovn_revision_numbers_db [None req-215a81f4-bbec-4183-9932-3e7b28486fef 2d874a480f6b48979b35e2224ab8df37 80904783ced34c1cab0fb022328fde3c - - default default] Successfully bumped revision number for resource e78ffff8-d518-43ac-8978-cf8435ee59f6 (type: ports) to 2
2026-04-23 08:59:55.436 9 INFO neutron.db.ovn_revision_numbers_db [None req-215a81f4-bbec-4183-9932-3e7b28486fef 2d874a480f6b48979b35e2224ab8df37 80904783ced34c1cab0fb022328fde3c - - default default] Successfully bumped revision number for resource da073099-c3f9-4d43-b983-d583f9e02c98 (type: subnets) to 0
2026-04-23 08:59:55.633 9 INFO neutron.wsgi [None req-215a81f4-bbec-4183-9932-3e7b28486fef 2d874a480f6b48979b35e2224ab8df37 80904783ced34c1cab0fb022328fde3c - - default default] 10.0.0.191 "POST /v2.0/subnets HTTP/1.1" status: 201 len: 869 time: 1.8871405
2026-04-23 08:59:55.663 10 INFO neutron.wsgi [req-9645cbf3-d243-49d4-becc-9f5b28b8f445 req-b793d536-947f-4138-9756-de28bee5e2b1 164b4954926f49689fae734503c7889f aa32a47b802546cf83cfebc8ddd86afa - - default default] 10.0.0.223 "GET /v2.0/ports?device_id=ba1bee7c-e494-4b5c-8ec9-db9dcbbdf358 HTTP/1.1" status: 200 len: 1174 time: 0.0566103
2026-04-23 08:59:55.732 10 INFO neutron.wsgi [req-9645cbf3-d243-49d4-becc-9f5b28b8f445 req-409e76bd-299c-43c3-9664-b50484d27150 164b4954926f49689fae734503c7889f aa32a47b802546cf83cfebc8ddd86afa - - default default] 10.0.0.223 "GET /v2.0/security-groups?id=513066d4-f516-4e75-89cd-50bafc39603c&fields=id&fields=name HTTP/1.1" status: 200 len: 312 time: 0.0621393
2026-04-23 08:59:55.743 10 INFO neutron.db.ovn_revision_numbers_db [None req-e38fb94c-f976-4949-a23b-10a185b577d8 - - - - - -] Successfully bumped revision number for resource b957d38a-b22c-4010-8d74-89fd1fbbf98f (type: ports) to 1
2026-04-23 08:59:55.842 10 INFO neutron.wsgi [req-9fc5355b-6df4-40db-af2b-b3f439565f01 req-3c88e26a-aafe-4736-8e54-4a5321aa99fa 8990764742e14c079696f713175a946c 66b8b413dc1c4053bb2c27856cfbabec - - default default] 10.0.0.223 "GET /v2.0/ports?device_id=cf9412c5-35b8-4b17-8adc-d61852f388c4 HTTP/1.1" status: 200 len: 1170 time: 0.0845454
2026-04-23 08:59:56.219 10 INFO neutron.wsgi [req-9fc5355b-6df4-40db-af2b-b3f439565f01 req-6508fde8-ba7b-4005-9703-8aa118366739 8990764742e14c079696f713175a946c 66b8b413dc1c4053bb2c27856cfbabec - - default default] 10.0.0.223 "GET /v2.0/security-groups?id=bfd6fbe6-acf5-4aef-b8b2-0d723f8c602d&fields=id&fields=name HTTP/1.1" status: 200 len: 286 time: 0.3630974
2026-04-23 08:59:56.281 9 INFO neutron.notifiers.nova [-] Nova event matching ['req-b9e71190-60b3-4f98-91eb-8ce24c0d8659'] response: {'server_uuid': 'cf9412c5-35b8-4b17-8adc-d61852f388c4', 'name': 'network-vif-plugged', 'status': 'completed', 'tag': 'db4e2049-dcf4-40b7-b758-8d3ada386918', 'code': 200}
2026-04-23 08:59:56.291 10 INFO neutron.wsgi [req-45105fec-0d41-4613-bd96-543535a6f4a8 req-f9e974d4-99ae-43fb-bc63-f09996ee5018 164b4954926f49689fae734503c7889f aa32a47b802546cf83cfebc8ddd86afa - - default default] 10.0.0.223 "GET /v2.0/ports?device_id=ba1bee7c-e494-4b5c-8ec9-db9dcbbdf358 HTTP/1.1" status: 200 len: 1174 time: 0.4722764
2026-04-23 08:59:56.299 10 INFO neutron.notifiers.nova [-] Nova event matching ['req-181647a4-b368-4642-9f0c-49fa6737e1dc'] response: {'server_uuid': 'ba1bee7c-e494-4b5c-8ec9-db9dcbbdf358', 'name': 'network-vif-plugged', 'status': 'completed', 'tag': '84b4cc36-fbe9-41fa-8b46-7f33b9def915', 'code': 200}
2026-04-23 08:59:56.304 9 WARNING neutron.scheduler.dhcp_agent_scheduler [None req-d6b69d6f-7719-43a9-9fc1-a2410bbaeb4e 2d874a480f6b48979b35e2224ab8df37 80904783ced34c1cab0fb022328fde3c - - default default] No more DHCP agents
2026-04-23 08:59:56.310 9 WARNING neutron.api.rpc.agentnotifiers.dhcp_rpc_agent_api [None req-d6b69d6f-7719-43a9-9fc1-a2410bbaeb4e 2d874a480f6b48979b35e2224ab8df37 80904783ced34c1cab0fb022328fde3c - - default default] Unable to schedule network 80e3e301-933d-4570-a24a-aead399fe2f1: no agents available; will retry on subsequent port and subnet creation events.
2026-04-23 08:59:56.311 10 INFO neutron.wsgi [None req-5718f203-d84b-4037-a9ac-116363272ad1 2d874a480f6b48979b35e2224ab8df37 80904783ced34c1cab0fb022328fde3c - - default default] 10.0.0.232 "GET /v2.0/subnets HTTP/1.1" status: 200 len: 4075 time: 0.1750224
2026-04-23 08:59:56.359 9 INFO neutron.wsgi [req-58ab2eed-d225-43e1-b212-b9219a5186fb req-ff770005-5bdc-4f51-8773-3b668fe0064d 8990764742e14c079696f713175a946c 66b8b413dc1c4053bb2c27856cfbabec - - default default] 199.19.213.141 "GET /v2.0/ports?device_id=cf9412c5-35b8-4b17-8adc-d61852f388c4 HTTP/1.1" status: 200 len: 1170 time: 0.2449946
2026-04-23 08:59:56.363 10 INFO neutron.wsgi [None req-25714bac-0d85-4fdb-a441-8366d185025c 2d874a480f6b48979b35e2224ab8df37 80904783ced34c1cab0fb022328fde3c - - default default] 10.0.0.232 "GET /v2.0/subnetpools HTTP/1.1" status: 200 len: 193 time: 0.0400994
2026-04-23 08:59:56.490 10 INFO neutron.wsgi [None req-29a64fa9-8d83-436b-b6a6-1dedfeb17a35 2d874a480f6b48979b35e2224ab8df37 80904783ced34c1cab0fb022328fde3c - - default default] 10.0.0.232 "GET /v2.0/security-groups HTTP/1.1" status: 200 len: 30656 time: 0.1263237
2026-04-23 08:59:56.502 9 WARNING neutron.scheduler.dhcp_agent_scheduler [None req-a19d8b23-c7ff-423b-9382-d7f75cdb114c 2d874a480f6b48979b35e2224ab8df37 80904783ced34c1cab0fb022328fde3c - - default default] No more DHCP agents
2026-04-23 08:59:56.510 9 WARNING neutron.api.rpc.agentnotifiers.dhcp_rpc_agent_api [None req-a19d8b23-c7ff-423b-9382-d7f75cdb114c 2d874a480f6b48979b35e2224ab8df37 80904783ced34c1cab0fb022328fde3c - - default default] Unable to schedule network 394cfd03-b05d-4452-afc3-f0331c1b50be: no agents available; will retry on subsequent port and subnet creation events.
2026-04-23 08:59:56.534 10 INFO neutron.db.ovn_revision_numbers_db [None req-e38fb94c-f976-4949-a23b-10a185b577d8 - - - - - -] Successfully bumped revision number for resource b957d38a-b22c-4010-8d74-89fd1fbbf98f (type: router_ports) to 3
2026-04-23 08:59:56.580 10 INFO neutron.wsgi [None req-3fecb944-0685-46fb-8260-57275437d6e6 2d874a480f6b48979b35e2224ab8df37 80904783ced34c1cab0fb022328fde3c - - default default] 10.0.0.232 "GET /v2.0/subnets HTTP/1.1" status: 200 len: 4075 time: 0.0782132
2026-04-23 08:59:56.607 10 INFO neutron.wsgi [None req-d641e94b-b253-4e32-aea3-e761a18b32a7 2d874a480f6b48979b35e2224ab8df37 80904783ced34c1cab0fb022328fde3c - - default default] 10.0.0.232 "GET /v2.0/agents HTTP/1.1" status: 200 len: 997 time: 0.0248592
2026-04-23 08:59:56.660 10 INFO neutron.wsgi [None req-f22c104c-b5c8-4b26-b7ea-e05d11808ae3 2d874a480f6b48979b35e2224ab8df37 80904783ced34c1cab0fb022328fde3c - - default default] 10.0.0.232 "GET /v2.0/network-ip-availabilities HTTP/1.1" status: 200 len: 3212 time: 0.0285835
2026-04-23 08:59:56.703 9 INFO neutron.db.ovn_revision_numbers_db [None req-d6b69d6f-7719-43a9-9fc1-a2410bbaeb4e 2d874a480f6b48979b35e2224ab8df37 80904783ced34c1cab0fb022328fde3c - - default default] Successfully bumped revision number for resource c406c38a-774c-4a6b-afd7-3da79d56e761 (type: ports) to 1
2026-04-23 08:59:57.004 9 INFO neutron.db.ovn_revision_numbers_db [None req-a19d8b23-c7ff-423b-9382-d7f75cdb114c 2d874a480f6b48979b35e2224ab8df37 80904783ced34c1cab0fb022328fde3c - - default default] Successfully bumped revision number for resource 90bc0522-ac89-4857-a825-33f8d22ccdb0 (type: ports) to 1
2026-04-23 08:59:57.038 10 INFO neutron.wsgi [None req-d1789e50-30a6-449c-8587-0963ac39fada 2d874a480f6b48979b35e2224ab8df37 80904783ced34c1cab0fb022328fde3c - - default default] 10.0.0.232 "GET /v2.0/routers HTTP/1.1" status: 200 len: 2708 time: 0.3748407
2026-04-23 08:59:57.049 10 INFO neutron.db.l3_db [None req-d6d696e2-34ad-42d8-87d1-dfdf67897ccc 164b4954926f49689fae734503c7889f aa32a47b802546cf83cfebc8ddd86afa - - default default] Floating IP ef021401-3beb-464c-bf4d-f308f7e16249 associated. External IP: 10.96.250.205, port: 84b4cc36-fbe9-41fa-8b46-7f33b9def915.
2026-04-23 08:59:57.089 10 INFO neutron.wsgi [None req-7ed03e3a-7685-4f37-a758-9262e7ad777e 2d874a480f6b48979b35e2224ab8df37 80904783ced34c1cab0fb022328fde3c - - default default] 10.0.0.232 "GET /v2.0/agents?binary=ovn-controller HTTP/1.1" status: 200 len: 591 time: 0.0475023
2026-04-23 08:59:57.117 9 INFO neutron.wsgi [req-58ab2eed-d225-43e1-b212-b9219a5186fb req-cbae46b2-2a61-4452-be33-351aa7abf0da 8990764742e14c079696f713175a946c 66b8b413dc1c4053bb2c27856cfbabec - - default default] 199.19.213.141 "DELETE /v2.0/ports/db4e2049-dcf4-40b7-b758-8d3ada386918 HTTP/1.1" status: 204 len: 173 time: 0.7451897
2026-04-23 08:59:57.169 10 INFO neutron.wsgi [None req-4b19f530-dc10-456b-b896-e0f30fa4380d 2d874a480f6b48979b35e2224ab8df37 80904783ced34c1cab0fb022328fde3c - - default default] 10.0.0.232 "GET /v2.0/floatingips HTTP/1.1" status: 200 len: 1034 time: 0.0745285
2026-04-23 08:59:57.184 10 INFO neutron.db.ovn_revision_numbers_db [None req-e38fb94c-f976-4949-a23b-10a185b577d8 - - - - - -] Successfully bumped revision number for resource b957d38a-b22c-4010-8d74-89fd1fbbf98f (type: ports) to 2
2026-04-23 08:59:57.321 10 INFO neutron.wsgi [None req-460266fb-3127-431d-b8b7-85c621a18518 2d874a480f6b48979b35e2224ab8df37 80904783ced34c1cab0fb022328fde3c - - default default] 10.0.0.232 "GET /v2.0/networks HTTP/1.1" status: 200 len: 5403 time: 0.1376536
2026-04-23 08:59:57.371 10 INFO neutron.wsgi [req-1a9e94ed-31e3-4d89-a063-b435dc0c450c req-4d75f5f0-d387-4249-9716-98a9fb3c1d8f 8990764742e14c079696f713175a946c 66b8b413dc1c4053bb2c27856cfbabec - - default default] 10.0.0.223 "GET /v2.0/ports?device_id=cf9412c5-35b8-4b17-8adc-d61852f388c4 HTTP/1.1" status: 200 len: 210 time: 0.0479054
2026-04-23 08:59:57.448 10 INFO neutron.wsgi [None req-abcc38c2-b870-4ae0-a9c8-9f8b1711be68 2d874a480f6b48979b35e2224ab8df37 80904783ced34c1cab0fb022328fde3c - - default default] 10.0.0.232 "GET /v2.0/ports HTTP/1.1" status: 200 len: 19269 time: 0.1195757
2026-04-23 08:59:57.534 10 INFO neutron.plugins.ml2.drivers.ovn.mech_driver.mech_driver [None req-14ffa220-e7df-4ddd-aad4-ce2377e6fedb - - - - - -] OVN reports status up for port: c406c38a-774c-4a6b-afd7-3da79d56e761
2026-04-23 08:59:57.561 10 INFO neutron.plugins.ml2.plugin [None req-14ffa220-e7df-4ddd-aad4-ce2377e6fedb - - - - - -] Attempt 1 to provision port c406c38a-774c-4a6b-afd7-3da79d56e761
2026-04-23 08:59:57.567 9 INFO neutron.db.ovn_revision_numbers_db [None req-d6b69d6f-7719-43a9-9fc1-a2410bbaeb4e 2d874a480f6b48979b35e2224ab8df37 80904783ced34c1cab0fb022328fde3c - - default default] Successfully bumped revision number for resource c406c38a-774c-4a6b-afd7-3da79d56e761 (type: router_ports) to 1
2026-04-23 08:59:57.599 10 INFO neutron.db.ovn_revision_numbers_db [None req-d6d696e2-34ad-42d8-87d1-dfdf67897ccc 164b4954926f49689fae734503c7889f aa32a47b802546cf83cfebc8ddd86afa - - default default] Successfully bumped revision number for resource ef021401-3beb-464c-bf4d-f308f7e16249 (type: floatingips) to 1
2026-04-23 08:59:57.818 9 INFO neutron.db.ovn_revision_numbers_db [None req-d6b69d6f-7719-43a9-9fc1-a2410bbaeb4e 2d874a480f6b48979b35e2224ab8df37 80904783ced34c1cab0fb022328fde3c - - default default] Successfully bumped revision number for resource c406c38a-774c-4a6b-afd7-3da79d56e761 (type: ports) to 1
2026-04-23 08:59:57.827 10 INFO neutron.db.ovn_revision_numbers_db [None req-d6d696e2-34ad-42d8-87d1-dfdf67897ccc 164b4954926f49689fae734503c7889f aa32a47b802546cf83cfebc8ddd86afa - - default default] Successfully bumped revision number for resource ef021401-3beb-464c-bf4d-f308f7e16249 (type: floatingips) to 2
2026-04-23 08:59:57.888 10 INFO neutron.db.ovn_revision_numbers_db [None req-e38fb94c-f976-4949-a23b-10a185b577d8 - - - - - -] Successfully bumped revision number for resource b957d38a-b22c-4010-8d74-89fd1fbbf98f (type: ports) to 4
2026-04-23 08:59:57.892 10 INFO neutron.wsgi [None req-d6d696e2-34ad-42d8-87d1-dfdf67897ccc 164b4954926f49689fae734503c7889f aa32a47b802546cf83cfebc8ddd86afa - - default default] 10.0.0.191 "PUT /v2.0/floatingips/ef021401-3beb-464c-bf4d-f308f7e16249 HTTP/1.1" status: 200 len: 1050 time: 1.5798640
2026-04-23 08:59:57.897 9 INFO neutron.db.ovn_revision_numbers_db [None req-a19d8b23-c7ff-423b-9382-d7f75cdb114c 2d874a480f6b48979b35e2224ab8df37 80904783ced34c1cab0fb022328fde3c - - default default] Successfully bumped revision number for resource 90bc0522-ac89-4857-a825-33f8d22ccdb0 (type: router_ports) to 1 /var/lib/openstack/lib/python3.10/site-packages/pycadf/identifier.py:71: UserWarning: Invalid uuid: neutron. To ensure interoperability, identifiers should be a valid uuid. warnings.warn(('Invalid uuid: %s. To ensure interoperability, '
2026-04-23 08:59:57.984 9 WARNING neutron.scheduler.dhcp_agent_scheduler [None req-d6b69d6f-7719-43a9-9fc1-a2410bbaeb4e 2d874a480f6b48979b35e2224ab8df37 80904783ced34c1cab0fb022328fde3c - - default default] No more DHCP agents
2026-04-23 08:59:57.991 9 WARNING neutron.api.rpc.agentnotifiers.dhcp_rpc_agent_api [None req-d6b69d6f-7719-43a9-9fc1-a2410bbaeb4e 2d874a480f6b48979b35e2224ab8df37 80904783ced34c1cab0fb022328fde3c - - default default] Unable to schedule network 80e3e301-933d-4570-a24a-aead399fe2f1: no agents available; will retry on subsequent port and subnet creation events.
2026-04-23 08:59:58.012 10 INFO neutron.wsgi [req-39801049-d914-462c-a2d0-2a3669cc23b4 req-d2a1caeb-ba58-4eb0-8fd2-d18c1374b409 164b4954926f49689fae734503c7889f aa32a47b802546cf83cfebc8ddd86afa - - default default] 10.0.0.223 "GET /v2.0/ports?device_id=ba1bee7c-e494-4b5c-8ec9-db9dcbbdf358 HTTP/1.1" status: 200 len: 1174 time: 0.0794306
2026-04-23 08:59:58.030 9 INFO neutron.db.ovn_revision_numbers_db [None req-a19d8b23-c7ff-423b-9382-d7f75cdb114c 2d874a480f6b48979b35e2224ab8df37 80904783ced34c1cab0fb022328fde3c - - default default] Successfully bumped revision number for resource bc16a302-0c2e-4c75-8f61-7251171b65f4 (type: routers) to 2
2026-04-23 08:59:58.050 9 INFO neutron.wsgi [None req-a19d8b23-c7ff-423b-9382-d7f75cdb114c 2d874a480f6b48979b35e2224ab8df37 80904783ced34c1cab0fb022328fde3c - - default default] 10.0.0.191 "POST /v2.0/routers HTTP/1.1" status: 201 len: 880 time: 2.4091256
2026-04-23 08:59:58.074 9 INFO neutron.plugins.ml2.drivers.ovn.mech_driver.mech_driver [None req-783ddb92-8062-4664-9a68-f9c9037dddb4 - - - - - -] OVN reports status down for port: db4e2049-dcf4-40b7-b758-8d3ada386918
2026-04-23 08:59:58.100 9 INFO neutron.plugins.ml2.drivers.ovn.mech_driver.mech_driver [None req-783ddb92-8062-4664-9a68-f9c9037dddb4 - - - - - -] OVN reports status up for port: 90bc0522-ac89-4857-a825-33f8d22ccdb0
2026-04-23 08:59:58.134 9 INFO neutron.plugins.ml2.plugin [None req-783ddb92-8062-4664-9a68-f9c9037dddb4 - - - - - -] Attempt 1 to provision port 90bc0522-ac89-4857-a825-33f8d22ccdb0
2026-04-23 08:59:58.139 10 INFO neutron.wsgi [req-39801049-d914-462c-a2d0-2a3669cc23b4 req-315262a7-1bcc-4e0c-becb-d8fbeec36020 164b4954926f49689fae734503c7889f aa32a47b802546cf83cfebc8ddd86afa - - default default] 10.0.0.223 "GET /v2.0/security-groups?id=513066d4-f516-4e75-89cd-50bafc39603c&fields=id&fields=name HTTP/1.1" status: 200 len: 312 time: 0.0950439
2026-04-23 08:59:58.163 10 INFO neutron.db.ovn_revision_numbers_db [None req-14ffa220-e7df-4ddd-aad4-ce2377e6fedb - - - - - -] Successfully bumped revision number for resource c406c38a-774c-4a6b-afd7-3da79d56e761 (type: ports) to 2
2026-04-23 08:59:58.241 10 INFO neutron.db.ovn_revision_numbers_db [None req-e38fb94c-f976-4949-a23b-10a185b577d8 - - - - - -] Successfully bumped revision number for resource b957d38a-b22c-4010-8d74-89fd1fbbf98f (type: router_ports) to 4
2026-04-23 08:59:58.264 10 INFO neutron.db.ovn_revision_numbers_db [None req-14ffa220-e7df-4ddd-aad4-ce2377e6fedb - - - - - -] Successfully bumped revision number for resource c406c38a-774c-4a6b-afd7-3da79d56e761 (type: router_ports) to 2
2026-04-23 08:59:58.291 10 INFO neutron.plugins.ml2.drivers.ovn.mech_driver.ovsdb.ovsdb_monitor [None req-e38fb94c-f976-4949-a23b-10a185b577d8 - - - - - -] Router bc16a302-0c2e-4c75-8f61-7251171b65f4 is bound to host instance
2026-04-23 08:59:58.345 10 INFO neutron.notifiers.nova [-] Nova event matching ['req-cf39617d-f4f7-4128-b826-70696ad9cfa9'] response: {'name': 'network-changed', 'server_uuid': 'ba1bee7c-e494-4b5c-8ec9-db9dcbbdf358', 'tag': '84b4cc36-fbe9-41fa-8b46-7f33b9def915', 'status': 'completed', 'code': 200}
2026-04-23 08:59:58.438 9 INFO neutron.notifiers.nova [-] Nova event matching ['req-a16aed7e-740e-44bc-ab4d-75408d6b53d5'] response: {'server_uuid': 'cf9412c5-35b8-4b17-8adc-d61852f388c4', 'name': 'network-vif-deleted', 'tag': 'db4e2049-dcf4-40b7-b758-8d3ada386918', 'status': 'completed', 'code': 200}
