2026-04-23 09:04:18.330 9 INFO neutron.wsgi [None req-cb47687e-61a7-48a0-b461-59bdef4f3b28 d68aa49016644349a597f5ce93fe7c15 4eb8df75279142efb9bc995c0d44e3f3 - - default default] 10.0.0.191 "POST /v2.0/security-groups HTTP/1.1" status: 201 len: 1739 time: 0.6074388
2026-04-23 09:04:18.342 9 WARNING neutron_lib.context [None req-00b300e2-4c3f-4ba4-b989-c029d353cffc d68aa49016644349a597f5ce93fe7c15 4eb8df75279142efb9bc995c0d44e3f3 - - default default] Method 'is_advsvc' is deprecated since 2023.2 release (neutron-lib 3.8.0) and will be removed once support for the old RBAC API policies will be removed from Neutron. Please use method 'is_service_role' instead.
2026-04-23 09:04:18.456 9 INFO neutron.db.ovn_revision_numbers_db [None req-00b300e2-4c3f-4ba4-b989-c029d353cffc d68aa49016644349a597f5ce93fe7c15 4eb8df75279142efb9bc995c0d44e3f3 - - default default] Successfully bumped revision number for resource 1cc235ee-f2ed-44dd-b231-a5f2203861ca (type: security_groups) to 1
2026-04-23 09:04:18.472 9 INFO neutron.db.ovn_revision_numbers_db [None req-00b300e2-4c3f-4ba4-b989-c029d353cffc d68aa49016644349a597f5ce93fe7c15 4eb8df75279142efb9bc995c0d44e3f3 - - default default] Successfully bumped revision number for resource 618db5fc-2fce-42d9-a238-bc3dfbb225a7 (type: security_group_rules) to 0
2026-04-23 09:04:18.487 9 INFO neutron.db.ovn_revision_numbers_db [None req-00b300e2-4c3f-4ba4-b989-c029d353cffc d68aa49016644349a597f5ce93fe7c15 4eb8df75279142efb9bc995c0d44e3f3 - - default default] Successfully bumped revision number for resource ca42d833-1a89-4376-bcb8-69bfdc0d67be (type: security_group_rules) to 0
2026-04-23 09:04:18.510 9 INFO neutron.wsgi [None req-00b300e2-4c3f-4ba4-b989-c029d353cffc d68aa49016644349a597f5ce93fe7c15 4eb8df75279142efb9bc995c0d44e3f3 - - default default] 10.0.0.191 "POST /v2.0/security-groups HTTP/1.1" status: 201 len: 1739 time: 0.1752069
2026-04-23 09:04:18.521 9 WARNING neutron_lib.context [None req-e7461fd9-a761-4d4f-8fb5-46e2b287df8d d68aa49016644349a597f5ce93fe7c15 4eb8df75279142efb9bc995c0d44e3f3 - - default default] Method 'is_advsvc' is deprecated since 2023.2 release (neutron-lib 3.8.0) and will be removed once support for the old RBAC API policies will be removed from Neutron. Please use method 'is_service_role' instead.
2026-04-23 09:04:18.644 9 INFO neutron.db.ovn_revision_numbers_db [None req-e7461fd9-a761-4d4f-8fb5-46e2b287df8d d68aa49016644349a597f5ce93fe7c15 4eb8df75279142efb9bc995c0d44e3f3 - - default default] Successfully bumped revision number for resource b0d63510-6bdc-4a5a-9d9c-e106cb78f270 (type: security_groups) to 1
2026-04-23 09:04:18.662 9 INFO neutron.db.ovn_revision_numbers_db [None req-e7461fd9-a761-4d4f-8fb5-46e2b287df8d d68aa49016644349a597f5ce93fe7c15 4eb8df75279142efb9bc995c0d44e3f3 - - default default] Successfully bumped revision number for resource 040adac4-d1f6-4e5f-93c6-cf15ebba7e39 (type: security_group_rules) to 0
2026-04-23 09:04:18.684 9 INFO neutron.db.ovn_revision_numbers_db [None req-e7461fd9-a761-4d4f-8fb5-46e2b287df8d d68aa49016644349a597f5ce93fe7c15 4eb8df75279142efb9bc995c0d44e3f3 - - default default] Successfully bumped revision number for resource 19631c2c-de7f-469a-b181-50355909d9a9 (type: security_group_rules) to 0
2026-04-23 09:04:18.708 9 INFO neutron.wsgi [None req-e7461fd9-a761-4d4f-8fb5-46e2b287df8d d68aa49016644349a597f5ce93fe7c15 4eb8df75279142efb9bc995c0d44e3f3 - - default default] 10.0.0.191 "POST /v2.0/security-groups HTTP/1.1" status: 201 len: 1739 time: 0.1917069
2026-04-23 09:04:18.718 9 WARNING neutron_lib.context [None req-5ed7fa47-f92f-4468-8cb6-f1f198bd4977 d68aa49016644349a597f5ce93fe7c15 4eb8df75279142efb9bc995c0d44e3f3 - - default default] Method 'is_advsvc' is deprecated since 2023.2 release (neutron-lib 3.8.0) and will be removed once support for the old RBAC API policies will be removed from Neutron. Please use method 'is_service_role' instead.
2026-04-23 09:04:18.846 9 INFO neutron.db.ovn_revision_numbers_db [None req-5ed7fa47-f92f-4468-8cb6-f1f198bd4977 d68aa49016644349a597f5ce93fe7c15 4eb8df75279142efb9bc995c0d44e3f3 - - default default] Successfully bumped revision number for resource 36d34a2a-a2b7-42df-aba3-55ad1513f785 (type: security_groups) to 1
2026-04-23 09:04:18.862 9 INFO neutron.db.ovn_revision_numbers_db [None req-5ed7fa47-f92f-4468-8cb6-f1f198bd4977 d68aa49016644349a597f5ce93fe7c15 4eb8df75279142efb9bc995c0d44e3f3 - - default default] Successfully bumped revision number for resource 11a56aaf-b3ff-4561-b11c-28a4c0e41f4a (type: security_group_rules) to 0
2026-04-23 09:04:18.880 9 INFO neutron.db.ovn_revision_numbers_db [None req-5ed7fa47-f92f-4468-8cb6-f1f198bd4977 d68aa49016644349a597f5ce93fe7c15 4eb8df75279142efb9bc995c0d44e3f3 - - default default] Successfully bumped revision number for resource 96d2632c-a794-4f6d-8ee0-c958aca59046 (type: security_group_rules) to 0
2026-04-23 09:04:18.903 9 INFO neutron.wsgi [None req-5ed7fa47-f92f-4468-8cb6-f1f198bd4977 d68aa49016644349a597f5ce93fe7c15 4eb8df75279142efb9bc995c0d44e3f3 - - default default] 10.0.0.191 "POST /v2.0/security-groups HTTP/1.1" status: 201 len: 1739 time: 0.1889083
2026-04-23 09:04:18.913 9 WARNING neutron_lib.context [None req-4d63388e-380d-44d3-ac9b-205e3f1a72b2 d68aa49016644349a597f5ce93fe7c15 4eb8df75279142efb9bc995c0d44e3f3 - - default default] Method 'is_advsvc' is deprecated since 2023.2 release (neutron-lib 3.8.0) and will be removed once support for the old RBAC API policies will be removed from Neutron. Please use method 'is_service_role' instead.
2026-04-23 09:04:19.030 9 INFO neutron.db.ovn_revision_numbers_db [None req-4d63388e-380d-44d3-ac9b-205e3f1a72b2 d68aa49016644349a597f5ce93fe7c15 4eb8df75279142efb9bc995c0d44e3f3 - - default default] Successfully bumped revision number for resource bb0983bb-499c-4714-a899-8429c19918ce (type: security_groups) to 1
2026-04-23 09:04:19.043 9 INFO neutron.db.ovn_revision_numbers_db [None req-4d63388e-380d-44d3-ac9b-205e3f1a72b2 d68aa49016644349a597f5ce93fe7c15 4eb8df75279142efb9bc995c0d44e3f3 - - default default] Successfully bumped revision number for resource 73ce0cf1-92a3-4257-9544-06b45fa212e9 (type: security_group_rules) to 0
2026-04-23 09:04:19.057 9 INFO neutron.db.ovn_revision_numbers_db [None req-4d63388e-380d-44d3-ac9b-205e3f1a72b2 d68aa49016644349a597f5ce93fe7c15 4eb8df75279142efb9bc995c0d44e3f3 - - default default] Successfully bumped revision number for resource bb6068c3-0a7b-4555-ad33-02f28bb8da0e (type: security_group_rules) to 0
2026-04-23 09:04:19.079 9 INFO neutron.wsgi [None req-4d63388e-380d-44d3-ac9b-205e3f1a72b2 d68aa49016644349a597f5ce93fe7c15 4eb8df75279142efb9bc995c0d44e3f3 - - default default] 10.0.0.191 "POST /v2.0/security-groups HTTP/1.1" status: 201 len: 1739 time: 0.1704843
2026-04-23 09:04:19.121 9 INFO neutron.wsgi [None req-843635da-cec4-44a1-8db7-4e43b9300f00 d68aa49016644349a597f5ce93fe7c15 4eb8df75279142efb9bc995c0d44e3f3 - - default default] 10.0.0.191 "PUT /v2.0/security-groups/f9ac42a7-7529-40f5-bff1-e738886e7172/tags HTTP/1.1" status: 200 len: 210 time: 0.0349245
2026-04-23 09:04:19.180 9 INFO neutron.wsgi [None req-39ec6f2b-43a2-4e62-b336-12f0b09d6b50 d68aa49016644349a597f5ce93fe7c15 4eb8df75279142efb9bc995c0d44e3f3 - - default default] 10.0.0.191 "PUT /v2.0/security-groups/1cc235ee-f2ed-44dd-b231-a5f2203861ca/tags HTTP/1.1" status: 200 len: 218 time: 0.0545778
2026-04-23 09:04:19.236 10 INFO neutron.db.ovn_revision_numbers_db [None req-3aefa291-4703-4e2b-b256-2446c3c40373 c8d86b24dcdd4918bcc18b9f66c14e5a d2852002db384780870bc4b862fa91d4 - - default default] Successfully bumped revision number for resource 9abcc3d7-3b82-451f-9835-7810ce6dc17f (type: router_ports) to 1
2026-04-23 09:04:19.241 9 INFO neutron.wsgi [None req-6f1160a5-06e9-4ed7-bf39-23862d7b7762 d68aa49016644349a597f5ce93fe7c15 4eb8df75279142efb9bc995c0d44e3f3 - - default default] 10.0.0.191 "PUT /v2.0/security-groups/b0d63510-6bdc-4a5a-9d9c-e106cb78f270/tags HTTP/1.1" status: 200 len: 227 time: 0.0577214
2026-04-23 09:04:19.280 9 INFO neutron.wsgi [None req-9f0a3111-80e3-48a3-97e1-de440a6c3f39 d68aa49016644349a597f5ce93fe7c15 4eb8df75279142efb9bc995c0d44e3f3 - - default default] 10.0.0.191 "PUT /v2.0/security-groups/36d34a2a-a2b7-42df-aba3-55ad1513f785/tags HTTP/1.1" status: 200 len: 212 time: 0.0349848
2026-04-23 09:04:19.340 9 INFO neutron.wsgi [None req-3919e2b4-d0c0-49f1-ac4d-ba4a36a09ea0 d68aa49016644349a597f5ce93fe7c15 4eb8df75279142efb9bc995c0d44e3f3 - - default default] 10.0.0.191 "GET /v2.0/security-groups?tags=red HTTP/1.1" status: 200 len: 4819 time: 0.0549636
2026-04-23 09:04:19.390 9 INFO neutron.wsgi [None req-449196c5-126a-40b7-8fd2-aaf3b16180c6 d68aa49016644349a597f5ce93fe7c15 4eb8df75279142efb9bc995c0d44e3f3 - - default default] 10.0.0.191 "GET /v2.0/security-groups?tags=red%2Cblue HTTP/1.1" status: 200 len: 3293 time: 0.0453095
2026-04-23 09:04:19.422 10 INFO neutron.db.ovn_revision_numbers_db [None req-3aefa291-4703-4e2b-b256-2446c3c40373 c8d86b24dcdd4918bcc18b9f66c14e5a d2852002db384780870bc4b862fa91d4 - - default default] Successfully bumped revision number for resource 9abcc3d7-3b82-451f-9835-7810ce6dc17f (type: ports) to 1
2026-04-23 09:04:19.443 9 INFO neutron.wsgi [None req-3c6bcd42-8a69-4048-b14d-aae0798d7b31 d68aa49016644349a597f5ce93fe7c15 4eb8df75279142efb9bc995c0d44e3f3 - - default default] 10.0.0.191 "GET /v2.0/security-groups?tags-any=blue HTTP/1.1" status: 200 len: 3293 time: 0.0456762
2026-04-23 09:04:19.485 10 WARNING neutron.scheduler.dhcp_agent_scheduler [None req-3aefa291-4703-4e2b-b256-2446c3c40373 c8d86b24dcdd4918bcc18b9f66c14e5a d2852002db384780870bc4b862fa91d4 - - default default] No more DHCP agents
2026-04-23 09:04:19.486 10 WARNING neutron.api.rpc.agentnotifiers.dhcp_rpc_agent_api [None req-3aefa291-4703-4e2b-b256-2446c3c40373 c8d86b24dcdd4918bcc18b9f66c14e5a d2852002db384780870bc4b862fa91d4 - - default default] Unable to schedule network 7f16bb29-dffa-487c-ac0c-3e2b96292db0: no agents available; will retry on subsequent port and subnet creation events.
2026-04-23 09:04:19.490 9 INFO neutron.wsgi [None req-4b6c29fc-d6ff-460e-97b1-c5bb63624e03 d68aa49016644349a597f5ce93fe7c15 4eb8df75279142efb9bc995c0d44e3f3 - - default default] 10.0.0.191 "GET /v2.0/security-groups?tags-any=red%2Cblue HTTP/1.1" status: 200 len: 4819 time: 0.0433247
2026-04-23 09:04:19.542 9 INFO neutron.wsgi [None req-5efddc54-0611-4c91-8b6d-1c6489d8c78b d68aa49016644349a597f5ce93fe7c15 4eb8df75279142efb9bc995c0d44e3f3 - - default default] 10.0.0.191 "GET /v2.0/security-groups?not-tags=red HTTP/1.1" status: 200 len: 6049 time: 0.0472417
2026-04-23 09:04:19.596 9 INFO neutron.wsgi [None req-984462a3-4b51-44fd-9682-b6d10e299248 d68aa49016644349a597f5ce93fe7c15 4eb8df75279142efb9bc995c0d44e3f3 - - default default] 10.0.0.191 "GET /v2.0/security-groups?not-tags=red%2Cblue HTTP/1.1" status: 200 len: 7575 time: 0.0488424
2026-04-23 09:04:19.652 9 INFO neutron.wsgi [None req-3922eb11-01d7-49d5-aab3-7d7f5b5ff0d5 d68aa49016644349a597f5ce93fe7c15 4eb8df75279142efb9bc995c0d44e3f3 - - default default] 10.0.0.191 "GET /v2.0/security-groups?not-tags-any=blue HTTP/1.1" status: 200 len: 7575 time: 0.0509672
2026-04-23 09:04:19.707 9 INFO neutron.wsgi [None req-8d6fca05-9213-4717-806b-49563543308f d68aa49016644349a597f5ce93fe7c15 4eb8df75279142efb9bc995c0d44e3f3 - - default default] 10.0.0.191 "GET /v2.0/security-groups?not-tags-any=red%2Cblue HTTP/1.1" status: 200 len: 6049 time: 0.0505683
2026-04-23 09:04:19.779 10 INFO neutron.db.ovn_revision_numbers_db [None req-3aefa291-4703-4e2b-b256-2446c3c40373 c8d86b24dcdd4918bcc18b9f66c14e5a d2852002db384780870bc4b862fa91d4 - - default default] Successfully bumped revision number for resource 9abcc3d7-3b82-451f-9835-7810ce6dc17f (type: router_ports) to 1
2026-04-23 09:04:19.782 10 INFO neutron.wsgi [None req-3aefa291-4703-4e2b-b256-2446c3c40373 c8d86b24dcdd4918bcc18b9f66c14e5a d2852002db384780870bc4b862fa91d4 - - default default] 10.0.0.191 "PUT /v2.0/routers/01486029-0226-41a7-a32c-9f79acbae3ed/add_router_interface HTTP/1.1" status: 200 len: 503 time: 2.2372644
2026-04-23 09:04:19.858 9 INFO neutron.wsgi [None req-899a58ec-782d-4b53-ad42-2308d1eeb823 d68aa49016644349a597f5ce93fe7c15 4eb8df75279142efb9bc995c0d44e3f3 - - default default] 10.0.0.191 "DELETE /v2.0/security-groups/f9ac42a7-7529-40f5-bff1-e738886e7172 HTTP/1.1" status: 204 len: 168 time: 0.1454895
2026-04-23 09:04:19.865 10 WARNING neutron_lib.context [None req-aabbbd2a-ccda-489b-9829-b41085617232 c8d86b24dcdd4918bcc18b9f66c14e5a d2852002db384780870bc4b862fa91d4 - - default default] Method 'is_advsvc' is deprecated since 2023.2 release (neutron-lib 3.8.0) and will be removed once support for the old RBAC API policies will be removed from Neutron. Please use method 'is_service_role' instead.
2026-04-23 09:04:19.981 9 INFO neutron.wsgi [None req-bfc5a192-e2fd-46eb-8b6e-a67c0f6e7af8 d68aa49016644349a597f5ce93fe7c15 4eb8df75279142efb9bc995c0d44e3f3 - - default default] 10.0.0.191 "DELETE /v2.0/security-groups/1cc235ee-f2ed-44dd-b231-a5f2203861ca HTTP/1.1" status: 204 len: 168 time: 0.1185474
2026-04-23 09:04:19.991 10 INFO neutron.db.ovn_revision_numbers_db [None req-aabbbd2a-ccda-489b-9829-b41085617232 c8d86b24dcdd4918bcc18b9f66c14e5a d2852002db384780870bc4b862fa91d4 - - default default] Successfully bumped revision number for resource f9608d15-675b-4624-9643-40f949d81225 (type: security_groups) to 1
2026-04-23 09:04:20.008 10 INFO neutron.db.ovn_revision_numbers_db [None req-aabbbd2a-ccda-489b-9829-b41085617232 c8d86b24dcdd4918bcc18b9f66c14e5a d2852002db384780870bc4b862fa91d4 - - default default] Successfully bumped revision number for resource 77294cee-def3-44c4-8142-d49662d371d3 (type: security_group_rules) to 0
2026-04-23 09:04:20.025 10 INFO neutron.db.ovn_revision_numbers_db [None req-aabbbd2a-ccda-489b-9829-b41085617232 c8d86b24dcdd4918bcc18b9f66c14e5a d2852002db384780870bc4b862fa91d4 - - default default] Successfully bumped revision number for resource 99d2650e-8c7c-4053-bd61-beb0196c2885 (type: security_group_rules) to 0
2026-04-23 09:04:20.047 10 INFO neutron.wsgi [None req-aabbbd2a-ccda-489b-9829-b41085617232 c8d86b24dcdd4918bcc18b9f66c14e5a d2852002db384780870bc4b862fa91d4 - - default default] 10.0.0.191 "POST /v2.0/security-groups HTTP/1.1" status: 201 len: 1765 time: 0.1874893
2026-04-23 09:04:20.062 9 WARNING neutron_lib.context [None req-b63198dc-613b-4ad7-848a-276f49c82218 c8d86b24dcdd4918bcc18b9f66c14e5a d2852002db384780870bc4b862fa91d4 - - default default] Method 'is_advsvc' is deprecated since 2023.2 release (neutron-lib 3.8.0) and will be removed once support for the old RBAC API policies will be removed from Neutron. Please use method 'is_service_role' instead.
2026-04-23 09:04:20.117 9 INFO neutron.wsgi [None req-a97400e5-ceca-46ad-a189-a64711434d2c d68aa49016644349a597f5ce93fe7c15 4eb8df75279142efb9bc995c0d44e3f3 - - default default] 10.0.0.191 "DELETE /v2.0/security-groups/b0d63510-6bdc-4a5a-9d9c-e106cb78f270 HTTP/1.1" status: 204 len: 168 time: 0.1313310
2026-04-23 09:04:20.233 9 INFO neutron.db.ovn_revision_numbers_db [None req-b63198dc-613b-4ad7-848a-276f49c82218 c8d86b24dcdd4918bcc18b9f66c14e5a d2852002db384780870bc4b862fa91d4 - - default default] Successfully bumped revision number for resource 86d93bfa-0623-4546-b420-8cd48728eda0 (type: security_group_rules) to 0
2026-04-23 09:04:20.254 9 INFO neutron.wsgi [None req-d7864946-1cab-4dd4-881f-ee79df398853 d68aa49016644349a597f5ce93fe7c15 4eb8df75279142efb9bc995c0d44e3f3 - - default default] 10.0.0.191 "DELETE /v2.0/security-groups/36d34a2a-a2b7-42df-aba3-55ad1513f785 HTTP/1.1" status: 204 len: 168 time: 0.1314650
2026-04-23 09:04:20.277 9 INFO neutron.wsgi [None req-b63198dc-613b-4ad7-848a-276f49c82218 c8d86b24dcdd4918bcc18b9f66c14e5a d2852002db384780870bc4b862fa91d4 - - default default] 10.0.0.191 "POST /v2.0/security-group-rules HTTP/1.1" status: 201 len: 764 time: 0.2223682
2026-04-23 09:04:20.286 9 WARNING neutron_lib.context [None req-7fc97d30-e592-473b-8b39-fec9599eabb9 c8d86b24dcdd4918bcc18b9f66c14e5a d2852002db384780870bc4b862fa91d4 - - default default] Method 'is_advsvc' is deprecated since 2023.2 release (neutron-lib 3.8.0) and will be removed once support for the old RBAC API policies will be removed from Neutron. Please use method 'is_service_role' instead.
2026-04-23 09:04:20.400 9 INFO neutron.wsgi [None req-69c9384a-68d5-4326-bdc6-b6dccddf4d6c d68aa49016644349a597f5ce93fe7c15 4eb8df75279142efb9bc995c0d44e3f3 - - default default] 10.0.0.191 "DELETE /v2.0/security-groups/bb0983bb-499c-4714-a899-8429c19918ce HTTP/1.1" status: 204 len: 168 time: 0.1410604
2026-04-23 09:04:20.430 9 INFO neutron.db.ovn_revision_numbers_db [None req-7fc97d30-e592-473b-8b39-fec9599eabb9 c8d86b24dcdd4918bcc18b9f66c14e5a d2852002db384780870bc4b862fa91d4 - - default default] Successfully bumped revision number for resource bca51e80-d2b8-450a-b6ff-76983edb91c4 (type: security_group_rules) to 0
2026-04-23 09:04:20.457 9 INFO neutron.wsgi [None req-7fc97d30-e592-473b-8b39-fec9599eabb9 c8d86b24dcdd4918bcc18b9f66c14e5a d2852002db384780870bc4b862fa91d4 - - default default] 10.0.0.191 "POST /v2.0/security-group-rules HTTP/1.1" status: 201 len: 764 time: 0.1751781
2026-04-23 09:04:20.468 9 WARNING neutron_lib.context [None req-697c85dd-2a5d-4bce-aa1c-7aadfeccc418 c8d86b24dcdd4918bcc18b9f66c14e5a d2852002db384780870bc4b862fa91d4 - - default default] Method 'is_advsvc' is deprecated since 2023.2 release (neutron-lib 3.8.0) and will be removed once support for the old RBAC API policies will be removed from Neutron. Please use method 'is_service_role' instead.
2026-04-23 09:04:20.603 9 INFO neutron.db.ovn_revision_numbers_db [None req-697c85dd-2a5d-4bce-aa1c-7aadfeccc418 c8d86b24dcdd4918bcc18b9f66c14e5a d2852002db384780870bc4b862fa91d4 - - default default] Successfully bumped revision number for resource 9a08dc6e-815c-4b6c-a2b7-483de7ffc848 (type: security_group_rules) to 0
2026-04-23 09:04:20.629 9 INFO neutron.wsgi [None req-697c85dd-2a5d-4bce-aa1c-7aadfeccc418 c8d86b24dcdd4918bcc18b9f66c14e5a d2852002db384780870bc4b862fa91d4 - - default default] 10.0.0.191 "POST /v2.0/security-group-rules HTTP/1.1" status: 201 len: 766 time: 0.1665688
2026-04-23 09:04:20.641 9 WARNING neutron_lib.context [None req-d6b0a33b-0069-4f6a-9854-7cede8c757ec c8d86b24dcdd4918bcc18b9f66c14e5a d2852002db384780870bc4b862fa91d4 - - default default] Method 'is_advsvc' is deprecated since 2023.2 release (neutron-lib 3.8.0) and will be removed once support for the old RBAC API policies will be removed from Neutron. Please use method 'is_service_role' instead.
2026-04-23 09:04:20.775 9 INFO neutron.db.ovn_revision_numbers_db [None req-d6b0a33b-0069-4f6a-9854-7cede8c757ec c8d86b24dcdd4918bcc18b9f66c14e5a d2852002db384780870bc4b862fa91d4 - - default default] Successfully bumped revision number for resource df24c8a7-b8fa-4113-877e-be172cd40eff (type: security_group_rules) to 0
2026-04-23 09:04:20.810 9 INFO neutron.wsgi [None req-d6b0a33b-0069-4f6a-9854-7cede8c757ec c8d86b24dcdd4918bcc18b9f66c14e5a d2852002db384780870bc4b862fa91d4 - - default default] 10.0.0.191 "POST /v2.0/security-group-rules HTTP/1.1" status: 201 len: 768 time: 0.1746817
2026-04-23 09:04:20.821 9 WARNING neutron_lib.context [None req-89b2f24b-4bba-45db-950e-48b4fe05357e c8d86b24dcdd4918bcc18b9f66c14e5a d2852002db384780870bc4b862fa91d4 - - default default] Method 'is_advsvc' is deprecated since 2023.2 release (neutron-lib 3.8.0) and will be removed once support for the old RBAC API policies will be removed from Neutron. Please use method 'is_service_role' instead.
2026-04-23 09:04:20.962 9 INFO neutron.db.ovn_revision_numbers_db [None req-89b2f24b-4bba-45db-950e-48b4fe05357e c8d86b24dcdd4918bcc18b9f66c14e5a d2852002db384780870bc4b862fa91d4 - - default default] Successfully bumped revision number for resource f21bce1f-a3d7-4241-9871-e007f9848f73 (type: security_group_rules) to 0
2026-04-23 09:04:20.995 9 INFO neutron.wsgi [None req-89b2f24b-4bba-45db-950e-48b4fe05357e c8d86b24dcdd4918bcc18b9f66c14e5a d2852002db384780870bc4b862fa91d4 - - default default] 10.0.0.191 "POST /v2.0/security-group-rules HTTP/1.1" status: 201 len: 768 time: 0.1797388
2026-04-23 09:04:21.006 9 WARNING neutron_lib.context [None req-895b6812-6548-44a8-b9b0-03732f98e5dc c8d86b24dcdd4918bcc18b9f66c14e5a d2852002db384780870bc4b862fa91d4 - - default default] Method 'is_advsvc' is deprecated since 2023.2 release (neutron-lib 3.8.0) and will be removed once support for the old RBAC API policies will be removed from Neutron. Please use method 'is_service_role' instead.
2026-04-23 09:04:21.141 9 INFO neutron.db.ovn_revision_numbers_db [None req-895b6812-6548-44a8-b9b0-03732f98e5dc c8d86b24dcdd4918bcc18b9f66c14e5a d2852002db384780870bc4b862fa91d4 - - default default] Successfully bumped revision number for resource 5769e578-eb85-4ecc-b51f-fae2a82ce8dd (type: security_group_rules) to 0
2026-04-23 09:04:21.177 9 WARNING neutron.plugins.ml2.drivers.ovn.mech_driver.ovsdb.ovn_client [None req-783ddb92-8062-4664-9a68-f9c9037dddb4 - - - - - -] No hosting information found for port 89e3d3f8-5ec0-4599-a59f-ec03404cb3ac: RuntimeError: No hosting information found for port 89e3d3f8-5ec0-4599-a59f-ec03404cb3ac
2026-04-23 09:04:21.178 9 INFO neutron.plugins.ml2.drivers.ovn.mech_driver.mech_driver [None req-783ddb92-8062-4664-9a68-f9c9037dddb4 - - - - - -] OVN reports status up for port: 277cf449-213d-4c45-b1c7-50c487efb8a4
2026-04-23 09:04:21.182 9 INFO neutron.wsgi [None req-895b6812-6548-44a8-b9b0-03732f98e5dc c8d86b24dcdd4918bcc18b9f66c14e5a d2852002db384780870bc4b862fa91d4 - - default default] 10.0.0.191 "POST /v2.0/security-group-rules HTTP/1.1" status: 201 len: 764 time: 0.1814551
2026-04-23 09:04:21.190 9 WARNING neutron_lib.context [None req-76d1fc33-ad71-4b45-931d-6e49144010c1 c8d86b24dcdd4918bcc18b9f66c14e5a d2852002db384780870bc4b862fa91d4 - - default default] Method 'is_advsvc' is deprecated since 2023.2 release (neutron-lib 3.8.0) and will be removed once support for the old RBAC API policies will be removed from Neutron. Please use method 'is_service_role' instead.
2026-04-23 09:04:21.194 9 INFO neutron.plugins.ml2.plugin [None req-783ddb92-8062-4664-9a68-f9c9037dddb4 - - - - - -] Attempt 1 to provision port 277cf449-213d-4c45-b1c7-50c487efb8a4
2026-04-23 09:04:21.384 9 INFO neutron.db.ovn_revision_numbers_db [None req-76d1fc33-ad71-4b45-931d-6e49144010c1 c8d86b24dcdd4918bcc18b9f66c14e5a d2852002db384780870bc4b862fa91d4 - - default default] Successfully bumped revision number for resource c88d817c-a8a6-40cc-bbd3-cbe66f0a32d1 (type: security_group_rules) to 0
2026-04-23 09:04:21.418 9 INFO neutron.wsgi [None req-76d1fc33-ad71-4b45-931d-6e49144010c1 c8d86b24dcdd4918bcc18b9f66c14e5a d2852002db384780870bc4b862fa91d4 - - default default] 10.0.0.191 "POST /v2.0/security-group-rules HTTP/1.1" status: 201 len: 764 time: 0.2321830
2026-04-23 09:04:21.435 10 WARNING neutron_lib.context [None req-605a7ec0-ae4b-4dcb-9b90-f713135c3a1b c8d86b24dcdd4918bcc18b9f66c14e5a d2852002db384780870bc4b862fa91d4 - - default default] Method 'is_advsvc' is deprecated since 2023.2 release (neutron-lib 3.8.0) and will be removed once support for the old RBAC API policies will be removed from Neutron. Please use method 'is_service_role' instead.
2026-04-23 09:04:21.546 9 INFO neutron.db.ovn_revision_numbers_db [None req-783ddb92-8062-4664-9a68-f9c9037dddb4 - - - - - -] Successfully bumped revision number for resource 277cf449-213d-4c45-b1c7-50c487efb8a4 (type: ports) to 2
2026-04-23 09:04:21.627 10 INFO neutron.db.ovn_revision_numbers_db [None req-605a7ec0-ae4b-4dcb-9b90-f713135c3a1b c8d86b24dcdd4918bcc18b9f66c14e5a d2852002db384780870bc4b862fa91d4 - - default default] Successfully bumped revision number for resource 1715a018-dedd-4c89-ac71-bf63e9fd9633 (type: security_group_rules) to 0
2026-04-23 09:04:21.641 9 INFO neutron.db.ovn_revision_numbers_db [None req-783ddb92-8062-4664-9a68-f9c9037dddb4 - - - - - -] Successfully bumped revision number for resource 277cf449-213d-4c45-b1c7-50c487efb8a4 (type: router_ports) to 2
2026-04-23 09:04:21.659 10 INFO neutron.db.ovn_revision_numbers_db [None req-a0dd36ab-6abb-4b6d-806e-14d28db1e1ab 2d874a480f6b48979b35e2224ab8df37 80904783ced34c1cab0fb022328fde3c - - default default] Successfully bumped revision number for resource 8af3b4cd-895c-422d-bbfb-5e2aca340af8 (type: security_groups) to 1
2026-04-23 09:04:21.664 10 INFO neutron.wsgi [None req-605a7ec0-ae4b-4dcb-9b90-f713135c3a1b c8d86b24dcdd4918bcc18b9f66c14e5a d2852002db384780870bc4b862fa91d4 - - default default] 10.0.0.191 "POST /v2.0/security-group-rules HTTP/1.1" status: 201 len: 764 time: 0.2390351
2026-04-23 09:04:21.676 10 WARNING neutron_lib.context [None req-c4e97292-88dc-42c1-8f76-c8574aac0dae c8d86b24dcdd4918bcc18b9f66c14e5a d2852002db384780870bc4b862fa91d4 - - default default] Method 'is_advsvc' is deprecated since 2023.2 release (neutron-lib 3.8.0) and will be removed once support for the old RBAC API policies will be removed from Neutron. Please use method 'is_service_role' instead.
2026-04-23 09:04:21.688 10 INFO neutron.db.ovn_revision_numbers_db [None req-a0dd36ab-6abb-4b6d-806e-14d28db1e1ab 2d874a480f6b48979b35e2224ab8df37 80904783ced34c1cab0fb022328fde3c - - default default] Successfully bumped revision number for resource 134efb9d-cd48-40fa-acbc-246efe738aef (type: security_group_rules) to 0
2026-04-23 09:04:21.704 10 INFO neutron.db.ovn_revision_numbers_db [None req-a0dd36ab-6abb-4b6d-806e-14d28db1e1ab 2d874a480f6b48979b35e2224ab8df37 80904783ced34c1cab0fb022328fde3c - - default default] Successfully bumped revision number for resource 96d07e42-9d3f-4128-8565-65d0648ef5f0 (type: security_group_rules) to 0
2026-04-23 09:04:21.726 10 INFO neutron.db.ovn_revision_numbers_db [None req-a0dd36ab-6abb-4b6d-806e-14d28db1e1ab 2d874a480f6b48979b35e2224ab8df37 80904783ced34c1cab0fb022328fde3c - - default default] Successfully bumped revision number for resource cab2514e-8cd9-4fdb-b314-ffdf8af9a4ef (type: security_group_rules) to 0
2026-04-23 09:04:21.744 10 INFO neutron.db.ovn_revision_numbers_db [None req-a0dd36ab-6abb-4b6d-806e-14d28db1e1ab 2d874a480f6b48979b35e2224ab8df37 80904783ced34c1cab0fb022328fde3c - - default default] Successfully bumped revision number for resource ebff19a6-62ed-40b6-bdeb-e4d8e532155a (type: security_group_rules) to 0
2026-04-23 09:04:21.776 10 INFO neutron.wsgi [None req-a0dd36ab-6abb-4b6d-806e-14d28db1e1ab 2d874a480f6b48979b35e2224ab8df37 80904783ced34c1cab0fb022328fde3c - - default default] 10.0.0.191 "GET /v2.0/security-groups?tenant_id=faaa3e485da84d96bfecad2406e94848&name=default HTTP/1.1" status: 200 len: 3000 time: 0.4462738
2026-04-23 09:04:21.830 10 INFO neutron.db.ovn_revision_numbers_db [None req-c4e97292-88dc-42c1-8f76-c8574aac0dae c8d86b24dcdd4918bcc18b9f66c14e5a d2852002db384780870bc4b862fa91d4 - - default default] Successfully bumped revision number for resource 204445c0-2f9c-4ebb-9aa2-955bddc555ca (type: security_group_rules) to 0
2026-04-23 09:04:21.855 10 INFO neutron.wsgi [None req-c4e97292-88dc-42c1-8f76-c8574aac0dae c8d86b24dcdd4918bcc18b9f66c14e5a d2852002db384780870bc4b862fa91d4 - - default default] 10.0.0.191 "POST /v2.0/security-group-rules HTTP/1.1" status: 201 len: 766 time: 0.1844079
2026-04-23 09:04:21.864 10 WARNING neutron_lib.context [None req-c373fc4e-f377-40ce-b03e-2c76dce5e9b7 c8d86b24dcdd4918bcc18b9f66c14e5a d2852002db384780870bc4b862fa91d4 - - default default] Method 'is_advsvc' is deprecated since 2023.2 release (neutron-lib 3.8.0) and will be removed once support for the old RBAC API policies will be removed from Neutron. Please use method 'is_service_role' instead.
2026-04-23 09:04:21.998 10 INFO neutron.db.ovn_revision_numbers_db [None req-c373fc4e-f377-40ce-b03e-2c76dce5e9b7 c8d86b24dcdd4918bcc18b9f66c14e5a d2852002db384780870bc4b862fa91d4 - - default default] Successfully bumped revision number for resource 16d2456b-7de8-42ef-89bc-de10b180ca21 (type: security_group_rules) to 0
2026-04-23 09:04:22.001 9 INFO neutron.wsgi [None req-1015fcb6-ecbe-426d-a4ce-2a3f73a170ff 2d874a480f6b48979b35e2224ab8df37 80904783ced34c1cab0fb022328fde3c - - default default] 10.0.0.191 "DELETE /v2.0/security-groups/8af3b4cd-895c-422d-bbfb-5e2aca340af8 HTTP/1.1" status: 204 len: 168 time: 0.2186830
2026-04-23 09:04:22.021 10 INFO neutron.wsgi [None req-c373fc4e-f377-40ce-b03e-2c76dce5e9b7 c8d86b24dcdd4918bcc18b9f66c14e5a d2852002db384780870bc4b862fa91d4 - - default default] 10.0.0.191 "POST /v2.0/security-group-rules HTTP/1.1" status: 201 len: 768 time: 0.1603031
2026-04-23 09:04:22.031 10 WARNING neutron_lib.context [None req-a61a5e63-7715-4da6-9f1f-1c1591811d08 c8d86b24dcdd4918bcc18b9f66c14e5a d2852002db384780870bc4b862fa91d4 - - default default] Method 'is_advsvc' is deprecated since 2023.2 release (neutron-lib 3.8.0) and will be removed once support for the old RBAC API policies will be removed from Neutron. Please use method 'is_service_role' instead.
2026-04-23 09:04:22.143 9 INFO neutron.wsgi [None req-64c00dbe-9566-48db-b8f2-a047ce4f2af1 2d874a480f6b48979b35e2224ab8df37 80904783ced34c1cab0fb022328fde3c - - default default] 10.0.0.191 "GET /v2.0/security-groups?tenant_id=4eb8df75279142efb9bc995c0d44e3f3&name=default HTTP/1.1" status: 200 len: 3000 time: 0.0400558
2026-04-23 09:04:22.172 10 INFO neutron.db.ovn_revision_numbers_db [None req-a61a5e63-7715-4da6-9f1f-1c1591811d08 c8d86b24dcdd4918bcc18b9f66c14e5a d2852002db384780870bc4b862fa91d4 - - default default] Successfully bumped revision number for resource 1cc2503c-62d5-45db-9cac-e5aecdae17b3 (type: security_group_rules) to 0
2026-04-23 09:04:22.200 10 INFO neutron.wsgi [None req-a61a5e63-7715-4da6-9f1f-1c1591811d08 c8d86b24dcdd4918bcc18b9f66c14e5a d2852002db384780870bc4b862fa91d4 - - default default] 10.0.0.191 "POST /v2.0/security-group-rules HTTP/1.1" status: 201 len: 764 time: 0.1737347
2026-04-23 09:04:22.348 9 INFO neutron.wsgi [None req-780fc872-d83b-4544-9721-a15b9e99b6db 2d874a480f6b48979b35e2224ab8df37 80904783ced34c1cab0fb022328fde3c - - default default] 10.0.0.191 "DELETE /v2.0/security-groups/a7a3e38d-24c2-4ec7-bed1-c9e874403024 HTTP/1.1" status: 204 len: 168 time: 0.1992574
2026-04-23 09:04:22.518 10 INFO neutron.wsgi [req-4b0b73ab-0438-4243-ae86-a1d0636f15b7 req-ca48b70e-f48a-46f7-b51e-664b407b84eb c8d86b24dcdd4918bcc18b9f66c14e5a d2852002db384780870bc4b862fa91d4 - - default default] 10.0.0.223 "GET /v2.0/security-groups?name=tempest-lb_member_SG-372816965&fields=id&tenant_id=d2852002db384780870bc4b862fa91d4 HTTP/1.1" status: 200 len: 267 time: 0.0449431
2026-04-23 09:04:22.599 10 INFO neutron.wsgi [req-4b0b73ab-0438-4243-ae86-a1d0636f15b7 req-321c8924-32a4-4f77-b320-3023cace0488 c8d86b24dcdd4918bcc18b9f66c14e5a d2852002db384780870bc4b862fa91d4 - - default default] 10.0.0.223 "GET /v2.0/networks?id=e9d6d48c-00b5-4b28-9f7f-98f0e7fdd0d1 HTTP/1.1" status: 200 len: 904 time: 0.0734046
2026-04-23 09:04:22.620 10 INFO neutron.wsgi [req-4b0b73ab-0438-4243-ae86-a1d0636f15b7 req-7e07aaa7-359f-4ad7-b0d3-b3f9ac9245e0 c8d86b24dcdd4918bcc18b9f66c14e5a d2852002db384780870bc4b862fa91d4 - - default default] 10.0.0.223 "GET /v2.0/quotas/d2852002db384780870bc4b862fa91d4 HTTP/1.1" status: 200 len: 386 time: 0.0148211
2026-04-23 09:04:22.640 9 INFO neutron.db.ovn_revision_numbers_db [None req-45fe0c83-c8e8-4857-9e5e-5c3db2b10239 2d874a480f6b48979b35e2224ab8df37 80904783ced34c1cab0fb022328fde3c - - default default] Successfully bumped revision number for resource ac61deb1-1788-4032-a5fb-4f80188c7408 (type: security_groups) to 1
2026-04-23 09:04:22.655 9 INFO neutron.db.ovn_revision_numbers_db [None req-45fe0c83-c8e8-4857-9e5e-5c3db2b10239 2d874a480f6b48979b35e2224ab8df37 80904783ced34c1cab0fb022328fde3c - - default default] Successfully bumped revision number for resource 55a2792b-0966-4761-ad52-c01aff5bd882 (type: security_group_rules) to 0
2026-04-23 09:04:22.671 9 INFO neutron.db.ovn_revision_numbers_db [None req-45fe0c83-c8e8-4857-9e5e-5c3db2b10239 2d874a480f6b48979b35e2224ab8df37 80904783ced34c1cab0fb022328fde3c - - default default] Successfully bumped revision number for resource 5f09aaa1-5054-479a-94b1-656eb0286060 (type: security_group_rules) to 0
2026-04-23 09:04:22.687 9 INFO neutron.db.ovn_revision_numbers_db [None req-45fe0c83-c8e8-4857-9e5e-5c3db2b10239 2d874a480f6b48979b35e2224ab8df37 80904783ced34c1cab0fb022328fde3c - - default default] Successfully bumped revision number for resource 7eb5936b-0701-4997-89ca-405903666e06 (type: security_group_rules) to 0
2026-04-23 09:04:22.701 9 INFO neutron.db.ovn_revision_numbers_db [None req-45fe0c83-c8e8-4857-9e5e-5c3db2b10239 2d874a480f6b48979b35e2224ab8df37 80904783ced34c1cab0fb022328fde3c - - default default] Successfully bumped revision number for resource f119ccf1-de82-44ab-8c80-517529230727 (type: security_group_rules) to 0
2026-04-23 09:04:22.725 9 INFO neutron.wsgi [None req-45fe0c83-c8e8-4857-9e5e-5c3db2b10239 2d874a480f6b48979b35e2224ab8df37 80904783ced34c1cab0fb022328fde3c - - default default] 10.0.0.191 "GET /v2.0/security-groups?tenant_id=45809730110645d09825c364af49840c&name=default HTTP/1.1" status: 200 len: 3000 time: 0.2106307
2026-04-23 09:04:22.829 10 INFO neutron.wsgi [req-4b0b73ab-0438-4243-ae86-a1d0636f15b7 req-a6f2bede-b012-4d3f-8099-551a05263d5b c8d86b24dcdd4918bcc18b9f66c14e5a d2852002db384780870bc4b862fa91d4 - - default default] 10.0.0.223 "GET /v2.0/ports?tenant_id=d2852002db384780870bc4b862fa91d4&fields=id HTTP/1.1" status: 200 len: 486 time: 0.2045512
2026-04-23 09:04:22.913 10 INFO neutron.wsgi [req-4b0b73ab-0438-4243-ae86-a1d0636f15b7 req-a079e1f8-9a0b-41f7-b933-34eaa238e9db cf64eec04e2a4132a6152c1efa922e0c 6e3e603828d74104aebcf9cc2d58b42a - - f2cf2090b4f64ebeb315ff6b43a7bfb1 f2cf2090b4f64ebeb315ff6b43a7bfb1] 10.0.0.223 "GET /v2.0/networks/e9d6d48c-00b5-4b28-9f7f-98f0e7fdd0d1?fields=segments HTTP/1.1" status: 200 len: 212 time: 0.0721853
2026-04-23 09:04:22.948 9 INFO neutron.wsgi [None req-d1c0baed-b143-4de9-ac38-1b1c441d34c0 2d874a480f6b48979b35e2224ab8df37 80904783ced34c1cab0fb022328fde3c - - default default] 10.0.0.191 "DELETE /v2.0/security-groups/ac61deb1-1788-4032-a5fb-4f80188c7408 HTTP/1.1" status: 204 len: 168 time: 0.2183173
2026-04-23 09:04:22.991 10 INFO neutron.wsgi [req-4b0b73ab-0438-4243-ae86-a1d0636f15b7 req-2c01ea28-0566-448e-a285-779f68b0fd2f cf64eec04e2a4132a6152c1efa922e0c 6e3e603828d74104aebcf9cc2d58b42a - - f2cf2090b4f64ebeb315ff6b43a7bfb1 f2cf2090b4f64ebeb315ff6b43a7bfb1] 10.0.0.223 "GET /v2.0/networks/e9d6d48c-00b5-4b28-9f7f-98f0e7fdd0d1?fields=provider%3Aphysical_network&fields=provider%3Anetwork_type HTTP/1.1" status: 200 len: 277 time: 0.0721884
2026-04-23 09:04:23.123 10 INFO neutron.wsgi [req-98d7059e-7cb3-40e7-8693-cbf8d6b70536 req-92626272-b0ff-43d9-b2fb-304ca03dfa74 c8d86b24dcdd4918bcc18b9f66c14e5a d2852002db384780870bc4b862fa91d4 - - default default] 10.0.0.223 "GET /v2.0/ports?device_id=433994f4-7d3e-4848-8061-90ce6aed8259 HTTP/1.1" status: 200 len: 210 time: 0.0238662
2026-04-23 09:04:23.889 9 INFO neutron.wsgi [req-4b0b73ab-0438-4243-ae86-a1d0636f15b7 req-770b978f-ce8c-4787-9c0e-c2f04a538543 c8d86b24dcdd4918bcc18b9f66c14e5a d2852002db384780870bc4b862fa91d4 - - default default] 199.19.213.141 "GET /v2.0/networks?id=e9d6d48c-00b5-4b28-9f7f-98f0e7fdd0d1 HTTP/1.1" status: 200 len: 904 time: 0.0788174
2026-04-23 09:04:23.939 9 INFO neutron.wsgi [req-4b0b73ab-0438-4243-ae86-a1d0636f15b7 req-a4401ae0-a382-4f36-9b69-610bbfba9da9 c8d86b24dcdd4918bcc18b9f66c14e5a d2852002db384780870bc4b862fa91d4 - - default default] 199.19.213.141 "GET /v2.0/security-groups?fields=id&fields=name&tenant_id=d2852002db384780870bc4b862fa91d4 HTTP/1.1" status: 200 len: 377 time: 0.0436821
2026-04-23 09:04:23.947 9 WARNING neutron_lib.context [req-4b0b73ab-0438-4243-ae86-a1d0636f15b7 req-05599ce9-c1ef-4e87-a232-7d405a6aaccf c8d86b24dcdd4918bcc18b9f66c14e5a d2852002db384780870bc4b862fa91d4 - - default default] Method 'is_advsvc' is deprecated since 2023.2 release (neutron-lib 3.8.0) and will be removed once support for the old RBAC API policies will be removed from Neutron. Please use method 'is_service_role' instead.
2026-04-23 09:04:24.097 10 INFO neutron.wsgi [-] 10.0.0.224 "GET / HTTP/1.1" status: 200 len: 246 time: 0.0027986
2026-04-23 09:04:24.101 10 INFO neutron.wsgi [-] 10.0.0.224 "GET / HTTP/1.1" status: 200 len: 246 time: 0.0023530
2026-04-23 09:04:24.361 9 WARNING neutron.scheduler.dhcp_agent_scheduler [req-4b0b73ab-0438-4243-ae86-a1d0636f15b7 req-05599ce9-c1ef-4e87-a232-7d405a6aaccf c8d86b24dcdd4918bcc18b9f66c14e5a d2852002db384780870bc4b862fa91d4 - - default default] No more DHCP agents
2026-04-23 09:04:24.366 9 WARNING neutron.api.rpc.agentnotifiers.dhcp_rpc_agent_api [req-4b0b73ab-0438-4243-ae86-a1d0636f15b7 req-05599ce9-c1ef-4e87-a232-7d405a6aaccf c8d86b24dcdd4918bcc18b9f66c14e5a d2852002db384780870bc4b862fa91d4 - - default default] Unable to schedule network e9d6d48c-00b5-4b28-9f7f-98f0e7fdd0d1: no agents available; will retry on subsequent port and subnet creation events.
2026-04-23 09:04:24.555 9 INFO neutron.db.ovn_revision_numbers_db [req-4b0b73ab-0438-4243-ae86-a1d0636f15b7 req-05599ce9-c1ef-4e87-a232-7d405a6aaccf c8d86b24dcdd4918bcc18b9f66c14e5a d2852002db384780870bc4b862fa91d4 - - default default] Successfully bumped revision number for resource 461a01a0-c3aa-4e2d-be8f-1c5cd19be425 (type: ports) to 1
2026-04-23 09:04:24.578 9 INFO neutron.wsgi [req-4b0b73ab-0438-4243-ae86-a1d0636f15b7 req-05599ce9-c1ef-4e87-a232-7d405a6aaccf c8d86b24dcdd4918bcc18b9f66c14e5a d2852002db384780870bc4b862fa91d4 - - default default] 199.19.213.141 "POST /v2.0/ports HTTP/1.1" status: 201 len: 1388 time: 0.6355426 /var/lib/openstack/lib/python3.10/site-packages/pycadf/identifier.py:71: UserWarning: Invalid uuid: neutron. To ensure interoperability, identifiers should be a valid uuid. warnings.warn(('Invalid uuid: %s. To ensure interoperability, '
2026-04-23 09:04:25.019 9 INFO neutron.db.ovn_revision_numbers_db [req-4b0b73ab-0438-4243-ae86-a1d0636f15b7 req-3c6bb050-d6b3-43cf-befb-b40e6ca34094 cf64eec04e2a4132a6152c1efa922e0c 6e3e603828d74104aebcf9cc2d58b42a - - f2cf2090b4f64ebeb315ff6b43a7bfb1 f2cf2090b4f64ebeb315ff6b43a7bfb1] Successfully bumped revision number for resource 461a01a0-c3aa-4e2d-be8f-1c5cd19be425 (type: ports) to 2
2026-04-23 09:04:25.232 9 INFO neutron.db.ovn_revision_numbers_db [req-4b0b73ab-0438-4243-ae86-a1d0636f15b7 req-3c6bb050-d6b3-43cf-befb-b40e6ca34094 cf64eec04e2a4132a6152c1efa922e0c 6e3e603828d74104aebcf9cc2d58b42a - - f2cf2090b4f64ebeb315ff6b43a7bfb1 f2cf2090b4f64ebeb315ff6b43a7bfb1] Successfully bumped revision number for resource 461a01a0-c3aa-4e2d-be8f-1c5cd19be425 (type: ports) to 2
2026-04-23 09:04:25.251 9 INFO neutron.wsgi [req-4b0b73ab-0438-4243-ae86-a1d0636f15b7 req-3c6bb050-d6b3-43cf-befb-b40e6ca34094 cf64eec04e2a4132a6152c1efa922e0c 6e3e603828d74104aebcf9cc2d58b42a - - f2cf2090b4f64ebeb315ff6b43a7bfb1 f2cf2090b4f64ebeb315ff6b43a7bfb1] 199.19.213.141 "PUT /v2.0/ports/461a01a0-c3aa-4e2d-be8f-1c5cd19be425 HTTP/1.1" status: 200 len: 1605 time: 0.6636047
2026-04-23 09:04:25.290 9 INFO neutron.notifiers.nova [-] Nova event matching ['req-8931f19c-8ecf-4093-806c-f3799514a5dc'] response: {'name': 'network-changed', 'server_uuid': '433994f4-7d3e-4848-8061-90ce6aed8259', 'tag': '461a01a0-c3aa-4e2d-be8f-1c5cd19be425', 'status': 'completed', 'code': 200} /var/lib/openstack/lib/python3.10/site-packages/pycadf/identifier.py:71: UserWarning: Invalid uuid: neutron. To ensure interoperability, identifiers should be a valid uuid. warnings.warn(('Invalid uuid: %s. To ensure interoperability, '
2026-04-23 09:04:25.329 9 INFO neutron.wsgi [req-4b0b73ab-0438-4243-ae86-a1d0636f15b7 req-efd7b8c2-5333-4591-bef4-f7181a267869 cf64eec04e2a4132a6152c1efa922e0c 6e3e603828d74104aebcf9cc2d58b42a - - f2cf2090b4f64ebeb315ff6b43a7bfb1 f2cf2090b4f64ebeb315ff6b43a7bfb1] 199.19.213.141 "GET /v2.0/ports?tenant_id=d2852002db384780870bc4b862fa91d4&device_id=433994f4-7d3e-4848-8061-90ce6aed8259 HTTP/1.1" status: 200 len: 1636 time: 0.0429795
2026-04-23 09:04:25.370 9 INFO neutron.wsgi [req-4b0b73ab-0438-4243-ae86-a1d0636f15b7 req-e5d963b5-e196-46f8-a0d6-63b461e6e556 cf64eec04e2a4132a6152c1efa922e0c 6e3e603828d74104aebcf9cc2d58b42a - - f2cf2090b4f64ebeb315ff6b43a7bfb1 f2cf2090b4f64ebeb315ff6b43a7bfb1] 199.19.213.141 "GET /v2.0/floatingips?fixed_ip_address=10.2.1.217&port_id=461a01a0-c3aa-4e2d-be8f-1c5cd19be425 HTTP/1.1" status: 200 len: 217 time: 0.0330696
2026-04-23 09:04:25.398 9 INFO neutron.wsgi [req-4b0b73ab-0438-4243-ae86-a1d0636f15b7 req-8903b56a-f0ab-4310-b112-099594b0d5d5 cf64eec04e2a4132a6152c1efa922e0c 6e3e603828d74104aebcf9cc2d58b42a - - f2cf2090b4f64ebeb315ff6b43a7bfb1 f2cf2090b4f64ebeb315ff6b43a7bfb1] 199.19.213.141 "GET /v2.0/floatingips?fixed_ip_address=fd7b%3Af9f7%3Afff%3A4eca%3A%3A34a&port_id=461a01a0-c3aa-4e2d-be8f-1c5cd19be425 HTTP/1.1" status: 200 len: 217 time: 0.0231757
2026-04-23 09:04:25.446 9 INFO neutron.wsgi [req-4b0b73ab-0438-4243-ae86-a1d0636f15b7 req-2f2d76f4-d830-46d0-adec-1c8d2a82f30d cf64eec04e2a4132a6152c1efa922e0c 6e3e603828d74104aebcf9cc2d58b42a - - f2cf2090b4f64ebeb315ff6b43a7bfb1 f2cf2090b4f64ebeb315ff6b43a7bfb1] 199.19.213.141 "GET /v2.0/subnets?id=c39e221f-061d-4dd0-97a8-0aa36b027c51&id=ceeefe7d-ce3b-47aa-b224-cac0c15d12ab HTTP/1.1" status: 200 len: 1561 time: 0.0400019
2026-04-23 09:04:25.477 9 INFO neutron.wsgi [req-4b0b73ab-0438-4243-ae86-a1d0636f15b7 req-3cb583ea-4e51-40df-a89f-c9a35c9af464 cf64eec04e2a4132a6152c1efa922e0c 6e3e603828d74104aebcf9cc2d58b42a - - f2cf2090b4f64ebeb315ff6b43a7bfb1 f2cf2090b4f64ebeb315ff6b43a7bfb1] 199.19.213.141 "GET /v2.0/ports?network_id=e9d6d48c-00b5-4b28-9f7f-98f0e7fdd0d1&device_owner=network%3Adhcp HTTP/1.1" status: 200 len: 210 time: 0.0237200
2026-04-23 09:04:25.508 9 INFO neutron.wsgi [req-4b0b73ab-0438-4243-ae86-a1d0636f15b7 req-7dac15be-fbd7-416a-9c99-e6d78f3760f2 cf64eec04e2a4132a6152c1efa922e0c 6e3e603828d74104aebcf9cc2d58b42a - - f2cf2090b4f64ebeb315ff6b43a7bfb1 f2cf2090b4f64ebeb315ff6b43a7bfb1] 199.19.213.141 "GET /v2.0/ports?network_id=e9d6d48c-00b5-4b28-9f7f-98f0e7fdd0d1&device_owner=network%3Adhcp HTTP/1.1" status: 200 len: 210 time: 0.0268989
2026-04-23 09:04:25.572 9 INFO neutron.wsgi [req-4b0b73ab-0438-4243-ae86-a1d0636f15b7 req-be57fcdc-c300-4587-8794-71793ecca91f cf64eec04e2a4132a6152c1efa922e0c 6e3e603828d74104aebcf9cc2d58b42a - - f2cf2090b4f64ebeb315ff6b43a7bfb1 f2cf2090b4f64ebeb315ff6b43a7bfb1] 199.19.213.141 "GET /v2.0/networks/e9d6d48c-00b5-4b28-9f7f-98f0e7fdd0d1?fields=segments HTTP/1.1" status: 200 len: 212 time: 0.0564671
2026-04-23 09:04:25.631 9 INFO neutron.wsgi [req-4b0b73ab-0438-4243-ae86-a1d0636f15b7 req-629717fd-e3ee-4300-b9ad-90bca0f324c7 cf64eec04e2a4132a6152c1efa922e0c 6e3e603828d74104aebcf9cc2d58b42a - - f2cf2090b4f64ebeb315ff6b43a7bfb1 f2cf2090b4f64ebeb315ff6b43a7bfb1] 199.19.213.141 "GET /v2.0/networks/e9d6d48c-00b5-4b28-9f7f-98f0e7fdd0d1?fields=provider%3Aphysical_network&fields=provider%3Anetwork_type HTTP/1.1" status: 200 len: 277 time: 0.0550053
2026-04-23 09:04:25.715 9 INFO neutron.wsgi [req-95590223-5911-4da8-b8f6-9b91cdeb7efd req-c2d61d68-210c-4168-852f-741c6153be96 cf64eec04e2a4132a6152c1efa922e0c 6e3e603828d74104aebcf9cc2d58b42a - - f2cf2090b4f64ebeb315ff6b43a7bfb1 f2cf2090b4f64ebeb315ff6b43a7bfb1] 199.19.213.141 "GET /v2.0/ports?tenant_id=d2852002db384780870bc4b862fa91d4&device_id=433994f4-7d3e-4848-8061-90ce6aed8259 HTTP/1.1" status: 200 len: 1636 time: 0.0481639
2026-04-23 09:04:25.787 9 INFO neutron.wsgi [req-95590223-5911-4da8-b8f6-9b91cdeb7efd req-fafd82c1-ad1c-40be-b761-5f0fdd44b8cf cf64eec04e2a4132a6152c1efa922e0c 6e3e603828d74104aebcf9cc2d58b42a - - f2cf2090b4f64ebeb315ff6b43a7bfb1 f2cf2090b4f64ebeb315ff6b43a7bfb1] 199.19.213.141 "GET /v2.0/networks?id=e9d6d48c-00b5-4b28-9f7f-98f0e7fdd0d1 HTTP/1.1" status: 200 len: 1003 time: 0.0668993
2026-04-23 09:04:25.832 10 INFO neutron.plugins.ml2.drivers.ovn.mech_driver.mech_driver [None req-14ffa220-e7df-4ddd-aad4-ce2377e6fedb - - - - - -] OVN reports status up for port: 461a01a0-c3aa-4e2d-be8f-1c5cd19be425
2026-04-23 09:04:25.839 9 INFO neutron.wsgi [req-95590223-5911-4da8-b8f6-9b91cdeb7efd req-40e479e8-75f8-42d2-80b8-eb5c89eaccbf cf64eec04e2a4132a6152c1efa922e0c 6e3e603828d74104aebcf9cc2d58b42a - - f2cf2090b4f64ebeb315ff6b43a7bfb1 f2cf2090b4f64ebeb315ff6b43a7bfb1] 199.19.213.141 "GET /v2.0/floatingips?fixed_ip_address=10.2.1.217&port_id=461a01a0-c3aa-4e2d-be8f-1c5cd19be425 HTTP/1.1" status: 200 len: 217 time: 0.0466015
2026-04-23 09:04:25.843 10 INFO neutron.plugins.ml2.plugin [None req-14ffa220-e7df-4ddd-aad4-ce2377e6fedb - - - - - -] Attempt 1 to provision port 461a01a0-c3aa-4e2d-be8f-1c5cd19be425
2026-04-23 09:04:25.877 9 INFO neutron.wsgi [req-95590223-5911-4da8-b8f6-9b91cdeb7efd req-85d7779a-ea5d-4273-acb6-425fd7c897d0 cf64eec04e2a4132a6152c1efa922e0c 6e3e603828d74104aebcf9cc2d58b42a - - f2cf2090b4f64ebeb315ff6b43a7bfb1 f2cf2090b4f64ebeb315ff6b43a7bfb1] 199.19.213.141 "GET /v2.0/floatingips?fixed_ip_address=fd7b%3Af9f7%3Afff%3A4eca%3A%3A34a&port_id=461a01a0-c3aa-4e2d-be8f-1c5cd19be425 HTTP/1.1" status: 200 len: 217 time: 0.0323982
2026-04-23 09:04:25.930 9 INFO neutron.wsgi [req-95590223-5911-4da8-b8f6-9b91cdeb7efd req-ca5ee11e-467a-4d49-ae14-c7b557095196 cf64eec04e2a4132a6152c1efa922e0c 6e3e603828d74104aebcf9cc2d58b42a - - f2cf2090b4f64ebeb315ff6b43a7bfb1 f2cf2090b4f64ebeb315ff6b43a7bfb1] 199.19.213.141 "GET /v2.0/subnets?id=c39e221f-061d-4dd0-97a8-0aa36b027c51&id=ceeefe7d-ce3b-47aa-b224-cac0c15d12ab HTTP/1.1" status: 200 len: 1561 time: 0.0455081
2026-04-23 09:04:25.965 9 INFO neutron.wsgi [req-95590223-5911-4da8-b8f6-9b91cdeb7efd req-ad04668b-b4f8-4335-803a-f1cee17f23a1 cf64eec04e2a4132a6152c1efa922e0c 6e3e603828d74104aebcf9cc2d58b42a - - f2cf2090b4f64ebeb315ff6b43a7bfb1 f2cf2090b4f64ebeb315ff6b43a7bfb1] 199.19.213.141 "GET /v2.0/ports?network_id=e9d6d48c-00b5-4b28-9f7f-98f0e7fdd0d1&device_owner=network%3Adhcp HTTP/1.1" status: 200 len: 210 time: 0.0277836
2026-04-23 09:04:26.013 10 INFO neutron.notifiers.nova [-] Nova event matching ['req-d67eb453-d90d-472d-955a-e0b15fa57c17'] response: {'server_uuid': '433994f4-7d3e-4848-8061-90ce6aed8259', 'name': 'network-vif-plugged', 'status': 'completed', 'tag': '461a01a0-c3aa-4e2d-be8f-1c5cd19be425', 'code': 200}
2026-04-23 09:04:26.015 9 INFO neutron.wsgi [req-95590223-5911-4da8-b8f6-9b91cdeb7efd req-9790b499-4631-478a-a190-29ef157bcd4b cf64eec04e2a4132a6152c1efa922e0c 6e3e603828d74104aebcf9cc2d58b42a - - f2cf2090b4f64ebeb315ff6b43a7bfb1 f2cf2090b4f64ebeb315ff6b43a7bfb1] 199.19.213.141 "GET /v2.0/ports?network_id=e9d6d48c-00b5-4b28-9f7f-98f0e7fdd0d1&device_owner=network%3Adhcp HTTP/1.1" status: 200 len: 210 time: 0.0397007
2026-04-23 09:04:26.085 9 INFO neutron.wsgi [req-95590223-5911-4da8-b8f6-9b91cdeb7efd req-a1bac4be-0ffb-4901-81b8-61210c2789ac cf64eec04e2a4132a6152c1efa922e0c 6e3e603828d74104aebcf9cc2d58b42a - - f2cf2090b4f64ebeb315ff6b43a7bfb1 f2cf2090b4f64ebeb315ff6b43a7bfb1] 199.19.213.141 "GET /v2.0/networks/e9d6d48c-00b5-4b28-9f7f-98f0e7fdd0d1?fields=segments HTTP/1.1" status: 200 len: 212 time: 0.0648775
2026-04-23 09:04:26.188 9 INFO neutron.wsgi [req-95590223-5911-4da8-b8f6-9b91cdeb7efd req-5ab06665-ccdc-489b-bc62-f21b207f3b44 cf64eec04e2a4132a6152c1efa922e0c 6e3e603828d74104aebcf9cc2d58b42a - - f2cf2090b4f64ebeb315ff6b43a7bfb1 f2cf2090b4f64ebeb315ff6b43a7bfb1] 199.19.213.141 "GET /v2.0/networks/e9d6d48c-00b5-4b28-9f7f-98f0e7fdd0d1?fields=provider%3Aphysical_network&fields=provider%3Anetwork_type HTTP/1.1" status: 200 len: 277 time: 0.0967889
2026-04-23 09:04:26.254 10 INFO neutron.db.ovn_revision_numbers_db [None req-14ffa220-e7df-4ddd-aad4-ce2377e6fedb - - - - - -] Successfully bumped revision number for resource 461a01a0-c3aa-4e2d-be8f-1c5cd19be425 (type: ports) to 4
2026-04-23 09:04:26.306 9 WARNING neutron.plugins.ml2.drivers.ovn.mech_driver.ovsdb.ovn_client [None req-783ddb92-8062-4664-9a68-f9c9037dddb4 - - - - - -] No hosting information found for port 277cf449-213d-4c45-b1c7-50c487efb8a4: RuntimeError: No hosting information found for port 277cf449-213d-4c45-b1c7-50c487efb8a4
2026-04-23 09:04:26.306 9 INFO neutron.plugins.ml2.drivers.ovn.mech_driver.mech_driver [None req-783ddb92-8062-4664-9a68-f9c9037dddb4 - - - - - -] OVN reports status up for port: 9abcc3d7-3b82-451f-9835-7810ce6dc17f
2026-04-23 09:04:26.314 9 INFO neutron.plugins.ml2.plugin [None req-783ddb92-8062-4664-9a68-f9c9037dddb4 - - - - - -] Attempt 1 to provision port 9abcc3d7-3b82-451f-9835-7810ce6dc17f
2026-04-23 09:04:26.627 9 INFO neutron.db.ovn_revision_numbers_db [None req-783ddb92-8062-4664-9a68-f9c9037dddb4 - - - - - -] Successfully bumped revision number for resource 9abcc3d7-3b82-451f-9835-7810ce6dc17f (type: ports) to 2
2026-04-23 09:04:26.944 9 INFO neutron.wsgi [req-20cb1f06-c65a-464e-aca0-ee6d899a9238 req-a3593ae2-b0ca-40b9-8c6b-65767dc0e6fe cf64eec04e2a4132a6152c1efa922e0c 6e3e603828d74104aebcf9cc2d58b42a - - f2cf2090b4f64ebeb315ff6b43a7bfb1 f2cf2090b4f64ebeb315ff6b43a7bfb1] 199.19.213.141 "GET /v2.0/ports?device_id=433994f4-7d3e-4848-8061-90ce6aed8259&fields=binding%3Ahost_id&fields=binding%3Avif_type HTTP/1.1" status: 200 len: 265 time: 0.0446587
2026-04-23 09:04:26.973 9 INFO neutron.db.ovn_revision_numbers_db [None req-783ddb92-8062-4664-9a68-f9c9037dddb4 - - - - - -] Successfully bumped revision number for resource 9abcc3d7-3b82-451f-9835-7810ce6dc17f (type: router_ports) to 2
2026-04-23 09:04:27.046 9 INFO neutron.wsgi [req-20cb1f06-c65a-464e-aca0-ee6d899a9238 req-773144ce-3695-4fcc-b3e5-e12906e62c8c cf64eec04e2a4132a6152c1efa922e0c 6e3e603828d74104aebcf9cc2d58b42a - - f2cf2090b4f64ebeb315ff6b43a7bfb1 f2cf2090b4f64ebeb315ff6b43a7bfb1] 199.19.213.141 "GET /v2.0/ports?tenant_id=d2852002db384780870bc4b862fa91d4&device_id=433994f4-7d3e-4848-8061-90ce6aed8259 HTTP/1.1" status: 200 len: 1638 time: 0.0605443
