2026-06-18 09:44:56.641 7 INFO neutron.api.extensions [None req-57738b4c-d158-47e1-b598-856a466d0c23 - - - - - -] Extension l3-ext-ndp-proxy not supported by any of loaded plugins
2026-06-18 09:44:56.642 7 INFO neutron.api.extensions [None req-57738b4c-d158-47e1-b598-856a466d0c23 - - - - - -] Extension external-gateway-multihoming not supported by any of loaded plugins
2026-06-18 09:44:56.642 7 INFO neutron.api.extensions [None req-57738b4c-d158-47e1-b598-856a466d0c23 - - - - - -] Loaded extension: l3-flavors
2026-06-18 09:44:56.643 7 INFO neutron.api.extensions [None req-57738b4c-d158-47e1-b598-856a466d0c23 - - - - - -] Extension l3-ndp-proxy not supported by any of loaded plugins
2026-06-18 09:44:56.644 8 INFO neutron.quota.resource_registry [None req-003dcfe7-40bc-45b2-9545-33768f9f16e2 - - - - - -] Creating instance of CountableResource for resource:rbac_policy
2026-06-18 09:44:56.644 7 INFO neutron.api.extensions [None req-57738b4c-d158-47e1-b598-856a466d0c23 - - - - - -] Loaded extension: l3-port-ip-change-not-allowed
2026-06-18 09:44:56.645 8 INFO neutron.quota.resource_registry [None req-003dcfe7-40bc-45b2-9545-33768f9f16e2 - - - - - -] Creating instance of TrackedResource for resource:security_group
2026-06-18 09:44:56.645 8 INFO neutron.quota.resource_registry [None req-003dcfe7-40bc-45b2-9545-33768f9f16e2 - - - - - -] Creating instance of TrackedResource for resource:security_group_rule
2026-06-18 09:44:56.646 8 INFO neutron.quota.resource_registry [None req-003dcfe7-40bc-45b2-9545-33768f9f16e2 - - - - - -] Creating instance of TrackedResource for resource:subnetpool
2026-06-18 09:44:56.646 8 WARNING neutron.quota.resource_registry [None req-003dcfe7-40bc-45b2-9545-33768f9f16e2 - - - - - -] subnetpool is already registered
2026-06-18 09:44:56.646 7 INFO neutron.api.extensions [None req-57738b4c-d158-47e1-b598-856a466d0c23 - - - - - -] Loaded extension: l3_agent_scheduler
2026-06-18 09:44:56.647 8 INFO neutron.quota.resource_registry [None req-003dcfe7-40bc-45b2-9545-33768f9f16e2 - - - - - -] Creating instance of TrackedResource for resource:subnetpool
2026-06-18 09:44:56.647 8 WARNING neutron.quota.resource_registry [None req-003dcfe7-40bc-45b2-9545-33768f9f16e2 - - - - - -] subnetpool is already registered
2026-06-18 09:44:56.647 8 INFO neutron.quota.resource_registry [None req-003dcfe7-40bc-45b2-9545-33768f9f16e2 - - - - - -] Creating instance of CountableResource for resource:trunk
2026-06-18 09:44:56.648 7 INFO neutron.api.extensions [None req-57738b4c-d158-47e1-b598-856a466d0c23 - - - - - -] Extension local_ip not supported by any of loaded plugins
2026-06-18 09:44:56.648 8 INFO neutron.quota.resource_registry [None req-003dcfe7-40bc-45b2-9545-33768f9f16e2 - - - - - -] Creating instance of CountableResource for resource:ikepolicy
2026-06-18 09:44:56.648 8 INFO neutron.quota.resource_registry [None req-003dcfe7-40bc-45b2-9545-33768f9f16e2 - - - - - -] Creating instance of CountableResource for resource:ipsecpolicy
2026-06-18 09:44:56.648 8 INFO neutron.quota.resource_registry [None req-003dcfe7-40bc-45b2-9545-33768f9f16e2 - - - - - -] Creating instance of CountableResource for resource:endpoint_group
2026-06-18 09:44:56.649 7 INFO neutron.api.extensions [None req-57738b4c-d158-47e1-b598-856a466d0c23 - - - - - -] Extension logging not supported by any of loaded plugins
2026-06-18 09:44:56.649 8 INFO neutron.quota.resource_registry [None req-003dcfe7-40bc-45b2-9545-33768f9f16e2 - - - - - -] Creating instance of CountableResource for resource:vpnservice
2026-06-18 09:44:56.649 8 INFO neutron.quota.resource_registry [None req-003dcfe7-40bc-45b2-9545-33768f9f16e2 - - - - - -] Creating instance of CountableResource for resource:ipsec_site_connection
2026-06-18 09:44:56.650 7 INFO neutron.api.extensions [None req-57738b4c-d158-47e1-b598-856a466d0c23 - - - - - -] Extension metering not supported by any of loaded plugins
2026-06-18 09:44:56.650 8 INFO neutron.quota.resource_registry [None req-003dcfe7-40bc-45b2-9545-33768f9f16e2 - - - - - -] Creating instance of CountableResource for resource:ipsecpolicy
2026-06-18 09:44:56.650 8 WARNING neutron.quota.resource_registry [None req-003dcfe7-40bc-45b2-9545-33768f9f16e2 - - - - - -] ipsecpolicy is already registered
2026-06-18 09:44:56.650 7 INFO neutron.api.extensions [None req-57738b4c-d158-47e1-b598-856a466d0c23 - - - - - -] Extension metering_source_and_destination_fields not supported by any of loaded plugins
2026-06-18 09:44:56.650 8 INFO neutron.quota.resource_registry [None req-003dcfe7-40bc-45b2-9545-33768f9f16e2 - - - - - -] Creating instance of CountableResource for resource:ikepolicy
2026-06-18 09:44:56.650 8 WARNING neutron.quota.resource_registry [None req-003dcfe7-40bc-45b2-9545-33768f9f16e2 - - - - - -] ikepolicy is already registered
2026-06-18 09:44:56.651 7 INFO neutron.api.extensions [None req-57738b4c-d158-47e1-b598-856a466d0c23 - - - - - -] Loaded extension: multi-provider
2026-06-18 09:44:56.651 7 INFO neutron.api.extensions [None req-57738b4c-d158-47e1-b598-856a466d0c23 - - - - - -] Loaded extension: net-mtu
2026-06-18 09:44:56.652 7 INFO neutron.api.extensions [None req-57738b4c-d158-47e1-b598-856a466d0c23 - - - - - -] Loaded extension: net-mtu-writable
2026-06-18 09:44:56.653 7 INFO neutron.api.extensions [None req-57738b4c-d158-47e1-b598-856a466d0c23 - - - - - -] Loaded extension: network_availability_zone
2026-06-18 09:44:56.654 7 INFO neutron.api.extensions [None req-57738b4c-d158-47e1-b598-856a466d0c23 - - - - - -] Loaded extension: network_ha
2026-06-18 09:44:56.654 7 INFO neutron.api.extensions [None req-57738b4c-d158-47e1-b598-856a466d0c23 - - - - - -] Loaded extension: network-ip-availability
2026-06-18 09:44:56.656 7 INFO neutron.api.extensions [None req-57738b4c-d158-47e1-b598-856a466d0c23 - - - - - -] Extension network-segment-range not supported by any of loaded plugins
2026-06-18 09:44:56.656 7 INFO neutron.api.extensions [None req-57738b4c-d158-47e1-b598-856a466d0c23 - - - - - -] Loaded extension: pagination
2026-06-18 09:44:56.656 7 INFO neutron.api.extensions [None req-57738b4c-d158-47e1-b598-856a466d0c23 - - - - - -] Loaded extension: port-device-profile
2026-06-18 09:44:56.657 7 INFO neutron.api.extensions [None req-57738b4c-d158-47e1-b598-856a466d0c23 - - - - - -] Extension port-hardware-offload-type not supported by any of loaded plugins
2026-06-18 09:44:56.657 8 INFO neutron.quota.resource_registry [None req-003dcfe7-40bc-45b2-9545-33768f9f16e2 - - - - - -] Creating instance of TrackedResource for resource:router
2026-06-18 09:44:56.657 8 WARNING neutron.quota.resource_registry [None req-003dcfe7-40bc-45b2-9545-33768f9f16e2 - - - - - -] router is already registered
2026-06-18 09:44:56.657 7 INFO neutron.api.extensions [None req-57738b4c-d158-47e1-b598-856a466d0c23 - - - - - -] Extension port-hint-ovs-tx-steering not supported by any of loaded plugins
2026-06-18 09:44:56.658 8 INFO neutron.quota.resource_registry [None req-003dcfe7-40bc-45b2-9545-33768f9f16e2 - - - - - -] Creating instance of TrackedResource for resource:floatingip
2026-06-18 09:44:56.658 8 WARNING neutron.quota.resource_registry [None req-003dcfe7-40bc-45b2-9545-33768f9f16e2 - - - - - -] floatingip is already registered
2026-06-18 09:44:56.658 7 INFO neutron.api.extensions [None req-57738b4c-d158-47e1-b598-856a466d0c23 - - - - - -] Extension port-hints not supported by any of loaded plugins
2026-06-18 09:44:56.658 7 INFO neutron.api.extensions [None req-57738b4c-d158-47e1-b598-856a466d0c23 - - - - - -] Loaded extension: port-mac-override
2026-06-18 09:44:56.659 7 INFO neutron.api.extensions [None req-57738b4c-d158-47e1-b598-856a466d0c23 - - - - - -] Loaded extension: port-mac-address-regenerate
2026-06-18 09:44:56.659 7 INFO neutron.api.extensions [None req-57738b4c-d158-47e1-b598-856a466d0c23 - - - - - -] Loaded extension: port-numa-affinity-policy
2026-06-18 09:44:56.660 7 INFO neutron.api.extensions [None req-57738b4c-d158-47e1-b598-856a466d0c23 - - - - - -] Loaded extension: port-numa-affinity-policy-socket
2026-06-18 09:44:56.660 7 INFO neutron.api.extensions [None req-57738b4c-d158-47e1-b598-856a466d0c23 - - - - - -] Loaded extension: port-resource-request
2026-06-18 09:44:56.661 7 INFO neutron.api.extensions [None req-57738b4c-d158-47e1-b598-856a466d0c23 - - - - - -] Loaded extension: port-resource-request-groups
2026-06-18 09:44:56.661 7 INFO neutron.api.extensions [None req-57738b4c-d158-47e1-b598-856a466d0c23 - - - - - -] Extension port-trusted-vif not supported by any of loaded plugins
2026-06-18 09:44:56.661 8 INFO neutron.quota.resource_registry [None req-003dcfe7-40bc-45b2-9545-33768f9f16e2 - - - - - -] Creating instance of CountableResource for resource:rbac_policy
2026-06-18 09:44:56.662 8 WARNING neutron.quota.resource_registry [None req-003dcfe7-40bc-45b2-9545-33768f9f16e2 - - - - - -] rbac_policy is already registered
2026-06-18 09:44:56.662 7 INFO neutron.api.extensions [None req-57738b4c-d158-47e1-b598-856a466d0c23 - - - - - -] Loaded extension: binding
2026-06-18 09:44:56.662 8 INFO neutron.quota.resource_registry [None req-003dcfe7-40bc-45b2-9545-33768f9f16e2 - - - - - -] Creating instance of TrackedResource for resource:security_group
2026-06-18 09:44:56.662 8 WARNING neutron.quota.resource_registry [None req-003dcfe7-40bc-45b2-9545-33768f9f16e2 - - - - - -] security_group is already registered
2026-06-18 09:44:56.663 7 INFO neutron.api.extensions [None req-57738b4c-d158-47e1-b598-856a466d0c23 - - - - - -] Loaded extension: binding-extended
2026-06-18 09:44:56.663 8 INFO neutron.quota.resource_registry [None req-003dcfe7-40bc-45b2-9545-33768f9f16e2 - - - - - -] Creating instance of TrackedResource for resource:security_group_rule
2026-06-18 09:44:56.663 8 WARNING neutron.quota.resource_registry [None req-003dcfe7-40bc-45b2-9545-33768f9f16e2 - - - - - -] security_group_rule is already registered
2026-06-18 09:44:56.663 7 INFO neutron.api.extensions [None req-57738b4c-d158-47e1-b598-856a466d0c23 - - - - - -] Loaded extension: port-security
2026-06-18 09:44:56.664 7 INFO neutron.api.extensions [None req-57738b4c-d158-47e1-b598-856a466d0c23 - - - - - -] Loaded extension: project-id
2026-06-18 09:44:56.664 8 INFO neutron.quota.resource_registry [None req-003dcfe7-40bc-45b2-9545-33768f9f16e2 - - - - - -] Creating instance of TrackedResource for resource:subnetpool
2026-06-18 09:44:56.664 8 WARNING neutron.quota.resource_registry [None req-003dcfe7-40bc-45b2-9545-33768f9f16e2 - - - - - -] subnetpool is already registered
2026-06-18 09:44:56.664 7 INFO neutron.api.extensions [None req-57738b4c-d158-47e1-b598-856a466d0c23 - - - - - -] Loaded extension: provider
2026-06-18 09:44:56.664 8 INFO neutron.quota.resource_registry [None req-003dcfe7-40bc-45b2-9545-33768f9f16e2 - - - - - -] Creating instance of TrackedResource for resource:subnetpool
2026-06-18 09:44:56.664 8 WARNING neutron.quota.resource_registry [None req-003dcfe7-40bc-45b2-9545-33768f9f16e2 - - - - - -] subnetpool is already registered
2026-06-18 09:44:56.665 7 INFO neutron.api.extensions [None req-57738b4c-d158-47e1-b598-856a466d0c23 - - - - - -] Extension qinq not supported by any of loaded plugins
2026-06-18 09:44:56.665 8 INFO neutron.quota.resource_registry [None req-003dcfe7-40bc-45b2-9545-33768f9f16e2 - - - - - -] Creating instance of CountableResource for resource:trunk
2026-06-18 09:44:56.665 8 WARNING neutron.quota.resource_registry [None req-003dcfe7-40bc-45b2-9545-33768f9f16e2 - - - - - -] trunk is already registered
2026-06-18 09:44:56.665 8 INFO neutron.quota.resource_registry [None req-003dcfe7-40bc-45b2-9545-33768f9f16e2 - - - - - -] Creating instance of CountableResource for resource:ikepolicy
2026-06-18 09:44:56.666 8 WARNING neutron.quota.resource_registry [None req-003dcfe7-40bc-45b2-9545-33768f9f16e2 - - - - - -] ikepolicy is already registered
2026-06-18 09:44:56.666 8 INFO neutron.quota.resource_registry [None req-003dcfe7-40bc-45b2-9545-33768f9f16e2 - - - - - -] Creating instance of CountableResource for resource:ipsecpolicy
2026-06-18 09:44:56.666 8 WARNING neutron.quota.resource_registry [None req-003dcfe7-40bc-45b2-9545-33768f9f16e2 - - - - - -] ipsecpolicy is already registered
2026-06-18 09:44:56.666 8 INFO neutron.quota.resource_registry [None req-003dcfe7-40bc-45b2-9545-33768f9f16e2 - - - - - -] Creating instance of CountableResource for resource:endpoint_group
2026-06-18 09:44:56.667 8 WARNING neutron.quota.resource_registry [None req-003dcfe7-40bc-45b2-9545-33768f9f16e2 - - - - - -] endpoint_group is already registered
2026-06-18 09:44:56.667 7 INFO neutron.api.extensions [None req-57738b4c-d158-47e1-b598-856a466d0c23 - - - - - -] Loaded extension: qos
2026-06-18 09:44:56.667 8 INFO neutron.quota.resource_registry [None req-003dcfe7-40bc-45b2-9545-33768f9f16e2 - - - - - -] Creating instance of CountableResource for resource:vpnservice
2026-06-18 09:44:56.667 8 WARNING neutron.quota.resource_registry [None req-003dcfe7-40bc-45b2-9545-33768f9f16e2 - - - - - -] vpnservice is already registered
2026-06-18 09:44:56.668 7 INFO neutron.api.extensions [None req-57738b4c-d158-47e1-b598-856a466d0c23 - - - - - -] Loaded extension: qos-bw-limit-direction
2026-06-18 09:44:56.668 8 INFO neutron.quota.resource_registry [None req-003dcfe7-40bc-45b2-9545-33768f9f16e2 - - - - - -] Creating instance of CountableResource for resource:ipsec_site_connection
2026-06-18 09:44:56.668 8 WARNING neutron.quota.resource_registry [None req-003dcfe7-40bc-45b2-9545-33768f9f16e2 - - - - - -] ipsec_site_connection is already registered
2026-06-18 09:44:56.668 7 INFO neutron.api.extensions [None req-57738b4c-d158-47e1-b598-856a466d0c23 - - - - - -] Loaded extension: qos-bw-minimum-ingress
2026-06-18 09:44:56.668 8 INFO neutron.quota.resource_registry [None req-003dcfe7-40bc-45b2-9545-33768f9f16e2 - - - - - -] Creating instance of CountableResource for resource:ipsecpolicy
2026-06-18 09:44:56.668 8 WARNING neutron.quota.resource_registry [None req-003dcfe7-40bc-45b2-9545-33768f9f16e2 - - - - - -] ipsecpolicy is already registered
2026-06-18 09:44:56.668 7 INFO neutron.api.extensions [None req-57738b4c-d158-47e1-b598-856a466d0c23 - - - - - -] Loaded extension: qos-default
2026-06-18 09:44:56.668 8 INFO neutron.quota.resource_registry [None req-003dcfe7-40bc-45b2-9545-33768f9f16e2 - - - - - -] Creating instance of CountableResource for resource:ikepolicy
2026-06-18 09:44:56.669 8 WARNING neutron.quota.resource_registry [None req-003dcfe7-40bc-45b2-9545-33768f9f16e2 - - - - - -] ikepolicy is already registered
2026-06-18 09:44:56.669 7 INFO neutron.api.extensions [None req-57738b4c-d158-47e1-b598-856a466d0c23 - - - - - -] Loaded extension: qos-fip
2026-06-18 09:44:56.669 7 INFO neutron.api.extensions [None req-57738b4c-d158-47e1-b598-856a466d0c23 - - - - - -] Extension qos-fip-network-policy not supported by any of loaded plugins
2026-06-18 09:44:56.670 7 INFO neutron.api.extensions [None req-57738b4c-d158-47e1-b598-856a466d0c23 - - - - - -] Loaded extension: qos-gateway-ip
2026-06-18 09:44:56.670 7 INFO neutron.api.extensions [None req-57738b4c-d158-47e1-b598-856a466d0c23 - - - - - -] Loaded extension: qos-port-network-policy
2026-06-18 09:44:56.671 7 INFO neutron.api.extensions [None req-57738b4c-d158-47e1-b598-856a466d0c23 - - - - - -] Loaded extension: qos-pps-minimum
2026-06-18 09:44:56.672 7 INFO neutron.api.extensions [None req-57738b4c-d158-47e1-b598-856a466d0c23 - - - - - -] Loaded extension: qos-pps-minimum-rule-alias
2026-06-18 09:44:56.672 7 INFO neutron.api.extensions [None req-57738b4c-d158-47e1-b598-856a466d0c23 - - - - - -] Loaded extension: qos-pps
2026-06-18 09:44:56.673 7 INFO neutron.api.extensions [None req-57738b4c-d158-47e1-b598-856a466d0c23 - - - - - -] Loaded extension: qos-rule-type-details
2026-06-18 09:44:56.673 7 INFO neutron.api.extensions [None req-57738b4c-d158-47e1-b598-856a466d0c23 - - - - - -] Loaded extension: qos-rule-type-filter
2026-06-18 09:44:56.674 7 INFO neutron.api.extensions [None req-57738b4c-d158-47e1-b598-856a466d0c23 - - - - - -] Loaded extension: qos-rules-alias
2026-06-18 09:44:56.674 7 INFO neutron.api.extensions [None req-57738b4c-d158-47e1-b598-856a466d0c23 - - - - - -] Loaded extension: quota-check-limit
2026-06-18 09:44:56.675 7 INFO neutron.api.extensions [None req-57738b4c-d158-47e1-b598-856a466d0c23 - - - - - -] Loaded extension: quota-check-limit-default
2026-06-18 09:44:56.677 7 INFO neutron.api.extensions [None req-57738b4c-d158-47e1-b598-856a466d0c23 - - - - - -] Loaded extension: quotas
2026-06-18 09:44:56.678 7 INFO neutron.api.extensions [None req-57738b4c-d158-47e1-b598-856a466d0c23 - - - - - -] Loaded extension: quota_details
2026-06-18 09:44:56.680 7 INFO neutron.api.extensions [None req-57738b4c-d158-47e1-b598-856a466d0c23 - - - - - -] Loaded extension: rbac-policies
2026-06-18 09:44:56.681 7 INFO neutron.api.extensions [None req-57738b4c-d158-47e1-b598-856a466d0c23 - - - - - -] Loaded extension: rbac-address-group
2026-06-18 09:44:56.682 7 INFO neutron.api.extensions [None req-57738b4c-d158-47e1-b598-856a466d0c23 - - - - - -] Loaded extension: rbac-address-scope
2026-06-18 09:44:56.682 7 INFO neutron.api.extensions [None req-57738b4c-d158-47e1-b598-856a466d0c23 - - - - - -] Loaded extension: rbac-security-groups
2026-06-18 09:44:56.683 7 INFO neutron.api.extensions [None req-57738b4c-d158-47e1-b598-856a466d0c23 - - - - - -] Loaded extension: rbac-subnetpool
2026-06-18 09:44:56.683 7 INFO neutron.api.extensions [None req-57738b4c-d158-47e1-b598-856a466d0c23 - - - - - -] Loaded extension: revision-if-match
2026-06-18 09:44:56.684 7 INFO neutron.api.extensions [None req-57738b4c-d158-47e1-b598-856a466d0c23 - - - - - -] Loaded extension: standard-attr-revisions
2026-06-18 09:44:56.684 7 INFO neutron.api.extensions [None req-57738b4c-d158-47e1-b598-856a466d0c23 - - - - - -] Loaded extension: router_availability_zone
2026-06-18 09:44:56.685 7 INFO neutron.api.extensions [None req-57738b4c-d158-47e1-b598-856a466d0c23 - - - - - -] Extension router-service-type not supported by any of loaded plugins
2026-06-18 09:44:56.692 7 INFO neutron.api.extensions [None req-57738b4c-d158-47e1-b598-856a466d0c23 - - - - - -] Loaded extension: security-groups-default-rules
2026-06-18 09:44:56.694 7 INFO neutron.api.extensions [None req-57738b4c-d158-47e1-b598-856a466d0c23 - - - - - -] Loaded extension: security-groups-normalized-cidr
2026-06-18 09:44:56.694 7 INFO neutron.api.extensions [None req-57738b4c-d158-47e1-b598-856a466d0c23 - - - - - -] Loaded extension: port-security-groups-filtering
2026-06-18 09:44:56.695 7 INFO neutron.api.extensions [None req-57738b4c-d158-47e1-b598-856a466d0c23 - - - - - -] Loaded extension: security-groups-remote-address-group
2026-06-18 09:44:56.696 7 INFO neutron.api.extensions [None req-57738b4c-d158-47e1-b598-856a466d0c23 - - - - - -] Loaded extension: security-groups-rules-belongs-to-default-sg
2026-06-18 09:44:56.697 7 INFO neutron.api.extensions [None req-57738b4c-d158-47e1-b598-856a466d0c23 - - - - - -] Loaded extension: security-groups-shared-filtering
2026-06-18 09:44:56.705 7 INFO neutron.api.extensions [None req-57738b4c-d158-47e1-b598-856a466d0c23 - - - - - -] Loaded extension: security-group
2026-06-18 09:44:56.707 7 INFO neutron.api.extensions [None req-57738b4c-d158-47e1-b598-856a466d0c23 - - - - - -] Loaded extension: segment
2026-06-18 09:44:56.708 7 INFO neutron.api.extensions [None req-57738b4c-d158-47e1-b598-856a466d0c23 - - - - - -] Loaded extension: segments-peer-subnet-host-routes
2026-06-18 09:44:56.708 7 INFO neutron.api.extensions [None req-57738b4c-d158-47e1-b598-856a466d0c23 - - - - - -] Loaded extension: service-type
2026-06-18 09:44:56.709 7 INFO neutron.api.extensions [None req-57738b4c-d158-47e1-b598-856a466d0c23 - - - - - -] Loaded extension: sorting
2026-06-18 09:44:56.710 7 INFO neutron.api.extensions [None req-57738b4c-d158-47e1-b598-856a466d0c23 - - - - - -] Loaded extension: standard-attr-segment
2026-06-18 09:44:56.711 7 INFO neutron.api.extensions [None req-57738b4c-d158-47e1-b598-856a466d0c23 - - - - - -] Loaded extension: standard-attr-description
2026-06-18 09:44:56.712 7 INFO neutron.api.extensions [None req-57738b4c-d158-47e1-b598-856a466d0c23 - - - - - -] Loaded extension: stateful-security-group
2026-06-18 09:44:56.712 7 WARNING neutron.api.extensions [None req-57738b4c-d158-47e1-b598-856a466d0c23 - - - - - -] Did not find expected name "Stdattrs_common" in /var/lib/openstack/lib/python3.12/site-packages/neutron/extensions/stdattrs_common.py
2026-06-18 09:44:56.713 7 INFO neutron.api.extensions [None req-57738b4c-d158-47e1-b598-856a466d0c23 - - - - - -] Extension subnet-dns-publish-fixed-ip not supported by any of loaded plugins
2026-06-18 09:44:56.714 7 INFO neutron.api.extensions [None req-57738b4c-d158-47e1-b598-856a466d0c23 - - - - - -] Loaded extension: subnet-external-network
2026-06-18 09:44:56.715 7 INFO neutron.api.extensions [None req-57738b4c-d158-47e1-b598-856a466d0c23 - - - - - -] Loaded extension: subnet_onboard
2026-06-18 09:44:56.715 7 INFO neutron.api.extensions [None req-57738b4c-d158-47e1-b598-856a466d0c23 - - - - - -] Loaded extension: subnet-segmentid-writable
2026-06-18 09:44:56.716 7 INFO neutron.api.extensions [None req-57738b4c-d158-47e1-b598-856a466d0c23 - - - - - -] Loaded extension: subnet-service-types
2026-06-18 09:44:56.717 7 INFO neutron.api.extensions [None req-57738b4c-d158-47e1-b598-856a466d0c23 - - - - - -] Loaded extension: subnet_allocation
2026-06-18 09:44:56.719 7 INFO neutron.api.extensions [None req-57738b4c-d158-47e1-b598-856a466d0c23 - - - - - -] Loaded extension: subnetpool-prefix-ops
2026-06-18 09:44:56.719 7 INFO neutron.api.extensions [None req-57738b4c-d158-47e1-b598-856a466d0c23 - - - - - -] Loaded extension: tag-creation
2026-06-18 09:44:56.720 7 INFO neutron.api.extensions [None req-57738b4c-d158-47e1-b598-856a466d0c23 - - - - - -] Extension tag-ports-during-bulk-creation not supported by any of loaded plugins
2026-06-18 09:44:56.720 8 WARNING keystonemiddleware._common.config [None req-003dcfe7-40bc-45b2-9545-33768f9f16e2 - - - - - -] The option "audit_map_file" is not known to keystonemiddleware
2026-06-18 09:44:56.725 7 INFO neutron.api.extensions [None req-57738b4c-d158-47e1-b598-856a466d0c23 - - - - - -] Loaded extension: standard-attr-tag
2026-06-18 09:44:56.726 7 INFO neutron.api.extensions [None req-57738b4c-d158-47e1-b598-856a466d0c23 - - - - - -] Loaded extension: standard-attr-timestamp
2026-06-18 09:44:56.727 7 INFO neutron.api.extensions [None req-57738b4c-d158-47e1-b598-856a466d0c23 - - - - - -] Loaded extension: trunk
2026-06-18 09:44:56.727 7 INFO neutron.api.extensions [None req-57738b4c-d158-47e1-b598-856a466d0c23 - - - - - -] Loaded extension: trunk-details
2026-06-18 09:44:56.728 8 WARNING oslo_config.cfg [None req-003dcfe7-40bc-45b2-9545-33768f9f16e2 - - - - - -] Deprecated: Option "auth_uri" from group "keystone_authtoken" is deprecated. Use option "www_authenticate_uri" from group "keystone_authtoken".
2026-06-18 09:44:56.728 7 INFO neutron.api.extensions [None req-57738b4c-d158-47e1-b598-856a466d0c23 - - - - - -] Extension uplink-status-propagation not supported by any of loaded plugins
2026-06-18 09:44:56.728 7 INFO neutron.api.extensions [None req-57738b4c-d158-47e1-b598-856a466d0c23 - - - - - -] Extension uplink-status-propagation-updatable not supported by any of loaded plugins
2026-06-18 09:44:56.729 7 INFO neutron.api.extensions [None req-57738b4c-d158-47e1-b598-856a466d0c23 - - - - - -] Extension vlan-transparent not supported by any of loaded plugins
2026-06-18 09:44:56.730 7 INFO neutron.api.extensions [None req-57738b4c-d158-47e1-b598-856a466d0c23 - - - - - -] Loaded extension: vpn-aes-ctr WSGI app 0 (mountpoint='') ready in 10 seconds on interpreter 0x7f768163d668 pid: 8 (default app)
2026-06-18 09:44:56.732 7 INFO neutron.api.extensions [None req-57738b4c-d158-47e1-b598-856a466d0c23 - - - - - -] Extension vpn-agent-scheduler not supported by any of loaded plugins
2026-06-18 09:44:56.733 7 INFO neutron.api.extensions [None req-57738b4c-d158-47e1-b598-856a466d0c23 - - - - - -] Loaded extension: vpn-endpoint-groups
2026-06-18 09:44:56.734 7 INFO neutron.api.extensions [None req-57738b4c-d158-47e1-b598-856a466d0c23 - - - - - -] Loaded extension: vpn-flavors
2026-06-18 09:44:56.735 7 INFO neutron.api.extensions [None req-57738b4c-d158-47e1-b598-856a466d0c23 - - - - - -] Loaded extension: vpnaas
2026-06-18 09:44:56.737 7 INFO neutron.api.extensions [None req-57738b4c-d158-47e1-b598-856a466d0c23 - - - - - -] Loaded extension: taas
2026-06-18 09:44:56.738 7 INFO neutron.api.extensions [None req-57738b4c-d158-47e1-b598-856a466d0c23 - - - - - -] Loaded extension: tap-mirror
2026-06-18 09:44:56.739 7 INFO neutron.api.extensions [None req-57738b4c-d158-47e1-b598-856a466d0c23 - - - - - -] Loaded extension: taas-vlan-filter
2026-06-18 09:44:56.742 7 INFO neutron.quota.resource_registry [None req-57738b4c-d158-47e1-b598-856a466d0c23 - - - - - -] Creating instance of TrackedResource for resource:network
2026-06-18 09:44:56.742 7 INFO neutron.quota.resource_registry [None req-57738b4c-d158-47e1-b598-856a466d0c23 - - - - - -] Creating instance of TrackedResource for resource:subnet
2026-06-18 09:44:56.743 7 INFO neutron.quota.resource_registry [None req-57738b4c-d158-47e1-b598-856a466d0c23 - - - - - -] Creating instance of TrackedResource for resource:subnetpool
2026-06-18 09:44:56.743 7 INFO neutron.quota.resource_registry [None req-57738b4c-d158-47e1-b598-856a466d0c23 - - - - - -] Creating instance of TrackedResource for resource:port
2026-06-18 09:44:56.747 7 INFO neutron.quota.resource_registry [None req-57738b4c-d158-47e1-b598-856a466d0c23 - - - - - -] Creating instance of TrackedResource for resource:router
2026-06-18 09:44:56.747 7 INFO neutron.quota.resource_registry [None req-57738b4c-d158-47e1-b598-856a466d0c23 - - - - - -] Creating instance of TrackedResource for resource:floatingip
2026-06-18 09:44:56.752 7 INFO neutron.quota.resource_registry [None req-57738b4c-d158-47e1-b598-856a466d0c23 - - - - - -] Creating instance of CountableResource for resource:rbac_policy
2026-06-18 09:44:56.753 7 INFO neutron.quota.resource_registry [None req-57738b4c-d158-47e1-b598-856a466d0c23 - - - - - -] Creating instance of TrackedResource for resource:security_group
2026-06-18 09:44:56.754 7 INFO neutron.quota.resource_registry [None req-57738b4c-d158-47e1-b598-856a466d0c23 - - - - - -] Creating instance of TrackedResource for resource:security_group_rule
2026-06-18 09:44:56.755 7 INFO neutron.quota.resource_registry [None req-57738b4c-d158-47e1-b598-856a466d0c23 - - - - - -] Creating instance of TrackedResource for resource:subnetpool
2026-06-18 09:44:56.755 7 WARNING neutron.quota.resource_registry [None req-57738b4c-d158-47e1-b598-856a466d0c23 - - - - - -] subnetpool is already registered
2026-06-18 09:44:56.755 7 INFO neutron.quota.resource_registry [None req-57738b4c-d158-47e1-b598-856a466d0c23 - - - - - -] Creating instance of TrackedResource for resource:subnetpool
2026-06-18 09:44:56.756 7 WARNING neutron.quota.resource_registry [None req-57738b4c-d158-47e1-b598-856a466d0c23 - - - - - -] subnetpool is already registered
2026-06-18 09:44:56.756 7 INFO neutron.quota.resource_registry [None req-57738b4c-d158-47e1-b598-856a466d0c23 - - - - - -] Creating instance of CountableResource for resource:trunk
2026-06-18 09:44:56.757 7 INFO neutron.quota.resource_registry [None req-57738b4c-d158-47e1-b598-856a466d0c23 - - - - - -] Creating instance of CountableResource for resource:ikepolicy
2026-06-18 09:44:56.757 7 INFO neutron.quota.resource_registry [None req-57738b4c-d158-47e1-b598-856a466d0c23 - - - - - -] Creating instance of CountableResource for resource:ipsecpolicy
2026-06-18 09:44:56.758 7 INFO neutron.quota.resource_registry [None req-57738b4c-d158-47e1-b598-856a466d0c23 - - - - - -] Creating instance of CountableResource for resource:endpoint_group
2026-06-18 09:44:56.758 7 INFO neutron.quota.resource_registry [None req-57738b4c-d158-47e1-b598-856a466d0c23 - - - - - -] Creating instance of CountableResource for resource:vpnservice
2026-06-18 09:44:56.758 7 INFO neutron.quota.resource_registry [None req-57738b4c-d158-47e1-b598-856a466d0c23 - - - - - -] Creating instance of CountableResource for resource:ipsec_site_connection
2026-06-18 09:44:56.759 7 INFO neutron.quota.resource_registry [None req-57738b4c-d158-47e1-b598-856a466d0c23 - - - - - -] Creating instance of CountableResource for resource:ipsecpolicy
2026-06-18 09:44:56.759 7 WARNING neutron.quota.resource_registry [None req-57738b4c-d158-47e1-b598-856a466d0c23 - - - - - -] ipsecpolicy is already registered
2026-06-18 09:44:56.760 7 INFO neutron.quota.resource_registry [None req-57738b4c-d158-47e1-b598-856a466d0c23 - - - - - -] Creating instance of CountableResource for resource:ikepolicy
2026-06-18 09:44:56.760 7 WARNING neutron.quota.resource_registry [None req-57738b4c-d158-47e1-b598-856a466d0c23 - - - - - -] ikepolicy is already registered
2026-06-18 09:44:56.767 7 INFO neutron.quota.resource_registry [None req-57738b4c-d158-47e1-b598-856a466d0c23 - - - - - -] Creating instance of TrackedResource for resource:router
2026-06-18 09:44:56.768 7 WARNING neutron.quota.resource_registry [None req-57738b4c-d158-47e1-b598-856a466d0c23 - - - - - -] router is already registered
2026-06-18 09:44:56.768 7 INFO neutron.quota.resource_registry [None req-57738b4c-d158-47e1-b598-856a466d0c23 - - - - - -] Creating instance of TrackedResource for resource:floatingip
2026-06-18 09:44:56.768 7 WARNING neutron.quota.resource_registry [None req-57738b4c-d158-47e1-b598-856a466d0c23 - - - - - -] floatingip is already registered
2026-06-18 09:44:56.772 7 INFO neutron.quota.resource_registry [None req-57738b4c-d158-47e1-b598-856a466d0c23 - - - - - -] Creating instance of CountableResource for resource:rbac_policy
2026-06-18 09:44:56.772 7 WARNING neutron.quota.resource_registry [None req-57738b4c-d158-47e1-b598-856a466d0c23 - - - - - -] rbac_policy is already registered
2026-06-18 09:44:56.773 7 INFO neutron.quota.resource_registry [None req-57738b4c-d158-47e1-b598-856a466d0c23 - - - - - -] Creating instance of TrackedResource for resource:security_group
2026-06-18 09:44:56.773 7 WARNING neutron.quota.resource_registry [None req-57738b4c-d158-47e1-b598-856a466d0c23 - - - - - -] security_group is already registered
2026-06-18 09:44:56.774 7 INFO neutron.quota.resource_registry [None req-57738b4c-d158-47e1-b598-856a466d0c23 - - - - - -] Creating instance of TrackedResource for resource:security_group_rule
2026-06-18 09:44:56.774 7 WARNING neutron.quota.resource_registry [None req-57738b4c-d158-47e1-b598-856a466d0c23 - - - - - -] security_group_rule is already registered
2026-06-18 09:44:56.775 7 INFO neutron.quota.resource_registry [None req-57738b4c-d158-47e1-b598-856a466d0c23 - - - - - -] Creating instance of TrackedResource for resource:subnetpool
2026-06-18 09:44:56.775 7 WARNING neutron.quota.resource_registry [None req-57738b4c-d158-47e1-b598-856a466d0c23 - - - - - -] subnetpool is already registered
2026-06-18 09:44:56.775 7 INFO neutron.quota.resource_registry [None req-57738b4c-d158-47e1-b598-856a466d0c23 - - - - - -] Creating instance of TrackedResource for resource:subnetpool
2026-06-18 09:44:56.775 7 WARNING neutron.quota.resource_registry [None req-57738b4c-d158-47e1-b598-856a466d0c23 - - - - - -] subnetpool is already registered
2026-06-18 09:44:56.776 7 INFO neutron.quota.resource_registry [None req-57738b4c-d158-47e1-b598-856a466d0c23 - - - - - -] Creating instance of CountableResource for resource:trunk
2026-06-18 09:44:56.776 7 WARNING neutron.quota.resource_registry [None req-57738b4c-d158-47e1-b598-856a466d0c23 - - - - - -] trunk is already registered
2026-06-18 09:44:56.776 7 INFO neutron.quota.resource_registry [None req-57738b4c-d158-47e1-b598-856a466d0c23 - - - - - -] Creating instance of CountableResource for resource:ikepolicy
2026-06-18 09:44:56.777 7 WARNING neutron.quota.resource_registry [None req-57738b4c-d158-47e1-b598-856a466d0c23 - - - - - -] ikepolicy is already registered
2026-06-18 09:44:56.777 7 INFO neutron.quota.resource_registry [None req-57738b4c-d158-47e1-b598-856a466d0c23 - - - - - -] Creating instance of CountableResource for resource:ipsecpolicy
2026-06-18 09:44:56.777 7 WARNING neutron.quota.resource_registry [None req-57738b4c-d158-47e1-b598-856a466d0c23 - - - - - -] ipsecpolicy is already registered
2026-06-18 09:44:56.778 7 INFO neutron.quota.resource_registry [None req-57738b4c-d158-47e1-b598-856a466d0c23 - - - - - -] Creating instance of CountableResource for resource:endpoint_group
2026-06-18 09:44:56.778 7 WARNING neutron.quota.resource_registry [None req-57738b4c-d158-47e1-b598-856a466d0c23 - - - - - -] endpoint_group is already registered
2026-06-18 09:44:56.778 7 INFO neutron.quota.resource_registry [None req-57738b4c-d158-47e1-b598-856a466d0c23 - - - - - -] Creating instance of CountableResource for resource:vpnservice
2026-06-18 09:44:56.778 7 WARNING neutron.quota.resource_registry [None req-57738b4c-d158-47e1-b598-856a466d0c23 - - - - - -] vpnservice is already registered
2026-06-18 09:44:56.779 7 INFO neutron.quota.resource_registry [None req-57738b4c-d158-47e1-b598-856a466d0c23 - - - - - -] Creating instance of CountableResource for resource:ipsec_site_connection
2026-06-18 09:44:56.779 7 WARNING neutron.quota.resource_registry [None req-57738b4c-d158-47e1-b598-856a466d0c23 - - - - - -] ipsec_site_connection is already registered
2026-06-18 09:44:56.779 7 INFO neutron.quota.resource_registry [None req-57738b4c-d158-47e1-b598-856a466d0c23 - - - - - -] Creating instance of CountableResource for resource:ipsecpolicy
2026-06-18 09:44:56.779 7 WARNING neutron.quota.resource_registry [None req-57738b4c-d158-47e1-b598-856a466d0c23 - - - - - -] ipsecpolicy is already registered
2026-06-18 09:44:56.780 7 INFO neutron.quota.resource_registry [None req-57738b4c-d158-47e1-b598-856a466d0c23 - - - - - -] Creating instance of CountableResource for resource:ikepolicy
2026-06-18 09:44:56.780 7 WARNING neutron.quota.resource_registry [None req-57738b4c-d158-47e1-b598-856a466d0c23 - - - - - -] ikepolicy is already registered
2026-06-18 09:44:56.852 7 WARNING keystonemiddleware._common.config [None req-57738b4c-d158-47e1-b598-856a466d0c23 - - - - - -] The option "audit_map_file" is not known to keystonemiddleware
2026-06-18 09:44:56.860 7 WARNING oslo_config.cfg [None req-57738b4c-d158-47e1-b598-856a466d0c23 - - - - - -] Deprecated: Option "auth_uri" from group "keystone_authtoken" is deprecated. Use option "www_authenticate_uri" from group "keystone_authtoken". WSGI app 0 (mountpoint='') ready in 10 seconds on interpreter 0x7f768163d668 pid: 7 (default app) /var/lib/openstack/lib/python3.12/site-packages/pycadf/identifier.py:70: UserWarning: Invalid uuid: unknown. To ensure interoperability, identifiers should be a valid uuid. warnings.warn(('Invalid uuid: %s. To ensure interoperability, '
2026-06-18 09:45:01.316 8 INFO neutron.pecan_wsgi.hooks.translation [None req-1b5c9c87-8816-4b4f-8c65-67b23319fc8f 96a21c91f33a41dd88c0321f544ed8db 9394a2928302458c9168f406963dd31b - - default default] GET failed (client error): The resource could not be found. [pid: 8|app: 0|req: 2/3] 199.204.45.113 () {44 vars in 928 bytes} [Thu Jun 18 09:45:00 2026] GET /v2.0/networks/public => generated 108 bytes in 1077 msecs (HTTP/1.1 404) 4 headers in 164 bytes (1 switches on core 0) /var/lib/openstack/lib/python3.12/site-packages/pycadf/identifier.py:70: UserWarning: Invalid uuid: unknown. To ensure interoperability, identifiers should be a valid uuid. warnings.warn(('Invalid uuid: %s. To ensure interoperability, ' [pid: 7|app: 0|req: 2/4] 199.204.45.113 () {44 vars in 950 bytes} [Thu Jun 18 09:45:01 2026] GET /v2.0/networks?name=public => generated 15 bytes in 507 msecs (HTTP/1.1 200) 4 headers in 156 bytes (1 switches on core 0)
2026-06-18 09:45:03.190 8 WARNING neutron.services.revisions.revision_plugin [None req-ed87de12-967d-4616-be99-c81d853dc4e9 96a21c91f33a41dd88c0321f544ed8db 9394a2928302458c9168f406963dd31b - - default default] Could not find related network for resource to bump revision.
2026-06-18 09:45:03.224 8 INFO neutron.db.segments_db [None req-ed87de12-967d-4616-be99-c81d853dc4e9 96a21c91f33a41dd88c0321f544ed8db 9394a2928302458c9168f406963dd31b - - default default] Added segment dd58d838-71a8-417a-bd44-c60599925aa3 of type flat for network 317f4dc6-476f-4e11-a096-6db0ab7a02f8
2026-06-18 09:45:03.294 8 INFO neutron.pecan_wsgi.hooks.translation [None req-ed87de12-967d-4616-be99-c81d853dc4e9 96a21c91f33a41dd88c0321f544ed8db 9394a2928302458c9168f406963dd31b - - default default] POST failed (client error): The resource could not be found. [pid: 8|app: 0|req: 3/5] 199.204.45.113 () {48 vars in 968 bytes} [Thu Jun 18 09:45:01 2026] POST /v2.0/networks => generated 124 bytes in 1488 msecs (HTTP/1.1 404) 4 headers in 164 bytes (1 switches on core 0)
2026-06-18 09:45:09.887 7 INFO neutron.pecan_wsgi.hooks.translation [None req-2aac0229-382a-42dc-bb39-5732ce1b14db 96a21c91f33a41dd88c0321f544ed8db 9394a2928302458c9168f406963dd31b - - default default] GET failed (client error): The resource could not be found. [pid: 7|app: 0|req: 3/6] 199.204.45.113 () {44 vars in 928 bytes} [Thu Jun 18 09:45:09 2026] GET /v2.0/networks/public => generated 108 bytes in 442 msecs (HTTP/1.1 404) 4 headers in 164 bytes (1 switches on core 0) [pid: 8|app: 0|req: 4/7] 199.204.45.113 () {44 vars in 950 bytes} [Thu Jun 18 09:45:09 2026] GET /v2.0/networks?name=public => generated 15 bytes in 28 msecs (HTTP/1.1 200) 4 headers in 156 bytes (1 switches on core 0)
2026-06-18 09:45:10.200 7 WARNING neutron.services.revisions.revision_plugin [None req-a9304abb-d4b1-4464-9a85-66ecbe06a847 96a21c91f33a41dd88c0321f544ed8db 9394a2928302458c9168f406963dd31b - - default default] Could not find related network for resource to bump revision.
2026-06-18 09:45:10.218 7 INFO neutron.db.segments_db [None req-a9304abb-d4b1-4464-9a85-66ecbe06a847 96a21c91f33a41dd88c0321f544ed8db 9394a2928302458c9168f406963dd31b - - default default] Added segment f4d8f737-7b57-4740-ac1d-5479f7216c8d of type flat for network 959564ef-463c-4cdc-9a32-40adc96598de
2026-06-18 09:45:10.288 7 INFO neutron.pecan_wsgi.hooks.translation [None req-a9304abb-d4b1-4464-9a85-66ecbe06a847 96a21c91f33a41dd88c0321f544ed8db 9394a2928302458c9168f406963dd31b - - default default] POST failed (client error): The resource could not be found. [pid: 7|app: 0|req: 4/8] 199.204.45.113 () {48 vars in 968 bytes} [Thu Jun 18 09:45:09 2026] POST /v2.0/networks => generated 124 bytes in 490 msecs (HTTP/1.1 404) 4 headers in 164 bytes (1 switches on core 0)
2026-06-18 09:45:16.566 7 INFO neutron.pecan_wsgi.hooks.translation [None req-caba246c-141e-43d1-a2ea-ce7e9d13420b 96a21c91f33a41dd88c0321f544ed8db 9394a2928302458c9168f406963dd31b - - default default] GET failed (client error): The resource could not be found. [pid: 7|app: 0|req: 5/10] 199.204.45.113 () {44 vars in 928 bytes} [Thu Jun 18 09:45:16 2026] GET /v2.0/networks/public => generated 108 bytes in 64 msecs (HTTP/1.1 404) 4 headers in 164 bytes (1 switches on core 0) [pid: 8|app: 0|req: 6/11] 199.204.45.113 () {44 vars in 950 bytes} [Thu Jun 18 09:45:16 2026] GET /v2.0/networks?name=public => generated 15 bytes in 15 msecs (HTTP/1.1 200) 4 headers in 156 bytes (1 switches on core 0)
2026-06-18 09:45:16.742 7 WARNING neutron.services.revisions.revision_plugin [None req-a770763d-8d05-432e-ad2f-5e6bd3ffb02b 96a21c91f33a41dd88c0321f544ed8db 9394a2928302458c9168f406963dd31b - - default default] Could not find related network for resource to bump revision.
2026-06-18 09:45:16.758 7 INFO neutron.db.segments_db [None req-a770763d-8d05-432e-ad2f-5e6bd3ffb02b 96a21c91f33a41dd88c0321f544ed8db 9394a2928302458c9168f406963dd31b - - default default] Added segment af9913dc-ba39-4b86-9e69-804478d74d2e of type flat for network 5d1a98ef-59d1-43f5-89fd-58aec6333b63
2026-06-18 09:45:16.784 7 INFO neutron.pecan_wsgi.hooks.translation [None req-a770763d-8d05-432e-ad2f-5e6bd3ffb02b 96a21c91f33a41dd88c0321f544ed8db 9394a2928302458c9168f406963dd31b - - default default] POST failed (client error): The resource could not be found. [pid: 7|app: 0|req: 6/12] 199.204.45.113 () {48 vars in 968 bytes} [Thu Jun 18 09:45:16 2026] POST /v2.0/networks => generated 124 bytes in 208 msecs (HTTP/1.1 404) 4 headers in 164 bytes (1 switches on core 0)
2026-06-18 09:45:22.805 8 INFO neutron.pecan_wsgi.hooks.translation [None req-3522addd-1939-4d12-b3c2-d683a0f4de81 96a21c91f33a41dd88c0321f544ed8db 9394a2928302458c9168f406963dd31b - - default default] GET failed (client error): The resource could not be found. [pid: 8|app: 0|req: 7/13] 199.204.45.113 () {44 vars in 928 bytes} [Thu Jun 18 09:45:22 2026] GET /v2.0/networks/public => generated 108 bytes in 44 msecs (HTTP/1.1 404) 4 headers in 164 bytes (1 switches on core 0) [pid: 7|app: 0|req: 7/14] 199.204.45.113 () {44 vars in 950 bytes} [Thu Jun 18 09:45:22 2026] GET /v2.0/networks?name=public => generated 15 bytes in 17 msecs (HTTP/1.1 200) 4 headers in 156 bytes (1 switches on core 0)
2026-06-18 09:45:22.913 8 WARNING neutron.services.revisions.revision_plugin [None req-7933e0b7-976e-46ab-b92f-2ec1f488c141 96a21c91f33a41dd88c0321f544ed8db 9394a2928302458c9168f406963dd31b - - default default] Could not find related network for resource to bump revision.
2026-06-18 09:45:22.930 8 INFO neutron.db.segments_db [None req-7933e0b7-976e-46ab-b92f-2ec1f488c141 96a21c91f33a41dd88c0321f544ed8db 9394a2928302458c9168f406963dd31b - - default default] Added segment 489fa35f-c38f-4edc-95c0-49332f96efbb of type flat for network 7cd4d33c-b935-4448-90d5-9d24923ab7b1
2026-06-18 09:45:22.965 8 INFO neutron.pecan_wsgi.hooks.translation [None req-7933e0b7-976e-46ab-b92f-2ec1f488c141 96a21c91f33a41dd88c0321f544ed8db 9394a2928302458c9168f406963dd31b - - default default] POST failed (client error): The resource could not be found. [pid: 8|app: 0|req: 8/15] 199.204.45.113 () {48 vars in 968 bytes} [Thu Jun 18 09:45:22 2026] POST /v2.0/networks => generated 124 bytes in 222 msecs (HTTP/1.1 404) 4 headers in 164 bytes (1 switches on core 0)
2026-06-18 09:45:29.020 8 INFO neutron.pecan_wsgi.hooks.translation [None req-cc6f84df-277e-4ad8-abfd-f2ff9e5a31ee 96a21c91f33a41dd88c0321f544ed8db 9394a2928302458c9168f406963dd31b - - default default] GET failed (client error): The resource could not be found. [pid: 8|app: 0|req: 9/17] 199.204.45.113 () {44 vars in 928 bytes} [Thu Jun 18 09:45:28 2026] GET /v2.0/networks/public => generated 108 bytes in 60 msecs (HTTP/1.1 404) 4 headers in 164 bytes (1 switches on core 0) [pid: 7|app: 0|req: 9/18] 199.204.45.113 () {44 vars in 950 bytes} [Thu Jun 18 09:45:29 2026] GET /v2.0/networks?name=public => generated 15 bytes in 19 msecs (HTTP/1.1 200) 4 headers in 156 bytes (1 switches on core 0)
2026-06-18 09:45:29.096 8 WARNING neutron.services.revisions.revision_plugin [None req-ab90c219-d856-4ca8-a5c3-728c91ec41f9 96a21c91f33a41dd88c0321f544ed8db 9394a2928302458c9168f406963dd31b - - default default] Could not find related network for resource to bump revision.
2026-06-18 09:45:29.124 8 INFO neutron.db.segments_db [None req-ab90c219-d856-4ca8-a5c3-728c91ec41f9 96a21c91f33a41dd88c0321f544ed8db 9394a2928302458c9168f406963dd31b - - default default] Added segment 05aaf03d-f2d1-4c62-9de6-30311be91586 of type flat for network 9e103dc1-1f64-4942-bb42-788be860a2a8
2026-06-18 09:45:29.152 8 INFO neutron.pecan_wsgi.hooks.translation [None req-ab90c219-d856-4ca8-a5c3-728c91ec41f9 96a21c91f33a41dd88c0321f544ed8db 9394a2928302458c9168f406963dd31b - - default default] POST failed (client error): The resource could not be found. [pid: 8|app: 0|req: 10/19] 199.204.45.113 () {48 vars in 968 bytes} [Thu Jun 18 09:45:29 2026] POST /v2.0/networks => generated 124 bytes in 115 msecs (HTTP/1.1 404) 4 headers in 164 bytes (1 switches on core 0)
2026-06-18 09:45:35.130 7 INFO neutron.pecan_wsgi.hooks.translation [None req-e3c86ce4-6f06-4891-8322-e30b48c721a4 96a21c91f33a41dd88c0321f544ed8db 9394a2928302458c9168f406963dd31b - - default default] GET failed (client error): The resource could not be found. [pid: 7|app: 0|req: 10/20] 199.204.45.113 () {44 vars in 928 bytes} [Thu Jun 18 09:45:35 2026] GET /v2.0/networks/public => generated 108 bytes in 44 msecs (HTTP/1.1 404) 4 headers in 164 bytes (1 switches on core 0) [pid: 8|app: 0|req: 11/21] 199.204.45.113 () {44 vars in 950 bytes} [Thu Jun 18 09:45:35 2026] GET /v2.0/networks?name=public => generated 15 bytes in 18 msecs (HTTP/1.1 200) 4 headers in 156 bytes (1 switches on core 0)
2026-06-18 09:45:35.627 7 WARNING neutron.services.revisions.revision_plugin [None req-891f6e55-d3e7-4757-9ca2-04a711170ef5 96a21c91f33a41dd88c0321f544ed8db 9394a2928302458c9168f406963dd31b - - default default] Could not find related network for resource to bump revision.
2026-06-18 09:45:35.912 7 INFO neutron.db.segments_db [None req-891f6e55-d3e7-4757-9ca2-04a711170ef5 96a21c91f33a41dd88c0321f544ed8db 9394a2928302458c9168f406963dd31b - - default default] Added segment 7e2ec9a8-8be7-481d-a3b6-3cf6ba34ce34 of type flat for network ce57da33-658c-4860-a2c8-e3a104a3a736
2026-06-18 09:45:35.937 7 INFO neutron.pecan_wsgi.hooks.translation [None req-891f6e55-d3e7-4757-9ca2-04a711170ef5 96a21c91f33a41dd88c0321f544ed8db 9394a2928302458c9168f406963dd31b - - default default] POST failed (client error): The resource could not be found. [pid: 7|app: 0|req: 11/22] 199.204.45.113 () {48 vars in 968 bytes} [Thu Jun 18 09:45:35 2026] POST /v2.0/networks => generated 124 bytes in 1161 msecs (HTTP/1.1 404) 4 headers in 164 bytes (1 switches on core 0)
2026-06-18 09:45:42.490 8 INFO neutron.pecan_wsgi.hooks.translation [None req-634583ea-b92f-479d-9d52-ac2f77d425e6 96a21c91f33a41dd88c0321f544ed8db 9394a2928302458c9168f406963dd31b - - default default] GET failed (client error): The resource could not be found. [pid: 8|app: 0|req: 12/23] 199.204.45.113 () {44 vars in 928 bytes} [Thu Jun 18 09:45:42 2026] GET /v2.0/networks/public => generated 108 bytes in 64 msecs (HTTP/1.1 404) 4 headers in 164 bytes (1 switches on core 0) [pid: 7|app: 0|req: 12/24] 199.204.45.113 () {44 vars in 950 bytes} [Thu Jun 18 09:45:42 2026] GET /v2.0/networks?name=public => generated 15 bytes in 27 msecs (HTTP/1.1 200) 4 headers in 156 bytes (1 switches on core 0)
2026-06-18 09:45:44.497 8 WARNING neutron.services.revisions.revision_plugin [None req-8dd1d4d9-cf17-41fc-a59f-efdb40571004 96a21c91f33a41dd88c0321f544ed8db 9394a2928302458c9168f406963dd31b - - default default] Could not find related network for resource to bump revision.
2026-06-18 09:45:44.531 8 INFO neutron.db.segments_db [None req-8dd1d4d9-cf17-41fc-a59f-efdb40571004 96a21c91f33a41dd88c0321f544ed8db 9394a2928302458c9168f406963dd31b - - default default] Added segment 5848b64f-6612-4a16-b4f2-8605cb00dbab of type flat for network d285f322-9d97-420d-8bc0-e7e0e82b7289
2026-06-18 09:45:44.569 8 INFO neutron.pecan_wsgi.hooks.translation [None req-8dd1d4d9-cf17-41fc-a59f-efdb40571004 96a21c91f33a41dd88c0321f544ed8db 9394a2928302458c9168f406963dd31b - - default default] POST failed (client error): The resource could not be found. [pid: 8|app: 0|req: 13/26] 199.204.45.113 () {48 vars in 968 bytes} [Thu Jun 18 09:45:42 2026] POST /v2.0/networks => generated 124 bytes in 2054 msecs (HTTP/1.1 404) 4 headers in 164 bytes (1 switches on core 0)
2026-06-18 09:45:51.306 7 INFO neutron.pecan_wsgi.hooks.translation [None req-bdc61bc4-beae-44fd-9827-a6af3729e9f6 96a21c91f33a41dd88c0321f544ed8db 9394a2928302458c9168f406963dd31b - - default default] GET failed (client error): The resource could not be found. [pid: 7|app: 0|req: 14/27] 199.204.45.113 () {44 vars in 928 bytes} [Thu Jun 18 09:45:51 2026] GET /v2.0/networks/public => generated 108 bytes in 50 msecs (HTTP/1.1 404) 4 headers in 164 bytes (1 switches on core 0) [pid: 8|app: 0|req: 14/28] 199.204.45.113 () {44 vars in 950 bytes} [Thu Jun 18 09:45:51 2026] GET /v2.0/networks?name=public => generated 15 bytes in 16 msecs (HTTP/1.1 200) 4 headers in 156 bytes (1 switches on core 0)
2026-06-18 09:45:51.692 7 WARNING neutron.services.revisions.revision_plugin [None req-b3165783-23e1-4e45-8efe-39573b5855d9 96a21c91f33a41dd88c0321f544ed8db 9394a2928302458c9168f406963dd31b - - default default] Could not find related network for resource to bump revision.
2026-06-18 09:45:51.732 7 INFO neutron.db.segments_db [None req-b3165783-23e1-4e45-8efe-39573b5855d9 96a21c91f33a41dd88c0321f544ed8db 9394a2928302458c9168f406963dd31b - - default default] Added segment 3bd6e170-1751-4f56-9987-5ce906233068 of type flat for network 40b86c8a-1846-41ea-9d22-04abdaa59f86 [pid: 7|app: 0|req: 15/29] 199.204.45.113 () {48 vars in 968 bytes} [Thu Jun 18 09:45:51 2026] POST /v2.0/networks => generated 706 bytes in 1182 msecs (HTTP/1.1 201) 4 headers in 162 bytes (1 switches on core 0)
2026-06-18 09:45:54.968 8 INFO neutron.pecan_wsgi.hooks.translation [None req-d472b075-2db6-447c-a732-1561bb90c05d 96a21c91f33a41dd88c0321f544ed8db 9394a2928302458c9168f406963dd31b - - default default] GET failed (client error): The resource could not be found. [pid: 8|app: 0|req: 15/30] 199.204.45.113 () {44 vars in 928 bytes} [Thu Jun 18 09:45:54 2026] GET /v2.0/networks/public => generated 108 bytes in 137 msecs (HTTP/1.1 404) 4 headers in 164 bytes (1 switches on core 0) [pid: 7|app: 0|req: 16/31] 199.204.45.113 () {44 vars in 950 bytes} [Thu Jun 18 09:45:55 2026] GET /v2.0/networks?name=public => generated 709 bytes in 135 msecs (HTTP/1.1 200) 4 headers in 157 bytes (1 switches on core 0)
