Jul 08 21:18:05.962375 np0000184503 devstack@neutron-api.service[102219]: DEBUG ovsdbapp.backend.ovs_idl.transaction [None req-d72584da-e0e5-43d6-a24b-45ba0733902f None None] Running txn n=1 command(idx=2): QoSDelCommand(_result=None, switch=neutron-ded3ec9d-ea87-480c-9a60-dbddb6e82f1c, conditions=[('direction', '=', 'from-lport'), ('priority', '=', 2002), ('match', '=', 'inport == "4727fc33-dd5f-4875-8da3-3ea996f62366"')], if_exists=True) {{(pid=102219) do_commit /opt/stack/data/venv/lib/python3.12/site-packages/ovsdbapp/backend/ovs_idl/transaction.py:89}}
Jul 08 21:18:05.970984 np0000184503 devstack@neutron-api.service[102222]: DEBUG neutron.plugins.ml2.drivers.ovn.mech_driver.ovsdb.ovsdb_monitor [None req-e527f5f9-2474-47a0-9f4a-a73ed87a5f41 None None] Hash Ring: Node e01e94bca6b053999484e9aff7ad7b86 (host: np0000184503) handling event "create" for row 568450b4-2a0a-4ab5-a895-9c367e687e1f (table: Logical_Switch_Port) {{(pid=102222) notify /opt/stack/neutron/neutron/plugins/ml2/drivers/ovn/mech_driver/ovsdb/ovsdb_monitor.py:1030}}
Jul 08 21:18:05.972713 np0000184503 devstack@neutron-api.service[102222]: DEBUG ovsdbapp.backend.ovs_idl.event [None req-e527f5f9-2474-47a0-9f4a-a73ed87a5f41 None None] Matched CREATE: LogicalSwitchPortCreateEvent(events=('create',), table='Logical_Switch_Port', conditions=[], old_conditions=None), priority=20 to row=Logical_Switch_Port(uuid=568450b4-2a0a-4ab5-a895-9c367e687e1f, addresses=['fa:16:3e:cd:05:ff 10.2.5.201', 'unknown'], dhcpv4_options=ed37d4e2-d755-4f0d-bf9d-9d02451dabb3, dhcpv6_options=[], dynamic_addresses=[], enabled=True, external_ids={'neutron:cidrs': '10.2.5.201/24', 'neutron:device_id': 'manila-admin-share', 'neutron:device_owner': 'manila:share', 'neutron:mtu': '', 'neutron:network_name': 'neutron-ded3ec9d-ea87-480c-9a60-dbddb6e82f1c', 'neutron:port_capabilities': '', 'neutron:port_name': '', 'neutron:project_id': '67d8788744464805a4a44ca83ac9bb3d', 'neutron:revision_number': '1', 'neutron:security_group_ids': '', 'neutron:subnet_pool_addr_scope4': '', 'neutron:subnet_pool_addr_scope6': '', 'neutron:vnic_type': 'normal'}, ha_chassis_group=[], mirror_rules=[], name='4727fc33-dd5f-4875-8da3-3ea996f62366', options={'requested-chassis': 'np0000184503'}, parent_name=[], port_security=[], tag=[], tag_request=[], type='', up=[]) old= {{(pid=102222) matches /opt/stack/data/venv/lib/python3.12/site-packages/ovsdbapp/backend/ovs_idl/event.py:55}}
Jul 08 21:18:05.977575 np0000184503 devstack@neutron-api.service[102219]: DEBUG neutron.plugins.ml2.drivers.ovn.mech_driver.ovsdb.ovsdb_monitor [None req-8b5cd800-b03c-42db-9d2d-9236d34a234c None None] Hash Ring: Node 4f15ae1f4257575d906b88acabbbb5ad (host: np0000184503) handling event "create" for row 936d49ec-fe3f-4ba8-9677-6f0bbecb97d5 (table: Port_Binding) {{(pid=102219) notify /opt/stack/neutron/neutron/plugins/ml2/drivers/ovn/mech_driver/ovsdb/ovsdb_monitor.py:1030}}
Jul 08 21:18:05.978922 np0000184503 devstack@neutron-api.service[102221]: DEBUG neutron.plugins.ml2.drivers.ovn.mech_driver.ovsdb.ovsdb_monitor [None req-32816f59-c343-4a33-af2a-6a50ec3c3bc3 None None] Hash Ring: Node 7e67609240d15606869cce01c92d209d (host: np0000184503) handling event "update" for row ded3ec9d-ea87-480c-9a60-dbddb6e82f1c (table: Logical_Switch) {{(pid=102221) notify /opt/stack/neutron/neutron/plugins/ml2/drivers/ovn/mech_driver/ovsdb/ovsdb_monitor.py:1030}}
Jul 08 21:18:05.984153 np0000184503 devstack@neutron-api.service[102222]: DEBUG neutron.plugins.ml2.drivers.ovn.mech_driver.ovsdb.ovsdb_monitor [None req-e527f5f9-2474-47a0-9f4a-a73ed87a5f41 None None] Hash Ring: Node e01e94bca6b053999484e9aff7ad7b86 (host: np0000184503) handling event "update" for row 568450b4-2a0a-4ab5-a895-9c367e687e1f (table: Logical_Switch_Port) {{(pid=102222) notify /opt/stack/neutron/neutron/plugins/ml2/drivers/ovn/mech_driver/ovsdb/ovsdb_monitor.py:1030}}
Jul 08 21:18:05.985479 np0000184503 devstack@neutron-api.service[102222]: INFO neutron.plugins.ml2.drivers.ovn.mech_driver.mech_driver [None req-cad0fab8-5dc5-4f9c-9552-cb598ac05896 None None] OVN reports status down for port: 4727fc33-dd5f-4875-8da3-3ea996f62366
Jul 08 21:18:06.011825 np0000184503 devstack@neutron-api.service[102222]: DEBUG neutron.db.provisioning_blocks [None req-cad0fab8-5dc5-4f9c-9552-cb598ac05896 None None] Ignored duplicate provisioning block setup for port 4727fc33-dd5f-4875-8da3-3ea996f62366 by entity L2. {{(pid=102222) add_provisioning_component /opt/stack/neutron/neutron/db/provisioning_blocks.py:69}}
Jul 08 21:18:06.015329 np0000184503 devstack@neutron-api.service[102219]: INFO neutron.db.ovn_revision_numbers_db [None req-2a8289b5-dce2-4f23-8dbe-3853d1b6b929 service neutron] Successfully bumped revision number for resource 4727fc33-dd5f-4875-8da3-3ea996f62366 (type: ports) to 1
Jul 08 21:18:06.034966 np0000184503 devstack@neutron-api.service[102219]: DEBUG neutron.plugins.ml2.managers [None req-2a8289b5-dce2-4f23-8dbe-3853d1b6b929 service neutron] Attempting to bind port 4727fc33-dd5f-4875-8da3-3ea996f62366 on host np0000184503 for vnic_type normal with profile {{(pid=102219) bind_port /opt/stack/neutron/neutron/plugins/ml2/managers.py:865}}
Jul 08 21:18:06.035145 np0000184503 devstack@neutron-api.service[102219]: DEBUG neutron.plugins.ml2.managers [None req-2a8289b5-dce2-4f23-8dbe-3853d1b6b929 service neutron] Attempting to bind port 4727fc33-dd5f-4875-8da3-3ea996f62366 by drivers ovn on host np0000184503 at level 0 using segments [{'id': '538ef3df-1f5e-497d-bd61-88e31e92417e', 'network_type': 'geneve', 'physical_network': None, 'segmentation_id': 3908, 'network_id': 'ded3ec9d-ea87-480c-9a60-dbddb6e82f1c'}] {{(pid=102219) _bind_port_level /opt/stack/neutron/neutron/plugins/ml2/managers.py:890}}
Jul 08 21:18:06.036782 np0000184503 devstack@neutron-api.service[102219]: DEBUG neutron.plugins.ml2.drivers.ovn.mech_driver.mech_driver [None req-2a8289b5-dce2-4f23-8dbe-3853d1b6b929 service neutron] Attempting to bind port 4727fc33-dd5f-4875-8da3-3ea996f62366 on host np0000184503 for network segment with type geneve, segmentation ID 3908, physical network None {{(pid=102219) bind_port /opt/stack/neutron/neutron/plugins/ml2/drivers/ovn/mech_driver/mech_driver.py:1209}}
Jul 08 21:18:06.037349 np0000184503 devstack@neutron-api.service[102222]: DEBUG neutron.plugins.ml2.plugin [None req-cad0fab8-5dc5-4f9c-9552-cb598ac05896 None None] Current status of the port 4727fc33-dd5f-4875-8da3-3ea996f62366 is: DOWN; New status is: DOWN {{(pid=102222) _update_individual_port_db_status /opt/stack/neutron/neutron/plugins/ml2/plugin.py:2473}}
Jul 08 21:18:06.037467 np0000184503 devstack@neutron-api.service[102219]: DEBUG neutron.plugins.ml2.managers [None req-2a8289b5-dce2-4f23-8dbe-3853d1b6b929 service neutron] Bound port: 4727fc33-dd5f-4875-8da3-3ea996f62366, host: np0000184503, vif_type: ovs, vif_details: {"port_filter": true, "connectivity": "l2", "ovs_create_tap": true, "bridge_name": "br-int", "datapath_type": "system"}, binding_levels: [{'bound_driver': 'ovn', 'bound_segment': {'id': '538ef3df-1f5e-497d-bd61-88e31e92417e', 'network_type': 'geneve', 'physical_network': None, 'segmentation_id': 3908, 'network_id': 'ded3ec9d-ea87-480c-9a60-dbddb6e82f1c'}}] {{(pid=102219) _bind_port_level /opt/stack/neutron/neutron/plugins/ml2/managers.py:1001}}
Jul 08 21:18:06.037676 np0000184503 devstack@neutron-api.service[102219]: DEBUG neutron_lib.callbacks.manager [None req-2a8289b5-dce2-4f23-8dbe-3853d1b6b929 service neutron] Publish callbacks ['neutron.plugins.ml2.plugin.SecurityGroupDbMixin._ensure_default_security_group_handler-81656', 'neutron.services.ovn_l3.plugin.OVNL3RouterPlugin._port_update-8359464738516', 'neutron.db.l3_db.L3_NAT_dbonly_mixin._prevent_internal_ip_change_for_fip-8359467222810'] for port (4727fc33-dd5f-4875-8da3-3ea996f62366), before_update {{(pid=102219) _notify_loop /opt/stack/data/venv/lib/python3.12/site-packages/neutron_lib/callbacks/manager.py:184}}
Jul 08 21:18:06.038714 np0000184503 devstack@neutron-api.service[102222]: DEBUG ovsdbapp.backend.ovs_idl.transaction [None req-e527f5f9-2474-47a0-9f4a-a73ed87a5f41 None None] Running txn n=1 command(idx=0): DbRemoveCommand(_result=None, table=Logical_Switch_Port, record=4727fc33-dd5f-4875-8da3-3ea996f62366, column=external_ids, values=('neutron:host_id',), keyvalues={}, if_exists=True) {{(pid=102222) do_commit /opt/stack/data/venv/lib/python3.12/site-packages/ovsdbapp/backend/ovs_idl/transaction.py:89}}
Jul 08 21:18:06.078687 np0000184503 devstack@neutron-api.service[102219]: DEBUG neutron.plugins.ml2.db [None req-2a8289b5-dce2-4f23-8dbe-3853d1b6b929 service neutron] For port 4727fc33-dd5f-4875-8da3-3ea996f62366, host np0000184503, cleared binding levels {{(pid=102219) clear_binding_levels /opt/stack/neutron/neutron/plugins/ml2/db.py:87}}
Jul 08 21:18:06.081220 np0000184503 devstack@neutron-api.service[102219]: DEBUG neutron.plugins.ml2.db [None req-2a8289b5-dce2-4f23-8dbe-3853d1b6b929 service neutron] For port 4727fc33-dd5f-4875-8da3-3ea996f62366, host np0000184503, set binding levels [PortBindingLevel(driver='ovn',host='np0000184503',level=0,port_id=4727fc33-dd5f-4875-8da3-3ea996f62366,segment=NetworkSegment(538ef3df-1f5e-497d-bd61-88e31e92417e),segment_id=538ef3df-1f5e-497d-bd61-88e31e92417e)] {{(pid=102219) set_binding_levels /opt/stack/neutron/neutron/plugins/ml2/db.py:59}}
Jul 08 21:18:06.082528 np0000184503 devstack@neutron-api.service[102219]: DEBUG neutron.plugins.ml2.drivers.ovn.mech_driver.mech_driver [None req-2a8289b5-dce2-4f23-8dbe-3853d1b6b929 service neutron] No provisioning block for port 4727fc33-dd5f-4875-8da3-3ea996f62366 since host unchanged {{(pid=102219) _is_port_provisioning_required /opt/stack/neutron/neutron/plugins/ml2/drivers/ovn/mech_driver/mech_driver.py:904}}
Jul 08 21:18:06.091974 np0000184503 devstack@neutron-api.service[102219]: DEBUG neutron_lib.callbacks.manager [None req-2a8289b5-dce2-4f23-8dbe-3853d1b6b929 service neutron] Publish callbacks ['neutron.plugins.ml2.ovo_rpc._ObjectChangeHandler.handle_event-31701278', 'neutron.services.ovn_l3.plugin.OVNL3RouterPlugin._port_update-8359464738516'] for port (4727fc33-dd5f-4875-8da3-3ea996f62366), after_update {{(pid=102219) _notify_loop /opt/stack/data/venv/lib/python3.12/site-packages/neutron_lib/callbacks/manager.py:184}}
Jul 08 21:18:06.123385 np0000184503 devstack@neutron-api.service[102219]: DEBUG neutron.api.rpc.handlers.resources_rpc [None req-2a8289b5-dce2-4f23-8dbe-3853d1b6b929 service neutron] Pushing event updated for resources: {'Port': ['ID=4727fc33-dd5f-4875-8da3-3ea996f62366,revision_number=3']} {{(pid=102219) push /opt/stack/neutron/neutron/api/rpc/handlers/resources_rpc.py:237}}
Jul 08 21:18:06.153115 np0000184503 devstack@neutron-api.service[102219]: DEBUG neutron.plugins.ml2.drivers.ovn.mech_driver.ovsdb.commands [None req-2a8289b5-dce2-4f23-8dbe-3853d1b6b929 service neutron] Converting tag [] to a tag_request {{(pid=102219) _tag_column_to_tag_request /opt/stack/neutron/neutron/plugins/ml2/drivers/ovn/mech_driver/ovsdb/commands.py:205}}
Jul 08 21:18:06.156317 np0000184503 devstack@neutron-api.service[102219]: DEBUG ovsdbapp.backend.ovs_idl.transaction [None req-d72584da-e0e5-43d6-a24b-45ba0733902f None None] Running txn n=1 command(idx=0): CheckRevisionNumberCommand(_result=None, name=4727fc33-dd5f-4875-8da3-3ea996f62366, resource={'id': '4727fc33-dd5f-4875-8da3-3ea996f62366', 'name': '', 'network_id': 'ded3ec9d-ea87-480c-9a60-dbddb6e82f1c', 'project_id': '67d8788744464805a4a44ca83ac9bb3d', 'mac_address': 'fa:16:3e:cd:05:ff', 'admin_state_up': True, 'status': 'DOWN', 'device_id': 'manila-admin-share', 'device_owner': 'manila:share', 'standard_attr_id': 46, 'fixed_ips': [{'subnet_id': '50a27388-779f-4af7-8b5e-e77257304f86', 'ip_address': '10.2.5.201'}], 'allowed_address_pairs': [], 'extra_dhcp_opts': [], 'security_groups': [], 'description': '', 'binding:vnic_type': 'normal', 'binding:profile': {}, 'binding:host_id': 'np0000184503', 'binding:vif_type': 'ovs', 'binding:vif_details': {'port_filter': True, 'connectivity': 'l2', 'ovs_create_tap': True, 'bridge_name': 'br-int', 'datapath_type': 'system', 'bound_drivers': {'0': 'ovn'}}, 'port_security_enabled': False, 'tags': [], 'created_at': '2026-07-08T21:18:05Z', 'updated_at': '2026-07-08T21:18:06Z', 'revision_number': 3, 'tenant_id': '67d8788744464805a4a44ca83ac9bb3d', 'network': {'id': 'ded3ec9d-ea87-480c-9a60-dbddb6e82f1c', 'name': 'admin_net', 'tenant_id': '67d8788744464805a4a44ca83ac9bb3d', 'project_id': '67d8788744464805a4a44ca83ac9bb3d', 'admin_state_up': True, 'mtu': 1372, 'status': 'ACTIVE', 'subnets': ['50a27388-779f-4af7-8b5e-e77257304f86'], 'standard_attr_id': 42, 'shared': False, 'availability_zone_hints': [], 'availability_zones': [], 'ipv4_address_scope': None, 'ipv6_address_scope': None, 'router:external': False, 'qinq': False, 'vlan_transparent': False, 'description': '', 'port_security_enabled': True, 'tags': [], 'created_at': '2026-07-08T21:17:59Z', 'updated_at': '2026-07-08T21:18:00Z', 'revision_number': 2, 'provider:network_type': 'geneve', 'provider:physical_network': None, 'provider:segmentation_id': 3908}}, resource_type=ports, if_exists=True) {{(pid=102219) do_commit /opt/stack/data/venv/lib/python3.12/site-packages/ovsdbapp/backend/ovs_idl/transaction.py:89}}
Jul 08 21:18:06.156317 np0000184503 devstack@neutron-api.service[102219]: DEBUG ovsdbapp.backend.ovs_idl.transaction [None req-d72584da-e0e5-43d6-a24b-45ba0733902f None None] Running txn n=1 command(idx=1): SetLSwitchPortCommand(_result=None, lport=4727fc33-dd5f-4875-8da3-3ea996f62366, external_ids_update=None, columns={'external_ids': {'neutron:port_name': '', 'neutron:device_id': 'manila-admin-share', 'neutron:project_id': '67d8788744464805a4a44ca83ac9bb3d', 'neutron:cidrs': '10.2.5.201/24', 'neutron:device_owner': 'manila:share', 'neutron:subnet_pool_addr_scope4': '', 'neutron:subnet_pool_addr_scope6': '', 'neutron:network_name': 'neutron-ded3ec9d-ea87-480c-9a60-dbddb6e82f1c', 'neutron:security_group_ids': '', 'neutron:revision_number': '3', 'neutron:vnic_type': 'normal', 'neutron:port_capabilities': '', 'neutron:mtu': ''}, 'parent_name': [], 'options': {'requested-chassis': 'np0000184503'}, 'enabled': True, 'port_security': [], 'dhcpv4_options': [UUID('ed37d4e2-d755-4f0d-bf9d-9d02451dabb3')], 'dhcpv6_options': [], 'type': '', 'addresses': ['fa:16:3e:cd:05:ff 10.2.5.201', 'unknown'], 'ha_chassis_group': [], 'tag_request': []}, if_exists=False) {{(pid=102219) do_commit /opt/stack/data/venv/lib/python3.12/site-packages/ovsdbapp/backend/ovs_idl/transaction.py:89}}
Jul 08 21:18:06.156317 np0000184503 devstack@neutron-api.service[102219]: DEBUG ovsdbapp.backend.ovs_idl.transaction [None req-d72584da-e0e5-43d6-a24b-45ba0733902f None None] Running txn n=1 command(idx=2): PgDelPortCommand(_result=None, port_group=neutron_pg_drop, lsp=['4727fc33-dd5f-4875-8da3-3ea996f62366'], if_exists=False) {{(pid=102219) do_commit /opt/stack/data/venv/lib/python3.12/site-packages/ovsdbapp/backend/ovs_idl/transaction.py:89}}
Jul 08 21:18:06.160067 np0000184503 devstack@neutron-api.service[102222]: DEBUG neutron.plugins.ml2.drivers.ovn.mech_driver.ovsdb.ovsdb_monitor [None req-e527f5f9-2474-47a0-9f4a-a73ed87a5f41 None None] Hash Ring: Node e01e94bca6b053999484e9aff7ad7b86 (host: np0000184503) handling event "update" for row 568450b4-2a0a-4ab5-a895-9c367e687e1f (table: Logical_Switch_Port) {{(pid=102222) notify /opt/stack/neutron/neutron/plugins/ml2/drivers/ovn/mech_driver/ovsdb/ovsdb_monitor.py:1030}}
Jul 08 21:18:06.186340 np0000184503 devstack@neutron-api.service[102219]: DEBUG neutron.plugins.ml2.drivers.ovn.mech_driver.ovsdb.ovsdb_monitor [None req-8b5cd800-b03c-42db-9d2d-9236d34a234c None None] Hash Ring: Node 4f15ae1f4257575d906b88acabbbb5ad (host: np0000184503) handling event "update" for row 936d49ec-fe3f-4ba8-9677-6f0bbecb97d5 (table: Port_Binding) {{(pid=102219) notify /opt/stack/neutron/neutron/plugins/ml2/drivers/ovn/mech_driver/ovsdb/ovsdb_monitor.py:1030}}
Jul 08 21:18:06.211745 np0000184503 devstack@neutron-api.service[102219]: INFO neutron.db.ovn_revision_numbers_db [None req-2a8289b5-dce2-4f23-8dbe-3853d1b6b929 service neutron] Successfully bumped revision number for resource 4727fc33-dd5f-4875-8da3-3ea996f62366 (type: ports) to 3
Jul 08 21:18:06.229127 np0000184503 devstack@neutron-api.service[102219]: DEBUG neutron.pecan_wsgi.hooks.policy_enforcement [None req-2a8289b5-dce2-4f23-8dbe-3853d1b6b929 service neutron] Attributes excluded by policy engine: ['standard_attr_id'] {{(pid=102219) _exclude_attributes_by_policy /opt/stack/neutron/neutron/pecan_wsgi/hooks/policy_enforcement.py:259}}
Jul 08 21:18:06.229639 np0000184503 devstack@neutron-api.service[102219]: DEBUG neutron_lib.callbacks.manager [None req-2a8289b5-dce2-4f23-8dbe-3853d1b6b929 service neutron] Publish callbacks ['neutron.notifiers.nova.Notifier._send_nova_notification-71970'] for port (None), before_response {{(pid=102219) _notify_loop /opt/stack/data/venv/lib/python3.12/site-packages/neutron_lib/callbacks/manager.py:184}}
Jul 08 21:18:06.242661 np0000184503 devstack@neutron-api.service[102219]: [pid: 102219|app: 0|req: 26/104] 199.204.45.177 () {68 vars in 1304 bytes} [Wed Jul 8 21:18:05 2026] POST /networking/v2.0/ports => generated 926 bytes in 511 msecs (HTTP/1.1 201) 4 headers in 162 bytes (1 switches on core 0)
Jul 08 21:18:06.586403 np0000184503 devstack@neutron-api.service[102219]: DEBUG neutron.plugins.ml2.drivers.ovn.mech_driver.ovsdb.ovsdb_monitor [None req-8b5cd800-b03c-42db-9d2d-9236d34a234c None None] Hash Ring: Node 4f15ae1f4257575d906b88acabbbb5ad (host: np0000184503) handling event "update" for row 936d49ec-fe3f-4ba8-9677-6f0bbecb97d5 (table: Port_Binding) {{(pid=102219) notify /opt/stack/neutron/neutron/plugins/ml2/drivers/ovn/mech_driver/ovsdb/ovsdb_monitor.py:1030}}
Jul 08 21:18:06.649123 np0000184503 devstack@neutron-api.service[102222]: DEBUG neutron.plugins.ml2.drivers.ovn.mech_driver.ovsdb.ovsdb_monitor [None req-e527f5f9-2474-47a0-9f4a-a73ed87a5f41 None None] Hash Ring: Node e01e94bca6b053999484e9aff7ad7b86 (host: np0000184503) handling event "update" for row 568450b4-2a0a-4ab5-a895-9c367e687e1f (table: Logical_Switch_Port) {{(pid=102222) notify /opt/stack/neutron/neutron/plugins/ml2/drivers/ovn/mech_driver/ovsdb/ovsdb_monitor.py:1030}}
Jul 08 21:18:06.650795 np0000184503 devstack@neutron-api.service[102219]: DEBUG neutron.plugins.ml2.drivers.ovn.mech_driver.ovsdb.ovsdb_monitor [None req-8b5cd800-b03c-42db-9d2d-9236d34a234c None None] Hash Ring: Node 4f15ae1f4257575d906b88acabbbb5ad (host: np0000184503) handling event "update" for row 936d49ec-fe3f-4ba8-9677-6f0bbecb97d5 (table: Port_Binding) {{(pid=102219) notify /opt/stack/neutron/neutron/plugins/ml2/drivers/ovn/mech_driver/ovsdb/ovsdb_monitor.py:1030}}
Jul 08 21:18:06.653452 np0000184503 devstack@neutron-api.service[102222]: DEBUG ovsdbapp.backend.ovs_idl.event [None req-e527f5f9-2474-47a0-9f4a-a73ed87a5f41 None None] Matched UPDATE: LogicalSwitchPortUpdateUpEvent(events=('update',), table='Logical_Switch_Port', conditions=None, old_conditions=None), priority=20 to row=Logical_Switch_Port(uuid=568450b4-2a0a-4ab5-a895-9c367e687e1f, addresses=['fa:16:3e:cd:05:ff 10.2.5.201', 'unknown'], dhcpv4_options=ed37d4e2-d755-4f0d-bf9d-9d02451dabb3, dhcpv6_options=[], dynamic_addresses=[], enabled=True, external_ids={'neutron:cidrs': '10.2.5.201/24', 'neutron:device_id': 'manila-admin-share', 'neutron:device_owner': 'manila:share', 'neutron:mtu': '', 'neutron:network_name': 'neutron-ded3ec9d-ea87-480c-9a60-dbddb6e82f1c', 'neutron:port_capabilities': '', 'neutron:port_name': '', 'neutron:project_id': '67d8788744464805a4a44ca83ac9bb3d', 'neutron:revision_number': '3', 'neutron:security_group_ids': '', 'neutron:subnet_pool_addr_scope4': '', 'neutron:subnet_pool_addr_scope6': '', 'neutron:vnic_type': 'normal'}, ha_chassis_group=[], mirror_rules=[], name='4727fc33-dd5f-4875-8da3-3ea996f62366', options={'requested-chassis': 'np0000184503'}, parent_name=[], port_security=[], tag=[], tag_request=[], type='', up=True) old=Logical_Switch_Port(uuid=568450b4-2a0a-4ab5-a895-9c367e687e1f, up=False) {{(pid=102222) matches /opt/stack/data/venv/lib/python3.12/site-packages/ovsdbapp/backend/ovs_idl/event.py:55}}
Jul 08 21:18:06.654215 np0000184503 devstack@neutron-api.service[102222]: INFO neutron.plugins.ml2.drivers.ovn.mech_driver.mech_driver [None req-cad0fab8-5dc5-4f9c-9552-cb598ac05896 None None] OVN reports status up for port: 4727fc33-dd5f-4875-8da3-3ea996f62366
Jul 08 21:18:06.659709 np0000184503 devstack@neutron-api.service[102222]: DEBUG neutron.db.provisioning_blocks [None req-cad0fab8-5dc5-4f9c-9552-cb598ac05896 None None] Provisioning for port 4727fc33-dd5f-4875-8da3-3ea996f62366 completed by entity L2. {{(pid=102222) provisioning_complete /opt/stack/neutron/neutron/db/provisioning_blocks.py:133}}
Jul 08 21:18:06.666733 np0000184503 devstack@neutron-api.service[102222]: DEBUG neutron.db.provisioning_blocks [None req-cad0fab8-5dc5-4f9c-9552-cb598ac05896 None None] Provisioning complete for port 4727fc33-dd5f-4875-8da3-3ea996f62366 triggered by entity L2. {{(pid=102222) provisioning_complete /opt/stack/neutron/neutron/db/provisioning_blocks.py:141}}
Jul 08 21:18:06.666867 np0000184503 devstack@neutron-api.service[102222]: DEBUG neutron_lib.callbacks.manager [None req-cad0fab8-5dc5-4f9c-9552-cb598ac05896 None None] Publish callbacks ['neutron.plugins.ml2.plugin.Ml2Plugin._port_provisioned-509456'] for port (4727fc33-dd5f-4875-8da3-3ea996f62366), provisioning_complete {{(pid=102222) _notify_loop /opt/stack/data/venv/lib/python3.12/site-packages/neutron_lib/callbacks/manager.py:184}}
Jul 08 21:18:06.667387 np0000184503 devstack@neutron-api.service[102222]: INFO neutron.plugins.ml2.plugin [None req-cad0fab8-5dc5-4f9c-9552-cb598ac05896 None None] Attempt 1 to provision port 4727fc33-dd5f-4875-8da3-3ea996f62366
Jul 08 21:18:06.701867 np0000184503 devstack@neutron-api.service[102222]: DEBUG neutron.plugins.ml2.plugin [None req-cad0fab8-5dc5-4f9c-9552-cb598ac05896 None None] Current status of the port 4727fc33-dd5f-4875-8da3-3ea996f62366 is: DOWN; New status is: ACTIVE {{(pid=102222) _update_individual_port_db_status /opt/stack/neutron/neutron/plugins/ml2/plugin.py:2473}}
Jul 08 21:18:06.702013 np0000184503 devstack@neutron-api.service[102222]: DEBUG neutron_lib.callbacks.manager [None req-cad0fab8-5dc5-4f9c-9552-cb598ac05896 None None] Publish callbacks ['neutron.plugins.ml2.plugin.SecurityGroupDbMixin._ensure_default_security_group_handler-4118', 'neutron.services.ovn_l3.plugin.OVNL3RouterPlugin._port_update-8359466204914', 'neutron.db.l3_db.L3_NAT_dbonly_mixin._prevent_internal_ip_change_for_fip-8359467220662'] for port (4727fc33-dd5f-4875-8da3-3ea996f62366), before_update {{(pid=102222) _notify_loop /opt/stack/data/venv/lib/python3.12/site-packages/neutron_lib/callbacks/manager.py:184}}
Jul 08 21:18:06.719963 np0000184503 devstack@neutron-api.service[102222]: DEBUG neutron.plugins.ml2.db [None req-cad0fab8-5dc5-4f9c-9552-cb598ac05896 None None] For port 4727fc33-dd5f-4875-8da3-3ea996f62366, host np0000184503, got binding levels [PortBindingLevel(driver='ovn',host='np0000184503',level=0,port_id=4727fc33-dd5f-4875-8da3-3ea996f62366,segment=NetworkSegment(538ef3df-1f5e-497d-bd61-88e31e92417e),segment_id=538ef3df-1f5e-497d-bd61-88e31e92417e)] {{(pid=102222) get_binding_level_objs /opt/stack/neutron/neutron/plugins/ml2/db.py:74}}
Jul 08 21:18:06.720228 np0000184503 devstack@neutron-api.service[102222]: DEBUG neutron.plugins.ml2.drivers.ovn.mech_driver.mech_driver [None req-cad0fab8-5dc5-4f9c-9552-cb598ac05896 None None] No provisioning block for port 4727fc33-dd5f-4875-8da3-3ea996f62366 since it is active {{(pid=102222) _is_port_provisioning_required /opt/stack/neutron/neutron/plugins/ml2/drivers/ovn/mech_driver/mech_driver.py:894}}
Jul 08 21:18:06.999243 np0000184503 devstack@neutron-api.service[102222]: DEBUG neutron.plugins.ml2.drivers.ovn.mech_driver.ovsdb.commands [None req-cad0fab8-5dc5-4f9c-9552-cb598ac05896 None None] Converting tag [] to a tag_request {{(pid=102222) _tag_column_to_tag_request /opt/stack/neutron/neutron/plugins/ml2/drivers/ovn/mech_driver/ovsdb/commands.py:205}}
Jul 08 21:18:07.000614 np0000184503 devstack@neutron-api.service[102222]: DEBUG ovsdbapp.backend.ovs_idl.transaction [None req-e527f5f9-2474-47a0-9f4a-a73ed87a5f41 None None] Running txn n=1 command(idx=0): CheckRevisionNumberCommand(_result=None, name=4727fc33-dd5f-4875-8da3-3ea996f62366, resource={'id': '4727fc33-dd5f-4875-8da3-3ea996f62366', 'name': '', 'network_id': 'ded3ec9d-ea87-480c-9a60-dbddb6e82f1c', 'project_id': '67d8788744464805a4a44ca83ac9bb3d', 'mac_address': 'fa:16:3e:cd:05:ff', 'admin_state_up': True, 'status': 'ACTIVE', 'device_id': 'manila-admin-share', 'device_owner': 'manila:share', 'standard_attr_id': 46, 'fixed_ips': [{'subnet_id': '50a27388-779f-4af7-8b5e-e77257304f86', 'ip_address': '10.2.5.201'}], 'allowed_address_pairs': [], 'extra_dhcp_opts': [], 'security_groups': [], 'description': '', 'binding:vnic_type': 'normal', 'binding:profile': {}, 'binding:host_id': 'np0000184503', 'binding:vif_type': 'ovs', 'binding:vif_details': {'port_filter': True, 'connectivity': 'l2', 'ovs_create_tap': True, 'bridge_name': 'br-int', 'datapath_type': 'system', 'bound_drivers': {'0': 'ovn'}}, 'port_security_enabled': False, 'tags': [], 'created_at': '2026-07-08T21:18:05Z', 'updated_at': '2026-07-08T21:18:06Z', 'revision_number': 4, 'tenant_id': '67d8788744464805a4a44ca83ac9bb3d', 'network': {'id': 'ded3ec9d-ea87-480c-9a60-dbddb6e82f1c', 'name': 'admin_net', 'tenant_id': '67d8788744464805a4a44ca83ac9bb3d', 'project_id': '67d8788744464805a4a44ca83ac9bb3d', 'admin_state_up': True, 'mtu': 1372, 'status': 'ACTIVE', 'subnets': ['50a27388-779f-4af7-8b5e-e77257304f86'], 'standard_attr_id': 42, 'shared': False, 'availability_zone_hints': [], 'availability_zones': [], 'ipv4_address_scope': None, 'ipv6_address_scope': None, 'router:external': False, 'qinq': False, 'vlan_transparent': False, 'description': '', 'port_security_enabled': True, 'tags': [], 'created_at': '2026-07-08T21:17:59Z', 'updated_at': '2026-07-08T21:18:00Z', 'revision_number': 2, 'provider:network_type': 'geneve', 'provider:physical_network': None, 'provider:segmentation_id': 3908}}, resource_type=ports, if_exists=True) {{(pid=102222) do_commit /opt/stack/data/venv/lib/python3.12/site-packages/ovsdbapp/backend/ovs_idl/transaction.py:89}}
Jul 08 21:18:07.001431 np0000184503 devstack@neutron-api.service[102222]: DEBUG ovsdbapp.backend.ovs_idl.transaction [None req-e527f5f9-2474-47a0-9f4a-a73ed87a5f41 None None] Running txn n=1 command(idx=1): SetLSwitchPortCommand(_result=None, lport=4727fc33-dd5f-4875-8da3-3ea996f62366, external_ids_update=None, columns={'external_ids': {'neutron:port_name': '', 'neutron:device_id': 'manila-admin-share', 'neutron:project_id': '67d8788744464805a4a44ca83ac9bb3d', 'neutron:cidrs': '10.2.5.201/24', 'neutron:device_owner': 'manila:share', 'neutron:subnet_pool_addr_scope4': '', 'neutron:subnet_pool_addr_scope6': '', 'neutron:network_name': 'neutron-ded3ec9d-ea87-480c-9a60-dbddb6e82f1c', 'neutron:security_group_ids': '', 'neutron:revision_number': '4', 'neutron:vnic_type': 'normal', 'neutron:port_capabilities': '', 'neutron:mtu': ''}, 'parent_name': [], 'options': {'requested-chassis': 'np0000184503'}, 'enabled': True, 'port_security': [], 'dhcpv4_options': [UUID('ed37d4e2-d755-4f0d-bf9d-9d02451dabb3')], 'dhcpv6_options': [], 'type': '', 'addresses': ['fa:16:3e:cd:05:ff 10.2.5.201', 'unknown'], 'ha_chassis_group': [], 'tag_request': []}, if_exists=False) {{(pid=102222) do_commit /opt/stack/data/venv/lib/python3.12/site-packages/ovsdbapp/backend/ovs_idl/transaction.py:89}}
Jul 08 21:18:07.003081 np0000184503 devstack@neutron-api.service[102222]: DEBUG ovsdbapp.backend.ovs_idl.transaction [None req-e527f5f9-2474-47a0-9f4a-a73ed87a5f41 None None] Running txn n=1 command(idx=2): PgDelPortCommand(_result=None, port_group=neutron_pg_drop, lsp=['4727fc33-dd5f-4875-8da3-3ea996f62366'], if_exists=False) {{(pid=102222) do_commit /opt/stack/data/venv/lib/python3.12/site-packages/ovsdbapp/backend/ovs_idl/transaction.py:89}}
Jul 08 21:18:07.007857 np0000184503 devstack@neutron-api.service[102222]: DEBUG neutron.plugins.ml2.drivers.ovn.mech_driver.ovsdb.ovsdb_monitor [None req-e527f5f9-2474-47a0-9f4a-a73ed87a5f41 None None] Hash Ring: Node e01e94bca6b053999484e9aff7ad7b86 (host: np0000184503) handling event "update" for row 568450b4-2a0a-4ab5-a895-9c367e687e1f (table: Logical_Switch_Port) {{(pid=102222) notify /opt/stack/neutron/neutron/plugins/ml2/drivers/ovn/mech_driver/ovsdb/ovsdb_monitor.py:1030}}
Jul 08 21:18:07.022883 np0000184503 devstack@neutron-api.service[102219]: DEBUG neutron.plugins.ml2.drivers.ovn.mech_driver.ovsdb.ovsdb_monitor [None req-8b5cd800-b03c-42db-9d2d-9236d34a234c None None] Hash Ring: Node 4f15ae1f4257575d906b88acabbbb5ad (host: np0000184503) handling event "update" for row 936d49ec-fe3f-4ba8-9677-6f0bbecb97d5 (table: Port_Binding) {{(pid=102219) notify /opt/stack/neutron/neutron/plugins/ml2/drivers/ovn/mech_driver/ovsdb/ovsdb_monitor.py:1030}}
Jul 08 21:18:07.042285 np0000184503 devstack@neutron-api.service[102222]: INFO neutron.db.ovn_revision_numbers_db [None req-cad0fab8-5dc5-4f9c-9552-cb598ac05896 None None] Successfully bumped revision number for resource 4727fc33-dd5f-4875-8da3-3ea996f62366 (type: ports) to 4
Jul 08 21:18:07.046290 np0000184503 devstack@neutron-api.service[102222]: DEBUG neutron_lib.callbacks.manager [None req-cad0fab8-5dc5-4f9c-9552-cb598ac05896 None None] Publish callbacks ['neutron.plugins.ml2.ovo_rpc._ObjectChangeHandler.handle_event-1461578', 'neutron.services.ovn_l3.plugin.OVNL3RouterPlugin._port_update-8359466204914'] for port (4727fc33-dd5f-4875-8da3-3ea996f62366), after_update {{(pid=102222) _notify_loop /opt/stack/data/venv/lib/python3.12/site-packages/neutron_lib/callbacks/manager.py:184}}
Jul 08 21:18:07.075861 np0000184503 devstack@neutron-api.service[102222]: DEBUG neutron.api.rpc.handlers.resources_rpc [None req-bffbfcd9-2431-450a-bd04-f1270fbe19dc None None] Pushing event updated for resources: {'Port': ['ID=4727fc33-dd5f-4875-8da3-3ea996f62366,revision_number=4']} {{(pid=102222) push /opt/stack/neutron/neutron/api/rpc/handlers/resources_rpc.py:237}}
Jul 08 21:18:07.101528 np0000184503 devstack@neutron-api.service[102222]: DEBUG ovsdbapp.backend.ovs_idl.transaction [None req-e527f5f9-2474-47a0-9f4a-a73ed87a5f41 None None] Running txn n=1 command(idx=0): DbSetCommand(_result=None, table=Logical_Switch_Port, record=4727fc33-dd5f-4875-8da3-3ea996f62366, col_values=(('external_ids', {'neutron:host_id': 'np0000184503'}),), if_exists=True) {{(pid=102222) do_commit /opt/stack/data/venv/lib/python3.12/site-packages/ovsdbapp/backend/ovs_idl/transaction.py:89}}
Jul 08 21:18:07.108378 np0000184503 devstack@neutron-api.service[102222]: DEBUG neutron.plugins.ml2.drivers.ovn.mech_driver.ovsdb.ovsdb_monitor [None req-e527f5f9-2474-47a0-9f4a-a73ed87a5f41 None None] Hash Ring: Node e01e94bca6b053999484e9aff7ad7b86 (host: np0000184503) handling event "update" for row 568450b4-2a0a-4ab5-a895-9c367e687e1f (table: Logical_Switch_Port) {{(pid=102222) notify /opt/stack/neutron/neutron/plugins/ml2/drivers/ovn/mech_driver/ovsdb/ovsdb_monitor.py:1030}}
Jul 08 21:18:07.114213 np0000184503 devstack@neutron-api.service[102219]: DEBUG neutron.plugins.ml2.drivers.ovn.mech_driver.ovsdb.ovsdb_monitor [None req-8b5cd800-b03c-42db-9d2d-9236d34a234c None None] Hash Ring: Node 4f15ae1f4257575d906b88acabbbb5ad (host: np0000184503) handling event "update" for row 936d49ec-fe3f-4ba8-9677-6f0bbecb97d5 (table: Port_Binding) {{(pid=102219) notify /opt/stack/neutron/neutron/plugins/ml2/drivers/ovn/mech_driver/ovsdb/ovsdb_monitor.py:1030}}
Jul 08 21:18:07.410675 np0000184503 devstack@neutron-api.service[102222]: DEBUG neutron.pecan_wsgi.hooks.policy_enforcement [None req-42ab1967-d005-4e2b-9fa1-4e5f21e452ec service neutron] Attributes excluded by policy engine: ['standard_attr_id', 'shared'] {{(pid=102222) _exclude_attributes_by_policy /opt/stack/neutron/neutron/pecan_wsgi/hooks/policy_enforcement.py:259}}
Jul 08 21:18:07.413316 np0000184503 devstack@neutron-api.service[102222]: [pid: 102222|app: 0|req: 26/105] 199.204.45.177 () {64 vars in 1367 bytes} [Wed Jul 8 21:18:07 2026] GET /networking/v2.0/subnets/50a27388-779f-4af7-8b5e-e77257304f86 => generated 625 bytes in 23 msecs (HTTP/1.1 200) 4 headers in 157 bytes (1 switches on core 0)
Jul 08 21:18:08.256866 np0000184503 devstack@neutron-api.service[102220]: DEBUG neutron.pecan_wsgi.hooks.policy_enforcement [None req-b2bc1d49-3766-42fb-9df1-75a945fe23e4 service neutron] Attributes excluded by policy engine: ['standard_attr_id'] {{(pid=102220) _exclude_attributes_by_policy /opt/stack/neutron/neutron/pecan_wsgi/hooks/policy_enforcement.py:259}}
Jul 08 21:18:08.258165 np0000184503 devstack@neutron-api.service[102220]: [pid: 102220|app: 0|req: 28/106] 199.204.45.177 () {64 vars in 1369 bytes} [Wed Jul 8 21:18:08 2026] GET /networking/v2.0/ports?device_id=manila-admin-share&binding%3Ahost_id=np0000184503 => generated 931 bytes in 49 msecs (HTTP/1.1 200) 4 headers in 157 bytes (1 switches on core 0)
Jul 08 21:18:08.585664 np0000184503 devstack@neutron-api.service[102220]: DEBUG futurist.periodics [-] Submitting periodic callback 'neutron.plugins.ml2.drivers.ovn.mech_driver.ovsdb.maintenance.HashRingHealthCheckPeriodics.touch_hash_ring_node' {{(pid=102220) _process_scheduled /opt/stack/data/venv/lib/python3.12/site-packages/futurist/periodics.py:784}}
Jul 08 21:18:08.585984 np0000184503 devstack@neutron-api.service[102220]: DEBUG neutron.plugins.ml2.drivers.ovn.mech_driver.ovsdb.maintenance [-] Touching Hash Ring node "6becee4bf2b4587cb8bfcd3962a8c34f" from periodic health check thread {{(pid=102220) touch_hash_ring_node /opt/stack/neutron/neutron/plugins/ml2/drivers/ovn/mech_driver/ovsdb/maintenance.py:1419}}
Jul 08 21:18:08.761265 np0000184503 devstack@neutron-api.service[102221]: DEBUG neutron.pecan_wsgi.hooks.policy_enforcement [None req-f704ab17-d1aa-430d-a932-1df690f27426 service neutron] Attributes excluded by policy engine: ['standard_attr_id', 'shared'] {{(pid=102221) _exclude_attributes_by_policy /opt/stack/neutron/neutron/pecan_wsgi/hooks/policy_enforcement.py:259}}
Jul 08 21:18:08.762517 np0000184503 devstack@neutron-api.service[102221]: [pid: 102221|app: 0|req: 27/107] 199.204.45.177 () {64 vars in 1367 bytes} [Wed Jul 8 21:18:08 2026] GET /networking/v2.0/subnets/50a27388-779f-4af7-8b5e-e77257304f86 => generated 625 bytes in 20 msecs (HTTP/1.1 200) 4 headers in 157 bytes (1 switches on core 0)
Jul 08 21:18:09.497310 np0000184503 devstack@neutron-api.service[102221]: DEBUG futurist.periodics [-] Submitting periodic callback 'neutron.plugins.ml2.drivers.ovn.mech_driver.ovsdb.maintenance.HashRingHealthCheckPeriodics.touch_hash_ring_node' {{(pid=102221) _process_scheduled /opt/stack/data/venv/lib/python3.12/site-packages/futurist/periodics.py:784}}
Jul 08 21:18:09.498089 np0000184503 devstack@neutron-api.service[102221]: DEBUG neutron.plugins.ml2.drivers.ovn.mech_driver.ovsdb.maintenance [-] Touching Hash Ring node "7e67609240d15606869cce01c92d209d" from periodic health check thread {{(pid=102221) touch_hash_ring_node /opt/stack/neutron/neutron/plugins/ml2/drivers/ovn/mech_driver/ovsdb/maintenance.py:1419}}
Jul 08 21:18:09.513777 np0000184503 devstack@neutron-api.service[102219]: DEBUG futurist.periodics [-] Submitting periodic callback 'neutron.plugins.ml2.drivers.ovn.mech_driver.ovsdb.maintenance.HashRingHealthCheckPeriodics.touch_hash_ring_node' {{(pid=102219) _process_scheduled /opt/stack/data/venv/lib/python3.12/site-packages/futurist/periodics.py:784}}
Jul 08 21:18:09.514499 np0000184503 devstack@neutron-api.service[102219]: DEBUG neutron.plugins.ml2.drivers.ovn.mech_driver.ovsdb.maintenance [-] Touching Hash Ring node "4f15ae1f4257575d906b88acabbbb5ad" from periodic health check thread {{(pid=102219) touch_hash_ring_node /opt/stack/neutron/neutron/plugins/ml2/drivers/ovn/mech_driver/ovsdb/maintenance.py:1419}}
Jul 08 21:18:09.579501 np0000184503 devstack@neutron-api.service[102222]: DEBUG futurist.periodics [-] Submitting periodic callback 'neutron.plugins.ml2.drivers.ovn.mech_driver.ovsdb.maintenance.HashRingHealthCheckPeriodics.touch_hash_ring_node' {{(pid=102222) _process_scheduled /opt/stack/data/venv/lib/python3.12/site-packages/futurist/periodics.py:784}}
Jul 08 21:18:09.580145 np0000184503 devstack@neutron-api.service[102222]: DEBUG neutron.plugins.ml2.drivers.ovn.mech_driver.ovsdb.maintenance [-] Touching Hash Ring node "e01e94bca6b053999484e9aff7ad7b86" from periodic health check thread {{(pid=102222) touch_hash_ring_node /opt/stack/neutron/neutron/plugins/ml2/drivers/ovn/mech_driver/ovsdb/maintenance.py:1419}}
Jul 08 21:18:18.602041 np0000184503 devstack@neutron-api.service[102220]: DEBUG dbcounter [-] [102220] Writing DB stats neutron:UPDATE=2,neutron:SELECT=27 {{(pid=102220) stat_writer /opt/stack/data/venv/lib/python3.12/site-packages/dbcounter.py:115}}
Jul 08 21:18:19.509617 np0000184503 devstack@neutron-api.service[102221]: DEBUG dbcounter [-] [102221] Writing DB stats neutron:UPDATE=7,neutron:SELECT=281,neutron:INSERT=12,neutron:DELETE=2 {{(pid=102221) stat_writer /opt/stack/data/venv/lib/python3.12/site-packages/dbcounter.py:115}}
Jul 08 21:18:19.524844 np0000184503 devstack@neutron-api.service[102219]: DEBUG dbcounter [-] [102219] Writing DB stats neutron:UPDATE=12,neutron:SELECT=185,neutron:INSERT=11,neutron:DELETE=2 {{(pid=102219) stat_writer /opt/stack/data/venv/lib/python3.12/site-packages/dbcounter.py:115}}
Jul 08 21:18:19.591709 np0000184503 devstack@neutron-api.service[102222]: DEBUG dbcounter [-] [102222] Writing DB stats neutron:UPDATE=20,neutron:SELECT=326,neutron:INSERT=29,neutron:DELETE=3 {{(pid=102222) stat_writer /opt/stack/data/venv/lib/python3.12/site-packages/dbcounter.py:115}}
Jul 08 21:18:21.278691 np0000184503 devstack@neutron-api.service[102219]: [pid: 102219|app: 0|req: 27/108] 199.204.45.177 () {62 vars in 1059 bytes} [Wed Jul 8 21:18:21 2026] GET /networking => generated 130 bytes in 3 msecs (HTTP/1.1 200) 3 headers in 91 bytes (1 switches on core 0)
Jul 08 21:18:21.365769 np0000184503 devstack@neutron-api.service[102222]: DEBUG neutron.pecan_wsgi.hooks.policy_enforcement [None req-aa13bd74-6c22-4195-944c-ced3e59250ec demo demo] Attributes excluded by policy engine: ['standard_attr_id', 'provider:network_type', 'provider:physical_network', 'provider:segmentation_id'] {{(pid=102222) _exclude_attributes_by_policy /opt/stack/neutron/neutron/pecan_wsgi/hooks/policy_enforcement.py:259}}
Jul 08 21:18:21.367287 np0000184503 devstack@neutron-api.service[102222]: [pid: 102222|app: 0|req: 27/109] 199.204.45.177 () {64 vars in 1348 bytes} [Wed Jul 8 21:18:21 2026] GET /networking/v2.0/networks?router%3Aexternal=True => generated 659 bytes in 54 msecs (HTTP/1.1 200) 4 headers in 157 bytes (1 switches on core 0)
Jul 08 21:18:23.587516 np0000184503 devstack@neutron-api.service[102220]: DEBUG futurist.periodics [-] Submitting periodic callback 'neutron.plugins.ml2.drivers.ovn.mech_driver.ovsdb.maintenance.HashRingHealthCheckPeriodics.touch_hash_ring_node' {{(pid=102220) _process_scheduled /opt/stack/data/venv/lib/python3.12/site-packages/futurist/periodics.py:784}}
Jul 08 21:18:23.588646 np0000184503 devstack@neutron-api.service[102220]: DEBUG neutron.plugins.ml2.drivers.ovn.mech_driver.ovsdb.maintenance [-] Touching Hash Ring node "6becee4bf2b4587cb8bfcd3962a8c34f" from periodic health check thread {{(pid=102220) touch_hash_ring_node /opt/stack/neutron/neutron/plugins/ml2/drivers/ovn/mech_driver/ovsdb/maintenance.py:1419}}
Jul 08 21:18:24.498832 np0000184503 devstack@neutron-api.service[102221]: DEBUG futurist.periodics [-] Submitting periodic callback 'neutron.plugins.ml2.drivers.ovn.mech_driver.ovsdb.maintenance.HashRingHealthCheckPeriodics.touch_hash_ring_node' {{(pid=102221) _process_scheduled /opt/stack/data/venv/lib/python3.12/site-packages/futurist/periodics.py:784}}
Jul 08 21:18:24.499389 np0000184503 devstack@neutron-api.service[102221]: DEBUG neutron.plugins.ml2.drivers.ovn.mech_driver.ovsdb.maintenance [-] Touching Hash Ring node "7e67609240d15606869cce01c92d209d" from periodic health check thread {{(pid=102221) touch_hash_ring_node /opt/stack/neutron/neutron/plugins/ml2/drivers/ovn/mech_driver/ovsdb/maintenance.py:1419}}
Jul 08 21:18:24.514589 np0000184503 devstack@neutron-api.service[102219]: DEBUG futurist.periodics [-] Submitting periodic callback 'neutron.plugins.ml2.drivers.ovn.mech_driver.ovsdb.maintenance.HashRingHealthCheckPeriodics.touch_hash_ring_node' {{(pid=102219) _process_scheduled /opt/stack/data/venv/lib/python3.12/site-packages/futurist/periodics.py:784}}
Jul 08 21:18:24.515291 np0000184503 devstack@neutron-api.service[102219]: DEBUG neutron.plugins.ml2.drivers.ovn.mech_driver.ovsdb.maintenance [-] Touching Hash Ring node "4f15ae1f4257575d906b88acabbbb5ad" from periodic health check thread {{(pid=102219) touch_hash_ring_node /opt/stack/neutron/neutron/plugins/ml2/drivers/ovn/mech_driver/ovsdb/maintenance.py:1419}}
Jul 08 21:18:24.580237 np0000184503 devstack@neutron-api.service[102222]: DEBUG futurist.periodics [-] Submitting periodic callback 'neutron.plugins.ml2.drivers.ovn.mech_driver.ovsdb.maintenance.HashRingHealthCheckPeriodics.touch_hash_ring_node' {{(pid=102222) _process_scheduled /opt/stack/data/venv/lib/python3.12/site-packages/futurist/periodics.py:784}}
Jul 08 21:18:24.580891 np0000184503 devstack@neutron-api.service[102222]: DEBUG neutron.plugins.ml2.drivers.ovn.mech_driver.ovsdb.maintenance [-] Touching Hash Ring node "e01e94bca6b053999484e9aff7ad7b86" from periodic health check thread {{(pid=102222) touch_hash_ring_node /opt/stack/neutron/neutron/plugins/ml2/drivers/ovn/mech_driver/ovsdb/maintenance.py:1419}}
Jul 08 21:18:26.920758 np0000184503 devstack@neutron-api.service[102220]: [pid: 102220|app: 0|req: 29/110] 199.204.45.177 () {62 vars in 1059 bytes} [Wed Jul 8 21:18:26 2026] GET /networking => generated 130 bytes in 3 msecs (HTTP/1.1 200) 3 headers in 91 bytes (1 switches on core 0)
Jul 08 21:18:27.020249 np0000184503 devstack@neutron-api.service[102221]: DEBUG neutron.pecan_wsgi.hooks.policy_enforcement [None req-daf20f5b-cd19-4e3f-9724-abc1beebadaa demo demo] Attributes excluded by policy engine: ['standard_attr_id', 'provider:network_type', 'provider:physical_network', 'provider:segmentation_id'] {{(pid=102221) _exclude_attributes_by_policy /opt/stack/neutron/neutron/pecan_wsgi/hooks/policy_enforcement.py:259}}
Jul 08 21:18:27.022020 np0000184503 devstack@neutron-api.service[102221]: [pid: 102221|app: 0|req: 28/111] 199.204.45.177 () {64 vars in 1348 bytes} [Wed Jul 8 21:18:26 2026] GET /networking/v2.0/networks?router%3Aexternal=True => generated 659 bytes in 59 msecs (HTTP/1.1 200) 4 headers in 157 bytes (1 switches on core 0)
Jul 08 21:18:33.603258 np0000184503 devstack@neutron-api.service[102220]: DEBUG dbcounter [-] [102220] Writing DB stats neutron:UPDATE=1,neutron:SELECT=1 {{(pid=102220) stat_writer /opt/stack/data/venv/lib/python3.12/site-packages/dbcounter.py:115}}
Jul 08 21:18:34.528610 np0000184503 devstack@neutron-api.service[102219]: DEBUG dbcounter [-] [102219] Writing DB stats neutron:UPDATE=1,neutron:SELECT=1 {{(pid=102219) stat_writer /opt/stack/data/venv/lib/python3.12/site-packages/dbcounter.py:115}}
Jul 08 21:18:34.592985 np0000184503 devstack@neutron-api.service[102222]: DEBUG dbcounter [-] [102222] Writing DB stats neutron:SELECT=18,neutron:UPDATE=1 {{(pid=102222) stat_writer /opt/stack/data/venv/lib/python3.12/site-packages/dbcounter.py:115}}
Jul 08 21:18:35.699988 np0000184503 devstack@neutron-api.service[102219]: [pid: 102219|app: 0|req: 28/112] 199.204.45.177 () {62 vars in 1070 bytes} [Wed Jul 8 21:18:35 2026] GET /networking => generated 130 bytes in 4 msecs (HTTP/1.1 200) 3 headers in 91 bytes (1 switches on core 0)
Jul 08 21:18:35.787429 np0000184503 devstack@neutron-api.service[102222]: DEBUG neutron.pecan_wsgi.hooks.policy_enforcement [None req-b9de5a2d-d51c-499e-baae-04d0f533863e demo demo] Attributes excluded by policy engine: ['standard_attr_id', 'provider:network_type', 'provider:physical_network', 'provider:segmentation_id'] {{(pid=102222) _exclude_attributes_by_policy /opt/stack/neutron/neutron/pecan_wsgi/hooks/policy_enforcement.py:259}}
Jul 08 21:18:35.789432 np0000184503 devstack@neutron-api.service[102222]: [pid: 102222|app: 0|req: 28/113] 199.204.45.177 () {64 vars in 1383 bytes} [Wed Jul 8 21:18:35 2026] GET /networking/v2.0/networks?name=public&router%3Aexternal=True => generated 659 bytes in 53 msecs (HTTP/1.1 200) 4 headers in 157 bytes (1 switches on core 0)
Jul 08 21:18:37.015270 np0000184503 devstack@neutron-api.service[102221]: DEBUG dbcounter [-] [102221] Writing DB stats neutron:UPDATE=1,neutron:SELECT=18 {{(pid=102221) stat_writer /opt/stack/data/venv/lib/python3.12/site-packages/dbcounter.py:115}}
Jul 08 21:18:38.004897 np0000184503 devstack@neutron-api.service[102220]: [pid: 102220|app: 0|req: 30/114] 199.204.45.177 () {64 vars in 1267 bytes} [Wed Jul 8 21:18:38 2026] GET /networking/ => generated 130 bytes in 3 msecs (HTTP/1.1 200) 3 headers in 91 bytes (1 switches on core 0)
Jul 08 21:18:38.157422 np0000184503 devstack@neutron-api.service[102221]: DEBUG neutron.pecan_wsgi.hooks.policy_enforcement [None req-f5a04ef9-4bfb-4fec-be09-601f82c2ffa7 demo demo] Attributes excluded by policy engine: ['standard_attr_id', 'provider:network_type', 'provider:physical_network', 'provider:segmentation_id'] {{(pid=102221) _exclude_attributes_by_policy /opt/stack/neutron/neutron/pecan_wsgi/hooks/policy_enforcement.py:259}}
Jul 08 21:18:38.159889 np0000184503 devstack@neutron-api.service[102221]: [pid: 102221|app: 0|req: 29/115] 199.204.45.177 () {64 vars in 1416 bytes} [Wed Jul 8 21:18:38 2026] GET /networking/v2.0/networks/f18f995a-6f48-4348-b745-1d2f6a839f13 => generated 656 bytes in 145 msecs (HTTP/1.1 200) 4 headers in 157 bytes (1 switches on core 0)
Jul 08 21:18:38.191869 np0000184503 devstack@neutron-api.service[102219]: [pid: 102219|app: 0|req: 29/116] 199.204.45.177 () {64 vars in 1410 bytes} [Wed Jul 8 21:18:38 2026] GET /networking/v2.0/networks?name=k8s-clusterapi-cluster-magnum-system-kube-ioiqf => generated 15 bytes in 24 msecs (HTTP/1.1 200) 4 headers in 156 bytes (1 switches on core 0)
Jul 08 21:18:38.203850 np0000184503 devstack@neutron-api.service[102222]: DEBUG neutron.api.v2.base [None req-2390c4c8-57a8-4e08-a5bc-87fa9e6cc68a demo demo] Request body: {'network': {'admin_state_up': True, 'name': 'k8s-clusterapi-cluster-magnum-system-kube-ioiqf'}} {{(pid=102222) prepare_request_body /opt/stack/neutron/neutron/api/v2/base.py:727}}
Jul 08 21:18:38.221538 np0000184503 devstack@neutron-api.service[102222]: DEBUG neutron.pecan_wsgi.hooks.quota_enforcement [None req-2390c4c8-57a8-4e08-a5bc-87fa9e6cc68a demo demo] Made reservation on behalf of 1d2e7ded324a404f8fe0f14b2267c8eb for: {'network': 1} {{(pid=102222) before /opt/stack/neutron/neutron/pecan_wsgi/hooks/quota_enforcement.py:66}}
Jul 08 21:18:38.224964 np0000184503 devstack@neutron-api.service[102222]: DEBUG neutron_lib.callbacks.manager [None req-2390c4c8-57a8-4e08-a5bc-87fa9e6cc68a demo demo] Publish callbacks ['neutron.plugins.ml2.plugin.SecurityGroupDbMixin._ensure_default_security_group_handler-4118'] for network (None), before_create {{(pid=102222) _notify_loop /opt/stack/data/venv/lib/python3.12/site-packages/neutron_lib/callbacks/manager.py:184}}
Jul 08 21:18:38.230227 np0000184503 devstack@neutron-api.service[102222]: DEBUG neutron_lib.callbacks.manager [None req-2390c4c8-57a8-4e08-a5bc-87fa9e6cc68a demo demo] Publish callbacks [] for security_group (None), before_create {{(pid=102222) _notify_loop /opt/stack/data/venv/lib/python3.12/site-packages/neutron_lib/callbacks/manager.py:184}}
Jul 08 21:18:38.288753 np0000184503 devstack@neutron-api.service[102222]: DEBUG neutron_lib.callbacks.manager [None req-2390c4c8-57a8-4e08-a5bc-87fa9e6cc68a demo demo] Publish callbacks ['neutron.plugins.ml2.drivers.ovn.mech_driver.mech_driver.OVNMechanismDriver._create_security_group_precommit-2049598'] for security_group (b29a098a-23bc-418a-954e-07ddc4d351d5), precommit_create {{(pid=102222) _notify_loop /opt/stack/data/venv/lib/python3.12/site-packages/neutron_lib/callbacks/manager.py:184}}
Jul 08 21:18:38.288949 np0000184503 devstack@neutron-api.service[102222]: DEBUG neutron.db.ovn_revision_numbers_db [None req-2390c4c8-57a8-4e08-a5bc-87fa9e6cc68a demo demo] create_initial_revision uuid=b29a098a-23bc-418a-954e-07ddc4d351d5, type=security_groups, rev=-1 {{(pid=102222) create_initial_revision /opt/stack/neutron/neutron/db/ovn_revision_numbers_db.py:98}}
Jul 08 21:18:38.290327 np0000184503 devstack@neutron-api.service[102222]: DEBUG neutron.db.ovn_revision_numbers_db [None req-2390c4c8-57a8-4e08-a5bc-87fa9e6cc68a demo demo] create_initial_revision uuid=2dcc8c93-fd30-4878-bc03-837c415fc77f, type=security_group_rules, rev=-1 {{(pid=102222) create_initial_revision /opt/stack/neutron/neutron/db/ovn_revision_numbers_db.py:98}}
Jul 08 21:18:38.291546 np0000184503 devstack@neutron-api.service[102222]: DEBUG neutron.db.ovn_revision_numbers_db [None req-2390c4c8-57a8-4e08-a5bc-87fa9e6cc68a demo demo] create_initial_revision uuid=8e3de71b-01e2-4f07-8af2-3001f641b050, type=security_group_rules, rev=-1 {{(pid=102222) create_initial_revision /opt/stack/neutron/neutron/db/ovn_revision_numbers_db.py:98}}
Jul 08 21:18:38.292539 np0000184503 devstack@neutron-api.service[102222]: DEBUG neutron.db.ovn_revision_numbers_db [None req-2390c4c8-57a8-4e08-a5bc-87fa9e6cc68a demo demo] create_initial_revision uuid=c4b43cf2-ab7d-4c8f-870a-eaeef5820503, type=security_group_rules, rev=-1 {{(pid=102222) create_initial_revision /opt/stack/neutron/neutron/db/ovn_revision_numbers_db.py:98}}
